-- Table structure for table `ps_country_lang`
--

CREATE TABLE `ps_country_lang` (
  `id_country` int(10) unsigned NOT NULL,
  `id_lang` int(10) unsigned NOT NULL,
  `name` varchar(64) NOT NULL,
  PRIMARY KEY (`id_country`,`id_lang`)
) ENGINE=InnoDB DEFAULT CHARSET=utf8;

--
-- Dumping data for table `ps_country_lang`
--

INSERT INTO `ps_country_lang` VALUES (1,1,'Germany'),(2,1,'Austria'),(3,1,'Belgium'),(4,1,'Canada'),(5,1,'China'),(6,1,'Spain'),(7,1,'Finland'),(8,1,'France'),(9,1,'Greece'),(10,1,'Italy'),(11,1,'Japan'),(12,1,'Luxemburg'),(13,1,'Netherlands'),(14,1,'Poland'),(15,1,'Portugal'),(16,1,'Czech Republic'),(17,1,'United Kingdom'),(18,1,'Sweden'),(19,1,'Switzerland'),(20,1,'Denmark'),(21,1,'United States'),(22,1,'HongKong'),(23,1,'Norway'),(24,1,'Australia'),(25,1,'Singapore'),(26,1,'Ireland'),(27,1,'New Zealand'),(28,1,'South Korea'),(29,1,'Israel'),(30,1,'South Africa'),(31,1,'Nigeria'),(32,1,'Ivory Coast'),(33,1,'Togo'),(34,1,'Bolivia'),(35,1,'Mauritius'),(36,1,'Romania'),(37,1,'Slovakia'),(38,1,'Algeria'),(39,1,'American Samoa'),(40,1,'Andorra'),(41,1,'Angola'),(42,1,'Anguilla'),(43,1,'Antigua and Barbuda'),(44,1,'Argentina'),(45,1,'Armenia'),(46,1,'Aruba'),(47,1,'Azerbaijan'),(48,1,'Bahamas'),(49,1,'Bahrain'),(50,1,'Bangladesh'),(51,1,'Barbados'),(52,1,'Belarus'),(53,1,'Belize'),(54,1,'Benin'),(55,1,'Bermuda'),(56,1,'Bhutan'),(57,1,'Botswana'),(58,1,'Brazil'),(59,1,'Brunei'),(60,1,'Burkina Faso'),(61,1,'Burma (Myanmar)'),(62,1,'Burundi'),(63,1,'Cambodia'),(64,1,'Cameroon'),(65,1,'Cape Verde'),(66,1,'Central African Republic'),(67,1,'Chad'),(68,1,'Chile'),(69,1,'Colombia'),(70,1,'Comoros'),(71,1,'Congo, Dem. Republic'),(72,1,'Congo, Republic'),(73,1,'Costa Rica'),(74,1,'Croatia'),(75,1,'Cuba'),(76,1,'Cyprus'),(77,1,'Djibouti'),(78,1,'Dominica'),(79,1,'Dominican Republic'),(80,1,'East Timor'),(81,1,'Ecuador'),(82,1,'Egypt'),(83,1,'El Salvador'),(84,1,'Equatorial Guinea'),(85,1,'Eritrea'),(86,1,'Estonia'),(87,1,'Ethiopia'),(88,1,'Falkland Islands'),(89,1,'Faroe Islands'),(90,1,'Fiji'),(91,1,'Gabon'),(92,1,'Gambia'),(93,1,'Georgia'),(94,1,'Ghana'),(95,1,'Grenada'),(96,1,'Greenland'),(97,1,'Gibraltar'),(98,1,'Guadeloupe'),(99,1,'Guam'),(100,1,'Guatemala'),(101,1,'Guernsey'),(102,1,'Guinea'),(103,1,'Guinea-Bissau'),(104,1,'Guyana'),(105,1,'Haiti'),(106,1,'Heard Island and McDonald Islands'),(107,1,'Vatican City State'),(108,1,'Honduras'),(109,1,'Iceland'),(110,1,'India'),(111,1,'Indonesia'),(112,1,'Iran'),(113,1,'Iraq'),(114,1,'Man Island'),(115,1,'Jamaica'),(116,1,'Jersey'),(117,1,'Jordan'),(118,1,'Kazakhstan'),(119,1,'Kenya'),(120,1,'Kiribati'),(121,1,'Korea, Dem. Republic of'),(122,1,'Kuwait'),(123,1,'Kyrgyzstan'),(124,1,'Laos'),(125,1,'Latvia'),(126,1,'Lebanon'),(127,1,'Lesotho'),(128,1,'Liberia'),(129,1,'Libya'),(130,1,'Liechtenstein'),(131,1,'Lithuania'),(132,1,'Macau'),(133,1,'Macedonia'),(134,1,'Madagascar'),(135,1,'Malawi'),(136,1,'Malaysia'),(137,1,'Maldives'),(138,1,'Mali'),(139,1,'Malta'),(140,1,'Marshall Islands'),(141,1,'Martinique'),(142,1,'Mauritania'),(143,1,'Hungary'),(144,1,'Mayotte'),(145,1,'Mexico'),(146,1,'Micronesia'),(147,1,'Moldova'),(148,1,'Monaco'),(149,1,'Mongolia'),(150,1,'Montenegro'),(151,1,'Montserrat'),(152,1,'Morocco'),(153,1,'Mozambique'),(154,1,'Namibia'),(155,1,'Nauru'),(156,1,'Nepal'),(157,1,'Netherlands Antilles'),(158,1,'New Caledonia'),(159,1,'Nicaragua'),(160,1,'Niger'),(161,1,'Niue'),(162,1,'Norfolk Island'),(163,1,'Northern Mariana Islands'),(164,1,'Oman'),(165,1,'Pakistan'),(166,1,'Palau'),(167,1,'Palestinian Territories'),(168,1,'Panama'),(169,1,'Papua New Guinea'),(170,1,'Paraguay'),(171,1,'Peru'),(172,1,'Philippines'),(173,1,'Pitcairn'),(174,1,'Puerto Rico'),(175,1,'Qatar'),(176,1,'Reunion Island'),(177,1,'Russian Federation'),(178,1,'Rwanda'),(179,1,'Saint Barthelemy'),(180,1,'Saint Kitts and Nevis'),(181,1,'Saint Lucia'),(182,1,'Saint Martin'),(183,1,'Saint Pierre and Miquelon'),(184,1,'Saint Vincent and the Grenadines'),(185,1,'Samoa'),(186,1,'San Marino'),(187,1,'São Tomé and Príncipe'),(188,1,'Saudi Arabia'),(189,1,'Senegal'),(190,1,'Serbia'),(191,1,'Seychelles'),(192,1,'Sierra Leone'),(193,1,'Slovenia'),(194,1,'Solomon Islands'),(195,1,'Somalia'),(196,1,'South Georgia and the South Sandwich Islands'),(197,1,'Sri Lanka'),(198,1,'Sudan'),(199,1,'Suriname'),(200,1,'Svalbard and Jan Mayen'),(201,1,'Swaziland'),(202,1,'Syria'),(203,1,'Taiwan'),(204,1,'Tajikistan'),(205,1,'Tanzania'),(206,1,'Thailand'),(207,1,'Tokelau'),(208,1,'Tonga'),(209,1,'Trinidad and Tobago'),(210,1,'Tunisia'),(211,1,'Turkey'),(212,1,'Turkmenistan'),(213,1,'Turks and Caicos Islands'),(214,1,'Tuvalu'),(215,1,'Uganda'),(216,1,'Ukraine'),(217,1,'United Arab Emirates'),(218,1,'Uruguay'),(219,1,'Uzbekistan'),(220,1,'Vanuatu'),(221,1,'Venezuela'),(222,1,'Vietnam'),(223,1,'Virgin Islands (British)'),(224,1,'Virgin Islands (U.S.)'),(225,1,'Wallis and Futuna'),(226,1,'Western Sahara'),(227,1,'Yemen'),(228,1,'Zambia'),(229,1,'Zimbabwe'),(230,1,'Albania'),(231,1,'Afghanistan'),(232,1,'Antarctica'),(233,1,'Bosnia and Herzegovina'),(234,1,'Bouvet Island'),(235,1,'British Indian Ocean Territory'),(236,1,'Bulgaria'),(237,1,'Cayman Islands'),(238,1,'Christmas Island'),(239,1,'Cocos (Keeling) Islands'),(240,1,'Cook Islands'),(241,1,'French Guiana'),(242,1,'French Polynesia'),(243,1,'French Southern Territories'),(244,1,'Åland Islands');

--
-- Table structure for table `ps_country_shop`
--

CREATE TABLE `ps_country_shop` (
  `id_country` int(11) unsigned NOT NULL,
  `id_shop` int(11) unsigned NOT NULL,
  PRIMARY KEY (`id_country`,`id_shop`),
  KEY `id_shop` (`id_shop`)
) ENGINE=InnoDB DEFAULT CHARSET=utf8;

--
-- Dumping data for table `ps_country_shop`
--

INSERT INTO `ps_country_shop` VALUES (1,1),(2,1),(3,1),(4,1),(5,1),(6,1),(7,1),(8,1),(9,1),(10,1),(11,1),(12,1),(13,1),(14,1),(15,1),(16,1),(17,1),(18,1),(19,1),(20,1),(21,1),(22,1),(23,1),(24,1),(25,1),(26,1),(27,1),(28,1),(29,1),(30,1),(31,1),(32,1),(33,1),(34,1),(35,1),(36,1),(37,1),(38,1),(39,1),(40,1),(41,1),(42,1),(43,1),(44,1),(45,1),(46,1),(47,1),(48,1),(49,1),(50,1),(51,1),(52,1),(53,1),(54,1),(55,1),(56,1),(57,1),(58,1),(59,1),(60,1),(61,1),(62,1),(63,1),(64,1),(65,1),(66,1),(67,1),(68,1),(69,1),(70,1),(71,1),(72,1),(73,1),(74,1),(75,1),(76,1),(77,1),(78,1),(79,1),(80,1),(81,1),(82,1),(83,1),(84,1),(85,1),(86,1),(87,1),(88,1),(89,1),(90,1),(91,1),(92,1),(93,1),(94,1),(95,1),(96,1),(97,1),(98,1),(99,1),(100,1),(101,1),(102,1),(103,1),(104,1),(105,1),(106,1),(107,1),(108,1),(109,1),(110,1),(111,1),(112,1),(113,1),(114,1),(115,1),(116,1),(117,1),(118,1),(119,1),(120,1),(121,1),(122,1),(123,1),(124,1),(125,1),(126,1),(127,1),(128,1),(129,1),(130,1),(131,1),(132,1),(133,1),(134,1),(135,1),(136,1),(137,1),(138,1),(139,1),(140,1),(141,1),(142,1),(143,1),(144,1),(145,1),(146,1),(147,1),(148,1),(149,1),(150,1),(151,1),(152,1),(153,1),(154,1),(155,1),(156,1),(157,1),(158,1),(159,1),(160,1),(161,1),(162,1),(163,1),(164,1),(165,1),(166,1),(167,1),(168,1),(169,1),(170,1),(171,1),(172,1),(173,1),(174,1),(175,1),(176,1),(177,1),(178,1),(179,1),(180,1),(181,1),(182,1),(183,1),(184,1),(185,1),(186,1),(187,1),(188,1),(189,1),(190,1),(191,1),(192,1),(193,1),(194,1),(195,1),(196,1),(197,1),(198,1),(199,1),(200,1),(201,1),(202,1),(203,1),(204,1),(205,1),(206,1),(207,1),(208,1),(209,1),(210,1),(211,1),(212,1),(213,1),(214,1),(215,1),(216,1),(217,1),(218,1),(219,1),(220,1),(221,1),(222,1),(223,1),(224,1),(225,1),(226,1),(227,1),(228,1),(229,1),(230,1),(231,1),(232,1),(233,1),(234,1),(235,1),(236,1),(237,1),(238,1),(239,1),(240,1),(241,1),(242,1),(243,1),(244,1);

--
-- Table structure for table `ps_cronjobs`
--

CREATE TABLE `ps_cronjobs` (
  `id_cronjob` int(10) NOT NULL AUTO_INCREMENT,
  `id_module` int(10) DEFAULT NULL,
  `description` text,
  `task` text,
  `hour` int(11) DEFAULT '-1',
  `day` int(11) DEFAULT '-1',
  `month` int(11) DEFAULT '-1',
  `day_of_week` int(11) DEFAULT '-1',
  `updated_at` datetime DEFAULT NULL,
  `one_shot` tinyint(1) NOT NULL DEFAULT '0',
  `active` tinyint(1) DEFAULT '0',
  `id_shop` int(11) DEFAULT '0',
  `id_shop_group` int(11) DEFAULT '0',
  PRIMARY KEY (`id_cronjob`),
  KEY `id_module` (`id_module`)
) ENGINE=InnoDB DEFAULT CHARSET=utf8;

--
-- Dumping data for table `ps_cronjobs`
--


--
-- Table structure for table `ps_currency`
--

CREATE TABLE `ps_currency` (
  `id_currency` int(10) unsigned NOT NULL AUTO_INCREMENT,
  `name` varchar(32) NOT NULL,
  `iso_code` varchar(3) NOT NULL DEFAULT '0',
  `iso_code_num` varchar(3) NOT NULL DEFAULT '0',
  `sign` varchar(8) NOT NULL,
  `blank` tinyint(1) unsigned NOT NULL DEFAULT '0',
  `format` tinyint(1) unsigned NOT NULL DEFAULT '0',
  `decimals` tinyint(1) unsigned NOT NULL DEFAULT '1',
  `conversion_rate` decimal(13,6) NOT NULL,
  `deleted` tinyint(1) unsigned NOT NULL DEFAULT '0',
  `active` tinyint(1) unsigned NOT NULL DEFAULT '1',
  PRIMARY KEY (`id_currency`)
) ENGINE=InnoDB AUTO_INCREMENT=2 DEFAULT CHARSET=utf8;

--
-- Dumping data for table `ps_currency`
--

INSERT INTO `ps_currency` VALUES (1,'Dollar','USD','840','$',0,1,1,1.000000,0,1);

--
-- Table structure for table `ps_currency_shop`
--

CREATE TABLE `ps_currency_shop` (
  `id_currency` int(11) unsigned NOT NULL,
  `id_shop` int(11) unsigned NOT NULL,
  `conversion_rate` decimal(13,6) NOT NULL,
  PRIMARY KEY (`id_currency`,`id_shop`),
  KEY `id_shop` (`id_shop`)
) ENGINE=InnoDB DEFAULT CHARSET=utf8;

--
-- Dumping data for table `ps_currency_shop`
--

INSERT INTO `ps_currency_shop` VALUES (1,1,1.000000);

--
-- Table structure for table `ps_customer_group`
--

CREATE TABLE `ps_customer_group` (
  `id_customer` int(10) unsigned NOT NULL,
  `id_group` int(10) unsigned NOT NULL,
  PRIMARY KEY (`id_customer`,`id_group`),
  KEY `customer_login` (`id_group`),
  KEY `id_customer` (`id_customer`)
) ENGINE=InnoDB DEFAULT CHARSET=utf8;

--
-- Dumping data for table `ps_customer_group`
--

INSERT INTO `ps_customer_group` VALUES (1,3),(2,3);

--
-- Table structure for table `ps_customer_message`
--

CREATE TABLE `ps_customer_message` (
  `id_customer_message` int(10) unsigned NOT NULL AUTO_INCREMENT,
  `id_customer_thread` int(11) DEFAULT NULL,
  `id_employee` int(10) unsigned DEFAULT NULL,
  `message` text NOT NULL,
  `file_name` varchar(18) DEFAULT NULL,
  `ip_address` varchar(16) DEFAULT NULL,
  `user_agent` varchar(128) DEFAULT NULL,
  `date_add` datetime NOT NULL,
  `date_upd` datetime NOT NULL,
  `private` tinyint(4) NOT NULL DEFAULT '0',
  `read` tinyint(1) NOT NULL DEFAULT '0',
  PRIMARY KEY (`id_customer_message`),
  KEY `id_customer_thread` (`id_customer_thread`),
  KEY `id_employee` (`id_employee`)
) ENGINE=InnoDB DEFAULT CHARSET=utf8;

--
-- Dumping data for table `ps_customer_message`
--


--
-- Table structure for table `ps_customer_message_sync_imap`
--

CREATE TABLE `ps_customer_message_sync_imap` (
  `md5_header` varbinary(32) NOT NULL,
  KEY `md5_header_index` (`md5_header`(4))
) ENGINE=InnoDB DEFAULT CHARSET=utf8;

--
-- Dumping data for table `ps_customer_message_sync_imap`
--


--
-- Table structure for table `ps_customer_thread`
--

CREATE TABLE `ps_customer_thread` (
  `id_customer_thread` int(11) unsigned NOT NULL AUTO_INCREMENT,
  `id_shop` int(11) unsigned NOT NULL DEFAULT '1',
  `id_lang` int(10) unsigned NOT NULL,
  `id_contact` int(10) unsigned NOT NULL,
  `id_customer` int(10) unsigned DEFAULT NULL,
  `id_order` int(10) unsigned DEFAULT NULL,
  `id_product` int(10) unsigned DEFAULT NULL,
  `status` enum('open','closed','pending1','pending2') NOT NULL DEFAULT 'open',
  `email` varchar(128) NOT NULL,
  `token` varchar(12) DEFAULT NULL,
  `date_add` datetime NOT NULL,
  `date_upd` datetime NOT NULL,
  PRIMARY KEY (`id_customer_thread`),
  KEY `id_shop` (`id_shop`),
  KEY `id_lang` (`id_lang`),
  KEY `id_contact` (`id_contact`),
  KEY `id_customer` (`id_customer`),
  KEY `id_order` (`id_order`),
  KEY `id_product` (`id_product`)
) ENGINE=InnoDB DEFAULT CHARSET=utf8;

--
-- Dumping data for table `ps_customer_thread`
--


--
-- Table structure for table `ps_customization`
--

CREATE TABLE `ps_customization` (
  `id_customization` int(10) unsigned NOT NULL AUTO_INCREMENT,
  `id_product_attribute` int(10) unsigned NOT NULL DEFAULT '0',
  `id_address_delivery` int(10) unsigned NOT NULL DEFAULT '0',
  `id_cart` int(10) unsigned NOT NULL,
  `id_product` int(10) NOT NULL,
  `quantity` int(10) NOT NULL,
  `quantity_refunded` int(11) NOT NULL DEFAULT '0',
  `quantity_returned` int(11) NOT NULL DEFAULT '0',
  `in_cart` tinyint(1) unsigned NOT NULL DEFAULT '0',
  PRIMARY KEY (`id_customization`,`id_cart`,`id_product`,`id_address_delivery`),
  KEY `id_product_attribute` (`id_product_attribute`)
) ENGINE=InnoDB DEFAULT CHARSET=utf8;

--
-- Dumping data for table `ps_customization`
--


--
-- Table structure for table `ps_customization_field`
--

CREATE TABLE `ps_customization_field` (
  `id_customization_field` int(10) unsigned NOT NULL AUTO_INCREMENT,
  `id_product` int(10) unsigned NOT NULL,
  `type` tinyint(1) NOT NULL,
  `required` tinyint(1) NOT NULL,
  PRIMARY KEY (`id_customization_field`),
  KEY `id_product` (`id_product`)
) ENGINE=InnoDB DEFAULT CHARSET=utf8;

--
-- Dumping data for table `ps_customization_field`
--


--
-- Table structure for table `ps_customization_field_lang`
--

CREATE TABLE `ps_customization_field_lang` (
  `id_customization_field` int(10) unsigned NOT NULL,
  `id_lang` int(10) unsigned NOT NULL,
  `name` varchar(255) NOT NULL,
  PRIMARY KEY (`id_customization_field`,`id_lang`)
) ENGINE=InnoDB DEFAULT CHARSET=utf8;

--
-- Dumping data for table `ps_customization_field_lang`
--


--
-- Table structure for table `ps_customized_data`
--

CREATE TABLE `ps_customized_data` (
  `id_customization` int(10) unsigned NOT NULL,
  `type` tinyint(1) NOT NULL,
  `index` int(3) NOT NULL,
  `value` varchar(255) NOT NULL,
  PRIMARY KEY (`id_customization`,`type`,`index`)
) ENGINE=InnoDB DEFAULT CHARSET=utf8;

--
-- Dumping data for table `ps_customized_data`
--


--
-- Table structure for table `ps_date_range`
--

CREATE TABLE `ps_date_range` (
  `id_date_range` int(10) unsigned NOT NULL AUTO_INCREMENT,
  `time_start` datetime NOT NULL,
  `time_end` datetime NOT NULL,
  PRIMARY KEY (`id_date_range`)
) ENGINE=InnoDB DEFAULT CHARSET=utf8;

--
-- Dumping data for table `ps_date_range`
--


--
-- Table structure for table `ps_delivery`
--

CREATE TABLE `ps_delivery` (
  `id_delivery` int(10) unsigned NOT NULL AUTO_INCREMENT,
  `id_shop` int(10) unsigned DEFAULT NULL,
  `id_shop_group` int(10) unsigned DEFAULT NULL,
  `id_carrier` int(10) unsigned NOT NULL,
  `id_range_price` int(10) unsigned DEFAULT NULL,
  `id_range_weight` int(10) unsigned DEFAULT NULL,
  `id_zone` int(10) unsigned NOT NULL,
  `price` decimal(20,6) NOT NULL,
  PRIMARY KEY (`id_delivery`),
  KEY `id_zone` (`id_zone`),
  KEY `id_carrier` (`id_carrier`,`id_zone`),
  KEY `id_range_price` (`id_range_price`),
  KEY `id_range_weight` (`id_range_weight`)
) ENGINE=InnoDB AUTO_INCREMENT=5 DEFAULT CHARSET=utf8;

--
-- Dumping data for table `ps_delivery`
--

INSERT INTO `ps_delivery` VALUES (1,NULL,NULL,2,0,1,1,5.000000),(2,NULL,NULL,2,0,1,2,5.000000),(3,NULL,NULL,2,1,0,1,5.000000),(4,NULL,NULL,2,1,0,2,5.000000);

--
-- Table structure for table `ps_employee_shop`
--

CREATE TABLE `ps_employee_shop` (
  `id_employee` int(11) unsigned NOT NULL,
  `id_shop` int(11) unsigned NOT NULL,
  PRIMARY KEY (`id_employee`,`id_shop`),
  KEY `id_shop` (`id_shop`)
) ENGINE=InnoDB DEFAULT CHARSET=utf8;

--
-- Dumping data for table `ps_employee_shop`
--

INSERT INTO `ps_employee_shop` VALUES (1,1);

--
-- Table structure for table `ps_feature`
--

CREATE TABLE `ps_feature` (
  `id_feature` int(10) unsigned NOT NULL AUTO_INCREMENT,
  `position` int(10) unsigned NOT NULL DEFAULT '0',
  PRIMARY KEY (`id_feature`)
) ENGINE=InnoDB AUTO_INCREMENT=8 DEFAULT CHARSET=utf8;

--
-- Dumping data for table `ps_feature`
--

INSERT INTO `ps_feature` VALUES (1,0),(2,1),(3,2),(4,3),(5,4),(6,5),(7,6);

--
-- Table structure for table `ps_feature_lang`
--

CREATE TABLE `ps_feature_lang` (
  `id_feature` int(10) unsigned NOT NULL,
  `id_lang` int(10) unsigned NOT NULL,
  `name` varchar(128) DEFAULT NULL,
  PRIMARY KEY (`id_feature`,`id_lang`),
  KEY `id_lang` (`id_lang`,`name`)
) ENGINE=InnoDB DEFAULT CHARSET=utf8;

--
-- Dumping data for table `ps_feature_lang`
--

INSERT INTO `ps_feature_lang` VALUES (5,1,'Compositions'),(3,1,'Depth'),(1,1,'Height'),(7,1,'Properties'),(6,1,'Styles'),(4,1,'Weight'),(2,1,'Width');

--
-- Table structure for table `ps_feature_product`
--

CREATE TABLE `ps_feature_product` (
  `id_feature` int(10) unsigned NOT NULL,
  `id_product` int(10) unsigned NOT NULL,
  `id_feature_value` int(10) unsigned NOT NULL,
  PRIMARY KEY (`id_feature`,`id_product`),
  KEY `id_feature_value` (`id_feature_value`),
  KEY `id_product` (`id_product`)
) ENGINE=InnoDB DEFAULT CHARSET=utf8;

--
-- Dumping data for table `ps_feature_product`
--

INSERT INTO `ps_feature_product` VALUES (5,6,1),(5,7,1),(5,4,3),(5,5,3),(5,1,5),(5,2,5),(5,3,5),(6,1,11),(6,2,11),(6,5,11),(6,3,13),(6,6,13),(6,7,13),(6,4,16),(7,1,17),(7,2,17),(7,3,18),(7,4,19),(7,6,19),(7,7,20),(7,5,21);

--
-- Table structure for table `ps_feature_shop`
--

CREATE TABLE `ps_feature_shop` (
  `id_feature` int(11) unsigned NOT NULL,
  `id_shop` int(11) unsigned NOT NULL,
  PRIMARY KEY (`id_feature`,`id_shop`),
  KEY `id_shop` (`id_shop`)
) ENGINE=InnoDB DEFAULT CHARSET=utf8;

--
-- Dumping data for table `ps_feature_shop`
--

INSERT INTO `ps_feature_shop` VALUES (1,1),(2,1),(3,1),(4,1),(5,1),(6,1),(7,1);

--
-- Table structure for table `ps_feature_value`
--

CREATE TABLE `ps_feature_value` (
  `id_feature_value` int(10) unsigned NOT NULL AUTO_INCREMENT,
  `id_feature` int(10) unsigned NOT NULL,
  `custom` tinyint(3) unsigned DEFAULT NULL,
  PRIMARY KEY (`id_feature_value`),
  KEY `feature` (`id_feature`)
) ENGINE=InnoDB AUTO_INCREMENT=34 DEFAULT CHARSET=utf8;

--
-- Dumping data for table `ps_feature_value`
--

INSERT INTO `ps_feature_value` VALUES (1,5,0),(2,5,0),(3,5,0),(4,5,0),(5,5,0),(6,5,0),(7,5,0),(8,5,0),(9,5,0),(10,6,0),(11,6,0),(12,6,0),(13,6,0),(14,6,0),(15,6,0),(16,6,0),(17,7,0),(18,7,0),(19,7,0),(20,7,0),(21,7,0),(22,1,1),(23,2,1),(24,4,1),(25,3,1),(26,1,1),(27,2,1),(28,4,1),(29,3,1),(30,1,1),(31,2,1),(32,4,1),(33,3,1);

--
-- Table structure for table `ps_feature_value_lang`
--

CREATE TABLE `ps_feature_value_lang` (
  `id_feature_value` int(10) unsigned NOT NULL,
  `id_lang` int(10) unsigned NOT NULL,
  `value` varchar(255) DEFAULT NULL,
  PRIMARY KEY (`id_feature_value`,`id_lang`)
) ENGINE=InnoDB DEFAULT CHARSET=utf8;

--
-- Dumping data for table `ps_feature_value_lang`
--

INSERT INTO `ps_feature_value_lang` VALUES (1,1,'Polyester'),(2,1,'Wool'),(3,1,'Viscose'),(4,1,'Elastane'),(5,1,'Cotton'),(6,1,'Silk'),(7,1,'Suede'),(8,1,'Straw'),(9,1,'Leather'),(10,1,'Classic'),(11,1,'Casual'),(12,1,'Military'),(13,1,'Girly'),(14,1,'Rock'),(15,1,'Basic'),(16,1,'Dressy'),(17,1,'Short Sleeve'),(18,1,'Colorful Dress'),(19,1,'Short Dress'),(20,1,'Midi Dress'),(21,1,'Maxi Dress'),(22,1,'2.75 in'),(23,1,'2.06 in'),(24,1,'49.2 g'),(25,1,'0.26 in'),(26,1,'1.07 in'),(27,1,'1.62 in'),(28,1,'15.5 g'),(29,1,'0.41 in (clip included)'),(30,1,'4.33 in'),(31,1,'2.76 in'),(32,1,'120g'),(33,1,'0.31 in');

--
-- Table structure for table `ps_gender`
--

CREATE TABLE `ps_gender` (
  `id_gender` int(11) NOT NULL AUTO_INCREMENT,
  `type` tinyint(1) NOT NULL,
  PRIMARY KEY (`id_gender`)
) ENGINE=InnoDB AUTO_INCREMENT=3 DEFAULT CHARSET=utf8;

--
-- Dumping data for table `ps_gender`
--

INSERT INTO `ps_gender` VALUES (1,0),(2,1);

--
-- Table structure for table `ps_gender_lang`
--

CREATE TABLE `ps_gender_lang` (
  `id_gender` int(10) unsigned NOT NULL,
  `id_lang` int(10) unsigned NOT NULL,
  `name` varchar(20) NOT NULL,
  PRIMARY KEY (`id_gender`,`id_lang`),
  KEY `id_gender` (`id_gender`)
) ENGINE=InnoDB DEFAULT CHARSET=utf8;

--
-- Dumping data for table `ps_gender_lang`
--

INSERT INTO `ps_gender_lang` VALUES (1,1,'Mr.'),(2,1,'Mrs.');

--
-- Table structure for table `ps_group`
--

CREATE TABLE `ps_group` (
  `id_group` int(10) unsigned NOT NULL AUTO_INCREMENT,
  `reduction` decimal(17,2) NOT NULL DEFAULT '0.00',
  `price_display_method` tinyint(4) NOT NULL DEFAULT '0',
  `show_prices` tinyint(1) unsigned NOT NULL DEFAULT '1',
  `date_add` datetime NOT NULL,
  `date_upd` datetime NOT NULL,
  PRIMARY KEY (`id_group`)
) ENGINE=InnoDB AUTO_INCREMENT=4 DEFAULT CHARSET=utf8;

--
-- Dumping data for table `ps_group`
--

INSERT INTO `ps_group` VALUES (1,0.00,1,1,'2014-12-08 16:18:19','2014-12-08 16:18:26'),(2,0.00,1,1,'2014-12-08 16:18:19','2014-12-08 16:18:26'),(3,0.00,1,1,'2014-12-08 16:18:19','2014-12-08 16:18:26');

--
-- Table structure for table `ps_group_lang`
--

CREATE TABLE `ps_group_lang` (
  `id_group` int(10) unsigned NOT NULL,
  `id_lang` int(10) unsigned NOT NULL,
  `name` varchar(32) NOT NULL,
  PRIMARY KEY (`id_group`,`id_lang`)
) ENGINE=InnoDB DEFAULT CHARSET=utf8;

--
-- Dumping data for table `ps_group_lang`
--

INSERT INTO `ps_group_lang` VALUES (1,1,'Visitor'),(2,1,'Guest'),(3,1,'Customer');

--
-- Table structure for table `ps_group_reduction`
--

CREATE TABLE `ps_group_reduction` (
  `id_group_reduction` mediumint(8) unsigned NOT NULL AUTO_INCREMENT,
  `id_group` int(10) unsigned NOT NULL,
  `id_category` int(10) unsigned NOT NULL,
  `reduction` decimal(4,3) NOT NULL,
  PRIMARY KEY (`id_group_reduction`),
  UNIQUE KEY `id_group` (`id_group`,`id_category`)
) ENGINE=InnoDB DEFAULT CHARSET=utf8;

--
-- Dumping data for table `ps_group_reduction`
--


--
-- Table structure for table `ps_group_shop`
--

CREATE TABLE `ps_group_shop` (
  `id_group` int(11) unsigned NOT NULL,
  `id_shop` int(11) unsigned NOT NULL,
  PRIMARY KEY (`id_group`,`id_shop`),
  KEY `id_shop` (`id_shop`)
) ENGINE=InnoDB DEFAULT CHARSET=utf8;

--
-- Dumping data for table `ps_group_shop`
--

INSERT INTO `ps_group_shop` VALUES (1,1),(2,1),(3,1);

--
-- Table structure for table `ps_guest`
--

CREATE TABLE `ps_guest` (
  `id_guest` int(10) unsigned NOT NULL AUTO_INCREMENT,
  `id_operating_system` int(10) unsigned DEFAULT NULL,
  `id_web_browser` int(10) unsigned DEFAULT NULL,
  `id_customer` int(10) unsigned DEFAULT NULL,
  `javascript` tinyint(1) DEFAULT '0',
  `screen_resolution_x` smallint(5) unsigned DEFAULT NULL,
  `screen_resolution_y` smallint(5) unsigned DEFAULT NULL,
  `screen_color` tinyint(3) unsigned DEFAULT NULL,
  `sun_java` tinyint(1) DEFAULT NULL,
  `adobe_flash` tinyint(1) DEFAULT NULL,
  `adobe_director` tinyint(1) DEFAULT NULL,
  `apple_quicktime` tinyint(1) DEFAULT NULL,
  `real_player` tinyint(1) DEFAULT NULL,
  `windows_media` tinyint(1) DEFAULT NULL,
  `accept_language` varchar(8) DEFAULT NULL,
  `mobile_theme` tinyint(1) NOT NULL DEFAULT '0',
  PRIMARY KEY (`id_guest`),
  KEY `id_customer` (`id_customer`),
  KEY `id_operating_system` (`id_operating_system`),
  KEY `id_web_browser` (`id_web_browser`)
) ENGINE=InnoDB AUTO_INCREMENT=135 DEFAULT CHARSET=utf8;

--
-- Dumping data for table `ps_guest`
--

INSERT INTO `ps_guest` VALUES (1,0,0,1,0,0,0,0,0,0,0,0,0,0,'',0),(2,3,11,2,0,0,0,0,0,0,0,0,0,0,'',0),(3,3,3,0,0,0,0,0,0,0,0,0,0,0,'',0),(4,3,3,0,0,0,0,0,0,0,0,0,0,0,'',0),(5,3,3,0,0,0,0,0,0,0,0,0,0,0,'',0),(6,3,3,0,0,0,0,0,0,0,0,0,0,0,'',0),(7,3,3,0,0,0,0,0,0,0,0,0,0,0,'',0),(8,3,3,0,0,0,0,0,0,0,0,0,0,0,'',0),(9,3,3,0,0,0,0,0,0,0,0,0,0,0,'',0),(10,3,3,0,0,0,0,0,0,0,0,0,0,0,'',0),(11,3,3,0,0,0,0,0,0,0,0,0,0,0,'',0),(12,3,3,0,0,0,0,0,0,0,0,0,0,0,'',0),(13,3,3,0,0,0,0,0,0,0,0,0,0,0,'',0),(14,3,3,0,0,0,0,0,0,0,0,0,0,0,'',0),(15,3,3,0,0,0,0,0,0,0,0,0,0,0,'',0),(16,3,3,0,0,0,0,0,0,0,0,0,0,0,'',0),(17,3,3,0,0,0,0,0,0,0,0,0,0,0,'',0),(18,3,3,0,0,0,0,0,0,0,0,0,0,0,'',0),(19,3,3,0,0,0,0,0,0,0,0,0,0,0,'',0),(20,3,3,0,0,0,0,0,0,0,0,0,0,0,'',0),(21,3,3,0,0,0,0,0,0,0,0,0,0,0,'',0),(22,3,3,0,0,0,0,0,0,0,0,0,0,0,'',0),(23,3,3,0,0,0,0,0,0,0,0,0,0,0,'',0),(24,3,3,0,0,0,0,0,0,0,0,0,0,0,'',0),(25,3,3,0,0,0,0,0,0,0,0,0,0,0,'',0),(26,3,3,0,0,0,0,0,0,0,0,0,0,0,'',0),(27,3,3,0,0,0,0,0,0,0,0,0,0,0,'',0),(28,3,3,0,0,0,0,0,0,0,0,0,0,0,'',0),(29,3,3,0,0,0,0,0,0,0,0,0,0,0,'',0),(30,3,3,0,0,0,0,0,0,0,0,0,0,0,'',0),(31,3,3,0,0,0,0,0,0,0,0,0,0,0,'',0),(32,3,3,0,0,0,0,0,0,0,0,0,0,0,'',0),(33,3,3,0,0,0,0,0,0,0,0,0,0,0,'',0),(34,3,3,0,0,0,0,0,0,0,0,0,0,0,'',0),(35,3,3,0,0,0,0,0,0,0,0,0,0,0,'',0),(36,3,3,0,0,0,0,0,0,0,0,0,0,0,'',0),(37,3,3,0,0,0,0,0,0,0,0,0,0,0,'',0),(38,3,3,0,0,0,0,0,0,0,0,0,0,0,'',0),(39,3,3,0,0,0,0,0,0,0,0,0,0,0,'',0),(40,3,3,0,0,0,0,0,0,0,0,0,0,0,'',0),(41,3,3,0,0,0,0,0,0,0,0,0,0,0,'',0),(42,3,3,0,0,0,0,0,0,0,0,0,0,0,'',0),(43,3,3,0,0,0,0,0,0,0,0,0,0,0,'',0),(44,3,3,0,0,0,0,0,0,0,0,0,0,0,'',0),(45,3,3,0,0,0,0,0,0,0,0,0,0,0,'',0),(46,3,3,0,0,0,0,0,0,0,0,0,0,0,'',0),(47,3,3,0,0,0,0,0,0,0,0,0,0,0,'',0),(48,3,3,0,0,0,0,0,0,0,0,0,0,0,'',0),(49,3,3,0,0,0,0,0,0,0,0,0,0,0,'',0),(50,3,3,0,0,0,0,0,0,0,0,0,0,0,'',0),(51,3,3,0,0,0,0,0,0,0,0,0,0,0,'',0),(52,3,3,0,0,0,0,0,0,0,0,0,0,0,'',0),(53,3,3,0,0,0,0,0,0,0,0,0,0,0,'',0),(54,3,3,0,0,0,0,0,0,0,0,0,0,0,'',0),(55,3,3,0,0,0,0,0,0,0,0,0,0,0,'',0),(56,3,3,0,0,0,0,0,0,0,0,0,0,0,'',0),(57,3,3,0,0,0,0,0,0,0,0,0,0,0,'',0),(58,3,3,0,0,0,0,0,0,0,0,0,0,0,'',0),(59,3,3,0,0,0,0,0,0,0,0,0,0,0,'',0),(60,3,3,0,0,0,0,0,0,0,0,0,0,0,'',0),(61,3,3,0,0,0,0,0,0,0,0,0,0,0,'',0),(62,3,3,0,0,0,0,0,0,0,0,0,0,0,'',0),(63,3,3,0,0,0,0,0,0,0,0,0,0,0,'',0),(64,3,3,0,0,0,0,0,0,0,0,0,0,0,'',0),(65,3,3,0,0,0,0,0,0,0,0,0,0,0,'',0),(66,3,3,0,0,0,0,0,0,0,0,0,0,0,'',0),(67,3,3,0,0,0,0,0,0,0,0,0,0,0,'',0),(68,3,3,0,0,0,0,0,0,0,0,0,0,0,'',0),(69,3,3,0,0,0,0,0,0,0,0,0,0,0,'',0),(70,3,3,0,0,0,0,0,0,0,0,0,0,0,'',0),(71,3,3,0,0,0,0,0,0,0,0,0,0,0,'',0),(72,3,3,0,0,0,0,0,0,0,0,0,0,0,'',0),(73,3,3,0,0,0,0,0,0,0,0,0,0,0,'',0),(74,3,3,0,0,0,0,0,0,0,0,0,0,0,'',0),(75,3,3,0,0,0,0,0,0,0,0,0,0,0,'',0),(76,3,3,0,0,0,0,0,0,0,0,0,0,0,'',0),(77,3,3,0,0,0,0,0,0,0,0,0,0,0,'',0),(78,3,3,0,0,0,0,0,0,0,0,0,0,0,'',0),(79,3,3,0,0,0,0,0,0,0,0,0,0,0,'',0),(80,3,3,0,0,0,0,0,0,0,0,0,0,0,'',0),(81,3,3,0,0,0,0,0,0,0,0,0,0,0,'',0),(82,3,3,0,0,0,0,0,0,0,0,0,0,0,'',0),(83,3,3,0,0,0,0,0,0,0,0,0,0,0,'',0),(84,3,3,0,0,0,0,0,0,0,0,0,0,0,'',0),(85,3,3,0,0,0,0,0,0,0,0,0,0,0,'',0),(86,3,3,0,0,0,0,0,0,0,0,0,0,0,'',0),(87,3,3,0,0,0,0,0,0,0,0,0,0,0,'',0),(88,3,3,0,0,0,0,0,0,0,0,0,0,0,'',0),(89,3,3,0,0,0,0,0,0,0,0,0,0,0,'',0),(90,3,3,0,0,0,0,0,0,0,0,0,0,0,'',0),(91,3,3,0,0,0,0,0,0,0,0,0,0,0,'',0),(92,3,3,0,0,0,0,0,0,0,0,0,0,0,'',0),(93,3,3,0,0,0,0,0,0,0,0,0,0,0,'',0),(94,3,3,0,0,0,0,0,0,0,0,0,0,0,'',0),(95,3,3,0,0,0,0,0,0,0,0,0,0,0,'',0),(96,3,3,0,0,0,0,0,0,0,0,0,0,0,'',0),(97,3,3,0,0,0,0,0,0,0,0,0,0,0,'',0),(98,3,3,0,0,0,0,0,0,0,0,0,0,0,'',0),(99,3,3,0,0,0,0,0,0,0,0,0,0,0,'',0),(100,3,3,0,0,0,0,0,0,0,0,0,0,0,'',0),(101,3,3,0,0,0,0,0,0,0,0,0,0,0,'',0),(102,3,3,0,0,0,0,0,0,0,0,0,0,0,'',0),(103,3,3,0,0,0,0,0,0,0,0,0,0,0,'',0),(104,3,3,0,0,0,0,0,0,0,0,0,0,0,'',0),(105,3,3,0,0,0,0,0,0,0,0,0,0,0,'',0),(106,3,3,0,0,0,0,0,0,0,0,0,0,0,'',0),(107,3,3,0,0,0,0,0,0,0,0,0,0,0,'',0),(108,3,3,0,0,0,0,0,0,0,0,0,0,0,'',0),(109,3,3,0,0,0,0,0,0,0,0,0,0,0,'',0),(110,3,3,0,0,0,0,0,0,0,0,0,0,0,'',0),(111,3,3,0,0,0,0,0,0,0,0,0,0,0,'',0),(112,3,3,0,0,0,0,0,0,0,0,0,0,0,'',0),(113,3,3,0,0,0,0,0,0,0,0,0,0,0,'',0),(114,3,11,0,0,0,0,0,0,0,0,0,0,0,'',0),(115,3,3,0,0,0,0,0,0,0,0,0,0,0,'',0),(116,3,3,0,0,0,0,0,0,0,0,0,0,0,'',0),(117,3,3,0,0,0,0,0,0,0,0,0,0,0,'',0),(118,3,3,0,0,0,0,0,0,0,0,0,0,0,'',0),(119,3,3,0,0,0,0,0,0,0,0,0,0,0,'',0),(120,3,3,0,0,0,0,0,0,0,0,0,0,0,'',0),(121,3,3,0,0,0,0,0,0,0,0,0,0,0,'',0),(122,3,3,0,0,0,0,0,0,0,0,0,0,0,'',0),(123,3,3,0,0,0,0,0,0,0,0,0,0,0,'',0),(124,3,3,0,0,0,0,0,0,0,0,0,0,0,'',0),(125,3,3,0,0,0,0,0,0,0,0,0,0,0,'',0),(126,3,3,0,0,0,0,0,0,0,0,0,0,0,'',0),(127,3,3,0,0,0,0,0,0,0,0,0,0,0,'',0),(128,3,3,0,0,0,0,0,0,0,0,0,0,0,'',0),(129,3,3,0,0,0,0,0,0,0,0,0,0,0,'',0),(130,3,3,0,0,0,0,0,0,0,0,0,0,0,'',0),(131,3,3,0,0,0,0,0,0,0,0,0,0,0,'',0),(132,3,3,0,0,0,0,0,0,0,0,0,0,0,'',0),(133,3,3,0,0,0,0,0,0,0,0,0,0,0,'',0),(134,3,3,0,0,0,0,0,0,0,0,0,0,0,'',0);

--
-- Table structure for table `ps_homeslider`
--

CREATE TABLE `ps_homeslider` (
  `id_homeslider_slides` int(10) unsigned NOT NULL AUTO_INCREMENT,
  `id_shop` int(10) unsigned NOT NULL,
  PRIMARY KEY (`id_homeslider_slides`,`id_shop`)
) ENGINE=InnoDB AUTO_INCREMENT=4 DEFAULT CHARSET=utf8;

--
-- Dumping data for table `ps_homeslider`
--

INSERT INTO `ps_homeslider` VALUES (1,1),(2,1),(3,1);

--
-- Table structure for table `ps_homeslider_slides`
--

CREATE TABLE `ps_homeslider_slides` (
  `id_homeslider_slides` int(10) unsigned NOT NULL AUTO_INCREMENT,
  `position` int(10) unsigned NOT NULL DEFAULT '0',
  `active` tinyint(1) unsigned NOT NULL DEFAULT '0',
  PRIMARY KEY (`id_homeslider_slides`)
) ENGINE=InnoDB AUTO_INCREMENT=4 DEFAULT CHARSET=utf8;

--
-- Dumping data for table `ps_homeslider_slides`
--

INSERT INTO `ps_homeslider_slides` VALUES (1,1,1),(2,2,1),(3,3,1);

--
-- Table structure for table `ps_homeslider_slides_lang`
--

CREATE TABLE `ps_homeslider_slides_lang` (
  `id_homeslider_slides` int(10) unsigned NOT NULL,
  `id_lang` int(10) unsigned NOT NULL,
  `title` varchar(255) NOT NULL,
  `description` text NOT NULL,
  `legend` varchar(255) NOT NULL,
  `url` varchar(255) NOT NULL,
  `image` varchar(255) NOT NULL,
  PRIMARY KEY (`id_homeslider_slides`,`id_lang`)
) ENGINE=InnoDB DEFAULT CHARSET=utf8;

--
-- Dumping data for table `ps_homeslider_slides_lang`
--

INSERT INTO `ps_homeslider_slides_lang` VALUES (1,1,'Sample 1','<h2>EXCEPTEUR<br />OCCAECAT</h2>\n				<p>Lorem ipsum dolor sit amet, consectetur adipiscing elit. Proin tristique in tortor et dignissim. Quisque non tempor leo. Maecenas egestas sem elit</p>\n				<p><button class=\"btn btn-default\" type=\"button\">Shop now !</button></p>','sample-1','http://www.prestashop.com/?utm_source=v16_homeslider','sample-1.jpg'),(2,1,'Sample 2','<h2>EXCEPTEUR<br />OCCAECAT</h2>\n				<p>Lorem ipsum dolor sit amet, consectetur adipiscing elit. Proin tristique in tortor et dignissim. Quisque non tempor leo. Maecenas egestas sem elit</p>\n				<p><button class=\"btn btn-default\" type=\"button\">Shop now !</button></p>','sample-2','http://www.prestashop.com/?utm_source=v16_homeslider','sample-2.jpg'),(3,1,'Sample 3','<h2>EXCEPTEUR<br />OCCAECAT</h2>\n				<p>Lorem ipsum dolor sit amet, consectetur adipiscing elit. Proin tristique in tortor et dignissim. Quisque non tempor leo. Maecenas egestas sem elit</p>\n				<p><button class=\"btn btn-default\" type=\"button\">Shop now !</button></p>','sample-3','http://www.prestashop.com/?utm_source=v16_homeslider','sample-3.jpg');

--
-- Table structure for table `ps_hook`
--

CREATE TABLE `ps_hook` (
  `id_hook` int(10) unsigned NOT NULL AUTO_INCREMENT,
  `name` varchar(64) NOT NULL,
  `title` varchar(64) NOT NULL,
  `description` text,
  `position` tinyint(1) NOT NULL DEFAULT '1',
  `live_edit` tinyint(1) NOT NULL DEFAULT '0',
  PRIMARY KEY (`id_hook`),
  UNIQUE KEY `hook_name` (`name`)
) ENGINE=InnoDB AUTO_INCREMENT=154 DEFAULT CHARSET=utf8;

--
-- Dumping data for table `ps_hook`
--

INSERT INTO `ps_hook` VALUES (1,'displayPayment','Payment','This hook displays new elements on the payment page',1,1),(2,'actionValidateOrder','New orders','',1,0),(3,'displayMaintenance','Maintenance Page','This hook displays new elements on the maintenance page',1,0),(4,'actionPaymentConfirmation','Payment confirmation','This hook displays new elements after the payment is validated',1,0),(5,'displayPaymentReturn','Payment return','',1,0),(6,'actionUpdateQuantity','Quantity update','Quantity is updated only when a customer effectively places their order',1,0),(7,'displayRightColumn','Right column blocks','This hook displays new elements in the right-hand column',1,1),(8,'displayLeftColumn','Left column blocks','This hook displays new elements in the left-hand column',1,1),(9,'displayHome','Homepage content','This hook displays new elements on the homepage',1,1),(10,'displayHeader','Pages header','This hook displays additional elements in the header of your pages',1,0),(11,'actionCartSave','Cart creation and update','This hook is displayed when a product is added to the cart or if the cart\'s content is modified',1,0),(12,'actionAuthentication','Successful customer authentication','This hook is displayed after a customer successfully signs in',1,0),(13,'actionProductAdd','Product creation','This hook is displayed after a product is created',1,0),(14,'actionProductUpdate','Product update','This hook is displayed after a product has been updated',1,0),(15,'displayTop','Top of pages','This hook displays  additional elements at the top of your pages',1,0),(16,'displayRightColumnProduct','New elements on the product page (right column)','This hook displays new elements in the right-hand column of the product page',1,0),(17,'actionProductDelete','Product deletion','This hook is called when a product is deleted',1,0),(18,'displayFooterProduct','Product footer','This hook adds new blocks under the product\'s description',1,1),(19,'displayInvoice','Invoice','This hook displays new blocks on the invoice (order)',1,0),(20,'actionOrderStatusUpdate','Order status update - Event','This hook launches modules when the status of an order changes.',1,0),(21,'displayAdminOrder','Display new elements in the Back Office, tab AdminOrder','This hook launches modules when the AdminOrder tab is displayed in the Back Office',1,0),(22,'displayAdminOrderTabOrder','Display new elements in Back Office, AdminOrder, panel Order','This hook launches modules when the AdminOrder tab is displayed in the Back Office and extends / override Order panel tabs',1,0),(23,'displayAdminOrderTabShip','Display new elements in Back Office, AdminOrder, panel Shipping','This hook launches modules when the AdminOrder tab is displayed in the Back Office and extends / override Shipping panel tabs',1,0),(24,'displayAdminOrderContentOrder','Display new elements in Back Office, AdminOrder, panel Order','This hook launches modules when the AdminOrder tab is displayed in the Back Office and extends / override Order panel content',1,0),(25,'displayAdminOrderContentShip','Display new elements in Back Office, AdminOrder, panel Shipping','This hook launches modules when the AdminOrder tab is displayed in the Back Office and extends / override Shipping panel content',1,0),(26,'displayFooter','Footer','This hook displays new blocks in the footer',1,0),(27,'displayPDFInvoice','PDF Invoice','This hook allows you to display additional information on PDF invoices',1,0),(28,'displayAdminCustomers','Display new elements in the Back Office, tab AdminCustomers','This hook launches modules when the AdminCustomers tab is displayed in the Back Office',1,0),(29,'displayOrderConfirmation','Order confirmation page','This hook is called within an order\'s confirmation page',1,0),(30,'actionCustomerAccountAdd','Successful customer account creation','This hook is called when a new customer creates an account successfully',1,0),(31,'displayCustomerAccount','Customer account displayed in Front Office','This hook displays new elements on the customer account page',1,0),(32,'actionOrderSlipAdd','Order slip creation','This hook is called when a new credit slip is added regarding client order',1,0),(33,'displayProductTab','Tabs on product page','This hook is called on the product page\'s tab',1,0),(34,'displayProductTabContent','Tabs content on the product page','This hook is called on the product page\'s tab',1,0),(35,'displayShoppingCartFooter','Shopping cart footer','This hook displays some specific information on the shopping cart\'s page',1,0),(36,'displayCustomerAccountForm','Customer account creation form','This hook displays some information on the form to create a customer account',1,0),(37,'displayAdminStatsModules','Stats - Modules','',1,0),(38,'displayAdminStatsGraphEngine','Graph engines','',1,0),(39,'actionOrderReturn','Returned product','This hook is displayed when a customer returns a product ',1,0),(40,'displayProductButtons','Product page actions','This hook adds new action buttons on the product page',1,0),(41,'displayBackOfficeHome','Administration panel homepage','This hook is displayed on the admin panel\'s homepage',1,0),(42,'displayAdminStatsGridEngine','Grid engines','',1,0),(43,'actionWatermark','Watermark','',1,0),(44,'actionProductCancel','Product cancelled','This hook is called when you cancel a product in an order',1,0),(45,'displayLeftColumnProduct','New elements on the product page (left column)','This hook displays new elements in the left-hand column of the product page',1,0),(46,'actionProductOutOfStock','Out-of-stock product','This hook displays new action buttons if a product is out of stock',1,0),(47,'actionProductAttributeUpdate','Product attribute update','This hook is displayed when a product\'s attribute is updated',1,0),(48,'displayCarrierList','Extra carrier (module mode)','',1,0),(49,'displayShoppingCart','Shopping cart - Additional button','This hook displays new action buttons within the shopping cart',1,0),(50,'actionSearch','Search','',1,0),(51,'displayBeforePayment','Redirect during the order process','This hook redirects the user to the module instead of displaying payment modules',1,0),(52,'actionCarrierUpdate','Carrier Update','This hook is called when a carrier is updated',1,0),(53,'actionOrderStatusPostUpdate','Post update of order status','',1,0),(54,'displayCustomerAccountFormTop','Block above the form for create an account','This hook is displayed above the customer\'s account creation form',1,0),(55,'displayBackOfficeHeader','Administration panel header','This hook is displayed in the header of the admin panel',1,0),(56,'displayBackOfficeTop','Administration panel hover the tabs','This hook is displayed on the roll hover of the tabs within the admin panel',1,0),(57,'displayBackOfficeFooter','Administration panel footer','This hook is displayed within the admin panel\'s footer',1,0),(58,'actionProductAttributeDelete','Product attribute deletion','This hook is displayed when a product\'s attribute is deleted',1,0),(59,'actionCarrierProcess','Carrier process','',1,0),(60,'actionOrderDetail','Order detail','This hook is used to set the follow-up in Smarty when an order\'s detail is called',1,0),(61,'displayBeforeCarrier','Before carriers list','This hook is displayed before the carrier list in Front Office',1,0),(62,'displayOrderDetail','Order detail','This hook is displayed within the order\'s details in Front Office',1,0),(63,'actionPaymentCCAdd','Payment CC added','',1,0),(64,'displayProductComparison','Extra product comparison','',1,0),(65,'actionCategoryAdd','Category creation','This hook is displayed when a category is created',1,0),(66,'actionCategoryUpdate','Category modification','This hook is displayed when a category is modified',1,0),(67,'actionCategoryDelete','Category deletion','This hook is displayed when a category is deleted',1,0),(68,'actionBeforeAuthentication','Before authentication','This hook is displayed before the customer\'s authentication',1,0),(69,'displayPaymentTop','Top of payment page','This hook is displayed at the top of the payment page',1,0),(70,'actionHtaccessCreate','After htaccess creation','This hook is displayed after the htaccess creation',1,0),(71,'actionAdminMetaSave','After saving the configuration in AdminMeta','This hook is displayed after saving the configuration in AdminMeta',1,0),(72,'displayAttributeGroupForm','Add fields to the form \'attribute group\'','This hook adds fields to the form \'attribute group\'',1,0),(73,'actionAttributeGroupSave','Saving an attribute group','This hook is called while saving an attributes group',1,0),(74,'actionAttributeGroupDelete','Deleting attribute group','This hook is called while deleting an attributes  group',1,0),(75,'displayFeatureForm','Add fields to the form \'feature\'','This hook adds fields to the form \'feature\'',1,0),(76,'actionFeatureSave','Saving attributes\' features','This hook is called while saving an attributes features',1,0),(77,'actionFeatureDelete','Deleting attributes\' features','This hook is called while deleting an attributes features',1,0),(78,'actionProductSave','Saving products','This hook is called while saving products',1,0),(79,'actionProductListOverride','Assign a products list to a category','This hook assigns a products list to a category',1,0),(80,'displayAttributeGroupPostProcess','On post-process in admin attribute group','This hook is called on post-process in admin attribute group',1,0),(81,'displayFeaturePostProcess','On post-process in admin feature','This hook is called on post-process in admin feature',1,0),(82,'displayFeatureValueForm','Add fields to the form \'feature value\'','This hook adds fields to the form \'feature value\'',1,0),(83,'displayFeatureValuePostProcess','On post-process in admin feature value','This hook is called on post-process in admin feature value',1,0),(84,'actionFeatureValueDelete','Deleting attributes\' features\' values','This hook is called while deleting an attributes features value',1,0),(85,'actionFeatureValueSave','Saving an attributes features value','This hook is called while saving an attributes features value',1,0),(86,'displayAttributeForm','Add fields to the form \'attribute value\'','This hook adds fields to the form \'attribute value\'',1,0),(87,'actionAttributePostProcess','On post-process in admin feature value','This hook is called on post-process in admin feature value',1,0),(88,'actionAttributeDelete','Deleting an attributes features value','This hook is called while deleting an attributes features value',1,0),(89,'actionAttributeSave','Saving an attributes features value','This hook is called while saving an attributes features value',1,0),(90,'actionTaxManager','Tax Manager Factory','',1,0),(91,'displayMyAccountBlock','My account block','This hook displays extra information within the \'my account\' block\"',1,0),(92,'actionModuleInstallBefore','actionModuleInstallBefore','',1,0),(93,'actionModuleInstallAfter','actionModuleInstallAfter','',1,0),(94,'displayHomeTab','Home Page Tabs','This hook displays new elements on the homepage tabs',1,1),(95,'displayHomeTabContent','Home Page Tabs Content','This hook displays new elements on the homepage tabs content',1,1),(96,'displayTopColumn','Top column blocks','This hook displays new elements in the top of columns',1,1),(97,'displayBackOfficeCategory','Display new elements in the Back Office, tab AdminCategories','This hook launches modules when the AdminCategories tab is displayed in the Back Office',1,0),(98,'displayProductListFunctionalButtons','Display new elements in the Front Office, products list','This hook launches modules when the products list is displayed in the Front Office',1,0),(99,'displayNav','Navigation','',1,1),(100,'displayOverrideTemplate','Change the default template of current controller','',1,0),(101,'actionObjectProductUpdateAfter','actionObjectProductUpdateAfter','',0,0),(102,'actionObjectProductDeleteAfter','actionObjectProductDeleteAfter','',0,0),(103,'displayCompareExtraInformation','displayCompareExtraInformation','',1,1),(104,'displayBanner','displayBanner','',1,1),(105,'actionObjectLanguageAddAfter','actionObjectLanguageAddAfter','',0,0),(106,'actionCartListOverride','actionCartListOverride','',0,0),(107,'actionAdminMetaControllerUpdate_optionsBefore','actionAdminMetaControllerUpdate_optionsBefore','',0,0),(108,'actionAdminLanguagesControllerStatusBefore','actionAdminLanguagesControllerStatusBefore','',0,0),(109,'actionObjectCmsUpdateAfter','actionObjectCmsUpdateAfter','',0,0),(110,'actionObjectCmsDeleteAfter','actionObjectCmsDeleteAfter','',0,0),(111,'actionShopDataDuplication','actionShopDataDuplication','',0,0),(112,'actionAdminStoresControllerUpdate_optionsAfter','actionAdminStoresControllerUpdate_optionsAfter','',0,0),(113,'actionObjectManufacturerDeleteAfter','actionObjectManufacturerDeleteAfter','',0,0),(114,'actionObjectManufacturerAddAfter','actionObjectManufacturerAddAfter','',0,0),(115,'actionObjectManufacturerUpdateAfter','actionObjectManufacturerUpdateAfter','',0,0),(117,'actionModuleRegisterHookAfter','actionModuleRegisterHookAfter','',0,0),(118,'actionModuleUnRegisterHookAfter','actionModuleUnRegisterHookAfter','',0,0),(119,'displayMyAccountBlockfooter','My account block','Display extra informations inside the \"my account\" block',1,0),(120,'displayMobileTopSiteMap','displayMobileTopSiteMap','',1,1),(121,'actionObjectSupplierDeleteAfter','actionObjectSupplierDeleteAfter','',0,0),(122,'actionObjectSupplierAddAfter','actionObjectSupplierAddAfter','',0,0),(123,'actionObjectSupplierUpdateAfter','actionObjectSupplierUpdateAfter','',0,0),(124,'actionObjectCategoryUpdateAfter','actionObjectCategoryUpdateAfter','',0,0),(125,'actionObjectCategoryDeleteAfter','actionObjectCategoryDeleteAfter','',0,0),(126,'actionObjectCategoryAddAfter','actionObjectCategoryAddAfter','',0,0),(127,'actionObjectCmsAddAfter','actionObjectCmsAddAfter','',0,0),(128,'actionObjectProductAddAfter','actionObjectProductAddAfter','',0,0),(129,'dashboardZoneOne','dashboardZoneOne','',0,0),(130,'dashboardData','dashboardData','',0,0),(131,'actionObjectOrderAddAfter','actionObjectOrderAddAfter','',0,0),(132,'actionObjectCustomerAddAfter','actionObjectCustomerAddAfter','',0,0),(133,'actionObjectCustomerMessageAddAfter','actionObjectCustomerMessageAddAfter','',0,0),(134,'actionObjectCustomerThreadAddAfter','actionObjectCustomerThreadAddAfter','',0,0),(135,'actionObjectOrderReturnAddAfter','actionObjectOrderReturnAddAfter','',0,0),(136,'actionAdminControllerSetMedia','actionAdminControllerSetMedia','',0,0),(137,'dashboardZoneTwo','dashboardZoneTwo','',0,0),(138,'displayProductListReviews','displayProductListReviews','',1,1),(139,'actionAdminMetaControllerUpdate_optionsAfter','actionAdminMetaControllerUpdate_optionsAfter','',0,0),(140,'actionAdminPerformanceControllerSaveAfter','actionAdminPerformanceControllerSaveAfter','',0,0),(141,'actionObjectCarrierAddAfter','actionObjectCarrierAddAfter','',0,0),(142,'actionObjectContactAddAfter','actionObjectContactAddAfter','',0,0),(143,'actionAdminThemesControllerUpdate_optionsAfter','actionAdminThemesControllerUpdate_optionsAfter','',0,0),(144,'actionObjectShopUpdateAfter','actionObjectShopUpdateAfter','',0,0),(145,'actionAdminPreferencesControllerUpdate_optionsAfter','actionAdminPreferencesControllerUpdate_optionsAfter','',0,0),(146,'actionObjectShopAddAfter','actionObjectShopAddAfter','',0,0),(147,'actionObjectShopGroupAddAfter','actionObjectShopGroupAddAfter','',0,0),(148,'actionObjectCartAddAfter','actionObjectCartAddAfter','',0,0),(149,'actionObjectEmployeeAddAfter','actionObjectEmployeeAddAfter','',0,0),(150,'actionObjectImageAddAfter','actionObjectImageAddAfter','',0,0),(151,'actionObjectCartRuleAddAfter','actionObjectCartRuleAddAfter','',0,0),(152,'actionAdminStoresControllerSaveAfter','actionAdminStoresControllerSaveAfter','',0,0),(153,'actionAdminWebserviceControllerSaveAfter','actionAdminWebserviceControllerSaveAfter','',0,0);

--
-- Table structure for table `ps_hook_alias`
--

CREATE TABLE `ps_hook_alias` (
  `id_hook_alias` int(10) unsigned NOT NULL AUTO_INCREMENT,
  `alias` varchar(64) NOT NULL,
  `name` varchar(64) NOT NULL,
  PRIMARY KEY (`id_hook_alias`),
  UNIQUE KEY `alias` (`alias`)
) ENGINE=InnoDB AUTO_INCREMENT=87 DEFAULT CHARSET=utf8;

--
-- Dumping data for table `ps_hook_alias`
--

INSERT INTO `ps_hook_alias` VALUES (1,'payment','displayPayment'),(2,'newOrder','actionValidateOrder'),(3,'paymentConfirm','actionPaymentConfirmation'),(4,'paymentReturn','displayPaymentReturn'),(5,'updateQuantity','actionUpdateQuantity'),(6,'rightColumn','displayRightColumn'),(7,'leftColumn','displayLeftColumn'),(8,'home','displayHome'),(9,'header','displayHeader'),(10,'cart','actionCartSave'),(11,'authentication','actionAuthentication'),(12,'addproduct','actionProductAdd'),(13,'updateproduct','actionProductUpdate'),(14,'top','displayTop'),(15,'extraRight','displayRightColumnProduct'),(16,'deleteproduct','actionProductDelete'),(17,'productfooter','displayFooterProduct'),(18,'invoice','displayInvoice'),(19,'updateOrderStatus','actionOrderStatusUpdate'),(20,'adminOrder','displayAdminOrder'),(21,'footer','displayFooter'),(22,'PDFInvoice','displayPDFInvoice'),(23,'adminCustomers','displayAdminCustomers'),(24,'orderConfirmation','displayOrderConfirmation'),(25,'createAccount','actionCustomerAccountAdd'),(26,'customerAccount','displayCustomerAccount'),(27,'orderSlip','actionOrderSlipAdd'),(28,'productTab','displayProductTab'),(29,'productTabContent','displayProductTabContent'),(30,'shoppingCart','displayShoppingCartFooter'),(31,'createAccountForm','displayCustomerAccountForm'),(32,'AdminStatsModules','displayAdminStatsModules'),(33,'GraphEngine','displayAdminStatsGraphEngine'),(34,'orderReturn','actionOrderReturn'),(35,'productActions','displayProductButtons'),(36,'backOfficeHome','displayBackOfficeHome'),(37,'GridEngine','displayAdminStatsGridEngine'),(38,'watermark','actionWatermark'),(39,'cancelProduct','actionProductCancel'),(40,'extraLeft','displayLeftColumnProduct'),(41,'productOutOfStock','actionProductOutOfStock'),(42,'updateProductAttribute','actionProductAttributeUpdate'),(43,'extraCarrier','displayCarrierList'),(44,'shoppingCartExtra','displayShoppingCart'),(45,'search','actionSearch'),(46,'backBeforePayment','displayBeforePayment'),(47,'updateCarrier','actionCarrierUpdate'),(48,'postUpdateOrderStatus','actionOrderStatusPostUpdate'),(49,'createAccountTop','displayCustomerAccountFormTop'),(50,'backOfficeHeader','displayBackOfficeHeader'),(51,'backOfficeTop','displayBackOfficeTop'),(52,'backOfficeFooter','displayBackOfficeFooter'),(53,'deleteProductAttribute','actionProductAttributeDelete'),(54,'processCarrier','actionCarrierProcess'),(55,'orderDetail','actionOrderDetail'),(56,'beforeCarrier','displayBeforeCarrier'),(57,'orderDetailDisplayed','displayOrderDetail'),(58,'paymentCCAdded','actionPaymentCCAdd'),(59,'extraProductComparison','displayProductComparison'),(60,'categoryAddition','actionCategoryAdd'),(61,'categoryUpdate','actionCategoryUpdate'),(62,'categoryDeletion','actionCategoryDelete'),(63,'beforeAuthentication','actionBeforeAuthentication'),(64,'paymentTop','displayPaymentTop'),(65,'afterCreateHtaccess','actionHtaccessCreate'),(66,'afterSaveAdminMeta','actionAdminMetaSave'),(67,'attributeGroupForm','displayAttributeGroupForm'),(68,'afterSaveAttributeGroup','actionAttributeGroupSave'),(69,'afterDeleteAttributeGroup','actionAttributeGroupDelete'),(70,'featureForm','displayFeatureForm'),(71,'afterSaveFeature','actionFeatureSave'),(72,'afterDeleteFeature','actionFeatureDelete'),(73,'afterSaveProduct','actionProductSave'),(74,'productListAssign','actionProductListOverride'),(75,'postProcessAttributeGroup','displayAttributeGroupPostProcess'),(76,'postProcessFeature','displayFeaturePostProcess'),(77,'featureValueForm','displayFeatureValueForm'),(78,'postProcessFeatureValue','displayFeatureValuePostProcess'),(79,'afterDeleteFeatureValue','actionFeatureValueDelete'),(80,'afterSaveFeatureValue','actionFeatureValueSave'),(81,'attributeForm','displayAttributeForm'),(82,'postProcessAttribute','actionAttributePostProcess'),(83,'afterDeleteAttribute','actionAttributeDelete'),(84,'afterSaveAttribute','actionAttributeSave'),(85,'taxManager','actionTaxManager'),(86,'myAccountBlock','displayMyAccountBlock');

--
-- Table structure for table `ps_hook_module`
--

CREATE TABLE `ps_hook_module` (
  `id_module` int(10) unsigned NOT NULL,
  `id_shop` int(11) unsigned NOT NULL DEFAULT '1',
  `id_hook` int(10) unsigned NOT NULL,
  `position` tinyint(2) unsigned NOT NULL,
  PRIMARY KEY (`id_module`,`id_hook`,`id_shop`),
  KEY `id_hook` (`id_hook`),
  KEY `id_module` (`id_module`),
  KEY `position` (`id_shop`,`position`)
) ENGINE=InnoDB DEFAULT CHARSET=utf8;

--
-- Dumping data for table `ps_hook_module`
--

INSERT INTO `ps_hook_module` VALUES (1,1,10,1),(1,1,16,1),(1,1,101,1),(1,1,102,1),(1,1,103,1),(2,1,104,1),(2,1,105,1),(3,1,1,1),(3,1,5,1),(4,1,8,1),(4,1,13,1),(4,1,14,1),(4,1,17,1),(4,1,53,1),(5,1,106,1),(7,1,65,1),(7,1,66,1),(7,1,67,1),(7,1,97,1),(7,1,107,1),(7,1,108,1),(11,1,72,1),(11,1,73,1),(11,1,74,1),(11,1,75,1),(11,1,76,1),(11,1,77,1),(11,1,78,1),(11,1,79,1),(11,1,80,1),(11,1,81,1),(11,1,82,1),(11,1,83,1),(11,1,84,1),(11,1,85,1),(11,1,86,1),(11,1,87,1),(11,1,88,1),(11,1,89,1),(12,1,109,1),(12,1,110,1),(12,1,111,1),(12,1,112,1),(16,1,113,1),(16,1,114,1),(16,1,115,1),(17,1,117,1),(17,1,118,1),(19,1,94,1),(19,1,95,1),(20,1,26,1),(20,1,30,1),(22,1,15,1),(22,1,120,1),(25,1,121,1),(25,1,122,1),(25,1,123,1),(27,1,124,1),(27,1,125,1),(27,1,126,1),(27,1,127,1),(27,1,128,1),(28,1,99,1),(31,1,129,1),(31,1,130,1),(31,1,131,1),(31,1,132,1),(31,1,133,1),(31,1,134,1),(31,1,135,1),(31,1,136,1),(32,1,137,1),(34,1,50,1),(35,1,38,1),(36,1,42,1),(37,1,96,1),(40,1,37,1),(50,1,12,1),(63,1,9,1),(63,1,55,1),(64,1,2,1),(64,1,20,1),(64,1,93,1),(64,1,139,1),(64,1,140,1),(64,1,141,1),(64,1,142,1),(64,1,143,1),(64,1,144,1),(64,1,145,1),(64,1,146,1),(64,1,147,1),(64,1,148,1),(64,1,149,1),(64,1,150,1),(64,1,151,1),(64,1,152,1),(64,1,153,1),(65,1,11,1),(65,1,28,1),(65,1,31,1),(65,1,40,1),(65,1,91,1),(65,1,98,1),(66,1,33,1),(66,1,34,1),(66,1,64,1),(66,1,138,1),(67,1,45,1),(2,1,10,2),(5,1,15,2),(6,1,26,2),(7,1,8,2),(8,1,99,2),(9,1,9,2),(11,1,65,2),(11,1,66,2),(11,1,67,2),(18,1,117,2),(18,1,118,2),(19,1,13,2),(19,1,14,2),(19,1,17,2),(27,1,101,2),(27,1,102,2),(27,1,109,2),(27,1,110,2),(27,1,111,2),(27,1,113,2),(27,1,114,2),(27,1,115,2),(27,1,121,2),(27,1,122,2),(27,1,123,2),(30,1,1,2),(30,1,5,2),(32,1,53,2),(32,1,130,2),(32,1,136,2),(33,1,137,2),(34,1,131,2),(38,1,94,2),(38,1,95,2),(39,1,40,2),(41,1,37,2),(50,1,30,2),(60,1,50,2),(63,1,96,2),(63,1,105,2),(64,1,55,2),(64,1,112,2),(64,1,127,2),(64,1,128,2),(64,1,132,2),(64,1,134,2),(66,1,16,2),(4,1,10,3),(4,1,94,3),(4,1,95,3),(7,1,26,3),(10,1,99,3),(11,1,8,3),(13,1,9,3),(23,1,13,3),(23,1,14,3),(23,1,17,3),(27,1,15,3),(27,1,66,3),(33,1,130,3),(33,1,136,3),(34,1,137,3),(37,1,111,3),(42,1,37,3),(64,1,131,3),(68,1,55,3),(68,1,117,3),(68,1,118,3),(5,1,10,4),(12,1,8,4),(12,1,26,4),(14,1,99,4),(28,1,15,4),(34,1,130,4),(35,1,136,4),(38,1,13,4),(38,1,14,4),(38,1,17,4),(38,1,66,4),(43,1,37,4),(6,1,10,5),(16,1,8,5),(18,1,26,5),(40,1,15,5),(44,1,37,5),(7,1,10,6),(15,1,26,6),(17,1,8,6),(41,1,15,6),(45,1,37,6),(8,1,10,7),(19,1,8,7),(46,1,37,7),(50,1,26,7),(65,1,15,7),(9,1,10,8),(21,1,8,8),(47,1,37,8),(63,1,26,8),(10,1,10,9),(23,1,8,9),(48,1,37,9),(11,1,10,10),(24,1,8,10),(49,1,37,10),(12,1,10,11),(25,1,8,11),(51,1,37,11),(14,1,10,12),(26,1,8,12),(52,1,37,12),(15,1,10,13),(29,1,8,13),(53,1,37,13),(16,1,10,14),(54,1,37,14),(63,1,8,14),(17,1,10,15),(55,1,37,15),(18,1,10,16),(56,1,37,16),(19,1,10,17),(57,1,37,17),(20,1,10,18),(58,1,37,18),(21,1,10,19),(59,1,37,19),(22,1,10,20),(60,1,37,20),(23,1,10,21),(61,1,37,21),(24,1,10,22),(62,1,37,22),(25,1,10,23),(26,1,10,24),(28,1,10,25),(29,1,10,26),(37,1,10,27),(38,1,10,28),(39,1,10,29),(63,1,10,30),(65,1,10,31),(66,1,10,32),(67,1,10,33);

--
-- Table structure for table `ps_hook_module_exceptions`
--

CREATE TABLE `ps_hook_module_exceptions` (
  `id_hook_module_exceptions` int(10) unsigned NOT NULL AUTO_INCREMENT,
  `id_shop` int(11) unsigned NOT NULL DEFAULT '1',
  `id_module` int(10) unsigned NOT NULL,
  `id_hook` int(10) unsigned NOT NULL,
  `file_name` varchar(255) DEFAULT NULL,
  PRIMARY KEY (`id_hook_module_exceptions`),
  KEY `id_module` (`id_module`),
  KEY `id_hook` (`id_hook`)
) ENGINE=InnoDB AUTO_INCREMENT=6 DEFAULT CHARSET=utf8;

--
-- Dumping data for table `ps_hook_module_exceptions`
--

INSERT INTO `ps_hook_module_exceptions` VALUES (1,1,4,8,'category'),(2,1,16,8,'category'),(3,1,17,8,'category'),(4,1,21,8,'category'),(5,1,25,8,'category');

--
-- Table structure for table `ps_image`
--

CREATE TABLE `ps_image` (
  `id_image` int(10) unsigned NOT NULL AUTO_INCREMENT,
  `id_product` int(10) unsigned NOT NULL,
  `position` smallint(2) unsigned NOT NULL DEFAULT '0',
  `cover` tinyint(1) unsigned NOT NULL DEFAULT '0',
  PRIMARY KEY (`id_image`),
  UNIQUE KEY `idx_product_image` (`id_image`,`id_product`,`cover`),
  KEY `image_product` (`id_product`),
  KEY `id_product_cover` (`id_product`,`cover`)
) ENGINE=InnoDB AUTO_INCREMENT=24 DEFAULT CHARSET=utf8;

--
-- Dumping data for table `ps_image`
--

INSERT INTO `ps_image` VALUES (1,1,1,1),(2,1,2,0),(3,1,3,0),(4,1,4,0),(5,2,1,0),(6,2,2,0),(7,2,3,1),(8,3,1,1),(9,3,2,0),(10,4,1,1),(11,4,2,0),(12,5,1,1),(13,5,2,0),(14,5,3,0),(15,5,4,0),(16,6,1,1),(17,6,2,0),(18,6,3,0),(19,6,4,0),(20,7,1,1),(21,7,2,0),(22,7,3,0),(23,7,4,0);

--
-- Table structure for table `ps_image_lang`
--

CREATE TABLE `ps_image_lang` (
  `id_image` int(10) unsigned NOT NULL,
  `id_lang` int(10) unsigned NOT NULL,
  `legend` varchar(128) DEFAULT NULL,
  PRIMARY KEY (`id_image`,`id_lang`),
  KEY `id_image` (`id_image`)
) ENGINE=InnoDB DEFAULT CHARSET=utf8;

--
-- Dumping data for table `ps_image_lang`
--

INSERT INTO `ps_image_lang` VALUES (1,1,''),(2,1,''),(3,1,''),(4,1,''),(5,1,''),(6,1,''),(7,1,''),(8,1,''),(9,1,''),(10,1,''),(11,1,''),(12,1,''),(13,1,''),(14,1,''),(15,1,''),(16,1,''),(17,1,''),(18,1,''),(19,1,''),(20,1,''),(21,1,''),(22,1,''),(23,1,'');

--
-- Table structure for table `ps_image_shop`
--

CREATE TABLE `ps_image_shop` (
  `id_image` int(11) unsigned NOT NULL,
  `id_shop` int(11) unsigned NOT NULL,
  `cover` tinyint(1) NOT NULL DEFAULT '0',
  KEY `id_image` (`id_image`,`id_shop`,`cover`),
  KEY `id_shop` (`id_shop`)
) ENGINE=InnoDB DEFAULT CHARSET=utf8;

--
-- Dumping data for table `ps_image_shop`
--

INSERT INTO `ps_image_shop` VALUES (1,1,1),(2,1,0),(3,1,0),(4,1,0),(5,1,0),(6,1,0),(7,1,1),(8,1,1),(9,1,0),(10,1,1),(11,1,0),(12,1,1),(13,1,0),(14,1,0),(15,1,0),(16,1,1),(17,1,0),(18,1,0),(19,1,0),(20,1,1),(21,1,0),(22,1,0),(23,1,0);

--
-- Table structure for table `ps_image_type`
--

CREATE TABLE `ps_image_type` (
  `id_image_type` int(10) unsigned NOT NULL AUTO_INCREMENT,
  `name` varchar(64) NOT NULL,
  `width` int(10) unsigned NOT NULL,
  `height` int(10) unsigned NOT NULL,
  `products` tinyint(1) NOT NULL DEFAULT '1',
  `categories` tinyint(1) NOT NULL DEFAULT '1',
  `manufacturers` tinyint(1) NOT NULL DEFAULT '1',
  `suppliers` tinyint(1) NOT NULL DEFAULT '1',
  `scenes` tinyint(1) NOT NULL DEFAULT '1',
  `stores` tinyint(1) NOT NULL DEFAULT '1',
  PRIMARY KEY (`id_image_type`),
  KEY `image_type_name` (`name`)
) ENGINE=InnoDB AUTO_INCREMENT=10 DEFAULT CHARSET=utf8;

--
-- Dumping data for table `ps_image_type`
--

INSERT INTO `ps_image_type` VALUES (1,'cart_default',80,80,1,0,0,0,0,0),(2,'small_default',98,98,1,0,1,1,0,0),(3,'medium_default',125,125,1,1,1,1,0,1),(4,'home_default',250,250,1,0,0,0,0,0),(5,'large_default',458,458,1,0,1,1,0,0),(6,'thickbox_default',800,800,1,0,0,0,0,0),(7,'category_default',870,217,0,1,0,0,0,0),(8,'scene_default',870,270,0,0,0,0,1,0),(9,'m_scene_default',161,58,0,0,0,0,1,0);

--
-- Table structure for table `ps_import_match`
--

CREATE TABLE `ps_import_match` (
  `id_import_match` int(10) NOT NULL AUTO_INCREMENT,
  `name` varchar(32) NOT NULL,
  `match` text NOT NULL,
  `skip` int(2) NOT NULL,
  PRIMARY KEY (`id_import_match`)
) ENGINE=InnoDB DEFAULT CHARSET=utf8;

--
-- Dumping data for table `ps_import_match`
--


--
-- Table structure for table `ps_info`
--

CREATE TABLE `ps_info` (
  `id_info` int(10) unsigned NOT NULL AUTO_INCREMENT,
  `id_shop` int(10) unsigned NOT NULL,
  PRIMARY KEY (`id_info`)
) ENGINE=InnoDB AUTO_INCREMENT=3 DEFAULT CHARSET=utf8;

--
-- Dumping data for table `ps_info`
--

INSERT INTO `ps_info` VALUES (1,1),(2,1);

--
-- Table structure for table `ps_info_lang`
--

CREATE TABLE `ps_info_lang` (
  `id_info` int(10) unsigned NOT NULL AUTO_INCREMENT,
  `id_lang` int(10) unsigned NOT NULL,
  `text` text NOT NULL,
  PRIMARY KEY (`id_info`,`id_lang`)
) ENGINE=InnoDB AUTO_INCREMENT=3 DEFAULT CHARSET=utf8;

--
-- Dumping data for table `ps_info_lang`
--

INSERT INTO `ps_info_lang` VALUES (1,1,'<ul>\n<li><em class=\"icon-truck\" id=\"icon-truck\"></em>\n<div class=\"type-text\">\n<h3>Lorem Ipsum</h3>\n<p>Lorem ipsum dolor sit amet conse ctetur voluptate velit esse cillum dolore eu</p>\n</div>\n</li>\n<li><em class=\"icon-phone\" id=\"icon-phone\"></em>\n<div class=\"type-text\">\n<h3>Dolor Sit Amet</h3>\n<p>Lorem ipsum dolor sit amet conse ctetur voluptate velit esse cillum dolore eu</p>\n</div>\n</li>\n<li><em class=\"icon-credit-card\" id=\"icon-credit-card\"></em>\n<div class=\"type-text\">\n<h3>Ctetur Voluptate</h3>\n<p>Lorem ipsum dolor sit amet conse ctetur voluptate velit esse cillum dolore eu</p>\n</div>\n</li>\n</ul>'),(2,1,'<h3>Custom Block</h3>\n<p><strong class=\"dark\">Lorem ipsum dolor sit amet conse ctetu</strong></p>\n<p>Sit amet conse ctetur adipisicing elit, sed do eiusmod tempor incididunt ut labore et dolore magna aliqua. Ut enim ad minim veniam, quis nostrud exercitation ullamco laboris nisi ut aliquip ex ea commodo consequat. Duis aute irure dolor in reprehenderit.</p>');

--
-- Table structure for table `ps_lang`
--

CREATE TABLE `ps_lang` (
  `id_lang` int(10) unsigned NOT NULL AUTO_INCREMENT,
  `name` varchar(32) NOT NULL,
  `active` tinyint(3) unsigned NOT NULL DEFAULT '0',
  `iso_code` char(2) NOT NULL,
  `language_code` char(5) NOT NULL,
  `date_format_lite` char(32) NOT NULL DEFAULT 'Y-m-d',
  `date_format_full` char(32) NOT NULL DEFAULT 'Y-m-d H:i:s',
  `is_rtl` tinyint(1) NOT NULL DEFAULT '0',
  PRIMARY KEY (`id_lang`),
  KEY `lang_iso_code` (`iso_code`)
) ENGINE=InnoDB AUTO_INCREMENT=2 DEFAULT CHARSET=utf8;

--
-- Dumping data for table `ps_lang`
--

INSERT INTO `ps_lang` VALUES (1,'English (English)',1,'en','en-us','m/d/Y','m/d/Y H:i:s',0);

--
-- Table structure for table `ps_lang_shop`
--

CREATE TABLE `ps_lang_shop` (
  `id_lang` int(11) unsigned NOT NULL,
  `id_shop` int(11) unsigned NOT NULL,
  PRIMARY KEY (`id_lang`,`id_shop`),
  KEY `id_shop` (`id_shop`)
) ENGINE=InnoDB DEFAULT CHARSET=utf8;

--
-- Dumping data for table `ps_lang_shop`
--

INSERT INTO `ps_lang_shop` VALUES (1,1);

--
-- Table structure for table `ps_layered_category`
--

CREATE TABLE `ps_layered_category` (
  `id_layered_category` int(10) unsigned NOT NULL AUTO_INCREMENT,
  `id_shop` int(11) unsigned NOT NULL,
  `id_category` int(10) unsigned NOT NULL,
  `id_value` int(10) unsigned DEFAULT '0',
  `type` enum('category','id_feature','id_attribute_group','quantity','condition','manufacturer','weight','price') NOT NULL,
  `position` int(10) unsigned NOT NULL,
  `filter_type` int(10) unsigned NOT NULL DEFAULT '0',
  `filter_show_limit` int(10) unsigned NOT NULL DEFAULT '0',
  PRIMARY KEY (`id_layered_category`),
  KEY `id_category` (`id_category`,`type`)
) ENGINE=InnoDB AUTO_INCREMENT=100 DEFAULT CHARSET=latin1;

--
-- Dumping data for table `ps_layered_category`
--

INSERT INTO `ps_layered_category` VALUES (1,1,5,NULL,'category',1,0,0),(2,1,5,1,'id_attribute_group',2,0,0),(3,1,5,3,'id_attribute_group',3,0,0),(4,1,5,5,'id_feature',4,0,0),(5,1,5,7,'id_feature',5,0,0),(6,1,5,6,'id_feature',6,0,0),(7,1,5,NULL,'quantity',7,0,0),(8,1,5,NULL,'manufacturer',8,0,0),(9,1,5,NULL,'condition',9,0,0),(10,1,5,NULL,'weight',10,0,0),(11,1,5,NULL,'price',11,0,0),(12,1,2,NULL,'category',1,0,0),(13,1,2,1,'id_attribute_group',2,0,0),(14,1,2,3,'id_attribute_group',3,0,0),(15,1,2,5,'id_feature',4,0,0),(16,1,2,7,'id_feature',5,0,0),(17,1,2,6,'id_feature',6,0,0),(18,1,2,NULL,'quantity',7,0,0),(19,1,2,NULL,'manufacturer',8,0,0),(20,1,2,NULL,'condition',9,0,0),(21,1,2,NULL,'weight',10,0,0),(22,1,2,NULL,'price',11,0,0),(23,1,3,NULL,'category',1,0,0),(24,1,3,1,'id_attribute_group',2,0,0),(25,1,3,3,'id_attribute_group',3,0,0),(26,1,3,5,'id_feature',4,0,0),(27,1,3,7,'id_feature',5,0,0),(28,1,3,6,'id_feature',6,0,0),(29,1,3,NULL,'quantity',7,0,0),(30,1,3,NULL,'manufacturer',8,0,0),(31,1,3,NULL,'condition',9,0,0),(32,1,3,NULL,'weight',10,0,0),(33,1,3,NULL,'price',11,0,0),(34,1,4,NULL,'category',1,0,0),(35,1,4,1,'id_attribute_group',2,0,0),(36,1,4,3,'id_attribute_group',3,0,0),(37,1,4,5,'id_feature',4,0,0),(38,1,4,7,'id_feature',5,0,0),(39,1,4,6,'id_feature',6,0,0),(40,1,4,NULL,'quantity',7,0,0),(41,1,4,NULL,'manufacturer',8,0,0),(42,1,4,NULL,'condition',9,0,0),(43,1,4,NULL,'weight',10,0,0),(44,1,4,NULL,'price',11,0,0),(45,1,7,NULL,'category',1,0,0),(46,1,7,1,'id_attribute_group',2,0,0),(47,1,7,3,'id_attribute_group',3,0,0),(48,1,7,5,'id_feature',4,0,0),(49,1,7,7,'id_feature',5,0,0),(50,1,7,6,'id_feature',6,0,0),(51,1,7,NULL,'quantity',7,0,0),(52,1,7,NULL,'manufacturer',8,0,0),(53,1,7,NULL,'condition',9,0,0),(54,1,7,NULL,'weight',10,0,0),(55,1,7,NULL,'price',11,0,0),(56,1,9,NULL,'category',1,0,0),(57,1,9,1,'id_attribute_group',2,0,0),(58,1,9,3,'id_attribute_group',3,0,0),(59,1,9,5,'id_feature',4,0,0),(60,1,9,7,'id_feature',5,0,0),(61,1,9,6,'id_feature',6,0,0),(62,1,9,NULL,'quantity',7,0,0),(63,1,9,NULL,'manufacturer',8,0,0),(64,1,9,NULL,'condition',9,0,0),(65,1,9,NULL,'weight',10,0,0),(66,1,9,NULL,'price',11,0,0),(67,1,8,NULL,'category',1,0,0),(68,1,8,1,'id_attribute_group',2,0,0),(69,1,8,3,'id_attribute_group',3,0,0),(70,1,8,5,'id_feature',4,0,0),(71,1,8,7,'id_feature',5,0,0),(72,1,8,6,'id_feature',6,0,0),(73,1,8,NULL,'quantity',7,0,0),(74,1,8,NULL,'manufacturer',8,0,0),(75,1,8,NULL,'condition',9,0,0),(76,1,8,NULL,'weight',10,0,0),(77,1,8,NULL,'price',11,0,0),(78,1,10,NULL,'category',1,0,0),(79,1,10,1,'id_attribute_group',2,0,0),(80,1,10,3,'id_attribute_group',3,0,0),(81,1,10,5,'id_feature',4,0,0),(82,1,10,7,'id_feature',5,0,0),(83,1,10,6,'id_feature',6,0,0),(84,1,10,NULL,'quantity',7,0,0),(85,1,10,NULL,'manufacturer',8,0,0),(86,1,10,NULL,'condition',9,0,0),(87,1,10,NULL,'weight',10,0,0),(88,1,10,NULL,'price',11,0,0),(89,1,11,NULL,'category',1,0,0),(90,1,11,1,'id_attribute_group',2,0,0),(91,1,11,3,'id_attribute_group',3,0,0),(92,1,11,5,'id_feature',4,0,0),(93,1,11,7,'id_feature',5,0,0),(94,1,11,6,'id_feature',6,0,0),(95,1,11,NULL,'quantity',7,0,0),(96,1,11,NULL,'manufacturer',8,0,0),(97,1,11,NULL,'condition',9,0,0),(98,1,11,NULL,'weight',10,0,0),(99,1,11,NULL,'price',11,0,0);

--
-- Table structure for table `ps_layered_filter`
--

CREATE TABLE `ps_layered_filter` (
  `id_layered_filter` int(10) unsigned NOT NULL AUTO_INCREMENT,
  `name` varchar(64) NOT NULL,
  `filters` text,
  `n_categories` int(10) unsigned NOT NULL,
  `date_add` datetime NOT NULL,
  PRIMARY KEY (`id_layered_filter`)
) ENGINE=InnoDB AUTO_INCREMENT=2 DEFAULT CHARSET=utf8;

--
-- Dumping data for table `ps_layered_filter`
--

INSERT INTO `ps_layered_filter` VALUES (1,'My template 2014-12-08','a:13:{s:10:\"categories\";a:9:{i:0;i:5;i:1;i:2;i:2;i:3;i:3;i:4;i:4;i:7;i:5;i:9;i:6;i:8;i:7;i:10;i:8;i:11;}s:9:\"shop_list\";a:1:{i:1;i:1;}s:31:\"layered_selection_subcategories\";a:2:{s:11:\"filter_type\";i:0;s:17:\"filter_show_limit\";i:0;}s:22:\"layered_selection_ag_1\";a:2:{s:11:\"filter_type\";i:0;s:17:\"filter_show_limit\";i:0;}s:22:\"layered_selection_ag_3\";a:2:{s:11:\"filter_type\";i:0;s:17:\"filter_show_limit\";i:0;}s:24:\"layered_selection_feat_5\";a:2:{s:11:\"filter_type\";i:0;s:17:\"filter_show_limit\";i:0;}s:24:\"layered_selection_feat_7\";a:2:{s:11:\"filter_type\";i:0;s:17:\"filter_show_limit\";i:0;}s:24:\"layered_selection_feat_6\";a:2:{s:11:\"filter_type\";i:0;s:17:\"filter_show_limit\";i:0;}s:23:\"layered_selection_stock\";a:2:{s:11:\"filter_type\";i:0;s:17:\"filter_show_limit\";i:0;}s:30:\"layered_selection_manufacturer\";a:2:{s:11:\"filter_type\";i:0;s:17:\"filter_show_limit\";i:0;}s:27:\"layered_selection_condition\";a:2:{s:11:\"filter_type\";i:0;s:17:\"filter_show_limit\";i:0;}s:31:\"layered_selection_weight_slider\";a:2:{s:11:\"filter_type\";i:0;s:17:\"filter_show_limit\";i:0;}s:30:\"layered_selection_price_slider\";a:2:{s:11:\"filter_type\";i:0;s:17:\"filter_show_limit\";i:0;}}',9,'2014-12-08 16:18:35');

--
-- Table structure for table `ps_layered_filter_shop`
--

CREATE TABLE `ps_layered_filter_shop` (
  `id_layered_filter` int(10) unsigned NOT NULL,
  `id_shop` int(11) unsigned NOT NULL,
  PRIMARY KEY (`id_layered_filter`,`id_shop`),
  KEY `id_shop` (`id_shop`)
) ENGINE=InnoDB DEFAULT CHARSET=utf8;

--
-- Dumping data for table `ps_layered_filter_shop`
--

INSERT INTO `ps_layered_filter_shop` VALUES (1,1);

--
-- Table structure for table `ps_layered_friendly_url`
--

CREATE TABLE `ps_layered_friendly_url` (
  `id_layered_friendly_url` int(11) NOT NULL AUTO_INCREMENT,
  `url_key` varchar(32) NOT NULL,
  `data` varchar(200) NOT NULL,
  `id_lang` int(11) NOT NULL,
  PRIMARY KEY (`id_layered_friendly_url`),
  KEY `id_lang` (`id_lang`),
  KEY `url_key` (`url_key`(5))
) ENGINE=InnoDB AUTO_INCREMENT=56 DEFAULT CHARSET=utf8;

--
-- Dumping data for table `ps_layered_friendly_url`
--

INSERT INTO `ps_layered_friendly_url` VALUES (1,'3f1005f8be7881795fc5feddfdba756f','a:1:{s:8:\"category\";a:1:{i:1;s:1:\"1\";}}',1),(2,'e22ad4e9f8f445df1283ec3383c55ed8','a:1:{s:8:\"category\";a:1:{i:2;s:1:\"2\";}}',1),(3,'929674e49248753da273092629bb45ec','a:1:{s:8:\"category\";a:1:{i:3;s:1:\"3\";}}',1),(4,'c66ef06ef2ca8b06dd3d19b70727adb7','a:1:{s:8:\"category\";a:1:{i:4;s:1:\"4\";}}',1),(5,'eaaa28d2b62b097bb8706dd014c8203b','a:1:{s:8:\"category\";a:1:{i:8;s:1:\"8\";}}',1),(6,'6fc253242f3fe98946ecdd26762e95eb','a:1:{s:8:\"category\";a:1:{i:5;s:1:\"5\";}}',1),(7,'03c8c4cf29ea8a405778f138021df5df','a:1:{s:8:\"category\";a:1:{i:7;s:1:\"7\";}}',1),(8,'2def08957abfc829e80d5279c5086b73','a:1:{s:8:\"category\";a:1:{i:9;s:1:\"9\";}}',1),(9,'84ce4d36b2b77bb85d2a7aebd27c8a67','a:1:{s:8:\"category\";a:1:{i:10;s:2:\"10\";}}',1),(10,'3f9036e3dcf0507782e3d6a1d3ca1fe1','a:1:{s:8:\"category\";a:1:{i:11;s:2:\"11\";}}',1),(11,'c4d7335317f2f1ba381e038fb625d918','a:1:{s:10:\"id_feature\";a:1:{i:1;s:3:\"5_1\";}}',1),(12,'18f41c9cab1c150e429f1b670cae3bc1','a:1:{s:10:\"id_feature\";a:1:{i:2;s:3:\"5_2\";}}',1),(13,'823192a052e44927f06b39b32bcef002','a:1:{s:10:\"id_feature\";a:1:{i:3;s:3:\"5_3\";}}',1),(14,'905fe5b57eb2e1353911171da4ee7706','a:1:{s:10:\"id_feature\";a:1:{i:4;s:3:\"5_4\";}}',1),(15,'ebb42f1bbf0d25b40049c14f1860b952','a:1:{s:10:\"id_feature\";a:1:{i:5;s:3:\"5_5\";}}',1),(16,'f9a71edd8befbb99baceadc2b2fbe793','a:1:{s:10:\"id_feature\";a:1:{i:6;s:3:\"5_6\";}}',1),(17,'e195459fb3d97a32e94673db75dcf299','a:1:{s:10:\"id_feature\";a:1:{i:7;s:3:\"5_7\";}}',1),(18,'b7783cae5eeefc81ff4a69f4ea712ea7','a:1:{s:10:\"id_feature\";a:1:{i:8;s:3:\"5_8\";}}',1),(19,'45f1d9162a9fe2ffcf9f365eace9eeec','a:1:{s:10:\"id_feature\";a:1:{i:9;s:3:\"5_9\";}}',1),(20,'7a04872959f09781f3b883a91c5332c7','a:1:{s:10:\"id_feature\";a:1:{i:10;s:4:\"6_10\";}}',1),(21,'025d11eb379709c8e409a7d712d8e362','a:1:{s:10:\"id_feature\";a:1:{i:11;s:4:\"6_11\";}}',1),(22,'e224c427b75f7805c14e8b63ca9e4e0c','a:1:{s:10:\"id_feature\";a:1:{i:12;s:4:\"6_12\";}}',1),(23,'677717092975926de02151dd9227864e','a:1:{s:10:\"id_feature\";a:1:{i:13;s:4:\"6_13\";}}',1),(24,'00dff7b63b6f7ddb4b341a9308422730','a:1:{s:10:\"id_feature\";a:1:{i:14;s:4:\"6_14\";}}',1),(25,'ff721a9727728b15cd4654a462aaeea0','a:1:{s:10:\"id_feature\";a:1:{i:15;s:4:\"6_15\";}}',1),(26,'0327a5c6fbcd99ae1fa8ef01f1e7e100','a:1:{s:10:\"id_feature\";a:1:{i:16;s:4:\"6_16\";}}',1),(27,'58ddd7a988c042c25121ffeb149f3ac7','a:1:{s:10:\"id_feature\";a:1:{i:17;s:4:\"7_17\";}}',1),(28,'b7248af6c62c1e54b6f13739739e2d17','a:1:{s:10:\"id_feature\";a:1:{i:18;s:4:\"7_18\";}}',1),(29,'b97d201e9d169f46c2a9e6fa356e40d2','a:1:{s:10:\"id_feature\";a:1:{i:19;s:4:\"7_19\";}}',1),(30,'de50b73f078d5cde7cc9d8efc61c9e55','a:1:{s:10:\"id_feature\";a:1:{i:20;s:4:\"7_20\";}}',1),(31,'85a3c64761151fe72e5d027e729072a3','a:1:{s:10:\"id_feature\";a:1:{i:21;s:4:\"7_21\";}}',1),(32,'97d9dd08827238b39342d37e16ee7fc3','a:1:{s:18:\"id_attribute_group\";a:1:{i:1;s:3:\"1_1\";}}',1),(33,'2f3d5048a6335cac20241e0f8cb5294e','a:1:{s:18:\"id_attribute_group\";a:1:{i:2;s:3:\"1_2\";}}',1),(34,'19819345209f29bb2865355fa2cdb800','a:1:{s:18:\"id_attribute_group\";a:1:{i:3;s:3:\"1_3\";}}',1),(35,'27dd5799da96500f9e0ab61387a556b5','a:1:{s:18:\"id_attribute_group\";a:1:{i:4;s:3:\"1_4\";}}',1),(36,'6a73ce72468db97129f092fa3d9a0b2e','a:1:{s:18:\"id_attribute_group\";a:1:{i:5;s:3:\"3_5\";}}',1),(37,'f1fc935c7d64dfac606eb814dcc6c4a7','a:1:{s:18:\"id_attribute_group\";a:1:{i:6;s:3:\"3_6\";}}',1),(38,'f036e061c6e0e9cd6b3c463f72f524a5','a:1:{s:18:\"id_attribute_group\";a:1:{i:7;s:3:\"3_7\";}}',1),(39,'468a278b79ece55c0ed0d3bd1b2dd01f','a:1:{s:18:\"id_attribute_group\";a:1:{i:8;s:3:\"3_8\";}}',1),(40,'8996dbd99c9d2240f117ba0d26b39b10','a:1:{s:18:\"id_attribute_group\";a:1:{i:9;s:3:\"3_9\";}}',1),(41,'601a4dd13077730810f102b18680b537','a:1:{s:18:\"id_attribute_group\";a:1:{i:10;s:4:\"3_10\";}}',1),(42,'0a68b3ba0819d7126935f51335ef9503','a:1:{s:18:\"id_attribute_group\";a:1:{i:11;s:4:\"3_11\";}}',1),(43,'5f556205d67d7c26c2726dba638c2d95','a:1:{s:18:\"id_attribute_group\";a:1:{i:12;s:4:\"3_12\";}}',1),(44,'4b4bb79b20455e8047c972f9ca69cd72','a:1:{s:18:\"id_attribute_group\";a:1:{i:13;s:4:\"3_13\";}}',1),(45,'54dd539ce8bbf02b44485941f2d8d80b','a:1:{s:18:\"id_attribute_group\";a:1:{i:14;s:4:\"3_14\";}}',1),(46,'73b845a28e9ced9709fa414f9b97dae9','a:1:{s:18:\"id_attribute_group\";a:1:{i:15;s:4:\"3_15\";}}',1),(47,'be50cfae4c360fdb124af017a4e80905','a:1:{s:18:\"id_attribute_group\";a:1:{i:16;s:4:\"3_16\";}}',1),(48,'4c4550abfc4eec4c91e558fa9b5171c9','a:1:{s:18:\"id_attribute_group\";a:1:{i:17;s:4:\"3_17\";}}',1),(49,'ab223cc0ca7ebf34af71e067556ee2aa','a:1:{s:18:\"id_attribute_group\";a:1:{i:24;s:4:\"3_24\";}}',1),(50,'14ef3952eddf958ec1f628065f6c7689','a:1:{s:8:\"quantity\";a:1:{i:0;i:0;}}',1),(51,'19e5bdea58716c8f3ff52345d1b5a442','a:1:{s:8:\"quantity\";a:1:{i:0;i:1;}}',1),(52,'11c2881845b925423888cd329d0c4953','a:1:{s:9:\"condition\";a:1:{s:3:\"new\";s:3:\"new\";}}',1),(53,'074755ccbf623ca666bd866203d0dec7','a:1:{s:9:\"condition\";a:1:{s:4:\"used\";s:4:\"used\";}}',1),(54,'70b63b881a45f66c86ea78ace4cfb6a7','a:1:{s:9:\"condition\";a:1:{s:11:\"refurbished\";s:11:\"refurbished\";}}',1),(55,'7b51d2594a28b8f82cfe82b0c3f161e7','a:1:{s:12:\"manufacturer\";a:1:{i:1;s:1:\"1\";}}',1);

--
-- Table structure for table `ps_layered_indexable_attribute_group`
--

CREATE TABLE `ps_layered_indexable_attribute_group` (
  `id_attribute_group` int(11) NOT NULL,
  `indexable` tinyint(1) NOT NULL DEFAULT '0',
  PRIMARY KEY (`id_attribute_group`)
) ENGINE=InnoDB DEFAULT CHARSET=utf8;

--
-- Dumping data for table `ps_layered_indexable_attribute_group`
--

INSERT INTO `ps_layered_indexable_attribute_group` VALUES (1,1),(2,1),(3,1);

--
-- Table structure for table `ps_layered_indexable_attribute_group_lang_value`
--

CREATE TABLE `ps_layered_indexable_attribute_group_lang_value` (
  `id_attribute_group` int(11) NOT NULL,
  `id_lang` int(11) NOT NULL,
  `url_name` varchar(20) DEFAULT NULL,
  `meta_title` varchar(20) DEFAULT NULL,
  PRIMARY KEY (`id_attribute_group`,`id_lang`)
) ENGINE=InnoDB DEFAULT CHARSET=utf8;

--
-- Dumping data for table `ps_layered_indexable_attribute_group_lang_value`
--


--
-- Table structure for table `ps_layered_indexable_attribute_lang_value`
--

CREATE TABLE `ps_layered_indexable_attribute_lang_value` (
  `id_attribute` int(11) NOT NULL,
  `id_lang` int(11) NOT NULL,
  `url_name` varchar(20) DEFAULT NULL,
  `meta_title` varchar(20) DEFAULT NULL,
  PRIMARY KEY (`id_attribute`,`id_lang`)
) ENGINE=InnoDB DEFAULT CHARSET=utf8;

--
-- Dumping data for table `ps_layered_indexable_attribute_lang_value`
--


--
-- Table structure for table `ps_layered_indexable_feature`
--

CREATE TABLE `ps_layered_indexable_feature` (
  `id_feature` int(11) NOT NULL,
  `indexable` tinyint(1) NOT NULL DEFAULT '0',
  PRIMARY KEY (`id_feature`)
) ENGINE=InnoDB DEFAULT CHARSET=utf8;

--
-- Dumping data for table `ps_layered_indexable_feature`
--

INSERT INTO `ps_layered_indexable_feature` VALUES (1,1),(2,1),(3,1),(4,1),(5,1),(6,1),(7,1);

--
-- Table structure for table `ps_layered_indexable_feature_lang_value`
--

CREATE TABLE `ps_layered_indexable_feature_lang_value` (
  `id_feature` int(11) NOT NULL,
  `id_lang` int(11) NOT NULL,
  `url_name` varchar(20) NOT NULL,
  `meta_title` varchar(20) DEFAULT NULL,
  PRIMARY KEY (`id_feature`,`id_lang`)
) ENGINE=InnoDB DEFAULT CHARSET=utf8;

--
-- Dumping data for table `ps_layered_indexable_feature_lang_value`
--


--
-- Table structure for table `ps_layered_indexable_feature_value_lang_value`
--

CREATE TABLE `ps_layered_indexable_feature_value_lang_value` (
  `id_feature_value` int(11) NOT NULL,
  `id_lang` int(11) NOT NULL,
  `url_name` varchar(20) DEFAULT NULL,
  `meta_title` varchar(20) DEFAULT NULL,
  PRIMARY KEY (`id_feature_value`,`id_lang`)
) ENGINE=InnoDB DEFAULT CHARSET=utf8;

--
-- Dumping data for table `ps_layered_indexable_feature_value_lang_value`
--


--
-- Table structure for table `ps_layered_price_index`
--

CREATE TABLE `ps_layered_price_index` (
  `id_product` int(11) NOT NULL,
  `id_currency` int(11) NOT NULL,
  `id_shop` int(11) NOT NULL,
  `price_min` int(11) NOT NULL,
  `price_max` int(11) NOT NULL,
  PRIMARY KEY (`id_product`,`id_currency`,`id_shop`),
  KEY `id_currency` (`id_currency`),
  KEY `price_min` (`price_min`),
  KEY `price_max` (`price_max`)
) ENGINE=InnoDB DEFAULT CHARSET=utf8;

--
-- Dumping data for table `ps_layered_price_index`
--

INSERT INTO `ps_layered_price_index` VALUES (1,1,1,16,17),(2,1,1,26,28),(3,1,1,25,27),(4,1,1,50,53),(5,1,1,28,30),(6,1,1,30,32),(7,1,1,16,17);

--
-- Table structure for table `ps_layered_product_attribute`
--

CREATE TABLE `ps_layered_product_attribute` (
  `id_attribute` int(10) unsigned NOT NULL,
  `id_product` int(10) unsigned NOT NULL,
  `id_attribute_group` int(10) unsigned NOT NULL DEFAULT '0',
  `id_shop` int(10) unsigned NOT NULL DEFAULT '1',
  KEY `id_attribute` (`id_attribute`)
) ENGINE=InnoDB DEFAULT CHARSET=utf8;

--
-- Dumping data for table `ps_layered_product_attribute`
--

INSERT INTO `ps_layered_product_attribute` VALUES (1,1,1,1),(1,2,1,1),(1,3,1,1),(1,4,1,1),(1,5,1,1),(1,6,1,1),(1,7,1,1),(2,1,1,1),(2,2,1,1),(2,3,1,1),(2,4,1,1),(2,5,1,1),(2,6,1,1),(2,7,1,1),(3,1,1,1),(3,2,1,1),(3,3,1,1),(3,4,1,1),(3,5,1,1),(3,6,1,1),(3,7,1,1),(7,4,3,1),(8,2,3,1),(8,6,3,1),(11,2,3,1),(11,5,3,1),(13,1,3,1),(13,3,3,1),(13,5,3,1),(14,1,3,1),(14,5,3,1),(15,7,3,1),(16,5,3,1),(16,6,3,1),(16,7,3,1),(24,4,3,1);

--
-- Table structure for table `ps_linksmenutop`
--

CREATE TABLE `ps_linksmenutop` (
  `id_linksmenutop` int(10) unsigned NOT NULL AUTO_INCREMENT,
  `id_shop` int(11) unsigned NOT NULL,
  `new_window` tinyint(1) NOT NULL,
  PRIMARY KEY (`id_linksmenutop`),
  KEY `id_shop` (`id_shop`)
) ENGINE=InnoDB DEFAULT CHARSET=utf8;

--
-- Dumping data for table `ps_linksmenutop`
--


--
-- Table structure for table `ps_linksmenutop_lang`
--

CREATE TABLE `ps_linksmenutop_lang` (
  `id_linksmenutop` int(11) unsigned NOT NULL,
  `id_lang` int(11) unsigned NOT NULL,
  `id_shop` int(11) unsigned NOT NULL,
  `label` varchar(128) NOT NULL,
  `link` varchar(128) NOT NULL,
  KEY `id_linksmenutop` (`id_linksmenutop`,`id_lang`,`id_shop`)
) ENGINE=InnoDB DEFAULT CHARSET=utf8;

--
-- Dumping data for table `ps_linksmenutop_lang`
--


--
-- Table structure for table `ps_log`
--

CREATE TABLE `ps_log` (
  `id_log` int(10) unsigned NOT NULL AUTO_INCREMENT,
  `severity` tinyint(1) NOT NULL,
  `error_code` int(11) DEFAULT NULL,
  `message` text NOT NULL,
  `object_type` varchar(32) DEFAULT NULL,
  `object_id` int(10) unsigned DEFAULT NULL,
  `id_employee` int(10) unsigned DEFAULT NULL,
  `date_add` datetime NOT NULL,
  `date_upd` datetime NOT NULL,
  PRIMARY KEY (`id_log`)
) ENGINE=InnoDB DEFAULT CHARSET=utf8;

--
-- Dumping data for table `ps_log`
--


--
-- Table structure for table `ps_manufacturer`
--

CREATE TABLE `ps_manufacturer` (
  `id_manufacturer` int(10) unsigned NOT NULL AUTO_INCREMENT,
  `name` varchar(64) NOT NULL,
  `date_add` datetime NOT NULL,
  `date_upd` datetime NOT NULL,
  `active` tinyint(1) NOT NULL DEFAULT '0',
  PRIMARY KEY (`id_manufacturer`)
) ENGINE=InnoDB AUTO_INCREMENT=2 DEFAULT CHARSET=utf8;

--
-- Dumping data for table `ps_manufacturer`
--

INSERT INTO `ps_manufacturer` VALUES (1,'Fashion Manufacturer','2014-12-08 16:18:30','2014-12-08 16:18:30',1);

--
-- Table structure for table `ps_manufacturer_lang`
--

CREATE TABLE `ps_manufacturer_lang` (
  `id_manufacturer` int(10) unsigned NOT NULL,
  `id_lang` int(10) unsigned NOT NULL,
  `description` text,
  `short_description` text,
  `meta_title` varchar(128) DEFAULT NULL,
  `meta_keywords` varchar(255) DEFAULT NULL,
  `meta_description` varchar(255) DEFAULT NULL,
  PRIMARY KEY (`id_manufacturer`,`id_lang`)
) ENGINE=InnoDB DEFAULT CHARSET=utf8;

--
-- Dumping data for table `ps_manufacturer_lang`
--

INSERT INTO `ps_manufacturer_lang` VALUES (1,1,'','','','','');

--
-- Table structure for table `ps_manufacturer_shop`
--

CREATE TABLE `ps_manufacturer_shop` (
  `id_manufacturer` int(11) unsigned NOT NULL,
  `id_shop` int(11) unsigned NOT NULL,
  PRIMARY KEY (`id_manufacturer`,`id_shop`),
  KEY `id_shop` (`id_shop`)
) ENGINE=InnoDB DEFAULT CHARSET=utf8;

--
-- Dumping data for table `ps_manufacturer_shop`
--

INSERT INTO `ps_manufacturer_shop` VALUES (1,1);

--
-- Table structure for table `ps_memcached_servers`
--

CREATE TABLE `ps_memcached_servers` (
  `id_memcached_server` int(11) unsigned NOT NULL AUTO_INCREMENT,
  `ip` varchar(254) NOT NULL,
  `port` int(11) unsigned NOT NULL,
  `weight` int(11) unsigned NOT NULL,
  PRIMARY KEY (`id_memcached_server`)
) ENGINE=InnoDB DEFAULT CHARSET=utf8;

--
-- Dumping data for table `ps_memcached_servers`
--


--
-- Table structure for table `ps_message`
--

CREATE TABLE `ps_message` (
  `id_message` int(10) unsigned NOT NULL AUTO_INCREMENT,
  `id_cart` int(10) unsigned DEFAULT NULL,
  `id_customer` int(10) unsigned NOT NULL,
  `id_employee` int(10) unsigned DEFAULT NULL,
  `id_order` int(10) unsigned NOT NULL,
  `message` text NOT NULL,
  `private` tinyint(1) unsigned NOT NULL DEFAULT '1',
  `date_add` datetime NOT NULL,
  PRIMARY KEY (`id_message`),
  KEY `message_order` (`id_order`),
  KEY `id_cart` (`id_cart`),
  KEY `id_customer` (`id_customer`),
  KEY `id_employee` (`id_employee`)
) ENGINE=InnoDB DEFAULT CHARSET=utf8;

--
-- Dumping data for table `ps_message`
--


--
-- Table structure for table `ps_message_readed`
--

CREATE TABLE `ps_message_readed` (
  `id_message` int(10) unsigned NOT NULL,
  `id_employee` int(10) unsigned NOT NULL,
  `date_add` datetime NOT NULL,
  PRIMARY KEY (`id_message`,`id_employee`)
) ENGINE=InnoDB DEFAULT CHARSET=utf8;

--
-- Dumping data for table `ps_message_readed`
--


--
-- Table structure for table `ps_meta`
--

CREATE TABLE `ps_meta` (
  `id_meta` int(10) unsigned NOT NULL AUTO_INCREMENT,
  `page` varchar(64) NOT NULL,
  `configurable` tinyint(1) unsigned NOT NULL DEFAULT '1',
  PRIMARY KEY (`id_meta`),
  UNIQUE KEY `page` (`page`),
  KEY `meta_name` (`page`)
) ENGINE=InnoDB AUTO_INCREMENT=36 DEFAULT CHARSET=utf8;

--
-- Dumping data for table `ps_meta`
--



--
-- Table structure for table `ps_meta_lang`
--

CREATE TABLE `ps_meta_lang` (
  `id_meta` int(10) unsigned NOT NULL,
  `id_shop` int(11) unsigned NOT NULL DEFAULT '1',
  `id_lang` int(10) unsigned NOT NULL,
  `title` varchar(128) DEFAULT NULL,
  `description` varchar(255) DEFAULT NULL,
  `keywords` varchar(255) DEFAULT NULL,
  `url_rewrite` varchar(254) NOT NULL,
  PRIMARY KEY (`id_meta`,`id_shop`,`id_lang`),
  KEY `id_shop` (`id_shop`),
  KEY `id_lang` (`id_lang`)
) ENGINE=InnoDB DEFAULT CHARSET=utf8;

--
-- Dumping data for table `ps_meta_lang`
--



--
-- Table structure for table `ps_module`
--

CREATE TABLE `ps_module` (
  `id_module` int(10) unsigned NOT NULL AUTO_INCREMENT,
  `name` varchar(64) NOT NULL,
  `active` tinyint(1) unsigned NOT NULL DEFAULT '0',
  `version` varchar(8) NOT NULL,
  PRIMARY KEY (`id_module`),
  KEY `name` (`name`)
) ENGINE=InnoDB AUTO_INCREMENT=69 DEFAULT CHARSET=utf8;

--
-- Dumping data for table `ps_module`
--

INSERT INTO `ps_module` VALUES (1,'socialsharing',1,'1.2.6'),(2,'blockbanner',1,'1.3.1'),(3,'bankwire',1,'0.7.2'),(4,'blockbestsellers',1,'1.5.4'),(5,'blockcart',1,'1.5.1'),(6,'blocksocial',1,'1.1.2'),(7,'blockcategories',1,'2.8.1'),(8,'blockcurrencies',1,'0.3.1'),(9,'blockfacebook',1,'1.3.1'),(10,'blocklanguages',1,'1.3.1'),(11,'blocklayered',1,'1.11'),(12,'blockcms',1,'1.9'),(13,'blockcmsinfo',1,'1.5.1'),(14,'blockcontact',1,'1.2'),(15,'blockcontactinfos',1,'1.1.1'),(16,'blockmanufacturer',1,'1.2.1'),(17,'blockmyaccount',1,'1.3.1'),(18,'blockmyaccountfooter',1,'1.5.1'),(19,'blocknewproducts',1,'1.9.1'),(20,'blocknewsletter',1,'2.0'),(21,'blockpaymentlogo',1,'0.3.1'),(22,'blocksearch',1,'1.5.1'),(23,'blockspecials',1,'1.1.1'),(24,'blockstore',1,'1.2.1'),(25,'blocksupplier',1,'1.1.1'),(26,'blocktags',1,'1.2.1'),(27,'blocktopmenu',1,'1.13'),(28,'blockuserinfo',1,'0.3.1'),(29,'blockviewed',1,'1.2'),(30,'cheque',1,'2.5'),(31,'dashactivity',1,'0.2'),(32,'dashtrends',1,'0.6'),(33,'dashgoals',1,'0.5'),(34,'dashproducts',1,'0.3.1'),(35,'graphnvd3',1,'1.3'),(36,'gridhtml',1,'1.2.1'),(37,'homeslider',1,'1.3.9'),(38,'homefeatured',1,'1.5'),(39,'productpaymentlogos',1,'1.3.5'),(40,'pagesnotfound',1,'1.3.2'),(41,'sekeywords',1,'1.2.2'),(42,'statsbestcategories',1,'1.3'),(43,'statsbestcustomers',1,'1.3'),(44,'statsbestproducts',1,'1.3'),(45,'statsbestsuppliers',1,'1.2'),(46,'statsbestvouchers',1,'1.3'),(47,'statscarrier',1,'1.2'),(48,'statscatalog',1,'1.2.2'),(49,'statscheckup',1,'1.2'),(50,'statsdata',1,'1.3'),(51,'statsequipment',1,'1.2.1'),(52,'statsforecast',1,'1.3.2'),(53,'statslive',1,'1.2.1'),(54,'statsnewsletter',1,'1.2'),(55,'statsorigin',1,'1.2'),(56,'statspersonalinfos',1,'1.2'),(57,'statsproduct',1,'1.2'),(58,'statsregistrations',1,'1.2'),(59,'statssales',1,'1.2.1'),(60,'statssearch',1,'1.3.1'),(61,'statsstock',1,'1.3'),(62,'statsvisits',1,'1.4'),(63,'themeconfigurator',1,'1.1.0'),(64,'gamification',1,'1.9.8'),(65,'blockwishlist',1,'1.1.7'),(66,'productcomments',1,'3.3.9'),(67,'sendtoafriend',1,'1.7.2'),(68,'cronjobs',1,'1.2.1');

--
-- Table structure for table `ps_module_access`
--

CREATE TABLE `ps_module_access` (
  `id_profile` int(10) unsigned NOT NULL,
  `id_module` int(10) unsigned NOT NULL,
  `view` tinyint(1) NOT NULL,
  `configure` tinyint(1) NOT NULL,
  PRIMARY KEY (`id_profile`,`id_module`)
) ENGINE=InnoDB DEFAULT CHARSET=utf8;

--
-- Dumping data for table `ps_module_access`
--

INSERT INTO `ps_module_access` VALUES (2,1,1,1),(2,2,1,1),(2,3,1,1),(2,4,1,1),(2,5,1,1),(2,6,1,1),(2,7,1,1),(2,8,1,1),(2,9,1,1),(2,10,1,1),(2,11,1,1),(2,12,1,1),(2,13,1,1),(2,14,1,1),(2,15,1,1),(2,16,1,1),(2,17,1,1),(2,18,1,1),(2,19,1,1),(2,20,1,1),(2,21,1,1),(2,22,1,1),(2,23,1,1),(2,24,1,1),(2,25,1,1),(2,26,1,1),(2,27,1,1),(2,28,1,1),(2,29,1,1),(2,30,1,1),(2,31,1,1),(2,32,1,1),(2,33,1,1),(2,34,1,1),(2,35,1,1),(2,36,1,1),(2,37,1,1),(2,38,1,1),(2,39,1,1),(2,40,1,1),(2,41,1,1),(2,42,1,1),(2,43,1,1),(2,44,1,1),(2,45,1,1),(2,46,1,1),(2,47,1,1),(2,48,1,1),(2,49,1,1),(2,50,1,1),(2,51,1,1),(2,52,1,1),(2,53,1,1),(2,54,1,1),(2,55,1,1),(2,56,1,1),(2,57,1,1),(2,58,1,1),(2,59,1,1),(2,60,1,1),(2,61,1,1),(2,62,1,1),(2,63,1,1),(2,64,1,1),(2,65,1,1),(2,66,1,1),(2,67,1,1),(2,68,1,1),(3,1,1,0),(3,2,1,0),(3,3,1,0),(3,4,1,0),(3,5,1,0),(3,6,1,0),(3,7,1,0),(3,8,1,0),(3,9,1,0),(3,10,1,0),(3,11,1,0),(3,12,1,0),(3,13,1,0),(3,14,1,0),(3,15,1,0),(3,16,1,0),(3,17,1,0),(3,18,1,0),(3,19,1,0),(3,20,1,0),(3,21,1,0),(3,22,1,0),(3,23,1,0),(3,24,1,0),(3,25,1,0),(3,26,1,0),(3,27,1,0),(3,28,1,0),(3,29,1,0),(3,30,1,0),(3,31,1,0),(3,32,1,0),(3,33,1,0),(3,34,1,0),(3,35,1,0),(3,36,1,0),(3,37,1,0),(3,38,1,0),(3,39,1,0),(3,40,1,0),(3,41,1,0),(3,42,1,0),(3,43,1,0),(3,44,1,0),(3,45,1,0),(3,46,1,0),(3,47,1,0),(3,48,1,0),(3,49,1,0),(3,50,1,0),(3,51,1,0),(3,52,1,0),(3,53,1,0),(3,54,1,0),(3,55,1,0),(3,56,1,0),(3,57,1,0),(3,58,1,0),(3,59,1,0),(3,60,1,0),(3,61,1,0),(3,62,1,0),(3,63,1,0),(3,64,1,0),(3,65,1,0),(3,66,1,0),(3,67,1,0),(3,68,1,0),(4,1,1,1),(4,2,1,1),(4,3,1,1),(4,4,1,1),(4,5,1,1),(4,6,1,1),(4,7,1,1),(4,8,1,1),(4,9,1,1),(4,10,1,1),(4,11,1,1),(4,12,1,1),(4,13,1,1),(4,14,1,1),(4,15,1,1),(4,16,1,1),(4,17,1,1),(4,18,1,1),(4,19,1,1),(4,20,1,1),(4,21,1,1),(4,22,1,1),(4,23,1,1),(4,24,1,1),(4,25,1,1),(4,26,1,1),(4,27,1,1),(4,28,1,1),(4,29,1,1),(4,30,1,1),(4,31,1,1),(4,32,1,1),(4,33,1,1),(4,34,1,1),(4,35,1,1),(4,36,1,1),(4,37,1,1),(4,38,1,1),(4,39,1,1),(4,40,1,1),(4,41,1,1),(4,42,1,1),(4,43,1,1),(4,44,1,1),(4,45,1,1),(4,46,1,1),(4,47,1,1),(4,48,1,1),(4,49,1,1),(4,50,1,1),(4,51,1,1),(4,52,1,1),(4,53,1,1),(4,54,1,1),(4,55,1,1),(4,56,1,1),(4,57,1,1),(4,58,1,1),(4,59,1,1),(4,60,1,1),(4,61,1,1),(4,62,1,1),(4,63,1,1),(4,64,1,1),(4,65,1,1),(4,66,1,1),(4,67,1,1),(4,68,1,1);

--
-- Table structure for table `ps_module_country`
--

CREATE TABLE `ps_module_country` (
  `id_module` int(10) unsigned NOT NULL,
  `id_shop` int(11) unsigned NOT NULL DEFAULT '1',
  `id_country` int(10) unsigned NOT NULL,
  PRIMARY KEY (`id_module`,`id_shop`,`id_country`)
) ENGINE=InnoDB DEFAULT CHARSET=utf8;

--
-- Dumping data for table `ps_module_country`
--

INSERT INTO `ps_module_country` VALUES (3,1,21),(30,1,21),(68,1,21);

--
-- Table structure for table `ps_module_currency`
--

CREATE TABLE `ps_module_currency` (
  `id_module` int(10) unsigned NOT NULL,
  `id_shop` int(11) unsigned NOT NULL DEFAULT '1',
  `id_currency` int(11) NOT NULL,
  PRIMARY KEY (`id_module`,`id_shop`,`id_currency`),
  KEY `id_module` (`id_module`)
) ENGINE=InnoDB DEFAULT CHARSET=utf8;

--
-- Dumping data for table `ps_module_currency`
--

INSERT INTO `ps_module_currency` VALUES (3,1,1),(30,1,1),(68,1,1);

--
-- Table structure for table `ps_module_group`
--

CREATE TABLE `ps_module_group` (
  `id_module` int(10) unsigned NOT NULL,
  `id_shop` int(11) unsigned NOT NULL DEFAULT '1',
  `id_group` int(11) unsigned NOT NULL,
  PRIMARY KEY (`id_module`,`id_shop`,`id_group`)
) ENGINE=InnoDB DEFAULT CHARSET=utf8;

--
-- Dumping data for table `ps_module_group`
--

INSERT INTO `ps_module_group` VALUES (1,1,1),(1,1,2),(1,1,3),(2,1,1),(2,1,2),(2,1,3),(3,1,1),(3,1,2),(3,1,3),(4,1,1),(4,1,2),(4,1,3),(5,1,1),(5,1,2),(5,1,3),(6,1,1),(6,1,2),(6,1,3),(7,1,1),(7,1,2),(7,1,3),(8,1,1),(8,1,2),(8,1,3),(9,1,1),(9,1,2),(9,1,3),(10,1,1),(10,1,2),(10,1,3),(11,1,1),(11,1,2),(11,1,3),(12,1,1),(12,1,2),(12,1,3),(13,1,1),(13,1,2),(13,1,3),(14,1,1),(14,1,2),(14,1,3),(15,1,1),(15,1,2),(15,1,3),(16,1,1),(16,1,2),(16,1,3),(17,1,1),(17,1,2),(17,1,3),(18,1,1),(18,1,2),(18,1,3),(19,1,1),(19,1,2),(19,1,3),(20,1,1),(20,1,2),(20,1,3),(21,1,1),(21,1,2),(21,1,3),(22,1,1),(22,1,2),(22,1,3),(23,1,1),(23,1,2),(23,1,3),(24,1,1),(24,1,2),(24,1,3),(25,1,1),(25,1,2),(25,1,3),(26,1,1),(26,1,2),(26,1,3),(27,1,1),(27,1,2),(27,1,3),(28,1,1),(28,1,2),(28,1,3),(29,1,1),(29,1,2),(29,1,3),(30,1,1),(30,1,2),(30,1,3),(31,1,1),(31,1,2),(31,1,3),(32,1,1),(32,1,2),(32,1,3),(33,1,1),(33,1,2),(33,1,3),(34,1,1),(34,1,2),(34,1,3),(35,1,1),(35,1,2),(35,1,3),(36,1,1),(36,1,2),(36,1,3),(37,1,1),(37,1,2),(37,1,3),(38,1,1),(38,1,2),(38,1,3),(39,1,1),(39,1,2),(39,1,3),(40,1,1),(40,1,2),(40,1,3),(41,1,1),(41,1,2),(41,1,3),(42,1,1),(42,1,2),(42,1,3),(43,1,1),(43,1,2),(43,1,3),(44,1,1),(44,1,2),(44,1,3),(45,1,1),(45,1,2),(45,1,3),(46,1,1),(46,1,2),(46,1,3),(47,1,1),(47,1,2),(47,1,3),(48,1,1),(48,1,2),(48,1,3),(49,1,1),(49,1,2),(49,1,3),(50,1,1),(50,1,2),(50,1,3),(51,1,1),(51,1,2),(51,1,3),(52,1,1),(52,1,2),(52,1,3),(53,1,1),(53,1,2),(53,1,3),(54,1,1),(54,1,2),(54,1,3),(55,1,1),(55,1,2),(55,1,3),(56,1,1),(56,1,2),(56,1,3),(57,1,1),(57,1,2),(57,1,3),(58,1,1),(58,1,2),(58,1,3),(59,1,1),(59,1,2),(59,1,3),(60,1,1),(60,1,2),(60,1,3),(61,1,1),(61,1,2),(61,1,3),(62,1,1),(62,1,2),(62,1,3),(63,1,1),(63,1,2),(63,1,3),(64,1,1),(64,1,2),(64,1,3),(65,1,1),(65,1,2),(65,1,3),(66,1,1),(66,1,2),(66,1,3),(67,1,1),(67,1,2),(67,1,3),(68,1,1),(68,1,2),(68,1,3);

--
-- Table structure for table `ps_module_preference`
--

CREATE TABLE `ps_module_preference` (
  `id_module_preference` int(11) NOT NULL AUTO_INCREMENT,
  `id_employee` int(11) NOT NULL,
  `module` varchar(255) NOT NULL,
  `interest` tinyint(1) DEFAULT NULL,
  `favorite` tinyint(1) DEFAULT NULL,
  PRIMARY KEY (`id_module_preference`),
  UNIQUE KEY `employee_module` (`id_employee`,`module`)
) ENGINE=InnoDB DEFAULT CHARSET=utf8;

--
-- Dumping data for table `ps_module_preference`
--


--
-- Table structure for table `ps_module_shop`
--

CREATE TABLE `ps_module_shop` (
  `id_module` int(11) unsigned NOT NULL,
  `id_shop` int(11) unsigned NOT NULL,
  `enable_device` tinyint(1) NOT NULL DEFAULT '7',
  PRIMARY KEY (`id_module`,`id_shop`),
  KEY `id_shop` (`id_shop`)
) ENGINE=InnoDB DEFAULT CHARSET=utf8;

--
-- Dumping data for table `ps_module_shop`
--

INSERT INTO `ps_module_shop` VALUES (1,1,7),(2,1,3),(3,1,7),(4,1,7),(5,1,7),(6,1,7),(7,1,7),(8,1,7),(9,1,7),(10,1,7),(11,1,7),(12,1,7),(13,1,1),(14,1,7),(15,1,7),(16,1,7),(17,1,7),(18,1,7),(19,1,7),(20,1,7),(21,1,7),(22,1,7),(23,1,7),(24,1,7),(25,1,7),(26,1,7),(27,1,7),(28,1,7),(29,1,7),(30,1,7),(31,1,7),(32,1,7),(33,1,7),(34,1,7),(35,1,7),(36,1,7),(37,1,3),(38,1,7),(39,1,7),(40,1,7),(41,1,7),(42,1,7),(43,1,7),(44,1,7),(45,1,7),(46,1,7),(47,1,7),(48,1,7),(49,1,7),(50,1,7),(51,1,7),(52,1,7),(53,1,7),(54,1,7),(55,1,7),(56,1,7),(57,1,7),(58,1,7),(59,1,7),(60,1,7),(61,1,7),(62,1,7),(63,1,7),(64,1,7),(65,1,7),(66,1,7),(67,1,7),(68,1,7);

--
-- Table structure for table `ps_newsletter`
--

CREATE TABLE `ps_newsletter` (
  `id` int(6) NOT NULL AUTO_INCREMENT,
  `id_shop` int(10) unsigned NOT NULL DEFAULT '1',
  `id_shop_group` int(10) unsigned NOT NULL DEFAULT '1',
  `email` varchar(255) NOT NULL,
  `newsletter_date_add` datetime DEFAULT NULL,
  `ip_registration_newsletter` varchar(15) NOT NULL,
  `http_referer` varchar(255) DEFAULT NULL,
  `active` tinyint(1) NOT NULL DEFAULT '0',
  PRIMARY KEY (`id`)
) ENGINE=InnoDB DEFAULT CHARSET=utf8;

--
-- Dumping data for table `ps_newsletter`
--


--
-- Table structure for table `ps_operating_system`
--

CREATE TABLE `ps_operating_system` (
  `id_operating_system` int(10) unsigned NOT NULL AUTO_INCREMENT,
  `name` varchar(64) DEFAULT NULL,
  PRIMARY KEY (`id_operating_system`)
) ENGINE=InnoDB AUTO_INCREMENT=8 DEFAULT CHARSET=utf8;

--
-- Dumping data for table `ps_operating_system`
--

INSERT INTO `ps_operating_system` VALUES (1,'Windows XP'),(2,'Windows Vista'),(3,'Windows 7'),(4,'Windows 8'),(5,'MacOsX'),(6,'Linux'),(7,'Android');

--
-- Table structure for table `ps_order_carrier`
--

CREATE TABLE `ps_order_carrier` (
  `id_order_carrier` int(11) NOT NULL AUTO_INCREMENT,
  `id_order` int(11) unsigned NOT NULL,
  `id_carrier` int(11) unsigned NOT NULL,
  `id_order_invoice` int(11) unsigned DEFAULT NULL,
  `weight` decimal(20,6) DEFAULT NULL,
  `shipping_cost_tax_excl` decimal(20,6) DEFAULT NULL,
  `shipping_cost_tax_incl` decimal(20,6) DEFAULT NULL,
  `tracking_number` varchar(64) DEFAULT NULL,
  `date_add` datetime NOT NULL,
  PRIMARY KEY (`id_order_carrier`),
  KEY `id_order` (`id_order`),
  KEY `id_carrier` (`id_carrier`),
  KEY `id_order_invoice` (`id_order_invoice`)
) ENGINE=InnoDB AUTO_INCREMENT=6 DEFAULT CHARSET=utf8;

--
-- Dumping data for table `ps_order_carrier`
--

INSERT INTO `ps_order_carrier` VALUES (1,1,2,0,0.000000,2.000000,2.000000,'','2014-12-08 16:18:31'),(2,2,2,0,0.000000,2.000000,2.000000,'','2014-12-08 16:18:31'),(3,3,2,0,0.000000,2.000000,2.000000,'','2014-12-08 16:18:31'),(4,4,2,0,0.000000,2.000000,2.000000,'','2014-12-08 16:18:31'),(5,5,2,0,0.000000,2.000000,2.000000,'','2014-12-08 16:18:31');

--
-- Table structure for table `ps_order_cart_rule`
--

CREATE TABLE `ps_order_cart_rule` (
  `id_order_cart_rule` int(10) unsigned NOT NULL AUTO_INCREMENT,
  `id_order` int(10) unsigned NOT NULL,
  `id_cart_rule` int(10) unsigned NOT NULL,
  `id_order_invoice` int(10) unsigned DEFAULT '0',
  `name` varchar(254) NOT NULL,
  `value` decimal(17,2) NOT NULL DEFAULT '0.00',
  `value_tax_excl` decimal(17,2) NOT NULL DEFAULT '0.00',
  `free_shipping` tinyint(1) NOT NULL DEFAULT '0',
  PRIMARY KEY (`id_order_cart_rule`),
  KEY `id_order` (`id_order`),
  KEY `id_cart_rule` (`id_cart_rule`)
) ENGINE=InnoDB DEFAULT CHARSET=utf8;

--
-- Dumping data for table `ps_order_cart_rule`
--


--
-- Table structure for table `ps_order_detail`
--

CREATE TABLE `ps_order_detail` (
  `id_order_detail` int(10) unsigned NOT NULL AUTO_INCREMENT,
  `id_order` int(10) unsigned NOT NULL,
  `id_order_invoice` int(11) DEFAULT NULL,
  `id_warehouse` int(10) unsigned DEFAULT '0',
  `id_shop` int(11) unsigned NOT NULL,
  `product_id` int(10) unsigned NOT NULL,
  `product_attribute_id` int(10) unsigned DEFAULT NULL,
  `product_name` varchar(255) NOT NULL,
  `product_quantity` int(10) unsigned NOT NULL DEFAULT '0',
  `product_quantity_in_stock` int(10) NOT NULL DEFAULT '0',
  `product_quantity_refunded` int(10) unsigned NOT NULL DEFAULT '0',
  `product_quantity_return` int(10) unsigned NOT NULL DEFAULT '0',
  `product_quantity_reinjected` int(10) unsigned NOT NULL DEFAULT '0',
  `product_price` decimal(20,6) NOT NULL DEFAULT '0.000000',
  `reduction_percent` decimal(10,2) NOT NULL DEFAULT '0.00',
  `reduction_amount` decimal(20,6) NOT NULL DEFAULT '0.000000',
  `reduction_amount_tax_incl` decimal(20,6) NOT NULL DEFAULT '0.000000',
  `reduction_amount_tax_excl` decimal(20,6) NOT NULL DEFAULT '0.000000',
  `group_reduction` decimal(10,2) NOT NULL DEFAULT '0.00',
  `product_quantity_discount` decimal(20,6) NOT NULL DEFAULT '0.000000',
  `product_ean13` varchar(13) DEFAULT NULL,
  `product_upc` varchar(12) DEFAULT NULL,
  `product_reference` varchar(32) DEFAULT NULL,
  `product_supplier_reference` varchar(32) DEFAULT NULL,
  `product_weight` decimal(20,6) NOT NULL,
  `tax_computation_method` tinyint(1) unsigned NOT NULL DEFAULT '0',
  `tax_name` varchar(16) NOT NULL,
  `tax_rate` decimal(10,3) NOT NULL DEFAULT '0.000',
  `ecotax` decimal(21,6) NOT NULL DEFAULT '0.000000',
  `ecotax_tax_rate` decimal(5,3) NOT NULL DEFAULT '0.000',
  `discount_quantity_applied` tinyint(1) NOT NULL DEFAULT '0',
  `download_hash` varchar(255) DEFAULT NULL,
  `download_nb` int(10) unsigned DEFAULT '0',
  `download_deadline` datetime DEFAULT NULL,
  `total_price_tax_incl` decimal(20,6) NOT NULL DEFAULT '0.000000',
  `total_price_tax_excl` decimal(20,6) NOT NULL DEFAULT '0.000000',
  `unit_price_tax_incl` decimal(20,6) NOT NULL DEFAULT '0.000000',
  `unit_price_tax_excl` decimal(20,6) NOT NULL DEFAULT '0.000000',
  `total_shipping_price_tax_incl` decimal(20,6) NOT NULL DEFAULT '0.000000',
  `total_shipping_price_tax_excl` decimal(20,6) NOT NULL DEFAULT '0.000000',
  `purchase_supplier_price` decimal(20,6) NOT NULL DEFAULT '0.000000',
  `original_product_price` decimal(20,6) NOT NULL DEFAULT '0.000000',
  PRIMARY KEY (`id_order_detail`),
  KEY `order_detail_order` (`id_order`),
  KEY `product_id` (`product_id`),
  KEY `product_attribute_id` (`product_attribute_id`),
  KEY `id_order_id_order_detail` (`id_order`,`id_order_detail`)
) ENGINE=InnoDB AUTO_INCREMENT=16 DEFAULT CHARSET=utf8;

--
-- Dumping data for table `ps_order_detail`
--

INSERT INTO `ps_order_detail` VALUES (1,1,0,0,1,2,10,'Blouse - Color : White, Size : M',1,1,0,0,0,26.999852,0.00,0.000000,0.000000,0.000000,0.00,0.000000,'','','demo_2','',0.000000,0,'',0.000,0.000000,0.000,0,'',0,'0000-00-00 00:00:00',27.000000,27.000000,27.000000,27.000000,0.000000,0.000000,0.000000,26.999852),(2,1,0,0,1,3,13,'Printed Dress - Color : Orange, Size : S',1,1,0,0,0,25.999852,0.00,0.000000,0.000000,0.000000,0.00,0.000000,'','','demo_3','',0.000000,0,'',0.000,0.000000,0.000,0,'',0,'0000-00-00 00:00:00',26.000000,26.000000,26.000000,26.000000,0.000000,0.000000,0.000000,25.999852),(3,2,0,0,1,2,10,'Blouse - Color : White, Size : M',1,1,0,0,0,26.999852,0.00,0.000000,0.000000,0.000000,0.00,0.000000,'','','demo_2','',0.000000,0,'',0.000,0.000000,0.000,0,'',0,'0000-00-00 00:00:00',27.000000,27.000000,27.000000,27.000000,0.000000,0.000000,0.000000,26.999852),(4,2,0,0,1,6,32,'Printed Summer Dress - Color : Yellow, Size : M',1,1,0,0,0,30.502569,0.00,0.000000,0.000000,0.000000,0.00,0.000000,'','','demo_6','',0.000000,0,'',0.000,0.000000,0.000,0,'',0,'0000-00-00 00:00:00',30.500000,30.500000,30.500000,30.500000,0.000000,0.000000,0.000000,30.502569),(5,2,0,0,1,7,34,'Printed Chiffon Dress - Color : Yellow, Size : S',1,1,0,0,0,20.501236,20.00,0.000000,0.000000,0.000000,0.00,17.400000,'','','demo_7','',0.000000,0,'',0.000,0.000000,0.000,0,'',0,'0000-00-00 00:00:00',16.400000,16.400000,16.400000,16.400000,0.000000,0.000000,0.000000,20.501236),(6,3,0,0,1,1,1,'Faded Short Sleeve T-shirts - Color : Orange, Size : S',1,1,0,0,0,16.510000,0.00,0.000000,0.000000,0.000000,0.00,0.000000,'','','demo_1','',0.000000,0,'',0.000,0.000000,0.000,0,'',0,'0000-00-00 00:00:00',16.510000,16.510000,16.510000,16.510000,0.000000,0.000000,0.000000,16.510000),(7,3,0,0,1,2,10,'Blouse - Color : White, Size : M',1,1,0,0,0,26.999852,0.00,0.000000,0.000000,0.000000,0.00,0.000000,'','','demo_2','',0.000000,0,'',0.000,0.000000,0.000,0,'',0,'0000-00-00 00:00:00',27.000000,27.000000,27.000000,27.000000,0.000000,0.000000,0.000000,26.999852),(8,3,0,0,1,6,32,'Printed Summer Dress - Color : Yellow, Size : M',1,1,0,0,0,30.502569,0.00,0.000000,0.000000,0.000000,0.00,0.000000,'','','demo_6','',0.000000,0,'',0.000,0.000000,0.000,0,'',0,'0000-00-00 00:00:00',30.500000,30.500000,30.500000,30.500000,0.000000,0.000000,0.000000,30.502569),(9,4,0,0,1,1,1,'Faded Short Sleeve T-shirts - Color : Orange, Size : S',1,1,0,0,0,16.510000,0.00,0.000000,0.000000,0.000000,0.00,0.000000,'','','demo_1','',0.000000,0,'',0.000,0.000000,0.000,0,'',0,'0000-00-00 00:00:00',16.510000,16.510000,16.510000,16.510000,0.000000,0.000000,0.000000,16.510000),(10,4,0,0,1,3,13,'Printed Dress - Color : Orange, Size : S',1,1,0,0,0,25.999852,0.00,0.000000,0.000000,0.000000,0.00,0.000000,'','','demo_3','',0.000000,0,'',0.000,0.000000,0.000,0,'',0,'0000-00-00 00:00:00',26.000000,26.000000,26.000000,26.000000,0.000000,0.000000,0.000000,25.999852),(11,4,0,0,1,5,19,'Printed Summer Dress - Color : Yellow, Size : S',1,1,0,0,0,30.506321,5.00,0.000000,0.000000,0.000000,0.00,29.980000,'','','demo_5','',0.000000,0,'',0.000,0.000000,0.000,0,'',0,'0000-00-00 00:00:00',28.980000,28.980000,28.980000,28.980000,0.000000,0.000000,0.000000,30.506321),(12,4,0,0,1,7,34,'Printed Chiffon Dress - Color : Yellow, Size : S',1,1,0,0,0,20.501236,20.00,0.000000,0.000000,0.000000,0.00,17.400000,'','','demo_7','',0.000000,0,'',0.000,0.000000,0.000,0,'',0,'0000-00-00 00:00:00',16.400000,16.400000,16.400000,16.400000,0.000000,0.000000,0.000000,20.501236),(13,5,0,0,1,1,1,'Faded Short Sleeve T-shirts - Color : Orange, Size : S',1,1,0,0,0,16.510000,0.00,0.000000,0.000000,0.000000,0.00,0.000000,'','','demo_1','',0.000000,0,'',0.000,0.000000,0.000,0,'',0,'0000-00-00 00:00:00',16.510000,16.510000,16.510000,16.510000,0.000000,0.000000,0.000000,16.510000),(14,5,0,0,1,2,7,'Blouse - Color : Black, Size : S',1,1,0,0,0,26.999852,0.00,0.000000,0.000000,0.000000,0.00,0.000000,'','','demo_2','',0.000000,0,'',0.000,0.000000,0.000,0,'',0,'0000-00-00 00:00:00',27.000000,27.000000,27.000000,27.000000,0.000000,0.000000,0.000000,26.999852),(15,5,0,0,1,3,13,'Printed Dress - Color : Orange, Size : S',1,1,0,0,0,25.999852,0.00,0.000000,0.000000,0.000000,0.00,0.000000,'','','demo_3','',0.000000,0,'',0.000,0.000000,0.000,0,'',0,'0000-00-00 00:00:00',26.000000,26.000000,26.000000,26.000000,0.000000,0.000000,0.000000,25.999852);

--
-- Table structure for table `ps_order_detail_tax`
--

CREATE TABLE `ps_order_detail_tax` (
  `id_order_detail` int(11) NOT NULL,
  `id_tax` int(11) NOT NULL,
  `unit_amount` decimal(16,6) NOT NULL DEFAULT '0.000000',
  `total_amount` decimal(16,6) NOT NULL DEFAULT '0.000000',
  KEY `id_order_detail` (`id_order_detail`),
  KEY `id_tax` (`id_tax`)
) ENGINE=InnoDB DEFAULT CHARSET=utf8;

--
-- Dumping data for table `ps_order_detail_tax`
--


--
-- Table structure for table `ps_order_history`
--

CREATE TABLE `ps_order_history` (
  `id_order_history` int(10) unsigned NOT NULL AUTO_INCREMENT,
  `id_employee` int(10) unsigned NOT NULL,
  `id_order` int(10) unsigned NOT NULL,
  `id_order_state` int(10) unsigned NOT NULL,
  `date_add` datetime NOT NULL,
  PRIMARY KEY (`id_order_history`),
  KEY `order_history_order` (`id_order`),
  KEY `id_employee` (`id_employee`),
  KEY `id_order_state` (`id_order_state`)
) ENGINE=InnoDB AUTO_INCREMENT=8 DEFAULT CHARSET=utf8;

--
-- Dumping data for table `ps_order_history`
--

INSERT INTO `ps_order_history` VALUES (1,0,1,1,'2014-12-08 16:18:30'),(2,0,2,1,'2014-12-08 16:18:30'),(3,0,3,1,'2014-12-08 16:18:30'),(4,0,4,1,'2014-12-08 16:18:30'),(5,0,5,10,'2014-12-08 16:18:30'),(6,1,1,6,'2014-12-08 16:18:30'),(7,1,3,8,'2014-12-08 16:18:30');

--
-- Table structure for table `ps_order_invoice`
--

CREATE TABLE `ps_order_invoice` (
  `id_order_invoice` int(11) unsigned NOT NULL AUTO_INCREMENT,
  `id_order` int(11) NOT NULL,
  `number` int(11) NOT NULL,
  `delivery_number` int(11) NOT NULL,
  `delivery_date` datetime DEFAULT NULL,
  `total_discount_tax_excl` decimal(17,2) NOT NULL DEFAULT '0.00',
  `total_discount_tax_incl` decimal(17,2) NOT NULL DEFAULT '0.00',
  `total_paid_tax_excl` decimal(17,2) NOT NULL DEFAULT '0.00',
  `total_paid_tax_incl` decimal(17,2) NOT NULL DEFAULT '0.00',
  `total_products` decimal(17,2) NOT NULL DEFAULT '0.00',
  `total_products_wt` decimal(17,2) NOT NULL DEFAULT '0.00',
  `total_shipping_tax_excl` decimal(17,2) NOT NULL DEFAULT '0.00',
  `total_shipping_tax_incl` decimal(17,2) NOT NULL DEFAULT '0.00',
  `shipping_tax_computation_method` int(10) unsigned NOT NULL,
  `total_wrapping_tax_excl` decimal(17,2) NOT NULL DEFAULT '0.00',
  `total_wrapping_tax_incl` decimal(17,2) NOT NULL DEFAULT '0.00',
  `note` text,
  `date_add` datetime NOT NULL,
  PRIMARY KEY (`id_order_invoice`),
  KEY `id_order` (`id_order`)
) ENGINE=InnoDB DEFAULT CHARSET=utf8;

--
-- Dumping data for table `ps_order_invoice`
--


--
-- Table structure for table `ps_order_invoice_payment`
--

CREATE TABLE `ps_order_invoice_payment` (
  `id_order_invoice` int(11) unsigned NOT NULL,
  `id_order_payment` int(11) unsigned NOT NULL,
  `id_order` int(11) unsigned NOT NULL,
  PRIMARY KEY (`id_order_invoice`,`id_order_payment`),
  KEY `order_payment` (`id_order_payment`),
  KEY `id_order` (`id_order`)
) ENGINE=InnoDB DEFAULT CHARSET=utf8;

--
-- Dumping data for table `ps_order_invoice_payment`
--


--
-- Table structure for table `ps_order_invoice_tax`
--

CREATE TABLE `ps_order_invoice_tax` (
  `id_order_invoice` int(11) NOT NULL,
  `type` varchar(15) NOT NULL,
  `id_tax` int(11) NOT NULL,
  `amount` decimal(10,6) NOT NULL DEFAULT '0.000000',
  KEY `id_tax` (`id_tax`)
) ENGINE=InnoDB DEFAULT CHARSET=utf8;

--
-- Dumping data for table `ps_order_invoice_tax`
--


--
-- Table structure for table `ps_order_message`
--

CREATE TABLE `ps_order_message` (
  `id_order_message` int(10) unsigned NOT NULL AUTO_INCREMENT,
  `date_add` datetime NOT NULL,
  PRIMARY KEY (`id_order_message`)
) ENGINE=InnoDB AUTO_INCREMENT=2 DEFAULT CHARSET=utf8;

--
-- Dumping data for table `ps_order_message`
--

INSERT INTO `ps_order_message` VALUES (1,'2014-12-08 16:18:30');

--
-- Table structure for table `ps_order_message_lang`
--

CREATE TABLE `ps_order_message_lang` (
  `id_order_message` int(10) unsigned NOT NULL,
  `id_lang` int(10) unsigned NOT NULL,
  `name` varchar(128) NOT NULL,
  `message` text NOT NULL,
  PRIMARY KEY (`id_order_message`,`id_lang`)
) ENGINE=InnoDB DEFAULT CHARSET=utf8;

--
-- Dumping data for table `ps_order_message_lang`
--

INSERT INTO `ps_order_message_lang` VALUES (1,1,'Delay','Hi,\n\nUnfortunately, an item on your order is currently out of stock. This may cause a slight delay in delivery.\nPlease accept our apologies and rest assured that we are working hard to rectify this.\n\nBest regards,');

--
-- Table structure for table `ps_order_payment`
--

CREATE TABLE `ps_order_payment` (
  `id_order_payment` int(11) NOT NULL AUTO_INCREMENT,
  `order_reference` varchar(9) DEFAULT NULL,
  `id_currency` int(10) unsigned NOT NULL,
  `amount` decimal(10,2) NOT NULL,
  `payment_method` varchar(255) NOT NULL,
  `conversion_rate` decimal(13,6) NOT NULL DEFAULT '1.000000',
  `transaction_id` varchar(254) DEFAULT NULL,
  `card_number` varchar(254) DEFAULT NULL,
  `card_brand` varchar(254) DEFAULT NULL,
  `card_expiration` char(7) DEFAULT NULL,
  `card_holder` varchar(254) DEFAULT NULL,
  `date_add` datetime NOT NULL,
  PRIMARY KEY (`id_order_payment`),
  KEY `order_reference` (`order_reference`)
) ENGINE=InnoDB DEFAULT CHARSET=utf8;

--
-- Dumping data for table `ps_order_payment`
--


--
-- Table structure for table `ps_order_return`
--

CREATE TABLE `ps_order_return` (
  `id_order_return` int(10) unsigned NOT NULL AUTO_INCREMENT,
  `id_customer` int(10) unsigned NOT NULL,
  `id_order` int(10) unsigned NOT NULL,
  `state` tinyint(1) unsigned NOT NULL DEFAULT '1',
  `question` text NOT NULL,
  `date_add` datetime NOT NULL,
  `date_upd` datetime NOT NULL,
  PRIMARY KEY (`id_order_return`),
  KEY `order_return_customer` (`id_customer`),
  KEY `id_order` (`id_order`)
) ENGINE=InnoDB DEFAULT CHARSET=utf8;

--
-- Dumping data for table `ps_order_return`
--


--
-- Table structure for table `ps_order_return_detail`
--

CREATE TABLE `ps_order_return_detail` (
  `id_order_return` int(10) unsigned NOT NULL,
  `id_order_detail` int(10) unsigned NOT NULL,
  `id_customization` int(10) unsigned NOT NULL DEFAULT '0',
  `product_quantity` int(10) unsigned NOT NULL DEFAULT '0',
  PRIMARY KEY (`id_order_return`,`id_order_detail`,`id_customization`)
) ENGINE=InnoDB DEFAULT CHARSET=utf8;

--
-- Dumping data for table `ps_order_return_detail`
--


--
-- Table structure for table `ps_order_return_state`
--

CREATE TABLE `ps_order_return_state` (
  `id_order_return_state` int(10) unsigned NOT NULL AUTO_INCREMENT,
  `color` varchar(32) DEFAULT NULL,
  PRIMARY KEY (`id_order_return_state`)
) ENGINE=InnoDB AUTO_INCREMENT=6 DEFAULT CHARSET=utf8;

--
-- Dumping data for table `ps_order_return_state`
--

INSERT INTO `ps_order_return_state` VALUES (1,'#4169E1'),(2,'#8A2BE2'),(3,'#32CD32'),(4,'#DC143C'),(5,'#108510');

--
-- Table structure for table `ps_order_return_state_lang`
--

CREATE TABLE `ps_order_return_state_lang` (
  `id_order_return_state` int(10) unsigned NOT NULL,
  `id_lang` int(10) unsigned NOT NULL,
  `name` varchar(64) NOT NULL,
  PRIMARY KEY (`id_order_return_state`,`id_lang`)
) ENGINE=InnoDB DEFAULT CHARSET=utf8;

--
-- Dumping data for table `ps_order_return_state_lang`
--

INSERT INTO `ps_order_return_state_lang` VALUES (1,1,'Waiting for confirmation'),(2,1,'Waiting for package'),(3,1,'Package received'),(4,1,'Return denied'),(5,1,'Return completed');

--
-- Table structure for table `ps_order_slip`
--

CREATE TABLE `ps_order_slip` (
  `id_order_slip` int(10) unsigned NOT NULL AUTO_INCREMENT,
  `conversion_rate` decimal(13,6) NOT NULL DEFAULT '1.000000',
  `id_customer` int(10) unsigned NOT NULL,
  `id_order` int(10) unsigned NOT NULL,
  `shipping_cost` tinyint(3) unsigned NOT NULL DEFAULT '0',
  `amount` decimal(10,2) NOT NULL,
  `shipping_cost_amount` decimal(10,2) NOT NULL,
  `partial` tinyint(1) NOT NULL,
  `date_add` datetime NOT NULL,
  `date_upd` datetime NOT NULL,
  PRIMARY KEY (`id_order_slip`),
  KEY `order_slip_customer` (`id_customer`),
  KEY `id_order` (`id_order`)
) ENGINE=InnoDB DEFAULT CHARSET=utf8;

--
-- Dumping data for table `ps_order_slip`
--


--
-- Table structure for table `ps_order_slip_detail`
--

CREATE TABLE `ps_order_slip_detail` (
  `id_order_slip` int(10) unsigned NOT NULL,
  `id_order_detail` int(10) unsigned NOT NULL,
  `product_quantity` int(10) unsigned NOT NULL DEFAULT '0',
  `amount_tax_excl` decimal(10,2) DEFAULT NULL,
  `amount_tax_incl` decimal(10,2) DEFAULT NULL,
  PRIMARY KEY (`id_order_slip`,`id_order_detail`)
) ENGINE=InnoDB DEFAULT CHARSET=utf8;

--
-- Dumping data for table `ps_order_slip_detail`
--


--
-- Table structure for table `ps_order_state`
--

CREATE TABLE `ps_order_state` (
  `id_order_state` int(10) unsigned NOT NULL AUTO_INCREMENT,
  `invoice` tinyint(1) unsigned DEFAULT '0',
  `send_email` tinyint(1) unsigned NOT NULL DEFAULT '0',
  `module_name` varchar(255) DEFAULT NULL,
  `color` varchar(32) DEFAULT NULL,
  `unremovable` tinyint(1) unsigned NOT NULL,
  `hidden` tinyint(1) unsigned NOT NULL DEFAULT '0',
  `logable` tinyint(1) NOT NULL DEFAULT '0',
  `delivery` tinyint(1) unsigned NOT NULL DEFAULT '0',
  `shipped` tinyint(1) unsigned NOT NULL DEFAULT '0',
  `paid` tinyint(1) unsigned NOT NULL DEFAULT '0',
  `deleted` tinyint(1) unsigned NOT NULL DEFAULT '0',
  PRIMARY KEY (`id_order_state`),
  KEY `module_name` (`module_name`)
) ENGINE=InnoDB AUTO_INCREMENT=13 DEFAULT CHARSET=utf8;

--
-- Dumping data for table `ps_order_state`
--

INSERT INTO `ps_order_state` VALUES (1,0,1,'cheque','#4169E1',1,0,0,0,0,0,0),(2,1,1,'','#32CD32',1,0,1,0,0,1,0),(3,1,1,'','#FF8C00',1,0,1,1,0,1,0),(4,1,1,'','#8A2BE2',1,0,1,1,1,1,0),(5,1,0,'','#108510',1,0,1,1,1,1,0),(6,0,1,'','#DC143C',1,0,0,0,0,0,0),(7,1,1,'','#ec2e15',1,0,0,0,0,0,0),(8,0,1,'','#8f0621',1,0,0,0,0,0,0),(9,1,1,'','#FF69B4',1,0,0,0,0,1,0),(10,0,1,'bankwire','#4169E1',1,0,0,0,0,0,0),(11,0,0,'','#4169E1',1,0,0,0,0,0,0),(12,1,1,'','#32CD32',1,0,1,0,0,1,0);

--
-- Table structure for table `ps_order_state_lang`
--

CREATE TABLE `ps_order_state_lang` (
  `id_order_state` int(10) unsigned NOT NULL,
  `id_lang` int(10) unsigned NOT NULL,
  `name` varchar(64) NOT NULL,
  `template` varchar(64) NOT NULL,
  PRIMARY KEY (`id_order_state`,`id_lang`)
) ENGINE=InnoDB DEFAULT CHARSET=utf8;

--
-- Dumping data for table `ps_order_state_lang`
--

INSERT INTO `ps_order_state_lang` VALUES (1,1,'Awaiting cheque payment','cheque'),(2,1,'Payment accepted','payment'),(3,1,'Preparation in progress','preparation'),(4,1,'Shipped','shipped'),(5,1,'Delivered',''),(6,1,'Canceled','order_canceled'),(7,1,'Refund','refund'),(8,1,'Payment error','payment_error'),(9,1,'On backorder','outofstock'),(10,1,'Awaiting bank wire payment','bankwire'),(11,1,'Awaiting PayPal payment',''),(12,1,'Remote payment accepted','payment');

--
-- Table structure for table `ps_orders`
--

CREATE TABLE `ps_orders` (
  `id_order` int(10) unsigned NOT NULL AUTO_INCREMENT,
  `reference` varchar(9) DEFAULT NULL,
  `id_shop_group` int(11) unsigned NOT NULL DEFAULT '1',
  `id_shop` int(11) unsigned NOT NULL DEFAULT '1',
  `id_carrier` int(10) unsigned NOT NULL,
  `id_lang` int(10) unsigned NOT NULL,
  `id_customer` int(10) unsigned NOT NULL,
  `id_cart` int(10) unsigned NOT NULL,
  `id_currency` int(10) unsigned NOT NULL,
  `id_address_delivery` int(10) unsigned NOT NULL,
  `id_address_invoice` int(10) unsigned NOT NULL,
  `current_state` int(10) unsigned NOT NULL,
  `secure_key` varchar(32) NOT NULL DEFAULT '-1',
  `payment` varchar(255) NOT NULL,
  `conversion_rate` decimal(13,6) NOT NULL DEFAULT '1.000000',
  `module` varchar(255) DEFAULT NULL,
  `recyclable` tinyint(1) unsigned NOT NULL DEFAULT '0',
  `gift` tinyint(1) unsigned NOT NULL DEFAULT '0',
  `gift_message` text,
  `mobile_theme` tinyint(1) NOT NULL DEFAULT '0',
  `shipping_number` varchar(32) DEFAULT NULL,
  `total_discounts` decimal(17,2) NOT NULL DEFAULT '0.00',
  `total_discounts_tax_incl` decimal(17,2) NOT NULL DEFAULT '0.00',
  `total_discounts_tax_excl` decimal(17,2) NOT NULL DEFAULT '0.00',
  `total_paid` decimal(17,2) NOT NULL DEFAULT '0.00',
  `total_paid_tax_incl` decimal(17,2) NOT NULL DEFAULT '0.00',
  `total_paid_tax_excl` decimal(17,2) NOT NULL DEFAULT '0.00',
  `total_paid_real` decimal(17,2) NOT NULL DEFAULT '0.00',
  `total_products` decimal(17,2) NOT NULL DEFAULT '0.00',
  `total_products_wt` decimal(17,2) NOT NULL DEFAULT '0.00',
  `total_shipping` decimal(17,2) NOT NULL DEFAULT '0.00',
  `total_shipping_tax_incl` decimal(17,2) NOT NULL DEFAULT '0.00',
  `total_shipping_tax_excl` decimal(17,2) NOT NULL DEFAULT '0.00',
  `carrier_tax_rate` decimal(10,3) NOT NULL DEFAULT '0.000',
  `total_wrapping` decimal(17,2) NOT NULL DEFAULT '0.00',
  `total_wrapping_tax_incl` decimal(17,2) NOT NULL DEFAULT '0.00',
  `total_wrapping_tax_excl` decimal(17,2) NOT NULL DEFAULT '0.00',
  `invoice_number` int(10) unsigned NOT NULL DEFAULT '0',
  `delivery_number` int(10) unsigned NOT NULL DEFAULT '0',
  `invoice_date` datetime NOT NULL,
  `delivery_date` datetime NOT NULL,
  `valid` int(1) unsigned NOT NULL DEFAULT '0',
  `date_add` datetime NOT NULL,
  `date_upd` datetime NOT NULL,
  PRIMARY KEY (`id_order`),
  KEY `id_customer` (`id_customer`),
  KEY `id_cart` (`id_cart`),
  KEY `invoice_number` (`invoice_number`),
  KEY `id_carrier` (`id_carrier`),
  KEY `id_lang` (`id_lang`),
  KEY `id_currency` (`id_currency`),
  KEY `id_address_delivery` (`id_address_delivery`),
  KEY `id_address_invoice` (`id_address_invoice`),
  KEY `id_shop_group` (`id_shop_group`),
  KEY `current_state` (`current_state`),
  KEY `id_shop` (`id_shop`),
  KEY `date_add` (`date_add`)
) ENGINE=InnoDB AUTO_INCREMENT=6 DEFAULT CHARSET=utf8;

--
-- Dumping data for table `ps_orders`
--

INSERT INTO `ps_orders` VALUES (1,'XKBKNABJK',1,1,2,1,1,1,1,4,4,6,'b44a6d9efd7a0076a0fbce6b15eaf3b1','Payment by check',1.000000,'cheque',0,0,'',0,'',0.00,0.00,0.00,55.00,55.00,55.00,0.00,53.00,53.00,2.00,2.00,2.00,0.000,0.00,0.00,0.00,0,0,'0000-00-00 00:00:00','0000-00-00 00:00:00',0,'2014-12-08 16:18:30','2014-12-08 16:18:30'),(2,'OHSATSERP',1,1,2,1,1,2,1,4,4,1,'b44a6d9efd7a0076a0fbce6b15eaf3b1','Payment by check',1.000000,'cheque',0,0,'',0,'',0.00,0.00,0.00,75.90,75.90,75.90,0.00,73.90,73.90,2.00,2.00,2.00,0.000,0.00,0.00,0.00,0,0,'0000-00-00 00:00:00','0000-00-00 00:00:00',0,'2014-12-08 16:18:30','2014-12-08 16:18:30'),(3,'UOYEVOLI',1,1,2,1,1,3,1,4,4,8,'b44a6d9efd7a0076a0fbce6b15eaf3b1','Payment by check',1.000000,'cheque',0,0,'',0,'',0.00,0.00,0.00,76.01,76.01,76.01,0.00,74.01,74.01,2.00,2.00,2.00,0.000,0.00,0.00,0.00,0,0,'0000-00-00 00:00:00','0000-00-00 00:00:00',0,'2014-12-08 16:18:30','2014-12-08 16:18:30'),(4,'FFATNOMMJ',1,1,2,1,1,4,1,4,4,1,'b44a6d9efd7a0076a0fbce6b15eaf3b1','Payment by check',1.000000,'cheque',0,0,'',0,'',0.00,0.00,0.00,89.89,89.89,89.89,0.00,87.89,87.89,2.00,2.00,2.00,0.000,0.00,0.00,0.00,0,0,'0000-00-00 00:00:00','0000-00-00 00:00:00',0,'2014-12-08 16:18:30','2014-12-08 16:18:30'),(5,'KHWLILZLL',1,1,2,1,1,5,1,4,4,10,'b44a6d9efd7a0076a0fbce6b15eaf3b1','Bank wire',1.000000,'bankwire',0,0,'',0,'',0.00,0.00,0.00,71.51,71.51,71.51,0.00,69.51,69.51,2.00,2.00,2.00,0.000,0.00,0.00,0.00,0,0,'0000-00-00 00:00:00','0000-00-00 00:00:00',0,'2014-12-08 16:18:30','2014-12-08 16:18:30');

--
-- Table structure for table `ps_pack`
--

CREATE TABLE `ps_pack` (
  `id_product_pack` int(10) unsigned NOT NULL,
  `id_product_item` int(10) unsigned NOT NULL,
  `quantity` int(10) unsigned NOT NULL DEFAULT '1',
  PRIMARY KEY (`id_product_pack`,`id_product_item`)
) ENGINE=InnoDB DEFAULT CHARSET=utf8;

--
-- Dumping data for table `ps_pack`
--


--
-- Table structure for table `ps_page`
--

CREATE TABLE `ps_page` (
  `id_page` int(10) unsigned NOT NULL AUTO_INCREMENT,
  `id_page_type` int(10) unsigned NOT NULL,
  `id_object` int(10) unsigned DEFAULT NULL,
  PRIMARY KEY (`id_page`),
  KEY `id_page_type` (`id_page_type`),
  KEY `id_object` (`id_object`)
) ENGINE=InnoDB AUTO_INCREMENT=2 DEFAULT CHARSET=utf8;

--
-- Dumping data for table `ps_page`
--

INSERT INTO `ps_page` VALUES (1,1,NULL);

--
-- Table structure for table `ps_page_type`
--

CREATE TABLE `ps_page_type` (
  `id_page_type` int(10) unsigned NOT NULL AUTO_INCREMENT,
  `name` varchar(255) NOT NULL,
  PRIMARY KEY (`id_page_type`),
  KEY `name` (`name`)
) ENGINE=InnoDB AUTO_INCREMENT=2 DEFAULT CHARSET=utf8;

--
-- Dumping data for table `ps_page_type`
--

INSERT INTO `ps_page_type` VALUES (1,'index');

--
-- Table structure for table `ps_page_viewed`
--

CREATE TABLE `ps_page_viewed` (
  `id_page` int(10) unsigned NOT NULL,
  `id_shop_group` int(10) unsigned NOT NULL DEFAULT '1',
  `id_shop` int(10) unsigned NOT NULL DEFAULT '1',
  `id_date_range` int(10) unsigned NOT NULL,
  `counter` int(10) unsigned NOT NULL,
  PRIMARY KEY (`id_page`,`id_date_range`,`id_shop`)
) ENGINE=InnoDB DEFAULT CHARSET=utf8;

--
-- Dumping data for table `ps_page_viewed`
--


--
-- Table structure for table `ps_pagenotfound`
--

CREATE TABLE `ps_pagenotfound` (
  `id_pagenotfound` int(10) unsigned NOT NULL AUTO_INCREMENT,
  `id_shop` int(10) unsigned NOT NULL DEFAULT '1',
  `id_shop_group` int(10) unsigned NOT NULL DEFAULT '1',
  `request_uri` varchar(256) NOT NULL,
  `http_referer` varchar(256) NOT NULL,
  `date_add` datetime NOT NULL,
  PRIMARY KEY (`id_pagenotfound`),
  KEY `date_add` (`date_add`)
) ENGINE=InnoDB DEFAULT CHARSET=utf8;

--
-- Dumping data for table `ps_pagenotfound`
--


--
-- Table structure for table `ps_product`
--

CREATE TABLE `ps_product` (
  `id_product` int(10) unsigned NOT NULL AUTO_INCREMENT,
  `id_supplier` int(10) unsigned DEFAULT NULL,
  `id_manufacturer` int(10) unsigned DEFAULT NULL,
  `id_category_default` int(10) unsigned DEFAULT NULL,
  `id_shop_default` int(10) unsigned NOT NULL DEFAULT '1',
  `id_tax_rules_group` int(11) unsigned NOT NULL,
  `on_sale` tinyint(1) unsigned NOT NULL DEFAULT '0',
  `online_only` tinyint(1) unsigned NOT NULL DEFAULT '0',
  `ean13` varchar(13) DEFAULT NULL,
  `upc` varchar(12) DEFAULT NULL,
  `ecotax` decimal(17,6) NOT NULL DEFAULT '0.000000',
  `quantity` int(10) NOT NULL DEFAULT '0',
  `minimal_quantity` int(10) unsigned NOT NULL DEFAULT '1',
  `price` decimal(20,6) NOT NULL DEFAULT '0.000000',
  `wholesale_price` decimal(20,6) NOT NULL DEFAULT '0.000000',
  `unity` varchar(255) DEFAULT NULL,
  `unit_price_ratio` decimal(20,6) NOT NULL DEFAULT '0.000000',
  `additional_shipping_cost` decimal(20,2) NOT NULL DEFAULT '0.00',
  `reference` varchar(32) DEFAULT NULL,
  `supplier_reference` varchar(32) DEFAULT NULL,
  `location` varchar(64) DEFAULT NULL,
  `width` decimal(20,6) NOT NULL DEFAULT '0.000000',
  `height` decimal(20,6) NOT NULL DEFAULT '0.000000',
  `depth` decimal(20,6) NOT NULL DEFAULT '0.000000',
  `weight` decimal(20,6) NOT NULL DEFAULT '0.000000',
  `out_of_stock` int(10) unsigned NOT NULL DEFAULT '2',
  `quantity_discount` tinyint(1) DEFAULT '0',
  `customizable` tinyint(2) NOT NULL DEFAULT '0',
  `uploadable_files` tinyint(4) NOT NULL DEFAULT '0',
  `text_fields` tinyint(4) NOT NULL DEFAULT '0',
  `active` tinyint(1) unsigned NOT NULL DEFAULT '0',
  `redirect_type` enum('','404','301','302') NOT NULL DEFAULT '',
  `id_product_redirected` int(10) unsigned NOT NULL DEFAULT '0',
  `available_for_order` tinyint(1) NOT NULL DEFAULT '1',
  `available_date` date NOT NULL,
  `condition` enum('new','used','refurbished') NOT NULL DEFAULT 'new',
  `show_price` tinyint(1) NOT NULL DEFAULT '1',
  `indexed` tinyint(1) NOT NULL DEFAULT '0',
  `visibility` enum('both','catalog','search','none') NOT NULL DEFAULT 'both',
  `cache_is_pack` tinyint(1) NOT NULL DEFAULT '0',
  `cache_has_attachments` tinyint(1) NOT NULL DEFAULT '0',
  `is_virtual` tinyint(1) NOT NULL DEFAULT '0',
  `cache_default_attribute` int(10) unsigned DEFAULT NULL,
  `date_add` datetime NOT NULL,
  `date_upd` datetime NOT NULL,
  `advanced_stock_management` tinyint(1) NOT NULL DEFAULT '0',
  PRIMARY KEY (`id_product`),
  KEY `product_supplier` (`id_supplier`),
  KEY `product_manufacturer` (`id_manufacturer`),
  KEY `id_category_default` (`id_category_default`),
  KEY `indexed` (`indexed`),
  KEY `date_add` (`date_add`)
) ENGINE=InnoDB AUTO_INCREMENT=8 DEFAULT CHARSET=utf8;

--
-- Dumping data for table `ps_product`
--

INSERT INTO `ps_product` VALUES (1,1,1,5,1,1,0,0,'0','',0.000000,0,1,16.510000,4.950000,'',0.000000,0.00,'demo_1','','',0.000000,0.000000,0.000000,0.000000,2,0,0,0,0,1,'404',0,1,'0000-00-00','new',1,1,'both',0,0,0,1,'2014-12-08 16:18:30','2014-12-08 16:18:30',0),(2,1,1,7,1,1,0,0,'0','',0.000000,0,1,26.999852,8.100000,'',0.000000,0.00,'demo_2','','',0.000000,0.000000,0.000000,0.000000,2,0,0,0,0,1,'404',0,1,'0000-00-00','new',1,1,'both',0,0,0,7,'2014-12-08 16:18:30','2014-12-08 16:18:30',0),(3,1,1,9,1,1,0,0,'0','',0.000000,0,1,25.999852,7.800000,'',0.000000,0.00,'demo_3','','',0.000000,0.000000,0.000000,0.000000,2,0,0,0,0,1,'404',0,1,'0000-00-00','new',1,1,'both',0,0,0,13,'2014-12-08 16:18:30','2014-12-08 16:18:30',0),(4,1,1,10,1,1,0,0,'0','',0.000000,0,1,50.994153,15.300000,'',0.000000,0.00,'demo_4','','',0.000000,0.000000,0.000000,0.000000,2,0,0,0,0,1,'404',0,1,'0000-00-00','new',1,1,'both',0,0,0,16,'2014-12-08 16:18:30','2014-12-08 16:18:30',0),(5,1,1,11,1,1,0,0,'0','',0.000000,0,1,30.506321,9.150000,'',0.000000,0.00,'demo_5','','',0.000000,0.000000,0.000000,0.000000,2,0,0,0,0,1,'404',0,1,'0000-00-00','new',1,1,'both',0,0,0,19,'2014-12-08 16:18:30','2014-12-08 16:18:30',0),(6,1,1,11,1,1,0,0,'0','',0.000000,0,1,30.502569,9.150000,'',0.000000,0.00,'demo_6','','',0.000000,0.000000,0.000000,0.000000,2,0,0,0,0,1,'404',0,1,'0000-00-00','new',1,1,'both',0,0,0,31,'2014-12-08 16:18:30','2014-12-08 16:18:30',0),(7,1,1,11,1,1,0,0,'0','',0.000000,0,1,20.501236,6.150000,'',0.000000,0.00,'demo_7','','',0.000000,0.000000,0.000000,0.000000,2,0,0,0,0,1,'404',0,1,'0000-00-00','new',1,1,'both',0,0,0,34,'2014-12-08 16:18:30','2014-12-08 16:18:30',0);

--
-- Table structure for table `ps_product_attachment`
--

CREATE TABLE `ps_product_attachment` (
  `id_product` int(10) unsigned NOT NULL,
  `id_attachment` int(10) unsigned NOT NULL,
  PRIMARY KEY (`id_product`,`id_attachment`)
) ENGINE=InnoDB DEFAULT CHARSET=utf8;

--
-- Dumping data for table `ps_product_attachment`
--


--
-- Table structure for table `ps_product_attribute`
--

CREATE TABLE `ps_product_attribute` (
  `id_product_attribute` int(10) unsigned NOT NULL AUTO_INCREMENT,
  `id_product` int(10) unsigned NOT NULL,
  `reference` varchar(32) DEFAULT NULL,
  `supplier_reference` varchar(32) DEFAULT NULL,
  `location` varchar(64) DEFAULT NULL,
  `ean13` varchar(13) DEFAULT NULL,
  `upc` varchar(12) DEFAULT NULL,
  `wholesale_price` decimal(20,6) NOT NULL DEFAULT '0.000000',
  `price` decimal(20,6) NOT NULL DEFAULT '0.000000',
  `ecotax` decimal(17,6) NOT NULL DEFAULT '0.000000',
  `quantity` int(10) NOT NULL DEFAULT '0',
  `weight` decimal(20,6) NOT NULL DEFAULT '0.000000',
  `unit_price_impact` decimal(17,2) NOT NULL DEFAULT '0.00',
  `default_on` tinyint(1) unsigned NOT NULL DEFAULT '0',
  `minimal_quantity` int(10) unsigned NOT NULL DEFAULT '1',
  `available_date` date NOT NULL,
  PRIMARY KEY (`id_product_attribute`),
  KEY `product_attribute_product` (`id_product`),
  KEY `reference` (`reference`),
  KEY `supplier_reference` (`supplier_reference`),
  KEY `product_default` (`id_product`,`default_on`),
  KEY `id_product_id_product_attribute` (`id_product_attribute`,`id_product`)
) ENGINE=InnoDB AUTO_INCREMENT=46 DEFAULT CHARSET=utf8;

--
-- Dumping data for table `ps_product_attribute`
--

INSERT INTO `ps_product_attribute` VALUES (1,1,'','','','','',0.000000,0.000000,0.000000,100,0.000000,0.00,1,1,'0000-00-00'),(2,1,'','','','','',0.000000,0.000000,0.000000,100,0.000000,0.00,0,1,'0000-00-00'),(3,1,'','','','','',0.000000,0.000000,0.000000,100,0.000000,0.00,0,1,'0000-00-00'),(4,1,'','','','','',0.000000,0.000000,0.000000,100,0.000000,0.00,0,1,'0000-00-00'),(5,1,'','','','','',0.000000,0.000000,0.000000,100,0.000000,0.00,0,1,'0000-00-00'),(6,1,'','','','','',0.000000,0.000000,0.000000,100,0.000000,0.00,0,1,'0000-00-00'),(7,2,'','','','','',0.000000,0.000000,0.000000,100,0.000000,0.00,1,1,'0000-00-00'),(8,2,'','','','','',0.000000,0.000000,0.000000,100,0.000000,0.00,0,1,'0000-00-00'),(9,2,'','','','','',0.000000,0.000000,0.000000,100,0.000000,0.00,0,1,'0000-00-00'),(10,2,'','','','','',0.000000,0.000000,0.000000,100,0.000000,0.00,0,1,'0000-00-00'),(11,2,'','','','','',0.000000,0.000000,0.000000,100,0.000000,0.00,0,1,'0000-00-00'),(12,2,'','','','','',0.000000,0.000000,0.000000,100,0.000000,0.00,0,1,'0000-00-00'),(13,3,'','','','','',0.000000,0.000000,0.000000,100,0.000000,0.00,1,1,'0000-00-00'),(14,3,'','','','','',0.000000,0.000000,0.000000,100,0.000000,0.00,0,1,'0000-00-00'),(15,3,'','','','','',0.000000,0.000000,0.000000,100,0.000000,0.00,0,1,'0000-00-00'),(16,4,'','','','','',0.000000,0.000000,0.000000,100,0.000000,0.00,1,1,'0000-00-00'),(17,4,'','','','','',0.000000,0.000000,0.000000,100,0.000000,0.00,0,1,'0000-00-00'),(18,4,'','','','','',0.000000,0.000000,0.000000,100,0.000000,0.00,0,1,'0000-00-00'),(19,5,'','','','','',0.000000,0.000000,0.000000,100,0.000000,0.00,1,1,'0000-00-00'),(20,5,'','','','','',0.000000,0.000000,0.000000,100,0.000000,0.00,0,1,'0000-00-00'),(21,5,'','','','','',0.000000,0.000000,0.000000,100,0.000000,0.00,0,1,'0000-00-00'),(22,5,'','','','','',0.000000,0.000000,0.000000,100,0.000000,0.00,0,1,'0000-00-00'),(23,5,'','','','','',0.000000,0.000000,0.000000,100,0.000000,0.00,0,1,'0000-00-00'),(24,5,'','','','','',0.000000,0.000000,0.000000,100,0.000000,0.00,0,1,'0000-00-00'),(25,5,'','','','','',0.000000,0.000000,0.000000,100,0.000000,0.00,0,1,'0000-00-00'),(26,5,'','','','','',0.000000,0.000000,0.000000,100,0.000000,0.00,0,1,'0000-00-00'),(27,5,'','','','','',0.000000,0.000000,0.000000,100,0.000000,0.00,0,1,'0000-00-00'),(28,5,'','','','','',0.000000,0.000000,0.000000,100,0.000000,0.00,0,1,'0000-00-00'),(29,5,'','','','','',0.000000,0.000000,0.000000,100,0.000000,0.00,0,1,'0000-00-00'),(30,5,'','','','','',0.000000,0.000000,0.000000,100,0.000000,0.00,0,1,'0000-00-00'),(31,6,'','','','','',0.000000,0.000000,0.000000,100,0.000000,0.00,1,1,'0000-00-00'),(32,6,'','','','','',0.000000,0.000000,0.000000,100,0.000000,0.00,0,1,'0000-00-00'),(33,6,'','','','','',0.000000,0.000000,0.000000,100,0.000000,0.00,0,1,'0000-00-00'),(34,7,'','','','','',0.000000,0.000000,0.000000,100,0.000000,0.00,1,1,'0000-00-00'),(35,7,'','','','','',0.000000,0.000000,0.000000,100,0.000000,0.00,0,1,'0000-00-00'),(36,7,'','','','','',0.000000,0.000000,0.000000,100,0.000000,0.00,0,1,'0000-00-00'),(37,7,'','','','','',0.000000,0.000000,0.000000,0,0.000000,0.00,0,1,'0000-00-00'),(38,7,'','','','','',0.000000,0.000000,0.000000,0,0.000000,0.00,0,1,'0000-00-00'),(39,7,'','','','','',6.150000,0.000000,0.000000,0,0.000000,0.00,0,1,'0000-00-00'),(40,6,'','','','','',0.000000,0.000000,0.000000,0,0.000000,0.00,0,1,'0000-00-00'),(41,6,'','','','','',0.000000,0.000000,0.000000,0,0.000000,0.00,0,1,'0000-00-00'),(42,6,'','','','','',0.000000,0.000000,0.000000,0,0.000000,0.00,0,1,'0000-00-00'),(43,4,'','','','','',0.000000,0.000000,0.000000,0,0.000000,0.00,0,1,'0000-00-00'),(44,4,'','','','','',0.000000,0.000000,0.000000,0,0.000000,0.00,0,1,'0000-00-00'),(45,4,'','','','','',0.000000,0.000000,0.000000,0,0.000000,0.00,0,1,'0000-00-00');

--
-- Table structure for table `ps_product_attribute_combination`
--

CREATE TABLE `ps_product_attribute_combination` (
  `id_attribute` int(10) unsigned NOT NULL,
  `id_product_attribute` int(10) unsigned NOT NULL,
  PRIMARY KEY (`id_attribute`,`id_product_attribute`),
  KEY `id_product_attribute` (`id_product_attribute`)
) ENGINE=InnoDB DEFAULT CHARSET=utf8;

--
-- Dumping data for table `ps_product_attribute_combination`
--

INSERT INTO `ps_product_attribute_combination` VALUES (1,1),(13,1),(1,2),(14,2),(2,3),(13,3),(2,4),(14,4),(3,5),(13,5),(3,6),(14,6),(1,7),(11,7),(1,8),(8,8),(2,9),(11,9),(2,10),(8,10),(3,11),(11,11),(3,12),(8,12),(1,13),(13,13),(2,14),(13,14),(3,15),(13,15),(1,16),(7,16),(2,17),(7,17),(3,18),(7,18),(1,19),(16,19),(1,20),(14,20),(1,21),(13,21),(1,22),(11,22),(2,23),(16,23),(2,24),(14,24),(2,25),(13,25),(2,26),(11,26),(3,27),(16,27),(3,28),(14,28),(3,29),(13,29),(3,30),(11,30),(1,31),(16,31),(2,32),(16,32),(3,33),(16,33),(1,34),(16,34),(2,35),(16,35),(3,36),(16,36),(1,37),(15,37),(2,38),(15,38),(3,39),(15,39),(1,40),(8,40),(2,41),(8,41),(3,42),(8,42),(1,43),(24,43),(2,44),(24,44),(3,45),(24,45);

--
-- Table structure for table `ps_product_attribute_image`
--

CREATE TABLE `ps_product_attribute_image` (
  `id_product_attribute` int(10) unsigned NOT NULL,
  `id_image` int(10) unsigned NOT NULL,
  PRIMARY KEY (`id_product_attribute`,`id_image`),
  KEY `id_image` (`id_image`)
) ENGINE=InnoDB DEFAULT CHARSET=utf8;

--
-- Dumping data for table `ps_product_attribute_image`
--

INSERT INTO `ps_product_attribute_image` VALUES (1,1),(3,1),(5,1),(1,2),(3,2),(5,2),(2,3),(4,3),(6,3),(2,4),(4,4),(6,4),(8,5),(10,5),(12,5),(8,6),(10,6),(12,6),(7,7),(9,7),(11,7),(16,10),(17,10),(18,10),(43,11),(44,11),(45,11),(19,12),(23,12),(27,12),(20,13),(24,13),(28,13),(21,14),(25,14),(29,14),(22,15),(26,15),(30,15),(31,16),(32,16),(33,16),(31,17),(32,17),(33,17),(40,18),(41,18),(42,18),(40,19),(41,19),(42,19),(34,20),(35,20),(36,20),(34,21),(35,21),(36,21),(37,22),(38,22),(39,22),(37,23),(38,23),(39,23);

--
-- Table structure for table `ps_product_attribute_shop`
--

CREATE TABLE `ps_product_attribute_shop` (
  `id_product_attribute` int(10) unsigned NOT NULL,
  `id_shop` int(10) unsigned NOT NULL,
  `wholesale_price` decimal(20,6) NOT NULL DEFAULT '0.000000',
  `price` decimal(20,6) NOT NULL DEFAULT '0.000000',
  `ecotax` decimal(17,6) NOT NULL DEFAULT '0.000000',
  `weight` decimal(20,6) NOT NULL DEFAULT '0.000000',
  `unit_price_impact` decimal(17,2) NOT NULL DEFAULT '0.00',
  `default_on` tinyint(1) unsigned NOT NULL DEFAULT '0',
  `minimal_quantity` int(10) unsigned NOT NULL DEFAULT '1',
  `available_date` date NOT NULL,
  PRIMARY KEY (`id_product_attribute`,`id_shop`)
) ENGINE=InnoDB DEFAULT CHARSET=utf8;

--
-- Dumping data for table `ps_product_attribute_shop`
--

INSERT INTO `ps_product_attribute_shop` VALUES (1,1,0.000000,0.000000,0.000000,0.000000,0.00,1,1,'0000-00-00'),(2,1,0.000000,0.000000,0.000000,0.000000,0.00,0,1,'0000-00-00'),(3,1,0.000000,0.000000,0.000000,0.000000,0.00,0,1,'0000-00-00'),(4,1,0.000000,0.000000,0.000000,0.000000,0.00,0,1,'0000-00-00'),(5,1,0.000000,0.000000,0.000000,0.000000,0.00,0,1,'0000-00-00'),(6,1,0.000000,0.000000,0.000000,0.000000,0.00,0,1,'0000-00-00'),(7,1,0.000000,0.000000,0.000000,0.000000,0.00,1,1,'0000-00-00'),(8,1,0.000000,0.000000,0.000000,0.000000,0.00,0,1,'0000-00-00'),(9,1,0.000000,0.000000,0.000000,0.000000,0.00,0,1,'0000-00-00'),(10,1,0.000000,0.000000,0.000000,0.000000,0.00,0,1,'0000-00-00'),(11,1,0.000000,0.000000,0.000000,0.000000,0.00,0,1,'0000-00-00'),(12,1,0.000000,0.000000,0.000000,0.000000,0.00,0,1,'0000-00-00'),(13,1,0.000000,0.000000,0.000000,0.000000,0.00,1,1,'0000-00-00'),(14,1,0.000000,0.000000,0.000000,0.000000,0.00,0,1,'0000-00-00'),(15,1,0.000000,0.000000,0.000000,0.000000,0.00,0,1,'0000-00-00'),(16,1,0.000000,0.000000,0.000000,0.000000,0.00,1,1,'0000-00-00'),(17,1,0.000000,0.000000,0.000000,0.000000,0.00,0,1,'0000-00-00'),(18,1,0.000000,0.000000,0.000000,0.000000,0.00,0,1,'0000-00-00'),(19,1,0.000000,0.000000,0.000000,0.000000,0.00,1,1,'0000-00-00'),(20,1,0.000000,0.000000,0.000000,0.000000,0.00,0,1,'0000-00-00'),(21,1,0.000000,0.000000,0.000000,0.000000,0.00,0,1,'0000-00-00'),(22,1,0.000000,0.000000,0.000000,0.000000,0.00,0,1,'0000-00-00'),(23,1,0.000000,0.000000,0.000000,0.000000,0.00,0,1,'0000-00-00'),(24,1,0.000000,0.000000,0.000000,0.000000,0.00,0,1,'0000-00-00'),(25,1,0.000000,0.000000,0.000000,0.000000,0.00,0,1,'0000-00-00'),(26,1,0.000000,0.000000,0.000000,0.000000,0.00,0,1,'0000-00-00'),(27,1,0.000000,0.000000,0.000000,0.000000,0.00,0,1,'0000-00-00'),(28,1,0.000000,0.000000,0.000000,0.000000,0.00,0,1,'0000-00-00'),(29,1,0.000000,0.000000,0.000000,0.000000,0.00,0,1,'0000-00-00'),(30,1,0.000000,0.000000,0.000000,0.000000,0.00,0,1,'0000-00-00'),(31,1,0.000000,0.000000,0.000000,0.000000,0.00,1,1,'0000-00-00'),(32,1,0.000000,0.000000,0.000000,0.000000,0.00,0,1,'0000-00-00'),(33,1,0.000000,0.000000,0.000000,0.000000,0.00,0,1,'0000-00-00'),(34,1,0.000000,0.000000,0.000000,0.000000,0.00,1,1,'0000-00-00'),(35,1,0.000000,0.000000,0.000000,0.000000,0.00,0,1,'0000-00-00'),(36,1,0.000000,0.000000,0.000000,0.000000,0.00,0,1,'0000-00-00'),(37,1,0.000000,0.000000,0.000000,0.000000,0.00,0,1,'0000-00-00'),(38,1,0.000000,0.000000,0.000000,0.000000,0.00,0,1,'0000-00-00'),(39,1,6.150000,0.000000,0.000000,0.000000,0.00,0,1,'0000-00-00'),(40,1,0.000000,0.000000,0.000000,0.000000,0.00,0,1,'0000-00-00'),(41,1,0.000000,0.000000,0.000000,0.000000,0.00,0,1,'0000-00-00'),(42,1,0.000000,0.000000,0.000000,0.000000,0.00,0,1,'0000-00-00'),(43,1,0.000000,0.000000,0.000000,0.000000,0.00,0,1,'0000-00-00'),(44,1,0.000000,0.000000,0.000000,0.000000,0.00,0,1,'0000-00-00'),(45,1,0.000000,0.000000,0.000000,0.000000,0.00,0,1,'0000-00-00');

--
-- Table structure for table `ps_product_carrier`
--

CREATE TABLE `ps_product_carrier` (
  `id_product` int(10) unsigned NOT NULL,
  `id_carrier_reference` int(10) unsigned NOT NULL,
  `id_shop` int(10) unsigned NOT NULL,
  PRIMARY KEY (`id_product`,`id_carrier_reference`,`id_shop`)
) ENGINE=InnoDB DEFAULT CHARSET=utf8;

--
-- Dumping data for table `ps_product_carrier`
--


--
-- Table structure for table `ps_product_comment`
--

CREATE TABLE `ps_product_comment` (
  `id_product_comment` int(10) unsigned NOT NULL AUTO_INCREMENT,
  `id_product` int(10) unsigned NOT NULL,
  `id_customer` int(10) unsigned NOT NULL,
  `id_guest` int(10) unsigned DEFAULT NULL,
  `title` varchar(64) DEFAULT NULL,
  `content` text NOT NULL,
  `customer_name` varchar(64) DEFAULT NULL,
  `grade` float unsigned NOT NULL,
  `validate` tinyint(1) NOT NULL,
  `deleted` tinyint(1) NOT NULL,
  `date_add` datetime NOT NULL,
  PRIMARY KEY (`id_product_comment`),
  KEY `id_product` (`id_product`),
  KEY `id_customer` (`id_customer`),
  KEY `id_guest` (`id_guest`)
) ENGINE=InnoDB DEFAULT CHARSET=utf8;

--
-- Dumping data for table `ps_product_comment`
--


--
-- Table structure for table `ps_product_comment_criterion`
--

CREATE TABLE `ps_product_comment_criterion` (
  `id_product_comment_criterion` int(10) unsigned NOT NULL AUTO_INCREMENT,
  `id_product_comment_criterion_type` tinyint(1) NOT NULL,
  `active` tinyint(1) NOT NULL,
  PRIMARY KEY (`id_product_comment_criterion`)
) ENGINE=InnoDB AUTO_INCREMENT=2 DEFAULT CHARSET=utf8;

--
-- Dumping data for table `ps_product_comment_criterion`
--

INSERT INTO `ps_product_comment_criterion` VALUES (1,1,1);

--
-- Table structure for table `ps_product_comment_criterion_category`
--

CREATE TABLE `ps_product_comment_criterion_category` (
  `id_product_comment_criterion` int(10) unsigned NOT NULL,
  `id_category` int(10) unsigned NOT NULL,
  PRIMARY KEY (`id_product_comment_criterion`,`id_category`),
  KEY `id_category` (`id_category`)
) ENGINE=InnoDB DEFAULT CHARSET=utf8;

--
-- Dumping data for table `ps_product_comment_criterion_category`
--


--
-- Table structure for table `ps_product_comment_criterion_lang`
--

CREATE TABLE `ps_product_comment_criterion_lang` (
  `id_product_comment_criterion` int(11) unsigned NOT NULL,
  `id_lang` int(11) unsigned NOT NULL,
  `name` varchar(64) NOT NULL,
  PRIMARY KEY (`id_product_comment_criterion`,`id_lang`)
) ENGINE=InnoDB DEFAULT CHARSET=utf8;

--
-- Dumping data for table `ps_product_comment_criterion_lang`
--

INSERT INTO `ps_product_comment_criterion_lang` VALUES (1,1,'Quality');

--
-- Table structure for table `ps_product_comment_criterion_product`
--

CREATE TABLE `ps_product_comment_criterion_product` (
  `id_product` int(10) unsigned NOT NULL,
  `id_product_comment_criterion` int(10) unsigned NOT NULL,
  PRIMARY KEY (`id_product`,`id_product_comment_criterion`),
  KEY `id_product_comment_criterion` (`id_product_comment_criterion`)
) ENGINE=InnoDB DEFAULT CHARSET=utf8;

--
-- Dumping data for table `ps_product_comment_criterion_product`
--


--
-- Table structure for table `ps_product_comment_grade`
--

CREATE TABLE `ps_product_comment_grade` (
  `id_product_comment` int(10) unsigned NOT NULL,
  `id_product_comment_criterion` int(10) unsigned NOT NULL,
  `grade` int(10) unsigned NOT NULL,
  PRIMARY KEY (`id_product_comment`,`id_product_comment_criterion`),
  KEY `id_product_comment_criterion` (`id_product_comment_criterion`)
) ENGINE=InnoDB DEFAULT CHARSET=utf8;

--
-- Dumping data for table `ps_product_comment_grade`
--


--
-- Table structure for table `ps_product_comment_report`
--

CREATE TABLE `ps_product_comment_report` (
  `id_product_comment` int(10) unsigned NOT NULL,
  `id_customer` int(10) unsigned NOT NULL,
  PRIMARY KEY (`id_product_comment`,`id_customer`)
) ENGINE=InnoDB DEFAULT CHARSET=utf8;

--
-- Dumping data for table `ps_product_comment_report`
--


--
-- Table structure for table `ps_product_comment_usefulness`
--

CREATE TABLE `ps_product_comment_usefulness` (
  `id_product_comment` int(10) unsigned NOT NULL,
  `id_customer` int(10) unsigned NOT NULL,
  `usefulness` tinyint(1) unsigned NOT NULL,
  PRIMARY KEY (`id_product_comment`,`id_customer`)
) ENGINE=InnoDB DEFAULT CHARSET=utf8;

--
-- Dumping data for table `ps_product_comment_usefulness`
--


--
-- Table structure for table `ps_product_country_tax`
--

CREATE TABLE `ps_product_country_tax` (
  `id_product` int(11) NOT NULL,
  `id_country` int(11) NOT NULL,
  `id_tax` int(11) NOT NULL,
  PRIMARY KEY (`id_product`,`id_country`)
) ENGINE=InnoDB DEFAULT CHARSET=utf8;

--
-- Dumping data for table `ps_product_country_tax`
--


--
-- Table structure for table `ps_product_download`
--

CREATE TABLE `ps_product_download` (
  `id_product_download` int(10) unsigned NOT NULL AUTO_INCREMENT,
  `id_product` int(10) unsigned NOT NULL,
  `display_filename` varchar(255) DEFAULT NULL,
  `filename` varchar(255) DEFAULT NULL,
  `date_add` datetime NOT NULL,
  `date_expiration` datetime DEFAULT NULL,
  `nb_days_accessible` int(10) unsigned DEFAULT NULL,
  `nb_downloadable` int(10) unsigned DEFAULT '1',
  `active` tinyint(1) unsigned NOT NULL DEFAULT '1',
  `is_shareable` tinyint(1) unsigned NOT NULL DEFAULT '0',
  PRIMARY KEY (`id_product_download`),
  KEY `product_active` (`id_product`,`active`)
) ENGINE=InnoDB DEFAULT CHARSET=utf8;

--
-- Dumping data for table `ps_product_download`
--


--
-- Table structure for table `ps_product_group_reduction_cache`
--

CREATE TABLE `ps_product_group_reduction_cache` (
  `id_product` int(10) unsigned NOT NULL,
  `id_group` int(10) unsigned NOT NULL,
  `reduction` decimal(4,3) NOT NULL,
  PRIMARY KEY (`id_product`,`id_group`)
) ENGINE=InnoDB DEFAULT CHARSET=utf8;

--
-- Dumping data for table `ps_product_group_reduction_cache`
--


--
-- Table structure for table `ps_product_lang`
--

CREATE TABLE `ps_product_lang` (
  `id_product` int(10) unsigned NOT NULL,
  `id_shop` int(11) unsigned NOT NULL DEFAULT '1',
  `id_lang` int(10) unsigned NOT NULL,
  `description` text,
  `description_short` text,
  `link_rewrite` varchar(128) NOT NULL,
  `meta_description` varchar(255) DEFAULT NULL,
  `meta_keywords` varchar(255) DEFAULT NULL,
  `meta_title` varchar(128) DEFAULT NULL,
  `name` varchar(128) NOT NULL,
  `available_now` varchar(255) DEFAULT NULL,
  `available_later` varchar(255) DEFAULT NULL,
  PRIMARY KEY (`id_product`,`id_shop`,`id_lang`),
  KEY `id_lang` (`id_lang`),
  KEY `name` (`name`)
) ENGINE=InnoDB DEFAULT CHARSET=utf8;

--
-- Dumping data for table `ps_product_lang`
--

INSERT INTO `ps_product_lang` VALUES (1,1,1,'<p>Fashion has been creating well-designed collections since 2010. The brand offers feminine designs delivering stylish separates and statement dresses which has since evolved into a full ready-to-wear collection in which every item is a vital part of a woman\'s wardrobe. The result? Cool, easy, chic looks with youthful elegance and unmistakable signature style. All the beautiful pieces are made in Italy and manufactured with the greatest attention. Now Fashion extends to a range of accessories including shoes, hats, belts and more!</p>','<p>Faded short sleeve t-shirt with high neckline. Soft and stretchy material for a comfortable fit. Accessorize with a straw hat and you\'re ready for summer!</p>','faded-short-sleeve-tshirts','','','','Faded Short Sleeve T-shirts','In stock',''),(2,1,1,'<p>Fashion has been creating well-designed collections since 2010. The brand offers feminine designs delivering stylish separates and statement dresses which has since evolved into a full ready-to-wear collection in which every item is a vital part of a woman\'s wardrobe. The result? Cool, easy, chic looks with youthful elegance and unmistakable signature style. All the beautiful pieces are made in Italy and manufactured with the greatest attention. Now Fashion extends to a range of accessories including shoes, hats, belts and more!</p>','<p>Short sleeved blouse with feminine draped sleeve detail.</p>','blouse','','','','Blouse','In stock',''),(3,1,1,'<p>Fashion has been creating well-designed collections since 2010. The brand offers feminine designs delivering stylish separates and statement dresses which has since evolved into a full ready-to-wear collection in which every item is a vital part of a woman\'s wardrobe. The result? Cool, easy, chic looks with youthful elegance and unmistakable signature style. All the beautiful pieces are made in Italy and manufactured with the greatest attention. Now Fashion extends to a range of accessories including shoes, hats, belts and more!</p>','<p>100% cotton double printed dress. Black and white striped top and orange high waisted skater skirt bottom.</p>','printed-dress','','','','Printed Dress','In stock',''),(4,1,1,'<p>Fashion has been creating well-designed collections since 2010. The brand offers feminine designs delivering stylish separates and statement dresses which has since evolved into a full ready-to-wear collection in which every item is a vital part of a woman\'s wardrobe. The result? Cool, easy, chic looks with youthful elegance and unmistakable signature style. All the beautiful pieces are made in Italy and manufactured with the greatest attention. Now Fashion extends to a range of accessories including shoes, hats, belts and more!</p>','<p>Printed evening dress with straight sleeves with black thin waist belt and ruffled linings.</p>','printed-dress','','','','Printed Dress','In stock',''),(5,1,1,'<p>Fashion has been creating well-designed collections since 2010. The brand offers feminine designs delivering stylish separates and statement dresses which has since evolved into a full ready-to-wear collection in which every item is a vital part of a woman\'s wardrobe. The result? Cool, easy, chic looks with youthful elegance and unmistakable signature style. All the beautiful pieces are made in Italy and manufactured with the greatest attention. Now Fashion extends to a range of accessories including shoes, hats, belts and more!</p>','<p>Long printed dress with thin adjustable straps. V-neckline and wiring under the bust with ruffles at the bottom of the dress.</p>','printed-summer-dress','','','','Printed Summer Dress','In stock',''),(6,1,1,'<p>Fashion has been creating well-designed collections since 2010. The brand offers feminine designs delivering stylish separates and statement dresses which has since evolved into a full ready-to-wear collection in which every item is a vital part of a woman\'s wardrobe. The result? Cool, easy, chic looks with youthful elegance and unmistakable signature style. All the beautiful pieces are made in Italy and manufactured with the greatest attention. Now Fashion extends to a range of accessories including shoes, hats, belts and more!</p>','<p>Sleeveless knee-length chiffon dress. V-neckline with elastic under the bust lining.</p>','printed-summer-dress','','','','Printed Summer Dress','In stock',''),(7,1,1,'<p>Fashion has been creating well-designed collections since 2010. The brand offers feminine designs delivering stylish separates and statement dresses which has since evolved into a full ready-to-wear collection in which every item is a vital part of a woman\'s wardrobe. The result? Cool, easy, chic looks with youthful elegance and unmistakable signature style. All the beautiful pieces are made in Italy and manufactured with the greatest attention. Now Fashion extends to a range of accessories including shoes, hats, belts and more!</p>','<p>Printed chiffon knee length dress with tank straps. Deep v-neckline.</p>','printed-chiffon-dress','','','','Printed Chiffon Dress','In stock','');

--
-- Table structure for table `ps_product_sale`
--

CREATE TABLE `ps_product_sale` (
  `id_product` int(10) unsigned NOT NULL,
  `quantity` int(10) unsigned NOT NULL DEFAULT '0',
  `sale_nbr` int(10) unsigned NOT NULL DEFAULT '0',
  `date_upd` date NOT NULL,
  PRIMARY KEY (`id_product`)
) ENGINE=InnoDB DEFAULT CHARSET=utf8;

--
-- Dumping data for table `ps_product_sale`
--

INSERT INTO `ps_product_sale` VALUES (1,3,3,'2014-12-08'),(2,4,4,'2014-12-08'),(3,3,3,'2014-12-08'),(5,1,1,'2014-12-08'),(6,2,2,'2014-12-08'),(7,2,2,'2014-12-08');

--
-- Table structure for table `ps_product_shop`
--

CREATE TABLE `ps_product_shop` (
  `id_product` int(10) unsigned NOT NULL,
  `id_shop` int(10) unsigned NOT NULL,
  `id_category_default` int(10) unsigned DEFAULT NULL,
  `id_tax_rules_group` int(11) unsigned NOT NULL,
  `on_sale` tinyint(1) unsigned NOT NULL DEFAULT '0',
  `online_only` tinyint(1) unsigned NOT NULL DEFAULT '0',
  `ecotax` decimal(17,6) NOT NULL DEFAULT '0.000000',
  `minimal_quantity` int(10) unsigned NOT NULL DEFAULT '1',
  `price` decimal(20,6) NOT NULL DEFAULT '0.000000',
  `wholesale_price` decimal(20,6) NOT NULL DEFAULT '0.000000',
  `unity` varchar(255) DEFAULT NULL,
  `unit_price_ratio` decimal(20,6) NOT NULL DEFAULT '0.000000',
  `additional_shipping_cost` decimal(20,2) NOT NULL DEFAULT '0.00',
  `customizable` tinyint(2) NOT NULL DEFAULT '0',
  `uploadable_files` tinyint(4) NOT NULL DEFAULT '0',
  `text_fields` tinyint(4) NOT NULL DEFAULT '0',
  `active` tinyint(1) unsigned NOT NULL DEFAULT '0',
  `redirect_type` enum('','404','301','302') NOT NULL DEFAULT '',
  `id_product_redirected` int(10) unsigned NOT NULL DEFAULT '0',
  `available_for_order` tinyint(1) NOT NULL DEFAULT '1',
  `available_date` date NOT NULL,
  `condition` enum('new','used','refurbished') NOT NULL DEFAULT 'new',
  `show_price` tinyint(1) NOT NULL DEFAULT '1',
  `indexed` tinyint(1) NOT NULL DEFAULT '0',
  `visibility` enum('both','catalog','search','none') NOT NULL DEFAULT 'both',
  `cache_default_attribute` int(10) unsigned DEFAULT NULL,
  `advanced_stock_management` tinyint(1) NOT NULL DEFAULT '0',
  `date_add` datetime NOT NULL,
  `date_upd` datetime NOT NULL,
  PRIMARY KEY (`id_product`,`id_shop`),
  KEY `id_category_default` (`id_category_default`),
  KEY `date_add` (`date_add`,`active`,`visibility`)
) ENGINE=InnoDB DEFAULT CHARSET=utf8;

--
-- Dumping data for table `ps_product_shop`
--

INSERT INTO `ps_product_shop` VALUES (1,1,5,1,0,0,0.000000,1,16.510000,4.950000,'',0.000000,0.00,0,0,0,1,'404',0,1,'0000-00-00','new',1,1,'both',1,0,'2014-12-08 16:18:30','2014-12-08 16:18:30'),(2,1,7,1,0,0,0.000000,1,26.999852,8.100000,'',0.000000,0.00,0,0,0,1,'404',0,1,'0000-00-00','new',1,1,'both',7,0,'2014-12-08 16:18:30','2014-12-08 16:18:30'),(3,1,9,1,0,0,0.000000,1,25.999852,7.800000,'',0.000000,0.00,0,0,0,1,'404',0,1,'0000-00-00','new',1,1,'both',13,0,'2014-12-08 16:18:30','2014-12-08 16:18:30'),(4,1,10,1,0,0,0.000000,1,50.994153,15.300000,'',0.000000,0.00,0,0,0,1,'404',0,1,'0000-00-00','new',1,1,'both',16,0,'2014-12-08 16:18:30','2014-12-08 16:18:30'),(5,1,11,1,0,0,0.000000,1,30.506321,9.150000,'',0.000000,0.00,0,0,0,1,'404',0,1,'0000-00-00','new',1,1,'both',19,0,'2014-12-08 16:18:30','2014-12-08 16:18:30'),(6,1,11,1,0,0,0.000000,1,30.502569,9.150000,'',0.000000,0.00,0,0,0,1,'404',0,1,'0000-00-00','new',1,1,'both',31,0,'2014-12-08 16:18:30','2014-12-08 16:18:30'),(7,1,11,1,0,0,0.000000,1,20.501236,6.150000,'',0.000000,0.00,0,0,0,1,'404',0,1,'0000-00-00','new',1,1,'both',34,0,'2014-12-08 16:18:30','2014-12-08 16:18:30');

--
-- Table structure for table `ps_product_supplier`
--

CREATE TABLE `ps_product_supplier` (
  `id_product_supplier` int(11) unsigned NOT NULL AUTO_INCREMENT,
  `id_product` int(11) unsigned NOT NULL,
  `id_product_attribute` int(11) unsigned NOT NULL DEFAULT '0',
  `id_supplier` int(11) unsigned NOT NULL,
  `product_supplier_reference` varchar(32) DEFAULT NULL,
  `product_supplier_price_te` decimal(20,6) NOT NULL DEFAULT '0.000000',
  `id_currency` int(11) unsigned NOT NULL,
  PRIMARY KEY (`id_product_supplier`),
  UNIQUE KEY `id_product` (`id_product`,`id_product_attribute`,`id_supplier`)
) ENGINE=InnoDB AUTO_INCREMENT=8 DEFAULT CHARSET=utf8;

--
-- Dumping data for table `ps_product_supplier`
--

INSERT INTO `ps_product_supplier` VALUES (1,1,0,1,'',0.000000,0),(2,2,0,1,'',0.000000,0),(3,3,0,1,'',0.000000,0),(4,4,0,1,'',0.000000,0),(5,5,0,1,'',0.000000,0),(6,6,0,1,'',0.000000,0),(7,7,0,1,'',0.000000,0);

--
-- Table structure for table `ps_product_tag`
--

CREATE TABLE `ps_product_tag` (
  `id_product` int(10) unsigned NOT NULL,
  `id_tag` int(10) unsigned NOT NULL,
  PRIMARY KEY (`id_product`,`id_tag`),
  KEY `id_tag` (`id_tag`)
) ENGINE=InnoDB DEFAULT CHARSET=utf8;

--
-- Dumping data for table `ps_product_tag`
--


--
-- Table structure for table `ps_profile`
--

CREATE TABLE `ps_profile` (
  `id_profile` int(10) unsigned NOT NULL AUTO_INCREMENT,
  PRIMARY KEY (`id_profile`)
) ENGINE=InnoDB AUTO_INCREMENT=5 DEFAULT CHARSET=utf8;

--
-- Dumping data for table `ps_profile`
--

INSERT INTO `ps_profile` VALUES (1),(2),(3),(4);

--
-- Table structure for table `ps_profile_lang`
--

CREATE TABLE `ps_profile_lang` (
  `id_lang` int(10) unsigned NOT NULL,
  `id_profile` int(10) unsigned NOT NULL,
  `name` varchar(128) NOT NULL,
  PRIMARY KEY (`id_profile`,`id_lang`)
) ENGINE=InnoDB DEFAULT CHARSET=utf8;

--
-- Dumping data for table `ps_profile_lang`
--

INSERT INTO `ps_profile_lang` VALUES (1,1,'SuperAdmin'),(1,2,'Logistician'),(1,3,'Translator'),(1,4,'Salesman');

--
-- Table structure for table `ps_quick_access`
--

CREATE TABLE `ps_quick_access` (
  `id_quick_access` int(10) unsigned NOT NULL AUTO_INCREMENT,
  `new_window` tinyint(1) NOT NULL DEFAULT '0',
  `link` varchar(128) NOT NULL,
  PRIMARY KEY (`id_quick_access`)
) ENGINE=InnoDB AUTO_INCREMENT=4 DEFAULT CHARSET=utf8;

--
-- Dumping data for table `ps_quick_access`
--

INSERT INTO `ps_quick_access` VALUES (1,0,'index.php?controller=AdminCategories&addcategory'),(2,0,'index.php?controller=AdminProducts&addproduct'),(3,0,'index.php?controller=AdminCartRules&addcart_rule');

--
-- Table structure for table `ps_quick_access_lang`
--

CREATE TABLE `ps_quick_access_lang` (
  `id_quick_access` int(10) unsigned NOT NULL,
  `id_lang` int(10) unsigned NOT NULL,
  `name` varchar(32) NOT NULL,
  PRIMARY KEY (`id_quick_access`,`id_lang`)
) ENGINE=InnoDB DEFAULT CHARSET=utf8;

--
-- Dumping data for table `ps_quick_access_lang`
--

INSERT INTO `ps_quick_access_lang` VALUES (1,1,'New category'),(2,1,'New product'),(3,1,'New voucher');

--
-- Table structure for table `ps_range_price`
--

CREATE TABLE `ps_range_price` (
  `id_range_price` int(10) unsigned NOT NULL AUTO_INCREMENT,
  `id_carrier` int(10) unsigned NOT NULL,
  `delimiter1` decimal(20,6) NOT NULL,
  `delimiter2` decimal(20,6) NOT NULL,
  PRIMARY KEY (`id_range_price`),
  UNIQUE KEY `id_carrier` (`id_carrier`,`delimiter1`,`delimiter2`)
) ENGINE=InnoDB AUTO_INCREMENT=2 DEFAULT CHARSET=utf8;

--
-- Dumping data for table `ps_range_price`
--

INSERT INTO `ps_range_price` VALUES (1,2,0.000000,10000.000000);

--
-- Table structure for table `ps_range_weight`
--

CREATE TABLE `ps_range_weight` (
  `id_range_weight` int(10) unsigned NOT NULL AUTO_INCREMENT,
  `id_carrier` int(10) unsigned NOT NULL,
  `delimiter1` decimal(20,6) NOT NULL,
  `delimiter2` decimal(20,6) NOT NULL,
  PRIMARY KEY (`id_range_weight`),
  UNIQUE KEY `id_carrier` (`id_carrier`,`delimiter1`,`delimiter2`)
) ENGINE=InnoDB AUTO_INCREMENT=2 DEFAULT CHARSET=utf8;

--
-- Dumping data for table `ps_range_weight`
--

INSERT INTO `ps_range_weight` VALUES (1,2,0.000000,10000.000000);

--
-- Table structure for table `ps_referrer`
--

CREATE TABLE `ps_referrer` (
  `id_referrer` int(10) unsigned NOT NULL AUTO_INCREMENT,
  `name` varchar(64) NOT NULL,
  `passwd` varchar(32) DEFAULT NULL,
  `http_referer_regexp` varchar(64) DEFAULT NULL,
  `http_referer_like` varchar(64) DEFAULT NULL,
  `request_uri_regexp` varchar(64) DEFAULT NULL,
  `request_uri_like` varchar(64) DEFAULT NULL,
  `http_referer_regexp_not` varchar(64) DEFAULT NULL,
  `http_referer_like_not` varchar(64) DEFAULT NULL,
  `request_uri_regexp_not` varchar(64) DEFAULT NULL,
  `request_uri_like_not` varchar(64) DEFAULT NULL,
  `base_fee` decimal(5,2) NOT NULL DEFAULT '0.00',
  `percent_fee` decimal(5,2) NOT NULL DEFAULT '0.00',
  `click_fee` decimal(5,2) NOT NULL DEFAULT '0.00',
  `date_add` datetime NOT NULL,
  PRIMARY KEY (`id_referrer`)
) ENGINE=InnoDB DEFAULT CHARSET=utf8;

--
-- Dumping data for table `ps_referrer`
--


--
-- Table structure for table `ps_referrer_cache`
--

CREATE TABLE `ps_referrer_cache` (
  `id_connections_source` int(11) unsigned NOT NULL,
  `id_referrer` int(11) unsigned NOT NULL,
  PRIMARY KEY (`id_connections_source`,`id_referrer`)
) ENGINE=InnoDB DEFAULT CHARSET=utf8;

--
-- Dumping data for table `ps_referrer_cache`
--


--
-- Table structure for table `ps_referrer_shop`
--

CREATE TABLE `ps_referrer_shop` (
  `id_referrer` int(10) unsigned NOT NULL AUTO_INCREMENT,
  `id_shop` int(10) unsigned NOT NULL DEFAULT '1',
  `cache_visitors` int(11) DEFAULT NULL,
  `cache_visits` int(11) DEFAULT NULL,
  `cache_pages` int(11) DEFAULT NULL,
  `cache_registrations` int(11) DEFAULT NULL,
  `cache_orders` int(11) DEFAULT NULL,
  `cache_sales` decimal(17,2) DEFAULT NULL,
  `cache_reg_rate` decimal(5,4) DEFAULT NULL,
  `cache_order_rate` decimal(5,4) DEFAULT NULL,
  PRIMARY KEY (`id_referrer`,`id_shop`)
) ENGINE=InnoDB DEFAULT CHARSET=utf8;

--
-- Dumping data for table `ps_referrer_shop`
--


--
-- Table structure for table `ps_request_sql`
--

CREATE TABLE `ps_request_sql` (
  `id_request_sql` int(11) NOT NULL AUTO_INCREMENT,
  `name` varchar(200) NOT NULL,
  `sql` text NOT NULL,
  PRIMARY KEY (`id_request_sql`)
) ENGINE=InnoDB DEFAULT CHARSET=utf8;

--
-- Dumping data for table `ps_request_sql`
--


--
-- Table structure for table `ps_required_field`
--

CREATE TABLE `ps_required_field` (
  `id_required_field` int(11) NOT NULL AUTO_INCREMENT,
  `object_name` varchar(32) NOT NULL,
  `field_name` varchar(32) NOT NULL,
  PRIMARY KEY (`id_required_field`),
  KEY `object_name` (`object_name`)
) ENGINE=InnoDB DEFAULT CHARSET=utf8;

--
-- Dumping data for table `ps_required_field`
--


--
-- Table structure for table `ps_risk`
--

CREATE TABLE `ps_risk` (
  `id_risk` int(11) unsigned NOT NULL AUTO_INCREMENT,
  `percent` tinyint(3) NOT NULL,
  `color` varchar(32) DEFAULT NULL,
  PRIMARY KEY (`id_risk`)
) ENGINE=InnoDB AUTO_INCREMENT=5 DEFAULT CHARSET=utf8;

--
-- Dumping data for table `ps_risk`
--

INSERT INTO `ps_risk` VALUES (1,0,'#32CD32'),(2,35,'#FF8C00'),(3,75,'#DC143C'),(4,100,'#ec2e15');

--
-- Table structure for table `ps_risk_lang`
--

CREATE TABLE `ps_risk_lang` (
  `id_risk` int(10) unsigned NOT NULL,
  `id_lang` int(10) unsigned NOT NULL,
  `name` varchar(20) NOT NULL,
  PRIMARY KEY (`id_risk`,`id_lang`),
  KEY `id_risk` (`id_risk`)
) ENGINE=InnoDB DEFAULT CHARSET=utf8;

--
-- Dumping data for table `ps_risk_lang`
--

INSERT INTO `ps_risk_lang` VALUES (1,1,'None'),(2,1,'Low'),(3,1,'Medium'),(4,1,'High');

--
-- Table structure for table `ps_scene`
--

CREATE TABLE `ps_scene` (
  `id_scene` int(10) unsigned NOT NULL AUTO_INCREMENT,
  `active` tinyint(1) NOT NULL DEFAULT '1',
  PRIMARY KEY (`id_scene`)
) ENGINE=InnoDB DEFAULT CHARSET=utf8;

--
-- Dumping data for table `ps_scene`
--


--
-- Table structure for table `ps_scene_category`
--

CREATE TABLE `ps_scene_category` (
  `id_scene` int(10) unsigned NOT NULL,
  `id_category` int(10) unsigned NOT NULL,
  PRIMARY KEY (`id_scene`,`id_category`)
) ENGINE=InnoDB DEFAULT CHARSET=utf8;

--
-- Dumping data for table `ps_scene_category`
--


--
-- Table structure for table `ps_scene_lang`
--

CREATE TABLE `ps_scene_lang` (
  `id_scene` int(10) unsigned NOT NULL,
  `id_lang` int(10) unsigned NOT NULL,
  `name` varchar(100) NOT NULL,
  PRIMARY KEY (`id_scene`,`id_lang`)
) ENGINE=InnoDB DEFAULT CHARSET=utf8;

--
-- Dumping data for table `ps_scene_lang`
--


--
-- Table structure for table `ps_scene_products`
--

CREATE TABLE `ps_scene_products` (
  `id_scene` int(10) unsigned NOT NULL,
  `id_product` int(10) unsigned NOT NULL,
  `x_axis` int(4) NOT NULL,
  `y_axis` int(4) NOT NULL,
  `zone_width` int(3) NOT NULL,
  `zone_height` int(3) NOT NULL,
  PRIMARY KEY (`id_scene`,`id_product`,`x_axis`,`y_axis`)
) ENGINE=InnoDB DEFAULT CHARSET=utf8;

--
-- Dumping data for table `ps_scene_products`
--


--
-- Table structure for table `ps_scene_shop`
--

CREATE TABLE `ps_scene_shop` (
  `id_scene` int(11) unsigned NOT NULL,
  `id_shop` int(11) unsigned NOT NULL,
  PRIMARY KEY (`id_scene`,`id_shop`),
  KEY `id_shop` (`id_shop`)
) ENGINE=InnoDB DEFAULT CHARSET=utf8;

--
-- Dumping data for table `ps_scene_shop`
--


--
-- Table structure for table `ps_search_engine`
--

CREATE TABLE `ps_search_engine` (
  `id_search_engine` int(10) unsigned NOT NULL AUTO_INCREMENT,
  `server` varchar(64) NOT NULL,
  `getvar` varchar(16) NOT NULL,
  PRIMARY KEY (`id_search_engine`)
) ENGINE=InnoDB AUTO_INCREMENT=39 DEFAULT CHARSET=utf8;

--
-- Dumping data for table `ps_search_engine`
--

INSERT INTO `ps_search_engine` VALUES (1,'google','q'),(2,'aol','q'),(3,'yandex','text'),(4,'ask.com','q'),(5,'nhl.com','q'),(6,'yahoo','p'),(7,'baidu','wd'),(8,'lycos','query'),(9,'exalead','q'),(10,'search.live','q'),(11,'voila','rdata'),(12,'altavista','q'),(13,'bing','q'),(14,'daum','q'),(15,'eniro','search_word'),(16,'naver','query'),(17,'msn','q'),(18,'netscape','query'),(19,'cnn','query'),(20,'about','terms'),(21,'mamma','query'),(22,'alltheweb','q'),(23,'virgilio','qs'),(24,'alice','qs'),(25,'najdi','q'),(26,'mama','query'),(27,'seznam','q'),(28,'onet','qt'),(29,'szukacz','q'),(30,'yam','k'),(31,'pchome','q'),(32,'kvasir','q'),(33,'sesam','q'),(34,'ozu','q'),(35,'terra','query'),(36,'mynet','q'),(37,'ekolay','q'),(38,'rambler','words');

--
-- Table structure for table `ps_search_index`
--

CREATE TABLE `ps_search_index` (
  `id_product` int(11) unsigned NOT NULL,
  `id_word` int(11) unsigned NOT NULL,
  `weight` smallint(4) unsigned NOT NULL DEFAULT '1',
  PRIMARY KEY (`id_word`,`id_product`)
) ENGINE=InnoDB DEFAULT CHARSET=utf8;

--
-- Dumping data for table `ps_search_index`
--

INSERT INTO `ps_search_index` VALUES (1,1,42),(1,2,54),(2,2,18),(4,2,12),(6,2,12),(1,3,54),(2,3,18),(1,4,54),(1,5,60),(2,5,60),(3,5,30),(4,5,60),(5,5,120),(6,5,60),(7,5,60),(1,6,6),(1,7,24),(2,7,18),(3,7,6),(4,7,24),(5,7,48),(6,7,18),(7,7,18),(1,8,6),(3,8,3),(1,9,6),(5,9,12),(6,9,6),(7,9,6),(1,10,6),(1,11,6),(1,12,6),(1,13,12),(1,14,6),(1,15,6),(1,16,6),(1,17,6),(1,18,6),(1,19,6),(1,20,12),(2,20,6),(3,20,3),(4,20,6),(5,20,12),(6,20,6),(7,20,6),(1,21,6),(5,21,108),(6,21,54),(7,21,18),(1,22,30),(2,22,30),(3,22,15),(4,22,30),(5,22,60),(6,22,30),(7,22,30),(1,23,12),(2,23,12),(3,23,6),(4,23,12),(5,23,24),(6,23,12),(7,23,12),(1,24,6),(2,24,6),(3,24,3),(4,24,6),(5,24,12),(6,24,6),(7,24,6),(1,25,6),(2,25,6),(3,25,3),(4,25,6),(5,25,12),(6,25,6),(7,25,6),(1,26,6),(2,26,6),(3,26,3),(4,26,6),(5,26,12),(6,26,6),(7,26,6),(1,27,6),(2,27,6),(3,27,3),(4,27,6),(5,27,12),(6,27,6),(7,27,6),(1,28,6),(2,28,6),(3,28,3),(4,28,6),(5,28,12),(6,28,6),(7,28,6),(1,29,12),(2,29,12),(3,29,6),(4,29,12),(5,29,24),(6,29,12),(7,29,12),(1,30,6),(2,30,6),(3,30,3),(4,30,6),(5,30,12),(6,30,6),(7,30,6),(1,31,6),(2,31,6),(3,31,3),(4,31,6),(5,31,12),(6,31,6),(7,31,6),(1,32,6),(2,32,6),(3,32,3),(4,32,6),(5,32,12),(6,32,6),(7,32,6),(1,33,6),(2,33,12),(3,33,3),(4,33,6),(5,33,12),(6,33,6),(7,33,6),(1,34,6),(2,34,6),(3,34,3),(4,34,6),(5,34,12),(6,34,6),(7,34,6),(1,35,6),(2,35,6),(3,35,3),(4,35,6),(5,35,12),(6,35,6),(7,35,6),(1,36,6),(2,36,6),(3,36,3),(4,36,6),(5,36,12),(6,36,6),(7,36,6),(1,37,6),(2,37,6),(3,37,3),(4,37,6),(5,37,12),(6,37,6),(7,37,6),(1,38,6),(2,38,6),(3,38,3),(4,38,6),(5,38,12),(6,38,6),(7,38,6),(1,39,6),(2,39,6),(3,39,12),(4,39,24),(5,39,48),(6,39,24),(7,39,24),(1,40,12),(2,40,12),(3,40,6),(4,40,12),(5,40,24),(6,40,12),(7,40,12),(1,41,6),(2,41,6),(3,41,3),(4,41,6),(5,41,12),(6,41,6),(7,41,6),(1,42,6),(2,42,6),(3,42,3),(4,42,6),(5,42,12),(6,42,6),(7,42,6),(1,43,6),(2,43,6),(3,43,3),(4,43,6),(5,43,12),(6,43,6),(7,43,6),(1,44,6),(2,44,6),(3,44,3),(4,44,6),(5,44,12),(6,44,6),(7,44,6),(1,45,6),(2,45,6),(3,45,3),(4,45,6),(5,45,12),(6,45,6),(7,45,6),(1,46,6),(2,46,6),(3,46,3),(4,46,6),(5,46,12),(6,46,6),(7,46,6),(1,47,6),(2,47,6),(3,47,3),(4,47,6),(5,47,12),(6,47,6),(7,47,6),(1,48,6),(2,48,6),(3,48,3),(4,48,6),(5,48,12),(6,48,6),(7,48,6),(1,49,6),(2,49,6),(3,49,3),(4,49,6),(5,49,12),(6,49,6),(7,49,6),(1,50,6),(2,50,6),(3,50,3),(4,50,6),(5,50,12),(6,50,6),(7,50,6),(1,51,6),(2,51,6),(3,51,3),(4,51,6),(5,51,12),(6,51,6),(7,51,6),(1,52,6),(2,52,6),(3,52,3),(4,52,6),(5,52,12),(6,52,6),(7,52,6),(1,53,6),(2,53,6),(3,53,3),(4,53,6),(5,53,12),(6,53,6),(7,53,6),(1,54,6),(2,54,6),(3,54,3),(4,54,6),(5,54,12),(6,54,6),(7,54,6),(1,55,6),(2,55,6),(3,55,3),(4,55,6),(5,55,12),(6,55,6),(7,55,6),(1,56,6),(2,56,6),(3,56,3),(4,56,6),(5,56,12),(6,56,6),(7,56,6),(1,57,6),(2,57,6),(3,57,3),(4,57,6),(5,57,12),(6,57,6),(7,57,6),(1,58,6),(2,58,6),(3,58,3),(4,58,6),(5,58,12),(6,58,6),(7,58,6),(1,59,6),(2,59,6),(3,59,3),(4,59,6),(5,59,12),(6,59,6),(7,59,6),(1,60,6),(2,60,6),(3,60,3),(4,60,6),(5,60,12),(6,60,6),(7,60,6),(1,61,6),(2,61,6),(3,61,3),(4,61,6),(5,61,12),(6,61,6),(7,61,6),(1,62,6),(2,62,6),(3,62,3),(4,62,6),(5,62,12),(6,62,6),(7,62,6),(1,63,6),(2,63,6),(3,63,3),(4,63,6),(5,63,12),(6,63,6),(7,63,6),(1,64,6),(2,64,6),(3,64,3),(4,64,6),(5,64,12),(6,64,6),(7,64,6),(1,65,6),(2,65,6),(3,65,3),(4,65,6),(5,65,12),(6,65,6),(7,65,6),(1,66,6),(2,66,6),(3,66,3),(4,66,6),(5,66,12),(6,66,6),(7,66,6),(1,67,6),(2,67,6),(3,67,3),(4,67,6),(5,67,12),(6,67,6),(7,67,6),(1,68,6),(2,68,6),(3,68,3),(4,68,6),(5,68,12),(6,68,6),(7,68,6),(1,69,6),(2,69,6),(3,69,3),(4,69,6),(5,69,12),(6,69,6),(7,69,6),(1,70,6),(2,70,6),(3,70,3),(4,70,6),(5,70,12),(6,70,6),(7,70,6),(1,71,6),(2,71,6),(3,71,3),(4,71,6),(5,71,12),(6,71,6),(7,71,6),(1,72,6),(2,72,6),(3,72,3),(4,72,6),(5,72,12),(6,72,6),(7,72,6),(1,73,6),(2,73,6),(3,73,3),(4,73,6),(5,73,12),(6,73,6),(7,73,6),(1,74,6),(2,74,6),(3,74,3),(4,74,6),(5,74,12),(6,74,6),(7,74,6),(1,75,6),(2,75,6),(3,75,3),(4,75,6),(5,75,12),(6,75,6),(7,75,6),(1,76,6),(2,76,6),(3,76,3),(4,76,6),(5,76,12),(6,76,6),(7,76,6),(1,77,6),(2,77,6),(3,77,3),(4,77,6),(5,77,12),(6,77,6),(7,77,6),(1,78,6),(2,78,6),(3,78,3),(4,78,6),(5,78,12),(6,78,6),(7,78,6),(1,79,6),(2,79,6),(3,79,3),(4,79,6),(5,79,12),(6,79,6),(7,79,6),(1,80,18),(2,80,18),(3,80,9),(4,80,18),(5,80,36),(6,80,18),(7,80,18),(1,81,36),(3,81,21),(5,81,72),(1,82,36),(5,82,72),(1,83,12),(2,83,12),(3,83,9),(1,84,12),(2,84,12),(3,84,9),(5,84,24),(2,85,42),(2,86,6),(2,87,6),(2,88,6),(2,89,18),(2,90,36),(3,90,3),(4,90,6),(5,90,72),(2,91,36),(3,91,3),(6,91,36),(3,92,21),(4,92,42),(5,92,84),(6,92,36),(7,92,42),(3,93,27),(4,93,54),(5,93,120),(6,93,54),(7,93,54),(3,94,3),(3,95,3),(3,96,3),(3,97,3),(3,98,3),(3,99,3),(3,100,3),(3,101,3),(5,101,12),(3,102,6),(6,102,12),(7,102,12),(3,103,6),(4,104,24),(4,105,6),(4,106,6),(4,107,6),(5,107,12),(4,108,6),(4,109,6),(4,110,6),(4,111,6),(4,112,36),(4,113,36),(4,114,12),(5,114,24),(4,115,12),(5,116,12),(5,117,12),(5,118,12),(7,118,6),(5,119,12),(5,120,12),(6,120,6),(5,121,12),(6,121,6),(5,122,12),(5,123,72),(6,123,36),(7,123,36),(5,124,24),(6,125,6),(6,126,6),(7,126,6),(6,127,6),(7,127,6),(6,128,6),(7,128,42),(6,129,6),(6,130,6),(6,131,12),(7,131,12),(7,132,6),(7,133,6),(7,134,36),(7,135,12);

--
-- Table structure for table `ps_search_word`
--

CREATE TABLE `ps_search_word` (
  `id_word` int(10) unsigned NOT NULL AUTO_INCREMENT,
  `id_shop` int(11) unsigned NOT NULL DEFAULT '1',
  `id_lang` int(10) unsigned NOT NULL,
  `word` varchar(15) NOT NULL,
  PRIMARY KEY (`id_word`),
  UNIQUE KEY `id_lang` (`id_lang`,`id_shop`,`word`)
) ENGINE=InnoDB AUTO_INCREMENT=136 DEFAULT CHARSET=utf8;

--
-- Dumping data for table `ps_search_word`
--

INSERT INTO `ps_search_word` VALUES (94,1,1,'100'),(30,1,1,'2010'),(74,1,1,'accessories'),(16,1,1,'accessorize'),(117,1,1,'adjustable'),(62,1,1,'all'),(65,1,1,'are'),(70,1,1,'attention'),(63,1,1,'beautiful'),(24,1,1,'been'),(112,1,1,'beige'),(109,1,1,'belt'),(78,1,1,'belts'),(90,1,1,'black'),(85,1,1,'blouse'),(89,1,1,'blouses'),(82,1,1,'blue'),(101,1,1,'bottom'),(31,1,1,'brand'),(121,1,1,'bust'),(84,1,1,'casual'),(55,1,1,'chic'),(128,1,1,'chiffon'),(45,1,1,'collection'),(28,1,1,'collections'),(103,1,1,'colorful'),(14,1,1,'comfortable'),(53,1,1,'cool'),(83,1,1,'cotton'),(25,1,1,'creating'),(133,1,1,'deep'),(35,1,1,'delivering'),(5,1,1,'demo'),(27,1,1,'designed'),(34,1,1,'designs'),(88,1,1,'detail'),(95,1,1,'double'),(87,1,1,'draped'),(93,1,1,'dress'),(39,1,1,'dresses'),(115,1,1,'dressy'),(54,1,1,'easy'),(129,1,1,'elastic'),(58,1,1,'elegance'),(104,1,1,'evening'),(46,1,1,'every'),(41,1,1,'evolved'),(72,1,1,'extends'),(1,1,1,'faded'),(22,1,1,'fashion'),(33,1,1,'feminine'),(15,1,1,'fit'),(13,1,1,'for'),(43,1,1,'full'),(102,1,1,'girly'),(69,1,1,'greatest'),(134,1,1,'green'),(23,1,1,'has'),(18,1,1,'hat'),(77,1,1,'hats'),(8,1,1,'high'),(75,1,1,'including'),(42,1,1,'into'),(67,1,1,'italy'),(47,1,1,'item'),(126,1,1,'knee'),(127,1,1,'length'),(130,1,1,'lining'),(111,1,1,'linings'),(116,1,1,'long'),(56,1,1,'looks'),(66,1,1,'made'),(68,1,1,'manufactured'),(80,1,1,'manufacturer'),(12,1,1,'material'),(124,1,1,'maxi'),(135,1,1,'midi'),(79,1,1,'more'),(9,1,1,'neckline'),(71,1,1,'now'),(32,1,1,'offers'),(81,1,1,'orange'),(49,1,1,'part'),(64,1,1,'pieces'),(113,1,1,'pink'),(131,1,1,'polyester'),(92,1,1,'printed'),(73,1,1,'range'),(20,1,1,'ready'),(52,1,1,'result'),(110,1,1,'ruffled'),(122,1,1,'ruffles'),(37,1,1,'separates'),(6,1,1,'shirt'),(4,1,1,'shirts'),(76,1,1,'shoes'),(2,1,1,'short'),(60,1,1,'signature'),(29,1,1,'since'),(99,1,1,'skater'),(100,1,1,'skirt'),(3,1,1,'sleeve'),(86,1,1,'sleeved'),(125,1,1,'sleeveless'),(106,1,1,'sleeves'),(10,1,1,'soft'),(38,1,1,'statement'),(105,1,1,'straight'),(118,1,1,'straps'),(17,1,1,'straw'),(11,1,1,'stretchy'),(96,1,1,'striped'),(61,1,1,'style'),(36,1,1,'stylish'),(21,1,1,'summer'),(132,1,1,'tank'),(107,1,1,'thin'),(97,1,1,'top'),(120,1,1,'under'),(59,1,1,'unmistakable'),(114,1,1,'viscose'),(48,1,1,'vital'),(108,1,1,'waist'),(98,1,1,'waisted'),(51,1,1,'wardrobe'),(44,1,1,'wear'),(26,1,1,'well'),(40,1,1,'which'),(91,1,1,'white'),(119,1,1,'wiring'),(7,1,1,'with'),(50,1,1,'woman'),(123,1,1,'yellow'),(19,1,1,'you'),(57,1,1,'youthful');

--
-- Table structure for table `ps_sekeyword`
--

CREATE TABLE `ps_sekeyword` (
  `id_sekeyword` int(10) unsigned NOT NULL AUTO_INCREMENT,
  `id_shop` int(10) unsigned NOT NULL DEFAULT '1',
  `id_shop_group` int(10) unsigned NOT NULL DEFAULT '1',
  `keyword` varchar(256) NOT NULL,
  `date_add` datetime NOT NULL,
  PRIMARY KEY (`id_sekeyword`)
) ENGINE=InnoDB DEFAULT CHARSET=utf8;

--
-- Dumping data for table `ps_sekeyword`
--


--
-- Table structure for table `ps_shop`
--

CREATE TABLE `ps_shop` (
  `id_shop` int(11) unsigned NOT NULL AUTO_INCREMENT,
  `id_shop_group` int(11) unsigned NOT NULL,
  `name` varchar(64) NOT NULL,
  `id_category` int(11) unsigned NOT NULL DEFAULT '1',
  `id_theme` int(1) unsigned NOT NULL,
  `active` tinyint(1) NOT NULL DEFAULT '1',
  `deleted` tinyint(1) NOT NULL DEFAULT '0',
  PRIMARY KEY (`id_shop`),
  KEY `id_shop_group` (`id_shop_group`),
  KEY `id_category` (`id_category`),
  KEY `id_theme` (`id_theme`)
) ENGINE=InnoDB AUTO_INCREMENT=2 DEFAULT CHARSET=utf8;

--
-- Dumping data for table `ps_shop`
--

INSERT INTO `ps_shop` VALUES (1,1,'Cenpresta',2,1,1,0);

--
-- Table structure for table `ps_shop_group`
--

CREATE TABLE `ps_shop_group` (
  `id_shop_group` int(11) unsigned NOT NULL AUTO_INCREMENT,
  `name` varchar(64) NOT NULL,
  `share_customer` tinyint(1) NOT NULL,
  `share_order` tinyint(1) NOT NULL,
  `share_stock` tinyint(1) NOT NULL,
  `active` tinyint(1) NOT NULL DEFAULT '1',
  `deleted` tinyint(1) NOT NULL DEFAULT '0',
  PRIMARY KEY (`id_shop_group`)
) ENGINE=InnoDB AUTO_INCREMENT=2 DEFAULT CHARSET=utf8;

--
-- Dumping data for table `ps_shop_group`
--

INSERT INTO `ps_shop_group` VALUES (1,'Default',0,0,0,1,0);

--
-- Table structure for table `ps_shop_url`
--

CREATE TABLE `ps_shop_url` (
  `id_shop_url` int(11) unsigned NOT NULL AUTO_INCREMENT,
  `id_shop` int(11) unsigned NOT NULL,
  `domain` varchar(150) NOT NULL,
  `domain_ssl` varchar(150) NOT NULL,
  `physical_uri` varchar(64) NOT NULL,
  `virtual_uri` varchar(64) NOT NULL,
  `main` tinyint(1) NOT NULL,
  `active` tinyint(1) NOT NULL,
  PRIMARY KEY (`id_shop_url`),
  UNIQUE KEY `full_shop_url` (`domain`,`physical_uri`,`virtual_uri`),
  UNIQUE KEY `full_shop_url_ssl` (`domain_ssl`,`physical_uri`,`virtual_uri`),
  KEY `id_shop` (`id_shop`)
) ENGINE=InnoDB AUTO_INCREMENT=2 DEFAULT CHARSET=utf8;

--
-- Dumping data for table `ps_shop_url`
--

INSERT INTO `ps_shop_url` VALUES (1,1,'backroompr.com','backroompr.com','/cenpresta/','',1,1);

--
-- Table structure for table `ps_specific_price`
--

CREATE TABLE `ps_specific_price` (
  `id_specific_price` int(10) unsigned NOT NULL AUTO_INCREMENT,
  `id_specific_price_rule` int(11) unsigned NOT NULL,
  `id_cart` int(11) unsigned NOT NULL,
  `id_product` int(10) unsigned NOT NULL,
  `id_shop` int(11) unsigned NOT NULL DEFAULT '1',
  `id_shop_group` int(11) unsigned NOT NULL,
  `id_currency` int(10) unsigned NOT NULL,
  `id_country` int(10) unsigned NOT NULL,
  `id_group` int(10) unsigned NOT NULL,
  `id_customer` int(10) unsigned NOT NULL,
  `id_product_attribute` int(10) unsigned NOT NULL,
  `price` decimal(20,6) NOT NULL,
  `from_quantity` mediumint(8) unsigned NOT NULL,
  `reduction` decimal(20,6) NOT NULL,
  `reduction_type` enum('amount','percentage') NOT NULL,
  `from` datetime NOT NULL,
  `to` datetime NOT NULL,
  PRIMARY KEY (`id_specific_price`),
  KEY `id_product` (`id_product`,`id_shop`,`id_currency`,`id_country`,`id_group`,`id_customer`,`from_quantity`,`from`,`to`),
  KEY `from_quantity` (`from_quantity`),
  KEY `id_specific_price_rule` (`id_specific_price_rule`),
  KEY `id_cart` (`id_cart`)
) ENGINE=InnoDB AUTO_INCREMENT=3 DEFAULT CHARSET=utf8;

--
-- Dumping data for table `ps_specific_price`
--

INSERT INTO `ps_specific_price` VALUES (1,0,0,5,0,0,0,0,0,0,0,-1.000000,1,0.050000,'percentage','0000-00-00 00:00:00','0000-00-00 00:00:00'),(2,0,0,7,0,0,0,0,0,0,0,-1.000000,1,0.200000,'percentage','0000-00-00 00:00:00','0000-00-00 00:00:00');

--
-- Table structure for table `ps_specific_price_priority`
--

CREATE TABLE `ps_specific_price_priority` (
  `id_specific_price_priority` int(11) NOT NULL AUTO_INCREMENT,
  `id_product` int(11) NOT NULL,
  `priority` varchar(80) NOT NULL,
  PRIMARY KEY (`id_specific_price_priority`,`id_product`),
  UNIQUE KEY `id_product` (`id_product`)
) ENGINE=InnoDB DEFAULT CHARSET=utf8;

--
-- Dumping data for table `ps_specific_price_priority`
--


--
-- Table structure for table `ps_specific_price_rule`
--

CREATE TABLE `ps_specific_price_rule` (
  `id_specific_price_rule` int(10) unsigned NOT NULL AUTO_INCREMENT,
  `name` varchar(255) NOT NULL,
  `id_shop` int(11) unsigned NOT NULL DEFAULT '1',
  `id_currency` int(10) unsigned NOT NULL,
  `id_country` int(10) unsigned NOT NULL,
  `id_group` int(10) unsigned NOT NULL,
  `from_quantity` mediumint(8) unsigned NOT NULL,
  `price` decimal(20,6) DEFAULT NULL,
  `reduction` decimal(20,6) NOT NULL,
  `reduction_type` enum('amount','percentage') NOT NULL,
  `from` datetime NOT NULL,
  `to` datetime NOT NULL,
  PRIMARY KEY (`id_specific_price_rule`),
  KEY `id_product` (`id_shop`,`id_currency`,`id_country`,`id_group`,`from_quantity`,`from`,`to`)
) ENGINE=InnoDB DEFAULT CHARSET=utf8;

--
-- Dumping data for table `ps_specific_price_rule`
--


--
-- Table structure for table `ps_specific_price_rule_condition`
--

CREATE TABLE `ps_specific_price_rule_condition` (
  `id_specific_price_rule_condition` int(11) unsigned NOT NULL AUTO_INCREMENT,
  `id_specific_price_rule_condition_group` int(11) unsigned NOT NULL,
  `type` varchar(255) NOT NULL,
  `value` varchar(255) NOT NULL,
  PRIMARY KEY (`id_specific_price_rule_condition`),
  KEY `id_specific_price_rule_condition_group` (`id_specific_price_rule_condition_group`)
) ENGINE=InnoDB DEFAULT CHARSET=utf8;

--
-- Dumping data for table `ps_specific_price_rule_condition`
--


--
-- Table structure for table `ps_specific_price_rule_condition_group`
--

CREATE TABLE `ps_specific_price_rule_condition_group` (
  `id_specific_price_rule_condition_group` int(11) unsigned NOT NULL AUTO_INCREMENT,
  `id_specific_price_rule` int(11) unsigned NOT NULL,
  PRIMARY KEY (`id_specific_price_rule_condition_group`,`id_specific_price_rule`)
) ENGINE=InnoDB DEFAULT CHARSET=utf8;

--
-- Dumping data for table `ps_specific_price_rule_condition_group`
--


--
-- Table structure for table `ps_state`
--

CREATE TABLE `ps_state` (
  `id_state` int(10) unsigned NOT NULL AUTO_INCREMENT,
  `id_country` int(11) unsigned NOT NULL,
  `id_zone` int(11) unsigned NOT NULL,
  `name` varchar(64) NOT NULL,
  `iso_code` varchar(7) NOT NULL,
  `tax_behavior` smallint(1) NOT NULL DEFAULT '0',
  `active` tinyint(1) NOT NULL DEFAULT '0',
  PRIMARY KEY (`id_state`),
  KEY `id_country` (`id_country`),
  KEY `name` (`name`),
  KEY `id_zone` (`id_zone`)
) ENGINE=InnoDB AUTO_INCREMENT=313 DEFAULT CHARSET=utf8;

--
-- Dumping data for table `ps_state`
--

INSERT INTO `ps_state` VALUES (1,21,2,'Alabama','AL',0,1),(2,21,2,'Alaska','AK',0,1),(3,21,2,'Arizona','AZ',0,1),(4,21,2,'Arkansas','AR',0,1),(5,21,2,'California','CA',0,1),(6,21,2,'Colorado','CO',0,1),(7,21,2,'Connecticut','CT',0,1),(8,21,2,'Delaware','DE',0,1),(9,21,2,'Florida','FL',0,1),(10,21,2,'Georgia','GA',0,1),(11,21,2,'Hawaii','HI',0,1),(12,21,2,'Idaho','ID',0,1),(13,21,2,'Illinois','IL',0,1),(14,21,2,'Indiana','IN',0,1),(15,21,2,'Iowa','IA',0,1),(16,21,2,'Kansas','KS',0,1),(17,21,2,'Kentucky','KY',0,1),(18,21,2,'Louisiana','LA',0,1),(19,21,2,'Maine','ME',0,1),(20,21,2,'Maryland','MD',0,1),(21,21,2,'Massachusetts','MA',0,1),(22,21,2,'Michigan','MI',0,1),(23,21,2,'Minnesota','MN',0,1),(24,21,2,'Mississippi','MS',0,1),(25,21,2,'Missouri','MO',0,1),(26,21,2,'Montana','MT',0,1),(27,21,2,'Nebraska','NE',0,1),(28,21,2,'Nevada','NV',0,1),(29,21,2,'New Hampshire','NH',0,1),(30,21,2,'New Jersey','NJ',0,1),(31,21,2,'New Mexico','NM',0,1),(32,21,2,'New York','NY',0,1),(33,21,2,'North Carolina','NC',0,1),(34,21,2,'North Dakota','ND',0,1),(35,21,2,'Ohio','OH',0,1),(36,21,2,'Oklahoma','OK',0,1),(37,21,2,'Oregon','OR',0,1),(38,21,2,'Pennsylvania','PA',0,1),(39,21,2,'Rhode Island','RI',0,1),(40,21,2,'South Carolina','SC',0,1),(41,21,2,'South Dakota','SD',0,1),(42,21,2,'Tennessee','TN',0,1),(43,21,2,'Texas','TX',0,1),(44,21,2,'Utah','UT',0,1),(45,21,2,'Vermont','VT',0,1),(46,21,2,'Virginia','VA',0,1),(47,21,2,'Washington','WA',0,1),(48,21,2,'West Virginia','WV',0,1),(49,21,2,'Wisconsin','WI',0,1),(50,21,2,'Wyoming','WY',0,1),(51,21,2,'Puerto Rico','PR',0,1),(52,21,2,'US Virgin Islands','VI',0,1),(53,21,2,'District of Columbia','DC',0,1),(54,145,2,'Aguascalientes','AGS',0,1),(55,145,2,'Baja California','BCN',0,1),(56,145,2,'Baja California Sur','BCS',0,1),(57,145,2,'Campeche','CAM',0,1),(58,145,2,'Chiapas','CHP',0,1),(59,145,2,'Chihuahua','CHH',0,1),(60,145,2,'Coahuila','COA',0,1),(61,145,2,'Colima','COL',0,1),(62,145,2,'Distrito Federal','DIF',0,1),(63,145,2,'Durango','DUR',0,1),(64,145,2,'Guanajuato','GUA',0,1),(65,145,2,'Guerrero','GRO',0,1),(66,145,2,'Hidalgo','HID',0,1),(67,145,2,'Jalisco','JAL',0,1),(68,145,2,'Estado de México','MEX',0,1),(69,145,2,'Michoacán','MIC',0,1),(70,145,2,'Morelos','MOR',0,1),(71,145,2,'Nayarit','NAY',0,1),(72,145,2,'Nuevo León','NLE',0,1),(73,145,2,'Oaxaca','OAX',0,1),(74,145,2,'Puebla','PUE',0,1),(75,145,2,'Querétaro','QUE',0,1),(76,145,2,'Quintana Roo','ROO',0,1),(77,145,2,'San Luis Potosí','SLP',0,1),(78,145,2,'Sinaloa','SIN',0,1),(79,145,2,'Sonora','SON',0,1),(80,145,2,'Tabasco','TAB',0,1),(81,145,2,'Tamaulipas','TAM',0,1),(82,145,2,'Tlaxcala','TLA',0,1),(83,145,2,'Veracruz','VER',0,1),(84,145,2,'Yucatán','YUC',0,1),(85,145,2,'Zacatecas','ZAC',0,1),(86,4,2,'Ontario','ON',0,1),(87,4,2,'Quebec','QC',0,1),(88,4,2,'British Columbia','BC',0,1),(89,4,2,'Alberta','AB',0,1),(90,4,2,'Manitoba','MB',0,1),(91,4,2,'Saskatchewan','SK',0,1),(92,4,2,'Nova Scotia','NS',0,1),(93,4,2,'New Brunswick','NB',0,1),(94,4,2,'Newfoundland and Labrador','NL',0,1),(95,4,2,'Prince Edward Island','PE',0,1),(96,4,2,'Northwest Territories','NT',0,1),(97,4,2,'Yukon','YT',0,1),(98,4,2,'Nunavut','NU',0,1),(99,44,6,'Buenos Aires','B',0,1),(100,44,6,'Catamarca','K',0,1),(101,44,6,'Chaco','H',0,1),(102,44,6,'Chubut','U',0,1),(103,44,6,'Ciudad de Buenos Aires','C',0,1),(104,44,6,'Córdoba','X',0,1),(105,44,6,'Corrientes','W',0,1),(106,44,6,'Entre Ríos','E',0,1),(107,44,6,'Formosa','P',0,1),(108,44,6,'Jujuy','Y',0,1),(109,44,6,'La Pampa','L',0,1),(110,44,6,'La Rioja','F',0,1),(111,44,6,'Mendoza','M',0,1),(112,44,6,'Misiones','N',0,1),(113,44,6,'Neuquén','Q',0,1),(114,44,6,'Río Negro','R',0,1),(115,44,6,'Salta','A',0,1),(116,44,6,'San Juan','J',0,1),(117,44,6,'San Luis','D',0,1),(118,44,6,'Santa Cruz','Z',0,1),(119,44,6,'Santa Fe','S',0,1),(120,44,6,'Santiago del Estero','G',0,1),(121,44,6,'Tierra del Fuego','V',0,1),(122,44,6,'Tucumán','T',0,1),(123,10,1,'Agrigento','AG',0,1),(124,10,1,'Alessandria','AL',0,1),(125,10,1,'Ancona','AN',0,1),(126,10,1,'Aosta','AO',0,1),(127,10,1,'Arezzo','AR',0,1),(128,10,1,'Ascoli Piceno','AP',0,1),(129,10,1,'Asti','AT',0,1),(130,10,1,'Avellino','AV',0,1),(131,10,1,'Bari','BA',0,1),(132,10,1,'Barletta-Andria-Trani','BT',0,1),(133,10,1,'Belluno','BL',0,1),(134,10,1,'Benevento','BN',0,1),(135,10,1,'Bergamo','BG',0,1),(136,10,1,'Biella','BI',0,1),(137,10,1,'Bologna','BO',0,1),(138,10,1,'Bolzano','BZ',0,1),(139,10,1,'Brescia','BS',0,1),(140,10,1,'Brindisi','BR',0,1),(141,10,1,'Cagliari','CA',0,1),(142,10,1,'Caltanissetta','CL',0,1),(143,10,1,'Campobasso','CB',0,1),(144,10,1,'Carbonia-Iglesias','CI',0,1),(145,10,1,'Caserta','CE',0,1),(146,10,1,'Catania','CT',0,1),(147,10,1,'Catanzaro','CZ',0,1),(148,10,1,'Chieti','CH',0,1),(149,10,1,'Como','CO',0,1),(150,10,1,'Cosenza','CS',0,1),(151,10,1,'Cremona','CR',0,1),(152,10,1,'Crotone','KR',0,1),(153,10,1,'Cuneo','CN',0,1),(154,10,1,'Enna','EN',0,1),(155,10,1,'Fermo','FM',0,1),(156,10,1,'Ferrara','FE',0,1),(157,10,1,'Firenze','FI',0,1),(158,10,1,'Foggia','FG',0,1),(159,10,1,'Forlì-Cesena','FC',0,1),(160,10,1,'Frosinone','FR',0,1),(161,10,1,'Genova','GE',0,1),(162,10,1,'Gorizia','GO',0,1),(163,10,1,'Grosseto','GR',0,1),(164,10,1,'Imperia','IM',0,1),(165,10,1,'Isernia','IS',0,1),(166,10,1,'L\'Aquila','AQ',0,1),(167,10,1,'La Spezia','SP',0,1),(168,10,1,'Latina','LT',0,1),(169,10,1,'Lecce','LE',0,1),(170,10,1,'Lecco','LC',0,1),(171,10,1,'Livorno','LI',0,1),(172,10,1,'Lodi','LO',0,1),(173,10,1,'Lucca','LU',0,1),(174,10,1,'Macerata','MC',0,1),(175,10,1,'Mantova','MN',0,1),(176,10,1,'Massa','MS',0,1),(177,10,1,'Matera','MT',0,1),(178,10,1,'Medio Campidano','VS',0,1),(179,10,1,'Messina','ME',0,1),(180,10,1,'Milano','MI',0,1),(181,10,1,'Modena','MO',0,1),(182,10,1,'Monza e della Brianza','MB',0,1),(183,10,1,'Napoli','NA',0,1),(184,10,1,'Novara','NO',0,1),(185,10,1,'Nuoro','NU',0,1),(186,10,1,'Ogliastra','OG',0,1),(187,10,1,'Olbia-Tempio','OT',0,1),(188,10,1,'Oristano','OR',0,1),(189,10,1,'Padova','PD',0,1),(190,10,1,'Palermo','PA',0,1),(191,10,1,'Parma','PR',0,1),(192,10,1,'Pavia','PV',0,1),(193,10,1,'Perugia','PG',0,1),(194,10,1,'Pesaro-Urbino','PU',0,1),(195,10,1,'Pescara','PE',0,1),(196,10,1,'Piacenza','PC',0,1),(197,10,1,'Pisa','PI',0,1),(198,10,1,'Pistoia','PT',0,1),(199,10,1,'Pordenone','PN',0,1),(200,10,1,'Potenza','PZ',0,1),(201,10,1,'Prato','PO',0,1),(202,10,1,'Ragusa','RG',0,1),(203,10,1,'Ravenna','RA',0,1),(204,10,1,'Reggio Calabria','RC',0,1),(205,10,1,'Reggio Emilia','RE',0,1),(206,10,1,'Rieti','RI',0,1),(207,10,1,'Rimini','RN',0,1),(208,10,1,'Roma','RM',0,1),(209,10,1,'Rovigo','RO',0,1),(210,10,1,'Salerno','SA',0,1),(211,10,1,'Sassari','SS',0,1),(212,10,1,'Savona','SV',0,1),(213,10,1,'Siena','SI',0,1),(214,10,1,'Siracusa','SR',0,1),(215,10,1,'Sondrio','SO',0,1),(216,10,1,'Taranto','TA',0,1),(217,10,1,'Teramo','TE',0,1),(218,10,1,'Terni','TR',0,1),(219,10,1,'Torino','TO',0,1),(220,10,1,'Trapani','TP',0,1),(221,10,1,'Trento','TN',0,1),(222,10,1,'Treviso','TV',0,1),(223,10,1,'Trieste','TS',0,1),(224,10,1,'Udine','UD',0,1),(225,10,1,'Varese','VA',0,1),(226,10,1,'Venezia','VE',0,1),(227,10,1,'Verbano-Cusio-Ossola','VB',0,1),(228,10,1,'Vercelli','VC',0,1),(229,10,1,'Verona','VR',0,1),(230,10,1,'Vibo Valentia','VV',0,1),(231,10,1,'Vicenza','VI',0,1),(232,10,1,'Viterbo','VT',0,1),(233,111,3,'Aceh','AC',0,1),(234,111,3,'Bali','BA',0,1),(235,111,3,'Bangka','BB',0,1),(236,111,3,'Banten','BT',0,1),(237,111,3,'Bengkulu','BE',0,1),(238,111,3,'Central Java','JT',0,1),(239,111,3,'Central Kalimantan','KT',0,1),(240,111,3,'Central Sulawesi','ST',0,1),(241,111,3,'Coat of arms of East Java','JI',0,1),(242,111,3,'East kalimantan','KI',0,1),(243,111,3,'East Nusa Tenggara','NT',0,1),(244,111,3,'Lambang propinsi','GO',0,1),(245,111,3,'Jakarta','JK',0,1),(246,111,3,'Jambi','JA',0,1),(247,111,3,'Lampung','LA',0,1),(248,111,3,'Maluku','MA',0,1),(249,111,3,'North Maluku','MU',0,1),(250,111,3,'North Sulawesi','SA',0,1),(251,111,3,'North Sumatra','SU',0,1),(252,111,3,'Papua','PA',0,1),(253,111,3,'Riau','RI',0,1),(254,111,3,'Lambang Riau','KR',0,1),(255,111,3,'Southeast Sulawesi','SG',0,1),(256,111,3,'South Kalimantan','KS',0,1),(257,111,3,'South Sulawesi','SN',0,1),(258,111,3,'South Sumatra','SS',0,1),(259,111,3,'West Java','JB',0,1),(260,111,3,'West Kalimantan','KB',0,1),(261,111,3,'West Nusa Tenggara','NB',0,1),(262,111,3,'Lambang Provinsi Papua Barat','PB',0,1),(263,111,3,'West Sulawesi','SR',0,1),(264,111,3,'West Sumatra','SB',0,1),(265,111,3,'Yogyakarta','YO',0,1),(266,11,3,'Aichi','23',0,1),(267,11,3,'Akita','05',0,1),(268,11,3,'Aomori','02',0,1),(269,11,3,'Chiba','12',0,1),(270,11,3,'Ehime','38',0,1),(271,11,3,'Fukui','18',0,1),(272,11,3,'Fukuoka','40',0,1),(273,11,3,'Fukushima','07',0,1),(274,11,3,'Gifu','21',0,1),(275,11,3,'Gunma','10',0,1),(276,11,3,'Hiroshima','34',0,1),(277,11,3,'Hokkaido','01',0,1),(278,11,3,'Hyogo','28',0,1),(279,11,3,'Ibaraki','08',0,1),(280,11,3,'Ishikawa','17',0,1),(281,11,3,'Iwate','03',0,1),(282,11,3,'Kagawa','37',0,1),(283,11,3,'Kagoshima','46',0,1),(284,11,3,'Kanagawa','14',0,1),(285,11,3,'Kochi','39',0,1),(286,11,3,'Kumamoto','43',0,1),(287,11,3,'Kyoto','26',0,1),(288,11,3,'Mie','24',0,1),(289,11,3,'Miyagi','04',0,1),(290,11,3,'Miyazaki','45',0,1),(291,11,3,'Nagano','20',0,1),(292,11,3,'Nagasaki','42',0,1),(293,11,3,'Nara','29',0,1),(294,11,3,'Niigata','15',0,1),(295,11,3,'Oita','44',0,1),(296,11,3,'Okayama','33',0,1),(297,11,3,'Okinawa','47',0,1),(298,11,3,'Osaka','27',0,1),(299,11,3,'Saga','41',0,1),(300,11,3,'Saitama','11',0,1),(301,11,3,'Shiga','25',0,1),(302,11,3,'Shimane','32',0,1),(303,11,3,'Shizuoka','22',0,1),(304,11,3,'Tochigi','09',0,1),(305,11,3,'Tokushima','36',0,1),(306,11,3,'Tokyo','13',0,1),(307,11,3,'Tottori','31',0,1),(308,11,3,'Toyama','16',0,1),(309,11,3,'Wakayama','30',0,1),(310,11,3,'Yamagata','06',0,1),(311,11,3,'Yamaguchi','35',0,1),(312,11,3,'Yamanashi','19',0,1);

--
-- Table structure for table `ps_statssearch`
--

CREATE TABLE `ps_statssearch` (
  `id_statssearch` int(10) unsigned NOT NULL AUTO_INCREMENT,
  `id_shop` int(10) unsigned NOT NULL DEFAULT '1',
  `id_shop_group` int(10) unsigned NOT NULL DEFAULT '1',
  `keywords` varchar(255) NOT NULL,
  `results` int(6) NOT NULL DEFAULT '0',
  `date_add` datetime NOT NULL,
  PRIMARY KEY (`id_statssearch`)
) ENGINE=InnoDB DEFAULT CHARSET=utf8;

--
-- Dumping data for table `ps_statssearch`
--


--
-- Table structure for table `ps_stock`
--

CREATE TABLE `ps_stock` (
  `id_stock` int(11) unsigned NOT NULL AUTO_INCREMENT,
  `id_warehouse` int(11) unsigned NOT NULL,
  `id_product` int(11) unsigned NOT NULL,
  `id_product_attribute` int(11) unsigned NOT NULL,
  `reference` varchar(32) NOT NULL,
  `ean13` varchar(13) DEFAULT NULL,
  `upc` varchar(12) DEFAULT NULL,
  `physical_quantity` int(11) unsigned NOT NULL,
  `usable_quantity` int(11) unsigned NOT NULL,
  `price_te` decimal(20,6) DEFAULT '0.000000',
  PRIMARY KEY (`id_stock`),
  KEY `id_warehouse` (`id_warehouse`),
  KEY `id_product` (`id_product`),
  KEY `id_product_attribute` (`id_product_attribute`)
) ENGINE=InnoDB DEFAULT CHARSET=utf8;

--
-- Dumping data for table `ps_stock`
--


--
-- Table structure for table `ps_stock_available`
--

CREATE TABLE `ps_stock_available` (
  `id_stock_available` int(11) unsigned NOT NULL AUTO_INCREMENT,
  `id_product` int(11) unsigned NOT NULL,
  `id_product_attribute` int(11) unsigned NOT NULL,
  `id_shop` int(11) unsigned NOT NULL,
  `id_shop_group` int(11) unsigned NOT NULL,
  `quantity` int(10) NOT NULL DEFAULT '0',
  `depends_on_stock` tinyint(1) unsigned NOT NULL DEFAULT '0',
  `out_of_stock` tinyint(1) unsigned NOT NULL DEFAULT '0',
  PRIMARY KEY (`id_stock_available`),
  UNIQUE KEY `product_sqlstock` (`id_product`,`id_product_attribute`,`id_shop`,`id_shop_group`),
  KEY `id_shop` (`id_shop`),
  KEY `id_shop_group` (`id_shop_group`),
  KEY `id_product` (`id_product`),
  KEY `id_product_attribute` (`id_product_attribute`)
) ENGINE=InnoDB AUTO_INCREMENT=53 DEFAULT CHARSET=utf8;

--
-- Dumping data for table `ps_stock_available`
--

INSERT INTO `ps_stock_available` VALUES (1,1,0,1,0,1799,0,2),(2,2,0,1,0,1799,0,2),(3,3,0,1,0,899,0,2),(4,4,0,1,0,900,0,2),(5,5,0,1,0,3600,0,2),(6,6,0,1,0,900,0,2),(7,7,0,1,0,1800,0,2),(8,1,1,1,0,299,0,2),(9,1,2,1,0,300,0,2),(10,1,3,1,0,300,0,2),(11,1,4,1,0,300,0,2),(12,1,5,1,0,300,0,2),(13,1,6,1,0,300,0,2),(14,2,7,1,0,299,0,2),(15,2,8,1,0,300,0,2),(16,2,9,1,0,300,0,2),(17,2,10,1,0,300,0,2),(18,2,11,1,0,300,0,2),(19,2,12,1,0,300,0,2),(20,3,13,1,0,299,0,2),(21,3,14,1,0,300,0,2),(22,3,15,1,0,300,0,2),(23,4,16,1,0,300,0,2),(24,4,17,1,0,300,0,2),(25,4,18,1,0,300,0,2),(26,5,19,1,0,300,0,2),(27,5,20,1,0,300,0,2),(28,5,21,1,0,300,0,2),(29,5,22,1,0,300,0,2),(30,5,23,1,0,300,0,2),(31,5,24,1,0,300,0,2),(32,5,25,1,0,300,0,2),(33,5,26,1,0,300,0,2),(34,5,27,1,0,300,0,2),(35,5,28,1,0,300,0,2),(36,5,29,1,0,300,0,2),(37,5,30,1,0,300,0,2),(38,6,31,1,0,300,0,2),(39,6,32,1,0,300,0,2),(40,6,33,1,0,300,0,2),(41,7,34,1,0,300,0,2),(42,7,35,1,0,300,0,2),(43,7,36,1,0,300,0,2),(44,7,37,1,0,300,0,2),(45,7,38,1,0,300,0,2),(46,7,39,1,0,300,0,2),(47,6,40,1,0,0,0,2),(48,6,41,1,0,0,0,2),(49,6,42,1,0,0,0,2),(50,4,43,1,0,0,0,2),(51,4,44,1,0,0,0,2),(52,4,45,1,0,0,0,2);

--
-- Table structure for table `ps_stock_mvt`
--

CREATE TABLE `ps_stock_mvt` (
  `id_stock_mvt` bigint(20) unsigned NOT NULL AUTO_INCREMENT,
  `id_stock` int(11) unsigned NOT NULL,
  `id_order` int(11) unsigned DEFAULT NULL,
  `id_supply_order` int(11) unsigned DEFAULT NULL,
  `id_stock_mvt_reason` int(11) unsigned NOT NULL,
  `id_employee` int(11) unsigned NOT NULL,
  `employee_lastname` varchar(32) DEFAULT '',
  `employee_firstname` varchar(32) DEFAULT '',
  `physical_quantity` int(11) unsigned NOT NULL,
  `date_add` datetime NOT NULL,
  `sign` tinyint(1) NOT NULL DEFAULT '1',
  `price_te` decimal(20,6) DEFAULT '0.000000',
  `last_wa` decimal(20,6) DEFAULT '0.000000',
  `current_wa` decimal(20,6) DEFAULT '0.000000',
  `referer` bigint(20) unsigned DEFAULT NULL,
  PRIMARY KEY (`id_stock_mvt`),
  KEY `id_stock` (`id_stock`),
  KEY `id_stock_mvt_reason` (`id_stock_mvt_reason`)
) ENGINE=InnoDB DEFAULT CHARSET=utf8;

--
-- Dumping data for table `ps_stock_mvt`
--


--
-- Table structure for table `ps_stock_mvt_reason`
--

CREATE TABLE `ps_stock_mvt_reason` (
  `id_stock_mvt_reason` int(11) unsigned NOT NULL AUTO_INCREMENT,
  `sign` tinyint(1) NOT NULL DEFAULT '1',
  `date_add` datetime NOT NULL,
  `date_upd` datetime NOT NULL,
  `deleted` tinyint(1) unsigned NOT NULL DEFAULT '0',
  PRIMARY KEY (`id_stock_mvt_reason`)
) ENGINE=InnoDB AUTO_INCREMENT=9 DEFAULT CHARSET=utf8;

--
-- Dumping data for table `ps_stock_mvt_reason`
--

INSERT INTO `ps_stock_mvt_reason` VALUES (1,1,'2014-12-08 16:18:19','2014-12-08 16:18:19',0),(2,-1,'2014-12-08 16:18:19','2014-12-08 16:18:19',0),(3,-1,'2014-12-08 16:18:19','2014-12-08 16:18:19',0),(4,-1,'2014-12-08 16:18:19','2014-12-08 16:18:19',0),(5,1,'2014-12-08 16:18:19','2014-12-08 16:18:19',0),(6,-1,'2014-12-08 16:18:19','2014-12-08 16:18:19',0),(7,1,'2014-12-08 16:18:19','2014-12-08 16:18:19',0),(8,1,'2014-12-08 16:18:19','2014-12-08 16:18:19',0);

--
-- Table structure for table `ps_stock_mvt_reason_lang`
--

CREATE TABLE `ps_stock_mvt_reason_lang` (
  `id_stock_mvt_reason` int(11) unsigned NOT NULL,
  `id_lang` int(11) unsigned NOT NULL,
  `name` varchar(255) NOT NULL,
  PRIMARY KEY (`id_stock_mvt_reason`,`id_lang`)
) ENGINE=InnoDB DEFAULT CHARSET=utf8;

--
-- Dumping data for table `ps_stock_mvt_reason_lang`
--

INSERT INTO `ps_stock_mvt_reason_lang` VALUES (1,1,'Increase'),(2,1,'Decrease'),(3,1,'Customer Order'),(4,1,'Regulation following an inventory of stock'),(5,1,'Regulation following an inventory of stock'),(6,1,'Transfer to another warehouse'),(7,1,'Transfer from another warehouse'),(8,1,'Supply Order');

--
-- Table structure for table `ps_store`
--

CREATE TABLE `ps_store` (
  `id_store` int(10) unsigned NOT NULL AUTO_INCREMENT,
  `id_country` int(10) unsigned NOT NULL,
  `id_state` int(10) unsigned DEFAULT NULL,
  `name` varchar(128) NOT NULL,
  `address1` varchar(128) NOT NULL,
  `address2` varchar(128) DEFAULT NULL,
  `city` varchar(64) NOT NULL,
  `postcode` varchar(12) NOT NULL,
  `latitude` decimal(13,8) DEFAULT NULL,
  `longitude` decimal(13,8) DEFAULT NULL,
  `hours` varchar(254) DEFAULT NULL,
  `phone` varchar(16) DEFAULT NULL,
  `fax` varchar(16) DEFAULT NULL,
  `email` varchar(128) DEFAULT NULL,
  `note` text,
  `active` tinyint(1) unsigned NOT NULL DEFAULT '0',
  `date_add` datetime NOT NULL,
  `date_upd` datetime NOT NULL,
  PRIMARY KEY (`id_store`)
) ENGINE=InnoDB AUTO_INCREMENT=6 DEFAULT CHARSET=utf8;

--
-- Dumping data for table `ps_store`
--

INSERT INTO `ps_store` VALUES (1,21,9,'Dade County','3030 SW 8th St Miami','','Miami',' 33135',25.76500500,-80.24379700,'a:7:{i:0;s:13:\"09:00 - 19:00\";i:1;s:13:\"09:00 - 19:00\";i:2;s:13:\"09:00 - 19:00\";i:3;s:13:\"09:00 - 19:00\";i:4;s:13:\"09:00 - 19:00\";i:5;s:13:\"10:00 - 16:00\";i:6;s:13:\"10:00 - 16:00\";}','','','','',1,'2014-12-08 16:18:30','2014-12-08 16:18:30'),(2,21,9,'E Fort Lauderdale','1000 Northeast 4th Ave Fort Lauderdale','','Miami',' 33304',26.13793600,-80.13943500,'a:7:{i:0;s:13:\"09:00 - 19:00\";i:1;s:13:\"09:00 - 19:00\";i:2;s:13:\"09:00 - 19:00\";i:3;s:13:\"09:00 - 19:00\";i:4;s:13:\"09:00 - 19:00\";i:5;s:13:\"10:00 - 16:00\";i:6;s:13:\"10:00 - 16:00\";}','','','','',1,'2014-12-08 16:18:30','2014-12-08 16:18:30'),(3,21,9,'Pembroke Pines','11001 Pines Blvd Pembroke Pines','','Miami','33026',26.00998700,-80.29447200,'a:7:{i:0;s:13:\"09:00 - 19:00\";i:1;s:13:\"09:00 - 19:00\";i:2;s:13:\"09:00 - 19:00\";i:3;s:13:\"09:00 - 19:00\";i:4;s:13:\"09:00 - 19:00\";i:5;s:13:\"10:00 - 16:00\";i:6;s:13:\"10:00 - 16:00\";}','','','','',1,'2014-12-08 16:18:30','2014-12-08 16:18:30'),(4,21,9,'Coconut Grove','2999 SW 32nd Avenue','','Miami',' 33133',25.73629600,-80.24479700,'a:7:{i:0;s:13:\"09:00 - 19:00\";i:1;s:13:\"09:00 - 19:00\";i:2;s:13:\"09:00 - 19:00\";i:3;s:13:\"09:00 - 19:00\";i:4;s:13:\"09:00 - 19:00\";i:5;s:13:\"10:00 - 16:00\";i:6;s:13:\"10:00 - 16:00\";}','','','','',1,'2014-12-08 16:18:30','2014-12-08 16:18:30'),(5,21,9,'N Miami/Biscayne','12055 Biscayne Blvd','','Miami','33181',25.88674000,-80.16329200,'a:7:{i:0;s:13:\"09:00 - 19:00\";i:1;s:13:\"09:00 - 19:00\";i:2;s:13:\"09:00 - 19:00\";i:3;s:13:\"09:00 - 19:00\";i:4;s:13:\"09:00 - 19:00\";i:5;s:13:\"10:00 - 16:00\";i:6;s:13:\"10:00 - 16:00\";}','','','','',1,'2014-12-08 16:18:30','2014-12-08 16:18:30');

--
-- Table structure for table `ps_store_shop`
--

CREATE TABLE `ps_store_shop` (
  `id_store` int(11) unsigned NOT NULL,
  `id_shop` int(11) unsigned NOT NULL,
  PRIMARY KEY (`id_store`,`id_shop`),
  KEY `id_shop` (`id_shop`)
) ENGINE=InnoDB DEFAULT CHARSET=utf8;

--
-- Dumping data for table `ps_store_shop`
--

INSERT INTO `ps_store_shop` VALUES (1,1),(2,1),(3,1),(4,1),(5,1);

--
-- Table structure for table `ps_supplier`
--

CREATE TABLE `ps_supplier` (
  `id_supplier` int(10) unsigned NOT NULL AUTO_INCREMENT,
  `name` varchar(64) NOT NULL,
  `date_add` datetime NOT NULL,
  `date_upd` datetime NOT NULL,
  `active` tinyint(1) NOT NULL DEFAULT '0',
  PRIMARY KEY (`id_supplier`)
) ENGINE=InnoDB AUTO_INCREMENT=2 DEFAULT CHARSET=utf8;

--
-- Dumping data for table `ps_supplier`
--

INSERT INTO `ps_supplier` VALUES (1,'Fashion Supplier','2014-12-08 16:18:30','2014-12-08 16:18:30',1);

--
-- Table structure for table `ps_supplier_lang`
--

CREATE TABLE `ps_supplier_lang` (
  `id_supplier` int(10) unsigned NOT NULL,
  `id_lang` int(10) unsigned NOT NULL,
  `description` text,
  `meta_title` varchar(128) DEFAULT NULL,
  `meta_keywords` varchar(255) DEFAULT NULL,
  `meta_description` varchar(255) DEFAULT NULL,
  PRIMARY KEY (`id_supplier`,`id_lang`)
) ENGINE=InnoDB DEFAULT CHARSET=utf8;

--
-- Dumping data for table `ps_supplier_lang`
--

INSERT INTO `ps_supplier_lang` VALUES (1,1,'','','','');

--
-- Table structure for table `ps_supplier_shop`
--

CREATE TABLE `ps_supplier_shop` (
  `id_supplier` int(11) unsigned NOT NULL,
  `id_shop` int(11) unsigned NOT NULL,
  PRIMARY KEY (`id_supplier`,`id_shop`),
  KEY `id_shop` (`id_shop`)
) ENGINE=InnoDB DEFAULT CHARSET=utf8;

--
-- Dumping data for table `ps_supplier_shop`
--

INSERT INTO `ps_supplier_shop` VALUES (1,1);

--
-- Table structure for table `ps_supply_order`
--

CREATE TABLE `ps_supply_order` (
  `id_supply_order` int(11) unsigned NOT NULL AUTO_INCREMENT,
  `id_supplier` int(11) unsigned NOT NULL,
  `supplier_name` varchar(64) NOT NULL,
  `id_lang` int(11) unsigned NOT NULL,
  `id_warehouse` int(11) unsigned NOT NULL,
  `id_supply_order_state` int(11) unsigned NOT NULL,
  `id_currency` int(11) unsigned NOT NULL,
  `id_ref_currency` int(11) unsigned NOT NULL,
  `reference` varchar(64) NOT NULL,
  `date_add` datetime NOT NULL,
  `date_upd` datetime NOT NULL,
  `date_delivery_expected` datetime DEFAULT NULL,
  `total_te` decimal(20,6) DEFAULT '0.000000',
  `total_with_discount_te` decimal(20,6) DEFAULT '0.000000',
  `total_tax` decimal(20,6) DEFAULT '0.000000',
  `total_ti` decimal(20,6) DEFAULT '0.000000',
  `discount_rate` decimal(20,6) DEFAULT '0.000000',
  `discount_value_te` decimal(20,6) DEFAULT '0.000000',
  `is_template` tinyint(1) DEFAULT '0',
  PRIMARY KEY (`id_supply_order`),
  KEY `id_supplier` (`id_supplier`),
  KEY `id_warehouse` (`id_warehouse`),
  KEY `reference` (`reference`)
) ENGINE=InnoDB DEFAULT CHARSET=utf8;

--
-- Dumping data for table `ps_supply_order`
--


--
-- Table structure for table `ps_supply_order_detail`
--

CREATE TABLE `ps_supply_order_detail` (
  `id_supply_order_detail` int(11) unsigned NOT NULL AUTO_INCREMENT,
  `id_supply_order` int(11) unsigned NOT NULL,
  `id_currency` int(11) unsigned NOT NULL,
  `id_product` int(11) unsigned NOT NULL,
  `id_product_attribute` int(11) unsigned NOT NULL,
  `reference` varchar(32) NOT NULL,
  `supplier_reference` varchar(32) NOT NULL,
  `name` varchar(128) NOT NULL,
  `ean13` varchar(13) DEFAULT NULL,
  `upc` varchar(12) DEFAULT NULL,
  `exchange_rate` decimal(20,6) DEFAULT '0.000000',
  `unit_price_te` decimal(20,6) DEFAULT '0.000000',
  `quantity_expected` int(11) unsigned NOT NULL,
  `quantity_received` int(11) unsigned NOT NULL,
  `price_te` decimal(20,6) DEFAULT '0.000000',
  `discount_rate` decimal(20,6) DEFAULT '0.000000',
  `discount_value_te` decimal(20,6) DEFAULT '0.000000',
  `price_with_discount_te` decimal(20,6) DEFAULT '0.000000',
  `tax_rate` decimal(20,6) DEFAULT '0.000000',
  `tax_value` decimal(20,6) DEFAULT '0.000000',
  `price_ti` decimal(20,6) DEFAULT '0.000000',
  `tax_value_with_order_discount` decimal(20,6) DEFAULT '0.000000',
  `price_with_order_discount_te` decimal(20,6) DEFAULT '0.000000',
  PRIMARY KEY (`id_supply_order_detail`),
  KEY `id_supply_order` (`id_supply_order`),
  KEY `id_product` (`id_product`),
  KEY `id_product_attribute` (`id_product_attribute`),
  KEY `id_product_product_attribute` (`id_product`,`id_product_attribute`)
) ENGINE=InnoDB DEFAULT CHARSET=utf8;

--
-- Dumping data for table `ps_supply_order_detail`
--


--
-- Table structure for table `ps_supply_order_history`
--

CREATE TABLE `ps_supply_order_history` (
  `id_supply_order_history` int(11) unsigned NOT NULL AUTO_INCREMENT,
  `id_supply_order` int(11) unsigned NOT NULL,
  `id_employee` int(11) unsigned NOT NULL,
  `employee_lastname` varchar(32) DEFAULT '',
  `employee_firstname` varchar(32) DEFAULT '',
  `id_state` int(11) unsigned NOT NULL,
  `date_add` datetime NOT NULL,
  PRIMARY KEY (`id_supply_order_history`),
  KEY `id_supply_order` (`id_supply_order`),
  KEY `id_employee` (`id_employee`),
  KEY `id_state` (`id_state`)
) ENGINE=InnoDB DEFAULT CHARSET=utf8;

--
-- Dumping data for table `ps_supply_order_history`
--


--
-- Table structure for table `ps_supply_order_receipt_history`
--

CREATE TABLE `ps_supply_order_receipt_history` (
  `id_supply_order_receipt_history` int(11) unsigned NOT NULL AUTO_INCREMENT,
  `id_supply_order_detail` int(11) unsigned NOT NULL,
  `id_employee` int(11) unsigned NOT NULL,
  `employee_lastname` varchar(32) DEFAULT '',
  `employee_firstname` varchar(32) DEFAULT '',
  `id_supply_order_state` int(11) unsigned NOT NULL,
  `quantity` int(11) unsigned NOT NULL,
  `date_add` datetime NOT NULL,
  PRIMARY KEY (`id_supply_order_receipt_history`),
  KEY `id_supply_order_detail` (`id_supply_order_detail`),
  KEY `id_supply_order_state` (`id_supply_order_state`)
) ENGINE=InnoDB DEFAULT CHARSET=utf8;

--
-- Dumping data for table `ps_supply_order_receipt_history`
--


--
-- Table structure for table `ps_supply_order_state`
--

CREATE TABLE `ps_supply_order_state` (
  `id_supply_order_state` int(11) unsigned NOT NULL AUTO_INCREMENT,
  `delivery_note` tinyint(1) NOT NULL DEFAULT '0',
  `editable` tinyint(1) NOT NULL DEFAULT '0',
  `receipt_state` tinyint(1) NOT NULL DEFAULT '0',
  `pending_receipt` tinyint(1) NOT NULL DEFAULT '0',
  `enclosed` tinyint(1) NOT NULL DEFAULT '0',
  `color` varchar(32) DEFAULT NULL,
  PRIMARY KEY (`id_supply_order_state`)
) ENGINE=InnoDB AUTO_INCREMENT=7 DEFAULT CHARSET=utf8;

--
-- Dumping data for table `ps_supply_order_state`
--

INSERT INTO `ps_supply_order_state` VALUES (1,0,1,0,0,0,'#faab00'),(2,1,0,0,0,0,'#273cff'),(3,0,0,0,1,0,'#ff37f5'),(4,0,0,1,1,0,'#ff3e33'),(5,0,0,1,0,1,'#00d60c'),(6,0,0,0,0,1,'#666666');

--
-- Table structure for table `ps_supply_order_state_lang`
--

CREATE TABLE `ps_supply_order_state_lang` (
  `id_supply_order_state` int(11) unsigned NOT NULL,
  `id_lang` int(11) unsigned NOT NULL,
  `name` varchar(128) DEFAULT NULL,
  PRIMARY KEY (`id_supply_order_state`,`id_lang`)
) ENGINE=InnoDB DEFAULT CHARSET=utf8;

--
-- Dumping data for table `ps_supply_order_state_lang`
--

INSERT INTO `ps_supply_order_state_lang` VALUES (1,1,'1 - Creation in progress'),(2,1,'2 - Order validated'),(3,1,'3 - Pending receipt'),(4,1,'4 - Order received in part'),(5,1,'5 - Order received completely'),(6,1,'6 - Order canceled');

--
-- Table structure for table `ps_tab`
--

CREATE TABLE `ps_tab` (
  `id_tab` int(10) unsigned NOT NULL AUTO_INCREMENT,
  `id_parent` int(11) NOT NULL,
  `class_name` varchar(64) NOT NULL,
  `module` varchar(64) DEFAULT NULL,
  `position` int(10) unsigned NOT NULL,
  `active` tinyint(1) NOT NULL DEFAULT '1',
  `hide_host_mode` tinyint(1) NOT NULL DEFAULT '0',
  PRIMARY KEY (`id_tab`),
  KEY `class_name` (`class_name`),
  KEY `id_parent` (`id_parent`)
) ENGINE=InnoDB AUTO_INCREMENT=105 DEFAULT CHARSET=utf8;

--
-- Dumping data for table `ps_tab`
--

INSERT INTO `ps_tab` VALUES (1,0,'AdminDashboard',NULL,0,1,0),(2,-1,'AdminCms',NULL,0,1,0),(3,-1,'AdminCmsCategories',NULL,1,1,0),(4,-1,'AdminAttributeGenerator',NULL,2,1,0),(5,-1,'AdminSearch',NULL,3,1,0),(6,-1,'AdminLogin',NULL,4,1,0),(7,-1,'AdminShop',NULL,5,1,0),(8,-1,'AdminShopUrl',NULL,6,1,0),(9,0,'AdminCatalog',NULL,1,1,0),(10,0,'AdminParentOrders',NULL,2,1,0),(11,0,'AdminParentCustomer',NULL,3,1,0),(12,0,'AdminPriceRule',NULL,4,1,0),(13,0,'AdminParentModules',NULL,5,1,0),(14,0,'AdminParentShipping',NULL,6,1,0),(15,0,'AdminParentLocalization',NULL,7,1,0),(16,0,'AdminParentPreferences',NULL,8,1,0),(17,0,'AdminTools',NULL,9,1,0),(18,0,'AdminAdmin',NULL,10,1,0),(19,0,'AdminParentStats',NULL,11,1,0),(20,0,'AdminStock',NULL,12,1,0),(21,9,'AdminProducts',NULL,0,1,0),(22,9,'AdminCategories',NULL,1,1,0),(23,9,'AdminTracking',NULL,2,1,0),(24,9,'AdminAttributesGroups',NULL,3,1,0),(25,9,'AdminFeatures',NULL,4,1,0),(26,9,'AdminManufacturers',NULL,5,1,0),(27,9,'AdminSuppliers',NULL,6,1,0),(28,9,'AdminTags',NULL,7,1,0),(29,9,'AdminAttachments',NULL,8,1,0),(30,10,'AdminOrders',NULL,0,1,0),(31,10,'AdminInvoices',NULL,1,1,0),(32,10,'AdminReturn',NULL,2,1,0),(33,10,'AdminDeliverySlip',NULL,3,1,0),(34,10,'AdminSlip',NULL,4,1,0),(35,10,'AdminStatuses',NULL,5,1,0),(36,10,'AdminOrderMessage',NULL,6,1,0),(37,11,'AdminCustomers',NULL,0,1,0),(38,11,'AdminAddresses',NULL,1,1,0),(39,11,'AdminGroups',NULL,2,1,0),(40,11,'AdminCarts',NULL,3,1,0),(41,11,'AdminCustomerThreads',NULL,4,1,0),(42,11,'AdminContacts',NULL,5,1,0),(43,11,'AdminGenders',NULL,6,1,0),(44,11,'AdminOutstanding',NULL,7,0,0),(45,12,'AdminCartRules',NULL,0,1,0),(46,12,'AdminSpecificPriceRule',NULL,1,1,0),(47,12,'AdminMarketing',NULL,2,1,0),(48,14,'AdminCarriers',NULL,0,1,0),(49,14,'AdminShipping',NULL,1,1,0),(50,14,'AdminCarrierWizard',NULL,2,1,0),(51,15,'AdminLocalization',NULL,0,1,0),(52,15,'AdminLanguages',NULL,1,1,0),(53,15,'AdminZones',NULL,2,1,0),(54,15,'AdminCountries',NULL,3,1,0),(55,15,'AdminStates',NULL,4,1,0),(56,15,'AdminCurrencies',NULL,5,1,0),(57,15,'AdminTaxes',NULL,6,1,0),(58,15,'AdminTaxRulesGroup',NULL,7,1,0),(59,15,'AdminTranslations',NULL,8,1,0),(60,13,'AdminModules',NULL,0,1,0),(61,13,'AdminAddonsCatalog',NULL,1,1,0),(62,13,'AdminModulesPositions',NULL,2,1,0),(63,13,'AdminPayment',NULL,3,1,0),(64,16,'AdminPreferences',NULL,0,1,0),(65,16,'AdminOrderPreferences',NULL,1,1,0),(66,16,'AdminPPreferences',NULL,2,1,0),(67,16,'AdminCustomerPreferences',NULL,3,1,0),(68,16,'AdminThemes',NULL,4,1,0),(69,16,'AdminMeta',NULL,5,1,0),(70,16,'AdminCmsContent',NULL,6,1,0),(71,16,'AdminImages',NULL,7,1,0),(72,16,'AdminStores',NULL,8,1,0),(73,16,'AdminSearchConf',NULL,9,1,0),(74,16,'AdminMaintenance',NULL,10,1,0),(75,16,'AdminGeolocation',NULL,11,1,0),(76,17,'AdminInformation',NULL,0,1,0),(77,17,'AdminPerformance',NULL,1,1,0),(78,17,'AdminEmails',NULL,2,1,0),(79,17,'AdminShopGroup',NULL,3,0,0),(80,17,'AdminImport',NULL,4,1,0),(81,17,'AdminBackup',NULL,5,1,0),(82,17,'AdminRequestSql',NULL,6,1,0),(83,17,'AdminLogs',NULL,7,1,0),(84,17,'AdminWebservice',NULL,8,1,0),(85,18,'AdminAdminPreferences',NULL,0,1,0),(86,18,'AdminQuickAccesses',NULL,1,1,0),(87,18,'AdminEmployees',NULL,2,1,0),(88,18,'AdminProfiles',NULL,3,1,0),(89,18,'AdminAccess',NULL,4,1,0),(90,18,'AdminTabs',NULL,5,1,0),(91,19,'AdminStats',NULL,0,1,0),(92,19,'AdminSearchEngines',NULL,1,1,0),(93,19,'AdminReferrers',NULL,2,1,0),(94,20,'AdminWarehouses',NULL,0,1,0),(95,20,'AdminStockManagement',NULL,1,1,0),(96,20,'AdminStockMvt',NULL,2,1,0),(97,20,'AdminStockInstantState',NULL,3,1,0),(98,20,'AdminStockCover',NULL,4,1,0),(99,20,'AdminSupplyOrders',NULL,5,1,0),(100,20,'AdminStockConfiguration',NULL,6,1,0),(101,-1,'AdminBlockCategories','blockcategories',7,1,0),(102,-1,'AdminDashgoals','dashgoals',8,1,0),(103,18,'AdminGamification','gamification',6,1,0),(104,-1,'AdminCronJobs','cronjobs',9,1,0);

--
-- Table structure for table `ps_tab_advice`
--

CREATE TABLE `ps_tab_advice` (
  `id_tab` int(11) NOT NULL,
  `id_advice` int(11) NOT NULL,
  PRIMARY KEY (`id_tab`,`id_advice`)
) ENGINE=InnoDB DEFAULT CHARSET=utf8;

--
-- Dumping data for table `ps_tab_advice`
--

INSERT INTO `ps_tab_advice` VALUES (0,4),(1,3),(1,7),(1,8),(1,9),(1,10),(21,1),(21,5),(21,6),(22,1),(31,1),(59,2),(72,1);

--
-- Table structure for table `ps_tab_lang`
--

CREATE TABLE `ps_tab_lang` (
  `id_tab` int(10) unsigned NOT NULL,
  `id_lang` int(10) unsigned NOT NULL,
  `name` varchar(64) DEFAULT NULL,
  PRIMARY KEY (`id_tab`,`id_lang`)
) ENGINE=InnoDB DEFAULT CHARSET=utf8;

--
-- Dumping data for table `ps_tab_lang`
--

INSERT INTO `ps_tab_lang` VALUES (1,1,'Dashboard'),(2,1,'CMS Pages'),(3,1,'CMS Categories'),(4,1,'Combinations Generator'),(5,1,'Search'),(6,1,'Login'),(7,1,'Shops'),(8,1,'Shop URLs'),(9,1,'Catalog'),(10,1,'Orders'),(11,1,'Customers'),(12,1,'Price Rules'),(13,1,'Modules'),(14,1,'Shipping'),(15,1,'Localization'),(16,1,'Preferences'),(17,1,'Advanced Parameters'),(18,1,'Administration'),(19,1,'Stats'),(20,1,'Stock'),(21,1,'Products'),(22,1,'Categories'),(23,1,'Monitoring'),(24,1,'Product Attributes'),(25,1,'Product Features'),(26,1,'Manufacturers'),(27,1,'Suppliers'),(28,1,'Tags'),(29,1,'Attachments'),(30,1,'Orders'),(31,1,'Invoices'),(32,1,'Merchandise Returns'),(33,1,'Delivery Slips'),(34,1,'Credit Slips'),(35,1,'Statuses'),(36,1,'Order Messages'),(37,1,'Customers'),(38,1,'Addresses'),(39,1,'Groups'),(40,1,'Shopping Carts'),(41,1,'Customer Service'),(42,1,'Contacts'),(43,1,'Titles'),(44,1,'Outstanding'),(45,1,'Cart Rules'),(46,1,'Catalog Price Rules'),(47,1,'Marketing'),(48,1,'Carriers'),(49,1,'Preferences'),(50,1,'Carrier'),(51,1,'Localization'),(52,1,'Languages'),(53,1,'Zones'),(54,1,'Countries'),(55,1,'States'),(56,1,'Currencies'),(57,1,'Taxes'),(58,1,'Tax Rules'),(59,1,'Translations'),(60,1,'Modules'),(61,1,'Modules & Themes Catalog'),(62,1,'Positions'),(63,1,'Payment'),(64,1,'General'),(65,1,'Orders'),(66,1,'Products'),(67,1,'Customers'),(68,1,'Themes'),(69,1,'SEO & URLs'),(70,1,'CMS'),(71,1,'Images'),(72,1,'Store Contacts'),(73,1,'Search'),(74,1,'Maintenance'),(75,1,'Geolocation'),(76,1,'Configuration Information'),(77,1,'Performance'),(78,1,'E-mail'),(79,1,'Multistore'),(80,1,'CSV Import'),(81,1,'DB Backup'),(82,1,'SQL Manager'),(83,1,'Logs'),(84,1,'Webservice'),(85,1,'Preferences'),(86,1,'Quick Access'),(87,1,'Employees'),(88,1,'Profiles'),(89,1,'Permissions'),(90,1,'Menus'),(91,1,'Stats'),(92,1,'Search Engines'),(93,1,'Referrers'),(94,1,'Warehouses'),(95,1,'Stock Management'),(96,1,'Stock Movement'),(97,1,'Instant Stock Status'),(98,1,'Stock Coverage'),(99,1,'Supply orders'),(100,1,'Configuration'),(101,1,'BlockCategories'),(102,1,'Dashgoals'),(103,1,'Merchant Expertise'),(104,1,'Cron Jobs');

--
-- Table structure for table `ps_tab_module_preference`
--

CREATE TABLE `ps_tab_module_preference` (
  `id_tab_module_preference` int(11) NOT NULL AUTO_INCREMENT,
  `id_employee` int(11) NOT NULL,
  `id_tab` int(11) NOT NULL,
  `module` varchar(255) NOT NULL,
  PRIMARY KEY (`id_tab_module_preference`),
  UNIQUE KEY `employee_module` (`id_employee`,`id_tab`,`module`)
) ENGINE=InnoDB DEFAULT CHARSET=utf8;

--
-- Dumping data for table `ps_tab_module_preference`
--


--
-- Table structure for table `ps_tag`
--

CREATE TABLE `ps_tag` (
  `id_tag` int(10) unsigned NOT NULL AUTO_INCREMENT,
  `id_lang` int(10) unsigned NOT NULL,
  `name` varchar(32) NOT NULL,
  PRIMARY KEY (`id_tag`),
  KEY `tag_name` (`name`),
  KEY `id_lang` (`id_lang`)
) ENGINE=InnoDB DEFAULT CHARSET=utf8;

--
-- Dumping data for table `ps_tag`
--


--
-- Table structure for table `ps_tax`
--

CREATE TABLE `ps_tax` (
  `id_tax` int(10) unsigned NOT NULL AUTO_INCREMENT,
  `rate` decimal(10,3) NOT NULL,
  `active` tinyint(1) unsigned NOT NULL DEFAULT '1',
  `deleted` tinyint(1) unsigned NOT NULL DEFAULT '0',
  PRIMARY KEY (`id_tax`)
) ENGINE=InnoDB AUTO_INCREMENT=53 DEFAULT CHARSET=utf8;

--
-- Dumping data for table `ps_tax`
--

INSERT INTO `ps_tax` VALUES (1,4.000,1,0),(2,0.000,1,0),(3,6.600,1,0),(4,6.000,1,0),(5,8.250,1,0),(6,2.900,1,0),(7,0.000,1,0),(8,0.000,1,0),(9,6.000,1,0),(10,4.000,1,0),(11,4.000,1,0),(12,6.000,1,0),(13,6.250,1,0),(14,7.000,1,0),(15,6.000,1,0),(16,5.300,1,0),(17,6.000,1,0),(18,4.000,1,0),(19,5.000,1,0),(20,6.000,1,0),(21,6.250,1,0),(22,6.000,1,0),(23,6.875,1,0),(24,7.000,1,0),(25,4.225,1,0),(26,0.000,1,0),(27,5.500,1,0),(28,6.850,1,0),(29,0.000,1,0),(30,7.000,1,0),(31,5.125,1,0),(32,4.000,1,0),(33,5.500,1,0),(34,5.000,1,0),(35,5.500,1,0),(36,4.500,1,0),(37,0.000,1,0),(38,6.000,1,0),(39,7.000,1,0),(40,6.000,1,0),(41,4.000,1,0),(42,7.000,1,0),(43,6.250,1,0),(44,4.750,1,0),(45,6.000,1,0),(46,4.000,1,0),(47,6.500,1,0),(48,6.000,1,0),(49,5.000,1,0),(50,4.000,1,0),(51,5.500,1,0),(52,6.000,1,0);

--
-- Table structure for table `ps_tax_lang`
--

CREATE TABLE `ps_tax_lang` (
  `id_tax` int(10) unsigned NOT NULL,
  `id_lang` int(10) unsigned NOT NULL,
  `name` varchar(32) NOT NULL,
  PRIMARY KEY (`id_tax`,`id_lang`)
) ENGINE=InnoDB DEFAULT CHARSET=utf8;

--
-- Dumping data for table `ps_tax_lang`
--

INSERT INTO `ps_tax_lang` VALUES (1,1,'Sales-taxes US-AL 4%'),(2,1,'Sales-taxes US-AK 0%'),(3,1,'Sales-taxes US-AZ 6.6%'),(4,1,'Sales-taxes US-AR 6%'),(5,1,'Sales-taxes US-CA 8.25%'),(6,1,'Sales-taxes US-CO 2.9%'),(7,1,'Sales-taxes US-CT 0%'),(8,1,'Sales-taxes US-DE 0%'),(9,1,'Sales-taxes US-FL 6%'),(10,1,'Sales-taxes US-GA 4%'),(11,1,'Sales-taxes US-HI 4%'),(12,1,'Sales-taxes US-ID 6%'),(13,1,'Sales-taxes US-IL 6.25%'),(14,1,'Sales-taxes US-IN 7%'),(15,1,'Sales-taxes US-IA 6%'),(16,1,'Sales-taxes US-KS 5.3%'),(17,1,'Sales-taxes US-KY 6%'),(18,1,'Sales-taxes US-LA 4%'),(19,1,'Sales-taxes US-ME 5%'),(20,1,'Sales-taxes US-MD 6%'),(21,1,'Sales-taxes US-MA 6.25%'),(22,1,'Sales-taxes US-MI 6%'),(23,1,'Sales-taxes US-MN 6.875%'),(24,1,'Sales-taxes US-MS 7%'),(25,1,'Sales-taxes US-MO 4.225%'),(26,1,'Sales-taxes US-MT 0.0%'),(27,1,'Sales-taxes US-NE 5.5%'),(28,1,'Sales-taxes US-NV 6.85%'),(29,1,'Sales-taxes US-NH 0%'),(30,1,'Sales-taxes US-NJ 7%'),(31,1,'Sales-taxes US-NM 5.125%'),(32,1,'Sales-taxes US-NY 4%'),(33,1,'Sales-taxes US-NC 5.5%'),(34,1,'Sales-taxes US-ND 5%'),(35,1,'Sales-taxes US-OH 5.5%'),(36,1,'Sales-taxes US-OK 4.5%'),(37,1,'Sales-taxes US-OR 0%'),(38,1,'Sales-taxes US-PA 6%'),(39,1,'Sales-taxes US-RI 7%'),(40,1,'Sales-taxes US-SC 6%'),(41,1,'Sales-taxes US-SD 4%'),(42,1,'Sales-taxes US-TN 7%'),(43,1,'Sales-taxes US-TX 6.25%'),(44,1,'Sales-taxes US-UT 4.75%'),(45,1,'Sales-taxes US-VT 6%'),(46,1,'Sales-taxes US-VA 4%'),(47,1,'Sales-taxes US-WA 6.5%'),(48,1,'Sales-taxes US-WV 6%'),(49,1,'Sales-taxes US-WI 5%'),(50,1,'Sales-taxes US-WY 4%'),(51,1,'Sales-taxes US-PR 5.5%'),(52,1,'Sales-taxes US-DC 6%');

--
-- Table structure for table `ps_tax_rule`
--

CREATE TABLE `ps_tax_rule` (
  `id_tax_rule` int(11) NOT NULL AUTO_INCREMENT,
  `id_tax_rules_group` int(11) NOT NULL,
  `id_country` int(11) NOT NULL,
  `id_state` int(11) NOT NULL,
  `zipcode_from` varchar(12) NOT NULL,
  `zipcode_to` varchar(12) NOT NULL,
  `id_tax` int(11) NOT NULL,
  `behavior` int(11) NOT NULL,
  `description` varchar(100) NOT NULL,
  PRIMARY KEY (`id_tax_rule`),
  KEY `id_tax_rules_group` (`id_tax_rules_group`),
  KEY `id_tax` (`id_tax`),
  KEY `category_getproducts` (`id_tax_rules_group`,`id_country`,`id_state`,`zipcode_from`)
) ENGINE=InnoDB AUTO_INCREMENT=53 DEFAULT CHARSET=utf8;

--
-- Dumping data for table `ps_tax_rule`
--

INSERT INTO `ps_tax_rule` VALUES (1,1,21,1,'0','0',1,1,''),(2,2,21,2,'0','0',2,1,''),(3,3,21,3,'0','0',3,1,''),(4,4,21,4,'0','0',4,1,''),(5,5,21,5,'0','0',5,1,''),(6,6,21,6,'0','0',6,1,''),(7,7,21,7,'0','0',7,1,''),(8,8,21,8,'0','0',8,1,''),(9,9,21,9,'0','0',9,1,''),(10,10,21,10,'0','0',10,1,''),(11,11,21,11,'0','0',11,1,''),(12,12,21,12,'0','0',12,1,''),(13,13,21,13,'0','0',13,1,''),(14,14,21,14,'0','0',14,1,''),(15,15,21,15,'0','0',15,1,''),(16,16,21,16,'0','0',16,1,''),(17,17,21,17,'0','0',17,1,''),(18,18,21,18,'0','0',18,1,''),(19,19,21,19,'0','0',19,1,''),(20,20,21,20,'0','0',20,1,''),(21,21,21,21,'0','0',21,1,''),(22,22,21,22,'0','0',22,1,''),(23,23,21,23,'0','0',23,1,''),(24,24,21,24,'0','0',24,1,''),(25,25,21,25,'0','0',25,1,''),(26,26,21,26,'0','0',26,1,''),(27,27,21,27,'0','0',27,1,''),(28,28,21,28,'0','0',28,1,''),(29,29,21,29,'0','0',29,1,''),(30,30,21,30,'0','0',30,1,''),(31,31,21,31,'0','0',31,1,''),(32,32,21,32,'0','0',32,1,''),(33,33,21,33,'0','0',33,1,''),(34,34,21,34,'0','0',34,1,''),(35,35,21,35,'0','0',35,1,''),(36,36,21,36,'0','0',36,1,''),(37,37,21,37,'0','0',37,1,''),(38,38,21,38,'0','0',38,1,''),(39,39,21,39,'0','0',39,1,''),(40,40,21,40,'0','0',40,1,''),(41,41,21,41,'0','0',41,1,''),(42,42,21,42,'0','0',42,1,''),(43,43,21,43,'0','0',43,1,''),(44,44,21,44,'0','0',44,1,''),(45,45,21,45,'0','0',45,1,''),(46,46,21,46,'0','0',46,1,''),(47,47,21,47,'0','0',47,1,''),(48,48,21,48,'0','0',48,1,''),(49,49,21,49,'0','0',49,1,''),(50,50,21,50,'0','0',50,1,''),(51,51,21,51,'0','0',51,1,''),(52,52,21,53,'0','0',52,1,'');

--
-- Table structure for table `ps_tax_rules_group`
--

CREATE TABLE `ps_tax_rules_group` (
  `id_tax_rules_group` int(11) NOT NULL AUTO_INCREMENT,
  `name` varchar(50) NOT NULL,
  `active` int(11) NOT NULL,
  PRIMARY KEY (`id_tax_rules_group`)
) ENGINE=InnoDB AUTO_INCREMENT=53 DEFAULT CHARSET=utf8;

--
-- Dumping data for table `ps_tax_rules_group`
--

INSERT INTO `ps_tax_rules_group` VALUES (1,'US-AL Rate (4%)',1),(2,'US-AK Rate (0%)',1),(3,'US-AZ Rate (6.6%)',1),(4,'US-AR Rate (6%)',1),(5,'US-CA Rate (8.25%)',1),(6,'US-CO Rate (2.9%)',1),(7,'US-CT Rate (0%)',1),(8,'US-DE Rate (0%)',1),(9,'US-FL Rate (6%)',1),(10,'US-GA Rate (4%)',1),(11,'US-HI Rate (4%)',1),(12,'US-ID Rate (6%)',1),(13,'US-IL Rate (6.25%)',1),(14,'US-IN Rate (7%)',1),(15,'US-IA Rate (6%)',1),(16,'US-KS Rate (5.3%)',1),(17,'US-KY Rate (6%)',1),(18,'US-LA Rate (4%)',1),(19,'US-ME Rate (5%)',1),(20,'US-MD Rate (6%)',1),(21,'US-MA Rate (6.25%)',1),(22,'US-MI Rate (6%)',1),(23,'US-MN Rate (6.875%)',1),(24,'US-MS Rate (7%)',1),(25,'US-MO Rate (4.225%)',1),(26,'US-MT Rate (0%)',1),(27,'US-NE Rate (5.5%)',1),(28,'US-NV Rate (6.85%)',1),(29,'US-NH Rate (0%)',1),(30,'US-NJ Rate (7%)',1),(31,'US-NM Rate (5.125%)',1),(32,'US-NY Rate (4%)',1),(33,'US-NC Rate (5.5%)',1),(34,'US-ND Rate (5%)',1),(35,'US-OH Rate (5.5%)',1),(36,'US-OK Rate (4.5%)',1),(37,'US-OR Rate (0%)',1),(38,'US-PA Rate (6%)',1),(39,'US-RI Rate (7%)',1),(40,'US-SC Rate (6%)',1),(41,'US-SD Rate (4%)',1),(42,'US-TN Rate (7%)',1),(43,'US-TX Rate (6.25%)',1),(44,'US-UT Rate (4.75%)',1),(45,'US-VT Rate (6%)',1),(46,'US-VA Rate (4%)',1),(47,'US-WA Rate (6.5%)',1),(48,'US-WV Rate (6%)',1),(49,'US-WI Rate (5%)',1),(50,'US-WY Rate (4%)',1),(51,'US-PR Rate (5.5%)',1),(52,'US-DC Rate (6%)',1);

--
-- Table structure for table `ps_tax_rules_group_shop`
--

CREATE TABLE `ps_tax_rules_group_shop` (
  `id_tax_rules_group` int(11) unsigned NOT NULL,
  `id_shop` int(11) unsigned NOT NULL,
  PRIMARY KEY (`id_tax_rules_group`,`id_shop`),
  KEY `id_shop` (`id_shop`)
) ENGINE=InnoDB DEFAULT CHARSET=utf8;

--
-- Dumping data for table `ps_tax_rules_group_shop`
--

INSERT INTO `ps_tax_rules_group_shop` VALUES (1,1),(2,1),(3,1),(4,1),(5,1),(6,1),(7,1),(8,1),(9,1),(10,1),(11,1),(12,1),(13,1),(14,1),(15,1),(16,1),(17,1),(18,1),(19,1),(20,1),(21,1),(22,1),(23,1),(24,1),(25,1),(26,1),(27,1),(28,1),(29,1),(30,1),(31,1),(32,1),(33,1),(34,1),(35,1),(36,1),(37,1),(38,1),(39,1),(40,1),(41,1),(42,1),(43,1),(44,1),(45,1),(46,1),(47,1),(48,1),(49,1),(50,1),(51,1),(52,1);

--
-- Table structure for table `ps_theme`
--

CREATE TABLE `ps_theme` (
  `id_theme` int(11) NOT NULL AUTO_INCREMENT,
  `name` varchar(64) NOT NULL,
  `directory` varchar(64) NOT NULL,
  `responsive` tinyint(1) NOT NULL DEFAULT '0',
  `default_left_column` tinyint(1) NOT NULL DEFAULT '0',
  `default_right_column` tinyint(1) NOT NULL DEFAULT '0',
  `product_per_page` int(10) unsigned NOT NULL,
  PRIMARY KEY (`id_theme`)
) ENGINE=InnoDB AUTO_INCREMENT=2 DEFAULT CHARSET=utf8;

--
-- Dumping data for table `ps_theme`
--

INSERT INTO `ps_theme` VALUES (1,'default-bootstrap','default-bootstrap',1,1,0,12);

--
-- Table structure for table `ps_theme_meta`
--

CREATE TABLE `ps_theme_meta` (
  `id_theme_meta` int(11) NOT NULL AUTO_INCREMENT,
  `id_theme` int(11) NOT NULL,
  `id_meta` int(10) unsigned NOT NULL,
  `left_column` tinyint(1) NOT NULL DEFAULT '1',
  `right_column` tinyint(1) NOT NULL DEFAULT '1',
  PRIMARY KEY (`id_theme_meta`),
  UNIQUE KEY `id_theme_2` (`id_theme`,`id_meta`),
  KEY `id_theme` (`id_theme`),
  KEY `id_meta` (`id_meta`)
) ENGINE=InnoDB AUTO_INCREMENT=36 DEFAULT CHARSET=utf8;

--
-- Dumping data for table `ps_theme_meta`
--

INSERT INTO `ps_theme_meta` VALUES (1,1,1,0,0),(2,1,2,1,0),(3,1,3,0,0),(4,1,4,0,0),(5,1,5,1,0),(6,1,6,1,0),(7,1,7,0,0),(8,1,8,1,0),(9,1,9,1,0),(10,1,10,0,0),(11,1,11,0,0),(12,1,12,0,0),(13,1,13,0,0),(14,1,14,0,0),(15,1,15,0,0),(16,1,16,0,0),(17,1,17,0,0),(18,1,18,0,0),(19,1,19,0,0),(20,1,20,0,0),(21,1,21,0,0),(22,1,22,1,0),(23,1,23,0,0),(24,1,24,0,0),(25,1,25,0,0),(26,1,26,0,0),(27,1,28,1,0),(28,1,29,0,0),(29,1,27,0,0),(30,1,30,0,0),(31,1,31,0,0),(32,1,32,0,0),(33,1,33,0,0),(34,1,34,0,0),(35,1,35,1,0);

--
-- Table structure for table `ps_theme_specific`
--

CREATE TABLE `ps_theme_specific` (
  `id_theme` int(11) unsigned NOT NULL,
  `id_shop` int(11) unsigned NOT NULL,
  `entity` int(11) unsigned NOT NULL,
  `id_object` int(11) unsigned NOT NULL,
  PRIMARY KEY (`id_theme`,`id_shop`,`entity`,`id_object`)
) ENGINE=InnoDB DEFAULT CHARSET=utf8;

--
-- Dumping data for table `ps_theme_specific`
--


--
-- Table structure for table `ps_themeconfigurator`
--

CREATE TABLE `ps_themeconfigurator` (
  `id_item` int(10) unsigned NOT NULL AUTO_INCREMENT,
  `id_shop` int(10) unsigned NOT NULL,
  `id_lang` int(10) unsigned NOT NULL,
  `item_order` int(10) unsigned NOT NULL,
  `title` varchar(100) DEFAULT NULL,
  `title_use` tinyint(1) unsigned NOT NULL DEFAULT '0',
  `hook` varchar(100) DEFAULT NULL,
  `url` text,
  `target` tinyint(1) unsigned NOT NULL DEFAULT '0',
  `image` varchar(100) DEFAULT NULL,
  `image_w` varchar(10) DEFAULT NULL,
  `image_h` varchar(10) DEFAULT NULL,
  `html` text,
  `active` tinyint(1) unsigned NOT NULL DEFAULT '1',
  PRIMARY KEY (`id_item`)
) ENGINE=InnoDB AUTO_INCREMENT=8 DEFAULT CHARSET=utf8;

--
-- Dumping data for table `ps_themeconfigurator`
--

INSERT INTO `ps_themeconfigurator` VALUES (1,1,1,1,'',0,'home','http://www.prestashop.com/',0,'banner-img1.jpg','383','267','',1),(2,1,1,2,'',0,'home','http://www.prestashop.com/',0,'banner-img2.jpg','383','267','',1),(3,1,1,3,'',0,'home','http://www.prestashop.com/',0,'banner-img3.jpg','383','267','',1),(4,1,1,4,'',0,'home','http://www.prestashop.com/',0,'banner-img4.jpg','383','142','',1),(5,1,1,5,'',0,'home','http://www.prestashop.com/',0,'banner-img5.jpg','777','142','',1),(6,1,1,6,'',0,'top','http://www.prestashop.com/',0,'banner-img6.jpg','381','219','',1),(7,1,1,7,'',0,'top','http://www.prestashop.com/',0,'banner-img7.jpg','381','219','',1);

--
-- Table structure for table `ps_timezone`
--

CREATE TABLE `ps_timezone` (
  `id_timezone` int(10) unsigned NOT NULL AUTO_INCREMENT,
  `name` varchar(32) NOT NULL,
  PRIMARY KEY (`id_timezone`)
) ENGINE=InnoDB AUTO_INCREMENT=561 DEFAULT CHARSET=utf8;

--
-- Dumping data for table `ps_timezone`
--

INSERT INTO `ps_timezone` VALUES (1,'Africa/Abidjan'),(2,'Africa/Accra'),(3,'Africa/Addis_Ababa'),(4,'Africa/Algiers'),(5,'Africa/Asmara'),(6,'Africa/Asmera'),(7,'Africa/Bamako'),(8,'Africa/Bangui'),(9,'Africa/Banjul'),(10,'Africa/Bissau'),(11,'Africa/Blantyre'),(12,'Africa/Brazzaville'),(13,'Africa/Bujumbura'),(14,'Africa/Cairo'),(15,'Africa/Casablanca'),(16,'Africa/Ceuta'),(17,'Africa/Conakry'),(18,'Africa/Dakar'),(19,'Africa/Dar_es_Salaam'),(20,'Africa/Djibouti'),(21,'Africa/Douala'),(22,'Africa/El_Aaiun'),(23,'Africa/Freetown'),(24,'Africa/Gaborone'),(25,'Africa/Harare'),(26,'Africa/Johannesburg'),(27,'Africa/Kampala'),(28,'Africa/Khartoum'),(29,'Africa/Kigali'),(30,'Africa/Kinshasa'),(31,'Africa/Lagos'),(32,'Africa/Libreville'),(33,'Africa/Lome'),(34,'Africa/Luanda'),(35,'Africa/Lubumbashi'),(36,'Africa/Lusaka'),(37,'Africa/Malabo'),(38,'Africa/Maputo'),(39,'Africa/Maseru'),(40,'Africa/Mbabane'),(41,'Africa/Mogadishu'),(42,'Africa/Monrovia'),(43,'Africa/Nairobi'),(44,'Africa/Ndjamena'),(45,'Africa/Niamey'),(46,'Africa/Nouakchott'),(47,'Africa/Ouagadougou'),(48,'Africa/Porto-Novo'),(49,'Africa/Sao_Tome'),(50,'Africa/Timbuktu'),(51,'Africa/Tripoli'),(52,'Africa/Tunis'),(53,'Africa/Windhoek'),(54,'America/Adak'),(55,'America/Anchorage '),(56,'America/Anguilla'),(57,'America/Antigua'),(58,'America/Araguaina'),(59,'America/Argentina/Buenos_Aires'),(60,'America/Argentina/Catamarca'),(61,'America/Argentina/ComodRivadavia'),(62,'America/Argentina/Cordoba'),(63,'America/Argentina/Jujuy'),(64,'America/Argentina/La_Rioja'),(65,'America/Argentina/Mendoza'),(66,'America/Argentina/Rio_Gallegos'),(67,'America/Argentina/Salta'),(68,'America/Argentina/San_Juan'),(69,'America/Argentina/San_Luis'),(70,'America/Argentina/Tucuman'),(71,'America/Argentina/Ushuaia'),(72,'America/Aruba'),(73,'America/Asuncion'),(74,'America/Atikokan'),(75,'America/Atka'),(76,'America/Bahia'),(77,'America/Barbados'),(78,'America/Belem'),(79,'America/Belize'),(80,'America/Blanc-Sablon'),(81,'America/Boa_Vista'),(82,'America/Bogota'),(83,'America/Boise'),(84,'America/Buenos_Aires'),(85,'America/Cambridge_Bay'),(86,'America/Campo_Grande'),(87,'America/Cancun'),(88,'America/Caracas'),(89,'America/Catamarca'),(90,'America/Cayenne'),(91,'America/Cayman'),(92,'America/Chicago'),(93,'America/Chihuahua'),(94,'America/Coral_Harbour'),(95,'America/Cordoba'),(96,'America/Costa_Rica'),(97,'America/Cuiaba'),(98,'America/Curacao'),(99,'America/Danmarkshavn'),(100,'America/Dawson'),(101,'America/Dawson_Creek'),(102,'America/Denver'),(103,'America/Detroit'),(104,'America/Dominica'),(105,'America/Edmonton'),(106,'America/Eirunepe'),(107,'America/El_Salvador'),(108,'America/Ensenada'),(109,'America/Fort_Wayne'),(110,'America/Fortaleza'),(111,'America/Glace_Bay'),(112,'America/Godthab'),(113,'America/Goose_Bay'),(114,'America/Grand_Turk'),(115,'America/Grenada'),(116,'America/Guadeloupe'),(117,'America/Guatemala'),(118,'America/Guayaquil'),(119,'America/Guyana'),(120,'America/Halifax'),(121,'America/Havana'),(122,'America/Hermosillo'),(123,'America/Indiana/Indianapolis'),(124,'America/Indiana/Knox'),(125,'America/Indiana/Marengo'),(126,'America/Indiana/Petersburg'),(127,'America/Indiana/Tell_City'),(128,'America/Indiana/Vevay'),(129,'America/Indiana/Vincennes'),(130,'America/Indiana/Winamac'),(131,'America/Indianapolis'),(132,'America/Inuvik'),(133,'America/Iqaluit'),(134,'America/Jamaica'),(135,'America/Jujuy'),(136,'America/Juneau'),(137,'America/Kentucky/Louisville'),(138,'America/Kentucky/Monticello'),(139,'America/Knox_IN'),(140,'America/La_Paz'),(141,'America/Lima'),(142,'America/Los_Angeles'),(143,'America/Louisville'),(144,'America/Maceio'),(145,'America/Managua'),(146,'America/Manaus'),(147,'America/Marigot'),(148,'America/Martinique'),(149,'America/Mazatlan'),(150,'America/Mendoza'),(151,'America/Menominee'),(152,'America/Merida'),(153,'America/Mexico_City'),(154,'America/Miquelon'),(155,'America/Moncton'),(156,'America/Monterrey'),(157,'America/Montevideo'),(158,'America/Montreal'),(159,'America/Montserrat'),(160,'America/Nassau'),(161,'America/New_York'),(162,'America/Nipigon'),(163,'America/Nome'),(164,'America/Noronha'),(165,'America/North_Dakota/Center'),(166,'America/North_Dakota/New_Salem'),(167,'America/Panama'),(168,'America/Pangnirtung'),(169,'America/Paramaribo'),(170,'America/Phoenix'),(171,'America/Port-au-Prince'),(172,'America/Port_of_Spain'),(173,'America/Porto_Acre'),(174,'America/Porto_Velho'),(175,'America/Puerto_Rico'),(176,'America/Rainy_River'),(177,'America/Rankin_Inlet'),(178,'America/Recife'),(179,'America/Regina'),(180,'America/Resolute'),(181,'America/Rio_Branco'),(182,'America/Rosario'),(183,'America/Santarem'),(184,'America/Santiago'),(185,'America/Santo_Domingo'),(186,'America/Sao_Paulo'),(187,'America/Scoresbysund'),(188,'America/Shiprock'),(189,'America/St_Barthelemy'),(190,'America/St_Johns'),(191,'America/St_Kitts'),(192,'America/St_Lucia'),(193,'America/St_Thomas'),(194,'America/St_Vincent'),(195,'America/Swift_Current'),(196,'America/Tegucigalpa'),(197,'America/Thule'),(198,'America/Thunder_Bay'),(199,'America/Tijuana'),(200,'America/Toronto'),(201,'America/Tortola'),(202,'America/Vancouver'),(203,'America/Virgin'),(204,'America/Whitehorse'),(205,'America/Winnipeg'),(206,'America/Yakutat'),(207,'America/Yellowknife'),(208,'Antarctica/Casey'),(209,'Antarctica/Davis'),(210,'Antarctica/DumontDUrville'),(211,'Antarctica/Mawson'),(212,'Antarctica/McMurdo'),(213,'Antarctica/Palmer'),(214,'Antarctica/Rothera'),(215,'Antarctica/South_Pole'),(216,'Antarctica/Syowa'),(217,'Antarctica/Vostok'),(218,'Arctic/Longyearbyen'),(219,'Asia/Aden'),(220,'Asia/Almaty'),(221,'Asia/Amman'),(222,'Asia/Anadyr'),(223,'Asia/Aqtau'),(224,'Asia/Aqtobe'),(225,'Asia/Ashgabat'),(226,'Asia/Ashkhabad'),(227,'Asia/Baghdad'),(228,'Asia/Bahrain'),(229,'Asia/Baku'),(230,'Asia/Bangkok'),(231,'Asia/Beirut'),(232,'Asia/Bishkek'),(233,'Asia/Brunei'),(234,'Asia/Calcutta'),(235,'Asia/Choibalsan'),(236,'Asia/Chongqing'),(237,'Asia/Chungking'),(238,'Asia/Colombo'),(239,'Asia/Dacca'),(240,'Asia/Damascus'),(241,'Asia/Dhaka'),(242,'Asia/Dili'),(243,'Asia/Dubai'),(244,'Asia/Dushanbe'),(245,'Asia/Gaza'),(246,'Asia/Harbin'),(247,'Asia/Ho_Chi_Minh'),(248,'Asia/Hong_Kong'),(249,'Asia/Hovd'),(250,'Asia/Irkutsk'),(251,'Asia/Istanbul'),(252,'Asia/Jakarta'),(253,'Asia/Jayapura'),(254,'Asia/Jerusalem'),(255,'Asia/Kabul'),(256,'Asia/Kamchatka'),(257,'Asia/Karachi'),(258,'Asia/Kashgar'),(259,'Asia/Kathmandu'),(260,'Asia/Katmandu'),(261,'Asia/Kolkata'),(262,'Asia/Krasnoyarsk'),(263,'Asia/Kuala_Lumpur'),(264,'Asia/Kuching'),(265,'Asia/Kuwait'),(266,'Asia/Macao'),(267,'Asia/Macau'),(268,'Asia/Magadan'),(269,'Asia/Makassar'),(270,'Asia/Manila'),(271,'Asia/Muscat'),(272,'Asia/Nicosia'),(273,'Asia/Novosibirsk'),(274,'Asia/Omsk'),(275,'Asia/Oral'),(276,'Asia/Phnom_Penh'),(277,'Asia/Pontianak'),(278,'Asia/Pyongyang'),(279,'Asia/Qatar'),(280,'Asia/Qyzylorda'),(281,'Asia/Rangoon'),(282,'Asia/Riyadh'),(283,'Asia/Saigon'),(284,'Asia/Sakhalin'),(285,'Asia/Samarkand'),(286,'Asia/Seoul'),(287,'Asia/Shanghai'),(288,'Asia/Singapore'),(289,'Asia/Taipei'),(290,'Asia/Tashkent'),(291,'Asia/Tbilisi'),(292,'Asia/Tehran'),(293,'Asia/Tel_Aviv'),(294,'Asia/Thimbu'),(295,'Asia/Thimphu'),(296,'Asia/Tokyo'),(297,'Asia/Ujung_Pandang'),(298,'Asia/Ulaanbaatar'),(299,'Asia/Ulan_Bator'),(300,'Asia/Urumqi'),(301,'Asia/Vientiane'),(302,'Asia/Vladivostok'),(303,'Asia/Yakutsk'),(304,'Asia/Yekaterinburg'),(305,'Asia/Yerevan'),(306,'Atlantic/Azores'),(307,'Atlantic/Bermuda'),(308,'Atlantic/Canary'),(309,'Atlantic/Cape_Verde'),(310,'Atlantic/Faeroe'),(311,'Atlantic/Faroe'),(312,'Atlantic/Jan_Mayen'),(313,'Atlantic/Madeira'),(314,'Atlantic/Reykjavik'),(315,'Atlantic/South_Georgia'),(316,'Atlantic/St_Helena'),(317,'Atlantic/Stanley'),(318,'Australia/ACT'),(319,'Australia/Adelaide'),(320,'Australia/Brisbane'),(321,'Australia/Broken_Hill'),(322,'Australia/Canberra'),(323,'Australia/Currie'),(324,'Australia/Darwin'),(325,'Australia/Eucla'),(326,'Australia/Hobart'),(327,'Australia/LHI'),(328,'Australia/Lindeman'),(329,'Australia/Lord_Howe'),(330,'Australia/Melbourne'),(331,'Australia/North'),(332,'Australia/NSW'),(333,'Australia/Perth'),(334,'Australia/Queensland'),(335,'Australia/South'),(336,'Australia/Sydney'),(337,'Australia/Tasmania'),(338,'Australia/Victoria'),(339,'Australia/West'),(340,'Australia/Yancowinna'),(341,'Europe/Amsterdam'),(342,'Europe/Andorra'),(343,'Europe/Athens'),(344,'Europe/Belfast'),(345,'Europe/Belgrade'),(346,'Europe/Berlin'),(347,'Europe/Bratislava'),(348,'Europe/Brussels'),(349,'Europe/Bucharest'),(350,'Europe/Budapest'),(351,'Europe/Chisinau'),(352,'Europe/Copenhagen'),(353,'Europe/Dublin'),(354,'Europe/Gibraltar'),(355,'Europe/Guernsey'),(356,'Europe/Helsinki'),(357,'Europe/Isle_of_Man'),(358,'Europe/Istanbul'),(359,'Europe/Jersey'),(360,'Europe/Kaliningrad'),(361,'Europe/Kiev'),(362,'Europe/Lisbon'),(363,'Europe/Ljubljana'),(364,'Europe/London'),(365,'Europe/Luxembourg'),(366,'Europe/Madrid'),(367,'Europe/Malta'),(368,'Europe/Mariehamn'),(369,'Europe/Minsk'),(370,'Europe/Monaco'),(371,'Europe/Moscow'),(372,'Europe/Nicosia'),(373,'Europe/Oslo'),(374,'Europe/Paris'),(375,'Europe/Podgorica'),(376,'Europe/Prague'),(377,'Europe/Riga'),(378,'Europe/Rome'),(379,'Europe/Samara'),(380,'Europe/San_Marino'),(381,'Europe/Sarajevo'),(382,'Europe/Simferopol'),(383,'Europe/Skopje'),(384,'Europe/Sofia'),(385,'Europe/Stockholm'),(386,'Europe/Tallinn'),(387,'Europe/Tirane'),(388,'Europe/Tiraspol'),(389,'Europe/Uzhgorod'),(390,'Europe/Vaduz'),(391,'Europe/Vatican'),(392,'Europe/Vienna'),(393,'Europe/Vilnius'),(394,'Europe/Volgograd'),(395,'Europe/Warsaw'),(396,'Europe/Zagreb'),(397,'Europe/Zaporozhye'),(398,'Europe/Zurich'),(399,'Indian/Antananarivo'),(400,'Indian/Chagos'),(401,'Indian/Christmas'),(402,'Indian/Cocos'),(403,'Indian/Comoro'),(404,'Indian/Kerguelen'),(405,'Indian/Mahe'),(406,'Indian/Maldives'),(407,'Indian/Mauritius'),(408,'Indian/Mayotte'),(409,'Indian/Reunion'),(410,'Pacific/Apia'),(411,'Pacific/Auckland'),(412,'Pacific/Chatham'),(413,'Pacific/Easter'),(414,'Pacific/Efate'),(415,'Pacific/Enderbury'),(416,'Pacific/Fakaofo'),(417,'Pacific/Fiji'),(418,'Pacific/Funafuti'),(419,'Pacific/Galapagos'),(420,'Pacific/Gambier'),(421,'Pacific/Guadalcanal'),(422,'Pacific/Guam'),(423,'Pacific/Honolulu'),(424,'Pacific/Johnston'),(425,'Pacific/Kiritimati'),(426,'Pacific/Kosrae'),(427,'Pacific/Kwajalein'),(428,'Pacific/Majuro'),(429,'Pacific/Marquesas'),(430,'Pacific/Midway'),(431,'Pacific/Nauru'),(432,'Pacific/Niue'),(433,'Pacific/Norfolk'),(434,'Pacific/Noumea'),(435,'Pacific/Pago_Pago'),(436,'Pacific/Palau'),(437,'Pacific/Pitcairn'),(438,'Pacific/Ponape'),(439,'Pacific/Port_Moresby'),(440,'Pacific/Rarotonga'),(441,'Pacific/Saipan'),(442,'Pacific/Samoa'),(443,'Pacific/Tahiti'),(444,'Pacific/Tarawa'),(445,'Pacific/Tongatapu'),(446,'Pacific/Truk'),(447,'Pacific/Wake'),(448,'Pacific/Wallis'),(449,'Pacific/Yap'),(450,'Brazil/Acre'),(451,'Brazil/DeNoronha'),(452,'Brazil/East'),(453,'Brazil/West'),(454,'Canada/Atlantic'),(455,'Canada/Central'),(456,'Canada/East-Saskatchewan'),(457,'Canada/Eastern'),(458,'Canada/Mountain'),(459,'Canada/Newfoundland'),(460,'Canada/Pacific'),(461,'Canada/Saskatchewan'),(462,'Canada/Yukon'),(463,'CET'),(464,'Chile/Continental'),(465,'Chile/EasterIsland'),(466,'CST6CDT'),(467,'Cuba'),(468,'EET'),(469,'Egypt'),(470,'Eire'),(471,'EST'),(472,'EST5EDT'),(473,'Etc/GMT'),(474,'Etc/GMT+0'),(475,'Etc/GMT+1'),(476,'Etc/GMT+10'),(477,'Etc/GMT+11'),(478,'Etc/GMT+12'),(479,'Etc/GMT+2'),(480,'Etc/GMT+3'),(481,'Etc/GMT+4'),(482,'Etc/GMT+5'),(483,'Etc/GMT+6'),(484,'Etc/GMT+7'),(485,'Etc/GMT+8'),(486,'Etc/GMT+9'),(487,'Etc/GMT-0'),(488,'Etc/GMT-1'),(489,'Etc/GMT-10'),(490,'Etc/GMT-11'),(491,'Etc/GMT-12'),(492,'Etc/GMT-13'),(493,'Etc/GMT-14'),(494,'Etc/GMT-2'),(495,'Etc/GMT-3'),(496,'Etc/GMT-4'),(497,'Etc/GMT-5'),(498,'Etc/GMT-6'),(499,'Etc/GMT-7'),(500,'Etc/GMT-8'),(501,'Etc/GMT-9'),(502,'Etc/GMT0'),(503,'Etc/Greenwich'),(504,'Etc/UCT'),(505,'Etc/Universal'),(506,'Etc/UTC'),(507,'Etc/Zulu'),(508,'Factory'),(509,'GB'),(510,'GB-Eire'),(511,'GMT'),(512,'GMT+0'),(513,'GMT-0'),(514,'GMT0'),(515,'Greenwich'),(516,'Hongkong'),(517,'HST'),(518,'Iceland'),(519,'Iran'),(520,'Israel'),(521,'Jamaica'),(522,'Japan'),(523,'Kwajalein'),(524,'Libya'),(525,'MET'),(526,'Mexico/BajaNorte'),(527,'Mexico/BajaSur'),(528,'Mexico/General'),(529,'MST'),(530,'MST7MDT'),(531,'Navajo'),(532,'NZ'),(533,'NZ-CHAT'),(534,'Poland'),(535,'Portugal'),(536,'PRC'),(537,'PST8PDT'),(538,'ROC'),(539,'ROK'),(540,'Singapore'),(541,'Turkey'),(542,'UCT'),(543,'Universal'),(544,'US/Alaska'),(545,'US/Aleutian'),(546,'US/Arizona'),(547,'US/Central'),(548,'US/East-Indiana'),(549,'US/Eastern'),(550,'US/Hawaii'),(551,'US/Indiana-Starke'),(552,'US/Michigan'),(553,'US/Mountain'),(554,'US/Pacific'),(555,'US/Pacific-New'),(556,'US/Samoa'),(557,'UTC'),(558,'W-SU'),(559,'WET'),(560,'Zulu');

--
-- Table structure for table `ps_warehouse`
--

CREATE TABLE `ps_warehouse` (
  `id_warehouse` int(11) unsigned NOT NULL AUTO_INCREMENT,
  `id_currency` int(11) unsigned NOT NULL,
  `id_address` int(11) unsigned NOT NULL,
  `id_employee` int(11) unsigned NOT NULL,
  `reference` varchar(32) DEFAULT NULL,
  `name` varchar(45) NOT NULL,
  `management_type` enum('WA','FIFO','LIFO') NOT NULL DEFAULT 'WA',
  `deleted` tinyint(1) unsigned NOT NULL DEFAULT '0',
  PRIMARY KEY (`id_warehouse`)
) ENGINE=InnoDB DEFAULT CHARSET=utf8;

--
-- Dumping data for table `ps_warehouse`
--


--
-- Table structure for table `ps_warehouse_carrier`
--

CREATE TABLE `ps_warehouse_carrier` (
  `id_carrier` int(11) unsigned NOT NULL,
  `id_warehouse` int(11) unsigned NOT NULL,
  PRIMARY KEY (`id_warehouse`,`id_carrier`),
  KEY `id_warehouse` (`id_warehouse`),
  KEY `id_carrier` (`id_carrier`)
) ENGINE=InnoDB DEFAULT CHARSET=utf8;

--
-- Dumping data for table `ps_warehouse_carrier`
--


--
-- Table structure for table `ps_warehouse_product_location`
--

CREATE TABLE `ps_warehouse_product_location` (
  `id_warehouse_product_location` int(11) unsigned NOT NULL AUTO_INCREMENT,
  `id_product` int(11) unsigned NOT NULL,
  `id_product_attribute` int(11) unsigned NOT NULL,
  `id_warehouse` int(11) unsigned NOT NULL,
  `location` varchar(64) DEFAULT NULL,
  PRIMARY KEY (`id_warehouse_product_location`),
  UNIQUE KEY `id_product` (`id_product`,`id_product_attribute`,`id_warehouse`)
) ENGINE=InnoDB DEFAULT CHARSET=utf8;

--
-- Dumping data for table `ps_warehouse_product_location`
--


--
-- Table structure for table `ps_warehouse_shop`
--

CREATE TABLE `ps_warehouse_shop` (
  `id_shop` int(11) unsigned NOT NULL,
  `id_warehouse` int(11) unsigned NOT NULL,
  PRIMARY KEY (`id_warehouse`,`id_shop`),
  KEY `id_warehouse` (`id_warehouse`),
  KEY `id_shop` (`id_shop`)
) ENGINE=InnoDB DEFAULT CHARSET=utf8;

--
-- Dumping data for table `ps_warehouse_shop`
--


--
-- Table structure for table `ps_web_browser`
--

CREATE TABLE `ps_web_browser` (
  `id_web_browser` int(10) unsigned NOT NULL AUTO_INCREMENT,
  `name` varchar(64) DEFAULT NULL,
  PRIMARY KEY (`id_web_browser`)
) ENGINE=InnoDB AUTO_INCREMENT=12 DEFAULT CHARSET=utf8;

--
-- Dumping data for table `ps_web_browser`
--

INSERT INTO `ps_web_browser` VALUES (1,'Safari'),(2,'Safari iPad'),(3,'Firefox'),(4,'Opera'),(5,'IE 6'),(6,'IE 7'),(7,'IE 8'),(8,'IE 9'),(9,'IE 10'),(10,'IE 11'),(11,'Chrome');

--
-- Table structure for table `ps_webservice_account`
--

CREATE TABLE `ps_webservice_account` (
  `id_webservice_account` int(11) NOT NULL AUTO_INCREMENT,
  `key` varchar(32) NOT NULL,
  `description` text,
  `class_name` varchar(50) NOT NULL DEFAULT 'WebserviceRequest',
  `is_module` tinyint(2) NOT NULL DEFAULT '0',
  `module_name` varchar(50) DEFAULT NULL,
  `active` tinyint(2) NOT NULL,
  PRIMARY KEY (`id_webservice_account`),
  KEY `key` (`key`)
) ENGINE=InnoDB DEFAULT CHARSET=utf8;

--
-- Dumping data for table `ps_webservice_account`
--


--
-- Table structure for table `ps_webservice_account_shop`
--

CREATE TABLE `ps_webservice_account_shop` (
  `id_webservice_account` int(11) unsigned NOT NULL,
  `id_shop` int(11) unsigned NOT NULL,
  PRIMARY KEY (`id_webservice_account`,`id_shop`),
  KEY `id_shop` (`id_shop`)
) ENGINE=InnoDB DEFAULT CHARSET=utf8;

--
-- Dumping data for table `ps_webservice_account_shop`
--


--
-- Table structure for table `ps_webservice_permission`
--

CREATE TABLE `ps_webservice_permission` (
  `id_webservice_permission` int(11) NOT NULL AUTO_INCREMENT,
  `resource` varchar(50) NOT NULL,
  `method` enum('GET','POST','PUT','DELETE','HEAD') NOT NULL,
  `id_webservice_account` int(11) NOT NULL,
  PRIMARY KEY (`id_webservice_permission`),
  UNIQUE KEY `resource_2` (`resource`,`method`,`id_webservice_account`),
  KEY `resource` (`resource`),
  KEY `method` (`method`),
  KEY `id_webservice_account` (`id_webservice_account`)
) ENGINE=InnoDB DEFAULT CHARSET=utf8;

--
-- Dumping data for table `ps_webservice_permission`
--


--
-- Table structure for table `ps_wishlist`
--

CREATE TABLE `ps_wishlist` (
  `id_wishlist` int(10) unsigned NOT NULL AUTO_INCREMENT,
  `id_customer` int(10) unsigned NOT NULL,
  `token` varchar(64) NOT NULL,
  `name` varchar(64) NOT NULL,
  `counter` int(10) unsigned DEFAULT NULL,
  `id_shop` int(10) unsigned DEFAULT '1',
  `id_shop_group` int(10) unsigned DEFAULT '1',
  `date_add` datetime NOT NULL,
  `date_upd` datetime NOT NULL,
  `default` int(10) unsigned DEFAULT '0',
  PRIMARY KEY (`id_wishlist`)
) ENGINE=InnoDB DEFAULT CHARSET=utf8;

--
-- Dumping data for table `ps_wishlist`
--


--
-- Table structure for table `ps_wishlist_email`
--

CREATE TABLE `ps_wishlist_email` (
  `id_wishlist` int(10) unsigned NOT NULL,
  `email` varchar(128) NOT NULL,
  `date_add` datetime NOT NULL
) ENGINE=InnoDB DEFAULT CHARSET=utf8;

--
-- Dumping data for table `ps_wishlist_email`
--


--
-- Table structure for table `ps_wishlist_product`
--

CREATE TABLE `ps_wishlist_product` (
  `id_wishlist_product` int(10) NOT NULL AUTO_INCREMENT,
  `id_wishlist` int(10) unsigned NOT NULL,
  `id_product` int(10) unsigned NOT NULL,
  `id_product_attribute` int(10) unsigned NOT NULL,
  `quantity` int(10) unsigned NOT NULL,
  `priority` int(10) unsigned NOT NULL,
  PRIMARY KEY (`id_wishlist_product`)
) ENGINE=InnoDB DEFAULT CHARSET=utf8;

--
-- Dumping data for table `ps_wishlist_product`
--


--
-- Table structure for table `ps_wishlist_product_cart`
--

CREATE TABLE `ps_wishlist_product_cart` (
  `id_wishlist_product` int(10) unsigned NOT NULL,
  `id_cart` int(10) unsigned NOT NULL,
  `quantity` int(10) unsigned NOT NULL,
  `date_add` datetime NOT NULL
) ENGINE=InnoDB DEFAULT CHARSET=utf8;

--
-- Dumping data for table `ps_wishlist_product_cart`
--


--
-- Table structure for table `ps_zone`
--

CREATE TABLE `ps_zone` (
  `id_zone` int(10) unsigned NOT NULL AUTO_INCREMENT,
  `name` varchar(64) NOT NULL,
  `active` tinyint(1) unsigned NOT NULL DEFAULT '0',
  PRIMARY KEY (`id_zone`)
) ENGINE=InnoDB AUTO_INCREMENT=9 DEFAULT CHARSET=utf8;

--
-- Dumping data for table `ps_zone`
--

INSERT INTO `ps_zone` VALUES (1,'Europe',1),(2,'North America',1),(3,'Asia',1),(4,'Africa',1),(5,'Oceania',1),(6,'South America',1),(7,'Europe (non-EU)',1),(8,'Central America/Antilla',1);

--
-- Table structure for table `ps_zone_shop`
--

CREATE TABLE `ps_zone_shop` (
  `id_zone` int(11) unsigned NOT NULL,
  `id_shop` int(11) unsigned NOT NULL,
  PRIMARY KEY (`id_zone`,`id_shop`),
  KEY `id_shop` (`id_shop`)
) ENGINE=InnoDB DEFAULT CHARSET=utf8;

--
-- Dumping data for table `ps_zone_shop`
--

INSERT INTO `ps_zone_shop` VALUES (1,1),(2,1),(3,1),(4,1),(5,1),(6,1),(7,1),(8,1);

--
-- Dumping events for database 'cenpresta'
--

--
-- Dumping routines for database 'cenpresta'
--


