-- Table structure for table `index_process`
--

CREATE TABLE `index_process` (
  `process_id` int(10) unsigned NOT NULL AUTO_INCREMENT COMMENT 'Process Id',
  `indexer_code` varchar(32) NOT NULL COMMENT 'Indexer Code',
  `status` varchar(15) NOT NULL DEFAULT 'pending' COMMENT 'Status',
  `started_at` timestamp NULL DEFAULT NULL COMMENT 'Started At',
  `ended_at` timestamp NULL DEFAULT NULL COMMENT 'Ended At',
  `mode` varchar(9) NOT NULL DEFAULT 'real_time' COMMENT 'Mode',
  PRIMARY KEY (`process_id`),
  UNIQUE KEY `UNQ_INDEX_PROCESS_INDEXER_CODE` (`indexer_code`)
) ENGINE=InnoDB AUTO_INCREMENT=10 DEFAULT CHARSET=utf8 COMMENT='Index Process';

--
-- Dumping data for table `index_process`
--

INSERT INTO `index_process` VALUES (1,'catalog_product_attribute','require_reindex','2014-01-31 22:46:22','2014-01-31 22:46:22','real_time'),(2,'catalog_product_price','require_reindex','2014-01-31 22:46:22','2014-01-31 22:46:22','real_time'),(3,'catalog_url','pending','2014-03-10 01:00:24','2014-03-10 01:00:24','real_time'),(4,'catalog_product_flat','pending','2014-01-29 23:13:11','2014-01-29 23:13:28','real_time'),(5,'catalog_category_flat','require_reindex',NULL,NULL,'real_time'),(6,'catalog_category_product','pending','2014-03-10 01:00:24','2014-03-10 01:00:24','real_time'),(7,'catalogsearch_fulltext','pending','2014-03-10 01:00:24','2014-03-10 01:00:24','real_time'),(8,'cataloginventory_stock','require_reindex','2014-01-31 22:46:22','2014-01-31 22:46:22','real_time'),(9,'tag_summary','pending','2014-01-31 22:46:22','2014-01-31 22:46:22','real_time');

--
-- Table structure for table `index_process_event`
--

CREATE TABLE `index_process_event` (
  `process_id` int(10) unsigned NOT NULL COMMENT 'Process Id',
  `event_id` bigint(20) unsigned NOT NULL COMMENT 'Event Id',
  `status` varchar(7) NOT NULL DEFAULT 'new' COMMENT 'Status',
  PRIMARY KEY (`process_id`,`event_id`),
  KEY `IDX_INDEX_PROCESS_EVENT_EVENT_ID` (`event_id`),
  CONSTRAINT `FK_INDEX_PROCESS_EVENT_EVENT_ID_INDEX_EVENT_EVENT_ID` FOREIGN KEY (`event_id`) REFERENCES `index_event` (`event_id`) ON DELETE CASCADE ON UPDATE CASCADE,
  CONSTRAINT `FK_INDEX_PROCESS_EVENT_PROCESS_ID_INDEX_PROCESS_PROCESS_ID` FOREIGN KEY (`process_id`) REFERENCES `index_process` (`process_id`) ON DELETE CASCADE ON UPDATE CASCADE
) ENGINE=InnoDB DEFAULT CHARSET=utf8 COMMENT='Index Process Event';

--
-- Dumping data for table `index_process_event`
--


--
-- Table structure for table `log_customer`
--

CREATE TABLE `log_customer` (
  `log_id` int(10) unsigned NOT NULL AUTO_INCREMENT COMMENT 'Log ID',
  `visitor_id` bigint(20) unsigned DEFAULT NULL COMMENT 'Visitor ID',
  `customer_id` int(11) NOT NULL DEFAULT '0' COMMENT 'Customer ID',
  `login_at` timestamp NOT NULL DEFAULT CURRENT_TIMESTAMP ON UPDATE CURRENT_TIMESTAMP COMMENT 'Login Time',
  `logout_at` timestamp NULL DEFAULT NULL COMMENT 'Logout Time',
  `store_id` smallint(5) unsigned NOT NULL COMMENT 'Store ID',
  PRIMARY KEY (`log_id`),
  KEY `IDX_LOG_CUSTOMER_VISITOR_ID` (`visitor_id`)
) ENGINE=InnoDB DEFAULT CHARSET=utf8 COMMENT='Log Customers Table';

--
-- Dumping data for table `log_customer`
--


--
-- Table structure for table `log_quote`
--

CREATE TABLE `log_quote` (
  `quote_id` int(10) unsigned NOT NULL DEFAULT '0' COMMENT 'Quote ID',
  `visitor_id` bigint(20) unsigned DEFAULT NULL COMMENT 'Visitor ID',
  `created_at` timestamp NOT NULL DEFAULT CURRENT_TIMESTAMP ON UPDATE CURRENT_TIMESTAMP COMMENT 'Creation Time',
  `deleted_at` timestamp NULL DEFAULT NULL COMMENT 'Deletion Time',
  PRIMARY KEY (`quote_id`)
) ENGINE=InnoDB DEFAULT CHARSET=utf8 COMMENT='Log Quotes Table';

--
-- Dumping data for table `log_quote`
--

INSERT INTO `log_quote` VALUES (1,22,'2014-01-31 22:12:25',NULL),(2,221,'2014-02-20 08:38:51',NULL);

--
-- Table structure for table `log_summary`
--

CREATE TABLE `log_summary` (
  `summary_id` bigint(20) unsigned NOT NULL AUTO_INCREMENT COMMENT 'Summary ID',
  `store_id` smallint(5) unsigned NOT NULL COMMENT 'Store ID',
  `type_id` smallint(5) unsigned DEFAULT NULL COMMENT 'Type ID',
  `visitor_count` int(11) NOT NULL DEFAULT '0' COMMENT 'Visitor Count',
  `customer_count` int(11) NOT NULL DEFAULT '0' COMMENT 'Customer Count',
  `add_date` timestamp NOT NULL DEFAULT CURRENT_TIMESTAMP ON UPDATE CURRENT_TIMESTAMP COMMENT 'Date',
  PRIMARY KEY (`summary_id`)
) ENGINE=InnoDB DEFAULT CHARSET=utf8 COMMENT='Log Summary Table';

--
-- Dumping data for table `log_summary`
--


--
-- Table structure for table `log_summary_type`
--

CREATE TABLE `log_summary_type` (
  `type_id` smallint(5) unsigned NOT NULL AUTO_INCREMENT COMMENT 'Type ID',
  `type_code` varchar(64) NOT NULL COMMENT 'Type Code',
  `period` smallint(5) unsigned NOT NULL DEFAULT '0' COMMENT 'Period',
  `period_type` varchar(6) NOT NULL DEFAULT 'MINUTE' COMMENT 'Period Type',
  PRIMARY KEY (`type_id`)
) ENGINE=InnoDB AUTO_INCREMENT=3 DEFAULT CHARSET=utf8 COMMENT='Log Summary Types Table';

--
-- Dumping data for table `log_summary_type`
--

INSERT INTO `log_summary_type` VALUES (1,'hour',1,'HOUR'),(2,'day',1,'DAY');

--
-- Table structure for table `log_url`
--

CREATE TABLE `log_url` (
  `url_id` bigint(20) unsigned NOT NULL DEFAULT '0' COMMENT 'URL ID',
  `visitor_id` bigint(20) unsigned DEFAULT NULL COMMENT 'Visitor ID',
  `visit_time` timestamp NOT NULL DEFAULT CURRENT_TIMESTAMP ON UPDATE CURRENT_TIMESTAMP COMMENT 'Visit Time',
  PRIMARY KEY (`url_id`),
  KEY `IDX_LOG_URL_VISITOR_ID` (`visitor_id`)
) ENGINE=InnoDB DEFAULT CHARSET=utf8 COMMENT='Log URL Table';

--
-- Dumping data for table `log_url`
--

INSERT INTO `log_url` VALUES (1,1,'2014-01-29 22:34:30'),(2,2,'2014-01-29 22:35:45'),(3,3,'2014-01-29 22:35:45'),(4,4,'2014-01-29 22:35:46'),(5,1,'2014-01-29 22:56:14'),(6,5,'2014-01-29 23:06:02'),(7,5,'2014-01-29 23:15:56'),(8,6,'2014-01-29 23:22:05'),(9,5,'2014-01-29 23:22:19'),(10,5,'2014-01-29 23:42:16'),(11,5,'2014-01-29 23:42:29'),(12,5,'2014-01-29 23:42:32'),(13,5,'2014-01-29 23:43:11'),(14,5,'2014-01-29 23:43:32'),(15,5,'2014-01-29 23:45:44'),(16,5,'2014-01-29 23:45:47'),(17,5,'2014-01-29 23:45:51'),(18,5,'2014-01-29 23:45:54'),(19,5,'2014-01-29 23:48:40'),(20,5,'2014-01-29 23:49:46'),(21,5,'2014-01-30 00:16:28'),(22,5,'2014-01-30 00:23:41'),(23,5,'2014-01-30 00:23:49'),(24,5,'2014-01-30 00:25:00'),(25,5,'2014-01-30 00:25:41'),(26,5,'2014-01-30 00:30:49'),(27,5,'2014-01-30 00:30:53'),(28,5,'2014-01-30 00:30:56'),(29,5,'2014-01-30 00:30:58'),(30,5,'2014-01-30 00:31:16'),(31,5,'2014-01-30 00:31:19'),(32,5,'2014-01-30 00:32:00'),(33,5,'2014-01-30 00:32:12'),(34,5,'2014-01-30 00:32:14'),(35,5,'2014-01-30 00:33:32'),(36,5,'2014-01-30 00:33:36'),(37,5,'2014-01-30 00:35:05'),(38,5,'2014-01-30 00:35:07'),(39,5,'2014-01-30 00:35:13'),(40,5,'2014-01-30 00:35:40'),(41,5,'2014-01-30 00:35:43'),(42,5,'2014-01-30 00:35:45'),(43,5,'2014-01-30 00:35:47'),(44,5,'2014-01-30 00:35:49'),(45,5,'2014-01-30 00:36:17'),(46,5,'2014-01-30 00:36:21'),(47,7,'2014-01-30 00:42:02'),(48,8,'2014-01-30 01:23:14'),(49,9,'2014-01-30 01:23:14'),(50,10,'2014-01-30 03:15:57'),(51,11,'2014-01-30 16:46:58'),(52,12,'2014-01-30 19:13:46'),(53,13,'2014-01-31 00:36:23'),(54,14,'2014-01-31 08:09:09'),(55,15,'2014-01-31 08:15:57'),(56,16,'2014-01-31 08:15:58'),(57,17,'2014-01-31 08:53:50'),(58,18,'2014-01-31 08:53:51'),(59,19,'2014-01-31 08:53:52'),(60,20,'2014-01-31 18:55:06'),(61,21,'2014-01-31 19:49:42'),(62,22,'2014-01-31 20:43:36'),(63,22,'2014-01-31 20:44:01'),(64,22,'2014-01-31 20:46:53'),(65,22,'2014-01-31 20:50:34'),(66,22,'2014-01-31 20:53:05'),(67,22,'2014-01-31 20:59:50'),(68,22,'2014-01-31 21:06:38'),(69,22,'2014-01-31 21:09:00'),(70,22,'2014-01-31 21:09:03'),(71,22,'2014-01-31 21:14:46'),(72,22,'2014-01-31 21:15:51'),(73,22,'2014-01-31 21:16:43'),(74,22,'2014-01-31 21:16:45'),(75,22,'2014-01-31 21:28:45'),(76,22,'2014-01-31 21:29:55'),(77,22,'2014-01-31 21:29:57'),(78,22,'2014-01-31 21:29:59'),(79,22,'2014-01-31 21:36:31'),(80,22,'2014-01-31 21:36:44'),(81,22,'2014-01-31 21:36:48'),(82,22,'2014-01-31 21:56:50'),(83,22,'2014-01-31 21:56:54'),(84,22,'2014-01-31 21:56:56'),(85,22,'2014-01-31 21:56:57'),(86,22,'2014-01-31 21:57:19'),(87,22,'2014-01-31 21:57:21'),(88,22,'2014-01-31 21:57:23'),(89,22,'2014-01-31 21:57:25'),(90,22,'2014-01-31 21:57:26'),(91,22,'2014-01-31 21:59:15'),(92,22,'2014-01-31 21:59:19'),(93,22,'2014-01-31 21:59:20'),(94,22,'2014-01-31 22:00:00'),(95,22,'2014-01-31 22:00:39'),(96,22,'2014-01-31 22:01:48'),(97,22,'2014-01-31 22:01:50'),(98,22,'2014-01-31 22:01:52'),(99,22,'2014-01-31 22:02:57'),(100,22,'2014-01-31 22:05:18'),(101,22,'2014-01-31 22:06:35'),(102,22,'2014-01-31 22:06:44'),(103,22,'2014-01-31 22:08:04'),(104,22,'2014-01-31 22:08:08'),(105,22,'2014-01-31 22:08:13'),(106,22,'2014-01-31 22:08:19'),(107,22,'2014-01-31 22:08:22'),(108,22,'2014-01-31 22:08:24'),(109,22,'2014-01-31 22:08:56'),(110,22,'2014-01-31 22:09:31'),(111,22,'2014-01-31 22:11:51'),(112,22,'2014-01-31 22:12:05'),(113,22,'2014-01-31 22:12:08'),(114,22,'2014-01-31 22:12:12'),(115,22,'2014-01-31 22:12:25'),(116,22,'2014-01-31 22:12:26'),(117,22,'2014-01-31 22:12:32'),(118,22,'2014-01-31 22:12:39'),(119,22,'2014-01-31 22:14:51'),(120,22,'2014-01-31 22:15:11'),(121,22,'2014-01-31 22:19:10'),(122,22,'2014-01-31 22:20:17'),(123,22,'2014-01-31 22:24:30'),(124,22,'2014-01-31 22:33:31'),(125,22,'2014-01-31 22:33:35'),(126,22,'2014-01-31 22:33:54'),(127,22,'2014-01-31 22:34:14'),(128,22,'2014-01-31 22:46:26'),(129,22,'2014-01-31 22:46:35'),(130,22,'2014-01-31 22:46:40'),(131,22,'2014-01-31 22:54:50'),(132,22,'2014-01-31 22:55:27'),(133,22,'2014-01-31 22:56:10'),(134,23,'2014-01-31 23:05:55'),(135,23,'2014-01-31 23:49:30'),(136,24,'2014-02-01 05:00:56'),(137,25,'2014-02-01 05:36:17'),(138,25,'2014-02-01 05:37:03'),(139,25,'2014-02-01 05:37:29'),(140,25,'2014-02-01 05:38:06'),(141,25,'2014-02-01 05:38:18'),(142,25,'2014-02-01 05:38:21'),(143,25,'2014-02-01 05:38:24'),(144,25,'2014-02-01 05:38:31'),(145,25,'2014-02-01 05:38:53'),(146,25,'2014-02-01 05:39:02'),(147,25,'2014-02-01 05:45:53'),(148,25,'2014-02-01 05:46:16'),(149,25,'2014-02-01 05:46:23'),(150,25,'2014-02-01 05:46:27'),(151,26,'2014-02-01 06:46:01'),(152,27,'2014-02-01 07:57:56'),(153,27,'2014-02-01 07:57:57'),(154,27,'2014-02-01 07:57:59'),(155,27,'2014-02-01 07:58:00'),(156,27,'2014-02-01 07:58:01'),(157,28,'2014-02-01 23:02:30'),(158,29,'2014-02-02 04:23:31'),(159,30,'2014-02-02 20:57:27'),(160,31,'2014-02-03 16:05:05'),(161,32,'2014-02-04 22:36:24'),(162,33,'2014-02-04 23:41:47'),(163,34,'2014-02-05 00:21:36'),(164,35,'2014-02-05 08:07:47'),(165,36,'2014-02-05 08:10:27'),(166,36,'2014-02-05 08:11:21'),(167,36,'2014-02-05 08:12:20'),(168,36,'2014-02-05 08:12:23'),(169,36,'2014-02-05 08:12:32'),(170,36,'2014-02-05 08:12:35'),(171,36,'2014-02-05 08:12:48'),(172,36,'2014-02-05 08:13:05'),(173,36,'2014-02-05 08:13:13'),(174,36,'2014-02-05 08:14:04'),(175,36,'2014-02-05 08:16:18'),(176,36,'2014-02-05 08:16:24'),(177,36,'2014-02-05 08:16:33'),(178,36,'2014-02-05 08:16:46'),(179,37,'2014-02-05 08:17:57'),(180,36,'2014-02-05 08:23:10'),(181,36,'2014-02-05 08:23:20'),(182,37,'2014-02-05 08:26:37'),(183,37,'2014-02-05 08:26:41'),(184,37,'2014-02-05 08:26:42'),(185,38,'2014-02-05 10:32:36'),(186,39,'2014-02-05 10:43:38'),(187,40,'2014-02-05 12:19:50'),(188,41,'2014-02-06 13:27:59'),(189,42,'2014-02-08 11:56:18'),(190,42,'2014-02-08 12:37:42'),(191,43,'2014-02-08 21:12:40'),(192,44,'2014-02-09 02:01:28'),(193,45,'2014-02-09 23:38:34'),(194,46,'2014-02-10 04:35:50'),(195,47,'2014-02-10 04:35:51'),(196,48,'2014-02-10 08:55:47'),(197,49,'2014-02-10 08:55:48'),(198,50,'2014-02-10 08:55:49'),(199,51,'2014-02-10 15:31:12'),(200,52,'2014-02-11 00:05:39'),(201,53,'2014-02-11 00:40:00'),(202,54,'2014-02-11 02:13:43'),(203,55,'2014-02-11 02:13:49'),(204,56,'2014-02-11 02:33:49'),(205,57,'2014-02-11 02:33:54'),(206,58,'2014-02-11 02:33:59'),(207,59,'2014-02-11 02:34:04'),(208,60,'2014-02-11 02:34:08'),(209,62,'2014-02-11 02:34:18'),(210,63,'2014-02-11 02:34:23'),(211,64,'2014-02-11 02:34:27'),(212,65,'2014-02-11 02:34:32'),(213,66,'2014-02-11 02:34:37'),(214,67,'2014-02-11 02:34:42'),(215,68,'2014-02-11 02:34:47'),(216,69,'2014-02-11 02:34:51'),(217,70,'2014-02-11 02:34:56'),(218,71,'2014-02-11 02:35:01'),(219,72,'2014-02-11 02:35:06'),(220,73,'2014-02-11 02:35:11'),(221,74,'2014-02-11 02:35:15'),(222,75,'2014-02-11 02:35:20'),(223,76,'2014-02-11 02:35:25'),(224,77,'2014-02-11 02:37:42'),(225,78,'2014-02-11 08:23:22'),(226,79,'2014-02-11 13:03:52'),(227,80,'2014-02-11 13:03:57'),(228,81,'2014-02-11 13:04:02'),(229,82,'2014-02-11 13:04:07'),(230,83,'2014-02-11 13:04:11'),(231,84,'2014-02-11 13:04:16'),(232,85,'2014-02-11 13:04:21'),(233,86,'2014-02-11 13:04:25'),(234,87,'2014-02-11 13:04:30'),(235,88,'2014-02-11 13:04:35'),(236,89,'2014-02-11 13:04:40'),(237,90,'2014-02-11 13:04:44'),(238,91,'2014-02-11 13:04:49'),(239,92,'2014-02-11 13:04:54'),(240,93,'2014-02-11 13:04:59'),(241,94,'2014-02-11 13:05:03'),(242,95,'2014-02-11 13:05:08'),(243,96,'2014-02-11 15:34:12'),(244,97,'2014-02-11 15:34:17'),(245,98,'2014-02-11 15:34:21'),(246,99,'2014-02-11 15:34:26'),(247,100,'2014-02-11 15:34:31'),(248,101,'2014-02-11 15:34:36'),(249,102,'2014-02-11 15:34:40'),(250,103,'2014-02-11 15:34:45'),(251,104,'2014-02-11 15:34:50'),(252,105,'2014-02-11 15:34:55'),(253,106,'2014-02-11 15:34:59'),(254,107,'2014-02-11 15:35:04'),(255,108,'2014-02-11 15:35:09'),(256,109,'2014-02-11 15:35:14'),(257,110,'2014-02-11 15:35:18'),(258,111,'2014-02-11 15:35:23'),(259,112,'2014-02-11 15:35:28'),(260,113,'2014-02-11 15:35:33'),(261,114,'2014-02-11 15:35:58'),(262,115,'2014-02-11 15:36:02'),(263,116,'2014-02-11 17:32:38'),(264,117,'2014-02-11 18:06:44'),(265,118,'2014-02-11 18:06:49'),(266,119,'2014-02-11 18:07:06'),(267,120,'2014-02-11 18:07:10'),(268,121,'2014-02-11 18:07:26'),(269,122,'2014-02-11 18:07:31'),(270,123,'2014-02-11 18:07:47'),(271,124,'2014-02-11 18:08:09'),(272,125,'2014-02-11 18:08:14'),(273,126,'2014-02-11 18:08:29'),(274,127,'2014-02-12 18:28:58'),(275,128,'2014-02-12 23:49:07'),(276,129,'2014-02-13 18:32:49'),(277,130,'2014-02-14 00:43:39'),(278,131,'2014-02-14 03:28:46'),(279,132,'2014-02-14 03:28:52'),(280,133,'2014-02-14 03:28:56'),(281,134,'2014-02-14 03:29:00'),(282,135,'2014-02-14 03:29:05'),(283,136,'2014-02-14 03:29:09'),(284,137,'2014-02-14 03:29:14'),(285,138,'2014-02-14 03:29:19'),(286,139,'2014-02-14 03:29:24'),(287,140,'2014-02-14 03:29:29'),(288,141,'2014-02-14 03:29:33'),(289,142,'2014-02-14 03:29:38'),(290,143,'2014-02-14 03:29:43'),(291,144,'2014-02-14 03:29:48'),(292,145,'2014-02-14 03:29:52'),(293,146,'2014-02-14 03:29:57'),(294,147,'2014-02-14 03:30:03'),(295,148,'2014-02-14 03:30:07'),(296,149,'2014-02-14 03:30:12'),(297,150,'2014-02-14 03:30:16'),(298,151,'2014-02-14 03:30:21'),(299,152,'2014-02-14 03:30:26'),(300,153,'2014-02-14 03:30:31'),(301,154,'2014-02-14 03:30:35'),(302,155,'2014-02-14 03:30:40'),(303,156,'2014-02-14 03:30:45'),(304,157,'2014-02-14 03:30:50'),(305,158,'2014-02-14 03:30:54'),(306,159,'2014-02-14 03:30:59'),(307,160,'2014-02-14 03:31:04'),(308,161,'2014-02-14 03:31:09'),(309,162,'2014-02-14 07:20:09'),(310,163,'2014-02-14 08:50:58'),(311,164,'2014-02-14 08:51:03'),(312,165,'2014-02-14 08:51:08'),(313,166,'2014-02-14 08:51:13'),(314,167,'2014-02-14 08:51:17'),(315,168,'2014-02-14 08:51:22'),(316,169,'2014-02-14 08:51:27'),(317,170,'2014-02-14 08:51:32'),(318,171,'2014-02-14 08:51:36'),(319,172,'2014-02-14 08:51:41'),(320,173,'2014-02-14 08:51:46'),(321,174,'2014-02-14 08:51:50'),(322,175,'2014-02-14 08:51:55'),(323,176,'2014-02-14 08:52:00'),(324,177,'2014-02-14 08:52:05'),(325,178,'2014-02-14 08:52:09'),(326,179,'2014-02-14 08:52:14'),(327,180,'2014-02-14 08:52:19'),(328,181,'2014-02-14 08:52:23'),(329,182,'2014-02-14 08:52:28'),(330,183,'2014-02-14 08:52:33'),(331,184,'2014-02-14 08:52:38'),(332,185,'2014-02-14 08:52:42'),(333,186,'2014-02-14 09:44:04'),(334,187,'2014-02-14 09:47:10'),(335,188,'2014-02-14 14:42:38'),(336,189,'2014-02-14 14:42:39'),(337,190,'2014-02-14 14:42:41'),(338,191,'2014-02-14 16:35:59'),(339,192,'2014-02-15 06:02:56'),(340,193,'2014-02-16 15:24:28'),(341,194,'2014-02-16 21:26:51'),(342,195,'2014-02-17 07:54:03'),(343,195,'2014-02-17 07:54:03'),(344,195,'2014-02-17 07:54:03'),(345,196,'2014-02-17 08:12:20'),(346,197,'2014-02-17 08:21:45'),(347,198,'2014-02-17 08:23:46'),(348,199,'2014-02-17 08:23:46'),(349,200,'2014-02-17 08:29:08'),(350,201,'2014-02-17 08:29:08'),(351,202,'2014-02-17 08:29:08'),(352,203,'2014-02-17 08:29:09'),(353,204,'2014-02-17 08:29:21'),(354,205,'2014-02-17 08:37:13'),(355,206,'2014-02-17 08:40:16'),(356,206,'2014-02-17 08:40:16'),(357,206,'2014-02-17 08:40:18'),(358,207,'2014-02-17 08:53:39'),(359,208,'2014-02-17 08:53:46'),(360,209,'2014-02-17 08:53:55'),(361,210,'2014-02-17 08:54:04'),(362,211,'2014-02-17 08:54:11'),(363,212,'2014-02-17 08:54:12'),(364,213,'2014-02-17 08:54:16'),(365,214,'2014-02-17 08:54:16'),(366,215,'2014-02-18 01:04:44'),(367,215,'2014-02-18 01:04:44'),(368,216,'2014-02-18 01:04:45'),(369,217,'2014-02-18 19:36:16'),(370,218,'2014-02-18 19:52:05'),(371,218,'2014-02-18 19:52:05'),(372,218,'2014-02-18 19:52:06'),(373,219,'2014-02-18 23:19:21'),(374,219,'2014-02-18 23:19:22'),(375,219,'2014-02-18 23:19:22'),(376,220,'2014-02-19 14:31:23'),(377,220,'2014-02-19 14:31:24'),(378,220,'2014-02-19 14:31:24'),(379,221,'2014-02-20 08:37:55'),(380,221,'2014-02-20 08:38:44'),(381,221,'2014-02-20 08:38:51'),(382,221,'2014-02-20 08:38:53'),(383,221,'2014-02-20 08:39:11'),(384,221,'2014-02-20 08:39:18'),(385,221,'2014-02-20 08:39:20'),(386,222,'2014-02-21 03:26:10'),(387,223,'2014-02-21 03:26:12'),(388,224,'2014-02-21 03:26:15'),(389,225,'2014-02-21 03:26:17'),(390,226,'2014-02-21 03:26:18'),(391,227,'2014-02-21 03:26:19'),(392,228,'2014-02-21 03:26:21'),(393,230,'2014-02-21 03:26:24'),(394,232,'2014-02-21 03:26:26'),(395,233,'2014-02-21 03:26:27'),(396,234,'2014-02-21 03:26:29'),(397,235,'2014-02-21 03:26:30'),(398,236,'2014-02-21 03:26:32'),(399,237,'2014-02-21 03:26:34'),(400,238,'2014-02-21 08:37:52'),(401,238,'2014-02-21 08:37:56'),(402,239,'2014-02-21 21:48:51'),(403,240,'2014-02-21 21:50:29'),(404,241,'2014-02-22 12:33:11'),(405,242,'2014-02-22 14:08:50'),(406,243,'2014-02-22 15:15:15'),(407,244,'2014-02-22 18:11:17'),(408,245,'2014-02-23 07:25:43'),(409,246,'2014-02-23 07:26:24'),(410,247,'2014-02-23 19:35:28'),(411,247,'2014-02-23 19:35:54'),(412,247,'2014-02-23 19:36:00'),(413,247,'2014-02-23 19:36:08'),(414,248,'2014-02-24 00:02:12'),(415,249,'2014-02-24 00:22:59'),(416,250,'2014-02-24 03:24:53'),(417,251,'2014-02-24 05:25:57'),(418,252,'2014-02-24 17:48:18'),(419,253,'2014-02-24 19:37:25'),(420,254,'2014-02-25 01:44:42'),(421,255,'2014-02-25 04:53:04'),(422,256,'2014-02-25 05:00:35'),(423,257,'2014-02-25 13:50:59'),(424,258,'2014-02-25 19:22:04'),(425,259,'2014-02-25 19:22:09'),(426,260,'2014-02-25 19:22:11'),(427,261,'2014-02-25 19:22:17'),(428,262,'2014-02-25 19:22:17'),(429,263,'2014-02-25 19:22:19'),(430,264,'2014-02-25 19:22:23'),(431,265,'2014-02-25 19:22:27'),(432,266,'2014-02-25 19:22:27'),(433,267,'2014-02-25 19:22:29'),(434,268,'2014-02-25 19:22:30'),(435,269,'2014-02-25 19:22:35'),(436,270,'2014-02-25 19:22:36'),(437,271,'2014-02-25 19:22:38'),(438,272,'2014-02-25 19:22:38'),(439,273,'2014-02-25 19:22:40'),(440,274,'2014-02-25 19:22:41'),(441,275,'2014-02-25 19:22:43'),(442,276,'2014-02-25 19:22:46'),(443,277,'2014-02-25 19:22:47'),(444,278,'2014-02-25 19:22:48'),(445,279,'2014-02-25 19:22:50'),(446,280,'2014-02-25 19:22:51'),(447,281,'2014-02-25 19:22:55'),(448,282,'2014-02-25 19:22:57'),(449,283,'2014-02-25 19:23:10'),(450,284,'2014-02-25 19:23:10'),(451,285,'2014-02-25 19:23:11'),(452,286,'2014-02-25 19:23:12'),(453,287,'2014-02-25 19:23:14'),(454,288,'2014-02-25 19:23:14'),(455,289,'2014-02-25 19:23:15'),(456,290,'2014-02-25 19:23:16'),(457,291,'2014-02-25 19:23:17'),(458,292,'2014-02-25 19:23:18'),(459,293,'2014-02-25 19:23:20'),(460,294,'2014-02-25 19:23:21'),(461,295,'2014-02-25 19:23:22'),(462,296,'2014-02-25 19:23:22'),(463,297,'2014-02-25 19:23:24'),(464,298,'2014-02-25 19:23:25'),(465,299,'2014-02-26 01:27:32'),(466,299,'2014-02-26 01:27:39'),(467,299,'2014-02-26 01:27:39'),(468,300,'2014-02-26 02:42:56'),(469,300,'2014-02-26 02:47:27'),(470,300,'2014-02-26 02:47:46'),(471,300,'2014-02-26 02:47:53'),(472,300,'2014-02-26 02:48:40'),(473,300,'2014-02-26 02:57:24'),(474,300,'2014-02-26 02:59:31'),(475,301,'2014-02-26 09:41:08'),(476,302,'2014-02-26 09:41:09'),(477,303,'2014-02-26 10:07:58'),(478,304,'2014-02-26 10:20:25'),(479,305,'2014-02-26 18:55:59'),(480,306,'2014-02-26 21:40:48'),(481,307,'2014-02-26 21:49:07'),(482,308,'2014-02-26 22:39:05'),(483,309,'2014-02-26 22:44:37'),(484,310,'2014-02-27 06:25:23'),(485,311,'2014-02-27 07:16:49'),(486,312,'2014-02-27 09:02:14'),(487,313,'2014-02-27 09:02:15'),(488,314,'2014-02-27 09:02:16'),(489,316,'2014-02-27 09:02:25'),(490,317,'2014-02-27 09:02:31'),(491,318,'2014-02-27 09:02:33'),(492,319,'2014-02-27 09:02:34'),(493,320,'2014-02-27 09:02:35'),(494,321,'2014-02-27 09:02:37'),(495,322,'2014-02-27 09:02:45'),(496,323,'2014-02-27 09:02:46'),(497,324,'2014-02-27 09:02:47'),(498,325,'2014-02-27 09:02:48'),(499,326,'2014-02-27 09:02:49'),(500,328,'2014-02-27 09:02:53'),(501,329,'2014-02-27 09:02:57'),(502,330,'2014-02-27 09:02:58'),(503,331,'2014-02-27 09:03:00'),(504,332,'2014-02-27 09:03:03'),(505,333,'2014-02-27 09:03:07'),(506,334,'2014-02-27 09:03:09'),(507,335,'2014-02-27 09:03:11'),(508,336,'2014-02-27 09:03:11'),(509,337,'2014-02-27 09:03:13'),(510,338,'2014-02-27 09:03:15'),(511,339,'2014-02-27 18:05:06'),(512,340,'2014-02-27 21:50:27'),(513,341,'2014-02-27 22:21:03'),(514,342,'2014-02-27 23:14:25'),(515,343,'2014-02-27 23:27:00'),(516,344,'2014-02-27 23:28:10'),(517,345,'2014-02-28 01:18:45'),(518,346,'2014-02-28 02:53:36'),(519,347,'2014-02-28 08:32:45'),(520,348,'2014-02-28 08:45:24'),(521,349,'2014-02-28 08:45:28'),(522,350,'2014-02-28 14:26:29'),(523,351,'2014-02-28 14:29:15'),(524,352,'2014-02-28 15:04:49'),(525,353,'2014-02-28 18:15:37'),(526,354,'2014-02-28 23:29:18'),(527,355,'2014-02-28 23:53:18'),(528,356,'2014-03-01 00:30:19'),(529,357,'2014-03-01 00:36:12'),(530,358,'2014-03-01 01:05:48'),(531,359,'2014-03-01 01:06:17'),(532,360,'2014-03-01 02:39:26'),(533,361,'2014-03-01 05:42:48'),(534,362,'2014-03-01 05:48:52'),(535,363,'2014-03-01 09:21:53'),(536,364,'2014-03-01 10:55:43'),(537,365,'2014-03-01 12:29:30'),(538,366,'2014-03-01 12:36:15'),(539,366,'2014-03-01 12:36:15'),(540,366,'2014-03-01 12:36:15'),(541,366,'2014-03-01 12:36:17'),(542,367,'2014-03-01 15:41:38'),(543,368,'2014-03-01 15:54:54'),(544,369,'2014-03-02 00:40:58'),(545,370,'2014-03-02 11:06:27'),(546,371,'2014-03-02 13:35:19'),(547,372,'2014-03-03 00:08:40'),(548,373,'2014-03-03 03:21:53'),(549,374,'2014-03-03 04:33:51'),(550,375,'2014-03-03 04:59:01'),(551,376,'2014-03-03 08:02:03'),(552,376,'2014-03-03 08:02:04'),(553,376,'2014-03-03 08:02:05'),(554,376,'2014-03-03 08:02:06'),(555,376,'2014-03-03 08:02:06'),(556,377,'2014-03-03 16:08:06'),(557,378,'2014-03-03 18:28:36'),(558,379,'2014-03-03 23:47:55'),(559,380,'2014-03-04 04:01:28'),(560,381,'2014-03-04 07:13:21'),(561,382,'2014-03-04 09:19:26'),(562,383,'2014-03-04 09:57:33'),(563,384,'2014-03-04 11:12:35'),(564,385,'2014-03-04 12:49:35'),(565,386,'2014-03-04 13:06:26'),(566,387,'2014-03-04 14:03:19'),(567,388,'2014-03-04 18:54:26'),(568,389,'2014-03-04 19:13:31'),(569,390,'2014-03-05 03:42:39'),(570,391,'2014-03-05 03:45:46'),(571,392,'2014-03-05 03:47:04'),(572,393,'2014-03-05 16:37:50'),(573,394,'2014-03-05 18:41:34'),(574,395,'2014-03-05 20:22:52'),(575,396,'2014-03-05 21:54:25'),(576,397,'2014-03-05 23:09:46'),(577,398,'2014-03-05 23:46:45'),(578,399,'2014-03-06 01:01:11'),(579,400,'2014-03-06 02:58:22'),(580,401,'2014-03-06 04:15:13'),(581,402,'2014-03-06 06:06:48'),(582,403,'2014-03-06 07:07:46'),(583,404,'2014-03-06 11:08:02'),(584,405,'2014-03-06 11:55:34'),(585,406,'2014-03-06 17:54:51'),(586,407,'2014-03-06 19:34:32'),(587,408,'2014-03-07 00:40:07'),(588,409,'2014-03-07 01:44:04'),(589,410,'2014-03-07 03:24:23'),(590,411,'2014-03-07 04:25:41'),(591,412,'2014-03-07 05:35:53'),(592,413,'2014-03-07 05:37:58'),(593,414,'2014-03-07 20:49:38'),(594,414,'2014-03-07 20:50:55'),(595,415,'2014-03-07 20:51:01'),(596,416,'2014-03-07 20:51:01'),(597,414,'2014-03-07 20:51:32'),(598,414,'2014-03-07 20:51:33'),(599,414,'2014-03-07 20:51:34'),(600,414,'2014-03-07 20:51:36'),(601,417,'2014-03-07 21:09:50'),(602,418,'2014-03-07 22:31:50'),(603,419,'2014-03-07 22:33:20'),(604,420,'2014-03-08 00:01:47'),(605,421,'2014-03-08 00:21:45'),(606,422,'2014-03-08 03:53:41'),(607,423,'2014-03-08 17:17:57'),(608,424,'2014-03-08 22:49:28'),(609,425,'2014-03-08 23:25:30'),(610,426,'2014-03-09 00:11:45'),(611,427,'2014-03-09 01:05:08'),(612,428,'2014-03-09 02:08:14'),(613,429,'2014-03-09 02:15:43'),(614,430,'2014-03-09 02:34:39'),(615,431,'2014-03-09 04:58:42'),(616,432,'2014-03-09 06:17:19'),(617,433,'2014-03-09 07:07:25'),(618,434,'2014-03-09 15:16:32'),(619,435,'2014-03-09 17:02:03'),(620,435,'2014-03-09 17:02:05'),(621,435,'2014-03-09 17:02:05'),(622,435,'2014-03-09 17:02:09'),(623,435,'2014-03-09 17:02:10'),(624,435,'2014-03-09 17:02:11'),(625,436,'2014-03-09 17:32:28'),(626,437,'2014-03-09 18:19:44'),(627,438,'2014-03-09 19:01:09'),(628,439,'2014-03-09 21:49:12'),(629,440,'2014-03-09 22:02:22'),(630,441,'2014-03-09 22:56:14'),(631,441,'2014-03-09 23:20:48'),(632,441,'2014-03-09 23:21:33'),(633,441,'2014-03-09 23:21:51'),(634,441,'2014-03-09 23:22:21'),(635,441,'2014-03-09 23:22:21'),(636,441,'2014-03-09 23:22:50'),(637,441,'2014-03-09 23:23:41'),(638,441,'2014-03-09 23:23:48'),(639,441,'2014-03-09 23:23:55'),(640,441,'2014-03-09 23:24:02'),(641,441,'2014-03-09 23:24:24'),(642,442,'2014-03-10 00:05:44'),(643,443,'2014-03-10 00:47:12'),(644,447,'2014-03-10 00:47:26'),(645,448,'2014-03-10 00:47:26'),(646,445,'2014-03-10 00:47:26'),(647,444,'2014-03-10 00:47:26'),(648,446,'2014-03-10 00:47:26'),(649,449,'2014-03-10 00:47:27'),(650,451,'2014-03-10 00:47:27'),(651,450,'2014-03-10 00:47:27'),(652,452,'2014-03-10 00:47:27'),(653,453,'2014-03-10 00:47:28'),(654,455,'2014-03-10 00:47:28'),(655,454,'2014-03-10 00:47:28'),(656,456,'2014-03-10 00:47:28'),(657,457,'2014-03-10 00:47:29'),(658,459,'2014-03-10 00:47:29'),(659,460,'2014-03-10 00:47:29'),(660,458,'2014-03-10 00:47:29'),(661,461,'2014-03-10 00:47:29'),(662,462,'2014-03-10 00:47:29'),(663,463,'2014-03-10 00:47:30'),(664,465,'2014-03-10 00:47:30'),(665,464,'2014-03-10 00:47:30'),(666,468,'2014-03-10 00:52:27'),(667,466,'2014-03-10 00:52:27'),(668,470,'2014-03-10 00:52:27'),(669,469,'2014-03-10 00:52:27'),(670,467,'2014-03-10 00:52:27'),(671,472,'2014-03-10 00:52:28'),(672,471,'2014-03-10 00:52:28'),(673,474,'2014-03-10 00:52:28'),(674,473,'2014-03-10 00:52:28'),(675,475,'2014-03-10 00:52:29'),(676,476,'2014-03-10 00:52:29'),(677,478,'2014-03-10 00:52:29'),(678,479,'2014-03-10 00:52:29'),(679,477,'2014-03-10 00:52:29'),(680,480,'2014-03-10 00:52:29'),(681,481,'2014-03-10 00:52:30'),(682,483,'2014-03-10 00:52:30'),(683,482,'2014-03-10 00:52:30'),(684,484,'2014-03-10 00:52:30'),(685,485,'2014-03-10 00:52:30'),(686,486,'2014-03-10 00:52:30'),(687,487,'2014-03-10 00:52:31'),(688,489,'2014-03-10 00:52:31'),(689,488,'2014-03-10 00:52:31'),(690,490,'2014-03-10 00:52:31'),(691,494,'2014-03-10 00:52:31'),(692,492,'2014-03-10 00:52:31'),(693,491,'2014-03-10 00:52:31'),(694,493,'2014-03-10 00:52:31'),(695,495,'2014-03-10 00:52:32'),(696,496,'2014-03-10 00:52:32'),(697,497,'2014-03-10 00:52:32'),(698,498,'2014-03-10 00:52:32'),(699,499,'2014-03-10 00:52:32'),(700,500,'2014-03-10 00:52:32'),(701,501,'2014-03-10 00:52:33'),(702,502,'2014-03-10 00:52:33'),(703,503,'2014-03-10 00:52:33'),(704,504,'2014-03-10 00:52:33'),(705,505,'2014-03-10 00:52:33'),(706,506,'2014-03-10 00:52:33'),(707,507,'2014-03-10 00:52:33'),(708,508,'2014-03-10 00:52:34'),(709,509,'2014-03-10 00:52:34'),(710,510,'2014-03-10 00:52:34'),(711,511,'2014-03-10 00:52:34'),(712,512,'2014-03-10 00:52:34'),(713,513,'2014-03-10 00:52:34'),(714,514,'2014-03-10 00:52:35'),(715,515,'2014-03-10 00:52:35'),(716,516,'2014-03-10 00:52:35'),(717,517,'2014-03-10 00:52:35'),(718,518,'2014-03-10 00:52:35'),(719,519,'2014-03-10 00:52:35'),(720,521,'2014-03-10 00:52:36'),(721,520,'2014-03-10 00:52:36'),(722,522,'2014-03-10 00:52:36'),(723,523,'2014-03-10 00:52:36'),(724,524,'2014-03-10 00:52:36'),(725,527,'2014-03-10 00:52:36'),(726,525,'2014-03-10 00:52:37'),(727,526,'2014-03-10 00:52:37'),(728,528,'2014-03-10 00:52:37'),(729,529,'2014-03-10 00:52:37'),(730,530,'2014-03-10 00:52:37'),(731,531,'2014-03-10 00:52:37'),(732,532,'2014-03-10 00:52:37'),(733,533,'2014-03-10 00:52:38'),(734,534,'2014-03-10 00:52:38'),(735,535,'2014-03-10 00:52:38'),(736,536,'2014-03-10 00:52:38'),(737,537,'2014-03-10 00:52:38'),(738,538,'2014-03-10 00:52:39'),(739,539,'2014-03-10 00:52:39'),(740,540,'2014-03-10 00:52:39'),(741,541,'2014-03-10 00:52:39'),(742,542,'2014-03-10 00:52:39'),(743,545,'2014-03-10 00:52:39'),(744,543,'2014-03-10 00:52:39'),(745,544,'2014-03-10 00:52:40'),(746,547,'2014-03-10 00:52:40'),(747,549,'2014-03-10 00:52:40'),(748,548,'2014-03-10 00:52:40'),(749,546,'2014-03-10 00:52:40'),(750,550,'2014-03-10 00:52:40'),(751,553,'2014-03-10 00:52:41'),(752,551,'2014-03-10 00:52:41'),(753,554,'2014-03-10 00:52:41'),(754,555,'2014-03-10 00:52:41'),(755,552,'2014-03-10 00:52:41'),(756,556,'2014-03-10 00:52:42'),(757,558,'2014-03-10 00:52:42'),(758,557,'2014-03-10 00:52:42'),(759,559,'2014-03-10 00:52:42'),(760,560,'2014-03-10 00:52:42'),(761,561,'2014-03-10 00:52:42'),(762,562,'2014-03-10 00:52:42'),(763,563,'2014-03-10 00:52:43'),(764,565,'2014-03-10 00:52:43'),(765,564,'2014-03-10 00:52:43'),(766,567,'2014-03-10 00:52:43'),(767,566,'2014-03-10 00:52:43'),(768,568,'2014-03-10 00:52:43'),(769,569,'2014-03-10 00:52:44'),(770,570,'2014-03-10 00:52:44'),(771,571,'2014-03-10 00:52:44'),(772,573,'2014-03-10 00:52:44'),(773,572,'2014-03-10 00:52:44'),(774,574,'2014-03-10 00:52:44'),(775,575,'2014-03-10 00:52:44'),(776,576,'2014-03-10 00:52:45'),(777,577,'2014-03-10 00:52:45'),(778,578,'2014-03-10 00:52:45'),(779,579,'2014-03-10 00:52:45'),(780,580,'2014-03-10 00:52:45'),(781,581,'2014-03-10 00:52:45'),(782,582,'2014-03-10 00:52:46'),(783,583,'2014-03-10 00:52:46'),(784,584,'2014-03-10 00:52:46'),(785,585,'2014-03-10 00:52:46'),(786,586,'2014-03-10 00:52:46'),(787,588,'2014-03-10 00:52:47'),(788,587,'2014-03-10 00:52:47'),(789,589,'2014-03-10 00:52:47'),(790,590,'2014-03-10 00:52:47'),(791,591,'2014-03-10 00:52:47'),(792,592,'2014-03-10 00:52:47'),(793,593,'2014-03-10 00:52:47'),(794,594,'2014-03-10 00:52:48'),(795,595,'2014-03-10 00:52:48'),(796,596,'2014-03-10 00:52:48'),(797,598,'2014-03-10 00:52:48'),(798,597,'2014-03-10 00:52:48'),(799,599,'2014-03-10 00:52:48'),(800,601,'2014-03-10 00:52:48'),(801,600,'2014-03-10 00:52:49'),(802,602,'2014-03-10 00:52:49'),(803,603,'2014-03-10 00:52:49'),(804,604,'2014-03-10 00:52:49'),(805,605,'2014-03-10 00:52:49'),(806,606,'2014-03-10 00:52:49'),(807,607,'2014-03-10 00:52:50'),(808,608,'2014-03-10 00:52:50'),(809,609,'2014-03-10 00:52:50'),(810,611,'2014-03-10 00:52:50'),(811,610,'2014-03-10 00:52:50'),(812,612,'2014-03-10 00:52:50'),(813,613,'2014-03-10 00:52:50'),(814,614,'2014-03-10 00:52:51'),(815,615,'2014-03-10 00:52:51'),(816,617,'2014-03-10 00:52:51'),(817,618,'2014-03-10 00:52:51'),(818,616,'2014-03-10 00:52:51'),(819,619,'2014-03-10 00:52:51'),(820,620,'2014-03-10 00:52:52'),(821,621,'2014-03-10 00:52:52'),(822,622,'2014-03-10 00:52:52'),(823,623,'2014-03-10 00:52:52'),(824,624,'2014-03-10 00:52:52'),(825,625,'2014-03-10 00:52:53'),(826,626,'2014-03-10 00:52:53'),(827,627,'2014-03-10 00:52:53'),(828,628,'2014-03-10 00:52:53'),(829,629,'2014-03-10 00:52:53'),(830,630,'2014-03-10 00:52:53'),(831,631,'2014-03-10 00:52:53'),(832,632,'2014-03-10 00:52:54'),(833,633,'2014-03-10 00:52:54'),(834,634,'2014-03-10 00:52:54'),(835,635,'2014-03-10 00:52:54'),(836,637,'2014-03-10 00:52:54'),(837,636,'2014-03-10 00:52:54'),(838,638,'2014-03-10 00:52:54'),(839,639,'2014-03-10 00:52:54'),(840,640,'2014-03-10 00:52:55'),(841,641,'2014-03-10 00:52:55'),(842,642,'2014-03-10 00:52:55'),(843,644,'2014-03-10 00:52:55'),(844,643,'2014-03-10 00:52:55'),(845,645,'2014-03-10 00:52:56'),(846,646,'2014-03-10 00:52:56'),(847,647,'2014-03-10 00:52:56'),(848,648,'2014-03-10 00:52:56'),(849,649,'2014-03-10 00:52:56'),(850,650,'2014-03-10 00:52:56'),(851,651,'2014-03-10 00:52:57'),(852,652,'2014-03-10 00:52:57'),(853,653,'2014-03-10 00:52:57'),(854,654,'2014-03-10 00:52:57'),(855,655,'2014-03-10 00:52:57'),(856,656,'2014-03-10 00:52:57'),(857,657,'2014-03-10 00:52:57'),(858,658,'2014-03-10 00:52:57'),(859,659,'2014-03-10 00:52:58'),(860,662,'2014-03-10 00:52:58'),(861,660,'2014-03-10 00:52:58'),(862,661,'2014-03-10 00:52:58'),(863,663,'2014-03-10 00:52:58'),(864,664,'2014-03-10 00:52:58'),(865,665,'2014-03-10 00:52:59'),(866,666,'2014-03-10 00:52:59'),(867,667,'2014-03-10 00:52:59'),(868,668,'2014-03-10 00:52:59'),(869,669,'2014-03-10 00:52:59'),(870,670,'2014-03-10 00:53:00'),(871,671,'2014-03-10 00:53:00'),(872,672,'2014-03-10 00:53:00'),(873,673,'2014-03-10 00:53:00'),(874,674,'2014-03-10 00:53:00'),(875,675,'2014-03-10 00:53:00'),(876,677,'2014-03-10 00:53:01'),(877,676,'2014-03-10 00:53:01'),(878,678,'2014-03-10 00:53:01'),(879,679,'2014-03-10 00:53:01'),(880,680,'2014-03-10 00:53:01'),(881,681,'2014-03-10 00:53:01'),(882,682,'2014-03-10 00:53:01'),(883,683,'2014-03-10 00:53:02'),(884,684,'2014-03-10 00:53:02'),(885,685,'2014-03-10 00:53:02'),(886,686,'2014-03-10 00:53:02'),(887,687,'2014-03-10 00:53:02'),(888,688,'2014-03-10 00:53:02'),(889,689,'2014-03-10 00:53:03'),(890,690,'2014-03-10 00:53:03'),(891,691,'2014-03-10 00:53:03'),(892,692,'2014-03-10 00:53:03'),(893,693,'2014-03-10 00:53:03'),(894,694,'2014-03-10 00:53:03'),(895,696,'2014-03-10 00:53:04'),(896,695,'2014-03-10 00:53:04'),(897,697,'2014-03-10 00:53:04'),(898,698,'2014-03-10 00:53:04'),(899,699,'2014-03-10 00:53:04'),(900,700,'2014-03-10 00:53:04'),(901,701,'2014-03-10 00:53:04'),(902,702,'2014-03-10 00:53:05'),(903,703,'2014-03-10 00:53:05'),(904,704,'2014-03-10 00:53:05'),(905,705,'2014-03-10 00:53:05'),(906,706,'2014-03-10 00:53:05'),(907,707,'2014-03-10 00:53:05'),(908,708,'2014-03-10 00:53:06'),(909,709,'2014-03-10 00:53:06'),(910,711,'2014-03-10 00:53:06'),(911,712,'2014-03-10 00:53:06'),(912,710,'2014-03-10 00:53:06'),(913,713,'2014-03-10 00:53:06'),(914,714,'2014-03-10 00:53:07'),(915,717,'2014-03-10 00:53:07'),(916,716,'2014-03-10 00:53:07'),(917,715,'2014-03-10 00:53:07'),(918,718,'2014-03-10 00:53:07'),(919,719,'2014-03-10 00:53:07'),(920,722,'2014-03-10 00:53:08'),(921,720,'2014-03-10 00:53:08'),(922,721,'2014-03-10 00:53:08'),(923,723,'2014-03-10 00:53:08'),(924,724,'2014-03-10 00:53:08'),(925,725,'2014-03-10 00:53:08'),(926,727,'2014-03-10 00:53:08'),(927,726,'2014-03-10 00:53:08'),(928,728,'2014-03-10 00:53:09'),(929,729,'2014-03-10 00:53:09'),(930,730,'2014-03-10 00:53:09'),(931,731,'2014-03-10 00:53:09'),(932,732,'2014-03-10 00:53:09'),(933,734,'2014-03-10 00:53:10'),(934,733,'2014-03-10 00:53:10'),(935,735,'2014-03-10 00:53:10'),(936,736,'2014-03-10 00:53:10'),(937,737,'2014-03-10 00:53:10'),(938,739,'2014-03-10 00:53:11'),(939,741,'2014-03-10 00:53:11'),(940,740,'2014-03-10 00:53:11'),(941,738,'2014-03-10 00:53:11'),(942,742,'2014-03-10 00:53:11'),(943,743,'2014-03-10 00:53:12'),(944,746,'2014-03-10 00:53:12'),(945,747,'2014-03-10 00:53:12'),(946,744,'2014-03-10 00:53:12'),(947,745,'2014-03-10 00:53:12'),(948,748,'2014-03-10 00:53:12'),(949,749,'2014-03-10 00:53:13'),(950,750,'2014-03-10 00:53:13'),(951,751,'2014-03-10 00:53:13'),(952,753,'2014-03-10 00:53:13'),(953,754,'2014-03-10 00:53:13'),(954,755,'2014-03-10 00:53:13'),(955,752,'2014-03-10 00:53:13'),(956,756,'2014-03-10 00:53:14'),(957,757,'2014-03-10 00:53:14'),(958,758,'2014-03-10 00:53:14'),(959,759,'2014-03-10 00:53:14'),(960,760,'2014-03-10 00:53:14'),(961,761,'2014-03-10 00:53:14'),(962,762,'2014-03-10 00:53:15'),(963,763,'2014-03-10 00:53:15'),(964,766,'2014-03-10 00:53:15'),(965,764,'2014-03-10 00:53:15'),(966,765,'2014-03-10 00:53:15'),(967,767,'2014-03-10 00:53:15'),(968,770,'2014-03-10 00:53:16'),(969,769,'2014-03-10 00:53:16'),(970,768,'2014-03-10 00:53:16'),(971,771,'2014-03-10 00:53:16'),(972,772,'2014-03-10 00:53:16'),(973,443,'2014-03-10 00:53:17'),(974,773,'2014-03-10 00:53:17'),(975,774,'2014-03-10 00:53:17'),(976,775,'2014-03-10 00:53:17'),(977,776,'2014-03-10 00:53:17'),(978,777,'2014-03-10 00:53:17'),(979,779,'2014-03-10 00:53:18'),(980,780,'2014-03-10 00:53:18'),(981,778,'2014-03-10 00:53:18'),(982,782,'2014-03-10 00:53:18'),(983,781,'2014-03-10 00:53:18'),(984,785,'2014-03-10 00:53:19'),(985,786,'2014-03-10 00:53:19'),(986,784,'2014-03-10 00:53:19'),(987,787,'2014-03-10 00:53:19'),(988,783,'2014-03-10 00:53:19'),(989,789,'2014-03-10 00:53:20'),(990,788,'2014-03-10 00:53:20'),(991,791,'2014-03-10 00:53:20'),(992,790,'2014-03-10 00:53:20'),(993,792,'2014-03-10 00:53:20'),(994,794,'2014-03-10 00:53:21'),(995,796,'2014-03-10 00:53:21'),(996,793,'2014-03-10 00:53:21'),(997,795,'2014-03-10 00:53:21'),(998,797,'2014-03-10 00:53:21'),(999,798,'2014-03-10 00:53:22'),(1000,800,'2014-03-10 00:53:22'),(1001,801,'2014-03-10 00:53:22'),(1002,799,'2014-03-10 00:53:22'),(1003,802,'2014-03-10 00:53:22'),(1004,803,'2014-03-10 00:53:22'),(1005,804,'2014-03-10 00:53:23'),(1006,805,'2014-03-10 00:53:23'),(1007,806,'2014-03-10 00:53:23'),(1008,807,'2014-03-10 00:53:23'),(1009,808,'2014-03-10 00:53:23'),(1010,809,'2014-03-10 00:53:23'),(1011,810,'2014-03-10 00:53:24'),(1012,811,'2014-03-10 00:53:24'),(1013,812,'2014-03-10 00:53:24'),(1014,813,'2014-03-10 00:53:24'),(1015,814,'2014-03-10 00:53:24'),(1016,815,'2014-03-10 00:53:24'),(1017,817,'2014-03-10 00:53:24'),(1018,816,'2014-03-10 00:53:24'),(1019,818,'2014-03-10 00:53:25'),(1020,819,'2014-03-10 00:53:25'),(1021,820,'2014-03-10 00:53:25'),(1022,822,'2014-03-10 00:53:25'),(1023,821,'2014-03-10 00:53:25'),(1024,824,'2014-03-10 00:53:25'),(1025,823,'2014-03-10 00:53:26'),(1026,828,'2014-03-10 00:53:26'),(1027,827,'2014-03-10 00:53:26'),(1028,825,'2014-03-10 00:53:26'),(1029,826,'2014-03-10 00:53:27'),(1030,829,'2014-03-10 00:53:27'),(1031,830,'2014-03-10 00:53:27'),(1032,831,'2014-03-10 00:53:27'),(1033,832,'2014-03-10 00:53:27'),(1034,833,'2014-03-10 00:53:28'),(1035,834,'2014-03-10 00:53:28'),(1036,835,'2014-03-10 00:53:28'),(1037,836,'2014-03-10 00:53:28'),(1038,837,'2014-03-10 00:53:28'),(1039,838,'2014-03-10 00:53:28'),(1040,839,'2014-03-10 00:53:29'),(1041,840,'2014-03-10 00:53:29'),(1042,841,'2014-03-10 00:53:29'),(1043,842,'2014-03-10 00:53:29'),(1044,844,'2014-03-10 00:53:29'),(1045,843,'2014-03-10 00:53:29'),(1046,845,'2014-03-10 00:53:30'),(1047,846,'2014-03-10 00:53:30'),(1048,847,'2014-03-10 00:53:30'),(1049,849,'2014-03-10 00:53:30'),(1050,848,'2014-03-10 00:53:30'),(1051,443,'2014-03-10 00:53:30'),(1052,851,'2014-03-10 00:53:30'),(1053,850,'2014-03-10 00:53:30'),(1054,852,'2014-03-10 00:53:31'),(1055,853,'2014-03-10 00:53:31'),(1056,854,'2014-03-10 00:53:31'),(1057,855,'2014-03-10 00:53:31'),(1058,856,'2014-03-10 00:53:31'),(1059,857,'2014-03-10 00:53:31'),(1060,858,'2014-03-10 00:53:32'),(1061,859,'2014-03-10 00:53:32'),(1062,860,'2014-03-10 00:53:32'),(1063,861,'2014-03-10 00:53:32'),(1064,862,'2014-03-10 00:53:32'),(1065,863,'2014-03-10 00:53:32'),(1066,864,'2014-03-10 00:53:32'),(1067,866,'2014-03-10 00:53:33'),(1068,865,'2014-03-10 00:53:33'),(1069,867,'2014-03-10 00:53:33'),(1070,868,'2014-03-10 00:53:33'),(1071,869,'2014-03-10 00:53:33'),(1072,870,'2014-03-10 00:53:33'),(1073,871,'2014-03-10 00:53:33'),(1074,872,'2014-03-10 00:53:33'),(1075,443,'2014-03-10 00:53:41'),(1076,443,'2014-03-10 00:55:32'),(1077,443,'2014-03-10 01:04:55'),(1078,443,'2014-03-10 01:05:11'),(1079,443,'2014-03-10 01:25:09'),(1080,443,'2014-03-10 01:25:21');

--
-- Table structure for table `log_url_info`
--

CREATE TABLE `log_url_info` (
  `url_id` bigint(20) unsigned NOT NULL AUTO_INCREMENT COMMENT 'URL ID',
  `url` varchar(255) NOT NULL DEFAULT '' COMMENT 'URL',
  `referer` varchar(255) DEFAULT NULL COMMENT 'Referrer',
  PRIMARY KEY (`url_id`)
) ENGINE=InnoDB AUTO_INCREMENT=1081 DEFAULT CHARSET=utf8 COMMENT='Log URL Info Table';

--
-- Dumping data for table `log_url_info`
--

INSERT INTO `log_url_info` VALUES (1,'http://jdsluggage.com/',NULL),(2,'http://jdsluggage.com/',NULL),(3,'http://jdsluggage.com/index.php/about-magento-demo-store',NULL),(4,'http://jdsluggage.com/index.php/contacts/',NULL),(5,'http://jdsluggage.com/',NULL),(6,'http://jdsluggage.com/',NULL),(7,'http://jdsluggage.com/',NULL),(8,'http://jdsluggage.com/',NULL),(9,'http://jdsluggage.com/',NULL),(10,'http://jdsluggage.com/',NULL),(11,'http://jdsluggage.com/',NULL),(12,'http://jdsluggage.com/',NULL),(13,'http://jdsluggage.com/',NULL),(14,'http://jdsluggage.com/',NULL),(15,'http://jdsluggage.com/',NULL),(16,'http://jdsluggage.com/index.php/catalog/category/view/id/13','http://jdsluggage.com/'),(17,'http://jdsluggage.com/index.php/catalog/category/view/id/8','http://jdsluggage.com/index.php/electronics.html'),(18,'http://jdsluggage.com/index.php/','http://jdsluggage.com/index.php/electronics/cell-phones.html'),(19,'http://jdsluggage.com/index.php/','http://jdsluggage.com/index.php/electronics/cell-phones.html'),(20,'http://jdsluggage.com/index.php/','http://jdsluggage.com/index.php/electronics/cell-phones.html'),(21,'http://jdsluggage.com/index.php/','http://jdsluggage.com/index.php/electronics/cell-phones.html'),(22,'http://jdsluggage.com/index.php/','http://jdsluggage.com/index.php/electronics/cell-phones.html'),(23,'http://jdsluggage.com/index.php/','http://jdsluggage.com/index.php/electronics/cell-phones.html'),(24,'http://jdsluggage.com/index.php/','http://jdsluggage.com/index.php/electronics/cell-phones.html'),(25,'http://jdsluggage.com/index.php/','http://jdsluggage.com/index.php/electronics/cell-phones.html'),(26,'http://jdsluggage.com/',NULL),(27,'http://jdsluggage.com/',NULL),(28,'http://jdsluggage.com/index.php/catalog/category/view/id/10','http://jdsluggage.com/'),(29,'http://jdsluggage.com/index.php/catalog/category/view/id/22','http://jdsluggage.com/index.php/furniture.html'),(30,'http://jdsluggage.com/',NULL),(31,'http://jdsluggage.com/index.php/catalog/category/view/id/10','http://jdsluggage.com/'),(32,'http://jdsluggage.com/index.php/catalog/category/view/id/10','http://jdsluggage.com/'),(33,'http://jdsluggage.com/',NULL),(34,'http://jdsluggage.com/index.php/catalog/category/view/id/13','http://jdsluggage.com/'),(35,'http://jdsluggage.com/',NULL),(36,'http://jdsluggage.com/index.php/catalog/category/view/id/4','http://jdsluggage.com/'),(37,'http://jdsluggage.com/catalog/category/view/id/13',NULL),(38,'http://jdsluggage.com/catalog/category/view/id/13',NULL),(39,'http://jdsluggage.com/index.php/','http://jdsluggage.com/electronics.html'),(40,'http://jdsluggage.com/index.php/','http://jdsluggage.com/index.php/'),(41,'http://jdsluggage.com/index.php/','http://jdsluggage.com/index.php/'),(42,'http://jdsluggage.com/',NULL),(43,'http://jdsluggage.com/index.php/','http://jdsluggage.com/'),(44,'http://jdsluggage.com/index.php/catalog/category/view/id/10','http://jdsluggage.com/index.php/'),(45,'http://jdsluggage.com/index.php/catalog/category/view/id/13','http://jdsluggage.com/index.php/furniture.html'),(46,'http://jdsluggage.com/index.php/catalog/category/view/id/4','http://jdsluggage.com/index.php/electronics.html'),(47,'http://jdsluggage.com/',NULL),(48,'http://jdsluggage.com/myadmin/scripts/setup.php','http://jdsluggage.com/myadmin/scripts/setup.php'),(49,'http://jdsluggage.com/pma/scripts/setup.php','http://jdsluggage.com/pma/scripts/setup.php'),(50,'http://jdsluggage.com/',NULL),(51,'http://jdsluggage.com/index.php/catalog/category/view/id/4','http://jdsluggage.com/index.php/electronics.html'),(52,'http://jdsluggage.com/',NULL),(53,'http://jdsluggage.com/',NULL),(54,'http://jdsluggage.com/',NULL),(55,'http://jdsluggage.com/',NULL),(56,'http://jdsluggage.com/robots.txt',NULL),(57,'http://jdsluggage.com/',NULL),(58,'http://jdsluggage.com/',NULL),(59,'http://jdsluggage.com/',NULL),(60,'http://jdsluggage.com/','https://www.google.com/'),(61,'http://jdsluggage.com/',NULL),(62,'http://jdsluggage.com/',NULL),(63,'http://jdsluggage.com/',NULL),(64,'http://jdsluggage.com/',NULL),(65,'http://jdsluggage.com/',NULL),(66,'http://jdsluggage.com/',NULL),(67,'http://jdsluggage.com/',NULL),(68,'http://jdsluggage.com/index.php/catalog/category/view/id/35','http://jdsluggage.com/'),(69,'http://jdsluggage.com/index.php/catalog/category/view/id/35','http://jdsluggage.com/'),(70,'http://jdsluggage.com/index.php/','http://jdsluggage.com/index.php/luggage.html'),(71,'http://jdsluggage.com/index.php/','http://jdsluggage.com/index.php/luggage.html'),(72,'http://jdsluggage.com/index.php/','http://jdsluggage.com/index.php/luggage.html'),(73,'http://jdsluggage.com/index.php/catalog/category/view/id/35','http://jdsluggage.com/index.php/'),(74,'http://jdsluggage.com/index.php/','http://jdsluggage.com/index.php/luggage.html'),(75,'http://jdsluggage.com/index.php/','http://jdsluggage.com/index.php/luggage.html'),(76,'http://jdsluggage.com/index.php/catalog/category/view/id/35','http://jdsluggage.com/index.php/'),(77,'http://jdsluggage.com/index.php/catalog/category/view/id/36','http://jdsluggage.com/index.php/luggage.html'),(78,'http://jdsluggage.com/index.php/','http://jdsluggage.com/index.php/single-pieces.html'),(79,'http://jdsluggage.com/index.php/','http://jdsluggage.com/index.php/single-pieces.html'),(80,'http://jdsluggage.com/index.php/catalog/category/view/id/35','http://jdsluggage.com/index.php/'),(81,'http://jdsluggage.com/index.php/','http://jdsluggage.com/index.php/luggage.html'),(82,'http://jdsluggage.com/index.php/','http://jdsluggage.com/index.php/luggage.html'),(83,'http://jdsluggage.com/index.php/catalog/category/view/id/35','http://jdsluggage.com/index.php/'),(84,'http://jdsluggage.com/index.php/catalog/category/view/id/36','http://jdsluggage.com/index.php/luggage.html'),(85,'http://jdsluggage.com/index.php/catalog/category/view/id/35','http://jdsluggage.com/index.php/single-pieces.html'),(86,'http://jdsluggage.com/index.php/','http://jdsluggage.com/index.php/luggage.html'),(87,'http://jdsluggage.com/index.php/','http://jdsluggage.com/index.php/luggage.html'),(88,'http://jdsluggage.com/index.php/catalog/category/view/id/35','http://jdsluggage.com/index.php/'),(89,'http://jdsluggage.com/index.php/catalog/category/view/id/36','http://jdsluggage.com/index.php/luggage.html'),(90,'http://jdsluggage.com/index.php/catalog/category/view/id/35','http://jdsluggage.com/index.php/single-pieces.html'),(91,'http://jdsluggage.com/index.php/catalog/category/view/id/35','http://jdsluggage.com/index.php/single-pieces.html'),(92,'http://jdsluggage.com/index.php/catalog/category/view/id/36','http://jdsluggage.com/index.php/luggage.html'),(93,'http://jdsluggage.com/index.php/catalog/category/view/id/35','http://jdsluggage.com/index.php/single-pieces.html'),(94,'http://jdsluggage.com/index.php/catalog/category/view/id/35','http://jdsluggage.com/index.php/single-pieces.html'),(95,'http://jdsluggage.com/index.php/catalog/category/view/id/35','http://jdsluggage.com/index.php/single-pieces.html'),(96,'http://jdsluggage.com/index.php/catalog/category/view/id/35','http://jdsluggage.com/index.php/single-pieces.html'),(97,'http://jdsluggage.com/index.php/','http://jdsluggage.com/index.php/luggage.html'),(98,'http://jdsluggage.com/index.php/catalog/category/view/id/35','http://jdsluggage.com/index.php/'),(99,'http://jdsluggage.com/index.php/catalog/category/view/id/35','http://jdsluggage.com/index.php/'),(100,'http://jdsluggage.com/index.php/catalog/category/view/id/35','http://jdsluggage.com/index.php/'),(101,'http://jdsluggage.com/index.php/catalog/category/view/id/35','http://jdsluggage.com/index.php/'),(102,'http://jdsluggage.com/index.php/','http://jdsluggage.com/index.php/luggage.html'),(103,'http://jdsluggage.com/index.php/catalog/category/view/id/35','http://jdsluggage.com/index.php/'),(104,'http://jdsluggage.com/index.php/catalog/product/view/id/167/category/35','http://jdsluggage.com/index.php/luggage.html'),(105,'http://jdsluggage.com/index.php/catalog/product/gallery/id/167/image/367/','http://jdsluggage.com/index.php/luggage/heys-expandable-spinning-4-wheel-3-piece-polycarbonate-luggage-set.html'),(106,'http://jdsluggage.com/index.php/catalog/product/gallery/id/167/image/367/','http://jdsluggage.com/index.php/luggage/heys-expandable-spinning-4-wheel-3-piece-polycarbonate-luggage-set.html'),(107,'http://jdsluggage.com/index.php/catalog/product/gallery/image/368/id/167/','http://jdsluggage.com/index.php/catalog/product/gallery/id/167/image/367/'),(108,'http://jdsluggage.com/index.php/catalog/product/gallery/image/369/id/167/','http://jdsluggage.com/index.php/catalog/product/gallery/image/368/id/167/'),(109,'http://jdsluggage.com/index.php/','http://jdsluggage.com/index.php/luggage/heys-expandable-spinning-4-wheel-3-piece-polycarbonate-luggage-set.html'),(110,'http://jdsluggage.com/index.php/','http://jdsluggage.com/index.php/luggage/heys-expandable-spinning-4-wheel-3-piece-polycarbonate-luggage-set.html'),(111,'http://jdsluggage.com/index.php/','http://jdsluggage.com/index.php/luggage/heys-expandable-spinning-4-wheel-3-piece-polycarbonate-luggage-set.html'),(112,'http://jdsluggage.com/index.php/catalog/product/view/id/167/category/35','http://jdsluggage.com/index.php/'),(113,'http://jdsluggage.com/index.php/','http://jdsluggage.com/index.php/luggage/heys-expandable-spinning-4-wheel-3-piece-polycarbonate-luggage-set.html'),(114,'http://jdsluggage.com/index.php/catalog/product/view/id/167/category/35','http://jdsluggage.com/index.php/'),(115,'http://jdsluggage.com/index.php/checkout/cart/add/uenc/aHR0cDovL2pkc2x1Z2dhZ2UuY29tL2luZGV4LnBocC9sdWdnYWdlL2hleXMtZXhwYW5kYWJsZS1zcGlubmluZy00LXdoZWVsLTMtcGllY2UtcG9seWNhcmJvbmF0ZS1sdWdnYWdlLXNldC5odG1sP19fX1NJRD1V/product/167/form_key/fPT9bxGS3qBWV','http://jdsluggage.com/index.php/luggage/heys-expandable-spinning-4-wheel-3-piece-polycarbonate-luggage-set.html'),(116,'http://jdsluggage.com/index.php/checkout/cart/','http://jdsluggage.com/index.php/luggage/heys-expandable-spinning-4-wheel-3-piece-polycarbonate-luggage-set.html'),(117,'http://jdsluggage.com/index.php/checkout/onepage/','http://jdsluggage.com/index.php/checkout/cart/'),(118,'http://jdsluggage.com/index.php/','http://jdsluggage.com/index.php/checkout/onepage/'),(119,'http://jdsluggage.com/index.php/','http://jdsluggage.com/index.php/checkout/onepage/'),(120,'http://jdsluggage.com/index.php/','http://jdsluggage.com/index.php/checkout/onepage/'),(121,'http://jdsluggage.com/index.php/','http://jdsluggage.com/index.php/checkout/onepage/'),(122,'http://jdsluggage.com/index.php/','http://jdsluggage.com/index.php/checkout/onepage/'),(123,'http://jdsluggage.com/index.php/','http://jdsluggage.com/index.php/checkout/onepage/'),(124,'http://jdsluggage.com/index.php/catalog/category/view/id/36','http://jdsluggage.com/index.php/'),(125,'http://jdsluggage.com/index.php/catalog/product/view/id/176/category/36','http://jdsluggage.com/index.php/single-pieces.html'),(126,'http://jdsluggage.com/index.php/catalog/product/gallery/id/176/image/407/','http://jdsluggage.com/index.php/single-pieces/heys-expandable-rolling-upright-suitcase-4-wheeled-carry-on-luggage.html'),(127,'http://jdsluggage.com/index.php/','http://jdsluggage.com/index.php/single-pieces/heys-expandable-rolling-upright-suitcase-4-wheeled-carry-on-luggage.html'),(128,'http://jdsluggage.com/index.php/','http://jdsluggage.com/index.php/single-pieces/heys-expandable-rolling-upright-suitcase-4-wheeled-carry-on-luggage.html'),(129,'http://jdsluggage.com/index.php/catalog/category/view/id/36','http://jdsluggage.com/index.php/'),(130,'http://jdsluggage.com/index.php/catalog/category/view/id/35','http://jdsluggage.com/index.php/single-pieces.html'),(131,'http://jdsluggage.com/index.php/catalog/category/view/id/35','http://jdsluggage.com/index.php/single-pieces.html'),(132,'http://jdsluggage.com/index.php/catalog/category/view/id/35','http://jdsluggage.com/index.php/single-pieces.html'),(133,'http://jdsluggage.com/index.php/catalog/category/view/id/35','http://jdsluggage.com/index.php/single-pieces.html'),(134,'http://jdsluggage.com/',NULL),(135,'http://jdsluggage.com/',NULL),(136,'http://jdsluggage.com/',NULL),(137,'http://jdsluggage.com/','https://www.google.com/'),(138,'http://jdsluggage.com/index.php/catalog/product/view/id/167/category/35','http://jdsluggage.com/'),(139,'http://jdsluggage.com/index.php/catalog/product/gallery/id/167/image/366/','http://jdsluggage.com/index.php/luggage/heys-expandable-spinning-4-wheel-3-piece-polycarbonate-luggage-set.html'),(140,'http://jdsluggage.com/index.php/catalog/product/gallery/image/367/id/167/','http://jdsluggage.com/index.php/catalog/product/gallery/id/167/image/366/'),(141,'http://jdsluggage.com/index.php/catalog/product/gallery/image/366/id/167/','http://jdsluggage.com/index.php/catalog/product/gallery/image/367/id/167/'),(142,'http://jdsluggage.com/index.php/catalog/product/gallery/image/367/id/167/','http://jdsluggage.com/index.php/catalog/product/gallery/image/366/id/167/'),(143,'http://jdsluggage.com/index.php/catalog/product/gallery/image/366/id/167/','http://jdsluggage.com/index.php/catalog/product/gallery/image/367/id/167/'),(144,'http://jdsluggage.com/index.php/catalog/product/gallery/id/167/image/369/','http://jdsluggage.com/index.php/luggage/heys-expandable-spinning-4-wheel-3-piece-polycarbonate-luggage-set.html'),(145,'http://jdsluggage.com/index.php/catalog/product/gallery/id/167/image/369/','http://jdsluggage.com/index.php/luggage/heys-expandable-spinning-4-wheel-3-piece-polycarbonate-luggage-set.html'),(146,'http://jdsluggage.com/index.php/catalog/product/gallery/image/368/id/167/','http://jdsluggage.com/index.php/catalog/product/gallery/id/167/image/369/'),(147,'http://jdsluggage.com/',NULL),(148,'http://jdsluggage.com/index.php/catalog/category/view/id/36','http://jdsluggage.com/'),(149,'http://jdsluggage.com/index.php/catalog/category/view/id/35','http://jdsluggage.com/index.php/single-pieces.html'),(150,'http://jdsluggage.com/index.php/','http://jdsluggage.com/index.php/luggage.html'),(151,'http://jdsluggage.com/',NULL),(152,'http://jdsluggage.com/',NULL),(153,'http://jdsluggage.com/index.php/',NULL),(154,'http://jdsluggage.com/index.php/catalog/product_compare/add/product/167/uenc/aHR0cDovL2pkc2x1Z2dhZ2UuY29tLw,,/form_key/RRRqwn3Q4skHwWqJ/',NULL),(155,'http://jdsluggage.com/index.php/about-magento-demo-store',NULL),(156,'http://jdsluggage.com/index.php/contacts/',NULL),(157,'http://jdsluggage.com/',NULL),(158,'http://jdsluggage.com/index.php/catalog/category/view/id/35','http://jdsluggage.com/index.php/single-pieces.html'),(159,'http://jdsluggage.com/',NULL),(160,'http://jdsluggage.com/index.php/catalog/category/view/id/35','http://jdsluggage.com/index.php/single-pieces.html'),(161,'http://jdsluggage.com/',NULL),(162,'http://jdsluggage.com/',NULL),(163,'http://jdsluggage.com/',NULL),(164,'http://jdsluggage.com/',NULL),(165,'http://jdsluggage.com/',NULL),(166,'http://jdsluggage.com/index.php/catalog/product/view/id/167/category/35','http://jdsluggage.com/'),(167,'http://jdsluggage.com/index.php/catalog/product/gallery/id/167/image/366/','http://jdsluggage.com/index.php/luggage/heys-expandable-spinning-4-wheel-3-piece-polycarbonate-luggage-set.html'),(168,'http://jdsluggage.com/index.php/catalog/product/gallery/image/367/id/167/','http://jdsluggage.com/index.php/catalog/product/gallery/id/167/image/366/'),(169,'http://jdsluggage.com/index.php/catalog/product/gallery/image/368/id/167/','http://jdsluggage.com/index.php/catalog/product/gallery/image/367/id/167/'),(170,'http://jdsluggage.com/index.php/catalog/product/gallery/image/369/id/167/','http://jdsluggage.com/index.php/catalog/product/gallery/image/368/id/167/'),(171,'http://jdsluggage.com/index.php/catalog/category/view/id/36','http://jdsluggage.com/index.php/luggage/heys-expandable-spinning-4-wheel-3-piece-polycarbonate-luggage-set.html'),(172,'http://jdsluggage.com/index.php/catalog/product/view/id/184/category/36','http://jdsluggage.com/index.php/single-pieces.html'),(173,'http://jdsluggage.com/index.php/about-magento-demo-store','http://jdsluggage.com/index.php/single-pieces/heys-expandable-rolling-upright-suitcase-travel-4-wheeled-spinning-luggage-184.html'),(174,'http://jdsluggage.com/index.php/','http://jdsluggage.com/index.php/about-magento-demo-store'),(175,'http://jdsluggage.com/index.php/contacts/','http://jdsluggage.com/index.php/'),(176,'http://jdsluggage.com/index.php/','http://jdsluggage.com/index.php/contacts/'),(177,'http://jdsluggage.com/index.php/catalog/product/view/id/178/category/35','http://jdsluggage.com/index.php/'),(178,'http://jdsluggage.com/index.php/','http://jdsluggage.com/index.php/luggage/louies-berry-2-wheel-3-piece-luggage-set-still-has-protective-plastic-film.html'),(179,'http://jdsluggage.com/',NULL),(180,'http://jdsluggage.com/index.php/catalog/product/view/id/174/category/35','http://jdsluggage.com/index.php/'),(181,'http://jdsluggage.com/index.php/','http://jdsluggage.com/index.php/luggage/heys-expandable-spinning-4-wheel-2-piece-polycarbonate-luggage-set.html'),(182,'http://jdsluggage.com/index.php/?limit=15','http://jdsluggage.com/'),(183,'http://jdsluggage.com/index.php/catalog/category/view/id/35','http://jdsluggage.com/index.php/?limit=15'),(184,'http://jdsluggage.com/index.php/catalog/category/view/id/36','http://jdsluggage.com/index.php/?limit=15'),(185,'http://jdsluggage.com/robots.txt',NULL),(186,'http://jdsluggage.com/',NULL),(187,'http://jdsluggage.com/',NULL),(188,'http://jdsluggage.com/index.php/?dir=asc&order=name','http://www.google.com/search'),(189,'http://jdsluggage.com/',NULL),(190,'http://jdsluggage.com/',NULL),(191,'http://jdsluggage.com/index.php/catalog/product/view/id/177/category/35','http://jdsluggage.com/index.php/'),(192,'http://jdsluggage.com/',NULL),(193,'http://jdsluggage.com/',NULL),(194,'http://jdsluggage.com/','http://jdslowik.com'),(195,'http://jdsluggage.com/0','http://jdsluggage.com'),(196,'http://jdsluggage.com/wp-admin/',NULL),(197,'http://jdsluggage.com/wordpress/wp-admin/',NULL),(198,'http://jdsluggage.com/blog/wp-admin/',NULL),(199,'http://jdsluggage.com/index.php/catalog/product/view/id/173/category/35',NULL),(200,'http://jdsluggage.com/robots.txt','http://jdsluggage.com/robots.txt'),(201,'http://jdsluggage.com/',NULL),(202,'http://jdsluggage.com/robots.txt',NULL),(203,'http://jdsluggage.com/',NULL),(204,'http://jdsluggage.com/robots.txt',NULL),(205,'http://jdsluggage.com/index.php/catalog/product/view/id/170/category/35',NULL),(206,'http://jdsluggage.com/index.php/catalog/product/view/id/171/category/35',NULL),(207,'http://jdsluggage.com/index.php/catalog/category/view/id/35',NULL),(208,'http://jdsluggage.com/index.php/customer/account/login/',NULL),(209,'http://jdsluggage.com/index.php/customer-service',NULL),(210,'http://jdsluggage.com/index.php/contacts/',NULL),(211,'http://jdsluggage.com/index.php/checkout/cart/',NULL),(212,'http://jdsluggage.com/index.php/checkout/',NULL),(213,'http://jdsluggage.com/index.php/catalogsearch/term/popular/',NULL),(214,'http://jdsluggage.com/index.php/catalogsearch/advanced/',NULL),(215,'http://jdsluggage.com/index.php/catalog/seo_sitemap/category/',NULL),(216,'http://jdsluggage.com/index.php/about-magento-demo-store',NULL),(217,'http://jdsluggage.com/index.php/?mode=list',NULL),(218,'http://jdsluggage.com/index.php/?limit=9',NULL),(219,'http://jdsluggage.com/index.php/?limit=30',NULL),(220,'http://jdsluggage.com/index.php/?limit=15',NULL),(221,'http://jdsluggage.com/index.php/?dir=asc&amp;order=name',NULL),(222,'http://jdsluggage.com/index.php/?dir=asc',NULL),(223,'http://jdsluggage.com/index.php/',NULL),(224,'http://jdsluggage.com/',NULL),(225,'http://jdsluggage.com/',NULL),(226,'http://jdsluggage.com/robots.txt',NULL),(227,'http://jdsluggage.com/index.php/?limit=15',NULL),(228,'http://jdsluggage.com/index.php/?limit=10&amp;mode=list',NULL),(229,'http://jdsluggage.com/index.php/?dir=asc&amp;order=name',NULL),(230,'http://jdsluggage.com/index.php/?dir=asc&amp;mode=list&amp;order=name',NULL),(231,'http://jdsluggage.com/index.php/?dir=asc&amp;mode=list',NULL),(232,'http://jdsluggage.com/index.php/?dir=asc&amp;limit=9&amp;order=name',NULL),(233,'http://jdsluggage.com/index.php/?dir=asc&amp;limit=30&amp;order=name',NULL),(234,'http://jdsluggage.com/index.php/?dir=asc&amp;limit=30',NULL),(235,'http://jdsluggage.com/index.php/?dir=asc&amp;limit=15&amp;order=name',NULL),(236,'http://jdsluggage.com/index.php/?dir=asc&amp;limit=15',NULL),(237,'http://jdsluggage.com/index.php/?dir=asc',NULL),(238,'http://jdsluggage.com/index.php/?amp;dir=asc&amp;order=name',NULL),(239,'http://jdsluggage.com/index.php/?amp;dir=asc&amp;mode=list',NULL),(240,'http://jdsluggage.com/index.php/?amp;dir=asc&amp;limit=9',NULL),(241,'http://jdsluggage.com/index.php/?amp;dir=asc&amp;limit=15',NULL),(242,'http://jdsluggage.com/index.php/',NULL),(243,'http://jdsluggage.com/robots.txt',NULL),(244,'http://jdsluggage.com/index.php/?amp%3Blimit=30&amp;dir=asc&amp;order=name',NULL),(245,'http://jdsluggage.com/index.php/?amp%3Blimit=30&amp;dir=asc&amp;mode=list',NULL),(246,'http://jdsluggage.com/index.php/?amp%3Blimit=30&amp;dir=asc&amp;limit=9',NULL),(247,'http://jdsluggage.com/index.php/?amp%3Blimit=30&amp;dir=asc&amp;limit=30',NULL),(248,'http://jdsluggage.com/index.php/?amp%3Blimit=30&amp;dir=asc&amp;limit=15',NULL),(249,'http://jdsluggage.com/index.php/?amp%3Blimit=30&amp;dir=asc',NULL),(250,'http://jdsluggage.com/index.php/?amp%3Blimit=15&amp;dir=asc&amp;order=name',NULL),(251,'http://jdsluggage.com/index.php/?amp%3Blimit=15&amp;dir=asc&amp;mode=list',NULL),(252,'http://jdsluggage.com/index.php/?amp%3Blimit=15&amp;dir=asc&amp;limit=9',NULL),(253,'http://jdsluggage.com/index.php/?amp%3Blimit=15&amp;dir=asc&amp;limit=30',NULL),(254,'http://jdsluggage.com/index.php/?amp%3Blimit=15&amp;dir=asc&amp;limit=15',NULL),(255,'http://jdsluggage.com/index.php/?amp%3Blimit=15&amp;dir=asc',NULL),(256,'http://jdsluggage.com/index.php/?amp%3Bdir=asc&amp;mode=list',NULL),(257,'http://jdsluggage.com/index.php/?amp%3Bdir=asc&amp;limit=9',NULL),(258,'http://jdsluggage.com/index.php/?amp%3Bdir=asc&amp;limit=30',NULL),(259,'http://jdsluggage.com/index.php/?amp%3Bdir=asc&amp;limit=15',NULL),(260,'http://jdsluggage.com/index.php/?amp%3Bdir=asc&amp;dir=asc&amp;order=name',NULL),(261,'http://jdsluggage.com/index.php/?amp%3Bdir=asc&amp;dir=asc',NULL),(262,'http://jdsluggage.com/index.php/',NULL),(263,'http://jdsluggage.com/','http://whois.domaintools.com/jdsluggage.com'),(264,'http://jdsluggage.com/robots.txt',NULL),(265,'http://jdsluggage.com/index.php/?amp;dir=asc',NULL),(266,'http://jdsluggage.com/index.php/?amp%3Blimit=9&amp;dir=asc&amp;order=name',NULL),(267,'http://jdsluggage.com/index.php/?amp%3Blimit=9&amp;dir=asc&amp;mode=list',NULL),(268,'http://jdsluggage.com/index.php/?amp%3Blimit=9&amp;dir=asc&amp;limit=9',NULL),(269,'http://jdsluggage.com/index.php/?amp%3Blimit=9&amp;dir=asc&amp;limit=30',NULL),(270,'http://jdsluggage.com/index.php/?amp%3Blimit=9&amp;dir=asc&amp;limit=15',NULL),(271,'http://jdsluggage.com/index.php/?amp%3Bdir=asc&amp;mode=list',NULL),(272,'http://jdsluggage.com/index.php/?amp%3Bdir=asc&amp;limit=9',NULL),(273,'http://jdsluggage.com/index.php/?amp%3Bdir=asc&amp;limit=15',NULL),(274,'http://jdsluggage.com/index.php/catalog/product/view/id/169/category/35','http://www.google.ca/search?site=&source=hp&ei=1Xb7UsmqBub40gGlyoGIDw&q=louis+kaiser+luggage+reviews&oq=louis+kai&gs_l=mobile-gws-hp.1.0.0l5.2357.7369.0.9737.10.10.0.6.6.0.408.2750.2-7j2j1.10.0....0...1c.1.35.mobile-gws-hp..0.10.1427.hDLhF0buxaE'),(275,'http://jdsluggage.com/',NULL),(276,'http://jdsluggage.com/',NULL),(277,'http://jdsluggage.com/',NULL),(278,'http://jdsluggage.com/robots.txt',NULL),(279,'http://jdsluggage.com/index.php/catalogsearch/result/?q=camera+case',NULL),(280,'http://jdsluggage.com/index.php/catalogsearch/result/?q=black',NULL),(281,'http://jdsluggage.com/index.php/catalogsearch/result/?q=apparel',NULL),(282,'http://jdsluggage.com/index.php/catalogsearch/result/?q=acer',NULL),(283,'http://jdsluggage.com/index.php/catalogsearch/result/?q=Cameras',NULL),(284,'http://jdsluggage.com/index.php/catalog/seo_sitemap/category/',NULL),(285,'http://jdsluggage.com/index.php/about-magento-demo-store',NULL),(286,'http://jdsluggage.com/index.php/?mode=list',NULL),(287,'http://jdsluggage.com/index.php/?limit=9&amp;mode=list',NULL),(288,'http://jdsluggage.com/index.php/?limit=9',NULL),(289,'http://jdsluggage.com/index.php/?limit=30&amp;mode=list',NULL),(290,'http://jdsluggage.com/index.php/?limit=30',NULL),(291,'http://jdsluggage.com/index.php/?limit=15',NULL),(292,'http://jdsluggage.com/index.php/?dir=asc&amp;mode=list',NULL),(293,'http://jdsluggage.com/index.php/?dir=asc&amp;limit=9',NULL),(294,'http://jdsluggage.com/index.php/?dir=asc&amp;limit=30',NULL),(295,'http://jdsluggage.com/index.php/?dir=asc&amp;limit=15&amp;order=name',NULL),(296,'http://jdsluggage.com/index.php/?dir=asc&amp;limit=15',NULL),(297,'http://jdsluggage.com/index.php/?dir=asc',NULL),(298,'http://jdsluggage.com/index.php/?amp;limit=9',NULL),(299,'http://jdsluggage.com/index.php/?amp;limit=30',NULL),(300,'http://jdsluggage.com/index.php/?amp;limit=15',NULL),(301,'http://jdsluggage.com/index.php/?amp;limit=10&amp;mode=list',NULL),(302,'http://jdsluggage.com/index.php/?amp%3Bdir=asc&amp;mode=list',NULL),(303,'http://jdsluggage.com/index.php/?amp%3Bdir=asc&amp;limit=9',NULL),(304,'http://jdsluggage.com/index.php/?amp%3Bdir=asc&amp;limit=30',NULL),(305,'http://jdsluggage.com/index.php/?amp%3Bdir=asc&amp;limit=15',NULL),(306,'http://jdsluggage.com/index.php/?amp%3Bdir=asc&amp;dir=asc&amp;order=name',NULL),(307,'http://jdsluggage.com/index.php/?amp%3Bdir=asc&amp;dir=asc',NULL),(308,'http://jdsluggage.com/index.php/',NULL),(309,'http://jdsluggage.com/','http://jdsluggage.com/'),(310,'http://jdsluggage.com/robots.txt',NULL),(311,'http://jdsluggage.com/index.php/?amp%3Blimit=9&amp;mode=list',NULL),(312,'http://jdsluggage.com/index.php/?amp%3Blimit=9&amp;limit=9',NULL),(313,'http://jdsluggage.com/index.php/?amp%3Blimit=9&amp;limit=30',NULL),(314,'http://jdsluggage.com/index.php/?amp%3Blimit=9&amp;limit=15',NULL),(315,'http://jdsluggage.com/index.php/?amp%3Blimit=9&amp;dir=asc&amp;order=name',NULL),(316,'http://jdsluggage.com/index.php/?amp%3Blimit=9&amp;dir=asc&amp;mode=list',NULL),(317,'http://jdsluggage.com/index.php/?amp%3Blimit=30&amp;limit=30',NULL),(318,'http://jdsluggage.com/index.php/?amp%3Blimit=30&amp;limit=15',NULL),(319,'http://jdsluggage.com/index.php/?amp%3Blimit=30&amp;dir=asc&amp;order=name',NULL),(320,'http://jdsluggage.com/index.php/?amp%3Blimit=30&amp;dir=asc&amp;mode=list',NULL),(321,'http://jdsluggage.com/index.php/?amp%3Blimit=15&amp;limit=30',NULL),(322,'http://jdsluggage.com/index.php/?amp%3Blimit=15&amp;limit=15',NULL),(323,'http://jdsluggage.com/index.php/?amp%3Blimit=15&amp;dir=asc&amp;order=name',NULL),(324,'http://jdsluggage.com/index.php/?amp%3Blimit=15&amp;dir=asc&amp;mode=list',NULL),(325,'http://jdsluggage.com/index.php/?amp%3Blimit=15&amp;dir=asc&amp;limit=9',NULL),(326,'http://jdsluggage.com/index.php/?amp%3Blimit=10&amp;limit=30',NULL),(327,'http://jdsluggage.com/index.php/?amp%3Blimit=10&amp;limit=15',NULL),(328,'http://jdsluggage.com/index.php/?amp%3Blimit=10&amp;dir=asc&amp;order=name',NULL),(329,'http://jdsluggage.com/index.php/?amp%3Blimit=10&amp;dir=asc',NULL),(330,'http://jdsluggage.com/index.php/?amp%3Bdir=asc&amp;limit=30',NULL),(331,'http://jdsluggage.com/index.php/?amp%3Bdir=asc&amp;limit=15',NULL),(332,'http://jdsluggage.com/index.php/?amp%3Bdir=asc&amp;dir=asc',NULL),(333,'http://jdsluggage.com/robots.txt',NULL),(334,'http://jdsluggage.com/index.php/',NULL),(335,'http://jdsluggage.com/robots.txt',NULL),(336,'http://jdsluggage.com/',NULL),(337,'http://jdsluggage.com/',NULL),(338,'http://jdsluggage.com/',NULL),(339,'http://jdsluggage.com/wp-login.php',NULL),(340,'http://jdsluggage.com/administrator/','jdsluggage.com'),(341,'http://jdsluggage.com/index.php/catalog/product/view/id/169/category/35','https://www.google.ca/'),(342,'http://jdsluggage.com/index.php/review/product/list/id/44/',NULL),(343,'http://jdsluggage.com/index.php/review/product/list/id/44/',NULL),(344,'http://jdsluggage.com/index.php/review/product/list/id/44/',NULL),(345,'http://jdsluggage.com/',NULL),(346,'http://jdsluggage.com/',NULL),(347,'http://jdsluggage.com/',NULL),(348,'http://jdsluggage.com/robots.txt',NULL),(349,'http://jdsluggage.com/index.php/wishlist/index/add/product/178/form_key/Gr7yekSkgRPoYE29/',NULL),(350,'http://jdsluggage.com/index.php/enable-cookies',NULL),(351,'http://jdsluggage.com/index.php/wishlist/index/add/product/177/form_key/Gr7yekSkgRPoYE29/',NULL),(352,'http://jdsluggage.com/index.php/enable-cookies',NULL),(353,'http://jdsluggage.com/index.php/customer/account/login/',NULL),(354,'http://jdsluggage.com/index.php/customer/account/login/',NULL),(355,'http://jdsluggage.com/index.php/wishlist/index/add/product/175/form_key/Gr7yekSkgRPoYE29/',NULL),(356,'http://jdsluggage.com/index.php/enable-cookies',NULL),(357,'http://jdsluggage.com/index.php/customer/account/login/',NULL),(358,'http://jdsluggage.com/index.php/wishlist/index/add/product/177/form_key/Gr7yekSkgRPoYE29/',NULL),(359,'http://jdsluggage.com/index.php/wishlist/index/add/product/178/form_key/Gr7yekSkgRPoYE29/',NULL),(360,'http://jdsluggage.com/index.php/enable-cookies',NULL),(361,'http://jdsluggage.com/index.php/enable-cookies',NULL),(362,'http://jdsluggage.com/index.php/wishlist/index/add/product/177/form_key/Gr7yekSkgRPoYE29/',NULL),(363,'http://jdsluggage.com/index.php/enable-cookies',NULL),(364,'http://jdsluggage.com/index.php/wishlist/index/add/product/178/form_key/Gr7yekSkgRPoYE29/',NULL),(365,'http://jdsluggage.com/index.php/enable-cookies',NULL),(366,'http://jdsluggage.com/wp-login.php',NULL),(367,'http://jdsluggage.com/administrator/',NULL),(368,'http://jdsluggage.com/admin.php',NULL),(369,'http://jdsluggage.com/',NULL),(370,'http://jdsluggage.com/admin.php',NULL),(371,'http://jdsluggage.com/administrator/index.php',NULL),(372,'http://jdsluggage.com/wp-login.php',NULL),(373,'http://jdsluggage.com/admin.php',NULL),(374,'http://jdsluggage.com/administrator/index.php',NULL),(375,'http://jdsluggage.com/wp-login.php',NULL),(376,'http://jdsluggage.com/',NULL),(377,'http://jdsluggage.com/robots.txt',NULL),(378,'http://jdsluggage.com/sitemap.xml',NULL),(379,'http://jdsluggage.com/','https://www.google.com/'),(380,'http://jdsluggage.com/index.php/catalog/product/view/id/167/category/35','http://jdsluggage.com/'),(381,'http://jdsluggage.com/index.php/checkout/cart/add/uenc/aHR0cDovL2pkc2x1Z2dhZ2UuY29tL2luZGV4LnBocC9sdWdnYWdlL2hleXMtZXhwYW5kYWJsZS1zcGlubmluZy00LXdoZWVsLTMtcGllY2UtcG9seWNhcmJvbmF0ZS1sdWdnYWdlLXNldC5odG1sP19fX1NJRD1V/product/167/form_key/2E7jdCWNOBAVe','http://jdsluggage.com/index.php/luggage/heys-expandable-spinning-4-wheel-3-piece-polycarbonate-luggage-set.html'),(382,'http://jdsluggage.com/index.php/checkout/cart/','http://jdsluggage.com/index.php/luggage/heys-expandable-spinning-4-wheel-3-piece-polycarbonate-luggage-set.html'),(383,'http://jdsluggage.com/index.php/checkout/onepage/','http://jdsluggage.com/index.php/checkout/cart/'),(384,'http://jdsluggage.com/index.php/checkout/cart/','http://jdsluggage.com/index.php/luggage/heys-expandable-spinning-4-wheel-3-piece-polycarbonate-luggage-set.html'),(385,'http://jdsluggage.com/index.php/','http://jdsluggage.com/index.php/checkout/cart/'),(386,'http://jdsluggage.com/robots.txt',NULL),(387,'http://jdsluggage.com/',NULL),(388,'http://jdsluggage.com/',NULL),(389,'http://jdsluggage.com/index.php/about-magento-demo-store',NULL),(390,'http://jdsluggage.com/index.php/privacy-policy-cookie-restriction-mode',NULL),(391,'http://jdsluggage.com/index.php/contacts/',NULL),(392,'http://jdsluggage.com/index.php/',NULL),(393,'http://jdsluggage.com/index.php/customer/account/login/',NULL),(394,'http://jdsluggage.com/index.php/checkout/cart/',NULL),(395,'http://jdsluggage.com/index.php/checkout/',NULL),(396,'http://jdsluggage.com/index.php/checkout/onepage/',NULL),(397,'http://jdsluggage.com/index.php/catalog/category/view/id/35',NULL),(398,'http://jdsluggage.com/index.php/catalog/category/view/id/36',NULL),(399,'http://jdsluggage.com/index.php/?dir=asc&order=position',NULL),(400,'http://jdsluggage.com/',NULL),(401,'http://jdsluggage.com/index.php/catalog/product/view/id/167/category/35','http://jdsluggage.com/'),(402,'http://jdsluggage.com/robots.txt',NULL),(403,'http://jdsluggage.com/index.php/about-magento-demo-store',NULL),(404,'http://jdsluggage.com/index.php/catalog/product/view/id/178/category/35',NULL),(405,'http://jdsluggage.com/robots.txt',NULL),(406,'http://jdsluggage.com/index.php/sales/guest/form/',NULL),(407,'http://jdsluggage.com/index.php/',NULL),(408,'http://jdsluggage.com/robots.txt',NULL),(409,'http://jdsluggage.com/',NULL),(410,'http://jdsluggage.com/index.php/catalog/product/view/id/178/category/35','https://www.google.tn/'),(411,'http://jdsluggage.com/index.php/catalog/product/gallery/id/178/image/417/','http://jdsluggage.com/index.php/luggage/louies-berry-2-wheel-3-piece-luggage-set-still-has-protective-plastic-film.html'),(412,'http://jdsluggage.com/index.php/catalog/product/gallery/image/418/id/178/','http://jdsluggage.com/index.php/catalog/product/gallery/id/178/image/417/'),(413,'http://jdsluggage.com/index.php/catalog/product/gallery/image/419/id/178/','http://jdsluggage.com/index.php/catalog/product/gallery/image/418/id/178/'),(414,'http://jdsluggage.com/index.php/catalog/product/view/id/178/category/35',NULL),(415,'http://jdsluggage.com/',NULL),(416,'http://jdsluggage.com/index.php/catalog/product/view/id/178/category/35','https://www.google.tn/'),(417,'http://jdsluggage.com/index.php/sales/guest/form/',NULL),(418,'http://jdsluggage.com/index.php/sales/guest/form/',NULL),(419,'http://jdsluggage.com/','http://whois.domaintools.com/jdsluggage.com'),(420,'http://jdsluggage.com/',NULL),(421,'http://jdsluggage.com/robots.txt',NULL),(422,'http://jdsluggage.com/index.php/catalog/category/view/id/36',NULL),(423,'http://jdsluggage.com/index.php/catalog/product/view/id/178/category/35',NULL),(424,'http://jdsluggage.com/index.php/?dir=asc&mode=list&order=price',NULL),(425,'http://jdsluggage.com/index.php/wishlist/index/add/product/178/form_key/mW3plDlyb16tQ8tV/',NULL),(426,'http://jdsluggage.com/index.php/enable-cookies',NULL),(427,'http://jdsluggage.com/index.php/catalog/product_compare/add/product/178/uenc/aHR0cDovL2pkc2x1Z2dhZ2UuY29tL2luZGV4LnBocC8_ZGlyPWFzYyZtb2RlPWxpc3Qmb3JkZXI9cHJpY2U,/form_key/mW3plDlyb16tQ8tV/',NULL),(428,'http://jdsluggage.com/index.php/enable-cookies',NULL),(429,'http://jdsluggage.com/index.php/wishlist/index/add/product/185/form_key/mW3plDlyb16tQ8tV/',NULL),(430,'http://jdsluggage.com/index.php/enable-cookies',NULL),(431,'http://jdsluggage.com/index.php/catalog/product_compare/add/product/185/uenc/aHR0cDovL2pkc2x1Z2dhZ2UuY29tL2luZGV4LnBocC8_ZGlyPWFzYyZtb2RlPWxpc3Qmb3JkZXI9cHJpY2U,/form_key/mW3plDlyb16tQ8tV/',NULL),(432,'http://jdsluggage.com/index.php/enable-cookies',NULL),(433,'http://jdsluggage.com/index.php/wishlist/index/add/product/175/form_key/mW3plDlyb16tQ8tV/',NULL),(434,'http://jdsluggage.com/index.php/enable-cookies',NULL),(435,'http://jdsluggage.com/index.php/catalog/product_compare/add/product/175/uenc/aHR0cDovL2pkc2x1Z2dhZ2UuY29tL2luZGV4LnBocC8_ZGlyPWFzYyZtb2RlPWxpc3Qmb3JkZXI9cHJpY2U,/form_key/mW3plDlyb16tQ8tV/',NULL),(436,'http://jdsluggage.com/index.php/enable-cookies',NULL),(437,'http://jdsluggage.com/index.php/wishlist/index/add/product/177/form_key/mW3plDlyb16tQ8tV/',NULL),(438,'http://jdsluggage.com/index.php/enable-cookies',NULL),(439,'http://jdsluggage.com/index.php/catalog/product_compare/add/product/177/uenc/aHR0cDovL2pkc2x1Z2dhZ2UuY29tL2luZGV4LnBocC8_ZGlyPWFzYyZtb2RlPWxpc3Qmb3JkZXI9cHJpY2U,/form_key/mW3plDlyb16tQ8tV/',NULL),(440,'http://jdsluggage.com/index.php/enable-cookies',NULL),(441,'http://jdsluggage.com/index.php/wishlist/index/add/product/170/form_key/mW3plDlyb16tQ8tV/',NULL),(442,'http://jdsluggage.com/index.php/enable-cookies',NULL),(443,'http://jdsluggage.com/index.php/catalog/product_compare/add/product/170/uenc/aHR0cDovL2pkc2x1Z2dhZ2UuY29tL2luZGV4LnBocC8_ZGlyPWFzYyZtb2RlPWxpc3Qmb3JkZXI9cHJpY2U,/form_key/mW3plDlyb16tQ8tV/',NULL),(444,'http://jdsluggage.com/index.php/enable-cookies',NULL),(445,'http://jdsluggage.com/index.php/wishlist/index/add/product/171/form_key/mW3plDlyb16tQ8tV/',NULL),(446,'http://jdsluggage.com/index.php/enable-cookies',NULL),(447,'http://jdsluggage.com/index.php/catalog/product_compare/add/product/171/uenc/aHR0cDovL2pkc2x1Z2dhZ2UuY29tL2luZGV4LnBocC8_ZGlyPWFzYyZtb2RlPWxpc3Qmb3JkZXI9cHJpY2U,/form_key/mW3plDlyb16tQ8tV/',NULL),(448,'http://jdsluggage.com/index.php/enable-cookies',NULL),(449,'http://jdsluggage.com/index.php/wishlist/index/add/product/172/form_key/mW3plDlyb16tQ8tV/',NULL),(450,'http://jdsluggage.com/index.php/enable-cookies',NULL),(451,'http://jdsluggage.com/index.php/catalog/product_compare/add/product/172/uenc/aHR0cDovL2pkc2x1Z2dhZ2UuY29tL2luZGV4LnBocC8_ZGlyPWFzYyZtb2RlPWxpc3Qmb3JkZXI9cHJpY2U,/form_key/mW3plDlyb16tQ8tV/',NULL),(452,'http://jdsluggage.com/index.php/enable-cookies',NULL),(453,'http://jdsluggage.com/index.php/wishlist/index/add/product/174/form_key/mW3plDlyb16tQ8tV/',NULL),(454,'http://jdsluggage.com/index.php/enable-cookies',NULL),(455,'http://jdsluggage.com/index.php/catalog/product_compare/add/product/174/uenc/aHR0cDovL2pkc2x1Z2dhZ2UuY29tL2luZGV4LnBocC8_ZGlyPWFzYyZtb2RlPWxpc3Qmb3JkZXI9cHJpY2U,/form_key/mW3plDlyb16tQ8tV/',NULL),(456,'http://jdsluggage.com/index.php/enable-cookies',NULL),(457,'http://jdsluggage.com/index.php/wishlist/index/add/product/168/form_key/mW3plDlyb16tQ8tV/',NULL),(458,'http://jdsluggage.com/index.php/enable-cookies',NULL),(459,'http://jdsluggage.com/index.php/catalog/product_compare/add/product/168/uenc/aHR0cDovL2pkc2x1Z2dhZ2UuY29tL2luZGV4LnBocC8_ZGlyPWFzYyZtb2RlPWxpc3Qmb3JkZXI9cHJpY2U,/form_key/mW3plDlyb16tQ8tV/',NULL),(460,'http://jdsluggage.com/index.php/enable-cookies',NULL),(461,'http://jdsluggage.com/index.php/wishlist/index/add/product/169/form_key/mW3plDlyb16tQ8tV/',NULL),(462,'http://jdsluggage.com/index.php/enable-cookies',NULL),(463,'http://jdsluggage.com/index.php/catalog/product_compare/add/product/169/uenc/aHR0cDovL2pkc2x1Z2dhZ2UuY29tL2luZGV4LnBocC8_ZGlyPWFzYyZtb2RlPWxpc3Qmb3JkZXI9cHJpY2U,/form_key/mW3plDlyb16tQ8tV/',NULL),(464,'http://jdsluggage.com/index.php/enable-cookies',NULL),(465,'http://jdsluggage.com/index.php/catalog/product/view/id/169/category/35',NULL),(466,'http://jdsluggage.com/apple-touch-icon-precomposed.png',NULL),(467,'http://jdsluggage.com/apple-touch-icon.png',NULL),(468,'http://jdsluggage.com/',NULL),(469,'http://jdsluggage.com/',NULL),(470,'http://jdsluggage.com/',NULL),(471,'http://jdsluggage.com/',NULL),(472,'http://jdsluggage.com/',NULL),(473,'http://jdsluggage.com/',NULL),(474,'http://jdsluggage.com/',NULL),(475,'http://jdsluggage.com/robots.txt',NULL),(476,'http://jdsluggage.com/',NULL),(477,'http://jdsluggage.com/robots.txt',NULL),(478,'http://jdsluggage.com/index.php/catalogsearch/term/popular/',NULL),(479,'http://jdsluggage.com/',NULL),(480,'http://jdsluggage.com/','http://semalt.com/crawler.php?u=http://jdsluggage.com'),(481,'http://jdsluggage.com/','http://semalt.com/crawler.php?u=http://jdsluggage.com'),(482,'http://jdsluggage.com/index.php/sales/guest/form/',NULL),(483,'http://jdsluggage.com/','http://semalt.com/crawler.php?u=http://jdsluggage.com'),(484,'http://jdsluggage.com/index.php/catalog/product/view/id/178/category/35',NULL),(485,'http://jdsluggage.com/','http://semalt.com/crawler.php?u=http://jdsluggage.com'),(486,'http://jdsluggage.com/',NULL),(487,'http://jdsluggage.com/',NULL),(488,'http://jdsluggage.com/robots.txt',NULL),(489,'http://jdsluggage.com/index.php/customer/account/login/',NULL),(490,'http://jdsluggage.com/index.php/contacts/',NULL),(491,'http://jdsluggage.com/index.php/privacy-policy-cookie-restriction-mode',NULL),(492,'http://jdsluggage.com/index.php/catalog/category/view/id/36',NULL),(493,'http://jdsluggage.com/index.php/catalog/category/view/id/36?limit=30',NULL),(494,'http://jdsluggage.com/index.php/catalog/product/view/id/184/category/36',NULL),(495,'http://jdsluggage.com/index.php/catalog/product/view/id/181/category/36',NULL),(496,'http://jdsluggage.com/index.php/catalog/product/view/id/183/category/36',NULL),(497,'http://jdsluggage.com/index.php/catalog/product/view/id/182/category/36',NULL),(498,'http://jdsluggage.com/',NULL),(499,'http://jdsluggage.com/',NULL),(500,'http://jdsluggage.com/index.php/customer/account/login/',NULL),(501,'http://jdsluggage.com/index.php/catalog/seo_sitemap/category/',NULL),(502,'http://jdsluggage.com/index.php/contacts/',NULL),(503,'http://jdsluggage.com/index.php/?mode=list',NULL),(504,'http://jdsluggage.com/index.php/catalog/product/view/id/178/category/35',NULL),(505,'http://jdsluggage.com/index.php/catalog/product/view/id/169/category/35',NULL),(506,'http://jdsluggage.com/',NULL),(507,'http://jdsluggage.com/',NULL),(508,'http://jdsluggage.com/index.php/about-magento-demo-store',NULL),(509,'http://jdsluggage.com/index.php/catalog/seo_sitemap/category/',NULL),(510,'http://jdsluggage.com/',NULL),(511,'http://jdsluggage.com/','http://semalt.com/crawler.php?u=http://jdsluggage.com'),(512,'http://jdsluggage.com/index.php/catalog/product/view/id/169/category/35','https://www.google.ru/'),(513,'http://jdsluggage.com/index.php/?dir=asc&order=name','http://jdsluggage.com/index.php/?dir=asc&order=name'),(514,'http://jdsluggage.com/robots.txt',NULL),(515,'http://jdsluggage.com/','http://semalt.com/crawler.php?u=http://jdsluggage.com'),(516,'http://jdsluggage.com/index.php/privacy-policy-cookie-restriction-mode',NULL),(517,'http://jdsluggage.com/','http://semalt.com/crawler.php?u=http://jdsluggage.com'),(518,'http://jdsluggage.com/',NULL),(519,'http://jdsluggage.com/','http://semalt.com/crawler.php?u=http://jdsluggage.com'),(520,'http://jdsluggage.com/','http://www.jdsluggage.com/'),(521,'http://jdsluggage.com/index.php/contacts/','http://jdsluggage.com/index.php/contacts/'),(522,'http://jdsluggage.com/robots.txt',NULL),(523,'http://jdsluggage.com/index.php/customer/account/login/',NULL),(524,'http://jdsluggage.com/','http://semalt.com/crawler.php?u=http://jdsluggage.com'),(525,'http://jdsluggage.com/','http://semalt.com/crawler.php?u=http://jdsluggage.com'),(526,'http://jdsluggage.com/','http://semalt.com/crawler.php?u=http://jdsluggage.com'),(527,'http://jdsluggage.com/','http://semalt.com/crawler.php?u=http://jdsluggage.com'),(528,'http://jdsluggage.com/','http://semalt.com/crawler.php?u=http://jdsluggage.com'),(529,'http://jdsluggage.com/index.php/catalog/product/view/id/178/category/35',NULL),(530,'http://jdsluggage.com/robots.txt',NULL),(531,'http://jdsluggage.com/index.php/catalog/seo_sitemap/category/',NULL),(532,'http://jdsluggage.com/','http://semalt.com/crawler.php?u=http://jdsluggage.com'),(533,'http://jdsluggage.com/','http://semalt.com/crawler.php?u=http://jdsluggage.com'),(534,'http://jdsluggage.com/','http://semalt.com/crawler.php?u=http://jdsluggage.com'),(535,'http://jdsluggage.com/index.php/sales/guest/form/',NULL),(536,'http://jdsluggage.com/',NULL),(537,'http://jdsluggage.com/index.php/sales/guest/form/',NULL),(538,'http://jdsluggage.com/index.php/review/product/list/id/44/','http://jdsluggage.com/index.php/review/product/list/id/44/'),(539,'http://jdsluggage.com/index.php/review/product/list/id/44/','http://jdsluggage.com/index.php/review/product/list/id/44/'),(540,'http://jdsluggage.com/index.php/review/product/list/id/44/','http://jdsluggage.com/index.php/review/product/list/id/44/'),(541,'http://jdsluggage.com/','http://jdsluggage.com/'),(542,'http://jdsluggage.com/robots.txt',NULL),(543,'http://jdsluggage.com/index.php/sales/guest/form/',NULL),(544,'http://jdsluggage.com/index.php/?dir=asc&order=name','http://jdsluggage.com/index.php/?dir=asc&order=name'),(545,'http://jdsluggage.com/','http://semalt.com/crawler.php?u=http://jdsluggage.com'),(546,'http://jdsluggage.com/index.php/catalog/product/view/id/178/category/35',NULL),(547,'http://jdsluggage.com/',NULL),(548,'http://jdsluggage.com/','http://semalt.com/crawler.php?u=http://jdsluggage.com'),(549,'http://jdsluggage.com/','http://semalt.com/crawler.php?u=http://jdsluggage.com'),(550,'http://jdsluggage.com/','http://www.google.com/search'),(551,'http://jdsluggage.com/index.php/?dir=asc&order=name','http://jdsluggage.com/index.php/?dir=asc&order=name'),(552,'http://jdsluggage.com/index.php/customer/account/login/','http://jdsluggage.com/index.php/customer/account/login/'),(553,'http://jdsluggage.com/index.php/customer/account/loginPost/','http://jdsluggage.com/index.php/customer/account/login/'),(554,'http://jdsluggage.com/index.php/customer/account/login/','http://jdsluggage.com/index.php/customer/account/login/'),(555,'http://jdsluggage.com/index.php/customer/account/login/index.php','http://jdsluggage.com/index.php'),(556,'http://jdsluggage.com/',NULL),(557,'http://jdsluggage.com/','http://semalt.com/crawler.php?u=http://jdsluggage.com'),(558,'http://jdsluggage.com/',NULL),(559,'http://jdsluggage.com/','http://semalt.com/crawler.php?u=http://jdsluggage.com'),(560,'http://jdsluggage.com/','http://semalt.com/crawler.php?u=http://jdsluggage.com'),(561,'http://jdsluggage.com/','http://semalt.com/crawler.php?u=http://jdsluggage.com'),(562,'http://jdsluggage.com/index.php/catalog/product/view/id/175/category/35',NULL),(563,'http://jdsluggage.com/index.php/catalog/product/view/id/178/category/35',NULL),(564,'http://jdsluggage.com/','http://semalt.com/crawler.php?u=http://jdsluggage.com'),(565,'http://jdsluggage.com/','http://semalt.com/crawler.php?u=http://jdsluggage.com'),(566,'http://jdsluggage.com/','http://semalt.com/crawler.php?u=http://jdsluggage.com'),(567,'http://jdsluggage.com/','http://semalt.com/crawler.php?u=http://jdsluggage.com'),(568,'http://jdsluggage.com/','http://semalt.com/crawler.php?u=http://jdsluggage.com'),(569,'http://jdsluggage.com/robots.txt',NULL),(570,'http://jdsluggage.com/','http://semalt.com/crawler.php?u=http://jdsluggage.com'),(571,'http://jdsluggage.com/index.php/catalog/product/view/id/167/category/35',NULL),(572,'http://jdsluggage.com/','http://semalt.com/crawler.php?u=http://jdsluggage.com'),(573,'http://jdsluggage.com/','http://semalt.com/crawler.php?u=http://jdsluggage.com'),(574,'http://jdsluggage.com/index.php/catalog/product/view/id/178/category/35',NULL),(575,'http://jdsluggage.com/','http://semalt.com/crawler.php?u=http://jdsluggage.com'),(576,'http://jdsluggage.com/','http://semalt.com/crawler.php?u=http://jdsluggage.com'),(577,'http://jdsluggage.com/','http://semalt.com/crawler.php?u=http://jdsluggage.com'),(578,'http://jdsluggage.com/','http://semalt.com/crawler.php?u=http://jdsluggage.com'),(579,'http://jdsluggage.com/','http://semalt.com/crawler.php?u=http://jdsluggage.com'),(580,'http://jdsluggage.com/','http://semalt.com/crawler.php?u=http://jdsluggage.com'),(581,'http://jdsluggage.com/','http://semalt.com/crawler.php?u=http://jdsluggage.com'),(582,'http://jdsluggage.com/','http://semalt.com/crawler.php?u=http://jdsluggage.com'),(583,'http://jdsluggage.com/','http://semalt.com/crawler.php?u=http://jdsluggage.com'),(584,'http://jdsluggage.com/','http://semalt.com/crawler.php?u=http://jdsluggage.com'),(585,'http://jdsluggage.com/','http://semalt.com/crawler.php?u=http://jdsluggage.com'),(586,'http://jdsluggage.com/',NULL),(587,'http://jdsluggage.com/','http://semalt.com/crawler.php?u=http://jdsluggage.com'),(588,'http://jdsluggage.com/','http://www.netcraft.com/survey/'),(589,'http://jdsluggage.com/','http://semalt.com/crawler.php?u=http://jdsluggage.com'),(590,'http://jdsluggage.com/','http://semalt.com/crawler.php?u=http://jdsluggage.com'),(591,'http://jdsluggage.com/index.php/catalog/product/view/id/178/category/35',NULL),(592,'http://jdsluggage.com/','http://semalt.com/crawler.php?u=http://jdsluggage.com'),(593,'http://jdsluggage.com/index.php/catalog/product/view/id/178','https://www.google.tn/'),(594,'http://jdsluggage.com/index.php/catalog/product/gallery/id/178/image/417/','http://jdsluggage.com/index.php/louies-berry-2-wheel-3-piece-luggage-set-still-has-protective-plastic-film.html'),(595,'http://jdsluggage.com/robots.txt',NULL),(596,'http://jdsluggage.com/',NULL),(597,'http://jdsluggage.com/index.php/catalog/product/gallery/id/178/image/417/','http://jdsluggage.com/index.php/louies-berry-2-wheel-3-piece-luggage-set-still-has-protective-plastic-film.html'),(598,'http://jdsluggage.com/index.php/catalog/product/gallery/id/178/image/417/','http://jdsluggage.com/index.php/louies-berry-2-wheel-3-piece-luggage-set-still-has-protective-plastic-film.html'),(599,'http://jdsluggage.com/index.php/catalog/product/gallery/id/178/image/418/','http://jdsluggage.com/index.php/louies-berry-2-wheel-3-piece-luggage-set-still-has-protective-plastic-film.html'),(600,'http://jdsluggage.com/index.php/catalog/product/gallery/id/178/image/418/','http://jdsluggage.com/index.php/louies-berry-2-wheel-3-piece-luggage-set-still-has-protective-plastic-film.html'),(601,'http://jdsluggage.com/','http://semalt.com/crawler.php?u=http://jdsluggage.com'),(602,'http://jdsluggage.com/','http://semalt.com/crawler.php?u=http://jdsluggage.com'),(603,'http://jdsluggage.com/','http://semalt.com/crawler.php?u=http://jdsluggage.com'),(604,'http://jdsluggage.com/','http://semalt.com/crawler.php?u=http://jdsluggage.com'),(605,'http://jdsluggage.com/','http://semalt.com/crawler.php?u=http://jdsluggage.com'),(606,'http://jdsluggage.com/','http://semalt.com/crawler.php?u=http://jdsluggage.com'),(607,'http://jdsluggage.com/','http://semalt.com/crawler.php?u=http://jdsluggage.com'),(608,'http://jdsluggage.com/','http://semalt.com/crawler.php?u=http://jdsluggage.com'),(609,'http://jdsluggage.com/','http://semalt.com/crawler.php?u=http://jdsluggage.com'),(610,'http://jdsluggage.com/','http://semalt.com/crawler.php?u=http://jdsluggage.com'),(611,'http://jdsluggage.com/','http://semalt.com/crawler.php?u=http://jdsluggage.com'),(612,'http://jdsluggage.com/','http://semalt.com/crawler.php?u=http://jdsluggage.com'),(613,'http://jdsluggage.com/','http://semalt.com/crawler.php?u=http://jdsluggage.com'),(614,'http://jdsluggage.com/','http://semalt.com/crawler.php?u=http://jdsluggage.com'),(615,'http://jdsluggage.com/','http://semalt.com/crawler.php?u=http://jdsluggage.com'),(616,'http://jdsluggage.com/','http://semalt.com/crawler.php?u=http://jdsluggage.com'),(617,'http://jdsluggage.com/','http://semalt.com/crawler.php?u=http://jdsluggage.com'),(618,'http://jdsluggage.com/',NULL),(619,'http://jdsluggage.com/index.php/?dir=asc&order=name','http://jdsluggage.com/index.php/?dir=asc&order=name'),(620,'http://jdsluggage.com/index.php/customer/account/login/','http://jdsluggage.com/index.php/customer/account/login/'),(621,'http://jdsluggage.com/index.php/customer/account/loginPost/','http://jdsluggage.com/index.php/customer/account/login/'),(622,'http://jdsluggage.com/index.php/customer/account/login/','http://jdsluggage.com/index.php/customer/account/login/'),(623,'http://jdsluggage.com/index.php/?dir=asc&order=name','http://jdsluggage.com/index.php/?dir=asc&order=name'),(624,'http://jdsluggage.com/index.php','http://jdsluggage.com/index.php'),(625,'http://jdsluggage.com/','http://whois.domaintools.com/jdsluggage.com'),(626,'http://jdsluggage.com/index.php/catalog/category/view/id/36',NULL),(627,'http://jdsluggage.com/index.php/catalog/product/view/id/178/category/35',NULL),(628,'http://jdsluggage.com/','http://semalt.com/crawler.php?u=http://jdsluggage.com'),(629,'http://jdsluggage.com/','http://semalt.com/crawler.php?u=http://jdsluggage.com'),(630,'http://jdsluggage.com/index.php/catalog/product/view/id/169/category/35','https://www.google.com/'),(631,'http://jdsluggage.com/index.php/catalog/product/view/id/169/category/35','https://www.google.com/'),(632,'http://jdsluggage.com/index.php/catalog/category/view/id/35','http://jdsluggage.com/index.php/luggage/louis-kaiser-luggage-4-wheel-spinner-3-piece-luggage-set-169.html'),(633,'http://jdsluggage.com/index.php/catalog/category/view/id/35?limit=30','http://jdsluggage.com/index.php/luggage.html'),(634,'http://jdsluggage.com/index.php/catalog/category/view/id/35?limit=30','http://jdsluggage.com/index.php/luggage.html?limit=30'),(635,'http://jdsluggage.com/index.php/catalog/category/view/id/35?limit=30','http://jdsluggage.com/index.php/luggage.html?limit=30'),(636,'http://jdsluggage.com/index.php/catalog/product/view/id/169/category/35','http://jdsluggage.com/index.php/luggage.html?limit=30'),(637,'http://jdsluggage.com/index.php/catalog/product/gallery/id/169/image/378/','http://jdsluggage.com/index.php/luggage/louis-kaiser-luggage-4-wheel-spinner-3-piece-luggage-set-169.html'),(638,'http://jdsluggage.com/index.php/catalog/product/gallery/image/379/id/169/','http://jdsluggage.com/index.php/catalog/product/gallery/id/169/image/378/'),(639,'http://jdsluggage.com/index.php/catalog/product/gallery/image/378/id/169/','http://jdsluggage.com/index.php/catalog/product/gallery/image/379/id/169/'),(640,'http://jdsluggage.com/index.php/catalog/product/gallery/id/169/image/380/','http://jdsluggage.com/index.php/luggage/louis-kaiser-luggage-4-wheel-spinner-3-piece-luggage-set-169.html'),(641,'http://jdsluggage.com/index.php/catalog/product/gallery/image/381/id/169/','http://jdsluggage.com/index.php/catalog/product/gallery/id/169/image/380/'),(642,'http://jdsluggage.com/','http://semalt.com/crawler.php?u=http://jdsluggage.com'),(643,'http://jdsluggage.com/','https://www.google.com.tr/'),(644,'http://jdsluggage.com/login.html',NULL),(645,'http://jdsluggage.com/admin.php',NULL),(646,'http://jdsluggage.com/login/',NULL),(647,'http://jdsluggage.com/admin.asp',NULL),(648,'http://jdsluggage.com/login.htm',NULL),(649,'http://jdsluggage.com/login.php',NULL),(650,'http://jdsluggage.com/adm/',NULL),(651,'http://jdsluggage.com/login.asp',NULL),(652,'http://jdsluggage.com/admin/account.html',NULL),(653,'http://jdsluggage.com/admin/login.htm',NULL),(654,'http://jdsluggage.com/admin/home.php',NULL),(655,'http://jdsluggage.com/admin/login.html',NULL),(656,'http://jdsluggage.com/admin/home.asp',NULL),(657,'http://jdsluggage.com/admin/controlpanel.html',NULL),(658,'http://jdsluggage.com/admin/cp.asp',NULL),(659,'http://jdsluggage.com/admin/controlpanel.htm',NULL),(660,'http://jdsluggage.com/admin/cp.php',NULL),(661,'http://jdsluggage.com/admin/adminLogin.html',NULL),(662,'http://jdsluggage.com/admin/adminLogin.htm',NULL),(663,'http://jdsluggage.com/admin/admin_login.php',NULL),(664,'http://jdsluggage.com/admin/controlpanel.php',NULL),(665,'http://jdsluggage.com/admin/admin_login.asp',NULL),(666,'http://jdsluggage.com/login.html',NULL),(667,'http://jdsluggage.com/admin.asp',NULL),(668,'http://jdsluggage.com/login/',NULL),(669,'http://jdsluggage.com/login.htm',NULL),(670,'http://jdsluggage.com/admin.php',NULL),(671,'http://jdsluggage.com/login.asp',NULL),(672,'http://jdsluggage.com/login.php',NULL),(673,'http://jdsluggage.com/admin/account.html',NULL),(674,'http://jdsluggage.com/adm/',NULL),(675,'http://jdsluggage.com/admin/login.html',NULL),(676,'http://jdsluggage.com/admin/login.htm',NULL),(677,'http://jdsluggage.com/admin/home.asp',NULL),(678,'http://jdsluggage.com/admin/controlpanel.html',NULL),(679,'http://jdsluggage.com/admin/home.php',NULL),(680,'http://jdsluggage.com/admin/controlpanel.htm',NULL),(681,'http://jdsluggage.com/admin/cp.php',NULL),(682,'http://jdsluggage.com/admin/adminLogin.htm',NULL),(683,'http://jdsluggage.com/admin/adminLogin.html',NULL),(684,'http://jdsluggage.com/admin/cp.asp',NULL),(685,'http://jdsluggage.com/admin/admin_login.php',NULL),(686,'http://jdsluggage.com/admin/admin_login.asp',NULL),(687,'http://jdsluggage.com/admin/controlpanel.asp',NULL),(688,'http://jdsluggage.com/admin/admin-login.php',NULL),(689,'http://jdsluggage.com/admin/controlpanel.php',NULL),(690,'http://jdsluggage.com/admin/admin-login.asp',NULL),(691,'http://jdsluggage.com/admin/account.asp',NULL),(692,'http://jdsluggage.com/admin-login.php',NULL),(693,'http://jdsluggage.com/admin/account.php',NULL),(694,'http://jdsluggage.com/admin-login.asp',NULL),(695,'http://jdsluggage.com/admin/admin.php',NULL),(696,'http://jdsluggage.com/admin/admin.asp',NULL),(697,'http://jdsluggage.com/admin.html',NULL),(698,'http://jdsluggage.com/admin.htm',NULL),(699,'http://jdsluggage.com/adminitem/',NULL),(700,'http://jdsluggage.com/adminitem.php',NULL),(701,'http://jdsluggage.com/adminitem.asp',NULL),(702,'http://jdsluggage.com/adminitems/',NULL),(703,'http://jdsluggage.com/adminitems.asp',NULL),(704,'http://jdsluggage.com/adminitems.php',NULL),(705,'http://jdsluggage.com/administrator/',NULL),(706,'http://jdsluggage.com/administrator/login.php',NULL),(707,'http://jdsluggage.com/administrator/login.asp',NULL),(708,'http://jdsluggage.com/administrator.php',NULL),(709,'http://jdsluggage.com/administrator.asp',NULL),(710,'http://jdsluggage.com/administration/',NULL),(711,'http://jdsluggage.com/administration.php',NULL),(712,'http://jdsluggage.com/administration.asp',NULL),(713,'http://jdsluggage.com/adminLogin/',NULL),(714,'http://jdsluggage.com/adminlogin.php',NULL),(715,'http://jdsluggage.com/adminlogin.asp',NULL),(716,'http://jdsluggage.com/admin_area/admin.php',NULL),(717,'http://jdsluggage.com/admin_area/admin.asp',NULL),(718,'http://jdsluggage.com/admin_area/login.php',NULL),(719,'http://jdsluggage.com/admin_area/',NULL),(720,'http://jdsluggage.com/admin_area/login.asp',NULL),(721,'http://jdsluggage.com/manager/',NULL),(722,'http://jdsluggage.com/manager.php',NULL),(723,'http://jdsluggage.com/manager.asp',NULL),(724,'http://jdsluggage.com/letmein/',NULL),(725,'http://jdsluggage.com/superuser/',NULL),(726,'http://jdsluggage.com/letmein.php',NULL),(727,'http://jdsluggage.com/letmein.asp',NULL),(728,'http://jdsluggage.com/superuser.php',NULL),(729,'http://jdsluggage.com/superuser.asp',NULL),(730,'http://jdsluggage.com/access/',NULL),(731,'http://jdsluggage.com/access.php',NULL),(732,'http://jdsluggage.com/access.asp',NULL),(733,'http://jdsluggage.com/sysadm.php',NULL),(734,'http://jdsluggage.com/sysadm/',NULL),(735,'http://jdsluggage.com/sysadm.asp',NULL),(736,'http://jdsluggage.com/superman/',NULL),(737,'http://jdsluggage.com/supervisor/',NULL),(738,'http://jdsluggage.com/panel.php',NULL),(739,'http://jdsluggage.com/control/',NULL),(740,'http://jdsluggage.com/panel.asp',NULL),(741,'http://jdsluggage.com/control.php',NULL),(742,'http://jdsluggage.com/control.asp',NULL),(743,'http://jdsluggage.com/member/',NULL),(744,'http://jdsluggage.com/member.asp',NULL),(745,'http://jdsluggage.com/member.php',NULL),(746,'http://jdsluggage.com/members.php',NULL),(747,'http://jdsluggage.com/members.asp',NULL),(748,'http://jdsluggage.com/user/',NULL),(749,'http://jdsluggage.com/members/',NULL),(750,'http://jdsluggage.com/user.php',NULL),(751,'http://jdsluggage.com/uvpanel/',NULL),(752,'http://jdsluggage.com/user.asp',NULL),(753,'http://jdsluggage.com/manage/',NULL),(754,'http://jdsluggage.com/manage.php',NULL),(755,'http://jdsluggage.com/cp/',NULL),(756,'http://jdsluggage.com/management/',NULL),(757,'http://jdsluggage.com/management.php',NULL),(758,'http://jdsluggage.com/manage.asp',NULL),(759,'http://jdsluggage.com/management.asp',NULL),(760,'http://jdsluggage.com/signin/',NULL),(761,'http://jdsluggage.com/signin.php',NULL),(762,'http://jdsluggage.com/log-in/',NULL),(763,'http://jdsluggage.com/log-in.php',NULL),(764,'http://jdsluggage.com/log-in.asp',NULL),(765,'http://jdsluggage.com/signin.asp',NULL),(766,'http://jdsluggage.com/log_in.php',NULL),(767,'http://jdsluggage.com/log_in.asp',NULL),(768,'http://jdsluggage.com/log_in/',NULL),(769,'http://jdsluggage.com/sign_in/',NULL),(770,'http://jdsluggage.com/sign_in.php',NULL),(771,'http://jdsluggage.com/sign-in/',NULL),(772,'http://jdsluggage.com/sign-in.php',NULL),(773,'http://jdsluggage.com/sign_in.asp',NULL),(774,'http://jdsluggage.com/sign-in.asp',NULL),(775,'http://jdsluggage.com/users/',NULL),(776,'http://jdsluggage.com/users.php',NULL),(777,'http://jdsluggage.com/users.asp',NULL),(778,'http://jdsluggage.com/accounts/',NULL),(779,'http://jdsluggage.com/accounts.php',NULL),(780,'http://jdsluggage.com/accounts.asp',NULL),(781,'http://jdsluggage.com/wp-login.php',NULL),(782,'http://jdsluggage.com/bb-admin/login.php',NULL),(783,'http://jdsluggage.com/bb-admin/login.asp',NULL),(784,'http://jdsluggage.com/bb-admin/admin.php',NULL),(785,'http://jdsluggage.com/bb-admin/admin.asp',NULL),(786,'http://jdsluggage.com/bb-admin/admin.html',NULL),(787,'http://jdsluggage.com/administrator/account.asp',NULL),(788,'http://jdsluggage.com/administrator/account.php',NULL),(789,'http://jdsluggage.com/relogin.htm',NULL),(790,'http://jdsluggage.com/relogin.html',NULL),(791,'http://jdsluggage.com/check.php',NULL),(792,'http://jdsluggage.com/check.asp',NULL),(793,'http://jdsluggage.com/relogin.php',NULL),(794,'http://jdsluggage.com/relogin.asp',NULL),(795,'http://jdsluggage.com/blog/wp-login.php',NULL),(796,'http://jdsluggage.com/blog/wp-login.asp',NULL),(797,'http://jdsluggage.com/user/admin.asp',NULL),(798,'http://jdsluggage.com/user/admin.php',NULL),(799,'http://jdsluggage.com/users/admin.php',NULL),(800,'http://jdsluggage.com/users/admin.asp',NULL),(801,'http://jdsluggage.com/registration/',NULL),(802,'http://jdsluggage.com/processlogin.php',NULL),(803,'http://jdsluggage.com/processlogin.asp',NULL),(804,'http://jdsluggage.com/checklogin.php',NULL),(805,'http://jdsluggage.com/checklogin.asp',NULL),(806,'http://jdsluggage.com/checkuser.php',NULL),(807,'http://jdsluggage.com/checkuser.asp',NULL),(808,'http://jdsluggage.com/checkadmin.php',NULL),(809,'http://jdsluggage.com/checkadmin.asp',NULL),(810,'http://jdsluggage.com/isadmin.asp',NULL),(811,'http://jdsluggage.com/isadmin.php',NULL),(812,'http://jdsluggage.com/authenticate.php',NULL),(813,'http://jdsluggage.com/authenticate.asp',NULL),(814,'http://jdsluggage.com/authentication.php',NULL),(815,'http://jdsluggage.com/authentication.asp',NULL),(816,'http://jdsluggage.com/authuser.php',NULL),(817,'http://jdsluggage.com/auth.asp',NULL),(818,'http://jdsluggage.com/auth.php',NULL),(819,'http://jdsluggage.com/authuser.asp',NULL),(820,'http://jdsluggage.com/authadmin.php',NULL),(821,'http://jdsluggage.com/authadmin.asp',NULL),(822,'http://jdsluggage.com/cp.php',NULL),(823,'http://jdsluggage.com/cp.asp',NULL),(824,'http://jdsluggage.com/modelsearch/login.php',NULL),(825,'http://jdsluggage.com/modelsearch/login.asp',NULL),(826,'http://jdsluggage.com/moderator.php',NULL),(827,'http://jdsluggage.com/moderator.asp',NULL),(828,'http://jdsluggage.com/moderator/',NULL),(829,'http://jdsluggage.com/controlpanel/',NULL),(830,'http://jdsluggage.com/controlpanel.php',NULL),(831,'http://jdsluggage.com/controlpanel.asp',NULL),(832,'http://jdsluggage.com/admincontrol.php',NULL),(833,'http://jdsluggage.com/admincontrol.asp',NULL),(834,'http://jdsluggage.com/adminpanel.php',NULL),(835,'http://jdsluggage.com/adminpanel.asp',NULL),(836,'http://jdsluggage.com/fileadmin.asp',NULL),(837,'http://jdsluggage.com/fileadmin/',NULL),(838,'http://jdsluggage.com/fileadmin.php',NULL),(839,'http://jdsluggage.com/sysadmin.php',NULL),(840,'http://jdsluggage.com/sysadmin.asp',NULL),(841,'http://jdsluggage.com/admin1.php',NULL),(842,'http://jdsluggage.com/admin1.html',NULL),(843,'http://jdsluggage.com/admin1.htm',NULL),(844,'http://jdsluggage.com/admin1.asp',NULL),(845,'http://jdsluggage.com/admin2.php',NULL),(846,'http://jdsluggage.com/admin2.asp',NULL),(847,'http://jdsluggage.com/admin2.html',NULL),(848,'http://jdsluggage.com/yonetim.asp',NULL),(849,'http://jdsluggage.com/yonetim.php',NULL),(850,'http://jdsluggage.com/yonetim.html',NULL),(851,'http://jdsluggage.com/yonetici.php',NULL),(852,'http://jdsluggage.com/yonetici.asp',NULL),(853,'http://jdsluggage.com/yonetici.html',NULL),(854,'http://jdsluggage.com/myadmin/',NULL),(855,'http://jdsluggage.com/ur-admin.php',NULL),(856,'http://jdsluggage.com/ur-admin/',NULL),(857,'http://jdsluggage.com/ur-admin.asp',NULL),(858,'http://jdsluggage.com/Server.php',NULL),(859,'http://jdsluggage.com/Server.asp',NULL),(860,'http://jdsluggage.com/Server/',NULL),(861,'http://jdsluggage.com/wp-admin/',NULL),(862,'http://jdsluggage.com/administr8.asp',NULL),(863,'http://jdsluggage.com/administr8.php',NULL),(864,'http://jdsluggage.com/administr8/',NULL),(865,'http://jdsluggage.com/webadmin/',NULL),(866,'http://jdsluggage.com/webadmin.php',NULL),(867,'http://jdsluggage.com/webadmin.asp',NULL),(868,'http://jdsluggage.com/administratie/',NULL),(869,'http://jdsluggage.com/admins/',NULL),(870,'http://jdsluggage.com/admins.php',NULL),(871,'http://jdsluggage.com/admins.asp',NULL),(872,'http://jdsluggage.com/administrivia/',NULL),(873,'http://jdsluggage.com/Database_Administration/',NULL),(874,'http://jdsluggage.com/useradmin/',NULL),(875,'http://jdsluggage.com/sysadmins/',NULL),(876,'http://jdsluggage.com/system-administration/',NULL),(877,'http://jdsluggage.com/admin1/',NULL),(878,'http://jdsluggage.com/administrators/',NULL),(879,'http://jdsluggage.com/pgadmin/',NULL),(880,'http://jdsluggage.com/directadmin/',NULL),(881,'http://jdsluggage.com/staradmin/',NULL),(882,'http://jdsluggage.com/ServerAdministrator/',NULL),(883,'http://jdsluggage.com/SysAdmin/',NULL),(884,'http://jdsluggage.com/administer/',NULL),(885,'http://jdsluggage.com/LiveUser_Admin/',NULL),(886,'http://jdsluggage.com/sys-admin/',NULL),(887,'http://jdsluggage.com/typo3/',NULL),(888,'http://jdsluggage.com/panel/',NULL),(889,'http://jdsluggage.com/cpanel/',NULL),(890,'http://jdsluggage.com/platz_login/',NULL),(891,'http://jdsluggage.com/cpanel_file/',NULL),(892,'http://jdsluggage.com/rcLogin/',NULL),(893,'http://jdsluggage.com/blogindex/',NULL),(894,'http://jdsluggage.com/formslogin/',NULL),(895,'http://jdsluggage.com/support_login/',NULL),(896,'http://jdsluggage.com/autologin/',NULL),(897,'http://jdsluggage.com/meta_login/',NULL),(898,'http://jdsluggage.com/manuallogin/',NULL),(899,'http://jdsluggage.com/simpleLogin/',NULL),(900,'http://jdsluggage.com/loginflat/',NULL),(901,'http://jdsluggage.com/utility_login/',NULL),(902,'http://jdsluggage.com/showlogin/',NULL),(903,'http://jdsluggage.com/memlogin/',NULL),(904,'http://jdsluggage.com/login-redirect/',NULL),(905,'http://jdsluggage.com/sub-login/',NULL),(906,'http://jdsluggage.com/wp-login/',NULL),(907,'http://jdsluggage.com/login1/',NULL),(908,'http://jdsluggage.com/dir-login/',NULL),(909,'http://jdsluggage.com/login_db/',NULL),(910,'http://jdsluggage.com/smblogin/',NULL),(911,'http://jdsluggage.com/customer_login/',NULL),(912,'http://jdsluggage.com/xlogin/',NULL),(913,'http://jdsluggage.com/UserLogin/',NULL),(914,'http://jdsluggage.com/login-us/',NULL),(915,'http://jdsluggage.com/project-admins/',NULL),(916,'http://jdsluggage.com/acct_login/',NULL),(917,'http://jdsluggage.com/bigadmin/',NULL),(918,'http://jdsluggage.com/phppgadmin/',NULL),(919,'http://jdsluggage.com/pureadmin/',NULL),(920,'http://jdsluggage.com/openvpnadmin/',NULL),(921,'http://jdsluggage.com/sql-admin/',NULL),(922,'http://jdsluggage.com/radmind/',NULL),(923,'http://jdsluggage.com/wizmysqladmin/',NULL),(924,'http://jdsluggage.com/vadmind/',NULL),(925,'http://jdsluggage.com/ezsqliteadmin/',NULL),(926,'http://jdsluggage.com/newsadmin/',NULL),(927,'http://jdsluggage.com/hpwebjetadmin/',NULL),(928,'http://jdsluggage.com/adminpro/',NULL),(929,'http://jdsluggage.com/Lotus_Domino_Admin/',NULL),(930,'http://jdsluggage.com/bbadmin/',NULL),(931,'http://jdsluggage.com/Indy_admin/',NULL),(932,'http://jdsluggage.com/vmailadmin/',NULL),(933,'http://jdsluggage.com/irc-macadmin/',NULL),(934,'http://jdsluggage.com/ccp14admin/',NULL),(935,'http://jdsluggage.com/banneradmin/',NULL),(936,'http://jdsluggage.com/sshadmin/',NULL),(937,'http://jdsluggage.com/phpldapadmin/',NULL),(938,'http://jdsluggage.com/administratoraccounts/',NULL),(939,'http://jdsluggage.com/admin4_colon/',NULL),(940,'http://jdsluggage.com/admin4_account/',NULL),(941,'http://jdsluggage.com/macadmin/',NULL),(942,'http://jdsluggage.com/radmind-1/',NULL),(943,'http://jdsluggage.com/Super-Admin/',NULL),(944,'http://jdsluggage.com/AdminTools/',NULL),(945,'http://jdsluggage.com/globes_admin/',NULL),(946,'http://jdsluggage.com/cmsadmin/',NULL),(947,'http://jdsluggage.com/SysAdmin2/',NULL),(948,'http://jdsluggage.com/cadmins/',NULL),(949,'http://jdsluggage.com/phpSQLiteAdmin/',NULL),(950,'http://jdsluggage.com/navSiteAdmin/',NULL),(951,'http://jdsluggage.com/server_admin_small/',NULL),(952,'http://jdsluggage.com/logo_sysadmin/',NULL),(953,'http://jdsluggage.com/power_user/',NULL),(954,'http://jdsluggage.com/system_administration/',NULL),(955,'http://jdsluggage.com/cms/',NULL),(956,'http://jdsluggage.com/ss_vms_admin_sm/',NULL),(957,'http://jdsluggage.com/bb-admin/',NULL),(958,'http://jdsluggage.com/panel-administracion/',NULL),(959,'http://jdsluggage.com/instadmin/',NULL),(960,'http://jdsluggage.com/memberadmin/',NULL),(961,'http://jdsluggage.com/administratorlogin/',NULL),(962,'http://jdsluggage.com/adm.php',NULL),(963,'http://jdsluggage.com/adm.asp',NULL),(964,'http://jdsluggage.com/panel-administracion/login.php',NULL),(965,'http://jdsluggage.com/admin_login.asp',NULL),(966,'http://jdsluggage.com/admin_login.php',NULL),(967,'http://jdsluggage.com/panel-administracion/login.asp',NULL),(968,'http://jdsluggage.com/pages/admin/',NULL),(969,'http://jdsluggage.com/acceso.php',NULL),(970,'http://jdsluggage.com/pages/admin/admin-login.asp',NULL),(971,'http://jdsluggage.com/pages/admin/admin-login.php',NULL),(972,'http://jdsluggage.com/acceso.asp',NULL),(973,'http://jdsluggage.com/cms/',NULL),(974,'http://jdsluggage.com/admincp/login.php',NULL),(975,'http://jdsluggage.com/admincp/login.asp',NULL),(976,'http://jdsluggage.com/adminarea/',NULL),(977,'http://jdsluggage.com/admincp/',NULL),(978,'http://jdsluggage.com/admincontrol/',NULL),(979,'http://jdsluggage.com/affiliate.asp',NULL),(980,'http://jdsluggage.com/adm_auth.php',NULL),(981,'http://jdsluggage.com/affiliate.php',NULL),(982,'http://jdsluggage.com/memberadmin.php',NULL),(983,'http://jdsluggage.com/adm_auth.asp',NULL),(984,'http://jdsluggage.com/administrators.php',NULL),(985,'http://jdsluggage.com/modules/admin/',NULL),(986,'http://jdsluggage.com/administratorlogin.php',NULL),(987,'http://jdsluggage.com/administratorlogin.asp',NULL),(988,'http://jdsluggage.com/memberadmin.asp',NULL),(989,'http://jdsluggage.com/siteadmin.asp',NULL),(990,'http://jdsluggage.com/administrators.asp',NULL),(991,'http://jdsluggage.com/siteadmin/',NULL),(992,'http://jdsluggage.com/siteadmin.php',NULL),(993,'http://jdsluggage.com/adminsite/',NULL),(994,'http://jdsluggage.com/vorod/',NULL),(995,'http://jdsluggage.com/vorod.asp',NULL),(996,'http://jdsluggage.com/kpanel/',NULL),(997,'http://jdsluggage.com/vorod.php',NULL),(998,'http://jdsluggage.com/vorud/',NULL),(999,'http://jdsluggage.com/vorud.php',NULL),(1000,'http://jdsluggage.com/vorud.asp',NULL),(1001,'http://jdsluggage.com/PSUser/',NULL),(1002,'http://jdsluggage.com/adminpanel/',NULL),(1003,'http://jdsluggage.com/secure/',NULL),(1004,'http://jdsluggage.com/webmaster/',NULL),(1005,'http://jdsluggage.com/webmaster.php',NULL),(1006,'http://jdsluggage.com/autologin.asp',NULL),(1007,'http://jdsluggage.com/autologin.php',NULL),(1008,'http://jdsluggage.com/webmaster.asp',NULL),(1009,'http://jdsluggage.com/userlogin.php',NULL),(1010,'http://jdsluggage.com/userlogin.asp',NULL),(1011,'http://jdsluggage.com/admin_area.asp',NULL),(1012,'http://jdsluggage.com/cmsadmin.php',NULL),(1013,'http://jdsluggage.com/admin_area.php',NULL),(1014,'http://jdsluggage.com/cmsadmin.asp',NULL),(1015,'http://jdsluggage.com/security/',NULL),(1016,'http://jdsluggage.com/usr/',NULL),(1017,'http://jdsluggage.com/secret/',NULL),(1018,'http://jdsluggage.com/root/',NULL),(1019,'http://jdsluggage.com/admin/login.php',NULL),(1020,'http://jdsluggage.com/admin/login.asp',NULL),(1021,'http://jdsluggage.com/admin/adminLogin.php',NULL),(1022,'http://jdsluggage.com/moderator.php',NULL),(1023,'http://jdsluggage.com/admin/adminLogin.asp',NULL),(1024,'http://jdsluggage.com/moderator.html',NULL),(1025,'http://jdsluggage.com/moderator/login.php',NULL),(1026,'http://jdsluggage.com/yonetici.php',NULL),(1027,'http://jdsluggage.com/moderator/admin.asp',NULL),(1028,'http://jdsluggage.com/moderator/admin.php',NULL),(1029,'http://jdsluggage.com/moderator/login.asp',NULL),(1030,'http://jdsluggage.com/yonetici.asp',NULL),(1031,'http://jdsluggage.com/0admin/',NULL),(1032,'http://jdsluggage.com/0manager/',NULL),(1033,'http://jdsluggage.com/aadmin/',NULL),(1034,'http://jdsluggage.com/login1asp',NULL),(1035,'http://jdsluggage.com/login1php',NULL),(1036,'http://jdsluggage.com/login_admin/',NULL),(1037,'http://jdsluggage.com/login_adminphp',NULL),(1038,'http://jdsluggage.com/login_adminasp',NULL),(1039,'http://jdsluggage.com/login_out/',NULL),(1040,'http://jdsluggage.com/login_outphp',NULL),(1041,'http://jdsluggage.com/login_outasp',NULL),(1042,'http://jdsluggage.com/login_userphp',NULL),(1043,'http://jdsluggage.com/login_userasp',NULL),(1044,'http://jdsluggage.com/loginok/',NULL),(1045,'http://jdsluggage.com/loginerror/',NULL),(1046,'http://jdsluggage.com/loginsave/',NULL),(1047,'http://jdsluggage.com/loginsuper/',NULL),(1048,'http://jdsluggage.com/loginsuperphp',NULL),(1049,'http://jdsluggage.com/loginphp',NULL),(1050,'http://jdsluggage.com/loginsuperasp',NULL),(1051,'http://jdsluggage.com/index.php/customer/account/login/','http://jdsluggage.com/cms/'),(1052,'http://jdsluggage.com/loginasp',NULL),(1053,'http://jdsluggage.com/logout/',NULL),(1054,'http://jdsluggage.com/logoutphp',NULL),(1055,'http://jdsluggage.com/secrets/',NULL),(1056,'http://jdsluggage.com/logoutasp',NULL),(1057,'http://jdsluggage.com/super1/',NULL),(1058,'http://jdsluggage.com/super1php',NULL),(1059,'http://jdsluggage.com/super1asp',NULL),(1060,'http://jdsluggage.com/super_indexasp',NULL),(1061,'http://jdsluggage.com/super_indexphp',NULL),(1062,'http://jdsluggage.com/super_loginasp',NULL),(1063,'http://jdsluggage.com/super_loginphp',NULL),(1064,'http://jdsluggage.com/supermanagerphp',NULL),(1065,'http://jdsluggage.com/supermanagerasp',NULL),(1066,'http://jdsluggage.com/supermanphp',NULL),(1067,'http://jdsluggage.com/superuserphp',NULL),(1068,'http://jdsluggage.com/supermanasp',NULL),(1069,'http://jdsluggage.com/superuserasp',NULL),(1070,'http://jdsluggage.com/supervise/',NULL),(1071,'http://jdsluggage.com/supervise/Loginphp',NULL),(1072,'http://jdsluggage.com/superphp',NULL),(1073,'http://jdsluggage.com/supervise/Loginasp',NULL),(1074,'http://jdsluggage.com/superasp',NULL),(1075,'http://jdsluggage.com/index.php/customer/account/login/','http://jdsluggage.com/index.php/customer/account/login/'),(1076,'http://jdsluggage.com/',NULL),(1077,'http://jdsluggage.com/index.php//cms_wysiwyg_images/thumbnail/file/Y3lici5waHAuanBn/key/b571545d1afd5f634de039b1d892b92b/',NULL),(1078,'http://jdsluggage.com/index.php//cms_wysiwyg_images/thumbnail/file/cybr.php.jpg',NULL),(1079,'http://jdsluggage.com/',NULL),(1080,'http://jdsluggage.com/index.php/about-magento-demo-store/?___store=default','http://jdsluggage.com/index.php/admin/cms_page/index/key/64c792ed9bd2f1863f2f379525041154/');

--
-- Table structure for table `log_visitor_info`
--

CREATE TABLE `log_visitor_info` (
  `visitor_id` bigint(20) unsigned NOT NULL DEFAULT '0' COMMENT 'Visitor ID',
  `http_referer` varchar(255) DEFAULT NULL COMMENT 'HTTP Referrer',
  `http_user_agent` varchar(255) DEFAULT NULL COMMENT 'HTTP User-Agent',
  `http_accept_charset` varchar(255) DEFAULT NULL COMMENT 'HTTP Accept-Charset',
  `http_accept_language` varchar(255) DEFAULT NULL COMMENT 'HTTP Accept-Language',
  `server_addr` bigint(20) DEFAULT NULL COMMENT 'Server Address',
  `remote_addr` bigint(20) DEFAULT NULL COMMENT 'Remote Address',
  PRIMARY KEY (`visitor_id`)
) ENGINE=InnoDB DEFAULT CHARSET=utf8 COMMENT='Log Visitor Info Table';

--
-- Dumping data for table `log_visitor_info`
--

INSERT INTO `log_visitor_info` VALUES (1,NULL,'Mozilla/5.0 (Windows NT 6.1) AppleWebKit/537.36 (KHTML, like Gecko) Chrome/32.0.1700.102 Safari/537.36',NULL,'en-US,en;q=0.8',-1563330474,849521702),(2,NULL,'Comodo Spider 1.2',NULL,NULL,-1563330474,-1071499230),(3,NULL,'Comodo Spider 1.2',NULL,NULL,-1563330474,-1071499230),(4,NULL,'Comodo Spider 1.2',NULL,NULL,-1563330474,-1071499230),(5,NULL,'Mozilla/5.0 (Windows NT 6.1) AppleWebKit/537.36 (KHTML, like Gecko) Chrome/32.0.1700.102 Safari/537.36',NULL,'en-US,en;q=0.8',-1563330474,849521702),(6,NULL,'Mozilla/5.0 (Linux; U; Android 4.1.2; en-us; SGH-T889 Build/JZO54K) AppleWebKit/534.30 (KHTML, like Gecko) Version/4.0 Mobile Safari/534.30','utf-8, iso-8859-1, utf-16, *;q=0.7','en-US',-1563330474,-1405609120),(7,NULL,'Mozilla/5.0 (Linux; U; Android 4.1.2; en-us; SGH-T889 Build/JZO54K) AppleWebKit/534.30 (KHTML, like Gecko) Version/4.0 Mobile Safari/534.30','utf-8, iso-8859-1, utf-16, *;q=0.7','en-US',-1563330474,-1405609120),(8,'http://jdsluggage.com/myadmin/scripts/setup.php','Mozilla/4.0 (compatible; MSIE 8.0; Windows NT 5.1; SV1; .NET CLR 2.0.50727)',NULL,NULL,-1563330474,1578582812),(9,'http://jdsluggage.com/pma/scripts/setup.php','Mozilla/4.0 (compatible; MSIE 8.0; Windows NT 5.1; SV1; .NET CLR 2.0.50727)',NULL,NULL,-1563330474,1578582812),(10,NULL,'Mozilla/5.0 (Linux; U; Android 4.1.2; en-us; SGH-T889 Build/JZO54K) AppleWebKit/534.30 (KHTML, like Gecko) Version/4.0 Mobile Safari/534.30','utf-8, iso-8859-1, utf-16, *;q=0.7','en-US',-1563330474,-1405609120),(11,'http://jdsluggage.com/index.php/electronics.html','Mozilla/5.0 (Windows NT 6.1) AppleWebKit/537.36 (KHTML, like Gecko) Chrome/32.0.1700.102 Safari/537.36',NULL,'en-US,en;q=0.8',-1563330474,1660075015),(12,NULL,'Mozilla/5.0 (Linux; U; Android 4.1.2; en-us; SGH-T889 Build/JZO54K) AppleWebKit/534.30 (KHTML, like Gecko) Version/4.0 Mobile Safari/534.30','utf-8, iso-8859-1, utf-16, *;q=0.7','en-US',-1563330474,-1405615931),(13,NULL,'classbot (+http://allclasses.com)',NULL,NULL,-1563330474,70595525),(14,NULL,NULL,NULL,'it',-1563330474,1049986377),(15,NULL,'Mozilla/4.0 (compatible; MSIE 6.0; Windows NT 5.0; en-US; .NET CLR 1.0.3328)',NULL,'en-US',-1563330474,1049986146),(16,NULL,'Mozilla/4.0 (compatible; MSIE 6.0; Windows NT 5.0; en-US; .NET CLR 1.0.3328)',NULL,'en-US',-1563330474,1049986146),(17,NULL,'Mozilla/4.0 (compatible; MSIE 6.0; Windows NT 5.0; en-US; .NET CLR 1.0.3328)',NULL,'en-US',-1563330474,1049986480),(18,NULL,'Mozilla/4.0 (compatible; MSIE 6.0; Windows NT 5.0; en-US; .NET CLR 1.0.3328)',NULL,'en-US',-1563330474,1049986480),(19,NULL,'Mozilla/4.0 (compatible; MSIE 6.0; Windows NT 5.0; en-US; .NET CLR 1.0.3328)',NULL,'en-US',-1563330474,1049986480),(20,'https://www.google.com/','Mozilla/5.0 (Windows NT 6.2; WOW64) AppleWebKit/537.36 (KHTML, like Gecko) Chrome/32.0.1700.102 Safari/537.36',NULL,'en-US,en;q=0.8,es;q=0.6',-1563330474,1161911905),(21,NULL,'Mozilla/5.0 (Linux; U; Android 4.1.2; en-us; SGH-T889 Build/JZO54K) AppleWebKit/534.30 (KHTML, like Gecko) Version/4.0 Mobile Safari/534.30','utf-8, iso-8859-1, utf-16, *;q=0.7','en-US',-1563330474,-1405609242),(22,NULL,'Mozilla/5.0 (Windows NT 6.1) AppleWebKit/537.36 (KHTML, like Gecko) Chrome/32.0.1700.102 Safari/537.36',NULL,'en-US,en;q=0.8',-1563330474,1660075015),(23,NULL,'Mozilla/5.0 (Linux; U; Android 4.1.2; en-us; SGH-T889 Build/JZO54K) AppleWebKit/534.30 (KHTML, like Gecko) Version/4.0 Mobile Safari/534.30','utf-8, iso-8859-1, utf-16, *;q=0.7','en-US',-1563330474,-801750909),(24,NULL,'Mozilla/5.0 (iPhone; CPU iPhone OS 7_0_3 like Mac OS X) AppleWebKit/537.51.1 (KHTML, like Gecko) CriOS/32.0.1700.20 Mobile/11B511 Safari/9537.53',NULL,'en-US,en;q=0.8',-1563330474,1817386770),(25,'https://www.google.com/','Mozilla/5.0 (Windows NT 6.2; WOW64) AppleWebKit/537.36 (KHTML, like Gecko) Chrome/32.0.1700.102 Safari/537.36',NULL,'en-US,en;q=0.8,es;q=0.6',-1563330474,1161911905),(26,NULL,'Mozilla/5.0 (iPhone; CPU iPhone OS 7_0_3 like Mac OS X) AppleWebKit/537.51.1 (KHTML, like Gecko) CriOS/32.0.1700.20 Mobile/11B511 Safari/9537.53',NULL,'en-US,en;q=0.8',-1563330474,1817386770),(27,NULL,'CatchBot/2.0; +http://www.catchbot.com',NULL,NULL,-1563330474,-800203310),(28,NULL,'GoogleBot 1.0',NULL,NULL,-1563330474,773604683),(29,'http://jdsluggage.com/index.php/single-pieces.html','Mozilla/5.0 (Windows NT 6.1) AppleWebKit/537.36 (KHTML, like Gecko) Chrome/32.0.1700.102 Safari/537.36',NULL,'en-US,en;q=0.8',-1563330474,1660075015),(30,NULL,'Mozilla/5.0 (Linux; U; Android 4.1.2; en-us; SGH-T889 Build/JZO54K) AppleWebKit/534.30 (KHTML, like Gecko) Version/4.0 Mobile Safari/534.30','utf-8, iso-8859-1, utf-16, *;q=0.7','en-US',-1563330474,-1405615731),(31,'http://jdsluggage.com/index.php/single-pieces.html','Mozilla/5.0 (Windows NT 6.1) AppleWebKit/537.36 (KHTML, like Gecko) Chrome/32.0.1700.102 Safari/537.36',NULL,'en-US,en;q=0.8',-1563330474,1660075015),(32,NULL,'Mozilla/5.0 (Linux; U; Android 4.1.2; en-us; SGH-T889 Build/JZO54K) AppleWebKit/534.30 (KHTML, like Gecko) Version/4.0 Mobile Safari/534.30','utf-8, iso-8859-1, utf-16, *;q=0.7','en-US',-1563330474,-1405609434),(33,NULL,'Mozilla/4.0 (compatible; MSIE 6.0; Windows NT 5.1)',NULL,NULL,-1563330474,-1138165430),(34,NULL,'Mozilla/4.0 (compatible; MSIE 8.0; Windows NT 5.1; Trident/4.0;',NULL,NULL,-1563330474,-802423882),(35,NULL,'Mozilla/5.0 (iPhone; CPU iPhone OS 7_0_4 like Mac OS X) AppleWebKit/537.51.1 (KHTML, like Gecko) Version/7.0 Mobile/11B554a Safari/9537.53',NULL,'en-us',-1563330474,-1500284117),(36,NULL,'Mozilla/5.0 (Windows NT 6.3; WOW64) AppleWebKit/537.36 (KHTML, like Gecko) Chrome/32.0.1700.107 Safari/537.36',NULL,'en-US,en;q=0.8',-1563330474,394078659),(37,NULL,'Mozilla/5.0 (Windows NT 6.0; WOW64) AppleWebKit/537.36 (KHTML, like Gecko) Chrome/32.0.1700.102 Safari/537.36',NULL,'en-US,en;q=0.8,es;q=0.6',-1563330474,1161912249),(38,NULL,'Mozilla/5.0 (compatible; bingbot/2.0; +http://www.bing.com/bingbot.htm)',NULL,NULL,-1563330474,-1657331428),(39,NULL,'Mozilla/5.0 (compatible; bingbot/2.0; +http://www.bing.com/bingbot.htm)',NULL,NULL,-1563330474,-1657331428),(40,NULL,'Mozilla/5.0 (iPhone; CPU iPhone OS 7_0_4 like Mac OS X) AppleWebKit/537.51.1 (KHTML, like Gecko) Version/7.0 Mobile/11B554a Safari/9537.53',NULL,'en-us',-1563330474,-1500284126),(41,'http://www.google.com/search','Mozilla/5.0 (X11; Linux x86_64) AppleWebKit/537.36 (KHTML, like Gecko; Google Web Preview) Chrome/27.0.1453 Safari/537.36',NULL,NULL,-1563330474,1123638745),(42,NULL,'Mozilla/5.0 (Linux; U; Android 4.1.2; en-us; SGH-T889 Build/JZO54K) AppleWebKit/534.30 (KHTML, like Gecko) Version/4.0 Mobile Safari/534.30','utf-8, iso-8859-1, utf-16, *;q=0.7','en-US',-1563330474,-1405615745),(43,'http://jdsluggage.com/index.php/','Mozilla/5.0 (Windows NT 6.3; WOW64) AppleWebKit/537.36 (KHTML, like Gecko) Chrome/32.0.1700.107 Safari/537.36',NULL,'en-US,en;q=0.8',-1563330474,394078659),(44,NULL,'Mozilla/5.0 (compatible; NetcraftSurveyAgent/1.0; +info@netcraft.com)','ISO-8859-1,utf-8;q=0.7,*;q=0.7','en-gb,en;q=0.5',-1563330474,-1561114595),(45,NULL,'Mozilla/5.0 (Linux; U; Android 4.1.2; en-us; SGH-T889 Build/JZO54K) AppleWebKit/534.30 (KHTML, like Gecko) Version/4.0 Mobile Safari/534.30','utf-8, iso-8859-1, utf-16, *;q=0.7','en-US',-1563330474,-1405609371),(46,'http://jdslowik.com','CATExplorador/1.0beta (sistemes at domini dot cat; http://domini.cat/catexplorador.html)',NULL,'ca, *;q=8',-1563330474,87572307),(47,'http://jdsluggage.com','CATExplorador/1.0beta (sistemes at domini dot cat; http://domini.cat/catexplorador.html)',NULL,'ca, *;q=8',-1563330474,87572307),(48,NULL,'Mozilla/5.0 (Windows NT 6.2; Win64; x64; rv:16.0.1) Gecko/20121011 Firefox/16.0.1','ISO-8859-1,utf-8;q=0.7,*;q=0.7',NULL,-1563330474,-1124240745),(49,NULL,'Mozilla/5.0 (Windows; U; MSIE 9.0; Windows NT 9.0; en-US)','ISO-8859-1,utf-8;q=0.7,*;q=0.7',NULL,-1563330474,-1124240745),(50,NULL,'Mozilla/5.0 (Windows NT 6.2; WOW64) AppleWebKit/537.14 (KHTML, like Gecko) Chrome/24.0.1292.0 Safari/537.14','ISO-8859-1,utf-8;q=0.7,*;q=0.7',NULL,-1563330474,-1124240745),(51,NULL,'Mozilla/5.0 (iPhone; CPU iPhone OS 6_0 like Mac OS X) AppleWebKit/536.26 (KHTML, like Gecko) Version/6.0 Mobile/10A5376e Safari/8536.25 (compatible; Googlebot-Mobile/2.1; +http://www.google.com/bot.html)',NULL,NULL,-1563330474,1123633940),(52,'http://jdsluggage.com/robots.txt','Mozilla/5.0 (Windows NT 6.1; WOW64; rv:25.0) Gecko/20100101 Firefox/25.0',NULL,NULL,-1563330474,772026436),(53,NULL,'Mozilla/5.0 (Windows NT 6.1) AppleWebKit/537.36 (KHTML, like Gecko) Chrome/32.0.1700.107 Safari/537.36',NULL,'en-US,en;q=0.8',-1563330474,1660075015),(54,NULL,'Mozilla/5.0 (compatible; MSIE 9.0; Windows NT 6.1; WOW64; Trident/5.0; chromeframe/19.0.1084.52)',NULL,NULL,-1563330474,-802423009),(55,NULL,'Mozilla/5.0 (compatible; MSIE 9.0; Windows NT 6.1; WOW64; Trident/5.0; chromeframe/19.0.1084.52)',NULL,NULL,-1563330474,-802423009),(56,NULL,'Mozilla/5.0 (compatible; SiteExplorer/1.0b; +http://siteexplorer.info/)',NULL,NULL,-1563330474,-802430636),(57,NULL,'Mozilla/5.0 (compatible; SiteExplorer/1.0b; +http://siteexplorer.info/)',NULL,NULL,-1563330474,-802430636),(58,NULL,'Mozilla/5.0 (compatible; SiteExplorer/1.0b; +http://siteexplorer.info/)',NULL,NULL,-1563330474,-802430636),(59,NULL,'Mozilla/5.0 (compatible; SiteExplorer/1.0b; +http://siteexplorer.info/)',NULL,NULL,-1563330474,-802430636),(60,NULL,'Mozilla/5.0 (compatible; SiteExplorer/1.0b; +http://siteexplorer.info/)',NULL,NULL,-1563330474,-802430636),(61,NULL,'Mozilla/5.0 (compatible; SiteExplorer/1.0b; +http://siteexplorer.info/)',NULL,NULL,-1563330474,-802430636),(62,NULL,'Mozilla/5.0 (compatible; SiteExplorer/1.0b; +http://siteexplorer.info/)',NULL,NULL,-1563330474,-802430636),(63,NULL,'Mozilla/5.0 (compatible; SiteExplorer/1.0b; +http://siteexplorer.info/)',NULL,NULL,-1563330474,-802430636),(64,NULL,'Mozilla/5.0 (compatible; SiteExplorer/1.0b; +http://siteexplorer.info/)',NULL,NULL,-1563330474,-802430636),(65,NULL,'Mozilla/5.0 (compatible; SiteExplorer/1.0b; +http://siteexplorer.info/)',NULL,NULL,-1563330474,-802430636),(66,NULL,'Mozilla/5.0 (compatible; SiteExplorer/1.0b; +http://siteexplorer.info/)',NULL,NULL,-1563330474,-802430635),(67,NULL,'Mozilla/5.0 (compatible; SiteExplorer/1.0b; +http://siteexplorer.info/)',NULL,NULL,-1563330474,-802430635),(68,NULL,'Mozilla/5.0 (compatible; SiteExplorer/1.0b; +http://siteexplorer.info/)',NULL,NULL,-1563330474,-802430635),(69,NULL,'Mozilla/5.0 (compatible; SiteExplorer/1.0b; +http://siteexplorer.info/)',NULL,NULL,-1563330474,-802430635),(70,NULL,'Mozilla/5.0 (compatible; SiteExplorer/1.0b; +http://siteexplorer.info/)',NULL,NULL,-1563330474,-802430635),(71,NULL,'Mozilla/5.0 (compatible; SiteExplorer/1.0b; +http://siteexplorer.info/)',NULL,NULL,-1563330474,-802430635),(72,NULL,'Mozilla/5.0 (compatible; SiteExplorer/1.0b; +http://siteexplorer.info/)',NULL,NULL,-1563330474,-802430635),(73,NULL,'Mozilla/5.0 (compatible; SiteExplorer/1.0b; +http://siteexplorer.info/)',NULL,NULL,-1563330474,-802430635),(74,NULL,'Mozilla/5.0 (compatible; SiteExplorer/1.0b; +http://siteexplorer.info/)',NULL,NULL,-1563330474,-802430635),(75,NULL,'Mozilla/5.0 (compatible; SiteExplorer/1.0b; +http://siteexplorer.info/)',NULL,NULL,-1563330474,-802430635),(76,NULL,'Mozilla/5.0 (compatible; SiteExplorer/1.0b; +http://siteexplorer.info/)',NULL,NULL,-1563330474,-802430636),(77,NULL,'Mozilla/5.0 (Windows NT 6.1) AppleWebKit/537.36 (KHTML, like Gecko) Chrome/32.0.1700.107 Safari/537.36',NULL,'en-US,en;q=0.8',-1563330474,1660075015),(78,NULL,'Mozilla/4.0 (compatible; MSIE 6.0; Windows NT 5.1; SV1; .NET CLR 1.1.4322)',NULL,NULL,-1563330474,1786280339),(79,NULL,'Mozilla/5.0 (compatible; SiteExplorer/1.0b; +http://siteexplorer.info/)',NULL,NULL,-1563330474,-802430636),(80,NULL,'Mozilla/5.0 (compatible; SiteExplorer/1.0b; +http://siteexplorer.info/)',NULL,NULL,-1563330474,-802430636),(81,NULL,'Mozilla/5.0 (compatible; SiteExplorer/1.0b; +http://siteexplorer.info/)',NULL,NULL,-1563330474,-802430636),(82,NULL,'Mozilla/5.0 (compatible; SiteExplorer/1.0b; +http://siteexplorer.info/)',NULL,NULL,-1563330474,-802430636),(83,NULL,'Mozilla/5.0 (compatible; SiteExplorer/1.0b; +http://siteexplorer.info/)',NULL,NULL,-1563330474,-802430636),(84,NULL,'Mozilla/5.0 (compatible; SiteExplorer/1.0b; +http://siteexplorer.info/)',NULL,NULL,-1563330474,-802430636),(85,NULL,'Mozilla/5.0 (compatible; SiteExplorer/1.0b; +http://siteexplorer.info/)',NULL,NULL,-1563330474,-802430636),(86,NULL,'Mozilla/5.0 (compatible; SiteExplorer/1.0b; +http://siteexplorer.info/)',NULL,NULL,-1563330474,-802430636),(87,NULL,'Mozilla/5.0 (compatible; SiteExplorer/1.0b; +http://siteexplorer.info/)',NULL,NULL,-1563330474,-802430636),(88,NULL,'Mozilla/5.0 (compatible; SiteExplorer/1.0b; +http://siteexplorer.info/)',NULL,NULL,-1563330474,-802430636),(89,NULL,'Mozilla/5.0 (compatible; SiteExplorer/1.0b; +http://siteexplorer.info/)',NULL,NULL,-1563330474,-802430635),(90,NULL,'Mozilla/5.0 (compatible; SiteExplorer/1.0b; +http://siteexplorer.info/)',NULL,NULL,-1563330474,-802430635),(91,NULL,'Mozilla/5.0 (compatible; SiteExplorer/1.0b; +http://siteexplorer.info/)',NULL,NULL,-1563330474,-802430635),(92,NULL,'Mozilla/5.0 (compatible; SiteExplorer/1.0b; +http://siteexplorer.info/)',NULL,NULL,-1563330474,-802430635),(93,NULL,'Mozilla/5.0 (compatible; SiteExplorer/1.0b; +http://siteexplorer.info/)',NULL,NULL,-1563330474,-802430635),(94,NULL,'Mozilla/5.0 (compatible; SiteExplorer/1.0b; +http://siteexplorer.info/)',NULL,NULL,-1563330474,-802430635),(95,NULL,'Mozilla/5.0 (compatible; SiteExplorer/1.0b; +http://siteexplorer.info/)',NULL,NULL,-1563330474,-802430635),(96,NULL,'Mozilla/5.0 (compatible; MSIE 9.0; Windows NT 6.1; WOW64; Trident/5.0; chromeframe/19.0.1084.52)',NULL,NULL,-1563330474,-802423015),(97,NULL,'Mozilla/5.0 (compatible; MSIE 9.0; Windows NT 6.1; WOW64; Trident/5.0; chromeframe/19.0.1084.52)',NULL,NULL,-1563330474,-802423015),(98,NULL,'Mozilla/5.0 (compatible; MSIE 9.0; Windows NT 6.1; WOW64; Trident/5.0; chromeframe/19.0.1084.52)',NULL,NULL,-1563330474,-802423015),(99,NULL,'Mozilla/5.0 (compatible; MSIE 9.0; Windows NT 6.1; WOW64; Trident/5.0; chromeframe/19.0.1084.52)',NULL,NULL,-1563330474,-802423015),(100,NULL,'Mozilla/5.0 (compatible; MSIE 9.0; Windows NT 6.1; WOW64; Trident/5.0; chromeframe/19.0.1084.52)',NULL,NULL,-1563330474,-802423015),(101,NULL,'Mozilla/5.0 (compatible; MSIE 9.0; Windows NT 6.1; WOW64; Trident/5.0; chromeframe/19.0.1084.52)',NULL,NULL,-1563330474,-802423015),(102,NULL,'Mozilla/5.0 (compatible; MSIE 9.0; Windows NT 6.1; WOW64; Trident/5.0; chromeframe/19.0.1084.52)',NULL,NULL,-1563330474,-802423015),(103,NULL,'Mozilla/5.0 (compatible; MSIE 9.0; Windows NT 6.1; WOW64; Trident/5.0; chromeframe/19.0.1084.52)',NULL,NULL,-1563330474,-802423015),(104,NULL,'Mozilla/5.0 (compatible; MSIE 9.0; Windows NT 6.1; WOW64; Trident/5.0; chromeframe/19.0.1084.52)',NULL,NULL,-1563330474,-802423014),(105,NULL,'Mozilla/5.0 (compatible; MSIE 9.0; Windows NT 6.1; WOW64; Trident/5.0; chromeframe/19.0.1084.52)',NULL,NULL,-1563330474,-802423014),(106,NULL,'Mozilla/5.0 (compatible; MSIE 9.0; Windows NT 6.1; WOW64; Trident/5.0; chromeframe/19.0.1084.52)',NULL,NULL,-1563330474,-802423014),(107,NULL,'Mozilla/5.0 (compatible; MSIE 9.0; Windows NT 6.1; WOW64; Trident/5.0; chromeframe/19.0.1084.52)',NULL,NULL,-1563330474,-802423014),(108,NULL,'Mozilla/5.0 (compatible; MSIE 9.0; Windows NT 6.1; WOW64; Trident/5.0; chromeframe/19.0.1084.52)',NULL,NULL,-1563330474,-802423014),(109,NULL,'Mozilla/5.0 (compatible; MSIE 9.0; Windows NT 6.1; WOW64; Trident/5.0; chromeframe/19.0.1084.52)',NULL,NULL,-1563330474,-802423014),(110,NULL,'Mozilla/5.0 (compatible; MSIE 9.0; Windows NT 6.1; WOW64; Trident/5.0; chromeframe/19.0.1084.52)',NULL,NULL,-1563330474,-802423014),(111,NULL,'Mozilla/5.0 (compatible; MSIE 9.0; Windows NT 6.1; WOW64; Trident/5.0; chromeframe/19.0.1084.52)',NULL,NULL,-1563330474,-802423014),(112,NULL,'Mozilla/5.0 (compatible; MSIE 9.0; Windows NT 6.1; WOW64; Trident/5.0; chromeframe/19.0.1084.52)',NULL,NULL,-1563330474,-802423014),(113,NULL,'Mozilla/5.0 (compatible; MSIE 9.0; Windows NT 6.1; WOW64; Trident/5.0; chromeframe/19.0.1084.52)',NULL,NULL,-1563330474,-802423014),(114,NULL,'Mozilla/5.0 (compatible; MSIE 9.0; Windows NT 6.1; WOW64; Trident/5.0; chromeframe/19.0.1084.52)',NULL,NULL,-1563330474,-802423013),(115,NULL,'Mozilla/5.0 (compatible; MSIE 9.0; Windows NT 6.1; WOW64; Trident/5.0; chromeframe/19.0.1084.52)',NULL,NULL,-1563330474,-802423013),(116,'http://whois.domaintools.com/jdsluggage.com','Mozilla/5.0 (Windows; U; Windows NT 5.1; en; rv:1.9.0.13) Gecko/2009073022 Firefox/3.5.2 (.NET CLR 3.5.30729) SurveyBot/2.3 (DomainTools)',NULL,'en-us,fr-be;q=0.5',-1563330474,1089906110),(117,NULL,'Mozilla/5.0 (compatible; MSIE 9.0; Windows NT 6.1; WOW64; Trident/5.0; chromeframe/19.0.1084.52)',NULL,NULL,-1563330474,-802423015),(118,NULL,'Mozilla/5.0 (compatible; MSIE 9.0; Windows NT 6.1; WOW64; Trident/5.0; chromeframe/19.0.1084.52)',NULL,NULL,-1563330474,-802423015),(119,NULL,'Mozilla/5.0 (compatible; MSIE 9.0; Windows NT 6.1; WOW64; Trident/5.0; chromeframe/19.0.1084.52)',NULL,NULL,-1563330474,-802423015),(120,NULL,'Mozilla/5.0 (compatible; MSIE 9.0; Windows NT 6.1; WOW64; Trident/5.0; chromeframe/19.0.1084.52)',NULL,NULL,-1563330474,-802423015),(121,NULL,'Mozilla/5.0 (compatible; MSIE 9.0; Windows NT 6.1; WOW64; Trident/5.0; chromeframe/19.0.1084.52)',NULL,NULL,-1563330474,-802423015),(122,NULL,'Mozilla/5.0 (compatible; MSIE 9.0; Windows NT 6.1; WOW64; Trident/5.0; chromeframe/19.0.1084.52)',NULL,NULL,-1563330474,-802423015),(123,NULL,'Mozilla/5.0 (compatible; MSIE 9.0; Windows NT 6.1; WOW64; Trident/5.0; chromeframe/19.0.1084.52)',NULL,NULL,-1563330474,-802423015),(124,NULL,'Mozilla/5.0 (compatible; MSIE 9.0; Windows NT 6.1; WOW64; Trident/5.0; chromeframe/19.0.1084.52)',NULL,NULL,-1563330474,-802423015),(125,NULL,'Mozilla/5.0 (compatible; MSIE 9.0; Windows NT 6.1; WOW64; Trident/5.0; chromeframe/19.0.1084.52)',NULL,NULL,-1563330474,-802423015),(126,NULL,'Mozilla/5.0 (compatible; MSIE 9.0; Windows NT 6.1; WOW64; Trident/5.0; chromeframe/19.0.1084.52)',NULL,NULL,-1563330474,-802423015),(127,'http://www.google.ca/search?site=&source=hp&ei=1Xb7UsmqBub40gGlyoGIDw&q=louis+kaiser+luggage+reviews&oq=louis+kai&gs_l=mobile-gws-hp.1.0.0l5.2357.7369.0.9737.10.10.0.6.6.0.408.2750.2-7j2j1.10.0....0...1c.1.35.mobile-gws-hp..0.10.1427.hDLhF0buxaE','Mozilla/5.0 (Linux; Android 4.4.2; Nexus 4 Build/KOT49H) AppleWebKit/537.36 (KHTML, like Gecko) Chrome/32.0.1700.99 Mobile Safari/537.36',NULL,'en-US,en;q=0.8,fr;q=0.6,ru;q=0.4',-1563330474,-807713405),(128,NULL,'Mozilla/5.0 (Windows NT 6.1) AppleWebKit/537.36 (KHTML, like Gecko) Chrome/32.0.1700.107 Safari/537.36',NULL,'en-US,en;q=0.8',-1563330474,1660075015),(129,NULL,'Mozilla/5.0 (Windows NT 6.1) AppleWebKit/537.36 (KHTML, like Gecko) Chrome/32.0.1700.107 Safari/537.36',NULL,'en-US,en;q=0.8',-1563330474,1660075015),(130,NULL,'Mozilla/5.0 (Windows NT 6.1) AppleWebKit/537.36 (KHTML, like Gecko) Chrome/32.0.1700.107 Safari/537.36',NULL,'en-US,en;q=0.8',-1563330474,1660075015),(131,NULL,'Mozilla/5.0 (compatible; SiteExplorer/1.0b; +http://siteexplorer.info/)',NULL,NULL,-1563330474,-802430635),(132,NULL,'Mozilla/5.0 (compatible; SiteExplorer/1.0b; +http://siteexplorer.info/)',NULL,NULL,-1563330474,-802430636),(133,NULL,'Mozilla/5.0 (compatible; SiteExplorer/1.0b; +http://siteexplorer.info/)',NULL,NULL,-1563330474,-802430636),(134,NULL,'Mozilla/5.0 (compatible; SiteExplorer/1.0b; +http://siteexplorer.info/)',NULL,NULL,-1563330474,-802430636),(135,NULL,'Mozilla/5.0 (compatible; SiteExplorer/1.0b; +http://siteexplorer.info/)',NULL,NULL,-1563330474,-802430636),(136,NULL,'Mozilla/5.0 (compatible; SiteExplorer/1.0b; +http://siteexplorer.info/)',NULL,NULL,-1563330474,-802430636),(137,NULL,'Mozilla/5.0 (compatible; SiteExplorer/1.0b; +http://siteexplorer.info/)',NULL,NULL,-1563330474,-802430636),(138,NULL,'Mozilla/5.0 (compatible; SiteExplorer/1.0b; +http://siteexplorer.info/)',NULL,NULL,-1563330474,-802430636),(139,NULL,'Mozilla/5.0 (compatible; SiteExplorer/1.0b; +http://siteexplorer.info/)',NULL,NULL,-1563330474,-802430636),(140,NULL,'Mozilla/5.0 (compatible; SiteExplorer/1.0b; +http://siteexplorer.info/)',NULL,NULL,-1563330474,-802430636),(141,NULL,'Mozilla/5.0 (compatible; SiteExplorer/1.0b; +http://siteexplorer.info/)',NULL,NULL,-1563330474,-802430636),(142,NULL,'Mozilla/5.0 (compatible; SiteExplorer/1.0b; +http://siteexplorer.info/)',NULL,NULL,-1563330474,-802430635),(143,NULL,'Mozilla/5.0 (compatible; SiteExplorer/1.0b; +http://siteexplorer.info/)',NULL,NULL,-1563330474,-802430635),(144,NULL,'Mozilla/5.0 (compatible; SiteExplorer/1.0b; +http://siteexplorer.info/)',NULL,NULL,-1563330474,-802430635),(145,NULL,'Mozilla/5.0 (compatible; SiteExplorer/1.0b; +http://siteexplorer.info/)',NULL,NULL,-1563330474,-802430635),(146,NULL,'Mozilla/5.0 (compatible; SiteExplorer/1.0b; +http://siteexplorer.info/)',NULL,NULL,-1563330474,-802430635),(147,NULL,'Mozilla/5.0 (compatible; SiteExplorer/1.0b; +http://siteexplorer.info/)',NULL,NULL,-1563330474,-802430635),(148,NULL,'Mozilla/5.0 (compatible; SiteExplorer/1.0b; +http://siteexplorer.info/)',NULL,NULL,-1563330474,-802430635),(149,NULL,'Mozilla/5.0 (compatible; SiteExplorer/1.0b; +http://siteexplorer.info/)',NULL,NULL,-1563330474,-802430635),(150,NULL,'Mozilla/5.0 (compatible; SiteExplorer/1.0b; +http://siteexplorer.info/)',NULL,NULL,-1563330474,-802430635),(151,NULL,'Mozilla/5.0 (compatible; SiteExplorer/1.0b; +http://siteexplorer.info/)',NULL,NULL,-1563330474,-802430635),(152,NULL,'Mozilla/5.0 (compatible; SiteExplorer/1.0b; +http://siteexplorer.info/)',NULL,NULL,-1563330474,-802430636),(153,NULL,'Mozilla/5.0 (compatible; SiteExplorer/1.0b; +http://siteexplorer.info/)',NULL,NULL,-1563330474,-802430636),(154,NULL,'Mozilla/5.0 (compatible; SiteExplorer/1.0b; +http://siteexplorer.info/)',NULL,NULL,-1563330474,-802430636),(155,NULL,'Mozilla/5.0 (compatible; SiteExplorer/1.0b; +http://siteexplorer.info/)',NULL,NULL,-1563330474,-802430636),(156,NULL,'Mozilla/5.0 (compatible; SiteExplorer/1.0b; +http://siteexplorer.info/)',NULL,NULL,-1563330474,-802430636),(157,NULL,'Mozilla/5.0 (compatible; SiteExplorer/1.0b; +http://siteexplorer.info/)',NULL,NULL,-1563330474,-802430636),(158,NULL,'Mozilla/5.0 (compatible; SiteExplorer/1.0b; +http://siteexplorer.info/)',NULL,NULL,-1563330474,-802430636),(159,NULL,'Mozilla/5.0 (compatible; SiteExplorer/1.0b; +http://siteexplorer.info/)',NULL,NULL,-1563330474,-802430636),(160,NULL,'Mozilla/5.0 (compatible; SiteExplorer/1.0b; +http://siteexplorer.info/)',NULL,NULL,-1563330474,-802430636),(161,NULL,'Mozilla/5.0 (compatible; SiteExplorer/1.0b; +http://siteexplorer.info/)',NULL,NULL,-1563330474,-802430636),(162,'http://jdsluggage.com/','Mozilla/5.0 (Windows NT 6.1; WOW64; rv:25.0) Gecko/20100101 Firefox/25.0',NULL,NULL,-1563330474,772026436),(163,NULL,'Mozilla/5.0 (compatible; SiteExplorer/1.0b; +http://siteexplorer.info/)',NULL,NULL,-1563330474,-802430635),(164,NULL,'Mozilla/5.0 (compatible; SiteExplorer/1.0b; +http://siteexplorer.info/)',NULL,NULL,-1563330474,-802430635),(165,NULL,'Mozilla/5.0 (compatible; SiteExplorer/1.0b; +http://siteexplorer.info/)',NULL,NULL,-1563330474,-802430635),(166,NULL,'Mozilla/5.0 (compatible; SiteExplorer/1.0b; +http://siteexplorer.info/)',NULL,NULL,-1563330474,-802430635),(167,NULL,'Mozilla/5.0 (compatible; SiteExplorer/1.0b; +http://siteexplorer.info/)',NULL,NULL,-1563330474,-802430635),(168,NULL,'Mozilla/5.0 (compatible; SiteExplorer/1.0b; +http://siteexplorer.info/)',NULL,NULL,-1563330474,-802430635),(169,NULL,'Mozilla/5.0 (compatible; SiteExplorer/1.0b; +http://siteexplorer.info/)',NULL,NULL,-1563330474,-802430635),(170,NULL,'Mozilla/5.0 (compatible; SiteExplorer/1.0b; +http://siteexplorer.info/)',NULL,NULL,-1563330474,-802430635),(171,NULL,'Mozilla/5.0 (compatible; SiteExplorer/1.0b; +http://siteexplorer.info/)',NULL,NULL,-1563330474,-802430635),(172,NULL,'Mozilla/5.0 (compatible; SiteExplorer/1.0b; +http://siteexplorer.info/)',NULL,NULL,-1563330474,-802430635),(173,NULL,'Mozilla/5.0 (compatible; SiteExplorer/1.0b; +http://siteexplorer.info/)',NULL,NULL,-1563330474,-802430636),(174,NULL,'Mozilla/5.0 (compatible; SiteExplorer/1.0b; +http://siteexplorer.info/)',NULL,NULL,-1563330474,-802430636),(175,NULL,'Mozilla/5.0 (compatible; SiteExplorer/1.0b; +http://siteexplorer.info/)',NULL,NULL,-1563330474,-802430636),(176,NULL,'Mozilla/5.0 (compatible; SiteExplorer/1.0b; +http://siteexplorer.info/)',NULL,NULL,-1563330474,-802430636),(177,NULL,'Mozilla/5.0 (compatible; SiteExplorer/1.0b; +http://siteexplorer.info/)',NULL,NULL,-1563330474,-802430636),(178,NULL,'Mozilla/5.0 (compatible; SiteExplorer/1.0b; +http://siteexplorer.info/)',NULL,NULL,-1563330474,-802430636),(179,NULL,'Mozilla/5.0 (compatible; SiteExplorer/1.0b; +http://siteexplorer.info/)',NULL,NULL,-1563330474,-802430636),(180,NULL,'Mozilla/5.0 (compatible; SiteExplorer/1.0b; +http://siteexplorer.info/)',NULL,NULL,-1563330474,-802430636),(181,NULL,'Mozilla/5.0 (compatible; SiteExplorer/1.0b; +http://siteexplorer.info/)',NULL,NULL,-1563330474,-802430636),(182,NULL,'Mozilla/5.0 (compatible; SiteExplorer/1.0b; +http://siteexplorer.info/)',NULL,NULL,-1563330474,-802430636),(183,NULL,'Mozilla/5.0 (compatible; SiteExplorer/1.0b; +http://siteexplorer.info/)',NULL,NULL,-1563330474,-802430635),(184,NULL,'Mozilla/5.0 (compatible; SiteExplorer/1.0b; +http://siteexplorer.info/)',NULL,NULL,-1563330474,-802430635),(185,NULL,'Mozilla/5.0 (compatible; SiteExplorer/1.0b; +http://siteexplorer.info/)',NULL,NULL,-1563330474,-802430635),(186,NULL,'Mozilla/5.0 (compatible; bingbot/2.0; +http://www.bing.com/bingbot.htm)',NULL,NULL,-1563330474,-1657330859),(187,NULL,'Mozilla/5.0 (compatible; bingbot/2.0; +http://www.bing.com/bingbot.htm)',NULL,NULL,-1563330474,-1657330859),(188,NULL,'Mozilla/5.0 (compatible; archive.org_bot; Wayback Machine Live Record; +http://archive.org/details/archive.org_bot)',NULL,NULL,-1563330474,-806231321),(189,NULL,'Mozilla/5.0 (compatible; archive.org_bot; Wayback Machine Live Record; +http://archive.org/details/archive.org_bot)',NULL,NULL,-1563330474,-806231321),(190,NULL,'Mozilla/5.0 (compatible; archive.org_bot; Wayback Machine Live Record; +http://archive.org/details/archive.org_bot)',NULL,NULL,-1563330474,-806231321),(191,NULL,'Mozilla/5.0 (compatible; archive.org_bot; Wayback Machine Live Record; +http://archive.org/details/archive.org_bot)',NULL,NULL,-1563330474,-806231337),(192,NULL,'Mozilla/5.0 (Windows NT 6.0) AppleWebKit/536.5 (KHTML, like Gecko) Chrome/19.0.1084.36 Safari/536.5',NULL,NULL,-1563330474,1540989466),(193,'jdsluggage.com','Mozilla/5.0 (Windows NT 6.1; WOW64; rv:7.0.1) Gecko/20100101 Firefox/7.0.1','windows-1251,utf-8;q=0.7,*;q=0.7','ru-ru,ru;q=0.8,en-us;q=0.5,en;q=0.3',-1563330474,-1160613706),(194,'https://www.google.ca/','Mozilla/5.0 (iPad; CPU OS 7_0_4 like Mac OS X) AppleWebKit/537.51.1 (KHTML, like Gecko) Version/7.0 Mobile/11B554a Safari/9537.53',NULL,'en-us',-1563330474,-1377389391),(195,NULL,'Mozilla/4.0 (compatible; MSIE 6.0; Windows NT 5.1; SV1)',NULL,NULL,-1563330474,-661062840),(196,NULL,'Mozilla/4.0 (compatible; MSIE 6.0; Windows NT 5.2; SV1; .NET CLR 1.1.4322; .NET CLR 2.0.50727)',NULL,NULL,-1563330474,-843923731),(197,NULL,'Mozilla/4.0 (compatible; MSIE 7.0; Windows NT 5.2; Trident/4.0; .NET CLR 1.1.4322; .NET CLR 2.0.50727; .NET CLR 3.0.4506.2152; .NET CLR 3.5.30729; .NET4.0C; .NET4.0E)',NULL,'en-us',-1563330474,-843923731),(198,NULL,'Mozilla/4.0 (compatible; MSIE 6.0; Windows NT 5.2; SV1; .NET CLR 1.1.4322; .NET CLR 2.0.50727)',NULL,NULL,-1563330474,-843923731),(199,NULL,'Mozilla/4.0 (compatible; MSIE 7.0; Windows NT 5.1; .NET CLR 1.1.4322; .NET CLR 2.0.50727)',NULL,NULL,-1563330474,-843923731),(200,NULL,'Mozilla/5.0 (Windows; U; Windows NT 5.1; en-US; rv:1.8.1.12) Gecko/20080201 Firefox/2.0.0.12',NULL,NULL,-1563330474,-843923732),(201,NULL,'Mozilla/5.0 (Windows; U; Windows NT 5.1; en-US; rv:1.8.1.12) Gecko/20080201 Firefox/2.0.0.12',NULL,NULL,-1563330474,-843923732),(202,NULL,'Mozilla/4.0 (compatible; MSIE 6.0; Windows NT 5.2; SV1; .NET CLR 1.1.4322; .NET CLR 2.0.50727)',NULL,NULL,-1563330474,-843923732),(203,NULL,'Mozilla/4.0 (compatible; MSIE 6.0; Windows NT 5.2; SV1; .NET CLR 1.1.4322; .NET CLR 2.0.50727)',NULL,NULL,-1563330474,-843923732),(204,NULL,'Mozilla/5.0 (Windows; U; Windows NT 5.1; en-US; rv:1.8.1.16) Gecko/20080702 Firefox/2.0.0.16',NULL,NULL,-1563330474,-843923734),(205,NULL,'Mozilla/4.0 (compatible; MSIE 7.0; Windows NT 5.2; Trident/4.0; .NET CLR 1.1.4322; .NET CLR 2.0.50727; .NET CLR 3.0.4506.2152; .NET CLR 3.5.30729)',NULL,'en-us',-1563330474,-843923734),(206,NULL,'Mozilla/4.0 (compatible; MSIE 7.0; Windows NT 5.2; Trident/4.0; .NET CLR 1.1.4322; .NET CLR 2.0.50727; .NET CLR 3.0.4506.2152; .NET CLR 3.5.30729; .NET4.0C; .NET4.0E)',NULL,'en-us',-1563330474,-843923731),(207,NULL,'Mozilla/4.0 (compatible; MSIE 7.0; Windows NT 5.2; Trident/4.0; .NET CLR 1.1.4322; .NET CLR 2.0.50727; .NET CLR 3.0.4506.2152; .NET CLR 3.5.30729; .NET4.0C; .NET4.0E)',NULL,'en-us',-1563330474,-843923732),(208,NULL,'Mozilla/4.0 (compatible; MSIE 7.0; Windows NT 5.2; Trident/4.0; .NET CLR 1.1.4322; .NET CLR 2.0.50727; .NET CLR 3.0.4506.2152; .NET CLR 3.5.30729; .NET4.0C; .NET4.0E)',NULL,'en-us',-1563330474,-843923732),(209,NULL,'Mozilla/4.0 (compatible; MSIE 7.0; Windows NT 5.2; Trident/4.0; .NET CLR 1.1.4322; .NET CLR 2.0.50727; .NET CLR 3.0.4506.2152; .NET CLR 3.5.30729; .NET4.0C; .NET4.0E)',NULL,'en-us',-1563330474,-843923732),(210,NULL,'Mozilla/4.0 (compatible; MSIE 7.0; Windows NT 5.2; Trident/4.0; .NET CLR 1.1.4322; .NET CLR 2.0.50727; .NET CLR 3.0.4506.2152; .NET CLR 3.5.30729; .NET4.0C; .NET4.0E)',NULL,'en-us',-1563330474,-843923732),(211,NULL,'Mozilla/4.0 (compatible; MSIE 7.0; Windows NT 5.1; .NET CLR 1.1.4322; .NET CLR 2.0.50727)',NULL,NULL,-1563330474,-843923732),(212,NULL,'Mozilla/4.0 (compatible; MSIE 7.0; Windows NT 5.1; .NET CLR 1.1.4322; .NET CLR 2.0.50727)',NULL,NULL,-1563330474,-843923732),(213,NULL,'Mozilla/5.0 (Windows; U; Windows NT 5.1; en-US; rv:1.8.1.12) Gecko/20080201 Firefox/2.0.0.12',NULL,NULL,-1563330474,-843923732),(214,NULL,'Mozilla/5.0 (Windows; U; Windows NT 5.1; en-US; rv:1.8.1.12) Gecko/20080201 Firefox/2.0.0.12',NULL,NULL,-1563330474,-843923732),(215,NULL,'Mozilla/5.0 (Windows NT 5.1; WOW64) AppleWebKit/537.1 (KHTML, like Gecko) Chrome/23.0.1271.6 Safari/537.11','windows-1251,utf-8;q=0.7,*;q=0.3','it-IT,it;q=0.8,en-US;q=0.6,en;q=0.4',-1563330474,-1007017328),(216,NULL,'Mozilla/5.0 (Windows NT 5.1; WOW64) AppleWebKit/537.1 (KHTML, like Gecko) Chrome/23.0.1271.6 Safari/537.11','windows-1251,utf-8;q=0.7,*;q=0.3','it-IT,it;q=0.8,en-US;q=0.6,en;q=0.4',-1563330474,-1007017328),(217,NULL,'Mozilla/5.0 (Windows NT 6.1) AppleWebKit/537.36 (KHTML, like Gecko) Chrome/32.0.1700.107 Safari/537.36',NULL,'en-US,en;q=0.8,es;q=0.6,gl;q=0.4,pt;q=0.2',-1563330474,854889539),(218,NULL,'Opera/9.80 (Windows NT 6.1; U; ru) Presto/2.8.131 Version/11.10',NULL,NULL,-1563330474,1539837512),(219,NULL,'Opera/9.80 (Windows NT 6.1; U; ru) Presto/2.8.131 Version/11.10',NULL,NULL,-1563330474,1539837512),(220,NULL,'Mozilla/5.0 (Windows; U; Windows NT 5.1; en-US; rv:1.9.0.5) Gecko/2008120122 Firefox/3.0.5',NULL,NULL,-1563330474,-2002187766),(221,'https://www.google.com/','Mozilla/5.0 (Windows NT 6.3; WOW64) AppleWebKit/537.36 (KHTML, like Gecko) Chrome/32.0.1700.107 Safari/537.36',NULL,'en-US,en;q=0.8',-1563330474,394078659),(222,NULL,'Mozilla/5.0 (X11; Ubuntu; Linux i686; rv:14.0; ips-agent) Gecko/20100101 Firefox/14.0.1',NULL,NULL,-1563330474,1161474617),(223,NULL,'Mozilla/5.0 (X11; Ubuntu; Linux i686; rv:14.0; ips-agent) Gecko/20100101 Firefox/14.0.1',NULL,NULL,-1563330474,1161474617),(224,NULL,'BlackBerry9000/4.6.0.167 Profile/MIDP-2.0 Configuration/CLDC-1.1 VendorID/102 ips-agent',NULL,NULL,-1563330474,1161474617),(225,NULL,'Mozilla/5.0 (X11; Ubuntu; Linux i686; rv:14.0; ips-agent) Gecko/20100101 Firefox/14.0.1',NULL,NULL,-1563330474,1161474617),(226,NULL,'Mozilla/5.0 (X11; Ubuntu; Linux i686; rv:14.0; ips-agent) Gecko/20100101 Firefox/14.0.1',NULL,NULL,-1563330474,1161474617),(227,NULL,'Mozilla/5.0 (X11; Ubuntu; Linux i686; rv:14.0; ips-agent) Gecko/20100101 Firefox/14.0.1',NULL,NULL,-1563330474,1161474617),(228,NULL,'Mozilla/5.0 (X11; Ubuntu; Linux i686; rv:14.0; ips-agent) Gecko/20100101 Firefox/14.0.1',NULL,NULL,-1563330474,1161474617),(229,NULL,'Mozilla/5.0 (X11; Ubuntu; Linux i686; rv:14.0; ips-agent) Gecko/20100101 Firefox/14.0.1',NULL,NULL,-1563330474,1161474617),(230,NULL,'Mozilla/5.0 (X11; Ubuntu; Linux i686; rv:14.0; ips-agent) Gecko/20100101 Firefox/14.0.1',NULL,NULL,-1563330474,1161474617),(231,NULL,'BlackBerry9000/4.6.0.167 Profile/MIDP-2.0 Configuration/CLDC-1.1 VendorID/102 ips-agent',NULL,NULL,-1563330474,1161474617),(232,NULL,'Mozilla/5.0 (X11; Ubuntu; Linux i686; rv:14.0; ips-agent) Gecko/20100101 Firefox/14.0.1',NULL,NULL,-1563330474,1161474617),(233,NULL,'Mozilla/5.0 (X11; Ubuntu; Linux i686; rv:14.0; ips-agent) Gecko/20100101 Firefox/14.0.1',NULL,NULL,-1563330474,1161474617),(234,NULL,'Mozilla/5.0 (X11; Ubuntu; Linux i686; rv:14.0; ips-agent) Gecko/20100101 Firefox/14.0.1',NULL,NULL,-1563330474,1161474617),(235,NULL,'Mozilla/5.0 (X11; Ubuntu; Linux i686; rv:14.0; ips-agent) Gecko/20100101 Firefox/14.0.1',NULL,NULL,-1563330474,1161474617),(236,NULL,'Mozilla/5.0 (X11; Ubuntu; Linux i686; rv:14.0; ips-agent) Gecko/20100101 Firefox/14.0.1',NULL,NULL,-1563330474,1161474617),(237,NULL,'Mozilla/5.0 (X11; Ubuntu; Linux i686; rv:14.0; ips-agent) Gecko/20100101 Firefox/14.0.1',NULL,NULL,-1563330474,1161474617),(238,NULL,'Mozilla/5.0 (Macintosh; Intel Mac OS X 10.8; rv:27.0) Gecko/20100101 Firefox/27.0',NULL,'en-US,en;q=0.5',-1563330474,842589284),(239,NULL,'Mozilla/5.0 (compatible; bingbot/2.0; +http://www.bing.com/bingbot.htm)',NULL,NULL,-1563330474,-1657331655),(240,NULL,'Mozilla/5.0 (compatible; bingbot/2.0; +http://www.bing.com/bingbot.htm)',NULL,NULL,-1563330474,-1657331655),(241,NULL,'Mozilla/5.0 (iPhone; CPU iPhone OS 6_0 like Mac OS X) AppleWebKit/536.26 (KHTML, like Gecko) Version/6.0 Mobile/10A5376e Safari/8536.25 (compatible; Googlebot/2.1; +http://www.google.com/bot.html)',NULL,NULL,-1563330474,1123631636),(242,NULL,'Mozilla/5.0 (compatible; bingbot/2.0; +http://www.bing.com/bingbot.htm)',NULL,NULL,-1563330474,-1657331655),(243,NULL,'Mozilla/4.0 (compatible; MSIE 6.0; Windows NT 5.1; SV1; Mozilla/4.0 (compatible; MSIE 6.0; Windows NT 5.1; SV1) )',NULL,NULL,-1563330474,1943876873),(244,NULL,'Mozilla/5.0 (iPhone; CPU iPhone OS 6_0 like Mac OS X) AppleWebKit/536.26 (KHTML, like Gecko) Version/6.0 Mobile/10A5376e Safari/8536.25 (compatible; Googlebot/2.1; +http://www.google.com/bot.html)',NULL,NULL,-1563330474,1123631149),(245,NULL,'Mozilla/5.0 (compatible; bingbot/2.0; +http://www.bing.com/bingbot.htm)',NULL,NULL,-1563330474,-1657250653),(246,NULL,'Mozilla/5.0 (compatible; bingbot/2.0; +http://www.bing.com/bingbot.htm)',NULL,NULL,-1563330474,-1657250653),(247,'https://www.google.tn/','Mozilla/5.0 (Windows NT 6.1; WOW64) AppleWebKit/537.36 (KHTML, like Gecko) Chrome/33.0.1750.117 Safari/537.36',NULL,'fr-FR,fr;q=0.8,en-US;q=0.6,en;q=0.4',-1563330474,702769120),(248,NULL,'Mozilla/5.0 (iPhone; CPU iPhone OS 6_0 like Mac OS X) AppleWebKit/536.26 (KHTML, like Gecko) Version/6.0 Mobile/10A5376e Safari/8536.25 (compatible; Googlebot/2.1; +http://www.google.com/bot.html)',NULL,NULL,-1563330474,1123633940),(249,NULL,'Mozilla/5.0 (iPhone; CPU iPhone OS 6_0 like Mac OS X) AppleWebKit/536.26 (KHTML, like Gecko) Version/6.0 Mobile/10A5376e Safari/8536.25 (compatible; Googlebot/2.1; +http://www.google.com/bot.html)',NULL,NULL,-1563330474,1123633940),(250,'https://www.google.tn/','Mozilla/5.0 (Linux; Android 4.1.2; LT26i Build/6.2.B.0.200) AppleWebKit/537.36 (KHTML, like Gecko) Chrome/32.0.1700.99 Mobile Safari/537.36',NULL,'fr-FR,fr;q=0.8,en-US;q=0.6,en;q=0.4',-1563330474,-989760242),(251,NULL,'Mozilla/4.0 (compatible; MSIE 6.0; Windows NT 5.1; SV1)',NULL,NULL,-1563330474,1943876873),(252,NULL,'Mozilla/4.0 (compatible; MSIE 6.0; Windows NT 5.1; SV1)',NULL,NULL,-1563330474,1943876873),(253,'http://whois.domaintools.com/jdsluggage.com','Mozilla/5.0 (Windows; U; Windows NT 5.1; en; rv:1.9.0.13) Gecko/2009073022 Firefox/3.5.2 (.NET CLR 3.5.30729) SurveyBot/2.3 (DomainTools)',NULL,'en-us,fr-be;q=0.5',-1563330474,1089905086),(254,NULL,'Mozilla/5.0 (iPhone; CPU iPhone OS 6_0 like Mac OS X) AppleWebKit/536.26 (KHTML, like Gecko) Version/6.0 Mobile/10A5376e Safari/8536.25 (compatible; Googlebot/2.1; +http://www.google.com/bot.html)',NULL,NULL,-1563330474,1123633940),(255,NULL,'Mozilla/5.0 (compatible; bingbot/2.0; +http://www.bing.com/bingbot.htm)',NULL,NULL,-1563330474,-1657331351),(256,NULL,'Mozilla/5.0 (compatible; bingbot/2.0; +http://www.bing.com/bingbot.htm)',NULL,NULL,-1563330474,-1657331351),(257,NULL,'Mozilla/5.0 (iPhone; CPU iPhone OS 6_0 like Mac OS X) AppleWebKit/536.26 (KHTML, like Gecko) Version/6.0 Mobile/10A5376e Safari/8536.25 (compatible; Googlebot/2.1; +http://www.google.com/bot.html)',NULL,NULL,-1563330474,1123633940),(258,NULL,'Mozilla/4.0 (compatible; MSIE 6.0; Windows NT 5.1; SV1)',NULL,NULL,-1563330474,-661157597),(259,NULL,'Mozilla/4.0 (compatible; MSIE 6.0; Windows NT 5.1; SV1)',NULL,NULL,-1563330474,-661157597),(260,NULL,'Mozilla/4.0 (compatible; MSIE 6.0; Windows NT 5.1; SV1)',NULL,NULL,-1563330474,-661157597),(261,NULL,'Mozilla/4.0 (compatible; MSIE 6.0; Windows NT 5.1; SV1)',NULL,NULL,-1563330474,-661157597),(262,NULL,'Mozilla/4.0 (compatible; MSIE 6.0; Windows NT 5.1; SV1)',NULL,NULL,-1563330474,-661157597),(263,NULL,'Mozilla/4.0 (compatible; MSIE 6.0; Windows NT 5.1; SV1)',NULL,NULL,-1563330474,-661157597),(264,NULL,'Mozilla/4.0 (compatible; MSIE 6.0; Windows NT 5.1; SV1)',NULL,NULL,-1563330474,-661157597),(265,NULL,'Mozilla/4.0 (compatible; MSIE 6.0; Windows NT 5.1; SV1)',NULL,NULL,-1563330474,-661157597),(266,NULL,'Mozilla/4.0 (compatible; MSIE 6.0; Windows NT 5.1; SV1)',NULL,NULL,-1563330474,-661157597),(267,NULL,'Mozilla/4.0 (compatible; MSIE 6.0; Windows NT 5.1; SV1)',NULL,NULL,-1563330474,-661157597),(268,NULL,'Mozilla/4.0 (compatible; MSIE 6.0; Windows NT 5.1; SV1)',NULL,NULL,-1563330474,-661157597),(269,NULL,'Mozilla/4.0 (compatible; MSIE 6.0; Windows NT 5.1; SV1)',NULL,NULL,-1563330474,-661157597),(270,NULL,'Mozilla/4.0 (compatible; MSIE 6.0; Windows NT 5.1; SV1)',NULL,NULL,-1563330474,-661157597),(271,NULL,'Mozilla/4.0 (compatible; MSIE 6.0; Windows NT 5.1; SV1)',NULL,NULL,-1563330474,-661157597),(272,NULL,'Mozilla/4.0 (compatible; MSIE 6.0; Windows NT 5.1; SV1)',NULL,NULL,-1563330474,-661157597),(273,NULL,'Mozilla/4.0 (compatible; MSIE 6.0; Windows NT 5.1; SV1)',NULL,NULL,-1563330474,-661157597),(274,NULL,'Mozilla/4.0 (compatible; MSIE 6.0; Windows NT 5.1; SV1)',NULL,NULL,-1563330474,-661157597),(275,NULL,'Mozilla/4.0 (compatible; MSIE 6.0; Windows NT 5.1; SV1)',NULL,NULL,-1563330474,-661157597),(276,NULL,'Mozilla/4.0 (compatible; MSIE 6.0; Windows NT 5.1; SV1)',NULL,NULL,-1563330474,-661157597),(277,NULL,'Mozilla/4.0 (compatible; MSIE 6.0; Windows NT 5.1; SV1)',NULL,NULL,-1563330474,-661157597),(278,NULL,'Mozilla/4.0 (compatible; MSIE 6.0; Windows NT 5.1; SV1)',NULL,NULL,-1563330474,-661157597),(279,NULL,'Mozilla/4.0 (compatible; MSIE 6.0; Windows NT 5.1; SV1)',NULL,NULL,-1563330474,-661157597),(280,NULL,'Mozilla/4.0 (compatible; MSIE 6.0; Windows NT 5.1; SV1)',NULL,NULL,-1563330474,-661157597),(281,NULL,'Mozilla/4.0 (compatible; MSIE 6.0; Windows NT 5.1; SV1)',NULL,NULL,-1563330474,-661157597),(282,NULL,'Mozilla/4.0 (compatible; MSIE 6.0; Windows NT 5.1; SV1)',NULL,NULL,-1563330474,-661157597),(283,NULL,'Mozilla/4.0 (compatible; MSIE 6.0; Windows NT 5.1; SV1)',NULL,NULL,-1563330474,-661157597),(284,NULL,'Mozilla/4.0 (compatible; MSIE 6.0; Windows NT 5.1; SV1)',NULL,NULL,-1563330474,-661157597),(285,NULL,'Mozilla/4.0 (compatible; MSIE 6.0; Windows NT 5.1; SV1)',NULL,NULL,-1563330474,-661157597),(286,NULL,'Mozilla/4.0 (compatible; MSIE 6.0; Windows NT 5.1; SV1)',NULL,NULL,-1563330474,-661157597),(287,NULL,'Mozilla/4.0 (compatible; MSIE 6.0; Windows NT 5.1; SV1)',NULL,NULL,-1563330474,-661157597),(288,NULL,'Mozilla/4.0 (compatible; MSIE 6.0; Windows NT 5.1; SV1)',NULL,NULL,-1563330474,-661157597),(289,NULL,'Mozilla/4.0 (compatible; MSIE 6.0; Windows NT 5.1; SV1)',NULL,NULL,-1563330474,-661157597),(290,NULL,'Mozilla/4.0 (compatible; MSIE 6.0; Windows NT 5.1; SV1)',NULL,NULL,-1563330474,-661157597),(291,NULL,'Mozilla/4.0 (compatible; MSIE 6.0; Windows NT 5.1; SV1)',NULL,NULL,-1563330474,-661157597),(292,NULL,'Mozilla/4.0 (compatible; MSIE 6.0; Windows NT 5.1; SV1)',NULL,NULL,-1563330474,-661157597),(293,NULL,'Mozilla/4.0 (compatible; MSIE 6.0; Windows NT 5.1; SV1)',NULL,NULL,-1563330474,-661157597),(294,NULL,'Mozilla/4.0 (compatible; MSIE 6.0; Windows NT 5.1; SV1)',NULL,NULL,-1563330474,-661157597),(295,NULL,'Mozilla/4.0 (compatible; MSIE 6.0; Windows NT 5.1; SV1)',NULL,NULL,-1563330474,-661157597),(296,NULL,'Mozilla/4.0 (compatible; MSIE 6.0; Windows NT 5.1; SV1)',NULL,NULL,-1563330474,-661157597),(297,NULL,'Mozilla/4.0 (compatible; MSIE 6.0; Windows NT 5.1; SV1)',NULL,NULL,-1563330474,-661157597),(298,NULL,'Mozilla/4.0 (compatible; MSIE 6.0; Windows NT 5.1; SV1)',NULL,NULL,-1563330474,-661157597),(299,NULL,'Mozilla/5.0 (Linux; Android 4.3; es-us; SAMSUNG SGH-M919 Build/JSS15J) AppleWebKit/537.36 (KHTML, like Gecko) Version/1.5 Chrome/28.0.1500.94 Mobile Safari/537.36',NULL,'es-US,es;q=0.8,en-US;q=0.6,en;q=0.4',-1563330474,-1405609030),(300,NULL,'Mozilla/5.0 (Windows NT 6.1) AppleWebKit/537.36 (KHTML, like Gecko) Chrome/33.0.1750.117 Safari/537.36',NULL,'en-US,en;q=0.8,es;q=0.6,gl;q=0.4,pt;q=0.2',-1563330474,1660075015),(301,NULL,'Mozilla/5.0 (compatible; meanpathbot/1.0; +http://www.meanpath.com/meanpathbot.html)',NULL,NULL,-1563330474,-971291709),(302,NULL,'Mozilla/5.0 (compatible; meanpathbot/1.0; +http://www.meanpath.com/meanpathbot.html)',NULL,NULL,-1563330474,-971291709),(303,NULL,'Mozilla/5.0 (compatible; bingbot/2.0; +http://www.bing.com/bingbot.htm)',NULL,NULL,-1563330474,1094136949),(304,NULL,'Mozilla/5.0 (compatible; bingbot/2.0; +http://www.bing.com/bingbot.htm)',NULL,NULL,-1563330474,1094136949),(305,NULL,'Mozilla/5.0 (compatible; MSIE 9.0; Windows NT 6.1; Trident/5.0;  WOW64;  Trident/5.0)',NULL,'en-US',-1563330474,-2080565179),(306,'http://semalt.com/crawler.php?u=http://jdsluggage.com','Mozilla/5.0 (Windows NT 6.1; WOW64) AppleWebKit/537.36 (KHTML, like Gecko) Chrome/32.0.1700.107 Safari/537.36',NULL,'pt-BR,en,*',-1563330474,-1123289116),(307,'http://semalt.com/crawler.php?u=http://jdsluggage.com','Mozilla/5.0 (Windows NT 6.1; WOW64) AppleWebKit/537.36 (KHTML, like Gecko) Chrome/32.0.1700.107 Safari/537.36',NULL,'pt-BR,en,*',-1563330474,-1279247080),(308,NULL,'Mozilla/4.0 (compatible; MSIE 6.0; Windows NT 5.1)',NULL,NULL,-1563330474,-971281037),(309,'http://semalt.com/crawler.php?u=http://jdsluggage.com','Mozilla/5.0 (Windows NT 6.1; WOW64) AppleWebKit/537.36 (KHTML, like Gecko) Chrome/32.0.1700.107 Safari/537.36',NULL,'pt-BR,en,*',-1563330474,-1317124597),(310,NULL,'Mozilla/5.0 (iPhone; CPU iPhone OS 6_0 like Mac OS X) AppleWebKit/536.26 (KHTML, like Gecko) Version/6.0 Mobile/10A5376e Safari/8536.25 (compatible; Googlebot/2.1; +http://www.google.com/bot.html)',NULL,NULL,-1563330474,1123633940),(311,'http://semalt.com/crawler.php?u=http://jdsluggage.com','Mozilla/5.0 (Windows NT 6.1; WOW64) AppleWebKit/537.36 (KHTML, like Gecko) Chrome/32.0.1700.107 Safari/537.36',NULL,'es-ES,en,*',-1563330474,1521214941),(312,NULL,'panscient.com',NULL,NULL,-1563330474,1626480513),(313,NULL,'panscient.com',NULL,'en',-1563330474,1626480513),(314,NULL,'panscient.com',NULL,NULL,-1563330474,1626480513),(315,NULL,'panscient.com',NULL,'en',-1563330474,1626480513),(316,NULL,'panscient.com',NULL,'en',-1563330474,1626480513),(317,NULL,'panscient.com',NULL,'en',-1563330474,1626480513),(318,NULL,'panscient.com',NULL,'en',-1563330474,1626480513),(319,NULL,'panscient.com',NULL,'en',-1563330474,1626480513),(320,NULL,'panscient.com',NULL,'en',-1563330474,1626480513),(321,NULL,'panscient.com',NULL,'en',-1563330474,1626480513),(322,NULL,'panscient.com',NULL,'en',-1563330474,1626480513),(323,NULL,'panscient.com',NULL,'en',-1563330474,1626480513),(324,NULL,'panscient.com',NULL,'en',-1563330474,1626480513),(325,NULL,'panscient.com',NULL,NULL,-1563330474,1626480513),(326,NULL,'panscient.com',NULL,'en',-1563330474,1626480513),(327,NULL,'panscient.com',NULL,'en',-1563330474,1626480513),(328,NULL,'panscient.com',NULL,'en',-1563330474,1626480513),(329,NULL,'panscient.com',NULL,'en',-1563330474,1626480513),(330,NULL,'panscient.com',NULL,'en',-1563330474,1626480513),(331,NULL,'panscient.com',NULL,'en',-1563330474,1626480513),(332,NULL,'panscient.com',NULL,'en',-1563330474,1626480513),(333,NULL,'panscient.com',NULL,'en',-1563330474,1626480513),(334,NULL,'panscient.com',NULL,NULL,-1563330474,1626480513),(335,NULL,'panscient.com',NULL,'en',-1563330474,1626480513),(336,NULL,'panscient.com',NULL,'en',-1563330474,1626480513),(337,NULL,'panscient.com',NULL,'en',-1563330474,1626480513),(338,NULL,'panscient.com',NULL,'en',-1563330474,1626480513),(339,'http://semalt.com/crawler.php?u=http://jdsluggage.com','Mozilla/5.0 (Windows NT 6.1; WOW64) AppleWebKit/537.36 (KHTML, like Gecko) Chrome/32.0.1700.107 Safari/537.36',NULL,'es-AR,en,*',-1563330474,-1164340358),(340,'https://www.google.ru/','Mozilla/5.0 (Windows NT 6.0) AppleWebKit/537.36 (KHTML, like Gecko) Chrome/33.0.1750.117 Safari/537.36',NULL,'ru-RU,ru;q=0.8,en-US;q=0.6,en;q=0.4',-1563330474,-1299441679),(341,'http://jdsluggage.com/index.php/?dir=asc&order=name','Mozilla/5.0 (Windows NT 6.1; WOW64) AppleWebKit/537.11 (KHTML, like Gecko) Chrome/23.0.1271.64 Safari/537.11',NULL,NULL,-1563330474,-1328282711),(342,NULL,'Mozilla/5.0 (compatible; bingbot/2.0; +http://www.bing.com/bingbot.htm)',NULL,NULL,-1563330474,-1657331350),(343,'http://semalt.com/crawler.php?u=http://jdsluggage.com','Mozilla/5.0 (Windows NT 6.1; WOW64) AppleWebKit/537.36 (KHTML, like Gecko) Chrome/32.0.1700.107 Safari/537.36',NULL,'sr-CS,en,*',-1563330474,-1140678057),(344,NULL,'Mozilla/5.0 (compatible; bingbot/2.0; +http://www.bing.com/bingbot.htm)',NULL,NULL,-1563330474,-1657331350),(345,'http://semalt.com/crawler.php?u=http://jdsluggage.com','Mozilla/5.0 (Windows NT 6.1; WOW64) AppleWebKit/537.36 (KHTML, like Gecko) Chrome/32.0.1700.107 Safari/537.36',NULL,'pt-BR,en,*',-1563330474,-1159645766),(346,NULL,'Mozilla/5.0 (iPhone; CPU iPhone OS 6_0 like Mac OS X) AppleWebKit/536.26 (KHTML, like Gecko) Version/6.0 Mobile/10A5376e Safari/8536.25 (compatible; Googlebot/2.1; +http://www.google.com/bot.html)',NULL,NULL,-1563330474,1123633940),(347,'http://semalt.com/crawler.php?u=http://jdsluggage.com','Mozilla/5.0 (Windows NT 6.1; WOW64) AppleWebKit/537.36 (KHTML, like Gecko) Chrome/32.0.1700.107 Safari/537.36',NULL,'en-US,*',-1563330474,1824778801),(348,'http://www.jdsluggage.com/','Mozilla/4.0 (compatible; MSIE 8.0; Windows NT 6.0)',NULL,NULL,-1563330474,-1206506812),(349,'http://jdsluggage.com/index.php/contacts/','Mozilla/4.0 (compatible; MSIE 8.0; Windows NT 6.0)',NULL,NULL,-1563330474,-1206506812),(350,NULL,'Mozilla/5.0 (compatible; bingbot/2.0; +http://www.bing.com/bingbot.htm)',NULL,NULL,-1563330474,-1657330639),(351,NULL,'Mozilla/5.0 (compatible; bingbot/2.0; +http://www.bing.com/bingbot.htm)',NULL,NULL,-1563330474,-1657330639),(352,'http://semalt.com/crawler.php?u=http://jdsluggage.com','Mozilla/5.0 (Windows NT 6.1; WOW64) AppleWebKit/537.36 (KHTML, like Gecko) Chrome/32.0.1700.107 Safari/537.36',NULL,'en-US,*',-1563330474,2079194342),(353,'http://semalt.com/crawler.php?u=http://jdsluggage.com','Mozilla/5.0 (Windows NT 6.1; WOW64) AppleWebKit/537.36 (KHTML, like Gecko) Chrome/32.0.1700.107 Safari/537.36',NULL,'pt-BR,en,*',-1563330474,-1285010302),(354,'http://semalt.com/crawler.php?u=http://jdsluggage.com','Mozilla/5.0 (Windows NT 6.1; WOW64) AppleWebKit/537.36 (KHTML, like Gecko) Chrome/32.0.1700.107 Safari/537.36',NULL,'it-IT,en,*',-1563330474,-1014582063),(355,'http://semalt.com/crawler.php?u=http://jdsluggage.com','Mozilla/5.0 (Windows NT 6.1; WOW64) AppleWebKit/537.36 (KHTML, like Gecko) Chrome/32.0.1700.107 Safari/537.36',NULL,'pt-BR,en,*',-1563330474,-916896968),(356,'http://semalt.com/crawler.php?u=http://jdsluggage.com','Mozilla/5.0 (Windows NT 6.1; WOW64) AppleWebKit/537.36 (KHTML, like Gecko) Chrome/32.0.1700.107 Safari/537.36',NULL,'el-GR,en,*',-1563330474,1506952445),(357,NULL,'Mozilla/5.0 (iPhone; CPU iPhone OS 6_0 like Mac OS X) AppleWebKit/536.26 (KHTML, like Gecko) Version/6.0 Mobile/10A5376e Safari/8536.25 (compatible; Googlebot/2.1; +http://www.google.com/bot.html)',NULL,NULL,-1563330474,1123633940),(358,NULL,'Mozilla/5.0 (compatible; bingbot/2.0; +http://www.bing.com/bingbot.htm)',NULL,NULL,-1563330474,-1657331409),(359,NULL,'Mozilla/5.0 (compatible; bingbot/2.0; +http://www.bing.com/bingbot.htm)',NULL,NULL,-1563330474,-1657331409),(360,'http://semalt.com/crawler.php?u=http://jdsluggage.com','Mozilla/5.0 (Windows NT 6.1; WOW64) AppleWebKit/537.36 (KHTML, like Gecko) Chrome/32.0.1700.107 Safari/537.36',NULL,'pt-BR,en,*',-1563330474,-1325255200),(361,'http://semalt.com/crawler.php?u=http://jdsluggage.com','Mozilla/5.0 (Windows NT 6.1; WOW64) AppleWebKit/537.36 (KHTML, like Gecko) Chrome/32.0.1700.107 Safari/537.36',NULL,'pt-BR,en,*',-1563330474,-1313376110),(362,'http://semalt.com/crawler.php?u=http://jdsluggage.com','Mozilla/5.0 (Windows NT 6.1; WOW64) AppleWebKit/537.36 (KHTML, like Gecko) Chrome/32.0.1700.107 Safari/537.36',NULL,'en-US,*',-1563330474,1089334990),(363,NULL,'Mozilla/4.0 (compatible; MSIE 6.0; Windows NT 5.1; SV1)',NULL,NULL,-1563330474,-971281039),(364,NULL,'Mozilla/5.0 (iPhone; CPU iPhone OS 6_0 like Mac OS X) AppleWebKit/536.26 (KHTML, like Gecko) Version/6.0 Mobile/10A5376e Safari/8536.25 (compatible; Googlebot/2.1; +http://www.google.com/bot.html)',NULL,NULL,-1563330474,1123633940),(365,NULL,'Mozilla/4.0 (compatible; MSIE 6.0; Windows NT 5.1; SV1)',NULL,NULL,-1563330474,-969756505),(366,'http://jdsluggage.com/index.php/review/product/list/id/44/','Mozilla/5.0 (Windows NT 6.1; WOW64) AppleWebKit/537.4 (KHTML, like Gecko) Chrome/22.0.1229.94 Safari/537.4',NULL,NULL,-1563330474,-661062846),(367,NULL,'Mozilla/5.0 (compatible; bingbot/2.0; +http://www.bing.com/bingbot.htm)',NULL,NULL,-1563330474,-1657215500),(368,NULL,'Mozilla/5.0 (compatible; bingbot/2.0; +http://www.bing.com/bingbot.htm)',NULL,NULL,-1563330474,-1657215500),(369,'http://jdsluggage.com/index.php/?dir=asc&order=name','Mozilla/5.0 (Windows NT 5.1) AppleWebKit/537.11 (KHTML, like Gecko) Chrome/23.0.1271.95 Safari/537.11',NULL,NULL,-1563330474,-1299353876),(370,'http://semalt.com/crawler.php?u=http://jdsluggage.com','Mozilla/5.0 (Windows NT 6.1; WOW64) AppleWebKit/537.36 (KHTML, like Gecko) Chrome/32.0.1700.107 Safari/537.36',NULL,'pt-BR,en,*',-1563330474,-1310994671),(371,NULL,'Mozilla/5.0 (iPhone; CPU iPhone OS 6_0 like Mac OS X) AppleWebKit/536.26 (KHTML, like Gecko) Version/6.0 Mobile/10A5376e Safari/8536.25 (compatible; Googlebot/2.1; +http://www.google.com/bot.html)',NULL,NULL,-1563330474,1123633940),(372,NULL,'Mozilla/5.0 (compatible; bingbot/2.0; +http://www.bing.com/bingbot.htm)',NULL,NULL,-1563330474,533888855),(373,'http://semalt.com/crawler.php?u=http://jdsluggage.com','Mozilla/5.0 (Windows NT 6.1; WOW64) AppleWebKit/537.36 (KHTML, like Gecko) Chrome/32.0.1700.107 Safari/537.36',NULL,'en-US,*',-1563330474,1218455388),(374,'http://semalt.com/crawler.php?u=http://jdsluggage.com','Mozilla/5.0 (Windows NT 6.1; WOW64) AppleWebKit/537.36 (KHTML, like Gecko) Chrome/32.0.1700.107 Safari/537.36',NULL,'pt-BR,en,*',-1563330474,-1119948590),(375,'http://www.google.com/search','Mozilla/5.0 (X11; Linux x86_64) AppleWebKit/537.36 (KHTML, like Gecko; Google Web Preview) Chrome/27.0.1453 Safari/537.36',NULL,NULL,-1563330474,1123637258),(376,'http://jdsluggage.com/index.php/?dir=asc&order=name','Opera/9.80 (Windows NT 6.1; Win64; x64; Edition Yx) Presto/2.12.388 Version/12.11',NULL,NULL,-1563330474,-1328282711),(377,NULL,'Mozilla/4.0 (compatible; MSIE 6.0; Windows 98; Win 9x4.90)',NULL,NULL,-1563330474,-1341574614),(378,'http://semalt.com/crawler.php?u=http://jdsluggage.com','Mozilla/5.0 (Windows NT 6.1; WOW64) AppleWebKit/537.36 (KHTML, like Gecko) Chrome/32.0.1700.107 Safari/537.36',NULL,'pt-BR,en,*',-1563330474,-1150718410),(379,NULL,'Mozilla/5.0 (iPhone; CPU iPhone OS 6_0 like Mac OS X) AppleWebKit/536.26 (KHTML, like Gecko) Version/6.0 Mobile/10A5376e Safari/8536.25 (compatible; Googlebot/2.1; +http://www.google.com/bot.html)',NULL,NULL,-1563330474,1123633940),(380,'http://semalt.com/crawler.php?u=http://jdsluggage.com','Mozilla/5.0 (Windows NT 6.1; WOW64) AppleWebKit/537.36 (KHTML, like Gecko) Chrome/32.0.1700.107 Safari/537.36',NULL,'pt-BR,en,*',-1563330474,-926701638),(381,'http://semalt.com/crawler.php?u=http://jdsluggage.com','Mozilla/5.0 (Windows NT 6.1; WOW64) AppleWebKit/537.36 (KHTML, like Gecko) Chrome/32.0.1700.107 Safari/537.36',NULL,'zh-CN,en,*',-1563330474,1268527163),(382,'http://semalt.com/crawler.php?u=http://jdsluggage.com','Mozilla/5.0 (Windows NT 6.1; WOW64) AppleWebKit/537.36 (KHTML, like Gecko) Chrome/32.0.1700.107 Safari/537.36',NULL,'bs-BA,en,*',-1563330474,-1540823623),(383,NULL,'facebookexternalhit/1.1 (+http://www.facebook.com/externalhit_uatext.php)',NULL,NULL,-1563330474,-1375967887),(384,NULL,'Mozilla/5.0 (iPhone; CPU iPhone OS 6_0 like Mac OS X) AppleWebKit/536.26 (KHTML, like Gecko) Version/6.0 Mobile/10A5376e Safari/8536.25 (compatible; Googlebot/2.1; +http://www.google.com/bot.html)',NULL,NULL,-1563330474,1123633940),(385,'http://semalt.com/crawler.php?u=http://jdsluggage.com','Mozilla/5.0 (Windows NT 6.1; WOW64) AppleWebKit/537.36 (KHTML, like Gecko) Chrome/32.0.1700.107 Safari/537.36',NULL,'it-IT,en,*',-1563330474,-1758256004),(386,'http://semalt.com/crawler.php?u=http://jdsluggage.com','Mozilla/5.0 (Windows NT 6.1; WOW64) AppleWebKit/537.36 (KHTML, like Gecko) Chrome/32.0.1700.107 Safari/537.36',NULL,'fr-CH,en,*',-1563330474,1426139775),(387,'http://semalt.com/crawler.php?u=http://jdsluggage.com','Mozilla/5.0 (Windows NT 6.1; WOW64) AppleWebKit/537.36 (KHTML, like Gecko) Chrome/32.0.1700.107 Safari/537.36',NULL,'pt-BR,en,*',-1563330474,-1077915100),(388,'http://semalt.com/crawler.php?u=http://jdsluggage.com','Mozilla/5.0 (Windows NT 6.1; WOW64) AppleWebKit/537.36 (KHTML, like Gecko) Chrome/32.0.1700.107 Safari/537.36',NULL,'pt-BR,en,*',-1563330474,-921716713),(389,'http://semalt.com/crawler.php?u=http://jdsluggage.com','Mozilla/5.0 (Windows NT 6.1; WOW64) AppleWebKit/537.36 (KHTML, like Gecko) Chrome/32.0.1700.107 Safari/537.36',NULL,'pt-BR,en,*',-1563330474,-1117095816),(390,NULL,'Mozilla/5.0 (compatible; bingbot/2.0; +http://www.bing.com/bingbot.htm)',NULL,NULL,-1563330474,-1657330866),(391,'http://semalt.com/crawler.php?u=http://jdsluggage.com','Mozilla/5.0 (Windows NT 6.1; WOW64) AppleWebKit/537.36 (KHTML, like Gecko) Chrome/32.0.1700.107 Safari/537.36',NULL,'pt-BR,en,*',-1563330474,-932723825),(392,NULL,'Mozilla/5.0 (compatible; bingbot/2.0; +http://www.bing.com/bingbot.htm)',NULL,NULL,-1563330474,-1657330866),(393,'http://semalt.com/crawler.php?u=http://jdsluggage.com','Mozilla/5.0 (Windows NT 6.1; WOW64) AppleWebKit/537.36 (KHTML, like Gecko) Chrome/32.0.1700.107 Safari/537.36',NULL,'pt-BR,en,*',-1563330474,-1280191808),(394,'http://semalt.com/crawler.php?u=http://jdsluggage.com','Mozilla/5.0 (Windows NT 6.1; WOW64) AppleWebKit/537.36 (KHTML, like Gecko) Chrome/32.0.1700.107 Safari/537.36',NULL,'pt-BR,en,*',-1563330474,-1322460926),(395,NULL,'Mozilla/5.0 (iPhone; CPU iPhone OS 6_0 like Mac OS X) AppleWebKit/536.26 (KHTML, like Gecko) Version/6.0 Mobile/10A5376e Safari/8536.25 (compatible; Googlebot/2.1; +http://www.google.com/bot.html)',NULL,NULL,-1563330474,1123633940),(396,'http://semalt.com/crawler.php?u=http://jdsluggage.com','Mozilla/5.0 (Windows NT 6.1; WOW64) AppleWebKit/537.36 (KHTML, like Gecko) Chrome/32.0.1700.107 Safari/537.36',NULL,'pt-BR,en,*',-1563330474,-1120420813),(397,'http://semalt.com/crawler.php?u=http://jdsluggage.com','Mozilla/5.0 (Windows NT 6.1; WOW64) AppleWebKit/537.36 (KHTML, like Gecko) Chrome/32.0.1700.107 Safari/537.36',NULL,'pt-BR,en,*',-1563330474,-1320884404),(398,'http://semalt.com/crawler.php?u=http://jdsluggage.com','Mozilla/5.0 (Windows NT 6.1; WOW64) AppleWebKit/537.36 (KHTML, like Gecko) Chrome/32.0.1700.107 Safari/537.36',NULL,'pt-BR,en,*',-1563330474,-1316666820),(399,'http://semalt.com/crawler.php?u=http://jdsluggage.com','Mozilla/5.0 (Windows NT 6.1; WOW64) AppleWebKit/537.36 (KHTML, like Gecko) Chrome/32.0.1700.107 Safari/537.36',NULL,'pt-BR,en,*',-1563330474,-921568090),(400,'http://semalt.com/crawler.php?u=http://jdsluggage.com','Mozilla/5.0 (Windows NT 6.1; WOW64) AppleWebKit/537.36 (KHTML, like Gecko) Chrome/32.0.1700.107 Safari/537.36',NULL,'pt-BR,en,*',-1563330474,-920845875),(401,'http://semalt.com/crawler.php?u=http://jdsluggage.com','Mozilla/5.0 (Windows NT 6.1; WOW64) AppleWebKit/537.36 (KHTML, like Gecko) Chrome/32.0.1700.107 Safari/537.36',NULL,'pt-BR,en,*',-1563330474,-919917127),(402,'http://semalt.com/crawler.php?u=http://jdsluggage.com','Mozilla/5.0 (Windows NT 6.1; WOW64) AppleWebKit/537.36 (KHTML, like Gecko) Chrome/32.0.1700.107 Safari/537.36',NULL,'pt-BR,en,*',-1563330474,-1154653954),(403,'http://semalt.com/crawler.php?u=http://jdsluggage.com','Mozilla/5.0 (Windows NT 6.1; WOW64) AppleWebKit/537.36 (KHTML, like Gecko) Chrome/32.0.1700.107 Safari/537.36',NULL,'pt-BR,en,*',-1563330474,-1316011606),(404,'http://semalt.com/crawler.php?u=http://jdsluggage.com','Mozilla/5.0 (Windows NT 6.1; WOW64) AppleWebKit/537.36 (KHTML, like Gecko) Chrome/32.0.1700.107 Safari/537.36',NULL,'es-MX,en,*',-1563330474,-906814554),(405,'http://semalt.com/crawler.php?u=http://jdsluggage.com','Mozilla/5.0 (Windows NT 6.1; WOW64) AppleWebKit/537.36 (KHTML, like Gecko) Chrome/32.0.1700.107 Safari/537.36',NULL,'en-US,*',-1563330474,-783706979),(406,'http://semalt.com/crawler.php?u=http://jdsluggage.com','Mozilla/5.0 (Windows NT 6.1; WOW64) AppleWebKit/537.36 (KHTML, like Gecko) Chrome/32.0.1700.107 Safari/537.36',NULL,'pt-BR,en,*',-1563330474,-929735479),(407,NULL,'Mozilla/5.0 (iPhone; CPU iPhone OS 6_0 like Mac OS X) AppleWebKit/536.26 (KHTML, like Gecko) Version/6.0 Mobile/10A5376e Safari/8536.25 (compatible; Googlebot/2.1; +http://www.google.com/bot.html)',NULL,NULL,-1563330474,1123634186),(408,'http://semalt.com/crawler.php?u=http://jdsluggage.com','Mozilla/5.0 (Windows NT 6.1; WOW64) AppleWebKit/537.36 (KHTML, like Gecko) Chrome/32.0.1700.107 Safari/537.36',NULL,'fr-FR,en,*',-1563330474,1456501106),(409,'http://www.netcraft.com/survey/','Mozilla/4.0 (compatible; Netcraft Web Server Survey)',NULL,NULL,-1563330474,-1561103266),(410,'http://semalt.com/crawler.php?u=http://jdsluggage.com','Mozilla/5.0 (Windows NT 6.1; WOW64) AppleWebKit/537.36 (KHTML, like Gecko) Chrome/32.0.1700.107 Safari/537.36',NULL,'pt-BR,en,*',-1563330474,-1316842684),(411,'http://semalt.com/crawler.php?u=http://jdsluggage.com','Mozilla/5.0 (Windows NT 6.1; WOW64) AppleWebKit/537.36 (KHTML, like Gecko) Chrome/32.0.1700.107 Safari/537.36',NULL,'pt-BR,en,*',-1563330474,-1155387019),(412,NULL,'Mozilla/5.0 (iPhone; CPU iPhone OS 6_0 like Mac OS X) AppleWebKit/536.26 (KHTML, like Gecko) Version/6.0 Mobile/10A5376e Safari/8536.25 (compatible; Googlebot/2.1; +http://www.google.com/bot.html)',NULL,NULL,-1563330474,1123634186),(413,'http://semalt.com/crawler.php?u=http://jdsluggage.com','Mozilla/5.0 (Windows NT 6.1; WOW64) AppleWebKit/537.36 (KHTML, like Gecko) Chrome/32.0.1700.107 Safari/537.36',NULL,'pt-BR,en,*',-1563330474,-1281676245),(414,'https://www.google.tn/','Mozilla/5.0 (Windows NT 6.1) AppleWebKit/537.36 (KHTML, like Gecko) Chrome/33.0.1750.146 Safari/537.36',NULL,'fr-FR,fr;q=0.8,en-US;q=0.6,en;q=0.4',-1563330474,-989723031),(415,NULL,'Mozilla/5.0 (compatible; NetSeer crawler/2.0; +http://www.netseer.com/crawler.html; crawler@netseer.com)',NULL,NULL,-1563330474,1264716283),(416,NULL,'Mozilla/5.0 (compatible; NetSeer crawler/2.0; +http://www.netseer.com/crawler.html; crawler@netseer.com)',NULL,NULL,-1563330474,1264716283),(417,'http://semalt.com/crawler.php?u=http://jdsluggage.com','Mozilla/5.0 (Windows NT 6.1; WOW64) AppleWebKit/537.36 (KHTML, like Gecko) Chrome/32.0.1700.107 Safari/537.36',NULL,'pt-BR,en,*',-1563330474,-1152435438),(418,'http://semalt.com/crawler.php?u=http://jdsluggage.com','Mozilla/5.0 (Windows NT 6.1; WOW64) AppleWebKit/537.36 (KHTML, like Gecko) Chrome/32.0.1700.107 Safari/537.36',NULL,'en-ZA,*',-1563330474,1777160242),(419,'http://semalt.com/crawler.php?u=http://jdsluggage.com','Mozilla/5.0 (Windows NT 6.1; WOW64) AppleWebKit/537.36 (KHTML, like Gecko) Chrome/32.0.1700.107 Safari/537.36',NULL,'hr-BA,en,*',-1563330474,1605558591),(420,'http://semalt.com/crawler.php?u=http://jdsluggage.com','Mozilla/5.0 (Windows NT 6.1; WOW64) AppleWebKit/537.36 (KHTML, like Gecko) Chrome/32.0.1700.107 Safari/537.36',NULL,'pt-BR,en,*',-1563330474,-1155943284),(421,'http://semalt.com/crawler.php?u=http://jdsluggage.com','Mozilla/5.0 (Windows NT 6.1; WOW64) AppleWebKit/537.36 (KHTML, like Gecko) Chrome/32.0.1700.107 Safari/537.36',NULL,'pt-BR,en,*',-1563330474,-1315665577),(422,'http://semalt.com/crawler.php?u=http://jdsluggage.com','Mozilla/5.0 (Windows NT 6.1; WOW64) AppleWebKit/537.36 (KHTML, like Gecko) Chrome/32.0.1700.107 Safari/537.36',NULL,'pt-BR,en,*',-1563330474,-1152490388),(423,'http://semalt.com/crawler.php?u=http://jdsluggage.com','Mozilla/5.0 (Windows NT 6.1; WOW64) AppleWebKit/537.36 (KHTML, like Gecko) Chrome/32.0.1700.107 Safari/537.36',NULL,'fr-FR,en,*',-1563330474,-980085838),(424,'http://semalt.com/crawler.php?u=http://jdsluggage.com','Mozilla/5.0 (Windows NT 6.1; WOW64) AppleWebKit/537.36 (KHTML, like Gecko) Chrome/32.0.1700.107 Safari/537.36',NULL,'pt-BR,en,*',-1563330474,-1120258359),(425,'http://semalt.com/crawler.php?u=http://jdsluggage.com','Mozilla/5.0 (Windows NT 6.1; WOW64) AppleWebKit/537.36 (KHTML, like Gecko) Chrome/32.0.1700.107 Safari/537.36',NULL,'es-ES,en,*',-1563330474,-1163199915),(426,'http://semalt.com/crawler.php?u=http://jdsluggage.com','Mozilla/5.0 (Windows NT 6.1; WOW64) AppleWebKit/537.36 (KHTML, like Gecko) Chrome/32.0.1700.107 Safari/537.36',NULL,'pt-BR,en,*',-1563330474,-932738276),(427,'http://semalt.com/crawler.php?u=http://jdsluggage.com','Mozilla/5.0 (Windows NT 6.1; WOW64) AppleWebKit/537.36 (KHTML, like Gecko) Chrome/32.0.1700.107 Safari/537.36',NULL,'es-CO,en,*',-1563330474,-1090800635),(428,'http://semalt.com/crawler.php?u=http://jdsluggage.com','Mozilla/5.0 (Windows NT 6.1; WOW64) AppleWebKit/537.36 (KHTML, like Gecko) Chrome/32.0.1700.107 Safari/537.36',NULL,'pt-BR,en,*',-1563330474,-920513263),(429,'http://semalt.com/crawler.php?u=http://jdsluggage.com','Mozilla/5.0 (Windows NT 6.1; WOW64) AppleWebKit/537.36 (KHTML, like Gecko) Chrome/32.0.1700.107 Safari/537.36',NULL,'pt-BR,en,*',-1563330474,-1285401279),(430,'http://semalt.com/crawler.php?u=http://jdsluggage.com','Mozilla/5.0 (Windows NT 6.1; WOW64) AppleWebKit/537.36 (KHTML, like Gecko) Chrome/32.0.1700.107 Safari/537.36',NULL,'pt-BR,en,*',-1563330474,-1119497587),(431,'http://semalt.com/crawler.php?u=http://jdsluggage.com','Mozilla/5.0 (Windows NT 6.1; WOW64) AppleWebKit/537.36 (KHTML, like Gecko) Chrome/32.0.1700.107 Safari/537.36',NULL,'pt-BR,en,*',-1563330474,-1116529045),(432,'http://semalt.com/crawler.php?u=http://jdsluggage.com','Mozilla/5.0 (Windows NT 6.1; WOW64) AppleWebKit/537.36 (KHTML, like Gecko) Chrome/32.0.1700.107 Safari/537.36',NULL,'pt-BR,en,*',-1563330474,-1320052854),(433,'http://semalt.com/crawler.php?u=http://jdsluggage.com','Mozilla/5.0 (Windows NT 6.1; WOW64) AppleWebKit/537.36 (KHTML, like Gecko) Chrome/32.0.1700.107 Safari/537.36',NULL,'en-US,*',-1563330474,-1319028348),(434,NULL,'Mozilla/5.0 (iPhone; CPU iPhone OS 6_0 like Mac OS X) AppleWebKit/536.26 (KHTML, like Gecko) Version/6.0 Mobile/10A5376e Safari/8536.25 (compatible; Googlebot/2.1; +http://www.google.com/bot.html)',NULL,NULL,-1563330474,1123633940),(435,'http://jdsluggage.com/index.php/?dir=asc&order=name','Mozilla/5.0 (Windows NT 6.0) AppleWebKit/537.11 (KHTML, like Gecko) Chrome/23.0.1271.95 Safari/537.11',NULL,NULL,-1563330474,-1299353928),(436,'http://whois.domaintools.com/jdsluggage.com','Mozilla/5.0 (Windows; U; Windows NT 5.1; en; rv:1.9.0.13) Gecko/2009073022 Firefox/3.5.2 (.NET CLR 3.5.30729) SurveyBot/2.3 (DomainTools)',NULL,'en-us,fr-be;q=0.5',-1563330474,-661583010),(437,NULL,'Mozilla/5.0 (compatible; MSIE 9.0; Windows NT 6.1; Trident/5.0;  WOW64;  Trident/5.0)',NULL,'en-US',-1563330474,-2080565212),(438,NULL,'Mozilla/5.0 (iPhone; CPU iPhone OS 6_0 like Mac OS X) AppleWebKit/536.26 (KHTML, like Gecko) Version/6.0 Mobile/10A5376e Safari/8536.25 (compatible; Googlebot/2.1; +http://www.google.com/bot.html)',NULL,NULL,-1563330474,1123633940),(439,'http://semalt.com/crawler.php?u=http://jdsluggage.com','Mozilla/5.0 (Windows NT 6.1; WOW64) AppleWebKit/537.36 (KHTML, like Gecko) Chrome/32.0.1700.107 Safari/537.36',NULL,'id-ID,en,*',-1563330474,1917783499),(440,'http://semalt.com/crawler.php?u=http://jdsluggage.com','Mozilla/5.0 (Windows NT 6.1; WOW64) AppleWebKit/537.36 (KHTML, like Gecko) Chrome/32.0.1700.107 Safari/537.36',NULL,'es-PE,en,*',-1563330474,-907622278),(441,'https://www.google.com/','Mozilla/5.0 (Windows NT 6.0; WOW64) AppleWebKit/537.36 (KHTML, like Gecko) Chrome/33.0.1750.146 Safari/537.36',NULL,'en-US,en;q=0.8',-1563330474,1188103089),(442,'http://semalt.com/crawler.php?u=http://jdsluggage.com','Mozilla/5.0 (Windows NT 6.1; WOW64) AppleWebKit/537.36 (KHTML, like Gecko) Chrome/32.0.1700.107 Safari/537.36',NULL,'pt-BR,en,*',-1563330474,-1322653671),(443,'https://www.google.com.tr/','Mozilla/5.0 (Windows NT 6.1; WOW64) AppleWebKit/537.36 (KHTML, like Gecko) Chrome/33.0.1750.146 Safari/537.36',NULL,'tr-TR,tr;q=0.8,en-US;q=0.6,en;q=0.4',-1563330474,1492318643),(444,NULL,'Mozilla/4.0 (compatible; MSIE 7.0; Windows NT 5.1; SV1; .NET CLR 2.0.50727) Havij',NULL,NULL,-1563330474,1492318643),(445,NULL,'Mozilla/4.0 (compatible; MSIE 7.0; Windows NT 5.1; SV1; .NET CLR 2.0.50727) Havij',NULL,NULL,-1563330474,1492318643),(446,NULL,'Mozilla/4.0 (compatible; MSIE 7.0; Windows NT 5.1; SV1; .NET CLR 2.0.50727) Havij',NULL,NULL,-1563330474,1492318643),(447,NULL,'Mozilla/4.0 (compatible; MSIE 7.0; Windows NT 5.1; SV1; .NET CLR 2.0.50727) Havij',NULL,NULL,-1563330474,1492318643),(448,NULL,'Mozilla/4.0 (compatible; MSIE 7.0; Windows NT 5.1; SV1; .NET CLR 2.0.50727) Havij',NULL,NULL,-1563330474,1492318643),(449,NULL,'Mozilla/4.0 (compatible; MSIE 7.0; Windows NT 5.1; SV1; .NET CLR 2.0.50727) Havij',NULL,NULL,-1563330474,1492318643),(450,NULL,'Mozilla/4.0 (compatible; MSIE 7.0; Windows NT 5.1; SV1; .NET CLR 2.0.50727) Havij',NULL,NULL,-1563330474,1492318643),(451,NULL,'Mozilla/4.0 (compatible; MSIE 7.0; Windows NT 5.1; SV1; .NET CLR 2.0.50727) Havij',NULL,NULL,-1563330474,1492318643),(452,NULL,'Mozilla/4.0 (compatible; MSIE 7.0; Windows NT 5.1; SV1; .NET CLR 2.0.50727) Havij',NULL,NULL,-1563330474,1492318643),(453,NULL,'Mozilla/4.0 (compatible; MSIE 7.0; Windows NT 5.1; SV1; .NET CLR 2.0.50727) Havij',NULL,NULL,-1563330474,1492318643),(454,NULL,'Mozilla/4.0 (compatible; MSIE 7.0; Windows NT 5.1; SV1; .NET CLR 2.0.50727) Havij',NULL,NULL,-1563330474,1492318643),(455,NULL,'Mozilla/4.0 (compatible; MSIE 7.0; Windows NT 5.1; SV1; .NET CLR 2.0.50727) Havij',NULL,NULL,-1563330474,1492318643),(456,NULL,'Mozilla/4.0 (compatible; MSIE 7.0; Windows NT 5.1; SV1; .NET CLR 2.0.50727) Havij',NULL,NULL,-1563330474,1492318643),(457,NULL,'Mozilla/4.0 (compatible; MSIE 7.0; Windows NT 5.1; SV1; .NET CLR 2.0.50727) Havij',NULL,NULL,-1563330474,1492318643),(458,NULL,'Mozilla/4.0 (compatible; MSIE 7.0; Windows NT 5.1; SV1; .NET CLR 2.0.50727) Havij',NULL,NULL,-1563330474,1492318643),(459,NULL,'Mozilla/4.0 (compatible; MSIE 7.0; Windows NT 5.1; SV1; .NET CLR 2.0.50727) Havij',NULL,NULL,-1563330474,1492318643),(460,NULL,'Mozilla/4.0 (compatible; MSIE 7.0; Windows NT 5.1; SV1; .NET CLR 2.0.50727) Havij',NULL,NULL,-1563330474,1492318643),(461,NULL,'Mozilla/4.0 (compatible; MSIE 7.0; Windows NT 5.1; SV1; .NET CLR 2.0.50727) Havij',NULL,NULL,-1563330474,1492318643),(462,NULL,'Mozilla/4.0 (compatible; MSIE 7.0; Windows NT 5.1; SV1; .NET CLR 2.0.50727) Havij',NULL,NULL,-1563330474,1492318643),(463,NULL,'Mozilla/4.0 (compatible; MSIE 7.0; Windows NT 5.1; SV1; .NET CLR 2.0.50727) Havij',NULL,NULL,-1563330474,1492318643),(464,NULL,'Mozilla/4.0 (compatible; MSIE 7.0; Windows NT 5.1; SV1; .NET CLR 2.0.50727) Havij',NULL,NULL,-1563330474,1492318643),(465,NULL,'Mozilla/4.0 (compatible; MSIE 7.0; Windows NT 5.1; SV1; .NET CLR 2.0.50727) Havij',NULL,NULL,-1563330474,1492318643),(466,NULL,'Mozilla/4.0 (compatible; MSIE 7.0; Windows NT 5.1; SV1; .NET CLR 2.0.50727) Havij',NULL,NULL,-1563330474,1492318643),(467,NULL,'Mozilla/4.0 (compatible; MSIE 7.0; Windows NT 5.1; SV1; .NET CLR 2.0.50727) Havij',NULL,NULL,-1563330474,1492318643),(468,NULL,'Mozilla/4.0 (compatible; MSIE 7.0; Windows NT 5.1; SV1; .NET CLR 2.0.50727) Havij',NULL,NULL,-1563330474,1492318643),(469,NULL,'Mozilla/4.0 (compatible; MSIE 7.0; Windows NT 5.1; SV1; .NET CLR 2.0.50727) Havij',NULL,NULL,-1563330474,1492318643),(470,NULL,'Mozilla/4.0 (compatible; MSIE 7.0; Windows NT 5.1; SV1; .NET CLR 2.0.50727) Havij',NULL,NULL,-1563330474,1492318643),(471,NULL,'Mozilla/4.0 (compatible; MSIE 7.0; Windows NT 5.1; SV1; .NET CLR 2.0.50727) Havij',NULL,NULL,-1563330474,1492318643),(472,NULL,'Mozilla/4.0 (compatible; MSIE 7.0; Windows NT 5.1; SV1; .NET CLR 2.0.50727) Havij',NULL,NULL,-1563330474,1492318643),(473,NULL,'Mozilla/4.0 (compatible; MSIE 7.0; Windows NT 5.1; SV1; .NET CLR 2.0.50727) Havij',NULL,NULL,-1563330474,1492318643),(474,NULL,'Mozilla/4.0 (compatible; MSIE 7.0; Windows NT 5.1; SV1; .NET CLR 2.0.50727) Havij',NULL,NULL,-1563330474,1492318643),(475,NULL,'Mozilla/4.0 (compatible; MSIE 7.0; Windows NT 5.1; SV1; .NET CLR 2.0.50727) Havij',NULL,NULL,-1563330474,1492318643),(476,NULL,'Mozilla/4.0 (compatible; MSIE 7.0; Windows NT 5.1; SV1; .NET CLR 2.0.50727) Havij',NULL,NULL,-1563330474,1492318643),(477,NULL,'Mozilla/4.0 (compatible; MSIE 7.0; Windows NT 5.1; SV1; .NET CLR 2.0.50727) Havij',NULL,NULL,-1563330474,1492318643),(478,NULL,'Mozilla/4.0 (compatible; MSIE 7.0; Windows NT 5.1; SV1; .NET CLR 2.0.50727) Havij',NULL,NULL,-1563330474,1492318643),(479,NULL,'Mozilla/4.0 (compatible; MSIE 7.0; Windows NT 5.1; SV1; .NET CLR 2.0.50727) Havij',NULL,NULL,-1563330474,1492318643),(480,NULL,'Mozilla/4.0 (compatible; MSIE 7.0; Windows NT 5.1; SV1; .NET CLR 2.0.50727) Havij',NULL,NULL,-1563330474,1492318643),(481,NULL,'Mozilla/4.0 (compatible; MSIE 7.0; Windows NT 5.1; SV1; .NET CLR 2.0.50727) Havij',NULL,NULL,-1563330474,1492318643),(482,NULL,'Mozilla/4.0 (compatible; MSIE 7.0; Windows NT 5.1; SV1; .NET CLR 2.0.50727) Havij',NULL,NULL,-1563330474,1492318643),(483,NULL,'Mozilla/4.0 (compatible; MSIE 7.0; Windows NT 5.1; SV1; .NET CLR 2.0.50727) Havij',NULL,NULL,-1563330474,1492318643),(484,NULL,'Mozilla/4.0 (compatible; MSIE 7.0; Windows NT 5.1; SV1; .NET CLR 2.0.50727) Havij',NULL,NULL,-1563330474,1492318643),(485,NULL,'Mozilla/4.0 (compatible; MSIE 7.0; Windows NT 5.1; SV1; .NET CLR 2.0.50727) Havij',NULL,NULL,-1563330474,1492318643),(486,NULL,'Mozilla/4.0 (compatible; MSIE 7.0; Windows NT 5.1; SV1; .NET CLR 2.0.50727) Havij',NULL,NULL,-1563330474,1492318643),(487,NULL,'Mozilla/4.0 (compatible; MSIE 7.0; Windows NT 5.1; SV1; .NET CLR 2.0.50727) Havij',NULL,NULL,-1563330474,1492318643),(488,NULL,'Mozilla/4.0 (compatible; MSIE 7.0; Windows NT 5.1; SV1; .NET CLR 2.0.50727) Havij',NULL,NULL,-1563330474,1492318643),(489,NULL,'Mozilla/4.0 (compatible; MSIE 7.0; Windows NT 5.1; SV1; .NET CLR 2.0.50727) Havij',NULL,NULL,-1563330474,1492318643),(490,NULL,'Mozilla/4.0 (compatible; MSIE 7.0; Windows NT 5.1; SV1; .NET CLR 2.0.50727) Havij',NULL,NULL,-1563330474,1492318643),(491,NULL,'Mozilla/4.0 (compatible; MSIE 7.0; Windows NT 5.1; SV1; .NET CLR 2.0.50727) Havij',NULL,NULL,-1563330474,1492318643),(492,NULL,'Mozilla/4.0 (compatible; MSIE 7.0; Windows NT 5.1; SV1; .NET CLR 2.0.50727) Havij',NULL,NULL,-1563330474,1492318643),(493,NULL,'Mozilla/4.0 (compatible; MSIE 7.0; Windows NT 5.1; SV1; .NET CLR 2.0.50727) Havij',NULL,NULL,-1563330474,1492318643),(494,NULL,'Mozilla/4.0 (compatible; MSIE 7.0; Windows NT 5.1; SV1; .NET CLR 2.0.50727) Havij',NULL,NULL,-1563330474,1492318643),(495,NULL,'Mozilla/4.0 (compatible; MSIE 7.0; Windows NT 5.1; SV1; .NET CLR 2.0.50727) Havij',NULL,NULL,-1563330474,1492318643),(496,NULL,'Mozilla/4.0 (compatible; MSIE 7.0; Windows NT 5.1; SV1; .NET CLR 2.0.50727) Havij',NULL,NULL,-1563330474,1492318643),(497,NULL,'Mozilla/4.0 (compatible; MSIE 7.0; Windows NT 5.1; SV1; .NET CLR 2.0.50727) Havij',NULL,NULL,-1563330474,1492318643),(498,NULL,'Mozilla/4.0 (compatible; MSIE 7.0; Windows NT 5.1; SV1; .NET CLR 2.0.50727) Havij',NULL,NULL,-1563330474,1492318643),(499,NULL,'Mozilla/4.0 (compatible; MSIE 7.0; Windows NT 5.1; SV1; .NET CLR 2.0.50727) Havij',NULL,NULL,-1563330474,1492318643),(500,NULL,'Mozilla/4.0 (compatible; MSIE 7.0; Windows NT 5.1; SV1; .NET CLR 2.0.50727) Havij',NULL,NULL,-1563330474,1492318643),(501,NULL,'Mozilla/4.0 (compatible; MSIE 7.0; Windows NT 5.1; SV1; .NET CLR 2.0.50727) Havij',NULL,NULL,-1563330474,1492318643),(502,NULL,'Mozilla/4.0 (compatible; MSIE 7.0; Windows NT 5.1; SV1; .NET CLR 2.0.50727) Havij',NULL,NULL,-1563330474,1492318643),(503,NULL,'Mozilla/4.0 (compatible; MSIE 7.0; Windows NT 5.1; SV1; .NET CLR 2.0.50727) Havij',NULL,NULL,-1563330474,1492318643),(504,NULL,'Mozilla/4.0 (compatible; MSIE 7.0; Windows NT 5.1; SV1; .NET CLR 2.0.50727) Havij',NULL,NULL,-1563330474,1492318643),(505,NULL,'Mozilla/4.0 (compatible; MSIE 7.0; Windows NT 5.1; SV1; .NET CLR 2.0.50727) Havij',NULL,NULL,-1563330474,1492318643),(506,NULL,'Mozilla/4.0 (compatible; MSIE 7.0; Windows NT 5.1; SV1; .NET CLR 2.0.50727) Havij',NULL,NULL,-1563330474,1492318643),(507,NULL,'Mozilla/4.0 (compatible; MSIE 7.0; Windows NT 5.1; SV1; .NET CLR 2.0.50727) Havij',NULL,NULL,-1563330474,1492318643),(508,NULL,'Mozilla/4.0 (compatible; MSIE 7.0; Windows NT 5.1; SV1; .NET CLR 2.0.50727) Havij',NULL,NULL,-1563330474,1492318643),(509,NULL,'Mozilla/4.0 (compatible; MSIE 7.0; Windows NT 5.1; SV1; .NET CLR 2.0.50727) Havij',NULL,NULL,-1563330474,1492318643),(510,NULL,'Mozilla/4.0 (compatible; MSIE 7.0; Windows NT 5.1; SV1; .NET CLR 2.0.50727) Havij',NULL,NULL,-1563330474,1492318643),(511,NULL,'Mozilla/4.0 (compatible; MSIE 7.0; Windows NT 5.1; SV1; .NET CLR 2.0.50727) Havij',NULL,NULL,-1563330474,1492318643),(512,NULL,'Mozilla/4.0 (compatible; MSIE 7.0; Windows NT 5.1; SV1; .NET CLR 2.0.50727) Havij',NULL,NULL,-1563330474,1492318643),(513,NULL,'Mozilla/4.0 (compatible; MSIE 7.0; Windows NT 5.1; SV1; .NET CLR 2.0.50727) Havij',NULL,NULL,-1563330474,1492318643),(514,NULL,'Mozilla/4.0 (compatible; MSIE 7.0; Windows NT 5.1; SV1; .NET CLR 2.0.50727) Havij',NULL,NULL,-1563330474,1492318643),(515,NULL,'Mozilla/4.0 (compatible; MSIE 7.0; Windows NT 5.1; SV1; .NET CLR 2.0.50727) Havij',NULL,NULL,-1563330474,1492318643),(516,NULL,'Mozilla/4.0 (compatible; MSIE 7.0; Windows NT 5.1; SV1; .NET CLR 2.0.50727) Havij',NULL,NULL,-1563330474,1492318643),(517,NULL,'Mozilla/4.0 (compatible; MSIE 7.0; Windows NT 5.1; SV1; .NET CLR 2.0.50727) Havij',NULL,NULL,-1563330474,1492318643),(518,NULL,'Mozilla/4.0 (compatible; MSIE 7.0; Windows NT 5.1; SV1; .NET CLR 2.0.50727) Havij',NULL,NULL,-1563330474,1492318643),(519,NULL,'Mozilla/4.0 (compatible; MSIE 7.0; Windows NT 5.1; SV1; .NET CLR 2.0.50727) Havij',NULL,NULL,-1563330474,1492318643),(520,NULL,'Mozilla/4.0 (compatible; MSIE 7.0; Windows NT 5.1; SV1; .NET CLR 2.0.50727) Havij',NULL,NULL,-1563330474,1492318643),(521,NULL,'Mozilla/4.0 (compatible; MSIE 7.0; Windows NT 5.1; SV1; .NET CLR 2.0.50727) Havij',NULL,NULL,-1563330474,1492318643),(522,NULL,'Mozilla/4.0 (compatible; MSIE 7.0; Windows NT 5.1; SV1; .NET CLR 2.0.50727) Havij',NULL,NULL,-1563330474,1492318643),(523,NULL,'Mozilla/4.0 (compatible; MSIE 7.0; Windows NT 5.1; SV1; .NET CLR 2.0.50727) Havij',NULL,NULL,-1563330474,1492318643),(524,NULL,'Mozilla/4.0 (compatible; MSIE 7.0; Windows NT 5.1; SV1; .NET CLR 2.0.50727) Havij',NULL,NULL,-1563330474,1492318643),(525,NULL,'Mozilla/4.0 (compatible; MSIE 7.0; Windows NT 5.1; SV1; .NET CLR 2.0.50727) Havij',NULL,NULL,-1563330474,1492318643),(526,NULL,'Mozilla/4.0 (compatible; MSIE 7.0; Windows NT 5.1; SV1; .NET CLR 2.0.50727) Havij',NULL,NULL,-1563330474,1492318643),(527,NULL,'Mozilla/4.0 (compatible; MSIE 7.0; Windows NT 5.1; SV1; .NET CLR 2.0.50727) Havij',NULL,NULL,-1563330474,1492318643),(528,NULL,'Mozilla/4.0 (compatible; MSIE 7.0; Windows NT 5.1; SV1; .NET CLR 2.0.50727) Havij',NULL,NULL,-1563330474,1492318643),(529,NULL,'Mozilla/4.0 (compatible; MSIE 7.0; Windows NT 5.1; SV1; .NET CLR 2.0.50727) Havij',NULL,NULL,-1563330474,1492318643),(530,NULL,'Mozilla/4.0 (compatible; MSIE 7.0; Windows NT 5.1; SV1; .NET CLR 2.0.50727) Havij',NULL,NULL,-1563330474,1492318643),(531,NULL,'Mozilla/4.0 (compatible; MSIE 7.0; Windows NT 5.1; SV1; .NET CLR 2.0.50727) Havij',NULL,NULL,-1563330474,1492318643),(532,NULL,'Mozilla/4.0 (compatible; MSIE 7.0; Windows NT 5.1; SV1; .NET CLR 2.0.50727) Havij',NULL,NULL,-1563330474,1492318643),(533,NULL,'Mozilla/4.0 (compatible; MSIE 7.0; Windows NT 5.1; SV1; .NET CLR 2.0.50727) Havij',NULL,NULL,-1563330474,1492318643),(534,NULL,'Mozilla/4.0 (compatible; MSIE 7.0; Windows NT 5.1; SV1; .NET CLR 2.0.50727) Havij',NULL,NULL,-1563330474,1492318643),(535,NULL,'Mozilla/4.0 (compatible; MSIE 7.0; Windows NT 5.1; SV1; .NET CLR 2.0.50727) Havij',NULL,NULL,-1563330474,1492318643),(536,NULL,'Mozilla/4.0 (compatible; MSIE 7.0; Windows NT 5.1; SV1; .NET CLR 2.0.50727) Havij',NULL,NULL,-1563330474,1492318643),(537,NULL,'Mozilla/4.0 (compatible; MSIE 7.0; Windows NT 5.1; SV1; .NET CLR 2.0.50727) Havij',NULL,NULL,-1563330474,1492318643),(538,NULL,'Mozilla/4.0 (compatible; MSIE 7.0; Windows NT 5.1; SV1; .NET CLR 2.0.50727) Havij',NULL,NULL,-1563330474,1492318643),(539,NULL,'Mozilla/4.0 (compatible; MSIE 7.0; Windows NT 5.1; SV1; .NET CLR 2.0.50727) Havij',NULL,NULL,-1563330474,1492318643),(540,NULL,'Mozilla/4.0 (compatible; MSIE 7.0; Windows NT 5.1; SV1; .NET CLR 2.0.50727) Havij',NULL,NULL,-1563330474,1492318643),(541,NULL,'Mozilla/4.0 (compatible; MSIE 7.0; Windows NT 5.1; SV1; .NET CLR 2.0.50727) Havij',NULL,NULL,-1563330474,1492318643),(542,NULL,'Mozilla/4.0 (compatible; MSIE 7.0; Windows NT 5.1; SV1; .NET CLR 2.0.50727) Havij',NULL,NULL,-1563330474,1492318643),(543,NULL,'Mozilla/4.0 (compatible; MSIE 7.0; Windows NT 5.1; SV1; .NET CLR 2.0.50727) Havij',NULL,NULL,-1563330474,1492318643),(544,NULL,'Mozilla/4.0 (compatible; MSIE 7.0; Windows NT 5.1; SV1; .NET CLR 2.0.50727) Havij',NULL,NULL,-1563330474,1492318643),(545,NULL,'Mozilla/4.0 (compatible; MSIE 7.0; Windows NT 5.1; SV1; .NET CLR 2.0.50727) Havij',NULL,NULL,-1563330474,1492318643),(546,NULL,'Mozilla/4.0 (compatible; MSIE 7.0; Windows NT 5.1; SV1; .NET CLR 2.0.50727) Havij',NULL,NULL,-1563330474,1492318643),(547,NULL,'Mozilla/4.0 (compatible; MSIE 7.0; Windows NT 5.1; SV1; .NET CLR 2.0.50727) Havij',NULL,NULL,-1563330474,1492318643),(548,NULL,'Mozilla/4.0 (compatible; MSIE 7.0; Windows NT 5.1; SV1; .NET CLR 2.0.50727) Havij',NULL,NULL,-1563330474,1492318643),(549,NULL,'Mozilla/4.0 (compatible; MSIE 7.0; Windows NT 5.1; SV1; .NET CLR 2.0.50727) Havij',NULL,NULL,-1563330474,1492318643),(550,NULL,'Mozilla/4.0 (compatible; MSIE 7.0; Windows NT 5.1; SV1; .NET CLR 2.0.50727) Havij',NULL,NULL,-1563330474,1492318643),(551,NULL,'Mozilla/4.0 (compatible; MSIE 7.0; Windows NT 5.1; SV1; .NET CLR 2.0.50727) Havij',NULL,NULL,-1563330474,1492318643),(552,NULL,'Mozilla/4.0 (compatible; MSIE 7.0; Windows NT 5.1; SV1; .NET CLR 2.0.50727) Havij',NULL,NULL,-1563330474,1492318643),(553,NULL,'Mozilla/4.0 (compatible; MSIE 7.0; Windows NT 5.1; SV1; .NET CLR 2.0.50727) Havij',NULL,NULL,-1563330474,1492318643),(554,NULL,'Mozilla/4.0 (compatible; MSIE 7.0; Windows NT 5.1; SV1; .NET CLR 2.0.50727) Havij',NULL,NULL,-1563330474,1492318643),(555,NULL,'Mozilla/4.0 (compatible; MSIE 7.0; Windows NT 5.1; SV1; .NET CLR 2.0.50727) Havij',NULL,NULL,-1563330474,1492318643),(556,NULL,'Mozilla/4.0 (compatible; MSIE 7.0; Windows NT 5.1; SV1; .NET CLR 2.0.50727) Havij',NULL,NULL,-1563330474,1492318643),(557,NULL,'Mozilla/4.0 (compatible; MSIE 7.0; Windows NT 5.1; SV1; .NET CLR 2.0.50727) Havij',NULL,NULL,-1563330474,1492318643),(558,NULL,'Mozilla/4.0 (compatible; MSIE 7.0; Windows NT 5.1; SV1; .NET CLR 2.0.50727) Havij',NULL,NULL,-1563330474,1492318643),(559,NULL,'Mozilla/4.0 (compatible; MSIE 7.0; Windows NT 5.1; SV1; .NET CLR 2.0.50727) Havij',NULL,NULL,-1563330474,1492318643),(560,NULL,'Mozilla/4.0 (compatible; MSIE 7.0; Windows NT 5.1; SV1; .NET CLR 2.0.50727) Havij',NULL,NULL,-1563330474,1492318643),(561,NULL,'Mozilla/4.0 (compatible; MSIE 7.0; Windows NT 5.1; SV1; .NET CLR 2.0.50727) Havij',NULL,NULL,-1563330474,1492318643),(562,NULL,'Mozilla/4.0 (compatible; MSIE 7.0; Windows NT 5.1; SV1; .NET CLR 2.0.50727) Havij',NULL,NULL,-1563330474,1492318643),(563,NULL,'Mozilla/4.0 (compatible; MSIE 7.0; Windows NT 5.1; SV1; .NET CLR 2.0.50727) Havij',NULL,NULL,-1563330474,1492318643),(564,NULL,'Mozilla/4.0 (compatible; MSIE 7.0; Windows NT 5.1; SV1; .NET CLR 2.0.50727) Havij',NULL,NULL,-1563330474,1492318643),(565,NULL,'Mozilla/4.0 (compatible; MSIE 7.0; Windows NT 5.1; SV1; .NET CLR 2.0.50727) Havij',NULL,NULL,-1563330474,1492318643),(566,NULL,'Mozilla/4.0 (compatible; MSIE 7.0; Windows NT 5.1; SV1; .NET CLR 2.0.50727) Havij',NULL,NULL,-1563330474,1492318643),(567,NULL,'Mozilla/4.0 (compatible; MSIE 7.0; Windows NT 5.1; SV1; .NET CLR 2.0.50727) Havij',NULL,NULL,-1563330474,1492318643),(568,NULL,'Mozilla/4.0 (compatible; MSIE 7.0; Windows NT 5.1; SV1; .NET CLR 2.0.50727) Havij',NULL,NULL,-1563330474,1492318643),(569,NULL,'Mozilla/4.0 (compatible; MSIE 7.0; Windows NT 5.1; SV1; .NET CLR 2.0.50727) Havij',NULL,NULL,-1563330474,1492318643),(570,NULL,'Mozilla/4.0 (compatible; MSIE 7.0; Windows NT 5.1; SV1; .NET CLR 2.0.50727) Havij',NULL,NULL,-1563330474,1492318643),(571,NULL,'Mozilla/4.0 (compatible; MSIE 7.0; Windows NT 5.1; SV1; .NET CLR 2.0.50727) Havij',NULL,NULL,-1563330474,1492318643),(572,NULL,'Mozilla/4.0 (compatible; MSIE 7.0; Windows NT 5.1; SV1; .NET CLR 2.0.50727) Havij',NULL,NULL,-1563330474,1492318643),(573,NULL,'Mozilla/4.0 (compatible; MSIE 7.0; Windows NT 5.1; SV1; .NET CLR 2.0.50727) Havij',NULL,NULL,-1563330474,1492318643),(574,NULL,'Mozilla/4.0 (compatible; MSIE 7.0; Windows NT 5.1; SV1; .NET CLR 2.0.50727) Havij',NULL,NULL,-1563330474,1492318643),(575,NULL,'Mozilla/4.0 (compatible; MSIE 7.0; Windows NT 5.1; SV1; .NET CLR 2.0.50727) Havij',NULL,NULL,-1563330474,1492318643),(576,NULL,'Mozilla/4.0 (compatible; MSIE 7.0; Windows NT 5.1; SV1; .NET CLR 2.0.50727) Havij',NULL,NULL,-1563330474,1492318643),(577,NULL,'Mozilla/4.0 (compatible; MSIE 7.0; Windows NT 5.1; SV1; .NET CLR 2.0.50727) Havij',NULL,NULL,-1563330474,1492318643),(578,NULL,'Mozilla/4.0 (compatible; MSIE 7.0; Windows NT 5.1; SV1; .NET CLR 2.0.50727) Havij',NULL,NULL,-1563330474,1492318643),(579,NULL,'Mozilla/4.0 (compatible; MSIE 7.0; Windows NT 5.1; SV1; .NET CLR 2.0.50727) Havij',NULL,NULL,-1563330474,1492318643),(580,NULL,'Mozilla/4.0 (compatible; MSIE 7.0; Windows NT 5.1; SV1; .NET CLR 2.0.50727) Havij',NULL,NULL,-1563330474,1492318643),(581,NULL,'Mozilla/4.0 (compatible; MSIE 7.0; Windows NT 5.1; SV1; .NET CLR 2.0.50727) Havij',NULL,NULL,-1563330474,1492318643),(582,NULL,'Mozilla/4.0 (compatible; MSIE 7.0; Windows NT 5.1; SV1; .NET CLR 2.0.50727) Havij',NULL,NULL,-1563330474,1492318643),(583,NULL,'Mozilla/4.0 (compatible; MSIE 7.0; Windows NT 5.1; SV1; .NET CLR 2.0.50727) Havij',NULL,NULL,-1563330474,1492318643),(584,NULL,'Mozilla/4.0 (compatible; MSIE 7.0; Windows NT 5.1; SV1; .NET CLR 2.0.50727) Havij',NULL,NULL,-1563330474,1492318643),(585,NULL,'Mozilla/4.0 (compatible; MSIE 7.0; Windows NT 5.1; SV1; .NET CLR 2.0.50727) Havij',NULL,NULL,-1563330474,1492318643),(586,NULL,'Mozilla/4.0 (compatible; MSIE 7.0; Windows NT 5.1; SV1; .NET CLR 2.0.50727) Havij',NULL,NULL,-1563330474,1492318643),(587,NULL,'Mozilla/4.0 (compatible; MSIE 7.0; Windows NT 5.1; SV1; .NET CLR 2.0.50727) Havij',NULL,NULL,-1563330474,1492318643),(588,NULL,'Mozilla/4.0 (compatible; MSIE 7.0; Windows NT 5.1; SV1; .NET CLR 2.0.50727) Havij',NULL,NULL,-1563330474,1492318643),(589,NULL,'Mozilla/4.0 (compatible; MSIE 7.0; Windows NT 5.1; SV1; .NET CLR 2.0.50727) Havij',NULL,NULL,-1563330474,1492318643),(590,NULL,'Mozilla/4.0 (compatible; MSIE 7.0; Windows NT 5.1; SV1; .NET CLR 2.0.50727) Havij',NULL,NULL,-1563330474,1492318643),(591,NULL,'Mozilla/4.0 (compatible; MSIE 7.0; Windows NT 5.1; SV1; .NET CLR 2.0.50727) Havij',NULL,NULL,-1563330474,1492318643),(592,NULL,'Mozilla/4.0 (compatible; MSIE 7.0; Windows NT 5.1; SV1; .NET CLR 2.0.50727) Havij',NULL,NULL,-1563330474,1492318643),(593,NULL,'Mozilla/4.0 (compatible; MSIE 7.0; Windows NT 5.1; SV1; .NET CLR 2.0.50727) Havij',NULL,NULL,-1563330474,1492318643),(594,NULL,'Mozilla/4.0 (compatible; MSIE 7.0; Windows NT 5.1; SV1; .NET CLR 2.0.50727) Havij',NULL,NULL,-1563330474,1492318643),(595,NULL,'Mozilla/4.0 (compatible; MSIE 7.0; Windows NT 5.1; SV1; .NET CLR 2.0.50727) Havij',NULL,NULL,-1563330474,1492318643),(596,NULL,'Mozilla/4.0 (compatible; MSIE 7.0; Windows NT 5.1; SV1; .NET CLR 2.0.50727) Havij',NULL,NULL,-1563330474,1492318643),(597,NULL,'Mozilla/4.0 (compatible; MSIE 7.0; Windows NT 5.1; SV1; .NET CLR 2.0.50727) Havij',NULL,NULL,-1563330474,1492318643),(598,NULL,'Mozilla/4.0 (compatible; MSIE 7.0; Windows NT 5.1; SV1; .NET CLR 2.0.50727) Havij',NULL,NULL,-1563330474,1492318643),(599,NULL,'Mozilla/4.0 (compatible; MSIE 7.0; Windows NT 5.1; SV1; .NET CLR 2.0.50727) Havij',NULL,NULL,-1563330474,1492318643),(600,NULL,'Mozilla/4.0 (compatible; MSIE 7.0; Windows NT 5.1; SV1; .NET CLR 2.0.50727) Havij',NULL,NULL,-1563330474,1492318643),(601,NULL,'Mozilla/4.0 (compatible; MSIE 7.0; Windows NT 5.1; SV1; .NET CLR 2.0.50727) Havij',NULL,NULL,-1563330474,1492318643),(602,NULL,'Mozilla/4.0 (compatible; MSIE 7.0; Windows NT 5.1; SV1; .NET CLR 2.0.50727) Havij',NULL,NULL,-1563330474,1492318643),(603,NULL,'Mozilla/4.0 (compatible; MSIE 7.0; Windows NT 5.1; SV1; .NET CLR 2.0.50727) Havij',NULL,NULL,-1563330474,1492318643),(604,NULL,'Mozilla/4.0 (compatible; MSIE 7.0; Windows NT 5.1; SV1; .NET CLR 2.0.50727) Havij',NULL,NULL,-1563330474,1492318643),(605,NULL,'Mozilla/4.0 (compatible; MSIE 7.0; Windows NT 5.1; SV1; .NET CLR 2.0.50727) Havij',NULL,NULL,-1563330474,1492318643),(606,NULL,'Mozilla/4.0 (compatible; MSIE 7.0; Windows NT 5.1; SV1; .NET CLR 2.0.50727) Havij',NULL,NULL,-1563330474,1492318643),(607,NULL,'Mozilla/4.0 (compatible; MSIE 7.0; Windows NT 5.1; SV1; .NET CLR 2.0.50727) Havij',NULL,NULL,-1563330474,1492318643),(608,NULL,'Mozilla/4.0 (compatible; MSIE 7.0; Windows NT 5.1; SV1; .NET CLR 2.0.50727) Havij',NULL,NULL,-1563330474,1492318643),(609,NULL,'Mozilla/4.0 (compatible; MSIE 7.0; Windows NT 5.1; SV1; .NET CLR 2.0.50727) Havij',NULL,NULL,-1563330474,1492318643),(610,NULL,'Mozilla/4.0 (compatible; MSIE 7.0; Windows NT 5.1; SV1; .NET CLR 2.0.50727) Havij',NULL,NULL,-1563330474,1492318643),(611,NULL,'Mozilla/4.0 (compatible; MSIE 7.0; Windows NT 5.1; SV1; .NET CLR 2.0.50727) Havij',NULL,NULL,-1563330474,1492318643),(612,NULL,'Mozilla/4.0 (compatible; MSIE 7.0; Windows NT 5.1; SV1; .NET CLR 2.0.50727) Havij',NULL,NULL,-1563330474,1492318643),(613,NULL,'Mozilla/4.0 (compatible; MSIE 7.0; Windows NT 5.1; SV1; .NET CLR 2.0.50727) Havij',NULL,NULL,-1563330474,1492318643),(614,NULL,'Mozilla/4.0 (compatible; MSIE 7.0; Windows NT 5.1; SV1; .NET CLR 2.0.50727) Havij',NULL,NULL,-1563330474,1492318643),(615,NULL,'Mozilla/4.0 (compatible; MSIE 7.0; Windows NT 5.1; SV1; .NET CLR 2.0.50727) Havij',NULL,NULL,-1563330474,1492318643),(616,NULL,'Mozilla/4.0 (compatible; MSIE 7.0; Windows NT 5.1; SV1; .NET CLR 2.0.50727) Havij',NULL,NULL,-1563330474,1492318643),(617,NULL,'Mozilla/4.0 (compatible; MSIE 7.0; Windows NT 5.1; SV1; .NET CLR 2.0.50727) Havij',NULL,NULL,-1563330474,1492318643),(618,NULL,'Mozilla/4.0 (compatible; MSIE 7.0; Windows NT 5.1; SV1; .NET CLR 2.0.50727) Havij',NULL,NULL,-1563330474,1492318643),(619,NULL,'Mozilla/4.0 (compatible; MSIE 7.0; Windows NT 5.1; SV1; .NET CLR 2.0.50727) Havij',NULL,NULL,-1563330474,1492318643),(620,NULL,'Mozilla/4.0 (compatible; MSIE 7.0; Windows NT 5.1; SV1; .NET CLR 2.0.50727) Havij',NULL,NULL,-1563330474,1492318643),(621,NULL,'Mozilla/4.0 (compatible; MSIE 7.0; Windows NT 5.1; SV1; .NET CLR 2.0.50727) Havij',NULL,NULL,-1563330474,1492318643),(622,NULL,'Mozilla/4.0 (compatible; MSIE 7.0; Windows NT 5.1; SV1; .NET CLR 2.0.50727) Havij',NULL,NULL,-1563330474,1492318643),(623,NULL,'Mozilla/4.0 (compatible; MSIE 7.0; Windows NT 5.1; SV1; .NET CLR 2.0.50727) Havij',NULL,NULL,-1563330474,1492318643),(624,NULL,'Mozilla/4.0 (compatible; MSIE 7.0; Windows NT 5.1; SV1; .NET CLR 2.0.50727) Havij',NULL,NULL,-1563330474,1492318643),(625,NULL,'Mozilla/4.0 (compatible; MSIE 7.0; Windows NT 5.1; SV1; .NET CLR 2.0.50727) Havij',NULL,NULL,-1563330474,1492318643),(626,NULL,'Mozilla/4.0 (compatible; MSIE 7.0; Windows NT 5.1; SV1; .NET CLR 2.0.50727) Havij',NULL,NULL,-1563330474,1492318643),(627,NULL,'Mozilla/4.0 (compatible; MSIE 7.0; Windows NT 5.1; SV1; .NET CLR 2.0.50727) Havij',NULL,NULL,-1563330474,1492318643),(628,NULL,'Mozilla/4.0 (compatible; MSIE 7.0; Windows NT 5.1; SV1; .NET CLR 2.0.50727) Havij',NULL,NULL,-1563330474,1492318643),(629,NULL,'Mozilla/4.0 (compatible; MSIE 7.0; Windows NT 5.1; SV1; .NET CLR 2.0.50727) Havij',NULL,NULL,-1563330474,1492318643),(630,NULL,'Mozilla/4.0 (compatible; MSIE 7.0; Windows NT 5.1; SV1; .NET CLR 2.0.50727) Havij',NULL,NULL,-1563330474,1492318643),(631,NULL,'Mozilla/4.0 (compatible; MSIE 7.0; Windows NT 5.1; SV1; .NET CLR 2.0.50727) Havij',NULL,NULL,-1563330474,1492318643),(632,NULL,'Mozilla/4.0 (compatible; MSIE 7.0; Windows NT 5.1; SV1; .NET CLR 2.0.50727) Havij',NULL,NULL,-1563330474,1492318643),(633,NULL,'Mozilla/4.0 (compatible; MSIE 7.0; Windows NT 5.1; SV1; .NET CLR 2.0.50727) Havij',NULL,NULL,-1563330474,1492318643),(634,NULL,'Mozilla/4.0 (compatible; MSIE 7.0; Windows NT 5.1; SV1; .NET CLR 2.0.50727) Havij',NULL,NULL,-1563330474,1492318643),(635,NULL,'Mozilla/4.0 (compatible; MSIE 7.0; Windows NT 5.1; SV1; .NET CLR 2.0.50727) Havij',NULL,NULL,-1563330474,1492318643),(636,NULL,'Mozilla/4.0 (compatible; MSIE 7.0; Windows NT 5.1; SV1; .NET CLR 2.0.50727) Havij',NULL,NULL,-1563330474,1492318643),(637,NULL,'Mozilla/4.0 (compatible; MSIE 7.0; Windows NT 5.1; SV1; .NET CLR 2.0.50727) Havij',NULL,NULL,-1563330474,1492318643),(638,NULL,'Mozilla/4.0 (compatible; MSIE 7.0; Windows NT 5.1; SV1; .NET CLR 2.0.50727) Havij',NULL,NULL,-1563330474,1492318643),(639,NULL,'Mozilla/4.0 (compatible; MSIE 7.0; Windows NT 5.1; SV1; .NET CLR 2.0.50727) Havij',NULL,NULL,-1563330474,1492318643),(640,NULL,'Mozilla/4.0 (compatible; MSIE 7.0; Windows NT 5.1; SV1; .NET CLR 2.0.50727) Havij',NULL,NULL,-1563330474,1492318643),(641,NULL,'Mozilla/4.0 (compatible; MSIE 7.0; Windows NT 5.1; SV1; .NET CLR 2.0.50727) Havij',NULL,NULL,-1563330474,1492318643),(642,NULL,'Mozilla/4.0 (compatible; MSIE 7.0; Windows NT 5.1; SV1; .NET CLR 2.0.50727) Havij',NULL,NULL,-1563330474,1492318643),(643,NULL,'Mozilla/4.0 (compatible; MSIE 7.0; Windows NT 5.1; SV1; .NET CLR 2.0.50727) Havij',NULL,NULL,-1563330474,1492318643),(644,NULL,'Mozilla/4.0 (compatible; MSIE 7.0; Windows NT 5.1; SV1; .NET CLR 2.0.50727) Havij',NULL,NULL,-1563330474,1492318643),(645,NULL,'Mozilla/4.0 (compatible; MSIE 7.0; Windows NT 5.1; SV1; .NET CLR 2.0.50727) Havij',NULL,NULL,-1563330474,1492318643),(646,NULL,'Mozilla/4.0 (compatible; MSIE 7.0; Windows NT 5.1; SV1; .NET CLR 2.0.50727) Havij',NULL,NULL,-1563330474,1492318643),(647,NULL,'Mozilla/4.0 (compatible; MSIE 7.0; Windows NT 5.1; SV1; .NET CLR 2.0.50727) Havij',NULL,NULL,-1563330474,1492318643),(648,NULL,'Mozilla/4.0 (compatible; MSIE 7.0; Windows NT 5.1; SV1; .NET CLR 2.0.50727) Havij',NULL,NULL,-1563330474,1492318643),(649,NULL,'Mozilla/4.0 (compatible; MSIE 7.0; Windows NT 5.1; SV1; .NET CLR 2.0.50727) Havij',NULL,NULL,-1563330474,1492318643),(650,NULL,'Mozilla/4.0 (compatible; MSIE 7.0; Windows NT 5.1; SV1; .NET CLR 2.0.50727) Havij',NULL,NULL,-1563330474,1492318643),(651,NULL,'Mozilla/4.0 (compatible; MSIE 7.0; Windows NT 5.1; SV1; .NET CLR 2.0.50727) Havij',NULL,NULL,-1563330474,1492318643),(652,NULL,'Mozilla/4.0 (compatible; MSIE 7.0; Windows NT 5.1; SV1; .NET CLR 2.0.50727) Havij',NULL,NULL,-1563330474,1492318643),(653,NULL,'Mozilla/4.0 (compatible; MSIE 7.0; Windows NT 5.1; SV1; .NET CLR 2.0.50727) Havij',NULL,NULL,-1563330474,1492318643),(654,NULL,'Mozilla/4.0 (compatible; MSIE 7.0; Windows NT 5.1; SV1; .NET CLR 2.0.50727) Havij',NULL,NULL,-1563330474,1492318643),(655,NULL,'Mozilla/4.0 (compatible; MSIE 7.0; Windows NT 5.1; SV1; .NET CLR 2.0.50727) Havij',NULL,NULL,-1563330474,1492318643),(656,NULL,'Mozilla/4.0 (compatible; MSIE 7.0; Windows NT 5.1; SV1; .NET CLR 2.0.50727) Havij',NULL,NULL,-1563330474,1492318643),(657,NULL,'Mozilla/4.0 (compatible; MSIE 7.0; Windows NT 5.1; SV1; .NET CLR 2.0.50727) Havij',NULL,NULL,-1563330474,1492318643),(658,NULL,'Mozilla/4.0 (compatible; MSIE 7.0; Windows NT 5.1; SV1; .NET CLR 2.0.50727) Havij',NULL,NULL,-1563330474,1492318643),(659,NULL,'Mozilla/4.0 (compatible; MSIE 7.0; Windows NT 5.1; SV1; .NET CLR 2.0.50727) Havij',NULL,NULL,-1563330474,1492318643),(660,NULL,'Mozilla/4.0 (compatible; MSIE 7.0; Windows NT 5.1; SV1; .NET CLR 2.0.50727) Havij',NULL,NULL,-1563330474,1492318643),(661,NULL,'Mozilla/4.0 (compatible; MSIE 7.0; Windows NT 5.1; SV1; .NET CLR 2.0.50727) Havij',NULL,NULL,-1563330474,1492318643),(662,NULL,'Mozilla/4.0 (compatible; MSIE 7.0; Windows NT 5.1; SV1; .NET CLR 2.0.50727) Havij',NULL,NULL,-1563330474,1492318643),(663,NULL,'Mozilla/4.0 (compatible; MSIE 7.0; Windows NT 5.1; SV1; .NET CLR 2.0.50727) Havij',NULL,NULL,-1563330474,1492318643),(664,NULL,'Mozilla/4.0 (compatible; MSIE 7.0; Windows NT 5.1; SV1; .NET CLR 2.0.50727) Havij',NULL,NULL,-1563330474,1492318643),(665,NULL,'Mozilla/4.0 (compatible; MSIE 7.0; Windows NT 5.1; SV1; .NET CLR 2.0.50727) Havij',NULL,NULL,-1563330474,1492318643),(666,NULL,'Mozilla/4.0 (compatible; MSIE 7.0; Windows NT 5.1; SV1; .NET CLR 2.0.50727) Havij',NULL,NULL,-1563330474,1492318643),(667,NULL,'Mozilla/4.0 (compatible; MSIE 7.0; Windows NT 5.1; SV1; .NET CLR 2.0.50727) Havij',NULL,NULL,-1563330474,1492318643),(668,NULL,'Mozilla/4.0 (compatible; MSIE 7.0; Windows NT 5.1; SV1; .NET CLR 2.0.50727) Havij',NULL,NULL,-1563330474,1492318643),(669,NULL,'Mozilla/4.0 (compatible; MSIE 7.0; Windows NT 5.1; SV1; .NET CLR 2.0.50727) Havij',NULL,NULL,-1563330474,1492318643),(670,NULL,'Mozilla/4.0 (compatible; MSIE 7.0; Windows NT 5.1; SV1; .NET CLR 2.0.50727) Havij',NULL,NULL,-1563330474,1492318643),(671,NULL,'Mozilla/4.0 (compatible; MSIE 7.0; Windows NT 5.1; SV1; .NET CLR 2.0.50727) Havij',NULL,NULL,-1563330474,1492318643),(672,NULL,'Mozilla/4.0 (compatible; MSIE 7.0; Windows NT 5.1; SV1; .NET CLR 2.0.50727) Havij',NULL,NULL,-1563330474,1492318643),(673,NULL,'Mozilla/4.0 (compatible; MSIE 7.0; Windows NT 5.1; SV1; .NET CLR 2.0.50727) Havij',NULL,NULL,-1563330474,1492318643),(674,NULL,'Mozilla/4.0 (compatible; MSIE 7.0; Windows NT 5.1; SV1; .NET CLR 2.0.50727) Havij',NULL,NULL,-1563330474,1492318643),(675,NULL,'Mozilla/4.0 (compatible; MSIE 7.0; Windows NT 5.1; SV1; .NET CLR 2.0.50727) Havij',NULL,NULL,-1563330474,1492318643),(676,NULL,'Mozilla/4.0 (compatible; MSIE 7.0; Windows NT 5.1; SV1; .NET CLR 2.0.50727) Havij',NULL,NULL,-1563330474,1492318643),(677,NULL,'Mozilla/4.0 (compatible; MSIE 7.0; Windows NT 5.1; SV1; .NET CLR 2.0.50727) Havij',NULL,NULL,-1563330474,1492318643),(678,NULL,'Mozilla/4.0 (compatible; MSIE 7.0; Windows NT 5.1; SV1; .NET CLR 2.0.50727) Havij',NULL,NULL,-1563330474,1492318643),(679,NULL,'Mozilla/4.0 (compatible; MSIE 7.0; Windows NT 5.1; SV1; .NET CLR 2.0.50727) Havij',NULL,NULL,-1563330474,1492318643),(680,NULL,'Mozilla/4.0 (compatible; MSIE 7.0; Windows NT 5.1; SV1; .NET CLR 2.0.50727) Havij',NULL,NULL,-1563330474,1492318643),(681,NULL,'Mozilla/4.0 (compatible; MSIE 7.0; Windows NT 5.1; SV1; .NET CLR 2.0.50727) Havij',NULL,NULL,-1563330474,1492318643),(682,NULL,'Mozilla/4.0 (compatible; MSIE 7.0; Windows NT 5.1; SV1; .NET CLR 2.0.50727) Havij',NULL,NULL,-1563330474,1492318643),(683,NULL,'Mozilla/4.0 (compatible; MSIE 7.0; Windows NT 5.1; SV1; .NET CLR 2.0.50727) Havij',NULL,NULL,-1563330474,1492318643),(684,NULL,'Mozilla/4.0 (compatible; MSIE 7.0; Windows NT 5.1; SV1; .NET CLR 2.0.50727) Havij',NULL,NULL,-1563330474,1492318643),(685,NULL,'Mozilla/4.0 (compatible; MSIE 7.0; Windows NT 5.1; SV1; .NET CLR 2.0.50727) Havij',NULL,NULL,-1563330474,1492318643),(686,NULL,'Mozilla/4.0 (compatible; MSIE 7.0; Windows NT 5.1; SV1; .NET CLR 2.0.50727) Havij',NULL,NULL,-1563330474,1492318643),(687,NULL,'Mozilla/4.0 (compatible; MSIE 7.0; Windows NT 5.1; SV1; .NET CLR 2.0.50727) Havij',NULL,NULL,-1563330474,1492318643),(688,NULL,'Mozilla/4.0 (compatible; MSIE 7.0; Windows NT 5.1; SV1; .NET CLR 2.0.50727) Havij',NULL,NULL,-1563330474,1492318643),(689,NULL,'Mozilla/4.0 (compatible; MSIE 7.0; Windows NT 5.1; SV1; .NET CLR 2.0.50727) Havij',NULL,NULL,-1563330474,1492318643),(690,NULL,'Mozilla/4.0 (compatible; MSIE 7.0; Windows NT 5.1; SV1; .NET CLR 2.0.50727) Havij',NULL,NULL,-1563330474,1492318643),(691,NULL,'Mozilla/4.0 (compatible; MSIE 7.0; Windows NT 5.1; SV1; .NET CLR 2.0.50727) Havij',NULL,NULL,-1563330474,1492318643),(692,NULL,'Mozilla/4.0 (compatible; MSIE 7.0; Windows NT 5.1; SV1; .NET CLR 2.0.50727) Havij',NULL,NULL,-1563330474,1492318643),(693,NULL,'Mozilla/4.0 (compatible; MSIE 7.0; Windows NT 5.1; SV1; .NET CLR 2.0.50727) Havij',NULL,NULL,-1563330474,1492318643),(694,NULL,'Mozilla/4.0 (compatible; MSIE 7.0; Windows NT 5.1; SV1; .NET CLR 2.0.50727) Havij',NULL,NULL,-1563330474,1492318643),(695,NULL,'Mozilla/4.0 (compatible; MSIE 7.0; Windows NT 5.1; SV1; .NET CLR 2.0.50727) Havij',NULL,NULL,-1563330474,1492318643),(696,NULL,'Mozilla/4.0 (compatible; MSIE 7.0; Windows NT 5.1; SV1; .NET CLR 2.0.50727) Havij',NULL,NULL,-1563330474,1492318643),(697,NULL,'Mozilla/4.0 (compatible; MSIE 7.0; Windows NT 5.1; SV1; .NET CLR 2.0.50727) Havij',NULL,NULL,-1563330474,1492318643),(698,NULL,'Mozilla/4.0 (compatible; MSIE 7.0; Windows NT 5.1; SV1; .NET CLR 2.0.50727) Havij',NULL,NULL,-1563330474,1492318643),(699,NULL,'Mozilla/4.0 (compatible; MSIE 7.0; Windows NT 5.1; SV1; .NET CLR 2.0.50727) Havij',NULL,NULL,-1563330474,1492318643),(700,NULL,'Mozilla/4.0 (compatible; MSIE 7.0; Windows NT 5.1; SV1; .NET CLR 2.0.50727) Havij',NULL,NULL,-1563330474,1492318643),(701,NULL,'Mozilla/4.0 (compatible; MSIE 7.0; Windows NT 5.1; SV1; .NET CLR 2.0.50727) Havij',NULL,NULL,-1563330474,1492318643),(702,NULL,'Mozilla/4.0 (compatible; MSIE 7.0; Windows NT 5.1; SV1; .NET CLR 2.0.50727) Havij',NULL,NULL,-1563330474,1492318643),(703,NULL,'Mozilla/4.0 (compatible; MSIE 7.0; Windows NT 5.1; SV1; .NET CLR 2.0.50727) Havij',NULL,NULL,-1563330474,1492318643),(704,NULL,'Mozilla/4.0 (compatible; MSIE 7.0; Windows NT 5.1; SV1; .NET CLR 2.0.50727) Havij',NULL,NULL,-1563330474,1492318643),(705,NULL,'Mozilla/4.0 (compatible; MSIE 7.0; Windows NT 5.1; SV1; .NET CLR 2.0.50727) Havij',NULL,NULL,-1563330474,1492318643),(706,NULL,'Mozilla/4.0 (compatible; MSIE 7.0; Windows NT 5.1; SV1; .NET CLR 2.0.50727) Havij',NULL,NULL,-1563330474,1492318643),(707,NULL,'Mozilla/4.0 (compatible; MSIE 7.0; Windows NT 5.1; SV1; .NET CLR 2.0.50727) Havij',NULL,NULL,-1563330474,1492318643),(708,NULL,'Mozilla/4.0 (compatible; MSIE 7.0; Windows NT 5.1; SV1; .NET CLR 2.0.50727) Havij',NULL,NULL,-1563330474,1492318643),(709,NULL,'Mozilla/4.0 (compatible; MSIE 7.0; Windows NT 5.1; SV1; .NET CLR 2.0.50727) Havij',NULL,NULL,-1563330474,1492318643),(710,NULL,'Mozilla/4.0 (compatible; MSIE 7.0; Windows NT 5.1; SV1; .NET CLR 2.0.50727) Havij',NULL,NULL,-1563330474,1492318643),(711,NULL,'Mozilla/4.0 (compatible; MSIE 7.0; Windows NT 5.1; SV1; .NET CLR 2.0.50727) Havij',NULL,NULL,-1563330474,1492318643),(712,NULL,'Mozilla/4.0 (compatible; MSIE 7.0; Windows NT 5.1; SV1; .NET CLR 2.0.50727) Havij',NULL,NULL,-1563330474,1492318643),(713,NULL,'Mozilla/4.0 (compatible; MSIE 7.0; Windows NT 5.1; SV1; .NET CLR 2.0.50727) Havij',NULL,NULL,-1563330474,1492318643),(714,NULL,'Mozilla/4.0 (compatible; MSIE 7.0; Windows NT 5.1; SV1; .NET CLR 2.0.50727) Havij',NULL,NULL,-1563330474,1492318643),(715,NULL,'Mozilla/4.0 (compatible; MSIE 7.0; Windows NT 5.1; SV1; .NET CLR 2.0.50727) Havij',NULL,NULL,-1563330474,1492318643),(716,NULL,'Mozilla/4.0 (compatible; MSIE 7.0; Windows NT 5.1; SV1; .NET CLR 2.0.50727) Havij',NULL,NULL,-1563330474,1492318643),(717,NULL,'Mozilla/4.0 (compatible; MSIE 7.0; Windows NT 5.1; SV1; .NET CLR 2.0.50727) Havij',NULL,NULL,-1563330474,1492318643),(718,NULL,'Mozilla/4.0 (compatible; MSIE 7.0; Windows NT 5.1; SV1; .NET CLR 2.0.50727) Havij',NULL,NULL,-1563330474,1492318643),(719,NULL,'Mozilla/4.0 (compatible; MSIE 7.0; Windows NT 5.1; SV1; .NET CLR 2.0.50727) Havij',NULL,NULL,-1563330474,1492318643),(720,NULL,'Mozilla/4.0 (compatible; MSIE 7.0; Windows NT 5.1; SV1; .NET CLR 2.0.50727) Havij',NULL,NULL,-1563330474,1492318643),(721,NULL,'Mozilla/4.0 (compatible; MSIE 7.0; Windows NT 5.1; SV1; .NET CLR 2.0.50727) Havij',NULL,NULL,-1563330474,1492318643),(722,NULL,'Mozilla/4.0 (compatible; MSIE 7.0; Windows NT 5.1; SV1; .NET CLR 2.0.50727) Havij',NULL,NULL,-1563330474,1492318643),(723,NULL,'Mozilla/4.0 (compatible; MSIE 7.0; Windows NT 5.1; SV1; .NET CLR 2.0.50727) Havij',NULL,NULL,-1563330474,1492318643),(724,NULL,'Mozilla/4.0 (compatible; MSIE 7.0; Windows NT 5.1; SV1; .NET CLR 2.0.50727) Havij',NULL,NULL,-1563330474,1492318643),(725,NULL,'Mozilla/4.0 (compatible; MSIE 7.0; Windows NT 5.1; SV1; .NET CLR 2.0.50727) Havij',NULL,NULL,-1563330474,1492318643),(726,NULL,'Mozilla/4.0 (compatible; MSIE 7.0; Windows NT 5.1; SV1; .NET CLR 2.0.50727) Havij',NULL,NULL,-1563330474,1492318643),(727,NULL,'Mozilla/4.0 (compatible; MSIE 7.0; Windows NT 5.1; SV1; .NET CLR 2.0.50727) Havij',NULL,NULL,-1563330474,1492318643),(728,NULL,'Mozilla/4.0 (compatible; MSIE 7.0; Windows NT 5.1; SV1; .NET CLR 2.0.50727) Havij',NULL,NULL,-1563330474,1492318643),(729,NULL,'Mozilla/4.0 (compatible; MSIE 7.0; Windows NT 5.1; SV1; .NET CLR 2.0.50727) Havij',NULL,NULL,-1563330474,1492318643),(730,NULL,'Mozilla/4.0 (compatible; MSIE 7.0; Windows NT 5.1; SV1; .NET CLR 2.0.50727) Havij',NULL,NULL,-1563330474,1492318643),(731,NULL,'Mozilla/4.0 (compatible; MSIE 7.0; Windows NT 5.1; SV1; .NET CLR 2.0.50727) Havij',NULL,NULL,-1563330474,1492318643),(732,NULL,'Mozilla/4.0 (compatible; MSIE 7.0; Windows NT 5.1; SV1; .NET CLR 2.0.50727) Havij',NULL,NULL,-1563330474,1492318643),(733,NULL,'Mozilla/4.0 (compatible; MSIE 7.0; Windows NT 5.1; SV1; .NET CLR 2.0.50727) Havij',NULL,NULL,-1563330474,1492318643),(734,NULL,'Mozilla/4.0 (compatible; MSIE 7.0; Windows NT 5.1; SV1; .NET CLR 2.0.50727) Havij',NULL,NULL,-1563330474,1492318643),(735,NULL,'Mozilla/4.0 (compatible; MSIE 7.0; Windows NT 5.1; SV1; .NET CLR 2.0.50727) Havij',NULL,NULL,-1563330474,1492318643),(736,NULL,'Mozilla/4.0 (compatible; MSIE 7.0; Windows NT 5.1; SV1; .NET CLR 2.0.50727) Havij',NULL,NULL,-1563330474,1492318643),(737,NULL,'Mozilla/4.0 (compatible; MSIE 7.0; Windows NT 5.1; SV1; .NET CLR 2.0.50727) Havij',NULL,NULL,-1563330474,1492318643),(738,NULL,'Mozilla/4.0 (compatible; MSIE 7.0; Windows NT 5.1; SV1; .NET CLR 2.0.50727) Havij',NULL,NULL,-1563330474,1492318643),(739,NULL,'Mozilla/4.0 (compatible; MSIE 7.0; Windows NT 5.1; SV1; .NET CLR 2.0.50727) Havij',NULL,NULL,-1563330474,1492318643),(740,NULL,'Mozilla/4.0 (compatible; MSIE 7.0; Windows NT 5.1; SV1; .NET CLR 2.0.50727) Havij',NULL,NULL,-1563330474,1492318643),(741,NULL,'Mozilla/4.0 (compatible; MSIE 7.0; Windows NT 5.1; SV1; .NET CLR 2.0.50727) Havij',NULL,NULL,-1563330474,1492318643),(742,NULL,'Mozilla/4.0 (compatible; MSIE 7.0; Windows NT 5.1; SV1; .NET CLR 2.0.50727) Havij',NULL,NULL,-1563330474,1492318643),(743,NULL,'Mozilla/4.0 (compatible; MSIE 7.0; Windows NT 5.1; SV1; .NET CLR 2.0.50727) Havij',NULL,NULL,-1563330474,1492318643),(744,NULL,'Mozilla/4.0 (compatible; MSIE 7.0; Windows NT 5.1; SV1; .NET CLR 2.0.50727) Havij',NULL,NULL,-1563330474,1492318643),(745,NULL,'Mozilla/4.0 (compatible; MSIE 7.0; Windows NT 5.1; SV1; .NET CLR 2.0.50727) Havij',NULL,NULL,-1563330474,1492318643),(746,NULL,'Mozilla/4.0 (compatible; MSIE 7.0; Windows NT 5.1; SV1; .NET CLR 2.0.50727) Havij',NULL,NULL,-1563330474,1492318643),(747,NULL,'Mozilla/4.0 (compatible; MSIE 7.0; Windows NT 5.1; SV1; .NET CLR 2.0.50727) Havij',NULL,NULL,-1563330474,1492318643),(748,NULL,'Mozilla/4.0 (compatible; MSIE 7.0; Windows NT 5.1; SV1; .NET CLR 2.0.50727) Havij',NULL,NULL,-1563330474,1492318643),(749,NULL,'Mozilla/4.0 (compatible; MSIE 7.0; Windows NT 5.1; SV1; .NET CLR 2.0.50727) Havij',NULL,NULL,-1563330474,1492318643),(750,NULL,'Mozilla/4.0 (compatible; MSIE 7.0; Windows NT 5.1; SV1; .NET CLR 2.0.50727) Havij',NULL,NULL,-1563330474,1492318643),(751,NULL,'Mozilla/4.0 (compatible; MSIE 7.0; Windows NT 5.1; SV1; .NET CLR 2.0.50727) Havij',NULL,NULL,-1563330474,1492318643),(752,NULL,'Mozilla/4.0 (compatible; MSIE 7.0; Windows NT 5.1; SV1; .NET CLR 2.0.50727) Havij',NULL,NULL,-1563330474,1492318643),(753,NULL,'Mozilla/4.0 (compatible; MSIE 7.0; Windows NT 5.1; SV1; .NET CLR 2.0.50727) Havij',NULL,NULL,-1563330474,1492318643),(754,NULL,'Mozilla/4.0 (compatible; MSIE 7.0; Windows NT 5.1; SV1; .NET CLR 2.0.50727) Havij',NULL,NULL,-1563330474,1492318643),(755,NULL,'Mozilla/4.0 (compatible; MSIE 7.0; Windows NT 5.1; SV1; .NET CLR 2.0.50727) Havij',NULL,NULL,-1563330474,1492318643),(756,NULL,'Mozilla/4.0 (compatible; MSIE 7.0; Windows NT 5.1; SV1; .NET CLR 2.0.50727) Havij',NULL,NULL,-1563330474,1492318643),(757,NULL,'Mozilla/4.0 (compatible; MSIE 7.0; Windows NT 5.1; SV1; .NET CLR 2.0.50727) Havij',NULL,NULL,-1563330474,1492318643),(758,NULL,'Mozilla/4.0 (compatible; MSIE 7.0; Windows NT 5.1; SV1; .NET CLR 2.0.50727) Havij',NULL,NULL,-1563330474,1492318643),(759,NULL,'Mozilla/4.0 (compatible; MSIE 7.0; Windows NT 5.1; SV1; .NET CLR 2.0.50727) Havij',NULL,NULL,-1563330474,1492318643),(760,NULL,'Mozilla/4.0 (compatible; MSIE 7.0; Windows NT 5.1; SV1; .NET CLR 2.0.50727) Havij',NULL,NULL,-1563330474,1492318643),(761,NULL,'Mozilla/4.0 (compatible; MSIE 7.0; Windows NT 5.1; SV1; .NET CLR 2.0.50727) Havij',NULL,NULL,-1563330474,1492318643),(762,NULL,'Mozilla/4.0 (compatible; MSIE 7.0; Windows NT 5.1; SV1; .NET CLR 2.0.50727) Havij',NULL,NULL,-1563330474,1492318643),(763,NULL,'Mozilla/4.0 (compatible; MSIE 7.0; Windows NT 5.1; SV1; .NET CLR 2.0.50727) Havij',NULL,NULL,-1563330474,1492318643),(764,NULL,'Mozilla/4.0 (compatible; MSIE 7.0; Windows NT 5.1; SV1; .NET CLR 2.0.50727) Havij',NULL,NULL,-1563330474,1492318643),(765,NULL,'Mozilla/4.0 (compatible; MSIE 7.0; Windows NT 5.1; SV1; .NET CLR 2.0.50727) Havij',NULL,NULL,-1563330474,1492318643),(766,NULL,'Mozilla/4.0 (compatible; MSIE 7.0; Windows NT 5.1; SV1; .NET CLR 2.0.50727) Havij',NULL,NULL,-1563330474,1492318643),(767,NULL,'Mozilla/4.0 (compatible; MSIE 7.0; Windows NT 5.1; SV1; .NET CLR 2.0.50727) Havij',NULL,NULL,-1563330474,1492318643),(768,NULL,'Mozilla/4.0 (compatible; MSIE 7.0; Windows NT 5.1; SV1; .NET CLR 2.0.50727) Havij',NULL,NULL,-1563330474,1492318643),(769,NULL,'Mozilla/4.0 (compatible; MSIE 7.0; Windows NT 5.1; SV1; .NET CLR 2.0.50727) Havij',NULL,NULL,-1563330474,1492318643),(770,NULL,'Mozilla/4.0 (compatible; MSIE 7.0; Windows NT 5.1; SV1; .NET CLR 2.0.50727) Havij',NULL,NULL,-1563330474,1492318643),(771,NULL,'Mozilla/4.0 (compatible; MSIE 7.0; Windows NT 5.1; SV1; .NET CLR 2.0.50727) Havij',NULL,NULL,-1563330474,1492318643),(772,NULL,'Mozilla/4.0 (compatible; MSIE 7.0; Windows NT 5.1; SV1; .NET CLR 2.0.50727) Havij',NULL,NULL,-1563330474,1492318643),(773,NULL,'Mozilla/4.0 (compatible; MSIE 7.0; Windows NT 5.1; SV1; .NET CLR 2.0.50727) Havij',NULL,NULL,-1563330474,1492318643),(774,NULL,'Mozilla/4.0 (compatible; MSIE 7.0; Windows NT 5.1; SV1; .NET CLR 2.0.50727) Havij',NULL,NULL,-1563330474,1492318643),(775,NULL,'Mozilla/4.0 (compatible; MSIE 7.0; Windows NT 5.1; SV1; .NET CLR 2.0.50727) Havij',NULL,NULL,-1563330474,1492318643),(776,NULL,'Mozilla/4.0 (compatible; MSIE 7.0; Windows NT 5.1; SV1; .NET CLR 2.0.50727) Havij',NULL,NULL,-1563330474,1492318643),(777,NULL,'Mozilla/4.0 (compatible; MSIE 7.0; Windows NT 5.1; SV1; .NET CLR 2.0.50727) Havij',NULL,NULL,-1563330474,1492318643),(778,NULL,'Mozilla/4.0 (compatible; MSIE 7.0; Windows NT 5.1; SV1; .NET CLR 2.0.50727) Havij',NULL,NULL,-1563330474,1492318643),(779,NULL,'Mozilla/4.0 (compatible; MSIE 7.0; Windows NT 5.1; SV1; .NET CLR 2.0.50727) Havij',NULL,NULL,-1563330474,1492318643),(780,NULL,'Mozilla/4.0 (compatible; MSIE 7.0; Windows NT 5.1; SV1; .NET CLR 2.0.50727) Havij',NULL,NULL,-1563330474,1492318643),(781,NULL,'Mozilla/4.0 (compatible; MSIE 7.0; Windows NT 5.1; SV1; .NET CLR 2.0.50727) Havij',NULL,NULL,-1563330474,1492318643),(782,NULL,'Mozilla/4.0 (compatible; MSIE 7.0; Windows NT 5.1; SV1; .NET CLR 2.0.50727) Havij',NULL,NULL,-1563330474,1492318643),(783,NULL,'Mozilla/4.0 (compatible; MSIE 7.0; Windows NT 5.1; SV1; .NET CLR 2.0.50727) Havij',NULL,NULL,-1563330474,1492318643),(784,NULL,'Mozilla/4.0 (compatible; MSIE 7.0; Windows NT 5.1; SV1; .NET CLR 2.0.50727) Havij',NULL,NULL,-1563330474,1492318643),(785,NULL,'Mozilla/4.0 (compatible; MSIE 7.0; Windows NT 5.1; SV1; .NET CLR 2.0.50727) Havij',NULL,NULL,-1563330474,1492318643),(786,NULL,'Mozilla/4.0 (compatible; MSIE 7.0; Windows NT 5.1; SV1; .NET CLR 2.0.50727) Havij',NULL,NULL,-1563330474,1492318643),(787,NULL,'Mozilla/4.0 (compatible; MSIE 7.0; Windows NT 5.1; SV1; .NET CLR 2.0.50727) Havij',NULL,NULL,-1563330474,1492318643),(788,NULL,'Mozilla/4.0 (compatible; MSIE 7.0; Windows NT 5.1; SV1; .NET CLR 2.0.50727) Havij',NULL,NULL,-1563330474,1492318643),(789,NULL,'Mozilla/4.0 (compatible; MSIE 7.0; Windows NT 5.1; SV1; .NET CLR 2.0.50727) Havij',NULL,NULL,-1563330474,1492318643),(790,NULL,'Mozilla/4.0 (compatible; MSIE 7.0; Windows NT 5.1; SV1; .NET CLR 2.0.50727) Havij',NULL,NULL,-1563330474,1492318643),(791,NULL,'Mozilla/4.0 (compatible; MSIE 7.0; Windows NT 5.1; SV1; .NET CLR 2.0.50727) Havij',NULL,NULL,-1563330474,1492318643),(792,NULL,'Mozilla/4.0 (compatible; MSIE 7.0; Windows NT 5.1; SV1; .NET CLR 2.0.50727) Havij',NULL,NULL,-1563330474,1492318643),(793,NULL,'Mozilla/4.0 (compatible; MSIE 7.0; Windows NT 5.1; SV1; .NET CLR 2.0.50727) Havij',NULL,NULL,-1563330474,1492318643),(794,NULL,'Mozilla/4.0 (compatible; MSIE 7.0; Windows NT 5.1; SV1; .NET CLR 2.0.50727) Havij',NULL,NULL,-1563330474,1492318643),(795,NULL,'Mozilla/4.0 (compatible; MSIE 7.0; Windows NT 5.1; SV1; .NET CLR 2.0.50727) Havij',NULL,NULL,-1563330474,1492318643),(796,NULL,'Mozilla/4.0 (compatible; MSIE 7.0; Windows NT 5.1; SV1; .NET CLR 2.0.50727) Havij',NULL,NULL,-1563330474,1492318643),(797,NULL,'Mozilla/4.0 (compatible; MSIE 7.0; Windows NT 5.1; SV1; .NET CLR 2.0.50727) Havij',NULL,NULL,-1563330474,1492318643),(798,NULL,'Mozilla/4.0 (compatible; MSIE 7.0; Windows NT 5.1; SV1; .NET CLR 2.0.50727) Havij',NULL,NULL,-1563330474,1492318643),(799,NULL,'Mozilla/4.0 (compatible; MSIE 7.0; Windows NT 5.1; SV1; .NET CLR 2.0.50727) Havij',NULL,NULL,-1563330474,1492318643),(800,NULL,'Mozilla/4.0 (compatible; MSIE 7.0; Windows NT 5.1; SV1; .NET CLR 2.0.50727) Havij',NULL,NULL,-1563330474,1492318643),(801,NULL,'Mozilla/4.0 (compatible; MSIE 7.0; Windows NT 5.1; SV1; .NET CLR 2.0.50727) Havij',NULL,NULL,-1563330474,1492318643),(802,NULL,'Mozilla/4.0 (compatible; MSIE 7.0; Windows NT 5.1; SV1; .NET CLR 2.0.50727) Havij',NULL,NULL,-1563330474,1492318643),(803,NULL,'Mozilla/4.0 (compatible; MSIE 7.0; Windows NT 5.1; SV1; .NET CLR 2.0.50727) Havij',NULL,NULL,-1563330474,1492318643),(804,NULL,'Mozilla/4.0 (compatible; MSIE 7.0; Windows NT 5.1; SV1; .NET CLR 2.0.50727) Havij',NULL,NULL,-1563330474,1492318643),(805,NULL,'Mozilla/4.0 (compatible; MSIE 7.0; Windows NT 5.1; SV1; .NET CLR 2.0.50727) Havij',NULL,NULL,-1563330474,1492318643),(806,NULL,'Mozilla/4.0 (compatible; MSIE 7.0; Windows NT 5.1; SV1; .NET CLR 2.0.50727) Havij',NULL,NULL,-1563330474,1492318643),(807,NULL,'Mozilla/4.0 (compatible; MSIE 7.0; Windows NT 5.1; SV1; .NET CLR 2.0.50727) Havij',NULL,NULL,-1563330474,1492318643),(808,NULL,'Mozilla/4.0 (compatible; MSIE 7.0; Windows NT 5.1; SV1; .NET CLR 2.0.50727) Havij',NULL,NULL,-1563330474,1492318643),(809,NULL,'Mozilla/4.0 (compatible; MSIE 7.0; Windows NT 5.1; SV1; .NET CLR 2.0.50727) Havij',NULL,NULL,-1563330474,1492318643),(810,NULL,'Mozilla/4.0 (compatible; MSIE 7.0; Windows NT 5.1; SV1; .NET CLR 2.0.50727) Havij',NULL,NULL,-1563330474,1492318643),(811,NULL,'Mozilla/4.0 (compatible; MSIE 7.0; Windows NT 5.1; SV1; .NET CLR 2.0.50727) Havij',NULL,NULL,-1563330474,1492318643),(812,NULL,'Mozilla/4.0 (compatible; MSIE 7.0; Windows NT 5.1; SV1; .NET CLR 2.0.50727) Havij',NULL,NULL,-1563330474,1492318643),(813,NULL,'Mozilla/4.0 (compatible; MSIE 7.0; Windows NT 5.1; SV1; .NET CLR 2.0.50727) Havij',NULL,NULL,-1563330474,1492318643),(814,NULL,'Mozilla/4.0 (compatible; MSIE 7.0; Windows NT 5.1; SV1; .NET CLR 2.0.50727) Havij',NULL,NULL,-1563330474,1492318643),(815,NULL,'Mozilla/4.0 (compatible; MSIE 7.0; Windows NT 5.1; SV1; .NET CLR 2.0.50727) Havij',NULL,NULL,-1563330474,1492318643),(816,NULL,'Mozilla/4.0 (compatible; MSIE 7.0; Windows NT 5.1; SV1; .NET CLR 2.0.50727) Havij',NULL,NULL,-1563330474,1492318643),(817,NULL,'Mozilla/4.0 (compatible; MSIE 7.0; Windows NT 5.1; SV1; .NET CLR 2.0.50727) Havij',NULL,NULL,-1563330474,1492318643),(818,NULL,'Mozilla/4.0 (compatible; MSIE 7.0; Windows NT 5.1; SV1; .NET CLR 2.0.50727) Havij',NULL,NULL,-1563330474,1492318643),(819,NULL,'Mozilla/4.0 (compatible; MSIE 7.0; Windows NT 5.1; SV1; .NET CLR 2.0.50727) Havij',NULL,NULL,-1563330474,1492318643),(820,NULL,'Mozilla/4.0 (compatible; MSIE 7.0; Windows NT 5.1; SV1; .NET CLR 2.0.50727) Havij',NULL,NULL,-1563330474,1492318643),(821,NULL,'Mozilla/4.0 (compatible; MSIE 7.0; Windows NT 5.1; SV1; .NET CLR 2.0.50727) Havij',NULL,NULL,-1563330474,1492318643),(822,NULL,'Mozilla/4.0 (compatible; MSIE 7.0; Windows NT 5.1; SV1; .NET CLR 2.0.50727) Havij',NULL,NULL,-1563330474,1492318643),(823,NULL,'Mozilla/4.0 (compatible; MSIE 7.0; Windows NT 5.1; SV1; .NET CLR 2.0.50727) Havij',NULL,NULL,-1563330474,1492318643),(824,NULL,'Mozilla/4.0 (compatible; MSIE 7.0; Windows NT 5.1; SV1; .NET CLR 2.0.50727) Havij',NULL,NULL,-1563330474,1492318643),(825,NULL,'Mozilla/4.0 (compatible; MSIE 7.0; Windows NT 5.1; SV1; .NET CLR 2.0.50727) Havij',NULL,NULL,-1563330474,1492318643),(826,NULL,'Mozilla/4.0 (compatible; MSIE 7.0; Windows NT 5.1; SV1; .NET CLR 2.0.50727) Havij',NULL,NULL,-1563330474,1492318643),(827,NULL,'Mozilla/4.0 (compatible; MSIE 7.0; Windows NT 5.1; SV1; .NET CLR 2.0.50727) Havij',NULL,NULL,-1563330474,1492318643),(828,NULL,'Mozilla/4.0 (compatible; MSIE 7.0; Windows NT 5.1; SV1; .NET CLR 2.0.50727) Havij',NULL,NULL,-1563330474,1492318643),(829,NULL,'Mozilla/4.0 (compatible; MSIE 7.0; Windows NT 5.1; SV1; .NET CLR 2.0.50727) Havij',NULL,NULL,-1563330474,1492318643),(830,NULL,'Mozilla/4.0 (compatible; MSIE 7.0; Windows NT 5.1; SV1; .NET CLR 2.0.50727) Havij',NULL,NULL,-1563330474,1492318643),(831,NULL,'Mozilla/4.0 (compatible; MSIE 7.0; Windows NT 5.1; SV1; .NET CLR 2.0.50727) Havij',NULL,NULL,-1563330474,1492318643),(832,NULL,'Mozilla/4.0 (compatible; MSIE 7.0; Windows NT 5.1; SV1; .NET CLR 2.0.50727) Havij',NULL,NULL,-1563330474,1492318643),(833,NULL,'Mozilla/4.0 (compatible; MSIE 7.0; Windows NT 5.1; SV1; .NET CLR 2.0.50727) Havij',NULL,NULL,-1563330474,1492318643),(834,NULL,'Mozilla/4.0 (compatible; MSIE 7.0; Windows NT 5.1; SV1; .NET CLR 2.0.50727) Havij',NULL,NULL,-1563330474,1492318643),(835,NULL,'Mozilla/4.0 (compatible; MSIE 7.0; Windows NT 5.1; SV1; .NET CLR 2.0.50727) Havij',NULL,NULL,-1563330474,1492318643),(836,NULL,'Mozilla/4.0 (compatible; MSIE 7.0; Windows NT 5.1; SV1; .NET CLR 2.0.50727) Havij',NULL,NULL,-1563330474,1492318643),(837,NULL,'Mozilla/4.0 (compatible; MSIE 7.0; Windows NT 5.1; SV1; .NET CLR 2.0.50727) Havij',NULL,NULL,-1563330474,1492318643),(838,NULL,'Mozilla/4.0 (compatible; MSIE 7.0; Windows NT 5.1; SV1; .NET CLR 2.0.50727) Havij',NULL,NULL,-1563330474,1492318643),(839,NULL,'Mozilla/4.0 (compatible; MSIE 7.0; Windows NT 5.1; SV1; .NET CLR 2.0.50727) Havij',NULL,NULL,-1563330474,1492318643),(840,NULL,'Mozilla/4.0 (compatible; MSIE 7.0; Windows NT 5.1; SV1; .NET CLR 2.0.50727) Havij',NULL,NULL,-1563330474,1492318643),(841,NULL,'Mozilla/4.0 (compatible; MSIE 7.0; Windows NT 5.1; SV1; .NET CLR 2.0.50727) Havij',NULL,NULL,-1563330474,1492318643),(842,NULL,'Mozilla/4.0 (compatible; MSIE 7.0; Windows NT 5.1; SV1; .NET CLR 2.0.50727) Havij',NULL,NULL,-1563330474,1492318643),(843,NULL,'Mozilla/4.0 (compatible; MSIE 7.0; Windows NT 5.1; SV1; .NET CLR 2.0.50727) Havij',NULL,NULL,-1563330474,1492318643),(844,NULL,'Mozilla/4.0 (compatible; MSIE 7.0; Windows NT 5.1; SV1; .NET CLR 2.0.50727) Havij',NULL,NULL,-1563330474,1492318643),(845,NULL,'Mozilla/4.0 (compatible; MSIE 7.0; Windows NT 5.1; SV1; .NET CLR 2.0.50727) Havij',NULL,NULL,-1563330474,1492318643),(846,NULL,'Mozilla/4.0 (compatible; MSIE 7.0; Windows NT 5.1; SV1; .NET CLR 2.0.50727) Havij',NULL,NULL,-1563330474,1492318643),(847,NULL,'Mozilla/4.0 (compatible; MSIE 7.0; Windows NT 5.1; SV1; .NET CLR 2.0.50727) Havij',NULL,NULL,-1563330474,1492318643),(848,NULL,'Mozilla/4.0 (compatible; MSIE 7.0; Windows NT 5.1; SV1; .NET CLR 2.0.50727) Havij',NULL,NULL,-1563330474,1492318643),(849,NULL,'Mozilla/4.0 (compatible; MSIE 7.0; Windows NT 5.1; SV1; .NET CLR 2.0.50727) Havij',NULL,NULL,-1563330474,1492318643),(850,NULL,'Mozilla/4.0 (compatible; MSIE 7.0; Windows NT 5.1; SV1; .NET CLR 2.0.50727) Havij',NULL,NULL,-1563330474,1492318643),(851,NULL,'Mozilla/4.0 (compatible; MSIE 7.0; Windows NT 5.1; SV1; .NET CLR 2.0.50727) Havij',NULL,NULL,-1563330474,1492318643),(852,NULL,'Mozilla/4.0 (compatible; MSIE 7.0; Windows NT 5.1; SV1; .NET CLR 2.0.50727) Havij',NULL,NULL,-1563330474,1492318643),(853,NULL,'Mozilla/4.0 (compatible; MSIE 7.0; Windows NT 5.1; SV1; .NET CLR 2.0.50727) Havij',NULL,NULL,-1563330474,1492318643),(854,NULL,'Mozilla/4.0 (compatible; MSIE 7.0; Windows NT 5.1; SV1; .NET CLR 2.0.50727) Havij',NULL,NULL,-1563330474,1492318643),(855,NULL,'Mozilla/4.0 (compatible; MSIE 7.0; Windows NT 5.1; SV1; .NET CLR 2.0.50727) Havij',NULL,NULL,-1563330474,1492318643),(856,NULL,'Mozilla/4.0 (compatible; MSIE 7.0; Windows NT 5.1; SV1; .NET CLR 2.0.50727) Havij',NULL,NULL,-1563330474,1492318643),(857,NULL,'Mozilla/4.0 (compatible; MSIE 7.0; Windows NT 5.1; SV1; .NET CLR 2.0.50727) Havij',NULL,NULL,-1563330474,1492318643),(858,NULL,'Mozilla/4.0 (compatible; MSIE 7.0; Windows NT 5.1; SV1; .NET CLR 2.0.50727) Havij',NULL,NULL,-1563330474,1492318643),(859,NULL,'Mozilla/4.0 (compatible; MSIE 7.0; Windows NT 5.1; SV1; .NET CLR 2.0.50727) Havij',NULL,NULL,-1563330474,1492318643),(860,NULL,'Mozilla/4.0 (compatible; MSIE 7.0; Windows NT 5.1; SV1; .NET CLR 2.0.50727) Havij',NULL,NULL,-1563330474,1492318643),(861,NULL,'Mozilla/4.0 (compatible; MSIE 7.0; Windows NT 5.1; SV1; .NET CLR 2.0.50727) Havij',NULL,NULL,-1563330474,1492318643),(862,NULL,'Mozilla/4.0 (compatible; MSIE 7.0; Windows NT 5.1; SV1; .NET CLR 2.0.50727) Havij',NULL,NULL,-1563330474,1492318643),(863,NULL,'Mozilla/4.0 (compatible; MSIE 7.0; Windows NT 5.1; SV1; .NET CLR 2.0.50727) Havij',NULL,NULL,-1563330474,1492318643),(864,NULL,'Mozilla/4.0 (compatible; MSIE 7.0; Windows NT 5.1; SV1; .NET CLR 2.0.50727) Havij',NULL,NULL,-1563330474,1492318643),(865,NULL,'Mozilla/4.0 (compatible; MSIE 7.0; Windows NT 5.1; SV1; .NET CLR 2.0.50727) Havij',NULL,NULL,-1563330474,1492318643),(866,NULL,'Mozilla/4.0 (compatible; MSIE 7.0; Windows NT 5.1; SV1; .NET CLR 2.0.50727) Havij',NULL,NULL,-1563330474,1492318643),(867,NULL,'Mozilla/4.0 (compatible; MSIE 7.0; Windows NT 5.1; SV1; .NET CLR 2.0.50727) Havij',NULL,NULL,-1563330474,1492318643),(868,NULL,'Mozilla/4.0 (compatible; MSIE 7.0; Windows NT 5.1; SV1; .NET CLR 2.0.50727) Havij',NULL,NULL,-1563330474,1492318643),(869,NULL,'Mozilla/4.0 (compatible; MSIE 7.0; Windows NT 5.1; SV1; .NET CLR 2.0.50727) Havij',NULL,NULL,-1563330474,1492318643),(870,NULL,'Mozilla/4.0 (compatible; MSIE 7.0; Windows NT 5.1; SV1; .NET CLR 2.0.50727) Havij',NULL,NULL,-1563330474,1492318643),(871,NULL,'Mozilla/4.0 (compatible; MSIE 7.0; Windows NT 5.1; SV1; .NET CLR 2.0.50727) Havij',NULL,NULL,-1563330474,1492318643),(872,NULL,'Mozilla/4.0 (compatible; MSIE 7.0; Windows NT 5.1; SV1; .NET CLR 2.0.50727) Havij',NULL,NULL,-1563330474,1492318643);

--
-- Table structure for table `log_visitor_online`
--

CREATE TABLE `log_visitor_online` (
  `visitor_id` bigint(20) unsigned NOT NULL AUTO_INCREMENT COMMENT 'Visitor ID',
  `visitor_type` varchar(1) NOT NULL COMMENT 'Visitor Type',
  `remote_addr` bigint(20) NOT NULL COMMENT 'Remote Address',
  `first_visit_at` timestamp NULL DEFAULT NULL COMMENT 'First Visit Time',
  `last_visit_at` timestamp NULL DEFAULT NULL COMMENT 'Last Visit Time',
  `customer_id` int(10) unsigned DEFAULT NULL COMMENT 'Customer ID',
  `last_url` varchar(255) DEFAULT NULL COMMENT 'Last URL',
  PRIMARY KEY (`visitor_id`),
  KEY `IDX_LOG_VISITOR_ONLINE_VISITOR_TYPE` (`visitor_type`),
  KEY `IDX_LOG_VISITOR_ONLINE_FIRST_VISIT_AT_LAST_VISIT_AT` (`first_visit_at`,`last_visit_at`),
  KEY `IDX_LOG_VISITOR_ONLINE_CUSTOMER_ID` (`customer_id`)
) ENGINE=InnoDB DEFAULT CHARSET=utf8 COMMENT='Log Visitor Online Table';

--
-- Dumping data for table `log_visitor_online`
--


--
-- Table structure for table `newsletter_problem`
--

CREATE TABLE `newsletter_problem` (
  `problem_id` int(10) unsigned NOT NULL AUTO_INCREMENT COMMENT 'Problem Id',
  `subscriber_id` int(10) unsigned DEFAULT NULL COMMENT 'Subscriber Id',
  `queue_id` int(10) unsigned NOT NULL DEFAULT '0' COMMENT 'Queue Id',
  `problem_error_code` int(10) unsigned DEFAULT '0' COMMENT 'Problem Error Code',
  `problem_error_text` varchar(200) DEFAULT NULL COMMENT 'Problem Error Text',
  PRIMARY KEY (`problem_id`),
  KEY `IDX_NEWSLETTER_PROBLEM_SUBSCRIBER_ID` (`subscriber_id`),
  KEY `IDX_NEWSLETTER_PROBLEM_QUEUE_ID` (`queue_id`),
  CONSTRAINT `FK_NEWSLETTER_PROBLEM_QUEUE_ID_NEWSLETTER_QUEUE_QUEUE_ID` FOREIGN KEY (`queue_id`) REFERENCES `newsletter_queue` (`queue_id`) ON DELETE CASCADE ON UPDATE CASCADE,
  CONSTRAINT `FK_NLTTR_PROBLEM_SUBSCRIBER_ID_NLTTR_SUBSCRIBER_SUBSCRIBER_ID` FOREIGN KEY (`subscriber_id`) REFERENCES `newsletter_subscriber` (`subscriber_id`) ON DELETE CASCADE ON UPDATE CASCADE
) ENGINE=InnoDB DEFAULT CHARSET=utf8 COMMENT='Newsletter Problems';

--
-- Dumping data for table `newsletter_problem`
--


--
-- Table structure for table `newsletter_queue`
--

CREATE TABLE `newsletter_queue` (
  `queue_id` int(10) unsigned NOT NULL AUTO_INCREMENT COMMENT 'Queue Id',
  `template_id` int(10) unsigned NOT NULL DEFAULT '0' COMMENT 'Template Id',
  `newsletter_type` int(11) DEFAULT NULL COMMENT 'Newsletter Type',
  `newsletter_text` text COMMENT 'Newsletter Text',
  `newsletter_styles` text COMMENT 'Newsletter Styles',
  `newsletter_subject` varchar(200) DEFAULT NULL COMMENT 'Newsletter Subject',
  `newsletter_sender_name` varchar(200) DEFAULT NULL COMMENT 'Newsletter Sender Name',
  `newsletter_sender_email` varchar(200) DEFAULT NULL COMMENT 'Newsletter Sender Email',
  `queue_status` int(10) unsigned NOT NULL DEFAULT '0' COMMENT 'Queue Status',
  `queue_start_at` timestamp NULL DEFAULT NULL COMMENT 'Queue Start At',
  `queue_finish_at` timestamp NULL DEFAULT NULL COMMENT 'Queue Finish At',
  PRIMARY KEY (`queue_id`),
  KEY `IDX_NEWSLETTER_QUEUE_TEMPLATE_ID` (`template_id`),
  CONSTRAINT `FK_NEWSLETTER_QUEUE_TEMPLATE_ID_NEWSLETTER_TEMPLATE_TEMPLATE_ID` FOREIGN KEY (`template_id`) REFERENCES `newsletter_template` (`template_id`) ON DELETE CASCADE ON UPDATE CASCADE
) ENGINE=InnoDB DEFAULT CHARSET=utf8 COMMENT='Newsletter Queue';

--
-- Dumping data for table `newsletter_queue`
--


--
-- Table structure for table `newsletter_queue_link`
--

CREATE TABLE `newsletter_queue_link` (
  `queue_link_id` int(10) unsigned NOT NULL AUTO_INCREMENT COMMENT 'Queue Link Id',
  `queue_id` int(10) unsigned NOT NULL DEFAULT '0' COMMENT 'Queue Id',
  `subscriber_id` int(10) unsigned NOT NULL DEFAULT '0' COMMENT 'Subscriber Id',
  `letter_sent_at` timestamp NULL DEFAULT NULL COMMENT 'Letter Sent At',
  PRIMARY KEY (`queue_link_id`),
  KEY `IDX_NEWSLETTER_QUEUE_LINK_SUBSCRIBER_ID` (`subscriber_id`),
  KEY `IDX_NEWSLETTER_QUEUE_LINK_QUEUE_ID` (`queue_id`),
  KEY `IDX_NEWSLETTER_QUEUE_LINK_QUEUE_ID_LETTER_SENT_AT` (`queue_id`,`letter_sent_at`),
  CONSTRAINT `FK_NEWSLETTER_QUEUE_LINK_QUEUE_ID_NEWSLETTER_QUEUE_QUEUE_ID` FOREIGN KEY (`queue_id`) REFERENCES `newsletter_queue` (`queue_id`) ON DELETE CASCADE ON UPDATE CASCADE,
  CONSTRAINT `FK_NLTTR_QUEUE_LNK_SUBSCRIBER_ID_NLTTR_SUBSCRIBER_SUBSCRIBER_ID` FOREIGN KEY (`subscriber_id`) REFERENCES `newsletter_subscriber` (`subscriber_id`) ON DELETE CASCADE ON UPDATE CASCADE
) ENGINE=InnoDB DEFAULT CHARSET=utf8 COMMENT='Newsletter Queue Link';

--
-- Dumping data for table `newsletter_queue_link`
--


--
-- Table structure for table `newsletter_queue_store_link`
--

CREATE TABLE `newsletter_queue_store_link` (
  `queue_id` int(10) unsigned NOT NULL DEFAULT '0' COMMENT 'Queue Id',
  `store_id` smallint(5) unsigned NOT NULL DEFAULT '0' COMMENT 'Store Id',
  PRIMARY KEY (`queue_id`,`store_id`),
  KEY `IDX_NEWSLETTER_QUEUE_STORE_LINK_STORE_ID` (`store_id`),
  CONSTRAINT `FK_NEWSLETTER_QUEUE_STORE_LINK_STORE_ID_CORE_STORE_STORE_ID` FOREIGN KEY (`store_id`) REFERENCES `core_store` (`store_id`) ON DELETE CASCADE ON UPDATE CASCADE,
  CONSTRAINT `FK_NLTTR_QUEUE_STORE_LNK_QUEUE_ID_NLTTR_QUEUE_QUEUE_ID` FOREIGN KEY (`queue_id`) REFERENCES `newsletter_queue` (`queue_id`) ON DELETE CASCADE ON UPDATE CASCADE
) ENGINE=InnoDB DEFAULT CHARSET=utf8 COMMENT='Newsletter Queue Store Link';

--
-- Dumping data for table `newsletter_queue_store_link`
--


--
-- Table structure for table `newsletter_subscriber`
--

CREATE TABLE `newsletter_subscriber` (
  `subscriber_id` int(10) unsigned NOT NULL AUTO_INCREMENT COMMENT 'Subscriber Id',
  `store_id` smallint(5) unsigned DEFAULT '0' COMMENT 'Store Id',
  `change_status_at` timestamp NULL DEFAULT NULL COMMENT 'Change Status At',
  `customer_id` int(10) unsigned NOT NULL DEFAULT '0' COMMENT 'Customer Id',
  `subscriber_email` varchar(150) NOT NULL COMMENT 'Subscriber Email',
  `subscriber_status` int(11) NOT NULL DEFAULT '0' COMMENT 'Subscriber Status',
  `subscriber_confirm_code` varchar(32) DEFAULT 'NULL' COMMENT 'Subscriber Confirm Code',
  PRIMARY KEY (`subscriber_id`),
  KEY `IDX_NEWSLETTER_SUBSCRIBER_CUSTOMER_ID` (`customer_id`),
  KEY `IDX_NEWSLETTER_SUBSCRIBER_STORE_ID` (`store_id`),
  CONSTRAINT `FK_NEWSLETTER_SUBSCRIBER_STORE_ID_CORE_STORE_STORE_ID` FOREIGN KEY (`store_id`) REFERENCES `core_store` (`store_id`) ON DELETE SET NULL ON UPDATE CASCADE
) ENGINE=InnoDB DEFAULT CHARSET=utf8 COMMENT='Newsletter Subscriber';

--
-- Dumping data for table `newsletter_subscriber`
--


--
-- Table structure for table `newsletter_template`
--

CREATE TABLE `newsletter_template` (
  `template_id` int(10) unsigned NOT NULL AUTO_INCREMENT COMMENT 'Template Id',
  `template_code` varchar(150) DEFAULT NULL COMMENT 'Template Code',
  `template_text` text COMMENT 'Template Text',
  `template_text_preprocessed` text COMMENT 'Template Text Preprocessed',
  `template_styles` text COMMENT 'Template Styles',
  `template_type` int(10) unsigned DEFAULT NULL COMMENT 'Template Type',
  `template_subject` varchar(200) DEFAULT NULL COMMENT 'Template Subject',
  `template_sender_name` varchar(200) DEFAULT NULL COMMENT 'Template Sender Name',
  `template_sender_email` varchar(200) DEFAULT NULL COMMENT 'Template Sender Email',
  `template_actual` smallint(5) unsigned DEFAULT '1' COMMENT 'Template Actual',
  `added_at` timestamp NULL DEFAULT NULL COMMENT 'Added At',
  `modified_at` timestamp NULL DEFAULT NULL COMMENT 'Modified At',
  PRIMARY KEY (`template_id`),
  KEY `IDX_NEWSLETTER_TEMPLATE_TEMPLATE_ACTUAL` (`template_actual`),
  KEY `IDX_NEWSLETTER_TEMPLATE_ADDED_AT` (`added_at`),
  KEY `IDX_NEWSLETTER_TEMPLATE_MODIFIED_AT` (`modified_at`)
) ENGINE=InnoDB DEFAULT CHARSET=utf8 COMMENT='Newsletter Template';

--
-- Dumping data for table `newsletter_template`
--


--
-- Table structure for table `oauth_consumer`
--

CREATE TABLE `oauth_consumer` (
  `entity_id` int(10) unsigned NOT NULL AUTO_INCREMENT COMMENT 'Entity Id',
  `created_at` timestamp NOT NULL DEFAULT CURRENT_TIMESTAMP COMMENT 'Created At',
  `updated_at` timestamp NULL DEFAULT NULL COMMENT 'Updated At',
  `name` varchar(255) NOT NULL COMMENT 'Name of consumer',
  `key` varchar(32) NOT NULL COMMENT 'Key code',
  `secret` varchar(32) NOT NULL COMMENT 'Secret code',
  `callback_url` varchar(255) DEFAULT NULL COMMENT 'Callback URL',
  `rejected_callback_url` varchar(255) NOT NULL COMMENT 'Rejected callback URL',
  PRIMARY KEY (`entity_id`),
  UNIQUE KEY `UNQ_OAUTH_CONSUMER_KEY` (`key`),
  UNIQUE KEY `UNQ_OAUTH_CONSUMER_SECRET` (`secret`),
  KEY `IDX_OAUTH_CONSUMER_CREATED_AT` (`created_at`),
  KEY `IDX_OAUTH_CONSUMER_UPDATED_AT` (`updated_at`)
) ENGINE=InnoDB DEFAULT CHARSET=utf8 COMMENT='OAuth Consumers';

--
-- Dumping data for table `oauth_consumer`
--


--
-- Table structure for table `oauth_nonce`
--

CREATE TABLE `oauth_nonce` (
  `nonce` varchar(32) NOT NULL COMMENT 'Nonce String',
  `timestamp` int(10) unsigned NOT NULL COMMENT 'Nonce Timestamp',
  UNIQUE KEY `UNQ_OAUTH_NONCE_NONCE` (`nonce`)
) ENGINE=MyISAM DEFAULT CHARSET=utf8 COMMENT='oauth_nonce';

--
-- Dumping data for table `oauth_nonce`
--


--
-- Table structure for table `oauth_token`
--

CREATE TABLE `oauth_token` (
  `entity_id` int(10) unsigned NOT NULL AUTO_INCREMENT COMMENT 'Entity ID',
  `consumer_id` int(10) unsigned NOT NULL COMMENT 'Consumer ID',
  `admin_id` int(10) unsigned DEFAULT NULL COMMENT 'Admin user ID',
  `customer_id` int(10) unsigned DEFAULT NULL COMMENT 'Customer user ID',
  `type` varchar(16) NOT NULL COMMENT 'Token Type',
  `token` varchar(32) NOT NULL COMMENT 'Token',
  `secret` varchar(32) NOT NULL COMMENT 'Token Secret',
  `verifier` varchar(32) DEFAULT NULL COMMENT 'Token Verifier',
  `callback_url` varchar(255) NOT NULL COMMENT 'Token Callback URL',
  `revoked` smallint(5) unsigned NOT NULL DEFAULT '0' COMMENT 'Is Token revoked',
  `authorized` smallint(5) unsigned NOT NULL DEFAULT '0' COMMENT 'Is Token authorized',
  `created_at` timestamp NOT NULL DEFAULT CURRENT_TIMESTAMP COMMENT 'Token creation timestamp',
  PRIMARY KEY (`entity_id`),
  UNIQUE KEY `UNQ_OAUTH_TOKEN_TOKEN` (`token`),
  KEY `IDX_OAUTH_TOKEN_CONSUMER_ID` (`consumer_id`),
  KEY `FK_OAUTH_TOKEN_ADMIN_ID_ADMIN_USER_USER_ID` (`admin_id`),
  KEY `FK_OAUTH_TOKEN_CUSTOMER_ID_CUSTOMER_ENTITY_ENTITY_ID` (`customer_id`),
  CONSTRAINT `FK_OAUTH_TOKEN_ADMIN_ID_ADMIN_USER_USER_ID` FOREIGN KEY (`admin_id`) REFERENCES `admin_user` (`user_id`) ON DELETE CASCADE ON UPDATE CASCADE,
  CONSTRAINT `FK_OAUTH_TOKEN_CONSUMER_ID_OAUTH_CONSUMER_ENTITY_ID` FOREIGN KEY (`consumer_id`) REFERENCES `oauth_consumer` (`entity_id`) ON DELETE CASCADE ON UPDATE CASCADE,
  CONSTRAINT `FK_OAUTH_TOKEN_CUSTOMER_ID_CUSTOMER_ENTITY_ENTITY_ID` FOREIGN KEY (`customer_id`) REFERENCES `customer_entity` (`entity_id`) ON DELETE CASCADE ON UPDATE CASCADE
) ENGINE=InnoDB DEFAULT CHARSET=utf8 COMMENT='OAuth Tokens';

--
-- Dumping data for table `oauth_token`
--


--
-- Table structure for table `paypal_cert`
--

CREATE TABLE `paypal_cert` (
  `cert_id` smallint(5) unsigned NOT NULL AUTO_INCREMENT COMMENT 'Cert Id',
  `website_id` smallint(5) unsigned NOT NULL DEFAULT '0' COMMENT 'Website Id',
  `content` text COMMENT 'Content',
  `updated_at` timestamp NULL DEFAULT NULL COMMENT 'Updated At',
  PRIMARY KEY (`cert_id`),
  KEY `IDX_PAYPAL_CERT_WEBSITE_ID` (`website_id`),
  CONSTRAINT `FK_PAYPAL_CERT_WEBSITE_ID_CORE_WEBSITE_WEBSITE_ID` FOREIGN KEY (`website_id`) REFERENCES `core_website` (`website_id`) ON DELETE CASCADE ON UPDATE CASCADE
) ENGINE=InnoDB DEFAULT CHARSET=utf8 COMMENT='Paypal Certificate Table';

--
-- Dumping data for table `paypal_cert`
--


--
-- Table structure for table `paypal_payment_transaction`
--

CREATE TABLE `paypal_payment_transaction` (
  `transaction_id` int(10) unsigned NOT NULL AUTO_INCREMENT COMMENT 'Entity Id',
  `txn_id` varchar(100) DEFAULT NULL COMMENT 'Txn Id',
  `additional_information` blob COMMENT 'Additional Information',
  `created_at` timestamp NULL DEFAULT NULL COMMENT 'Created At',
  PRIMARY KEY (`transaction_id`),
  UNIQUE KEY `UNQ_PAYPAL_PAYMENT_TRANSACTION_TXN_ID` (`txn_id`)
) ENGINE=InnoDB DEFAULT CHARSET=utf8 COMMENT='PayPal Payflow Link Payment Transaction';

--
-- Dumping data for table `paypal_payment_transaction`
--


--
-- Table structure for table `paypal_settlement_report`
--

CREATE TABLE `paypal_settlement_report` (
  `report_id` int(10) unsigned NOT NULL AUTO_INCREMENT COMMENT 'Report Id',
  `report_date` timestamp NULL DEFAULT NULL COMMENT 'Report Date',
  `account_id` varchar(64) DEFAULT NULL COMMENT 'Account Id',
  `filename` varchar(24) DEFAULT NULL COMMENT 'Filename',
  `last_modified` timestamp NULL DEFAULT NULL COMMENT 'Last Modified',
  PRIMARY KEY (`report_id`),
  UNIQUE KEY `UNQ_PAYPAL_SETTLEMENT_REPORT_REPORT_DATE_ACCOUNT_ID` (`report_date`,`account_id`)
) ENGINE=InnoDB DEFAULT CHARSET=utf8 COMMENT='Paypal Settlement Report Table';

--
-- Dumping data for table `paypal_settlement_report`
--


--
-- Table structure for table `paypal_settlement_report_row`
--

CREATE TABLE `paypal_settlement_report_row` (
  `row_id` int(10) unsigned NOT NULL AUTO_INCREMENT COMMENT 'Row Id',
  `report_id` int(10) unsigned NOT NULL COMMENT 'Report Id',
  `transaction_id` varchar(19) DEFAULT NULL COMMENT 'Transaction Id',
  `invoice_id` varchar(127) DEFAULT NULL COMMENT 'Invoice Id',
  `paypal_reference_id` varchar(19) DEFAULT NULL COMMENT 'Paypal Reference Id',
  `paypal_reference_id_type` varchar(3) DEFAULT NULL COMMENT 'Paypal Reference Id Type',
  `transaction_event_code` varchar(5) DEFAULT NULL COMMENT 'Transaction Event Code',
  `transaction_initiation_date` timestamp NULL DEFAULT NULL COMMENT 'Transaction Initiation Date',
  `transaction_completion_date` timestamp NULL DEFAULT NULL COMMENT 'Transaction Completion Date',
  `transaction_debit_or_credit` varchar(2) NOT NULL DEFAULT 'CR' COMMENT 'Transaction Debit Or Credit',
  `gross_transaction_amount` decimal(20,6) NOT NULL DEFAULT '0.000000' COMMENT 'Gross Transaction Amount',
  `gross_transaction_currency` varchar(3) DEFAULT '' COMMENT 'Gross Transaction Currency',
  `fee_debit_or_credit` varchar(2) DEFAULT NULL COMMENT 'Fee Debit Or Credit',
  `fee_amount` decimal(20,6) NOT NULL DEFAULT '0.000000' COMMENT 'Fee Amount',
  `fee_currency` varchar(3) DEFAULT NULL COMMENT 'Fee Currency',
  `custom_field` varchar(255) DEFAULT NULL COMMENT 'Custom Field',
  `consumer_id` varchar(127) DEFAULT NULL COMMENT 'Consumer Id',
  `payment_tracking_id` varchar(255) DEFAULT NULL COMMENT 'Payment Tracking ID',
  `store_id` varchar(50) DEFAULT NULL COMMENT 'Store ID',
  PRIMARY KEY (`row_id`),
  KEY `IDX_PAYPAL_SETTLEMENT_REPORT_ROW_REPORT_ID` (`report_id`),
  CONSTRAINT `FK_E183E488F593E0DE10C6EBFFEBAC9B55` FOREIGN KEY (`report_id`) REFERENCES `paypal_settlement_report` (`report_id`) ON DELETE CASCADE ON UPDATE CASCADE
) ENGINE=InnoDB DEFAULT CHARSET=utf8 COMMENT='Paypal Settlement Report Row Table';

--
-- Dumping data for table `paypal_settlement_report_row`
--


--
-- Table structure for table `persistent_session`
--

CREATE TABLE `persistent_session` (
  `persistent_id` int(10) unsigned NOT NULL AUTO_INCREMENT COMMENT 'Session id',
  `key` varchar(50) NOT NULL COMMENT 'Unique cookie key',
  `customer_id` int(10) unsigned DEFAULT NULL COMMENT 'Customer id',
  `website_id` smallint(5) unsigned NOT NULL DEFAULT '0' COMMENT 'Website ID',
  `info` text COMMENT 'Session Data',
  `updated_at` timestamp NULL DEFAULT NULL COMMENT 'Updated At',
  PRIMARY KEY (`persistent_id`),
  UNIQUE KEY `IDX_PERSISTENT_SESSION_KEY` (`key`),
  UNIQUE KEY `IDX_PERSISTENT_SESSION_CUSTOMER_ID` (`customer_id`),
  KEY `IDX_PERSISTENT_SESSION_UPDATED_AT` (`updated_at`),
  KEY `FK_PERSISTENT_SESSION_WEBSITE_ID_CORE_WEBSITE_WEBSITE_ID` (`website_id`),
  CONSTRAINT `FK_PERSISTENT_SESSION_CUSTOMER_ID_CUSTOMER_ENTITY_ENTITY_ID` FOREIGN KEY (`customer_id`) REFERENCES `customer_entity` (`entity_id`) ON DELETE CASCADE ON UPDATE NO ACTION,
  CONSTRAINT `FK_PERSISTENT_SESSION_WEBSITE_ID_CORE_WEBSITE_WEBSITE_ID` FOREIGN KEY (`website_id`) REFERENCES `core_website` (`website_id`) ON DELETE CASCADE ON UPDATE NO ACTION
) ENGINE=InnoDB DEFAULT CHARSET=utf8 COMMENT='Persistent Session';

--
-- Dumping data for table `persistent_session`
--


--
-- Table structure for table `poll`
--

CREATE TABLE `poll` (
  `poll_id` int(10) unsigned NOT NULL AUTO_INCREMENT COMMENT 'Poll Id',
  `poll_title` varchar(255) DEFAULT NULL COMMENT 'Poll title',
  `votes_count` int(10) unsigned NOT NULL DEFAULT '0' COMMENT 'Votes Count',
  `store_id` smallint(5) unsigned NOT NULL DEFAULT '0' COMMENT 'Store id',
  `date_posted` timestamp NOT NULL DEFAULT CURRENT_TIMESTAMP ON UPDATE CURRENT_TIMESTAMP COMMENT 'Date posted',
  `date_closed` timestamp NULL DEFAULT NULL COMMENT 'Date closed',
  `active` smallint(6) NOT NULL DEFAULT '1' COMMENT 'Is active',
  `closed` smallint(6) NOT NULL DEFAULT '0' COMMENT 'Is closed',
  `answers_display` smallint(6) DEFAULT NULL COMMENT 'Answers display',
  PRIMARY KEY (`poll_id`),
  KEY `IDX_POLL_STORE_ID` (`store_id`),
  CONSTRAINT `FK_POLL_STORE_ID_CORE_STORE_STORE_ID` FOREIGN KEY (`store_id`) REFERENCES `core_store` (`store_id`) ON DELETE CASCADE ON UPDATE CASCADE
) ENGINE=InnoDB AUTO_INCREMENT=3 DEFAULT CHARSET=utf8 COMMENT='Poll';

--
-- Dumping data for table `poll`
--

INSERT INTO `poll` VALUES (1,'What is your favorite color',7,1,'2007-06-15 23:17:49','2007-08-31 11:41:32',1,1,NULL),(2,'What is your favorite Magento feature?',4715,0,'2014-01-29 18:22:16','2014-01-29 23:22:16',1,1,NULL);

--
-- Table structure for table `poll_answer`
--

CREATE TABLE `poll_answer` (
  `answer_id` int(10) unsigned NOT NULL AUTO_INCREMENT COMMENT 'Answer Id',
  `poll_id` int(10) unsigned NOT NULL DEFAULT '0' COMMENT 'Poll Id',
  `answer_title` varchar(255) DEFAULT NULL COMMENT 'Answer title',
  `votes_count` int(10) unsigned NOT NULL DEFAULT '0' COMMENT 'Votes Count',
  `answer_order` smallint(6) NOT NULL DEFAULT '0' COMMENT 'Answers display',
  PRIMARY KEY (`answer_id`),
  KEY `IDX_POLL_ANSWER_POLL_ID` (`poll_id`),
  CONSTRAINT `FK_POLL_ANSWER_POLL_ID_POLL_POLL_ID` FOREIGN KEY (`poll_id`) REFERENCES `poll` (`poll_id`) ON DELETE CASCADE ON UPDATE CASCADE
) ENGINE=InnoDB AUTO_INCREMENT=9 DEFAULT CHARSET=utf8 COMMENT='Poll Answers';

--
-- Dumping data for table `poll_answer`
--

INSERT INTO `poll_answer` VALUES (1,1,'Green',0,0),(2,1,'Red',0,0),(3,1,'Black',2,0),(4,1,'Magenta',5,0),(5,2,'Layered Navigation',1889,0),(6,2,'Price Rules',1340,0),(7,2,'Category Management',724,0),(8,2,'Compare Products',762,0);

--
-- Table structure for table `poll_store`
--

CREATE TABLE `poll_store` (
  `poll_id` int(10) unsigned NOT NULL DEFAULT '0' COMMENT 'Poll Id',
  `store_id` smallint(5) unsigned NOT NULL DEFAULT '0' COMMENT 'Store id',
  PRIMARY KEY (`poll_id`,`store_id`),
  KEY `IDX_POLL_STORE_STORE_ID` (`store_id`),
  CONSTRAINT `FK_POLL_STORE_POLL_ID_POLL_POLL_ID` FOREIGN KEY (`poll_id`) REFERENCES `poll` (`poll_id`) ON DELETE CASCADE ON UPDATE CASCADE,
  CONSTRAINT `FK_POLL_STORE_STORE_ID_CORE_STORE_STORE_ID` FOREIGN KEY (`store_id`) REFERENCES `core_store` (`store_id`) ON DELETE CASCADE ON UPDATE CASCADE
) ENGINE=InnoDB DEFAULT CHARSET=utf8 COMMENT='Poll Store';

--
-- Dumping data for table `poll_store`
--

INSERT INTO `poll_store` VALUES (2,1),(2,2),(2,3);

--
-- Table structure for table `poll_vote`
--

CREATE TABLE `poll_vote` (
  `vote_id` int(10) unsigned NOT NULL AUTO_INCREMENT COMMENT 'Vote Id',
  `poll_id` int(10) unsigned NOT NULL DEFAULT '0' COMMENT 'Poll Id',
  `poll_answer_id` int(10) unsigned NOT NULL DEFAULT '0' COMMENT 'Poll answer id',
  `ip_address` bigint(20) DEFAULT NULL COMMENT 'Poll answer id',
  `customer_id` int(11) DEFAULT NULL COMMENT 'Customer id',
  `vote_time` timestamp NULL DEFAULT NULL COMMENT 'Date closed',
  PRIMARY KEY (`vote_id`),
  KEY `IDX_POLL_VOTE_POLL_ANSWER_ID` (`poll_answer_id`),
  CONSTRAINT `FK_POLL_VOTE_POLL_ANSWER_ID_POLL_ANSWER_ANSWER_ID` FOREIGN KEY (`poll_answer_id`) REFERENCES `poll_answer` (`answer_id`) ON DELETE CASCADE ON UPDATE CASCADE
) ENGINE=InnoDB DEFAULT CHARSET=utf8 COMMENT='Poll Vote';

--
-- Dumping data for table `poll_vote`
--


--
-- Table structure for table `product_alert_price`
--

CREATE TABLE `product_alert_price` (
  `alert_price_id` int(10) unsigned NOT NULL AUTO_INCREMENT COMMENT 'Product alert price id',
  `customer_id` int(10) unsigned NOT NULL DEFAULT '0' COMMENT 'Customer id',
  `product_id` int(10) unsigned NOT NULL DEFAULT '0' COMMENT 'Product id',
  `price` decimal(12,4) NOT NULL DEFAULT '0.0000' COMMENT 'Price amount',
  `website_id` smallint(5) unsigned NOT NULL DEFAULT '0' COMMENT 'Website id',
  `add_date` timestamp NOT NULL DEFAULT CURRENT_TIMESTAMP ON UPDATE CURRENT_TIMESTAMP COMMENT 'Product alert add date',
  `last_send_date` timestamp NULL DEFAULT NULL COMMENT 'Product alert last send date',
  `send_count` smallint(5) unsigned NOT NULL DEFAULT '0' COMMENT 'Product alert send count',
  `status` smallint(5) unsigned NOT NULL DEFAULT '0' COMMENT 'Product alert status',
  PRIMARY KEY (`alert_price_id`),
  KEY `IDX_PRODUCT_ALERT_PRICE_CUSTOMER_ID` (`customer_id`),
  KEY `IDX_PRODUCT_ALERT_PRICE_PRODUCT_ID` (`product_id`),
  KEY `IDX_PRODUCT_ALERT_PRICE_WEBSITE_ID` (`website_id`),
  CONSTRAINT `FK_PRD_ALERT_PRICE_PRD_ID_CAT_PRD_ENTT_ENTT_ID` FOREIGN KEY (`product_id`) REFERENCES `catalog_product_entity` (`entity_id`) ON DELETE CASCADE ON UPDATE CASCADE,
  CONSTRAINT `FK_PRODUCT_ALERT_PRICE_CUSTOMER_ID_CUSTOMER_ENTITY_ENTITY_ID` FOREIGN KEY (`customer_id`) REFERENCES `customer_entity` (`entity_id`) ON DELETE CASCADE ON UPDATE CASCADE,
  CONSTRAINT `FK_PRODUCT_ALERT_PRICE_WEBSITE_ID_CORE_WEBSITE_WEBSITE_ID` FOREIGN KEY (`website_id`) REFERENCES `core_website` (`website_id`) ON DELETE CASCADE ON UPDATE CASCADE
) ENGINE=InnoDB DEFAULT CHARSET=utf8 COMMENT='Product Alert Price';

--
-- Dumping data for table `product_alert_price`
--


--
-- Table structure for table `product_alert_stock`
--

CREATE TABLE `product_alert_stock` (
  `alert_stock_id` int(10) unsigned NOT NULL AUTO_INCREMENT COMMENT 'Product alert stock id',
  `customer_id` int(10) unsigned NOT NULL DEFAULT '0' COMMENT 'Customer id',
  `product_id` int(10) unsigned NOT NULL DEFAULT '0' COMMENT 'Product id',
  `website_id` smallint(5) unsigned NOT NULL DEFAULT '0' COMMENT 'Website id',
  `add_date` timestamp NOT NULL DEFAULT CURRENT_TIMESTAMP ON UPDATE CURRENT_TIMESTAMP COMMENT 'Product alert add date',
  `send_date` timestamp NULL DEFAULT NULL COMMENT 'Product alert send date',
  `send_count` smallint(5) unsigned NOT NULL DEFAULT '0' COMMENT 'Send Count',
  `status` smallint(5) unsigned NOT NULL DEFAULT '0' COMMENT 'Product alert status',
  PRIMARY KEY (`alert_stock_id`),
  KEY `IDX_PRODUCT_ALERT_STOCK_CUSTOMER_ID` (`customer_id`),
  KEY `IDX_PRODUCT_ALERT_STOCK_PRODUCT_ID` (`product_id`),
  KEY `IDX_PRODUCT_ALERT_STOCK_WEBSITE_ID` (`website_id`),
  CONSTRAINT `FK_PRD_ALERT_STOCK_PRD_ID_CAT_PRD_ENTT_ENTT_ID` FOREIGN KEY (`product_id`) REFERENCES `catalog_product_entity` (`entity_id`) ON DELETE CASCADE ON UPDATE CASCADE,
  CONSTRAINT `FK_PRODUCT_ALERT_STOCK_CUSTOMER_ID_CUSTOMER_ENTITY_ENTITY_ID` FOREIGN KEY (`customer_id`) REFERENCES `customer_entity` (`entity_id`) ON DELETE CASCADE ON UPDATE CASCADE,
  CONSTRAINT `FK_PRODUCT_ALERT_STOCK_WEBSITE_ID_CORE_WEBSITE_WEBSITE_ID` FOREIGN KEY (`website_id`) REFERENCES `core_website` (`website_id`) ON DELETE CASCADE ON UPDATE CASCADE
) ENGINE=InnoDB DEFAULT CHARSET=utf8 COMMENT='Product Alert Stock';

--
-- Dumping data for table `product_alert_stock`
--


--
-- Table structure for table `rating`
--

CREATE TABLE `rating` (
  `rating_id` smallint(5) unsigned NOT NULL AUTO_INCREMENT COMMENT 'Rating Id',
  `entity_id` smallint(5) unsigned NOT NULL DEFAULT '0' COMMENT 'Entity Id',
  `rating_code` varchar(64) NOT NULL COMMENT 'Rating Code',
  `position` smallint(5) unsigned NOT NULL DEFAULT '0' COMMENT 'Rating Position On Frontend',
  PRIMARY KEY (`rating_id`),
  UNIQUE KEY `UNQ_RATING_RATING_CODE` (`rating_code`),
  KEY `IDX_RATING_ENTITY_ID` (`entity_id`),
  CONSTRAINT `FK_RATING_ENTITY_ID_RATING_ENTITY_ENTITY_ID` FOREIGN KEY (`entity_id`) REFERENCES `rating_entity` (`entity_id`) ON DELETE CASCADE ON UPDATE CASCADE
) ENGINE=InnoDB AUTO_INCREMENT=4 DEFAULT CHARSET=utf8 COMMENT='Ratings';

--
-- Dumping data for table `rating`
--

INSERT INTO `rating` VALUES (1,1,'Quality',0),(2,1,'Value',0),(3,1,'Price',0);

--
-- Table structure for table `rating_entity`
--

CREATE TABLE `rating_entity` (
  `entity_id` smallint(5) unsigned NOT NULL AUTO_INCREMENT COMMENT 'Entity Id',
  `entity_code` varchar(64) NOT NULL COMMENT 'Entity Code',
  PRIMARY KEY (`entity_id`),
  UNIQUE KEY `UNQ_RATING_ENTITY_ENTITY_CODE` (`entity_code`)
) ENGINE=InnoDB AUTO_INCREMENT=4 DEFAULT CHARSET=utf8 COMMENT='Rating entities';

--
-- Dumping data for table `rating_entity`
--

INSERT INTO `rating_entity` VALUES (1,'product'),(2,'product_review'),(3,'review');

--
-- Table structure for table `rating_option`
--

CREATE TABLE `rating_option` (
  `option_id` int(10) unsigned NOT NULL AUTO_INCREMENT COMMENT 'Rating Option Id',
  `rating_id` smallint(5) unsigned NOT NULL DEFAULT '0' COMMENT 'Rating Id',
  `code` varchar(32) NOT NULL COMMENT 'Rating Option Code',
  `value` smallint(5) unsigned NOT NULL DEFAULT '0' COMMENT 'Rating Option Value',
  `position` smallint(5) unsigned NOT NULL DEFAULT '0' COMMENT 'Ration option position on frontend',
  PRIMARY KEY (`option_id`),
  KEY `IDX_RATING_OPTION_RATING_ID` (`rating_id`),
  CONSTRAINT `FK_RATING_OPTION_RATING_ID_RATING_RATING_ID` FOREIGN KEY (`rating_id`) REFERENCES `rating` (`rating_id`) ON DELETE CASCADE ON UPDATE CASCADE
) ENGINE=InnoDB AUTO_INCREMENT=16 DEFAULT CHARSET=utf8 COMMENT='Rating options';

--
-- Dumping data for table `rating_option`
--

INSERT INTO `rating_option` VALUES (1,1,'1',1,1),(2,1,'2',2,2),(3,1,'3',3,3),(4,1,'4',4,4),(5,1,'5',5,5),(6,2,'1',1,1),(7,2,'2',2,2),(8,2,'3',3,3),(9,2,'4',4,4),(10,2,'5',5,5),(11,3,'1',1,1),(12,3,'2',2,2),(13,3,'3',3,3),(14,3,'4',4,4),(15,3,'5',5,5);

--
-- Table structure for table `rating_option_vote`
--

CREATE TABLE `rating_option_vote` (
  `vote_id` bigint(20) unsigned NOT NULL AUTO_INCREMENT COMMENT 'Vote id',
  `option_id` int(10) unsigned NOT NULL DEFAULT '0' COMMENT 'Vote option id',
  `remote_ip` varchar(16) NOT NULL COMMENT 'Customer IP',
  `remote_ip_long` bigint(20) NOT NULL DEFAULT '0' COMMENT 'Customer IP converted to long integer format',
  `customer_id` int(10) unsigned DEFAULT '0' COMMENT 'Customer Id',
  `entity_pk_value` bigint(20) unsigned NOT NULL DEFAULT '0' COMMENT 'Product id',
  `rating_id` smallint(5) unsigned NOT NULL DEFAULT '0' COMMENT 'Rating id',
  `review_id` bigint(20) unsigned DEFAULT NULL COMMENT 'Review id',
  `percent` smallint(6) NOT NULL DEFAULT '0' COMMENT 'Percent amount',
  `value` smallint(6) NOT NULL DEFAULT '0' COMMENT 'Vote option value',
  PRIMARY KEY (`vote_id`),
  KEY `IDX_RATING_OPTION_VOTE_OPTION_ID` (`option_id`),
  KEY `FK_RATING_OPTION_VOTE_REVIEW_ID_REVIEW_REVIEW_ID` (`review_id`),
  CONSTRAINT `FK_RATING_OPTION_VOTE_OPTION_ID_RATING_OPTION_OPTION_ID` FOREIGN KEY (`option_id`) REFERENCES `rating_option` (`option_id`) ON DELETE CASCADE ON UPDATE CASCADE,
  CONSTRAINT `FK_RATING_OPTION_VOTE_REVIEW_ID_REVIEW_REVIEW_ID` FOREIGN KEY (`review_id`) REFERENCES `review` (`review_id`) ON DELETE CASCADE ON UPDATE CASCADE
) ENGINE=InnoDB DEFAULT CHARSET=utf8 COMMENT='Rating option values';

--
-- Dumping data for table `rating_option_vote`
--


--
-- Table structure for table `rating_option_vote_aggregated`
--

CREATE TABLE `rating_option_vote_aggregated` (
  `primary_id` int(11) NOT NULL AUTO_INCREMENT COMMENT 'Vote aggregation id',
  `rating_id` smallint(5) unsigned NOT NULL DEFAULT '0' COMMENT 'Rating id',
  `entity_pk_value` bigint(20) unsigned NOT NULL DEFAULT '0' COMMENT 'Product id',
  `vote_count` int(10) unsigned NOT NULL DEFAULT '0' COMMENT 'Vote dty',
  `vote_value_sum` int(10) unsigned NOT NULL DEFAULT '0' COMMENT 'General vote sum',
  `percent` smallint(6) NOT NULL DEFAULT '0' COMMENT 'Vote percent',
  `percent_approved` smallint(6) DEFAULT '0' COMMENT 'Vote percent approved by admin',
  `store_id` smallint(5) unsigned NOT NULL DEFAULT '0' COMMENT 'Store Id',
  PRIMARY KEY (`primary_id`),
  KEY `IDX_RATING_OPTION_VOTE_AGGREGATED_RATING_ID` (`rating_id`),
  KEY `IDX_RATING_OPTION_VOTE_AGGREGATED_STORE_ID` (`store_id`),
  CONSTRAINT `FK_RATING_OPTION_VOTE_AGGREGATED_RATING_ID_RATING_RATING_ID` FOREIGN KEY (`rating_id`) REFERENCES `rating` (`rating_id`) ON DELETE CASCADE ON UPDATE CASCADE,
  CONSTRAINT `FK_RATING_OPTION_VOTE_AGGREGATED_STORE_ID_CORE_STORE_STORE_ID` FOREIGN KEY (`store_id`) REFERENCES `core_store` (`store_id`) ON DELETE CASCADE ON UPDATE CASCADE
) ENGINE=InnoDB DEFAULT CHARSET=utf8 COMMENT='Rating vote aggregated';

--
-- Dumping data for table `rating_option_vote_aggregated`
--


--
-- Table structure for table `rating_store`
--

CREATE TABLE `rating_store` (
  `rating_id` smallint(5) unsigned NOT NULL DEFAULT '0' COMMENT 'Rating id',
  `store_id` smallint(5) unsigned NOT NULL DEFAULT '0' COMMENT 'Store id',
  PRIMARY KEY (`rating_id`,`store_id`),
  KEY `IDX_RATING_STORE_STORE_ID` (`store_id`),
  CONSTRAINT `FK_RATING_STORE_RATING_ID_RATING_RATING_ID` FOREIGN KEY (`rating_id`) REFERENCES `rating` (`rating_id`) ON DELETE CASCADE ON UPDATE NO ACTION,
  CONSTRAINT `FK_RATING_STORE_STORE_ID_CORE_STORE_STORE_ID` FOREIGN KEY (`store_id`) REFERENCES `core_store` (`store_id`) ON DELETE CASCADE ON UPDATE CASCADE
) ENGINE=InnoDB DEFAULT CHARSET=utf8 COMMENT='Rating Store';

--
-- Dumping data for table `rating_store`
--

INSERT INTO `rating_store` VALUES (1,0),(2,0),(3,0),(1,1),(2,1),(3,1),(1,2),(2,2),(3,2),(1,3),(2,3),(3,3);

--
-- Table structure for table `rating_title`
--

CREATE TABLE `rating_title` (
  `rating_id` smallint(5) unsigned NOT NULL DEFAULT '0' COMMENT 'Rating Id',
  `store_id` smallint(5) unsigned NOT NULL DEFAULT '0' COMMENT 'Store Id',
  `value` varchar(255) NOT NULL COMMENT 'Rating Label',
  PRIMARY KEY (`rating_id`,`store_id`),
  KEY `IDX_RATING_TITLE_STORE_ID` (`store_id`),
  CONSTRAINT `FK_RATING_TITLE_RATING_ID_RATING_RATING_ID` FOREIGN KEY (`rating_id`) REFERENCES `rating` (`rating_id`) ON DELETE CASCADE ON UPDATE CASCADE,
  CONSTRAINT `FK_RATING_TITLE_STORE_ID_CORE_STORE_STORE_ID` FOREIGN KEY (`store_id`) REFERENCES `core_store` (`store_id`) ON DELETE CASCADE ON UPDATE CASCADE
) ENGINE=InnoDB DEFAULT CHARSET=utf8 COMMENT='Rating Title';

--
-- Dumping data for table `rating_title`
--


--
-- Table structure for table `report_compared_product_index`
--

CREATE TABLE `report_compared_product_index` (
  `index_id` bigint(20) unsigned NOT NULL AUTO_INCREMENT COMMENT 'Index Id',
  `visitor_id` int(10) unsigned DEFAULT NULL COMMENT 'Visitor Id',
  `customer_id` int(10) unsigned DEFAULT NULL COMMENT 'Customer Id',
  `product_id` int(10) unsigned NOT NULL COMMENT 'Product Id',
  `store_id` smallint(5) unsigned DEFAULT NULL COMMENT 'Store Id',
  `added_at` timestamp NOT NULL DEFAULT CURRENT_TIMESTAMP ON UPDATE CURRENT_TIMESTAMP COMMENT 'Added At',
  PRIMARY KEY (`index_id`),
  UNIQUE KEY `UNQ_REPORT_COMPARED_PRODUCT_INDEX_VISITOR_ID_PRODUCT_ID` (`visitor_id`,`product_id`),
  UNIQUE KEY `UNQ_REPORT_COMPARED_PRODUCT_INDEX_CUSTOMER_ID_PRODUCT_ID` (`customer_id`,`product_id`),
  KEY `IDX_REPORT_COMPARED_PRODUCT_INDEX_STORE_ID` (`store_id`),
  KEY `IDX_REPORT_COMPARED_PRODUCT_INDEX_ADDED_AT` (`added_at`),
  KEY `IDX_REPORT_COMPARED_PRODUCT_INDEX_PRODUCT_ID` (`product_id`),
  CONSTRAINT `FK_REPORT_CMPD_PRD_IDX_CSTR_ID_CSTR_ENTT_ENTT_ID` FOREIGN KEY (`customer_id`) REFERENCES `customer_entity` (`entity_id`) ON DELETE CASCADE ON UPDATE CASCADE,
  CONSTRAINT `FK_REPORT_CMPD_PRD_IDX_PRD_ID_CAT_PRD_ENTT_ENTT_ID` FOREIGN KEY (`product_id`) REFERENCES `catalog_product_entity` (`entity_id`) ON DELETE CASCADE ON UPDATE CASCADE,
  CONSTRAINT `FK_REPORT_COMPARED_PRODUCT_INDEX_STORE_ID_CORE_STORE_STORE_ID` FOREIGN KEY (`store_id`) REFERENCES `core_store` (`store_id`) ON DELETE SET NULL ON UPDATE CASCADE
) ENGINE=InnoDB AUTO_INCREMENT=2 DEFAULT CHARSET=utf8 COMMENT='Reports Compared Product Index Table';

--
-- Dumping data for table `report_compared_product_index`
--

INSERT INTO `report_compared_product_index` VALUES (1,27,NULL,167,1,'2014-02-01 07:57:59');

--
-- Table structure for table `report_event`
--

CREATE TABLE `report_event` (
  `event_id` bigint(20) unsigned NOT NULL AUTO_INCREMENT COMMENT 'Event Id',
  `logged_at` timestamp NOT NULL DEFAULT CURRENT_TIMESTAMP ON UPDATE CURRENT_TIMESTAMP COMMENT 'Logged At',
  `event_type_id` smallint(5) unsigned NOT NULL DEFAULT '0' COMMENT 'Event Type Id',
  `object_id` int(10) unsigned NOT NULL DEFAULT '0' COMMENT 'Object Id',
  `subject_id` int(10) unsigned NOT NULL DEFAULT '0' COMMENT 'Subject Id',
  `subtype` smallint(5) unsigned NOT NULL DEFAULT '0' COMMENT 'Subtype',
  `store_id` smallint(5) unsigned NOT NULL COMMENT 'Store Id',
  PRIMARY KEY (`event_id`),
  KEY `IDX_REPORT_EVENT_EVENT_TYPE_ID` (`event_type_id`),
  KEY `IDX_REPORT_EVENT_SUBJECT_ID` (`subject_id`),
  KEY `IDX_REPORT_EVENT_OBJECT_ID` (`object_id`),
  KEY `IDX_REPORT_EVENT_SUBTYPE` (`subtype`),
  KEY `IDX_REPORT_EVENT_STORE_ID` (`store_id`),
  CONSTRAINT `FK_REPORT_EVENT_EVENT_TYPE_ID_REPORT_EVENT_TYPES_EVENT_TYPE_ID` FOREIGN KEY (`event_type_id`) REFERENCES `report_event_types` (`event_type_id`) ON DELETE CASCADE ON UPDATE CASCADE,
  CONSTRAINT `FK_REPORT_EVENT_STORE_ID_CORE_STORE_STORE_ID` FOREIGN KEY (`store_id`) REFERENCES `core_store` (`store_id`) ON DELETE CASCADE ON UPDATE CASCADE
) ENGINE=InnoDB AUTO_INCREMENT=312 DEFAULT CHARSET=utf8 COMMENT='Reports Event Table';

--
-- Dumping data for table `report_event`
--

INSERT INTO `report_event` VALUES (1,'2011-10-24 17:29:36',1,27,2,1,1),(2,'2011-10-24 17:30:03',1,27,2,1,1),(3,'2011-10-24 17:30:30',1,135,2,1,1),(4,'2014-01-30 13:54:33',1,164,0,1,1),(5,'2014-01-30 13:54:35',1,163,0,1,1),(6,'2014-01-30 13:54:37',1,163,0,1,1),(7,'2014-01-30 13:54:39',1,165,0,1,1),(8,'2014-01-30 13:54:42',1,132,0,1,1),(9,'2014-01-30 13:54:44',1,133,0,1,1),(10,'2014-01-30 13:54:46',1,134,0,1,1),(11,'2014-01-30 13:54:49',1,19,0,1,1),(12,'2014-01-30 13:54:51',1,53,0,1,1),(13,'2014-01-30 13:54:58',1,52,0,1,1),(14,'2014-01-30 13:54:59',1,51,0,1,1),(15,'2014-01-30 13:55:00',1,149,0,1,1),(16,'2014-01-30 13:55:02',1,155,0,1,1),(17,'2014-01-30 13:55:04',1,150,0,1,1),(18,'2014-01-30 13:55:17',1,154,0,1,1),(19,'2014-01-30 13:55:20',1,165,0,1,1),(20,'2014-01-30 13:55:21',1,41,0,1,1),(21,'2014-01-30 13:55:23',1,147,0,1,1),(22,'2014-01-30 13:55:24',1,148,0,1,1),(23,'2014-01-30 13:55:26',1,151,0,1,1),(24,'2014-01-30 13:55:27',1,164,0,1,1),(25,'2014-01-30 13:55:29',1,161,0,1,1),(26,'2014-01-30 13:55:30',1,16,0,1,1),(27,'2014-01-30 13:55:32',1,132,0,1,1),(28,'2014-01-30 13:55:33',1,156,0,1,1),(29,'2014-01-30 13:55:35',1,152,0,1,1),(30,'2014-01-30 13:55:37',1,141,0,1,1),(31,'2014-01-30 13:55:38',1,140,0,1,1),(32,'2014-01-30 13:55:40',1,157,0,1,1),(33,'2014-01-30 13:55:43',1,160,0,1,1),(34,'2014-01-30 13:55:44',1,162,0,1,1),(35,'2014-01-30 13:55:45',1,18,0,1,1),(36,'2014-01-30 13:56:46',1,138,0,1,1),(37,'2014-01-30 13:57:04',1,143,0,1,1),(38,'2014-01-30 13:57:33',1,153,0,1,1),(39,'2014-01-30 13:57:45',1,145,0,1,1),(40,'2014-01-30 13:59:10',1,159,0,1,1),(41,'2014-01-30 13:59:15',1,139,0,1,1),(42,'2014-01-30 13:59:24',1,20,0,1,1),(43,'2014-01-30 13:59:26',1,17,0,1,1),(44,'2014-01-30 13:59:28',1,133,0,1,1),(45,'2014-01-30 13:59:29',1,134,0,1,1),(46,'2014-01-30 13:59:31',1,54,0,1,1),(47,'2014-01-30 13:59:33',1,93,0,1,1),(48,'2014-01-30 13:59:34',1,83,0,1,1),(49,'2014-01-30 13:59:36',1,42,0,1,1),(50,'2014-01-30 13:59:37',1,108,0,1,1),(51,'2014-01-30 13:59:39',1,112,0,1,1),(52,'2014-01-30 13:59:41',1,123,0,1,1),(53,'2014-01-30 13:59:42',1,103,0,1,1),(54,'2014-01-30 13:59:45',1,120,0,1,1),(55,'2014-01-30 13:59:46',1,26,0,1,1),(56,'2014-01-30 13:59:47',1,135,0,1,1),(57,'2014-01-30 13:59:49',1,48,0,1,1),(58,'2014-01-30 13:59:51',1,46,0,1,1),(59,'2014-01-30 13:59:52',1,27,0,1,1),(60,'2014-01-30 13:59:54',1,39,0,1,1),(61,'2014-01-30 13:59:55',1,119,0,1,1),(62,'2014-01-30 13:59:57',1,45,0,1,1),(63,'2014-01-30 13:59:59',1,98,0,1,1),(64,'2014-01-30 14:00:00',1,126,0,1,1),(65,'2014-01-30 14:00:03',1,47,0,1,1),(66,'2014-01-30 14:00:04',1,44,0,1,1),(67,'2014-01-30 14:00:05',1,25,0,1,1),(68,'2014-01-30 14:01:01',1,53,0,1,1),(69,'2014-01-30 14:01:03',1,52,0,1,1),(70,'2014-01-30 14:01:04',1,51,0,1,1),(71,'2014-01-30 14:01:06',1,163,0,1,1),(72,'2014-01-30 14:01:07',1,41,0,1,1),(73,'2014-01-30 14:01:09',1,16,0,1,2),(74,'2014-01-30 14:01:10',1,132,0,1,2),(75,'2014-01-30 14:01:12',1,18,0,1,2),(76,'2014-01-30 14:01:15',1,19,0,1,1),(77,'2014-01-30 14:01:17',1,16,0,1,1),(78,'2014-01-30 14:01:20',1,166,0,1,1),(79,'2014-01-30 14:01:24',1,18,0,1,1),(80,'2014-01-30 14:01:27',1,20,0,1,1),(81,'2014-01-30 14:01:30',1,17,0,1,1),(82,'2014-01-30 14:01:33',1,42,0,1,1),(83,'2014-01-30 14:01:35',1,54,0,1,1),(84,'2014-01-30 14:01:37',1,123,0,1,1),(85,'2014-01-30 14:01:38',1,123,0,1,2),(86,'2014-01-30 14:01:40',1,120,0,1,1),(87,'2014-01-30 14:01:42',1,120,0,1,2),(88,'2014-01-30 14:01:43',1,46,0,1,2),(89,'2014-01-30 14:01:45',1,119,0,1,1),(90,'2014-01-30 14:01:46',1,39,0,1,1),(91,'2014-01-30 14:01:48',1,119,0,1,2),(92,'2014-01-30 14:01:50',1,141,0,1,1),(93,'2014-01-30 14:01:51',1,140,0,1,1),(94,'2014-01-30 14:01:53',1,46,0,1,1),(95,'2014-01-30 14:01:55',1,26,0,1,1),(96,'2014-01-30 14:01:56',1,45,0,1,2),(97,'2014-01-30 14:01:58',1,143,0,1,1),(98,'2014-01-30 14:02:04',1,126,0,1,1),(99,'2014-01-30 14:02:06',1,126,0,1,2),(100,'2014-01-30 14:03:49',1,83,0,1,1),(101,'2014-01-30 14:03:51',1,93,0,1,1),(102,'2014-01-30 14:03:52',1,83,0,1,1),(103,'2014-01-30 14:03:54',1,108,0,1,1),(104,'2014-01-30 14:03:55',1,25,0,1,1),(105,'2014-01-30 14:03:57',1,103,0,1,1),(106,'2014-01-30 14:03:59',1,112,0,1,1),(107,'2014-01-30 14:04:00',1,135,0,1,1),(108,'2014-01-30 14:04:02',1,98,0,1,1),(109,'2014-01-30 14:04:12',1,26,0,1,1),(110,'2014-01-30 14:04:22',1,158,0,1,1),(111,'2014-01-30 14:05:43',1,25,0,1,1),(112,'2014-01-30 14:07:08',1,48,0,1,1),(113,'2014-01-30 14:08:18',1,47,0,1,1),(114,'2014-01-30 14:08:22',1,28,0,1,1),(115,'2014-01-30 14:08:30',1,44,0,1,1),(116,'2014-01-31 03:07:27',1,45,0,1,1),(117,'2014-01-31 09:37:58',1,28,0,1,1),(118,'2014-01-31 22:08:06',1,167,22,1,1),(119,'2014-01-31 22:12:05',1,167,22,1,1),(120,'2014-01-31 22:12:12',1,167,22,1,1),(121,'2014-01-31 22:12:25',4,167,22,1,1),(122,'2014-01-31 22:33:33',1,176,22,1,1),(123,'2014-02-01 05:37:03',1,167,25,1,1),(124,'2014-02-01 07:57:59',3,167,27,1,1),(125,'2014-02-01 08:39:26',1,176,0,1,1),(126,'2014-02-01 08:54:26',1,180,0,1,1),(127,'2014-02-01 09:02:38',1,175,0,1,1),(128,'2014-02-01 12:36:34',1,168,0,1,1),(129,'2014-02-01 12:52:13',1,169,0,1,1),(130,'2014-02-01 17:17:10',1,170,0,1,1),(131,'2014-02-01 17:45:19',1,172,0,1,1),(132,'2014-02-01 18:17:03',1,167,0,1,1),(133,'2014-02-01 18:47:58',1,174,0,1,1),(134,'2014-02-01 19:12:33',1,171,0,1,1),(135,'2014-02-01 19:34:02',1,177,0,1,1),(136,'2014-02-01 19:48:43',1,179,0,1,1),(137,'2014-02-01 20:03:34',1,178,0,1,1),(138,'2014-02-01 20:18:33',1,181,0,1,1),(139,'2014-02-01 20:45:11',1,183,0,1,1),(140,'2014-02-01 21:16:18',1,184,0,1,1),(141,'2014-02-01 21:33:07',1,182,0,1,1),(142,'2014-02-02 06:28:25',1,168,0,1,3),(143,'2014-02-02 07:33:01',1,170,0,1,1),(144,'2014-02-02 07:34:53',1,172,0,1,1),(145,'2014-02-02 07:37:32',1,177,0,1,1),(146,'2014-02-02 07:53:40',1,174,0,1,1),(147,'2014-02-02 08:01:44',1,167,0,1,1),(148,'2014-02-02 08:08:29',1,171,0,1,1),(149,'2014-02-02 08:08:30',1,175,0,1,1),(150,'2014-02-02 08:12:27',1,173,0,1,1),(151,'2014-02-02 08:17:12',1,178,0,1,1),(152,'2014-02-02 08:53:19',1,169,0,1,1),(153,'2014-02-02 09:56:13',1,171,0,1,3),(154,'2014-02-02 10:10:52',1,171,0,1,2),(155,'2014-02-02 10:20:01',1,170,0,1,3),(156,'2014-02-02 10:22:56',1,170,0,1,2),(157,'2014-02-04 13:48:49',1,185,0,1,1),(158,'2014-02-04 14:03:39',1,176,0,1,1),(159,'2014-02-04 14:04:46',1,180,0,1,1),(160,'2014-02-04 14:05:47',1,179,0,1,1),(161,'2014-02-04 14:07:12',1,184,0,1,1),(162,'2014-02-04 14:08:09',1,183,0,1,1),(163,'2014-02-04 14:09:39',1,181,0,1,1),(164,'2014-02-04 14:10:50',1,182,0,1,1),(165,'2014-02-05 05:44:06',1,183,0,1,3),(166,'2014-02-05 08:11:21',1,167,36,1,1),(167,'2014-02-05 08:13:05',1,184,36,1,1),(168,'2014-02-05 08:16:33',1,178,36,1,1),(169,'2014-02-05 08:23:10',1,174,36,1,1),(170,'2014-02-08 06:29:08',1,170,0,1,3),(171,'2014-02-08 06:29:16',1,171,0,1,1),(172,'2014-02-08 06:42:30',1,171,0,1,1),(173,'2014-02-08 06:45:30',1,171,0,1,3),(174,'2014-02-08 06:50:25',1,171,0,1,2),(175,'2014-02-08 06:55:20',1,170,0,1,1),(176,'2014-02-08 07:00:15',1,170,0,1,1),(177,'2014-02-08 07:05:11',1,170,0,1,2),(178,'2014-02-08 21:12:39',1,177,43,1,1),(179,'2014-02-10 15:31:12',1,173,51,1,1),(180,'2014-02-10 17:31:45',1,167,0,1,1),(181,'2014-02-10 18:11:44',1,176,0,1,1),(182,'2014-02-10 18:45:26',1,173,0,1,1),(183,'2014-02-10 19:11:45',1,180,0,1,1),(184,'2014-02-10 19:41:45',1,179,0,1,1),(185,'2014-02-10 20:19:29',1,181,0,1,1),(186,'2014-02-10 21:32:42',1,183,0,1,1),(187,'2014-02-10 22:48:29',1,184,0,1,1),(188,'2014-02-10 23:01:38',1,182,0,1,1),(189,'2014-02-11 00:04:17',1,168,0,1,1),(190,'2014-02-11 01:20:04',1,169,0,1,1),(191,'2014-02-11 02:17:04',1,171,0,1,1),(192,'2014-02-11 02:33:54',1,170,57,1,1),(193,'2014-02-11 02:33:59',1,171,58,1,1),(194,'2014-02-11 02:52:53',1,178,0,1,1),(195,'2014-02-11 02:55:10',1,175,0,1,1),(196,'2014-02-12 18:28:58',1,169,127,1,1),(197,'2014-02-14 09:06:30',1,176,0,1,3),(198,'2014-02-14 12:27:04',1,180,0,1,3),(199,'2014-02-14 12:31:01',1,180,0,1,2),(200,'2014-02-14 12:34:58',1,176,0,1,2),(201,'2014-02-14 12:38:54',1,181,0,1,3),(202,'2014-02-14 12:42:51',1,181,0,1,2),(203,'2014-02-14 12:46:48',1,182,0,1,2),(204,'2014-02-14 12:50:44',1,182,0,1,3),(205,'2014-02-14 12:54:41',1,183,0,1,3),(206,'2014-02-14 12:58:38',1,183,0,1,2),(207,'2014-02-14 14:58:04',1,178,0,1,2),(208,'2014-02-14 14:58:07',1,169,0,1,2),(209,'2014-02-14 14:58:09',1,168,0,1,2),(210,'2014-02-14 14:58:14',1,175,0,1,2),(211,'2014-02-14 14:58:16',1,174,0,1,3),(212,'2014-02-14 14:58:18',1,179,0,1,2),(213,'2014-02-14 14:58:21',1,179,0,1,3),(214,'2014-02-14 14:58:24',1,169,0,1,3),(215,'2014-02-14 14:58:27',1,167,0,1,2),(216,'2014-02-14 14:58:29',1,178,0,1,3),(217,'2014-02-14 14:58:32',1,184,0,1,2),(218,'2014-02-14 14:58:35',1,174,0,1,3),(219,'2014-02-14 14:58:38',1,184,0,1,3),(220,'2014-02-14 15:24:03',1,174,0,1,2),(221,'2014-02-14 15:27:50',1,167,0,1,3),(222,'2014-02-14 15:31:46',1,168,0,1,1),(223,'2014-02-14 15:35:43',1,168,0,1,2),(224,'2014-02-14 15:39:40',1,171,0,1,3),(225,'2014-02-14 15:43:37',1,171,0,1,2),(226,'2014-02-14 15:47:33',1,170,0,1,3),(227,'2014-02-14 15:51:30',1,174,0,1,2),(228,'2014-02-14 15:55:27',1,173,0,1,3),(229,'2014-02-14 15:59:24',1,173,0,1,2),(230,'2014-02-14 16:03:20',1,167,0,1,3),(231,'2014-02-14 16:07:17',1,167,0,1,2),(232,'2014-02-14 16:11:14',1,178,0,1,2),(233,'2014-02-14 16:15:10',1,169,0,1,3),(234,'2014-02-14 16:19:07',1,169,0,1,2),(235,'2014-02-14 16:23:04',1,175,0,1,3),(236,'2014-02-14 16:27:01',1,177,0,1,3),(237,'2014-02-14 16:30:57',1,177,0,1,2),(238,'2014-02-14 16:34:54',1,172,0,1,3),(239,'2014-02-14 16:38:51',1,172,0,1,2),(240,'2014-02-14 20:28:53',1,170,0,1,1),(241,'2014-02-14 20:39:15',1,172,0,1,1),(242,'2014-02-14 20:39:56',1,177,0,1,1),(243,'2014-02-14 20:40:37',1,175,0,1,1),(244,'2014-02-14 20:41:19',1,178,0,1,1),(245,'2014-02-16 00:11:35',1,173,0,1,1),(246,'2014-02-16 00:23:48',1,170,0,1,1),(247,'2014-02-16 01:30:55',1,178,0,1,1),(248,'2014-02-16 05:28:52',1,175,0,1,1),(249,'2014-02-16 06:58:14',1,172,0,1,1),(250,'2014-02-16 07:43:40',1,177,0,1,1),(251,'2014-02-16 17:10:14',1,175,0,1,3),(252,'2014-02-16 17:44:58',1,174,0,1,1),(253,'2014-02-16 18:35:44',1,169,0,1,2),(254,'2014-02-16 20:06:32',1,167,0,1,1),(255,'2014-02-16 20:23:33',1,175,0,1,2),(256,'2014-02-16 20:32:18',1,177,0,1,3),(257,'2014-02-16 20:41:02',1,172,0,1,3),(258,'2014-02-16 20:49:47',1,177,0,1,2),(259,'2014-02-16 20:58:32',1,172,0,1,2),(260,'2014-02-16 21:26:50',1,169,194,1,1),(261,'2014-02-20 08:38:43',1,167,221,1,1),(262,'2014-02-20 08:38:51',4,167,221,1,1),(263,'2014-02-21 08:37:56',1,167,238,1,1),(264,'2014-02-22 12:33:10',1,178,241,1,1),(265,'2014-02-22 14:13:35',1,185,0,1,1),(266,'2014-02-23 19:35:27',1,178,247,1,1),(267,'2014-02-23 21:21:32',1,172,0,1,1),(268,'2014-02-23 21:51:34',1,174,0,1,1),(269,'2014-02-23 22:53:41',1,177,0,1,1),(270,'2014-02-24 00:02:11',1,178,248,1,1),(271,'2014-02-24 03:24:52',1,178,250,1,1),(272,'2014-02-25 13:50:58',1,178,257,1,1),(273,'2014-02-26 01:27:31',1,169,299,1,1),(274,'2014-02-27 06:25:21',1,178,310,1,1),(275,'2014-02-27 09:02:37',1,184,321,1,1),(276,'2014-02-27 09:02:45',1,181,322,1,1),(277,'2014-02-27 09:02:46',1,183,323,1,1),(278,'2014-02-27 09:02:47',1,182,324,1,1),(279,'2014-02-27 09:03:03',1,178,332,1,1),(280,'2014-02-27 09:03:06',1,169,333,1,1),(281,'2014-02-27 21:50:27',1,169,340,1,1),(282,'2014-03-01 00:36:12',1,178,357,1,1),(283,'2014-03-01 19:11:27',1,170,0,1,1),(284,'2014-03-01 20:29:00',1,172,0,1,1),(285,'2014-03-01 22:11:27',1,174,0,1,1),(286,'2014-03-01 22:41:27',1,167,0,1,1),(287,'2014-03-01 23:11:50',1,171,0,1,1),(288,'2014-03-02 12:01:44',1,177,0,1,1),(289,'2014-03-02 13:35:18',1,178,371,1,1),(290,'2014-03-02 16:50:22',1,173,0,1,1),(291,'2014-03-02 18:21:27',1,178,0,1,1),(292,'2014-03-02 19:11:29',1,175,0,1,1),(293,'2014-03-04 08:25:15',1,176,0,1,1),(294,'2014-03-04 09:57:32',1,175,383,1,1),(295,'2014-03-04 11:12:35',1,178,384,1,1),(296,'2014-03-04 17:58:34',1,178,0,1,1),(297,'2014-03-05 03:47:03',1,167,392,1,1),(298,'2014-03-05 20:22:51',1,178,395,1,1),(299,'2014-03-06 13:19:24',1,173,0,1,1),(300,'2014-03-07 05:35:52',1,178,412,1,1),(301,'2014-03-07 15:55:37',1,174,0,1,1),(302,'2014-03-07 16:29:22',1,167,0,1,1),(303,'2014-03-07 20:49:37',1,178,414,1,1),(304,'2014-03-09 15:13:10',1,170,0,1,1),(305,'2014-03-09 18:37:40',1,175,0,1,1),(306,'2014-03-09 19:01:09',1,178,438,1,1),(307,'2014-03-09 19:13:07',1,172,0,1,1),(308,'2014-03-09 20:14:34',1,177,0,1,1),(309,'2014-03-09 22:56:13',1,169,441,1,1),(310,'2014-03-09 23:20:48',1,169,441,1,1),(311,'2014-03-09 23:22:49',1,169,441,1,1);

--
-- Table structure for table `report_event_types`
--

CREATE TABLE `report_event_types` (
  `event_type_id` smallint(5) unsigned NOT NULL AUTO_INCREMENT COMMENT 'Event Type Id',
  `event_name` varchar(64) NOT NULL COMMENT 'Event Name',
  `customer_login` smallint(5) unsigned NOT NULL DEFAULT '0' COMMENT 'Customer Login',
  PRIMARY KEY (`event_type_id`)
) ENGINE=InnoDB AUTO_INCREMENT=7 DEFAULT CHARSET=utf8 COMMENT='Reports Event Type Table';

--
-- Dumping data for table `report_event_types`
--

INSERT INTO `report_event_types` VALUES (1,'catalog_product_view',1),(2,'sendfriend_product',1),(3,'catalog_product_compare_add_product',1),(4,'checkout_cart_add_product',1),(5,'wishlist_add_product',1),(6,'wishlist_share',1);

--
-- Table structure for table `report_viewed_product_aggregated_daily`
--

CREATE TABLE `report_viewed_product_aggregated_daily` (
  `id` int(10) unsigned NOT NULL AUTO_INCREMENT COMMENT 'Id',
  `period` date DEFAULT NULL COMMENT 'Period',
  `store_id` smallint(5) unsigned DEFAULT NULL COMMENT 'Store Id',
  `product_id` int(10) unsigned DEFAULT NULL COMMENT 'Product Id',
  `product_name` varchar(255) DEFAULT NULL COMMENT 'Product Name',
  `product_price` decimal(12,4) NOT NULL DEFAULT '0.0000' COMMENT 'Product Price',
  `views_num` int(11) NOT NULL DEFAULT '0' COMMENT 'Number of Views',
  `rating_pos` smallint(5) unsigned NOT NULL DEFAULT '0' COMMENT 'Rating Pos',
  PRIMARY KEY (`id`),
  UNIQUE KEY `UNQ_REPORT_VIEWED_PRD_AGGRED_DAILY_PERIOD_STORE_ID_PRD_ID` (`period`,`store_id`,`product_id`),
  KEY `IDX_REPORT_VIEWED_PRODUCT_AGGREGATED_DAILY_STORE_ID` (`store_id`),
  KEY `IDX_REPORT_VIEWED_PRODUCT_AGGREGATED_DAILY_PRODUCT_ID` (`product_id`),
  CONSTRAINT `FK_REPORT_VIEWED_PRD_AGGRED_DAILY_PRD_ID_CAT_PRD_ENTT_ENTT_ID` FOREIGN KEY (`product_id`) REFERENCES `catalog_product_entity` (`entity_id`) ON DELETE CASCADE ON UPDATE CASCADE,
  CONSTRAINT `FK_REPORT_VIEWED_PRD_AGGRED_DAILY_STORE_ID_CORE_STORE_STORE_ID` FOREIGN KEY (`store_id`) REFERENCES `core_store` (`store_id`) ON DELETE CASCADE ON UPDATE CASCADE
) ENGINE=InnoDB DEFAULT CHARSET=utf8 COMMENT='Most Viewed Products Aggregated Daily';

--
-- Dumping data for table `report_viewed_product_aggregated_daily`
--


--
-- Table structure for table `report_viewed_product_aggregated_monthly`
--

CREATE TABLE `report_viewed_product_aggregated_monthly` (
  `id` int(10) unsigned NOT NULL AUTO_INCREMENT COMMENT 'Id',
  `period` date DEFAULT NULL COMMENT 'Period',
  `store_id` smallint(5) unsigned DEFAULT NULL COMMENT 'Store Id',
  `product_id` int(10) unsigned DEFAULT NULL COMMENT 'Product Id',
  `product_name` varchar(255) DEFAULT NULL COMMENT 'Product Name',
  `product_price` decimal(12,4) NOT NULL DEFAULT '0.0000' COMMENT 'Product Price',
  `views_num` int(11) NOT NULL DEFAULT '0' COMMENT 'Number of Views',
  `rating_pos` smallint(5) unsigned NOT NULL DEFAULT '0' COMMENT 'Rating Pos',
  PRIMARY KEY (`id`),
  UNIQUE KEY `UNQ_REPORT_VIEWED_PRD_AGGRED_MONTHLY_PERIOD_STORE_ID_PRD_ID` (`period`,`store_id`,`product_id`),
  KEY `IDX_REPORT_VIEWED_PRODUCT_AGGREGATED_MONTHLY_STORE_ID` (`store_id`),
  KEY `IDX_REPORT_VIEWED_PRODUCT_AGGREGATED_MONTHLY_PRODUCT_ID` (`product_id`),
  CONSTRAINT `FK_REPORT_VIEWED_PRD_AGGRED_MONTHLY_PRD_ID_CAT_PRD_ENTT_ENTT_ID` FOREIGN KEY (`product_id`) REFERENCES `catalog_product_entity` (`entity_id`) ON DELETE CASCADE ON UPDATE CASCADE,
  CONSTRAINT `FK_REPORT_VIEWED_PRD_AGGRED_MONTHLY_STORE_ID_CORE_STORE_STORE_ID` FOREIGN KEY (`store_id`) REFERENCES `core_store` (`store_id`) ON DELETE CASCADE ON UPDATE CASCADE
) ENGINE=InnoDB DEFAULT CHARSET=utf8 COMMENT='Most Viewed Products Aggregated Monthly';

--
-- Dumping data for table `report_viewed_product_aggregated_monthly`
--


--
-- Table structure for table `report_viewed_product_aggregated_yearly`
--

CREATE TABLE `report_viewed_product_aggregated_yearly` (
  `id` int(10) unsigned NOT NULL AUTO_INCREMENT COMMENT 'Id',
  `period` date DEFAULT NULL COMMENT 'Period',
  `store_id` smallint(5) unsigned DEFAULT NULL COMMENT 'Store Id',
  `product_id` int(10) unsigned DEFAULT NULL COMMENT 'Product Id',
  `product_name` varchar(255) DEFAULT NULL COMMENT 'Product Name',
  `product_price` decimal(12,4) NOT NULL DEFAULT '0.0000' COMMENT 'Product Price',
  `views_num` int(11) NOT NULL DEFAULT '0' COMMENT 'Number of Views',
  `rating_pos` smallint(5) unsigned NOT NULL DEFAULT '0' COMMENT 'Rating Pos',
  PRIMARY KEY (`id`),
  UNIQUE KEY `UNQ_REPORT_VIEWED_PRD_AGGRED_YEARLY_PERIOD_STORE_ID_PRD_ID` (`period`,`store_id`,`product_id`),
  KEY `IDX_REPORT_VIEWED_PRODUCT_AGGREGATED_YEARLY_STORE_ID` (`store_id`),
  KEY `IDX_REPORT_VIEWED_PRODUCT_AGGREGATED_YEARLY_PRODUCT_ID` (`product_id`),
  CONSTRAINT `FK_REPORT_VIEWED_PRD_AGGRED_YEARLY_PRD_ID_CAT_PRD_ENTT_ENTT_ID` FOREIGN KEY (`product_id`) REFERENCES `catalog_product_entity` (`entity_id`) ON DELETE CASCADE ON UPDATE CASCADE,
  CONSTRAINT `FK_REPORT_VIEWED_PRD_AGGRED_YEARLY_STORE_ID_CORE_STORE_STORE_ID` FOREIGN KEY (`store_id`) REFERENCES `core_store` (`store_id`) ON DELETE CASCADE ON UPDATE CASCADE
) ENGINE=InnoDB DEFAULT CHARSET=utf8 COMMENT='Most Viewed Products Aggregated Yearly';

--
-- Dumping data for table `report_viewed_product_aggregated_yearly`
--


--
-- Table structure for table `report_viewed_product_index`
--

CREATE TABLE `report_viewed_product_index` (
  `index_id` bigint(20) unsigned NOT NULL AUTO_INCREMENT COMMENT 'Index Id',
  `visitor_id` int(10) unsigned DEFAULT NULL COMMENT 'Visitor Id',
  `customer_id` int(10) unsigned DEFAULT NULL COMMENT 'Customer Id',
  `product_id` int(10) unsigned NOT NULL COMMENT 'Product Id',
  `store_id` smallint(5) unsigned DEFAULT NULL COMMENT 'Store Id',
  `added_at` timestamp NOT NULL DEFAULT CURRENT_TIMESTAMP ON UPDATE CURRENT_TIMESTAMP COMMENT 'Added At',
  PRIMARY KEY (`index_id`),
  UNIQUE KEY `UNQ_REPORT_VIEWED_PRODUCT_INDEX_VISITOR_ID_PRODUCT_ID` (`visitor_id`,`product_id`),
  UNIQUE KEY `UNQ_REPORT_VIEWED_PRODUCT_INDEX_CUSTOMER_ID_PRODUCT_ID` (`customer_id`,`product_id`),
  KEY `IDX_REPORT_VIEWED_PRODUCT_INDEX_STORE_ID` (`store_id`),
  KEY `IDX_REPORT_VIEWED_PRODUCT_INDEX_ADDED_AT` (`added_at`),
  KEY `IDX_REPORT_VIEWED_PRODUCT_INDEX_PRODUCT_ID` (`product_id`),
  CONSTRAINT `FK_REPORT_VIEWED_PRD_IDX_CSTR_ID_CSTR_ENTT_ENTT_ID` FOREIGN KEY (`customer_id`) REFERENCES `customer_entity` (`entity_id`) ON DELETE CASCADE ON UPDATE CASCADE,
  CONSTRAINT `FK_REPORT_VIEWED_PRD_IDX_PRD_ID_CAT_PRD_ENTT_ENTT_ID` FOREIGN KEY (`product_id`) REFERENCES `catalog_product_entity` (`entity_id`) ON DELETE CASCADE ON UPDATE CASCADE,
  CONSTRAINT `FK_REPORT_VIEWED_PRODUCT_INDEX_STORE_ID_CORE_STORE_STORE_ID` FOREIGN KEY (`store_id`) REFERENCES `core_store` (`store_id`) ON DELETE SET NULL ON UPDATE CASCADE
) ENGINE=InnoDB AUTO_INCREMENT=305 DEFAULT CHARSET=utf8 COMMENT='Reports Viewed Product Index Table';

--
-- Dumping data for table `report_viewed_product_index`
--

INSERT INTO `report_viewed_product_index` VALUES (118,22,NULL,167,1,'2014-01-31 22:12:12'),(119,22,NULL,176,1,'2014-01-31 22:33:33'),(120,25,NULL,167,1,'2014-02-01 05:37:03'),(121,NULL,NULL,176,1,'2014-02-01 08:39:26'),(122,NULL,NULL,180,1,'2014-02-01 08:54:26'),(123,NULL,NULL,175,1,'2014-02-01 09:02:38'),(124,NULL,NULL,168,1,'2014-02-01 12:36:34'),(125,NULL,NULL,169,1,'2014-02-01 12:52:13'),(126,NULL,NULL,170,1,'2014-02-01 17:17:10'),(127,NULL,NULL,172,1,'2014-02-01 17:45:19'),(128,NULL,NULL,167,1,'2014-02-01 18:17:03'),(129,NULL,NULL,174,1,'2014-02-01 18:47:58'),(130,NULL,NULL,171,1,'2014-02-01 19:12:33'),(131,NULL,NULL,177,1,'2014-02-01 19:34:02'),(132,NULL,NULL,179,1,'2014-02-01 19:48:43'),(133,NULL,NULL,178,1,'2014-02-01 20:03:34'),(134,NULL,NULL,181,1,'2014-02-01 20:18:33'),(135,NULL,NULL,183,1,'2014-02-01 20:45:11'),(136,NULL,NULL,184,1,'2014-02-01 21:16:18'),(137,NULL,NULL,182,1,'2014-02-01 21:33:07'),(138,NULL,NULL,168,3,'2014-02-02 06:28:25'),(139,NULL,NULL,170,1,'2014-02-02 07:33:01'),(140,NULL,NULL,172,1,'2014-02-02 07:34:53'),(141,NULL,NULL,177,1,'2014-02-02 07:37:32'),(142,NULL,NULL,174,1,'2014-02-02 07:53:40'),(143,NULL,NULL,167,1,'2014-02-02 08:01:44'),(144,NULL,NULL,171,1,'2014-02-02 08:08:29'),(145,NULL,NULL,175,1,'2014-02-02 08:08:30'),(146,NULL,NULL,173,1,'2014-02-02 08:12:27'),(147,NULL,NULL,178,1,'2014-02-02 08:17:12'),(148,NULL,NULL,169,1,'2014-02-02 08:53:19'),(149,NULL,NULL,171,3,'2014-02-02 09:56:13'),(150,NULL,NULL,171,2,'2014-02-02 10:10:52'),(151,NULL,NULL,170,3,'2014-02-02 10:20:01'),(152,NULL,NULL,170,2,'2014-02-02 10:22:56'),(153,NULL,NULL,185,1,'2014-02-04 13:48:49'),(154,NULL,NULL,176,1,'2014-02-04 14:03:39'),(155,NULL,NULL,180,1,'2014-02-04 14:04:46'),(156,NULL,NULL,179,1,'2014-02-04 14:05:47'),(157,NULL,NULL,184,1,'2014-02-04 14:07:12'),(158,NULL,NULL,183,1,'2014-02-04 14:08:09'),(159,NULL,NULL,181,1,'2014-02-04 14:09:39'),(160,NULL,NULL,182,1,'2014-02-04 14:10:50'),(161,NULL,NULL,183,3,'2014-02-05 05:44:06'),(162,36,NULL,167,1,'2014-02-05 08:11:21'),(163,36,NULL,184,1,'2014-02-05 08:13:05'),(164,36,NULL,178,1,'2014-02-05 08:16:32'),(165,36,NULL,174,1,'2014-02-05 08:23:10'),(166,NULL,NULL,170,3,'2014-02-08 06:29:08'),(167,NULL,NULL,171,1,'2014-02-08 06:29:16'),(168,NULL,NULL,171,1,'2014-02-08 06:42:30'),(169,NULL,NULL,171,3,'2014-02-08 06:45:30'),(170,NULL,NULL,171,2,'2014-02-08 06:50:25'),(171,NULL,NULL,170,1,'2014-02-08 06:55:20'),(172,NULL,NULL,170,1,'2014-02-08 07:00:15'),(173,NULL,NULL,170,2,'2014-02-08 07:05:11'),(174,43,NULL,177,1,'2014-02-08 21:12:39'),(175,51,NULL,173,1,'2014-02-10 15:31:12'),(176,NULL,NULL,167,1,'2014-02-10 17:31:45'),(177,NULL,NULL,176,1,'2014-02-10 18:11:44'),(178,NULL,NULL,173,1,'2014-02-10 18:45:26'),(179,NULL,NULL,180,1,'2014-02-10 19:11:45'),(180,NULL,NULL,179,1,'2014-02-10 19:41:45'),(181,NULL,NULL,181,1,'2014-02-10 20:19:29'),(182,NULL,NULL,183,1,'2014-02-10 21:32:42'),(183,NULL,NULL,184,1,'2014-02-10 22:48:29'),(184,NULL,NULL,182,1,'2014-02-10 23:01:38'),(185,NULL,NULL,168,1,'2014-02-11 00:04:17'),(186,NULL,NULL,169,1,'2014-02-11 01:20:04'),(187,NULL,NULL,171,1,'2014-02-11 02:17:04'),(188,57,NULL,170,1,'2014-02-11 02:33:54'),(189,58,NULL,171,1,'2014-02-11 02:33:59'),(190,NULL,NULL,178,1,'2014-02-11 02:52:53'),(191,NULL,NULL,175,1,'2014-02-11 02:55:10'),(192,127,NULL,169,1,'2014-02-12 18:28:58'),(193,NULL,NULL,176,3,'2014-02-14 09:06:30'),(194,NULL,NULL,180,3,'2014-02-14 12:27:04'),(195,NULL,NULL,180,2,'2014-02-14 12:31:01'),(196,NULL,NULL,176,2,'2014-02-14 12:34:58'),(197,NULL,NULL,181,3,'2014-02-14 12:38:54'),(198,NULL,NULL,181,2,'2014-02-14 12:42:51'),(199,NULL,NULL,182,2,'2014-02-14 12:46:48'),(200,NULL,NULL,182,3,'2014-02-14 12:50:44'),(201,NULL,NULL,183,3,'2014-02-14 12:54:41'),(202,NULL,NULL,183,2,'2014-02-14 12:58:38'),(203,NULL,NULL,178,2,'2014-02-14 14:58:04'),(204,NULL,NULL,169,2,'2014-02-14 14:58:07'),(205,NULL,NULL,168,2,'2014-02-14 14:58:09'),(206,NULL,NULL,175,2,'2014-02-14 14:58:14'),(207,NULL,NULL,174,3,'2014-02-14 14:58:16'),(208,NULL,NULL,179,2,'2014-02-14 14:58:18'),(209,NULL,NULL,179,3,'2014-02-14 14:58:21'),(210,NULL,NULL,169,3,'2014-02-14 14:58:24'),(211,NULL,NULL,167,2,'2014-02-14 14:58:26'),(212,NULL,NULL,178,3,'2014-02-14 14:58:29'),(213,NULL,NULL,184,2,'2014-02-14 14:58:32'),(214,NULL,NULL,174,3,'2014-02-14 14:58:35'),(215,NULL,NULL,184,3,'2014-02-14 14:58:38'),(216,NULL,NULL,174,2,'2014-02-14 15:24:03'),(217,NULL,NULL,167,3,'2014-02-14 15:27:50'),(218,NULL,NULL,168,1,'2014-02-14 15:31:46'),(219,NULL,NULL,168,2,'2014-02-14 15:35:43'),(220,NULL,NULL,171,3,'2014-02-14 15:39:40'),(221,NULL,NULL,171,2,'2014-02-14 15:43:37'),(222,NULL,NULL,170,3,'2014-02-14 15:47:33'),(223,NULL,NULL,174,2,'2014-02-14 15:51:30'),(224,NULL,NULL,173,3,'2014-02-14 15:55:27'),(225,NULL,NULL,173,2,'2014-02-14 15:59:24'),(226,NULL,NULL,167,3,'2014-02-14 16:03:20'),(227,NULL,NULL,167,2,'2014-02-14 16:07:17'),(228,NULL,NULL,178,2,'2014-02-14 16:11:14'),(229,NULL,NULL,169,3,'2014-02-14 16:15:10'),(230,NULL,NULL,169,2,'2014-02-14 16:19:07'),(231,NULL,NULL,175,3,'2014-02-14 16:23:04'),(232,NULL,NULL,177,3,'2014-02-14 16:27:01'),(233,NULL,NULL,177,2,'2014-02-14 16:30:57'),(234,NULL,NULL,172,3,'2014-02-14 16:34:54'),(235,NULL,NULL,172,2,'2014-02-14 16:38:51'),(236,NULL,NULL,170,1,'2014-02-14 20:28:53'),(237,NULL,NULL,172,1,'2014-02-14 20:39:15'),(238,NULL,NULL,177,1,'2014-02-14 20:39:56'),(239,NULL,NULL,175,1,'2014-02-14 20:40:37'),(240,NULL,NULL,178,1,'2014-02-14 20:41:19'),(241,NULL,NULL,173,1,'2014-02-16 00:11:35'),(242,NULL,NULL,170,1,'2014-02-16 00:23:47'),(243,NULL,NULL,178,1,'2014-02-16 01:30:55'),(244,NULL,NULL,175,1,'2014-02-16 05:28:52'),(245,NULL,NULL,172,1,'2014-02-16 06:58:14'),(246,NULL,NULL,177,1,'2014-02-16 07:43:40'),(247,NULL,NULL,175,3,'2014-02-16 17:10:14'),(248,NULL,NULL,174,1,'2014-02-16 17:44:58'),(249,NULL,NULL,169,2,'2014-02-16 18:35:44'),(250,NULL,NULL,167,1,'2014-02-16 20:06:32'),(251,NULL,NULL,175,2,'2014-02-16 20:23:33'),(252,NULL,NULL,177,3,'2014-02-16 20:32:18'),(253,NULL,NULL,172,3,'2014-02-16 20:41:02'),(254,NULL,NULL,177,2,'2014-02-16 20:49:47'),(255,NULL,NULL,172,2,'2014-02-16 20:58:32'),(256,194,NULL,169,1,'2014-02-16 21:26:50'),(257,221,NULL,167,1,'2014-02-20 08:38:43'),(258,238,NULL,167,1,'2014-02-21 08:37:56'),(259,241,NULL,178,1,'2014-02-22 12:33:10'),(260,NULL,NULL,185,1,'2014-02-22 14:13:35'),(261,247,NULL,178,1,'2014-02-23 19:35:27'),(262,NULL,NULL,172,1,'2014-02-23 21:21:32'),(263,NULL,NULL,174,1,'2014-02-23 21:51:34'),(264,NULL,NULL,177,1,'2014-02-23 22:53:41'),(265,248,NULL,178,1,'2014-02-24 00:02:11'),(266,250,NULL,178,1,'2014-02-24 03:24:52'),(267,257,NULL,178,1,'2014-02-25 13:50:58'),(268,299,NULL,169,1,'2014-02-26 01:27:31'),(269,310,NULL,178,1,'2014-02-27 06:25:21'),(270,321,NULL,184,1,'2014-02-27 09:02:37'),(271,322,NULL,181,1,'2014-02-27 09:02:45'),(272,323,NULL,183,1,'2014-02-27 09:02:46'),(273,324,NULL,182,1,'2014-02-27 09:02:47'),(274,332,NULL,178,1,'2014-02-27 09:03:03'),(275,333,NULL,169,1,'2014-02-27 09:03:06'),(276,340,NULL,169,1,'2014-02-27 21:50:27'),(277,357,NULL,178,1,'2014-03-01 00:36:12'),(278,NULL,NULL,170,1,'2014-03-01 19:11:27'),(279,NULL,NULL,172,1,'2014-03-01 20:29:00'),(280,NULL,NULL,174,1,'2014-03-01 22:11:27'),(281,NULL,NULL,167,1,'2014-03-01 22:41:27'),(282,NULL,NULL,171,1,'2014-03-01 23:11:50'),(283,NULL,NULL,177,1,'2014-03-02 12:01:44'),(284,371,NULL,178,1,'2014-03-02 13:35:18'),(285,NULL,NULL,173,1,'2014-03-02 16:50:22'),(286,NULL,NULL,178,1,'2014-03-02 18:21:27'),(287,NULL,NULL,175,1,'2014-03-02 19:11:29'),(288,NULL,NULL,176,1,'2014-03-04 08:25:15'),(289,383,NULL,175,1,'2014-03-04 09:57:32'),(290,384,NULL,178,1,'2014-03-04 11:12:35'),(291,NULL,NULL,178,1,'2014-03-04 17:58:34'),(292,392,NULL,167,1,'2014-03-05 03:47:03'),(293,395,NULL,178,1,'2014-03-05 20:22:51'),(294,NULL,NULL,173,1,'2014-03-06 13:19:24'),(295,412,NULL,178,1,'2014-03-07 05:35:52'),(296,NULL,NULL,174,1,'2014-03-07 15:55:37'),(297,NULL,NULL,167,1,'2014-03-07 16:29:22'),(298,414,NULL,178,1,'2014-03-07 20:49:37'),(299,NULL,NULL,170,1,'2014-03-09 15:13:10'),(300,NULL,NULL,175,1,'2014-03-09 18:37:40'),(301,438,NULL,178,1,'2014-03-09 19:01:09'),(302,NULL,NULL,172,1,'2014-03-09 19:13:07'),(303,NULL,NULL,177,1,'2014-03-09 20:14:34'),(304,441,NULL,169,1,'2014-03-09 23:22:49');

--
-- Table structure for table `review`
--

CREATE TABLE `review` (
  `review_id` bigint(20) unsigned NOT NULL AUTO_INCREMENT COMMENT 'Review id',
  `created_at` timestamp NOT NULL DEFAULT CURRENT_TIMESTAMP ON UPDATE CURRENT_TIMESTAMP COMMENT 'Review create date',
  `entity_id` smallint(5) unsigned NOT NULL DEFAULT '0' COMMENT 'Entity id',
  `entity_pk_value` int(10) unsigned NOT NULL DEFAULT '0' COMMENT 'Product id',
  `status_id` smallint(5) unsigned NOT NULL DEFAULT '0' COMMENT 'Status code',
  PRIMARY KEY (`review_id`),
  KEY `IDX_REVIEW_ENTITY_ID` (`entity_id`),
  KEY `IDX_REVIEW_STATUS_ID` (`status_id`),
  KEY `IDX_REVIEW_ENTITY_PK_VALUE` (`entity_pk_value`),
  CONSTRAINT `FK_REVIEW_ENTITY_ID_REVIEW_ENTITY_ENTITY_ID` FOREIGN KEY (`entity_id`) REFERENCES `review_entity` (`entity_id`) ON DELETE CASCADE ON UPDATE CASCADE,
  CONSTRAINT `FK_REVIEW_STATUS_ID_REVIEW_STATUS_STATUS_ID` FOREIGN KEY (`status_id`) REFERENCES `review_status` (`status_id`) ON DELETE NO ACTION ON UPDATE NO ACTION
) ENGINE=InnoDB DEFAULT CHARSET=utf8 COMMENT='Review base information';

--
-- Dumping data for table `review`
--


--
-- Table structure for table `review_detail`
--

CREATE TABLE `review_detail` (
  `detail_id` bigint(20) unsigned NOT NULL AUTO_INCREMENT COMMENT 'Review detail id',
  `review_id` bigint(20) unsigned NOT NULL DEFAULT '0' COMMENT 'Review id',
  `store_id` smallint(5) unsigned DEFAULT '0' COMMENT 'Store id',
  `title` varchar(255) NOT NULL COMMENT 'Title',
  `detail` text NOT NULL COMMENT 'Detail description',
  `nickname` varchar(128) NOT NULL COMMENT 'User nickname',
  `customer_id` int(10) unsigned DEFAULT NULL COMMENT 'Customer Id',
  PRIMARY KEY (`detail_id`),
  KEY `IDX_REVIEW_DETAIL_REVIEW_ID` (`review_id`),
  KEY `IDX_REVIEW_DETAIL_STORE_ID` (`store_id`),
  KEY `IDX_REVIEW_DETAIL_CUSTOMER_ID` (`customer_id`),
  CONSTRAINT `FK_REVIEW_DETAIL_CUSTOMER_ID_CUSTOMER_ENTITY_ENTITY_ID` FOREIGN KEY (`customer_id`) REFERENCES `customer_entity` (`entity_id`) ON DELETE SET NULL ON UPDATE CASCADE,
  CONSTRAINT `FK_REVIEW_DETAIL_REVIEW_ID_REVIEW_REVIEW_ID` FOREIGN KEY (`review_id`) REFERENCES `review` (`review_id`) ON DELETE CASCADE ON UPDATE CASCADE,
  CONSTRAINT `FK_REVIEW_DETAIL_STORE_ID_CORE_STORE_STORE_ID` FOREIGN KEY (`store_id`) REFERENCES `core_store` (`store_id`) ON DELETE SET NULL ON UPDATE CASCADE
) ENGINE=InnoDB DEFAULT CHARSET=utf8 COMMENT='Review detail information';

--
-- Dumping data for table `review_detail`
--


--
-- Table structure for table `review_entity`
--

CREATE TABLE `review_entity` (
  `entity_id` smallint(5) unsigned NOT NULL AUTO_INCREMENT COMMENT 'Review entity id',
  `entity_code` varchar(32) NOT NULL COMMENT 'Review entity code',
  PRIMARY KEY (`entity_id`)
) ENGINE=InnoDB AUTO_INCREMENT=4 DEFAULT CHARSET=utf8 COMMENT='Review entities';

--
-- Dumping data for table `review_entity`
--

INSERT INTO `review_entity` VALUES (1,'product'),(2,'customer'),(3,'category');

--
-- Table structure for table `review_entity_summary`
--

CREATE TABLE `review_entity_summary` (
  `primary_id` bigint(20) NOT NULL AUTO_INCREMENT COMMENT 'Summary review entity id',
  `entity_pk_value` bigint(20) NOT NULL DEFAULT '0' COMMENT 'Product id',
  `entity_type` smallint(6) NOT NULL DEFAULT '0' COMMENT 'Entity type id',
  `reviews_count` smallint(6) NOT NULL DEFAULT '0' COMMENT 'Qty of reviews',
  `rating_summary` smallint(6) NOT NULL DEFAULT '0' COMMENT 'Summarized rating',
  `store_id` smallint(5) unsigned NOT NULL DEFAULT '0' COMMENT 'Store id',
  PRIMARY KEY (`primary_id`),
  KEY `IDX_REVIEW_ENTITY_SUMMARY_STORE_ID` (`store_id`),
  CONSTRAINT `FK_REVIEW_ENTITY_SUMMARY_STORE_ID_CORE_STORE_STORE_ID` FOREIGN KEY (`store_id`) REFERENCES `core_store` (`store_id`) ON DELETE CASCADE ON UPDATE CASCADE
) ENGINE=InnoDB DEFAULT CHARSET=utf8 COMMENT='Review aggregates';

--
-- Dumping data for table `review_entity_summary`
--


--
-- Table structure for table `review_status`
--

CREATE TABLE `review_status` (
  `status_id` smallint(5) unsigned NOT NULL AUTO_INCREMENT COMMENT 'Status id',
  `status_code` varchar(32) NOT NULL COMMENT 'Status code',
  PRIMARY KEY (`status_id`)
) ENGINE=InnoDB AUTO_INCREMENT=4 DEFAULT CHARSET=utf8 COMMENT='Review statuses';

--
-- Dumping data for table `review_status`
--

INSERT INTO `review_status` VALUES (1,'Approved'),(2,'Pending'),(3,'Not Approved');

--
-- Table structure for table `review_store`
--

CREATE TABLE `review_store` (
  `review_id` bigint(20) unsigned NOT NULL DEFAULT '0' COMMENT 'Review Id',
  `store_id` smallint(5) unsigned NOT NULL DEFAULT '0' COMMENT 'Store Id',
  PRIMARY KEY (`review_id`,`store_id`),
  KEY `IDX_REVIEW_STORE_STORE_ID` (`store_id`),
  CONSTRAINT `FK_REVIEW_STORE_REVIEW_ID_REVIEW_REVIEW_ID` FOREIGN KEY (`review_id`) REFERENCES `review` (`review_id`) ON DELETE CASCADE ON UPDATE CASCADE,
  CONSTRAINT `FK_REVIEW_STORE_STORE_ID_CORE_STORE_STORE_ID` FOREIGN KEY (`store_id`) REFERENCES `core_store` (`store_id`) ON DELETE CASCADE ON UPDATE CASCADE
) ENGINE=InnoDB DEFAULT CHARSET=utf8 COMMENT='Review Store';

--
-- Dumping data for table `review_store`
--


--
-- Table structure for table `sales_bestsellers_aggregated_daily`
--

CREATE TABLE `sales_bestsellers_aggregated_daily` (
  `id` int(10) unsigned NOT NULL AUTO_INCREMENT COMMENT 'Id',
  `period` date DEFAULT NULL COMMENT 'Period',
  `store_id` smallint(5) unsigned DEFAULT NULL COMMENT 'Store Id',
  `product_id` int(10) unsigned DEFAULT NULL COMMENT 'Product Id',
  `product_name` varchar(255) DEFAULT NULL COMMENT 'Product Name',
  `product_price` decimal(12,4) NOT NULL DEFAULT '0.0000' COMMENT 'Product Price',
  `qty_ordered` decimal(12,4) NOT NULL DEFAULT '0.0000' COMMENT 'Qty Ordered',
  `rating_pos` smallint(5) unsigned NOT NULL COMMENT 'Rating Pos',
  PRIMARY KEY (`id`),
  UNIQUE KEY `UNQ_SALES_BESTSELLERS_AGGRED_DAILY_PERIOD_STORE_ID_PRD_ID` (`period`,`store_id`,`product_id`),
  KEY `IDX_SALES_BESTSELLERS_AGGREGATED_DAILY_STORE_ID` (`store_id`),
  KEY `IDX_SALES_BESTSELLERS_AGGREGATED_DAILY_PRODUCT_ID` (`product_id`),
  CONSTRAINT `FK_SALES_BESTSELLERS_AGGRED_DAILY_PRD_ID_CAT_PRD_ENTT_ENTT_ID` FOREIGN KEY (`product_id`) REFERENCES `catalog_product_entity` (`entity_id`) ON DELETE CASCADE ON UPDATE CASCADE,
  CONSTRAINT `FK_SALES_BESTSELLERS_AGGRED_DAILY_STORE_ID_CORE_STORE_STORE_ID` FOREIGN KEY (`store_id`) REFERENCES `core_store` (`store_id`) ON DELETE CASCADE ON UPDATE CASCADE
) ENGINE=InnoDB DEFAULT CHARSET=utf8 COMMENT='Sales Bestsellers Aggregated Daily';

--
-- Dumping data for table `sales_bestsellers_aggregated_daily`
--


--
-- Table structure for table `sales_bestsellers_aggregated_monthly`
--

CREATE TABLE `sales_bestsellers_aggregated_monthly` (
  `id` int(10) unsigned NOT NULL AUTO_INCREMENT COMMENT 'Id',
  `period` date DEFAULT NULL COMMENT 'Period',
  `store_id` smallint(5) unsigned DEFAULT NULL COMMENT 'Store Id',
  `product_id` int(10) unsigned DEFAULT NULL COMMENT 'Product Id',
  `product_name` varchar(255) DEFAULT NULL COMMENT 'Product Name',
  `product_price` decimal(12,4) NOT NULL DEFAULT '0.0000' COMMENT 'Product Price',
  `qty_ordered` decimal(12,4) NOT NULL DEFAULT '0.0000' COMMENT 'Qty Ordered',
  `rating_pos` smallint(5) unsigned NOT NULL COMMENT 'Rating Pos',
  PRIMARY KEY (`id`),
  UNIQUE KEY `UNQ_SALES_BESTSELLERS_AGGRED_MONTHLY_PERIOD_STORE_ID_PRD_ID` (`period`,`store_id`,`product_id`),
  KEY `IDX_SALES_BESTSELLERS_AGGREGATED_MONTHLY_STORE_ID` (`store_id`),
  KEY `IDX_SALES_BESTSELLERS_AGGREGATED_MONTHLY_PRODUCT_ID` (`product_id`),
  CONSTRAINT `FK_SALES_BESTSELLERS_AGGRED_MONTHLY_PRD_ID_CAT_PRD_ENTT_ENTT_ID` FOREIGN KEY (`product_id`) REFERENCES `catalog_product_entity` (`entity_id`) ON DELETE CASCADE ON UPDATE CASCADE,
  CONSTRAINT `FK_SALES_BESTSELLERS_AGGRED_MONTHLY_STORE_ID_CORE_STORE_STORE_ID` FOREIGN KEY (`store_id`) REFERENCES `core_store` (`store_id`) ON DELETE CASCADE ON UPDATE CASCADE
) ENGINE=InnoDB DEFAULT CHARSET=utf8 COMMENT='Sales Bestsellers Aggregated Monthly';

--
-- Dumping data for table `sales_bestsellers_aggregated_monthly`
--


--
-- Table structure for table `sales_bestsellers_aggregated_yearly`
--

CREATE TABLE `sales_bestsellers_aggregated_yearly` (
  `id` int(10) unsigned NOT NULL AUTO_INCREMENT COMMENT 'Id',
  `period` date DEFAULT NULL COMMENT 'Period',
  `store_id` smallint(5) unsigned DEFAULT NULL COMMENT 'Store Id',
  `product_id` int(10) unsigned DEFAULT NULL COMMENT 'Product Id',
  `product_name` varchar(255) DEFAULT NULL COMMENT 'Product Name',
  `product_price` decimal(12,4) NOT NULL DEFAULT '0.0000' COMMENT 'Product Price',
  `qty_ordered` decimal(12,4) NOT NULL DEFAULT '0.0000' COMMENT 'Qty Ordered',
  `rating_pos` smallint(5) unsigned NOT NULL COMMENT 'Rating Pos',
  PRIMARY KEY (`id`),
  UNIQUE KEY `UNQ_SALES_BESTSELLERS_AGGRED_YEARLY_PERIOD_STORE_ID_PRD_ID` (`period`,`store_id`,`product_id`),
  KEY `IDX_SALES_BESTSELLERS_AGGREGATED_YEARLY_STORE_ID` (`store_id`),
  KEY `IDX_SALES_BESTSELLERS_AGGREGATED_YEARLY_PRODUCT_ID` (`product_id`),
  CONSTRAINT `FK_SALES_BESTSELLERS_AGGRED_YEARLY_PRD_ID_CAT_PRD_ENTT_ENTT_ID` FOREIGN KEY (`product_id`) REFERENCES `catalog_product_entity` (`entity_id`) ON DELETE CASCADE ON UPDATE CASCADE,
  CONSTRAINT `FK_SALES_BESTSELLERS_AGGRED_YEARLY_STORE_ID_CORE_STORE_STORE_ID` FOREIGN KEY (`store_id`) REFERENCES `core_store` (`store_id`) ON DELETE CASCADE ON UPDATE CASCADE
) ENGINE=InnoDB DEFAULT CHARSET=utf8 COMMENT='Sales Bestsellers Aggregated Yearly';

--
-- Dumping data for table `sales_bestsellers_aggregated_yearly`
--


--
-- Table structure for table `sales_billing_agreement`
--

CREATE TABLE `sales_billing_agreement` (
  `agreement_id` int(10) unsigned NOT NULL AUTO_INCREMENT COMMENT 'Agreement Id',
  `customer_id` int(10) unsigned NOT NULL COMMENT 'Customer Id',
  `method_code` varchar(32) NOT NULL COMMENT 'Method Code',
  `reference_id` varchar(32) NOT NULL COMMENT 'Reference Id',
  `status` varchar(20) NOT NULL COMMENT 'Status',
  `created_at` timestamp NOT NULL DEFAULT CURRENT_TIMESTAMP ON UPDATE CURRENT_TIMESTAMP COMMENT 'Created At',
  `updated_at` timestamp NULL DEFAULT NULL COMMENT 'Updated At',
  `store_id` smallint(5) unsigned DEFAULT NULL COMMENT 'Store Id',
  `agreement_label` varchar(255) DEFAULT NULL COMMENT 'Agreement Label',
  PRIMARY KEY (`agreement_id`),
  KEY `IDX_SALES_BILLING_AGREEMENT_CUSTOMER_ID` (`customer_id`),
  KEY `IDX_SALES_BILLING_AGREEMENT_STORE_ID` (`store_id`),
  CONSTRAINT `FK_SALES_BILLING_AGREEMENT_CUSTOMER_ID_CUSTOMER_ENTITY_ENTITY_ID` FOREIGN KEY (`customer_id`) REFERENCES `customer_entity` (`entity_id`) ON DELETE CASCADE ON UPDATE CASCADE,
  CONSTRAINT `FK_SALES_BILLING_AGREEMENT_STORE_ID_CORE_STORE_STORE_ID` FOREIGN KEY (`store_id`) REFERENCES `core_store` (`store_id`) ON DELETE SET NULL ON UPDATE CASCADE
) ENGINE=InnoDB DEFAULT CHARSET=utf8 COMMENT='Sales Billing Agreement';

--
-- Dumping data for table `sales_billing_agreement`
--


--
-- Table structure for table `sales_billing_agreement_order`
--

CREATE TABLE `sales_billing_agreement_order` (
  `agreement_id` int(10) unsigned NOT NULL COMMENT 'Agreement Id',
  `order_id` int(10) unsigned NOT NULL COMMENT 'Order Id',
  PRIMARY KEY (`agreement_id`,`order_id`),
  KEY `IDX_SALES_BILLING_AGREEMENT_ORDER_ORDER_ID` (`order_id`),
  CONSTRAINT `FK_SALES_BILLING_AGRT_ORDER_AGRT_ID_SALES_BILLING_AGRT_AGRT_ID` FOREIGN KEY (`agreement_id`) REFERENCES `sales_billing_agreement` (`agreement_id`) ON DELETE CASCADE ON UPDATE CASCADE,
  CONSTRAINT `FK_SALES_BILLING_AGRT_ORDER_ORDER_ID_SALES_FLAT_ORDER_ENTT_ID` FOREIGN KEY (`order_id`) REFERENCES `sales_flat_order` (`entity_id`) ON DELETE CASCADE ON UPDATE CASCADE
) ENGINE=InnoDB DEFAULT CHARSET=utf8 COMMENT='Sales Billing Agreement Order';

--
-- Dumping data for table `sales_billing_agreement_order`
--


--
-- Table structure for table `sales_flat_creditmemo`
--

CREATE TABLE `sales_flat_creditmemo` (
  `entity_id` int(10) unsigned NOT NULL AUTO_INCREMENT COMMENT 'Entity Id',
  `store_id` smallint(5) unsigned DEFAULT NULL COMMENT 'Store Id',
  `adjustment_positive` decimal(12,4) DEFAULT NULL COMMENT 'Adjustment Positive',
  `base_shipping_tax_amount` decimal(12,4) DEFAULT NULL COMMENT 'Base Shipping Tax Amount',
  `store_to_order_rate` decimal(12,4) DEFAULT NULL COMMENT 'Store To Order Rate',
  `base_discount_amount` decimal(12,4) DEFAULT NULL COMMENT 'Base Discount Amount',
  `base_to_order_rate` decimal(12,4) DEFAULT NULL COMMENT 'Base To Order Rate',
  `grand_total` decimal(12,4) DEFAULT NULL COMMENT 'Grand Total',
  `base_adjustment_negative` decimal(12,4) DEFAULT NULL COMMENT 'Base Adjustment Negative',
  `base_subtotal_incl_tax` decimal(12,4) DEFAULT NULL COMMENT 'Base Subtotal Incl Tax',
  `shipping_amount` decimal(12,4) DEFAULT NULL COMMENT 'Shipping Amount',
  `subtotal_incl_tax` decimal(12,4) DEFAULT NULL COMMENT 'Subtotal Incl Tax',
  `adjustment_negative` decimal(12,4) DEFAULT NULL COMMENT 'Adjustment Negative',
  `base_shipping_amount` decimal(12,4) DEFAULT NULL COMMENT 'Base Shipping Amount',
  `store_to_base_rate` decimal(12,4) DEFAULT NULL COMMENT 'Store To Base Rate',
  `base_to_global_rate` decimal(12,4) DEFAULT NULL COMMENT 'Base To Global Rate',
  `base_adjustment` decimal(12,4) DEFAULT NULL COMMENT 'Base Adjustment',
  `base_subtotal` decimal(12,4) DEFAULT NULL COMMENT 'Base Subtotal',
  `discount_amount` decimal(12,4) DEFAULT NULL COMMENT 'Discount Amount',
  `subtotal` decimal(12,4) DEFAULT NULL COMMENT 'Subtotal',
  `adjustment` decimal(12,4) DEFAULT NULL COMMENT 'Adjustment',
  `base_grand_total` decimal(12,4) DEFAULT NULL COMMENT 'Base Grand Total',
  `base_adjustment_positive` decimal(12,4) DEFAULT NULL COMMENT 'Base Adjustment Positive',
  `base_tax_amount` decimal(12,4) DEFAULT NULL COMMENT 'Base Tax Amount',
  `shipping_tax_amount` decimal(12,4) DEFAULT NULL COMMENT 'Shipping Tax Amount',
  `tax_amount` decimal(12,4) DEFAULT NULL COMMENT 'Tax Amount',
  `order_id` int(10) unsigned NOT NULL COMMENT 'Order Id',
  `email_sent` smallint(5) unsigned DEFAULT NULL COMMENT 'Email Sent',
  `creditmemo_status` int(11) DEFAULT NULL COMMENT 'Creditmemo Status',
  `state` int(11) DEFAULT NULL COMMENT 'State',
  `shipping_address_id` int(11) DEFAULT NULL COMMENT 'Shipping Address Id',
  `billing_address_id` int(11) DEFAULT NULL COMMENT 'Billing Address Id',
  `invoice_id` int(11) DEFAULT NULL COMMENT 'Invoice Id',
  `cybersource_token` varchar(255) DEFAULT NULL,
  `store_currency_code` varchar(3) DEFAULT NULL COMMENT 'Store Currency Code',
  `order_currency_code` varchar(3) DEFAULT NULL COMMENT 'Order Currency Code',
  `base_currency_code` varchar(3) DEFAULT NULL COMMENT 'Base Currency Code',
  `global_currency_code` varchar(3) DEFAULT NULL COMMENT 'Global Currency Code',
  `transaction_id` varchar(255) DEFAULT NULL COMMENT 'Transaction Id',
  `increment_id` varchar(50) DEFAULT NULL COMMENT 'Increment Id',
  `created_at` timestamp NULL DEFAULT NULL COMMENT 'Created At',
  `updated_at` timestamp NULL DEFAULT NULL COMMENT 'Updated At',
  `hidden_tax_amount` decimal(12,4) DEFAULT NULL COMMENT 'Hidden Tax Amount',
  `base_hidden_tax_amount` decimal(12,4) DEFAULT NULL COMMENT 'Base Hidden Tax Amount',
  `shipping_hidden_tax_amount` decimal(12,4) DEFAULT NULL COMMENT 'Shipping Hidden Tax Amount',
  `base_shipping_hidden_tax_amnt` decimal(12,4) DEFAULT NULL COMMENT 'Base Shipping Hidden Tax Amount',
  `shipping_incl_tax` decimal(12,4) DEFAULT NULL COMMENT 'Shipping Incl Tax',
  `base_shipping_incl_tax` decimal(12,4) DEFAULT NULL COMMENT 'Base Shipping Incl Tax',
  `discount_description` varchar(255) DEFAULT NULL COMMENT 'Discount Description',
  PRIMARY KEY (`entity_id`),
  UNIQUE KEY `UNQ_SALES_FLAT_CREDITMEMO_INCREMENT_ID` (`increment_id`),
  KEY `IDX_SALES_FLAT_CREDITMEMO_STORE_ID` (`store_id`),
  KEY `IDX_SALES_FLAT_CREDITMEMO_ORDER_ID` (`order_id`),
  KEY `IDX_SALES_FLAT_CREDITMEMO_CREDITMEMO_STATUS` (`creditmemo_status`),
  KEY `IDX_SALES_FLAT_CREDITMEMO_STATE` (`state`),
  KEY `IDX_SALES_FLAT_CREDITMEMO_CREATED_AT` (`created_at`),
  CONSTRAINT `FK_SALES_FLAT_CREDITMEMO_ORDER_ID_SALES_FLAT_ORDER_ENTITY_ID` FOREIGN KEY (`order_id`) REFERENCES `sales_flat_order` (`entity_id`) ON DELETE CASCADE ON UPDATE CASCADE,
  CONSTRAINT `FK_SALES_FLAT_CREDITMEMO_STORE_ID_CORE_STORE_STORE_ID` FOREIGN KEY (`store_id`) REFERENCES `core_store` (`store_id`) ON DELETE SET NULL ON UPDATE CASCADE
) ENGINE=InnoDB DEFAULT CHARSET=utf8 COMMENT='Sales Flat Creditmemo';

--
-- Dumping data for table `sales_flat_creditmemo`
--


--
-- Table structure for table `sales_flat_creditmemo_comment`
--

CREATE TABLE `sales_flat_creditmemo_comment` (
  `entity_id` int(10) unsigned NOT NULL AUTO_INCREMENT COMMENT 'Entity Id',
  `parent_id` int(10) unsigned NOT NULL COMMENT 'Parent Id',
  `is_customer_notified` int(11) DEFAULT NULL COMMENT 'Is Customer Notified',
  `is_visible_on_front` smallint(5) unsigned NOT NULL COMMENT 'Is Visible On Front',
  `comment` text COMMENT 'Comment',
  `created_at` timestamp NULL DEFAULT NULL COMMENT 'Created At',
  PRIMARY KEY (`entity_id`),
  KEY `IDX_SALES_FLAT_CREDITMEMO_COMMENT_CREATED_AT` (`created_at`),
  KEY `IDX_SALES_FLAT_CREDITMEMO_COMMENT_PARENT_ID` (`parent_id`),
  CONSTRAINT `FK_B0FCB0B5467075BE63D474F2CD5F7804` FOREIGN KEY (`parent_id`) REFERENCES `sales_flat_creditmemo` (`entity_id`) ON DELETE CASCADE ON UPDATE CASCADE
) ENGINE=InnoDB DEFAULT CHARSET=utf8 COMMENT='Sales Flat Creditmemo Comment';

--
-- Dumping data for table `sales_flat_creditmemo_comment`
--


--
-- Table structure for table `sales_flat_creditmemo_grid`
--

CREATE TABLE `sales_flat_creditmemo_grid` (
  `entity_id` int(10) unsigned NOT NULL COMMENT 'Entity Id',
  `store_id` smallint(5) unsigned DEFAULT NULL COMMENT 'Store Id',
  `store_to_order_rate` decimal(12,4) DEFAULT NULL COMMENT 'Store To Order Rate',
  `base_to_order_rate` decimal(12,4) DEFAULT NULL COMMENT 'Base To Order Rate',
  `grand_total` decimal(12,4) DEFAULT NULL COMMENT 'Grand Total',
  `store_to_base_rate` decimal(12,4) DEFAULT NULL COMMENT 'Store To Base Rate',
  `base_to_global_rate` decimal(12,4) DEFAULT NULL COMMENT 'Base To Global Rate',
  `base_grand_total` decimal(12,4) DEFAULT NULL COMMENT 'Base Grand Total',
  `order_id` int(10) unsigned NOT NULL COMMENT 'Order Id',
  `creditmemo_status` int(11) DEFAULT NULL COMMENT 'Creditmemo Status',
  `state` int(11) DEFAULT NULL COMMENT 'State',
  `invoice_id` int(11) DEFAULT NULL COMMENT 'Invoice Id',
  `store_currency_code` varchar(3) DEFAULT NULL COMMENT 'Store Currency Code',
  `order_currency_code` varchar(3) DEFAULT NULL COMMENT 'Order Currency Code',
  `base_currency_code` varchar(3) DEFAULT NULL COMMENT 'Base Currency Code',
  `global_currency_code` varchar(3) DEFAULT NULL COMMENT 'Global Currency Code',
  `increment_id` varchar(50) DEFAULT NULL COMMENT 'Increment Id',
  `order_increment_id` varchar(50) DEFAULT NULL COMMENT 'Order Increment Id',
  `created_at` timestamp NULL DEFAULT NULL COMMENT 'Created At',
  `order_created_at` timestamp NULL DEFAULT NULL COMMENT 'Order Created At',
  `billing_name` varchar(255) DEFAULT NULL COMMENT 'Billing Name',
  PRIMARY KEY (`entity_id`),
  UNIQUE KEY `UNQ_SALES_FLAT_CREDITMEMO_GRID_INCREMENT_ID` (`increment_id`),
  KEY `IDX_SALES_FLAT_CREDITMEMO_GRID_STORE_ID` (`store_id`),
  KEY `IDX_SALES_FLAT_CREDITMEMO_GRID_GRAND_TOTAL` (`grand_total`),
  KEY `IDX_SALES_FLAT_CREDITMEMO_GRID_BASE_GRAND_TOTAL` (`base_grand_total`),
  KEY `IDX_SALES_FLAT_CREDITMEMO_GRID_ORDER_ID` (`order_id`),
  KEY `IDX_SALES_FLAT_CREDITMEMO_GRID_CREDITMEMO_STATUS` (`creditmemo_status`),
  KEY `IDX_SALES_FLAT_CREDITMEMO_GRID_STATE` (`state`),
  KEY `IDX_SALES_FLAT_CREDITMEMO_GRID_ORDER_INCREMENT_ID` (`order_increment_id`),
  KEY `IDX_SALES_FLAT_CREDITMEMO_GRID_CREATED_AT` (`created_at`),
  KEY `IDX_SALES_FLAT_CREDITMEMO_GRID_ORDER_CREATED_AT` (`order_created_at`),
  KEY `IDX_SALES_FLAT_CREDITMEMO_GRID_BILLING_NAME` (`billing_name`),
  CONSTRAINT `FK_78C711B225167A11CC077B03D1C8E1CC` FOREIGN KEY (`entity_id`) REFERENCES `sales_flat_creditmemo` (`entity_id`) ON DELETE CASCADE ON UPDATE CASCADE,
  CONSTRAINT `FK_SALES_FLAT_CREDITMEMO_GRID_STORE_ID_CORE_STORE_STORE_ID` FOREIGN KEY (`store_id`) REFERENCES `core_store` (`store_id`) ON DELETE CASCADE ON UPDATE CASCADE
) ENGINE=InnoDB DEFAULT CHARSET=utf8 COMMENT='Sales Flat Creditmemo Grid';

--
-- Dumping data for table `sales_flat_creditmemo_grid`
--


--
-- Table structure for table `sales_flat_creditmemo_item`
--

CREATE TABLE `sales_flat_creditmemo_item` (
  `entity_id` int(10) unsigned NOT NULL AUTO_INCREMENT COMMENT 'Entity Id',
  `parent_id` int(10) unsigned NOT NULL COMMENT 'Parent Id',
  `weee_tax_applied_row_amount` decimal(12,4) DEFAULT NULL COMMENT 'Weee Tax Applied Row Amount',
  `base_price` decimal(12,4) DEFAULT NULL COMMENT 'Base Price',
  `base_weee_tax_row_disposition` decimal(12,4) DEFAULT NULL COMMENT 'Base Weee Tax Row Disposition',
  `tax_amount` decimal(12,4) DEFAULT NULL COMMENT 'Tax Amount',
  `base_weee_tax_applied_amount` decimal(12,4) DEFAULT NULL COMMENT 'Base Weee Tax Applied Amount',
  `weee_tax_row_disposition` decimal(12,4) DEFAULT NULL COMMENT 'Weee Tax Row Disposition',
  `base_row_total` decimal(12,4) DEFAULT NULL COMMENT 'Base Row Total',
  `discount_amount` decimal(12,4) DEFAULT NULL COMMENT 'Discount Amount',
  `row_total` decimal(12,4) DEFAULT NULL COMMENT 'Row Total',
  `weee_tax_applied_amount` decimal(12,4) DEFAULT NULL COMMENT 'Weee Tax Applied Amount',
  `base_discount_amount` decimal(12,4) DEFAULT NULL COMMENT 'Base Discount Amount',
  `base_weee_tax_disposition` decimal(12,4) DEFAULT NULL COMMENT 'Base Weee Tax Disposition',
  `price_incl_tax` decimal(12,4) DEFAULT NULL COMMENT 'Price Incl Tax',
  `base_tax_amount` decimal(12,4) DEFAULT NULL COMMENT 'Base Tax Amount',
  `weee_tax_disposition` decimal(12,4) DEFAULT NULL COMMENT 'Weee Tax Disposition',
  `base_price_incl_tax` decimal(12,4) DEFAULT NULL COMMENT 'Base Price Incl Tax',
  `qty` decimal(12,4) DEFAULT NULL COMMENT 'Qty',
  `base_cost` decimal(12,4) DEFAULT NULL COMMENT 'Base Cost',
  `base_weee_tax_applied_row_amnt` decimal(12,4) DEFAULT NULL COMMENT 'Base Weee Tax Applied Row Amnt',
  `price` decimal(12,4) DEFAULT NULL COMMENT 'Price',
  `base_row_total_incl_tax` decimal(12,4) DEFAULT NULL COMMENT 'Base Row Total Incl Tax',
  `row_total_incl_tax` decimal(12,4) DEFAULT NULL COMMENT 'Row Total Incl Tax',
  `product_id` int(11) DEFAULT NULL COMMENT 'Product Id',
  `order_item_id` int(11) DEFAULT NULL COMMENT 'Order Item Id',
  `additional_data` text COMMENT 'Additional Data',
  `description` text COMMENT 'Description',
  `weee_tax_applied` text COMMENT 'Weee Tax Applied',
  `sku` varchar(255) DEFAULT NULL COMMENT 'Sku',
  `name` varchar(255) DEFAULT NULL COMMENT 'Name',
  `hidden_tax_amount` decimal(12,4) DEFAULT NULL COMMENT 'Hidden Tax Amount',
  `base_hidden_tax_amount` decimal(12,4) DEFAULT NULL COMMENT 'Base Hidden Tax Amount',
  PRIMARY KEY (`entity_id`),
  KEY `IDX_SALES_FLAT_CREDITMEMO_ITEM_PARENT_ID` (`parent_id`),
  CONSTRAINT `FK_306DAC836C699F0B5E13BE486557AC8A` FOREIGN KEY (`parent_id`) REFERENCES `sales_flat_creditmemo` (`entity_id`) ON DELETE CASCADE ON UPDATE CASCADE
) ENGINE=InnoDB DEFAULT CHARSET=utf8 COMMENT='Sales Flat Creditmemo Item';

--
-- Dumping data for table `sales_flat_creditmemo_item`
--


--
-- Table structure for table `sales_flat_invoice`
--

CREATE TABLE `sales_flat_invoice` (
  `entity_id` int(10) unsigned NOT NULL AUTO_INCREMENT COMMENT 'Entity Id',
  `store_id` smallint(5) unsigned DEFAULT NULL COMMENT 'Store Id',
  `base_grand_total` decimal(12,4) DEFAULT NULL COMMENT 'Base Grand Total',
  `shipping_tax_amount` decimal(12,4) DEFAULT NULL COMMENT 'Shipping Tax Amount',
  `tax_amount` decimal(12,4) DEFAULT NULL COMMENT 'Tax Amount',
  `base_tax_amount` decimal(12,4) DEFAULT NULL COMMENT 'Base Tax Amount',
  `store_to_order_rate` decimal(12,4) DEFAULT NULL COMMENT 'Store To Order Rate',
  `base_shipping_tax_amount` decimal(12,4) DEFAULT NULL COMMENT 'Base Shipping Tax Amount',
  `base_discount_amount` decimal(12,4) DEFAULT NULL COMMENT 'Base Discount Amount',
  `base_to_order_rate` decimal(12,4) DEFAULT NULL COMMENT 'Base To Order Rate',
  `grand_total` decimal(12,4) DEFAULT NULL COMMENT 'Grand Total',
  `shipping_amount` decimal(12,4) DEFAULT NULL COMMENT 'Shipping Amount',
  `subtotal_incl_tax` decimal(12,4) DEFAULT NULL COMMENT 'Subtotal Incl Tax',
  `base_subtotal_incl_tax` decimal(12,4) DEFAULT NULL COMMENT 'Base Subtotal Incl Tax',
  `store_to_base_rate` decimal(12,4) DEFAULT NULL COMMENT 'Store To Base Rate',
  `base_shipping_amount` decimal(12,4) DEFAULT NULL COMMENT 'Base Shipping Amount',
  `total_qty` decimal(12,4) DEFAULT NULL COMMENT 'Total Qty',
  `base_to_global_rate` decimal(12,4) DEFAULT NULL COMMENT 'Base To Global Rate',
  `subtotal` decimal(12,4) DEFAULT NULL COMMENT 'Subtotal',
  `base_subtotal` decimal(12,4) DEFAULT NULL COMMENT 'Base Subtotal',
  `discount_amount` decimal(12,4) DEFAULT NULL COMMENT 'Discount Amount',
  `billing_address_id` int(11) DEFAULT NULL COMMENT 'Billing Address Id',
  `is_used_for_refund` smallint(5) unsigned DEFAULT NULL COMMENT 'Is Used For Refund',
  `order_id` int(10) unsigned NOT NULL COMMENT 'Order Id',
  `email_sent` smallint(5) unsigned DEFAULT NULL COMMENT 'Email Sent',
  `can_void_flag` smallint(5) unsigned DEFAULT NULL COMMENT 'Can Void Flag',
  `state` int(11) DEFAULT NULL COMMENT 'State',
  `shipping_address_id` int(11) DEFAULT NULL COMMENT 'Shipping Address Id',
  `cybersource_token` varchar(255) DEFAULT NULL,
  `store_currency_code` varchar(3) DEFAULT NULL COMMENT 'Store Currency Code',
  `transaction_id` varchar(255) DEFAULT NULL COMMENT 'Transaction Id',
  `order_currency_code` varchar(3) DEFAULT NULL COMMENT 'Order Currency Code',
  `base_currency_code` varchar(3) DEFAULT NULL COMMENT 'Base Currency Code',
  `global_currency_code` varchar(3) DEFAULT NULL COMMENT 'Global Currency Code',
  `increment_id` varchar(50) DEFAULT NULL COMMENT 'Increment Id',
  `created_at` timestamp NULL DEFAULT NULL COMMENT 'Created At',
  `updated_at` timestamp NULL DEFAULT NULL COMMENT 'Updated At',
  `customer_id` int(11) DEFAULT NULL,
  `invoice_status_id` int(11) DEFAULT NULL,
  `invoice_type` int(11) DEFAULT NULL,
  `is_virtual` int(11) DEFAULT NULL,
  `real_order_id` varchar(255) DEFAULT NULL,
  `total_due` decimal(12,4) DEFAULT NULL,
  `total_paid` decimal(12,4) DEFAULT NULL,
  `hidden_tax_amount` decimal(12,4) DEFAULT NULL COMMENT 'Hidden Tax Amount',
  `base_hidden_tax_amount` decimal(12,4) DEFAULT NULL COMMENT 'Base Hidden Tax Amount',
  `shipping_hidden_tax_amount` decimal(12,4) DEFAULT NULL COMMENT 'Shipping Hidden Tax Amount',
  `base_shipping_hidden_tax_amnt` decimal(12,4) DEFAULT NULL COMMENT 'Base Shipping Hidden Tax Amount',
  `shipping_incl_tax` decimal(12,4) DEFAULT NULL COMMENT 'Shipping Incl Tax',
  `base_shipping_incl_tax` decimal(12,4) DEFAULT NULL COMMENT 'Base Shipping Incl Tax',
  `base_total_refunded` decimal(12,4) DEFAULT NULL COMMENT 'Base Total Refunded',
  `discount_description` varchar(255) DEFAULT NULL COMMENT 'Discount Description',
  PRIMARY KEY (`entity_id`),
  UNIQUE KEY `UNQ_SALES_FLAT_INVOICE_INCREMENT_ID` (`increment_id`),
  KEY `IDX_SALES_FLAT_INVOICE_STORE_ID` (`store_id`),
  KEY `IDX_SALES_FLAT_INVOICE_GRAND_TOTAL` (`grand_total`),
  KEY `IDX_SALES_FLAT_INVOICE_ORDER_ID` (`order_id`),
  KEY `IDX_SALES_FLAT_INVOICE_STATE` (`state`),
  KEY `IDX_SALES_FLAT_INVOICE_CREATED_AT` (`created_at`),
  CONSTRAINT `FK_SALES_FLAT_INVOICE_ORDER_ID_SALES_FLAT_ORDER_ENTITY_ID` FOREIGN KEY (`order_id`) REFERENCES `sales_flat_order` (`entity_id`) ON DELETE CASCADE ON UPDATE CASCADE,
  CONSTRAINT `FK_SALES_FLAT_INVOICE_STORE_ID_CORE_STORE_STORE_ID` FOREIGN KEY (`store_id`) REFERENCES `core_store` (`store_id`) ON DELETE SET NULL ON UPDATE CASCADE
) ENGINE=InnoDB DEFAULT CHARSET=utf8 COMMENT='Sales Flat Invoice';

--
-- Dumping data for table `sales_flat_invoice`
--


--
-- Table structure for table `sales_flat_invoice_comment`
--

CREATE TABLE `sales_flat_invoice_comment` (
  `entity_id` int(10) unsigned NOT NULL AUTO_INCREMENT COMMENT 'Entity Id',
  `parent_id` int(10) unsigned NOT NULL COMMENT 'Parent Id',
  `is_customer_notified` smallint(5) unsigned DEFAULT NULL COMMENT 'Is Customer Notified',
  `is_visible_on_front` smallint(5) unsigned NOT NULL COMMENT 'Is Visible On Front',
  `comment` text COMMENT 'Comment',
  `created_at` timestamp NULL DEFAULT NULL COMMENT 'Created At',
  PRIMARY KEY (`entity_id`),
  KEY `IDX_SALES_FLAT_INVOICE_COMMENT_CREATED_AT` (`created_at`),
  KEY `IDX_SALES_FLAT_INVOICE_COMMENT_PARENT_ID` (`parent_id`),
  CONSTRAINT `FK_5C4B36BBE5231A76AB8018B281ED50BC` FOREIGN KEY (`parent_id`) REFERENCES `sales_flat_invoice` (`entity_id`) ON DELETE CASCADE ON UPDATE CASCADE
) ENGINE=InnoDB DEFAULT CHARSET=utf8 COMMENT='Sales Flat Invoice Comment';

--
-- Dumping data for table `sales_flat_invoice_comment`
--


--
-- Table structure for table `sales_flat_invoice_grid`
--

CREATE TABLE `sales_flat_invoice_grid` (
  `entity_id` int(10) unsigned NOT NULL COMMENT 'Entity Id',
  `store_id` smallint(5) unsigned DEFAULT NULL COMMENT 'Store Id',
  `base_grand_total` decimal(12,4) DEFAULT NULL COMMENT 'Base Grand Total',
  `grand_total` decimal(12,4) DEFAULT NULL COMMENT 'Grand Total',
  `order_id` int(10) unsigned NOT NULL COMMENT 'Order Id',
  `state` int(11) DEFAULT NULL COMMENT 'State',
  `store_currency_code` varchar(3) DEFAULT NULL COMMENT 'Store Currency Code',
  `order_currency_code` varchar(3) DEFAULT NULL COMMENT 'Order Currency Code',
  `base_currency_code` varchar(3) DEFAULT NULL COMMENT 'Base Currency Code',
  `global_currency_code` varchar(3) DEFAULT NULL COMMENT 'Global Currency Code',
  `increment_id` varchar(50) DEFAULT NULL COMMENT 'Increment Id',
  `order_increment_id` varchar(50) DEFAULT NULL COMMENT 'Order Increment Id',
  `created_at` timestamp NULL DEFAULT NULL COMMENT 'Created At',
  `order_created_at` timestamp NULL DEFAULT NULL COMMENT 'Order Created At',
  `billing_name` varchar(255) DEFAULT NULL COMMENT 'Billing Name',
  PRIMARY KEY (`entity_id`),
  UNIQUE KEY `UNQ_SALES_FLAT_INVOICE_GRID_INCREMENT_ID` (`increment_id`),
  KEY `IDX_SALES_FLAT_INVOICE_GRID_STORE_ID` (`store_id`),
  KEY `IDX_SALES_FLAT_INVOICE_GRID_GRAND_TOTAL` (`grand_total`),
  KEY `IDX_SALES_FLAT_INVOICE_GRID_ORDER_ID` (`order_id`),
  KEY `IDX_SALES_FLAT_INVOICE_GRID_STATE` (`state`),
  KEY `IDX_SALES_FLAT_INVOICE_GRID_ORDER_INCREMENT_ID` (`order_increment_id`),
  KEY `IDX_SALES_FLAT_INVOICE_GRID_CREATED_AT` (`created_at`),
  KEY `IDX_SALES_FLAT_INVOICE_GRID_ORDER_CREATED_AT` (`order_created_at`),
  KEY `IDX_SALES_FLAT_INVOICE_GRID_BILLING_NAME` (`billing_name`),
  CONSTRAINT `FK_SALES_FLAT_INVOICE_GRID_ENTT_ID_SALES_FLAT_INVOICE_ENTT_ID` FOREIGN KEY (`entity_id`) REFERENCES `sales_flat_invoice` (`entity_id`) ON DELETE CASCADE ON UPDATE CASCADE,
  CONSTRAINT `FK_SALES_FLAT_INVOICE_GRID_STORE_ID_CORE_STORE_STORE_ID` FOREIGN KEY (`store_id`) REFERENCES `core_store` (`store_id`) ON DELETE SET NULL ON UPDATE CASCADE
) ENGINE=InnoDB DEFAULT CHARSET=utf8 COMMENT='Sales Flat Invoice Grid';

--
-- Dumping data for table `sales_flat_invoice_grid`
--


--
-- Table structure for table `sales_flat_invoice_item`
--

CREATE TABLE `sales_flat_invoice_item` (
  `entity_id` int(10) unsigned NOT NULL AUTO_INCREMENT COMMENT 'Entity Id',
  `parent_id` int(10) unsigned NOT NULL COMMENT 'Parent Id',
  `base_price` decimal(12,4) DEFAULT NULL COMMENT 'Base Price',
  `base_weee_tax_row_disposition` decimal(12,4) DEFAULT NULL COMMENT 'Base Weee Tax Row Disposition',
  `weee_tax_applied_row_amount` decimal(12,4) DEFAULT NULL COMMENT 'Weee Tax Applied Row Amount',
  `base_weee_tax_applied_amount` decimal(12,4) DEFAULT NULL COMMENT 'Base Weee Tax Applied Amount',
  `tax_amount` decimal(12,4) DEFAULT NULL COMMENT 'Tax Amount',
  `base_row_total` decimal(12,4) DEFAULT NULL COMMENT 'Base Row Total',
  `discount_amount` decimal(12,4) DEFAULT NULL COMMENT 'Discount Amount',
  `row_total` decimal(12,4) DEFAULT NULL COMMENT 'Row Total',
  `weee_tax_row_disposition` decimal(12,4) DEFAULT NULL COMMENT 'Weee Tax Row Disposition',
  `base_discount_amount` decimal(12,4) DEFAULT NULL COMMENT 'Base Discount Amount',
  `base_weee_tax_disposition` decimal(12,4) DEFAULT NULL COMMENT 'Base Weee Tax Disposition',
  `price_incl_tax` decimal(12,4) DEFAULT NULL COMMENT 'Price Incl Tax',
  `weee_tax_applied_amount` decimal(12,4) DEFAULT NULL COMMENT 'Weee Tax Applied Amount',
  `base_tax_amount` decimal(12,4) DEFAULT NULL COMMENT 'Base Tax Amount',
  `base_price_incl_tax` decimal(12,4) DEFAULT NULL COMMENT 'Base Price Incl Tax',
  `qty` decimal(12,4) DEFAULT NULL COMMENT 'Qty',
  `weee_tax_disposition` decimal(12,4) DEFAULT NULL COMMENT 'Weee Tax Disposition',
  `base_cost` decimal(12,4) DEFAULT NULL COMMENT 'Base Cost',
  `base_weee_tax_applied_row_amnt` decimal(12,4) DEFAULT NULL COMMENT 'Base Weee Tax Applied Row Amnt',
  `price` decimal(12,4) DEFAULT NULL COMMENT 'Price',
  `base_row_total_incl_tax` decimal(12,4) DEFAULT NULL COMMENT 'Base Row Total Incl Tax',
  `row_total_incl_tax` decimal(12,4) DEFAULT NULL COMMENT 'Row Total Incl Tax',
  `product_id` int(11) DEFAULT NULL COMMENT 'Product Id',
  `order_item_id` int(11) DEFAULT NULL COMMENT 'Order Item Id',
  `additional_data` text COMMENT 'Additional Data',
  `description` text COMMENT 'Description',
  `weee_tax_applied` text COMMENT 'Weee Tax Applied',
  `sku` varchar(255) DEFAULT NULL COMMENT 'Sku',
  `name` varchar(255) DEFAULT NULL COMMENT 'Name',
  `shipment_id` int(11) DEFAULT NULL,
  `hidden_tax_amount` decimal(12,4) DEFAULT NULL COMMENT 'Hidden Tax Amount',
  `base_hidden_tax_amount` decimal(12,4) DEFAULT NULL COMMENT 'Base Hidden Tax Amount',
  PRIMARY KEY (`entity_id`),
  KEY `IDX_SALES_FLAT_INVOICE_ITEM_PARENT_ID` (`parent_id`),
  CONSTRAINT `FK_SALES_FLAT_INVOICE_ITEM_PARENT_ID_SALES_FLAT_INVOICE_ENTT_ID` FOREIGN KEY (`parent_id`) REFERENCES `sales_flat_invoice` (`entity_id`) ON DELETE CASCADE ON UPDATE CASCADE
) ENGINE=InnoDB DEFAULT CHARSET=utf8 COMMENT='Sales Flat Invoice Item';

--
-- Dumping data for table `sales_flat_invoice_item`
--


--
-- Table structure for table `sales_flat_order`
--

CREATE TABLE `sales_flat_order` (
  `entity_id` int(10) unsigned NOT NULL AUTO_INCREMENT COMMENT 'Entity Id',
  `state` varchar(32) DEFAULT NULL COMMENT 'State',
  `status` varchar(32) DEFAULT NULL COMMENT 'Status',
  `coupon_code` varchar(255) DEFAULT NULL COMMENT 'Coupon Code',
  `protect_code` varchar(255) DEFAULT NULL COMMENT 'Protect Code',
  `shipping_description` varchar(255) DEFAULT NULL COMMENT 'Shipping Description',
  `is_virtual` smallint(5) unsigned DEFAULT NULL COMMENT 'Is Virtual',
  `store_id` smallint(5) unsigned DEFAULT NULL COMMENT 'Store Id',
  `customer_id` int(10) unsigned DEFAULT NULL COMMENT 'Customer Id',
  `base_discount_amount` decimal(12,4) DEFAULT NULL COMMENT 'Base Discount Amount',
  `base_discount_canceled` decimal(12,4) DEFAULT NULL COMMENT 'Base Discount Canceled',
  `base_discount_invoiced` decimal(12,4) DEFAULT NULL COMMENT 'Base Discount Invoiced',
  `base_discount_refunded` decimal(12,4) DEFAULT NULL COMMENT 'Base Discount Refunded',
  `base_grand_total` decimal(12,4) DEFAULT NULL COMMENT 'Base Grand Total',
  `base_shipping_amount` decimal(12,4) DEFAULT NULL COMMENT 'Base Shipping Amount',
  `base_shipping_canceled` decimal(12,4) DEFAULT NULL COMMENT 'Base Shipping Canceled',
  `base_shipping_invoiced` decimal(12,4) DEFAULT NULL COMMENT 'Base Shipping Invoiced',
  `base_shipping_refunded` decimal(12,4) DEFAULT NULL COMMENT 'Base Shipping Refunded',
  `base_shipping_tax_amount` decimal(12,4) DEFAULT NULL COMMENT 'Base Shipping Tax Amount',
  `base_shipping_tax_refunded` decimal(12,4) DEFAULT NULL COMMENT 'Base Shipping Tax Refunded',
  `base_subtotal` decimal(12,4) DEFAULT NULL COMMENT 'Base Subtotal',
  `base_subtotal_canceled` decimal(12,4) DEFAULT NULL COMMENT 'Base Subtotal Canceled',
  `base_subtotal_invoiced` decimal(12,4) DEFAULT NULL COMMENT 'Base Subtotal Invoiced',
  `base_subtotal_refunded` decimal(12,4) DEFAULT NULL COMMENT 'Base Subtotal Refunded',
  `base_tax_amount` decimal(12,4) DEFAULT NULL COMMENT 'Base Tax Amount',
  `base_tax_canceled` decimal(12,4) DEFAULT NULL COMMENT 'Base Tax Canceled',
  `base_tax_invoiced` decimal(12,4) DEFAULT NULL COMMENT 'Base Tax Invoiced',
  `base_tax_refunded` decimal(12,4) DEFAULT NULL COMMENT 'Base Tax Refunded',
  `base_to_global_rate` decimal(12,4) DEFAULT NULL COMMENT 'Base To Global Rate',
  `base_to_order_rate` decimal(12,4) DEFAULT NULL COMMENT 'Base To Order Rate',
  `base_total_canceled` decimal(12,4) DEFAULT NULL COMMENT 'Base Total Canceled',
  `base_total_invoiced` decimal(12,4) DEFAULT NULL COMMENT 'Base Total Invoiced',
  `base_total_invoiced_cost` decimal(12,4) DEFAULT NULL COMMENT 'Base Total Invoiced Cost',
  `base_total_offline_refunded` decimal(12,4) DEFAULT NULL COMMENT 'Base Total Offline Refunded',
  `base_total_online_refunded` decimal(12,4) DEFAULT NULL COMMENT 'Base Total Online Refunded',
  `base_total_paid` decimal(12,4) DEFAULT NULL COMMENT 'Base Total Paid',
  `base_total_qty_ordered` decimal(12,4) DEFAULT NULL COMMENT 'Base Total Qty Ordered',
  `base_total_refunded` decimal(12,4) DEFAULT NULL COMMENT 'Base Total Refunded',
  `discount_amount` decimal(12,4) DEFAULT NULL COMMENT 'Discount Amount',
  `discount_canceled` decimal(12,4) DEFAULT NULL COMMENT 'Discount Canceled',
  `discount_invoiced` decimal(12,4) DEFAULT NULL COMMENT 'Discount Invoiced',
  `discount_refunded` decimal(12,4) DEFAULT NULL COMMENT 'Discount Refunded',
  `grand_total` decimal(12,4) DEFAULT NULL COMMENT 'Grand Total',
  `shipping_amount` decimal(12,4) DEFAULT NULL COMMENT 'Shipping Amount',
  `shipping_canceled` decimal(12,4) DEFAULT NULL COMMENT 'Shipping Canceled',
  `shipping_invoiced` decimal(12,4) DEFAULT NULL COMMENT 'Shipping Invoiced',
  `shipping_refunded` decimal(12,4) DEFAULT NULL COMMENT 'Shipping Refunded',
  `shipping_tax_amount` decimal(12,4) DEFAULT NULL COMMENT 'Shipping Tax Amount',
  `shipping_tax_refunded` decimal(12,4) DEFAULT NULL COMMENT 'Shipping Tax Refunded',
  `store_to_base_rate` decimal(12,4) DEFAULT NULL COMMENT 'Store To Base Rate',
  `store_to_order_rate` decimal(12,4) DEFAULT NULL COMMENT 'Store To Order Rate',
  `subtotal` decimal(12,4) DEFAULT NULL COMMENT 'Subtotal',
  `subtotal_canceled` decimal(12,4) DEFAULT NULL COMMENT 'Subtotal Canceled',
  `subtotal_invoiced` decimal(12,4) DEFAULT NULL COMMENT 'Subtotal Invoiced',
  `subtotal_refunded` decimal(12,4) DEFAULT NULL COMMENT 'Subtotal Refunded',
  `tax_amount` decimal(12,4) DEFAULT NULL COMMENT 'Tax Amount',
  `tax_canceled` decimal(12,4) DEFAULT NULL COMMENT 'Tax Canceled',
  `tax_invoiced` decimal(12,4) DEFAULT NULL COMMENT 'Tax Invoiced',
  `tax_refunded` decimal(12,4) DEFAULT NULL COMMENT 'Tax Refunded',
  `total_canceled` decimal(12,4) DEFAULT NULL COMMENT 'Total Canceled',
  `total_invoiced` decimal(12,4) DEFAULT NULL COMMENT 'Total Invoiced',
  `total_offline_refunded` decimal(12,4) DEFAULT NULL COMMENT 'Total Offline Refunded',
  `total_online_refunded` decimal(12,4) DEFAULT NULL COMMENT 'Total Online Refunded',
  `total_paid` decimal(12,4) DEFAULT NULL COMMENT 'Total Paid',
  `total_qty_ordered` decimal(12,4) DEFAULT NULL COMMENT 'Total Qty Ordered',
  `total_refunded` decimal(12,4) DEFAULT NULL COMMENT 'Total Refunded',
  `can_ship_partially` smallint(5) unsigned DEFAULT NULL COMMENT 'Can Ship Partially',
  `can_ship_partially_item` smallint(5) unsigned DEFAULT NULL COMMENT 'Can Ship Partially Item',
  `customer_is_guest` smallint(5) unsigned DEFAULT NULL COMMENT 'Customer Is Guest',
  `customer_note_notify` smallint(5) unsigned DEFAULT NULL COMMENT 'Customer Note Notify',
  `billing_address_id` int(11) DEFAULT NULL COMMENT 'Billing Address Id',
  `customer_group_id` smallint(6) DEFAULT NULL COMMENT 'Customer Group Id',
  `edit_increment` int(11) DEFAULT NULL COMMENT 'Edit Increment',
  `email_sent` smallint(5) unsigned DEFAULT NULL COMMENT 'Email Sent',
  `forced_shipment_with_invoice` smallint(5) unsigned DEFAULT NULL COMMENT 'Forced Do Shipment With Invoice',
  `gift_message_id` int(11) DEFAULT NULL COMMENT 'Gift Message Id',
  `payment_auth_expiration` int(11) DEFAULT NULL COMMENT 'Payment Authorization Expiration',
  `paypal_ipn_customer_notified` int(11) DEFAULT NULL COMMENT 'Paypal Ipn Customer Notified',
  `quote_address_id` int(11) DEFAULT NULL COMMENT 'Quote Address Id',
  `quote_id` int(11) DEFAULT NULL COMMENT 'Quote Id',
  `shipping_address_id` int(11) DEFAULT NULL COMMENT 'Shipping Address Id',
  `adjustment_negative` decimal(12,4) DEFAULT NULL COMMENT 'Adjustment Negative',
  `adjustment_positive` decimal(12,4) DEFAULT NULL COMMENT 'Adjustment Positive',
  `base_adjustment_negative` decimal(12,4) DEFAULT NULL COMMENT 'Base Adjustment Negative',
  `base_adjustment_positive` decimal(12,4) DEFAULT NULL COMMENT 'Base Adjustment Positive',
  `base_shipping_discount_amount` decimal(12,4) DEFAULT NULL COMMENT 'Base Shipping Discount Amount',
  `base_subtotal_incl_tax` decimal(12,4) DEFAULT NULL COMMENT 'Base Subtotal Incl Tax',
  `base_total_due` decimal(12,4) DEFAULT NULL COMMENT 'Base Total Due',
  `payment_authorization_amount` decimal(12,4) DEFAULT NULL COMMENT 'Payment Authorization Amount',
  `shipping_discount_amount` decimal(12,4) DEFAULT NULL COMMENT 'Shipping Discount Amount',
  `subtotal_incl_tax` decimal(12,4) DEFAULT NULL COMMENT 'Subtotal Incl Tax',
  `total_due` decimal(12,4) DEFAULT NULL COMMENT 'Total Due',
  `weight` decimal(12,4) DEFAULT NULL COMMENT 'Weight',
  `customer_dob` datetime DEFAULT NULL COMMENT 'Customer Dob',
  `increment_id` varchar(50) DEFAULT NULL COMMENT 'Increment Id',
  `applied_rule_ids` varchar(255) DEFAULT NULL COMMENT 'Applied Rule Ids',
  `base_currency_code` varchar(3) DEFAULT NULL COMMENT 'Base Currency Code',
  `customer_email` varchar(255) DEFAULT NULL COMMENT 'Customer Email',
  `customer_firstname` varchar(255) DEFAULT NULL COMMENT 'Customer Firstname',
  `customer_lastname` varchar(255) DEFAULT NULL COMMENT 'Customer Lastname',
  `customer_middlename` varchar(255) DEFAULT NULL COMMENT 'Customer Middlename',
  `customer_prefix` varchar(255) DEFAULT NULL COMMENT 'Customer Prefix',
  `customer_suffix` varchar(255) DEFAULT NULL COMMENT 'Customer Suffix',
  `customer_taxvat` varchar(255) DEFAULT NULL COMMENT 'Customer Taxvat',
  `discount_description` varchar(255) DEFAULT NULL COMMENT 'Discount Description',
  `ext_customer_id` varchar(255) DEFAULT NULL COMMENT 'Ext Customer Id',
  `ext_order_id` varchar(255) DEFAULT NULL COMMENT 'Ext Order Id',
  `global_currency_code` varchar(3) DEFAULT NULL COMMENT 'Global Currency Code',
  `hold_before_state` varchar(255) DEFAULT NULL COMMENT 'Hold Before State',
  `hold_before_status` varchar(255) DEFAULT NULL COMMENT 'Hold Before Status',
  `order_currency_code` varchar(255) DEFAULT NULL COMMENT 'Order Currency Code',
  `original_increment_id` varchar(50) DEFAULT NULL COMMENT 'Original Increment Id',
  `relation_child_id` varchar(32) DEFAULT NULL COMMENT 'Relation Child Id',
  `relation_child_real_id` varchar(32) DEFAULT NULL COMMENT 'Relation Child Real Id',
  `relation_parent_id` varchar(32) DEFAULT NULL COMMENT 'Relation Parent Id',
  `relation_parent_real_id` varchar(32) DEFAULT NULL COMMENT 'Relation Parent Real Id',
  `remote_ip` varchar(255) DEFAULT NULL COMMENT 'Remote Ip',
  `shipping_method` varchar(255) DEFAULT NULL COMMENT 'Shipping Method',
  `store_currency_code` varchar(3) DEFAULT NULL COMMENT 'Store Currency Code',
  `store_name` varchar(255) DEFAULT NULL COMMENT 'Store Name',
  `x_forwarded_for` varchar(255) DEFAULT NULL COMMENT 'X Forwarded For',
  `customer_note` text COMMENT 'Customer Note',
  `created_at` timestamp NULL DEFAULT NULL COMMENT 'Created At',
  `updated_at` timestamp NULL DEFAULT NULL COMMENT 'Updated At',
  `total_item_count` smallint(5) unsigned NOT NULL COMMENT 'Total Item Count',
  `customer_gender` int(11) DEFAULT NULL COMMENT 'Customer Gender',
  `base_custbalance_amount` decimal(12,4) DEFAULT NULL,
  `currency_base_id` int(11) DEFAULT NULL,
  `currency_code` varchar(255) DEFAULT NULL,
  `currency_rate` decimal(12,4) DEFAULT NULL,
  `custbalance_amount` decimal(12,4) DEFAULT NULL,
  `is_hold` int(11) DEFAULT NULL,
  `is_multi_payment` int(11) DEFAULT NULL,
  `real_order_id` varchar(255) DEFAULT NULL,
  `tax_percent` decimal(12,4) DEFAULT NULL,
  `tracking_numbers` text,
  `hidden_tax_amount` decimal(12,4) DEFAULT NULL COMMENT 'Hidden Tax Amount',
  `base_hidden_tax_amount` decimal(12,4) DEFAULT NULL COMMENT 'Base Hidden Tax Amount',
  `shipping_hidden_tax_amount` decimal(12,4) DEFAULT NULL COMMENT 'Shipping Hidden Tax Amount',
  `base_shipping_hidden_tax_amnt` decimal(12,4) DEFAULT NULL COMMENT 'Base Shipping Hidden Tax Amount',
  `hidden_tax_invoiced` decimal(12,4) DEFAULT NULL COMMENT 'Hidden Tax Invoiced',
  `base_hidden_tax_invoiced` decimal(12,4) DEFAULT NULL COMMENT 'Base Hidden Tax Invoiced',
  `hidden_tax_refunded` decimal(12,4) DEFAULT NULL COMMENT 'Hidden Tax Refunded',
  `base_hidden_tax_refunded` decimal(12,4) DEFAULT NULL COMMENT 'Base Hidden Tax Refunded',
  `shipping_incl_tax` decimal(12,4) DEFAULT NULL COMMENT 'Shipping Incl Tax',
  `base_shipping_incl_tax` decimal(12,4) DEFAULT NULL COMMENT 'Base Shipping Incl Tax',
  `coupon_rule_name` varchar(255) DEFAULT NULL COMMENT 'Coupon Sales Rule Name',
  PRIMARY KEY (`entity_id`),
  UNIQUE KEY `UNQ_SALES_FLAT_ORDER_INCREMENT_ID` (`increment_id`),
  KEY `IDX_SALES_FLAT_ORDER_STATUS` (`status`),
  KEY `IDX_SALES_FLAT_ORDER_STATE` (`state`),
  KEY `IDX_SALES_FLAT_ORDER_STORE_ID` (`store_id`),
  KEY `IDX_SALES_FLAT_ORDER_CREATED_AT` (`created_at`),
  KEY `IDX_SALES_FLAT_ORDER_CUSTOMER_ID` (`customer_id`),
  KEY `IDX_SALES_FLAT_ORDER_EXT_ORDER_ID` (`ext_order_id`),
  KEY `IDX_SALES_FLAT_ORDER_QUOTE_ID` (`quote_id`),
  KEY `IDX_SALES_FLAT_ORDER_UPDATED_AT` (`updated_at`),
  CONSTRAINT `FK_SALES_FLAT_ORDER_CUSTOMER_ID_CUSTOMER_ENTITY_ENTITY_ID` FOREIGN KEY (`customer_id`) REFERENCES `customer_entity` (`entity_id`) ON DELETE SET NULL ON UPDATE CASCADE,
  CONSTRAINT `FK_SALES_FLAT_ORDER_STORE_ID_CORE_STORE_STORE_ID` FOREIGN KEY (`store_id`) REFERENCES `core_store` (`store_id`) ON DELETE SET NULL ON UPDATE CASCADE
) ENGINE=InnoDB DEFAULT CHARSET=utf8 COMMENT='Sales Flat Order';

--
-- Dumping data for table `sales_flat_order`
--


--
-- Table structure for table `sales_flat_order_address`
--

CREATE TABLE `sales_flat_order_address` (
  `entity_id` int(10) unsigned NOT NULL AUTO_INCREMENT COMMENT 'Entity Id',
  `parent_id` int(10) unsigned DEFAULT NULL COMMENT 'Parent Id',
  `customer_address_id` int(11) DEFAULT NULL COMMENT 'Customer Address Id',
  `quote_address_id` int(11) DEFAULT NULL COMMENT 'Quote Address Id',
  `region_id` int(11) DEFAULT NULL COMMENT 'Region Id',
  `customer_id` int(11) DEFAULT NULL COMMENT 'Customer Id',
  `fax` varchar(255) DEFAULT NULL COMMENT 'Fax',
  `region` varchar(255) DEFAULT NULL COMMENT 'Region',
  `postcode` varchar(255) DEFAULT NULL COMMENT 'Postcode',
  `lastname` varchar(255) DEFAULT NULL COMMENT 'Lastname',
  `street` varchar(255) DEFAULT NULL COMMENT 'Street',
  `city` varchar(255) DEFAULT NULL COMMENT 'City',
  `email` varchar(255) DEFAULT NULL COMMENT 'Email',
  `telephone` varchar(255) DEFAULT NULL COMMENT 'Telephone',
  `country_id` varchar(2) DEFAULT NULL COMMENT 'Country Id',
  `firstname` varchar(255) DEFAULT NULL COMMENT 'Firstname',
  `address_type` varchar(255) DEFAULT NULL COMMENT 'Address Type',
  `prefix` varchar(255) DEFAULT NULL COMMENT 'Prefix',
  `middlename` varchar(255) DEFAULT NULL COMMENT 'Middlename',
  `suffix` varchar(255) DEFAULT NULL COMMENT 'Suffix',
  `company` varchar(255) DEFAULT NULL COMMENT 'Company',
  `address_id` int(11) DEFAULT NULL,
  `gift_message_id` int(11) DEFAULT NULL,
  `tax_id` varchar(255) DEFAULT NULL,
  `vat_id` text COMMENT 'Vat Id',
  `vat_is_valid` smallint(6) DEFAULT NULL COMMENT 'Vat Is Valid',
  `vat_request_id` text COMMENT 'Vat Request Id',
  `vat_request_date` text COMMENT 'Vat Request Date',
  `vat_request_success` smallint(6) DEFAULT NULL COMMENT 'Vat Request Success',
  PRIMARY KEY (`entity_id`),
  KEY `IDX_SALES_FLAT_ORDER_ADDRESS_PARENT_ID` (`parent_id`),
  CONSTRAINT `FK_SALES_FLAT_ORDER_ADDRESS_PARENT_ID_SALES_FLAT_ORDER_ENTITY_ID` FOREIGN KEY (`parent_id`) REFERENCES `sales_flat_order` (`entity_id`) ON DELETE CASCADE ON UPDATE CASCADE
) ENGINE=InnoDB DEFAULT CHARSET=utf8 COMMENT='Sales Flat Order Address';

--
-- Dumping data for table `sales_flat_order_address`
--


--
-- Table structure for table `sales_flat_order_grid`
--

CREATE TABLE `sales_flat_order_grid` (
  `entity_id` int(10) unsigned NOT NULL COMMENT 'Entity Id',
  `status` varchar(32) DEFAULT NULL COMMENT 'Status',
  `store_id` smallint(5) unsigned DEFAULT NULL COMMENT 'Store Id',
  `store_name` varchar(255) DEFAULT NULL COMMENT 'Store Name',
  `customer_id` int(10) unsigned DEFAULT NULL COMMENT 'Customer Id',
  `base_grand_total` decimal(12,4) DEFAULT NULL COMMENT 'Base Grand Total',
  `base_total_paid` decimal(12,4) DEFAULT NULL COMMENT 'Base Total Paid',
  `grand_total` decimal(12,4) DEFAULT NULL COMMENT 'Grand Total',
  `total_paid` decimal(12,4) DEFAULT NULL COMMENT 'Total Paid',
  `increment_id` varchar(50) DEFAULT NULL COMMENT 'Increment Id',
  `base_currency_code` varchar(3) DEFAULT NULL COMMENT 'Base Currency Code',
  `order_currency_code` varchar(255) DEFAULT NULL COMMENT 'Order Currency Code',
  `shipping_name` varchar(255) DEFAULT NULL COMMENT 'Shipping Name',
  `billing_name` varchar(255) DEFAULT NULL COMMENT 'Billing Name',
  `created_at` timestamp NULL DEFAULT NULL COMMENT 'Created At',
  `updated_at` timestamp NULL DEFAULT NULL COMMENT 'Updated At',
  PRIMARY KEY (`entity_id`),
  UNIQUE KEY `UNQ_SALES_FLAT_ORDER_GRID_INCREMENT_ID` (`increment_id`),
  KEY `IDX_SALES_FLAT_ORDER_GRID_STATUS` (`status`),
  KEY `IDX_SALES_FLAT_ORDER_GRID_STORE_ID` (`store_id`),
  KEY `IDX_SALES_FLAT_ORDER_GRID_BASE_GRAND_TOTAL` (`base_grand_total`),
  KEY `IDX_SALES_FLAT_ORDER_GRID_BASE_TOTAL_PAID` (`base_total_paid`),
  KEY `IDX_SALES_FLAT_ORDER_GRID_GRAND_TOTAL` (`grand_total`),
  KEY `IDX_SALES_FLAT_ORDER_GRID_TOTAL_PAID` (`total_paid`),
  KEY `IDX_SALES_FLAT_ORDER_GRID_SHIPPING_NAME` (`shipping_name`),
  KEY `IDX_SALES_FLAT_ORDER_GRID_BILLING_NAME` (`billing_name`),
  KEY `IDX_SALES_FLAT_ORDER_GRID_CREATED_AT` (`created_at`),
  KEY `IDX_SALES_FLAT_ORDER_GRID_CUSTOMER_ID` (`customer_id`),
  KEY `IDX_SALES_FLAT_ORDER_GRID_UPDATED_AT` (`updated_at`),
  CONSTRAINT `FK_SALES_FLAT_ORDER_GRID_CUSTOMER_ID_CUSTOMER_ENTITY_ENTITY_ID` FOREIGN KEY (`customer_id`) REFERENCES `customer_entity` (`entity_id`) ON DELETE SET NULL ON UPDATE CASCADE,
  CONSTRAINT `FK_SALES_FLAT_ORDER_GRID_ENTITY_ID_SALES_FLAT_ORDER_ENTITY_ID` FOREIGN KEY (`entity_id`) REFERENCES `sales_flat_order` (`entity_id`) ON DELETE CASCADE ON UPDATE CASCADE,
  CONSTRAINT `FK_SALES_FLAT_ORDER_GRID_STORE_ID_CORE_STORE_STORE_ID` FOREIGN KEY (`store_id`) REFERENCES `core_store` (`store_id`) ON DELETE SET NULL ON UPDATE CASCADE
) ENGINE=InnoDB DEFAULT CHARSET=utf8 COMMENT='Sales Flat Order Grid';

--
-- Dumping data for table `sales_flat_order_grid`
--


--
-- Table structure for table `sales_flat_order_item`
--

CREATE TABLE `sales_flat_order_item` (
  `item_id` int(10) unsigned NOT NULL AUTO_INCREMENT COMMENT 'Item Id',
  `order_id` int(10) unsigned NOT NULL COMMENT 'Order Id',
  `parent_item_id` int(10) unsigned DEFAULT NULL COMMENT 'Parent Item Id',
  `quote_item_id` int(10) unsigned DEFAULT NULL COMMENT 'Quote Item Id',
  `store_id` smallint(5) unsigned DEFAULT NULL COMMENT 'Store Id',
  `created_at` timestamp NOT NULL DEFAULT CURRENT_TIMESTAMP ON UPDATE CURRENT_TIMESTAMP COMMENT 'Created At',
  `updated_at` timestamp NOT NULL DEFAULT '0000-00-00 00:00:00' COMMENT 'Updated At',
  `product_id` int(10) unsigned DEFAULT NULL COMMENT 'Product Id',
  `product_type` varchar(255) DEFAULT NULL COMMENT 'Product Type',
  `product_options` text COMMENT 'Product Options',
  `weight` decimal(12,4) DEFAULT '0.0000' COMMENT 'Weight',
  `is_virtual` smallint(5) unsigned DEFAULT NULL COMMENT 'Is Virtual',
  `sku` varchar(255) DEFAULT NULL COMMENT 'Sku',
  `name` varchar(255) DEFAULT NULL COMMENT 'Name',
  `description` text COMMENT 'Description',
  `applied_rule_ids` text COMMENT 'Applied Rule Ids',
  `additional_data` text COMMENT 'Additional Data',
  `free_shipping` smallint(5) unsigned NOT NULL COMMENT 'Free Shipping',
  `is_qty_decimal` smallint(5) unsigned DEFAULT NULL COMMENT 'Is Qty Decimal',
  `no_discount` smallint(5) unsigned NOT NULL COMMENT 'No Discount',
  `qty_backordered` decimal(12,4) DEFAULT '0.0000' COMMENT 'Qty Backordered',
  `qty_canceled` decimal(12,4) DEFAULT '0.0000' COMMENT 'Qty Canceled',
  `qty_invoiced` decimal(12,4) DEFAULT '0.0000' COMMENT 'Qty Invoiced',
  `qty_ordered` decimal(12,4) DEFAULT '0.0000' COMMENT 'Qty Ordered',
  `qty_refunded` decimal(12,4) DEFAULT '0.0000' COMMENT 'Qty Refunded',
  `qty_shipped` decimal(12,4) DEFAULT '0.0000' COMMENT 'Qty Shipped',
  `base_cost` decimal(12,4) DEFAULT '0.0000' COMMENT 'Base Cost',
  `price` decimal(12,4) NOT NULL DEFAULT '0.0000' COMMENT 'Price',
  `base_price` decimal(12,4) NOT NULL DEFAULT '0.0000' COMMENT 'Base Price',
  `original_price` decimal(12,4) DEFAULT NULL COMMENT 'Original Price',
  `base_original_price` decimal(12,4) DEFAULT NULL COMMENT 'Base Original Price',
  `tax_percent` decimal(12,4) DEFAULT '0.0000' COMMENT 'Tax Percent',
  `tax_amount` decimal(12,4) DEFAULT '0.0000' COMMENT 'Tax Amount',
  `base_tax_amount` decimal(12,4) DEFAULT '0.0000' COMMENT 'Base Tax Amount',
  `tax_invoiced` decimal(12,4) DEFAULT '0.0000' COMMENT 'Tax Invoiced',
  `base_tax_invoiced` decimal(12,4) DEFAULT '0.0000' COMMENT 'Base Tax Invoiced',
  `discount_percent` decimal(12,4) DEFAULT '0.0000' COMMENT 'Discount Percent',
  `discount_amount` decimal(12,4) DEFAULT '0.0000' COMMENT 'Discount Amount',
  `base_discount_amount` decimal(12,4) DEFAULT '0.0000' COMMENT 'Base Discount Amount',
  `discount_invoiced` decimal(12,4) DEFAULT '0.0000' COMMENT 'Discount Invoiced',
  `base_discount_invoiced` decimal(12,4) DEFAULT '0.0000' COMMENT 'Base Discount Invoiced',
  `amount_refunded` decimal(12,4) DEFAULT '0.0000' COMMENT 'Amount Refunded',
  `base_amount_refunded` decimal(12,4) DEFAULT '0.0000' COMMENT 'Base Amount Refunded',
  `row_total` decimal(12,4) NOT NULL DEFAULT '0.0000' COMMENT 'Row Total',
  `base_row_total` decimal(12,4) NOT NULL DEFAULT '0.0000' COMMENT 'Base Row Total',
  `row_invoiced` decimal(12,4) NOT NULL DEFAULT '0.0000' COMMENT 'Row Invoiced',
  `base_row_invoiced` decimal(12,4) NOT NULL DEFAULT '0.0000' COMMENT 'Base Row Invoiced',
  `row_weight` decimal(12,4) DEFAULT '0.0000' COMMENT 'Row Weight',
  `gift_message_id` int(11) DEFAULT NULL COMMENT 'Gift Message Id',
  `gift_message_available` int(11) DEFAULT NULL COMMENT 'Gift Message Available',
  `base_tax_before_discount` decimal(12,4) DEFAULT NULL COMMENT 'Base Tax Before Discount',
  `tax_before_discount` decimal(12,4) DEFAULT NULL COMMENT 'Tax Before Discount',
  `weee_tax_applied` text COMMENT 'Weee Tax Applied',
  `weee_tax_applied_amount` decimal(12,4) DEFAULT NULL COMMENT 'Weee Tax Applied Amount',
  `weee_tax_applied_row_amount` decimal(12,4) DEFAULT NULL COMMENT 'Weee Tax Applied Row Amount',
  `base_weee_tax_applied_amount` decimal(12,4) DEFAULT NULL COMMENT 'Base Weee Tax Applied Amount',
  `base_weee_tax_applied_row_amnt` decimal(12,4) DEFAULT NULL COMMENT 'Base Weee Tax Applied Row Amnt',
  `weee_tax_disposition` decimal(12,4) DEFAULT NULL COMMENT 'Weee Tax Disposition',
  `weee_tax_row_disposition` decimal(12,4) DEFAULT NULL COMMENT 'Weee Tax Row Disposition',
  `base_weee_tax_disposition` decimal(12,4) DEFAULT NULL COMMENT 'Base Weee Tax Disposition',
  `base_weee_tax_row_disposition` decimal(12,4) DEFAULT NULL COMMENT 'Base Weee Tax Row Disposition',
  `ext_order_item_id` varchar(255) DEFAULT NULL COMMENT 'Ext Order Item Id',
  `locked_do_invoice` smallint(5) unsigned DEFAULT NULL COMMENT 'Locked Do Invoice',
  `locked_do_ship` smallint(5) unsigned DEFAULT NULL COMMENT 'Locked Do Ship',
  `price_incl_tax` decimal(12,4) DEFAULT NULL COMMENT 'Price Incl Tax',
  `base_price_incl_tax` decimal(12,4) DEFAULT NULL COMMENT 'Base Price Incl Tax',
  `row_total_incl_tax` decimal(12,4) DEFAULT NULL COMMENT 'Row Total Incl Tax',
  `base_row_total_incl_tax` decimal(12,4) DEFAULT NULL COMMENT 'Base Row Total Incl Tax',
  `hidden_tax_amount` decimal(12,4) DEFAULT NULL COMMENT 'Hidden Tax Amount',
  `base_hidden_tax_amount` decimal(12,4) DEFAULT NULL COMMENT 'Base Hidden Tax Amount',
  `hidden_tax_invoiced` decimal(12,4) DEFAULT NULL COMMENT 'Hidden Tax Invoiced',
  `base_hidden_tax_invoiced` decimal(12,4) DEFAULT NULL COMMENT 'Base Hidden Tax Invoiced',
  `hidden_tax_refunded` decimal(12,4) DEFAULT NULL COMMENT 'Hidden Tax Refunded',
  `base_hidden_tax_refunded` decimal(12,4) DEFAULT NULL COMMENT 'Base Hidden Tax Refunded',
  `is_nominal` int(11) NOT NULL COMMENT 'Is Nominal',
  `tax_canceled` decimal(12,4) DEFAULT NULL COMMENT 'Tax Canceled',
  `hidden_tax_canceled` decimal(12,4) DEFAULT NULL COMMENT 'Hidden Tax Canceled',
  `tax_refunded` decimal(12,4) DEFAULT NULL COMMENT 'Tax Refunded',
  `base_tax_refunded` decimal(12,4) DEFAULT NULL COMMENT 'Base Tax Refunded',
  `discount_refunded` decimal(12,4) DEFAULT NULL COMMENT 'Discount Refunded',
  `base_discount_refunded` decimal(12,4) DEFAULT NULL COMMENT 'Base Discount Refunded',
  PRIMARY KEY (`item_id`),
  KEY `IDX_SALES_FLAT_ORDER_ITEM_ORDER_ID` (`order_id`),
  KEY `IDX_SALES_FLAT_ORDER_ITEM_STORE_ID` (`store_id`),
  CONSTRAINT `FK_SALES_FLAT_ORDER_ITEM_ORDER_ID_SALES_FLAT_ORDER_ENTITY_ID` FOREIGN KEY (`order_id`) REFERENCES `sales_flat_order` (`entity_id`) ON DELETE CASCADE ON UPDATE CASCADE,
  CONSTRAINT `FK_SALES_FLAT_ORDER_ITEM_STORE_ID_CORE_STORE_STORE_ID` FOREIGN KEY (`store_id`) REFERENCES `core_store` (`store_id`) ON DELETE SET NULL ON UPDATE CASCADE
) ENGINE=InnoDB DEFAULT CHARSET=utf8 COMMENT='Sales Flat Order Item';

--
-- Dumping data for table `sales_flat_order_item`
--


--
-- Table structure for table `sales_flat_order_payment`
--

CREATE TABLE `sales_flat_order_payment` (
  `entity_id` int(10) unsigned NOT NULL AUTO_INCREMENT COMMENT 'Entity Id',
  `parent_id` int(10) unsigned NOT NULL COMMENT 'Parent Id',
  `base_shipping_captured` decimal(12,4) DEFAULT NULL COMMENT 'Base Shipping Captured',
  `shipping_captured` decimal(12,4) DEFAULT NULL COMMENT 'Shipping Captured',
  `amount_refunded` decimal(12,4) DEFAULT NULL COMMENT 'Amount Refunded',
  `base_amount_paid` decimal(12,4) DEFAULT NULL COMMENT 'Base Amount Paid',
  `amount_canceled` decimal(12,4) DEFAULT NULL COMMENT 'Amount Canceled',
  `base_amount_authorized` decimal(12,4) DEFAULT NULL COMMENT 'Base Amount Authorized',
  `base_amount_paid_online` decimal(12,4) DEFAULT NULL COMMENT 'Base Amount Paid Online',
  `base_amount_refunded_online` decimal(12,4) DEFAULT NULL COMMENT 'Base Amount Refunded Online',
  `base_shipping_amount` decimal(12,4) DEFAULT NULL COMMENT 'Base Shipping Amount',
  `shipping_amount` decimal(12,4) DEFAULT NULL COMMENT 'Shipping Amount',
  `amount_paid` decimal(12,4) DEFAULT NULL COMMENT 'Amount Paid',
  `amount_authorized` decimal(12,4) DEFAULT NULL COMMENT 'Amount Authorized',
  `base_amount_ordered` decimal(12,4) DEFAULT NULL COMMENT 'Base Amount Ordered',
  `base_shipping_refunded` decimal(12,4) DEFAULT NULL COMMENT 'Base Shipping Refunded',
  `shipping_refunded` decimal(12,4) DEFAULT NULL COMMENT 'Shipping Refunded',
  `base_amount_refunded` decimal(12,4) DEFAULT NULL COMMENT 'Base Amount Refunded',
  `amount_ordered` decimal(12,4) DEFAULT NULL COMMENT 'Amount Ordered',
  `base_amount_canceled` decimal(12,4) DEFAULT NULL COMMENT 'Base Amount Canceled',
  `ideal_transaction_checked` tinyint(1) unsigned DEFAULT NULL,
  `quote_payment_id` int(11) DEFAULT NULL COMMENT 'Quote Payment Id',
  `additional_data` text COMMENT 'Additional Data',
  `cc_exp_month` varchar(255) DEFAULT NULL COMMENT 'Cc Exp Month',
  `cc_ss_start_year` varchar(255) DEFAULT NULL COMMENT 'Cc Ss Start Year',
  `echeck_bank_name` varchar(255) DEFAULT NULL COMMENT 'Echeck Bank Name',
  `method` varchar(255) DEFAULT NULL COMMENT 'Method',
  `cc_debug_request_body` varchar(255) DEFAULT NULL COMMENT 'Cc Debug Request Body',
  `cc_secure_verify` varchar(255) DEFAULT NULL COMMENT 'Cc Secure Verify',
  `cybersource_token` varchar(255) DEFAULT NULL,
  `ideal_issuer_title` varchar(255) DEFAULT NULL,
  `protection_eligibility` varchar(255) DEFAULT NULL COMMENT 'Protection Eligibility',
  `cc_approval` varchar(255) DEFAULT NULL COMMENT 'Cc Approval',
  `cc_last4` varchar(255) DEFAULT NULL COMMENT 'Cc Last4',
  `cc_status_description` varchar(255) DEFAULT NULL COMMENT 'Cc Status Description',
  `echeck_type` varchar(255) DEFAULT NULL COMMENT 'Echeck Type',
  `paybox_question_number` varchar(255) DEFAULT NULL,
  `cc_debug_response_serialized` varchar(255) DEFAULT NULL COMMENT 'Cc Debug Response Serialized',
  `cc_ss_start_month` varchar(255) DEFAULT NULL COMMENT 'Cc Ss Start Month',
  `echeck_account_type` varchar(255) DEFAULT NULL COMMENT 'Echeck Account Type',
  `last_trans_id` varchar(255) DEFAULT NULL COMMENT 'Last Trans Id',
  `cc_cid_status` varchar(255) DEFAULT NULL COMMENT 'Cc Cid Status',
  `cc_owner` varchar(255) DEFAULT NULL COMMENT 'Cc Owner',
  `cc_type` varchar(255) DEFAULT NULL COMMENT 'Cc Type',
  `ideal_issuer_id` varchar(255) DEFAULT NULL,
  `po_number` varchar(255) DEFAULT NULL COMMENT 'Po Number',
  `cc_exp_year` varchar(255) DEFAULT NULL COMMENT 'Cc Exp Year',
  `cc_status` varchar(255) DEFAULT NULL COMMENT 'Cc Status',
  `echeck_routing_number` varchar(255) DEFAULT NULL COMMENT 'Echeck Routing Number',
  `account_status` varchar(255) DEFAULT NULL COMMENT 'Account Status',
  `anet_trans_method` varchar(255) DEFAULT NULL COMMENT 'Anet Trans Method',
  `cc_debug_response_body` varchar(255) DEFAULT NULL COMMENT 'Cc Debug Response Body',
  `cc_ss_issue` varchar(255) DEFAULT NULL COMMENT 'Cc Ss Issue',
  `echeck_account_name` varchar(255) DEFAULT NULL COMMENT 'Echeck Account Name',
  `cc_avs_status` varchar(255) DEFAULT NULL COMMENT 'Cc Avs Status',
  `cc_number_enc` varchar(255) DEFAULT NULL COMMENT 'Cc Number Enc',
  `cc_trans_id` varchar(255) DEFAULT NULL COMMENT 'Cc Trans Id',
  `flo2cash_account_id` varchar(255) DEFAULT NULL,
  `paybox_request_number` varchar(255) DEFAULT NULL COMMENT 'Paybox Request Number',
  `address_status` varchar(255) DEFAULT NULL COMMENT 'Address Status',
  `additional_information` text COMMENT 'Additional Information',
  `amount` decimal(12,4) DEFAULT NULL,
  `cc_raw_request` text,
  `cc_raw_response` text,
  `customer_payment_id` int(11) DEFAULT NULL,
  PRIMARY KEY (`entity_id`),
  KEY `IDX_SALES_FLAT_ORDER_PAYMENT_PARENT_ID` (`parent_id`),
  CONSTRAINT `FK_SALES_FLAT_ORDER_PAYMENT_PARENT_ID_SALES_FLAT_ORDER_ENTITY_ID` FOREIGN KEY (`parent_id`) REFERENCES `sales_flat_order` (`entity_id`) ON DELETE CASCADE ON UPDATE CASCADE
) ENGINE=InnoDB DEFAULT CHARSET=utf8 COMMENT='Sales Flat Order Payment';

--
-- Dumping data for table `sales_flat_order_payment`
--


--
-- Table structure for table `sales_flat_order_status_history`
--

CREATE TABLE `sales_flat_order_status_history` (
  `entity_id` int(10) unsigned NOT NULL AUTO_INCREMENT COMMENT 'Entity Id',
  `parent_id` int(10) unsigned NOT NULL COMMENT 'Parent Id',
  `is_customer_notified` int(11) DEFAULT NULL COMMENT 'Is Customer Notified',
  `is_visible_on_front` smallint(5) unsigned NOT NULL COMMENT 'Is Visible On Front',
  `comment` text COMMENT 'Comment',
  `status` varchar(32) DEFAULT NULL COMMENT 'Status',
  `created_at` timestamp NULL DEFAULT NULL COMMENT 'Created At',
  `entity_name` varchar(32) DEFAULT NULL COMMENT 'Shows what entity history is bind to.',
  PRIMARY KEY (`entity_id`),
  KEY `IDX_SALES_FLAT_ORDER_STATUS_HISTORY_PARENT_ID` (`parent_id`),
  KEY `IDX_SALES_FLAT_ORDER_STATUS_HISTORY_CREATED_AT` (`created_at`),
  CONSTRAINT `FK_CE7C71E74CB74DDACED337CEE6753D5E` FOREIGN KEY (`parent_id`) REFERENCES `sales_flat_order` (`entity_id`) ON DELETE CASCADE ON UPDATE CASCADE
) ENGINE=InnoDB DEFAULT CHARSET=utf8 COMMENT='Sales Flat Order Status History';

--
-- Dumping data for table `sales_flat_order_status_history`
--


--
-- Table structure for table `sales_flat_quote_address`
--

CREATE TABLE `sales_flat_quote_address` (
  `address_id` int(10) unsigned NOT NULL AUTO_INCREMENT COMMENT 'Address Id',
  `quote_id` int(10) unsigned NOT NULL COMMENT 'Quote Id',
  `created_at` timestamp NOT NULL DEFAULT CURRENT_TIMESTAMP ON UPDATE CURRENT_TIMESTAMP COMMENT 'Created At',
  `updated_at` timestamp NOT NULL DEFAULT '0000-00-00 00:00:00' COMMENT 'Updated At',
  `customer_id` int(10) unsigned DEFAULT NULL COMMENT 'Customer Id',
  `save_in_address_book` smallint(6) DEFAULT '0' COMMENT 'Save In Address Book',
  `customer_address_id` int(10) unsigned DEFAULT NULL COMMENT 'Customer Address Id',
  `address_type` varchar(255) DEFAULT NULL COMMENT 'Address Type',
  `email` varchar(255) DEFAULT NULL COMMENT 'Email',
  `prefix` varchar(40) DEFAULT NULL COMMENT 'Prefix',
  `firstname` varchar(255) DEFAULT NULL COMMENT 'Firstname',
  `middlename` varchar(40) DEFAULT NULL COMMENT 'Middlename',
  `lastname` varchar(255) DEFAULT NULL COMMENT 'Lastname',
  `suffix` varchar(40) DEFAULT NULL COMMENT 'Suffix',
  `company` varchar(255) DEFAULT NULL COMMENT 'Company',
  `street` varchar(255) DEFAULT NULL COMMENT 'Street',
  `city` varchar(255) DEFAULT NULL COMMENT 'City',
  `region` varchar(255) DEFAULT NULL COMMENT 'Region',
  `region_id` int(10) unsigned DEFAULT NULL COMMENT 'Region Id',
  `postcode` varchar(255) DEFAULT NULL COMMENT 'Postcode',
  `country_id` varchar(255) DEFAULT NULL COMMENT 'Country Id',
  `telephone` varchar(255) DEFAULT NULL COMMENT 'Telephone',
  `fax` varchar(255) DEFAULT NULL COMMENT 'Fax',
  `same_as_billing` smallint(5) unsigned NOT NULL COMMENT 'Same As Billing',
  `free_shipping` smallint(5) unsigned NOT NULL COMMENT 'Free Shipping',
  `collect_shipping_rates` smallint(5) unsigned NOT NULL COMMENT 'Collect Shipping Rates',
  `shipping_method` varchar(255) DEFAULT NULL COMMENT 'Shipping Method',
  `shipping_description` varchar(255) DEFAULT NULL COMMENT 'Shipping Description',
  `weight` decimal(12,4) NOT NULL DEFAULT '0.0000' COMMENT 'Weight',
  `subtotal` decimal(12,4) NOT NULL DEFAULT '0.0000' COMMENT 'Subtotal',
  `base_subtotal` decimal(12,4) NOT NULL DEFAULT '0.0000' COMMENT 'Base Subtotal',
  `subtotal_with_discount` decimal(12,4) NOT NULL DEFAULT '0.0000' COMMENT 'Subtotal With Discount',
  `base_subtotal_with_discount` decimal(12,4) NOT NULL DEFAULT '0.0000' COMMENT 'Base Subtotal With Discount',
  `tax_amount` decimal(12,4) NOT NULL DEFAULT '0.0000' COMMENT 'Tax Amount',
  `base_tax_amount` decimal(12,4) NOT NULL DEFAULT '0.0000' COMMENT 'Base Tax Amount',
  `shipping_amount` decimal(12,4) NOT NULL DEFAULT '0.0000' COMMENT 'Shipping Amount',
  `base_shipping_amount` decimal(12,4) NOT NULL DEFAULT '0.0000' COMMENT 'Base Shipping Amount',
  `shipping_tax_amount` decimal(12,4) DEFAULT NULL COMMENT 'Shipping Tax Amount',
  `base_shipping_tax_amount` decimal(12,4) DEFAULT NULL COMMENT 'Base Shipping Tax Amount',
  `discount_amount` decimal(12,4) NOT NULL DEFAULT '0.0000' COMMENT 'Discount Amount',
  `base_discount_amount` decimal(12,4) NOT NULL DEFAULT '0.0000' COMMENT 'Base Discount Amount',
  `grand_total` decimal(12,4) NOT NULL DEFAULT '0.0000' COMMENT 'Grand Total',
  `base_grand_total` decimal(12,4) NOT NULL DEFAULT '0.0000' COMMENT 'Base Grand Total',
  `customer_notes` text COMMENT 'Customer Notes',
  `applied_taxes` text COMMENT 'Applied Taxes',
  `gift_message_id` int(11) DEFAULT NULL COMMENT 'Gift Message Id',
  `shipping_discount_amount` decimal(12,4) DEFAULT NULL COMMENT 'Shipping Discount Amount',
  `base_shipping_discount_amount` decimal(12,4) DEFAULT NULL COMMENT 'Base Shipping Discount Amount',
  `subtotal_incl_tax` decimal(12,4) DEFAULT NULL COMMENT 'Subtotal Incl Tax',
  `base_subtotal_total_incl_tax` decimal(12,4) DEFAULT NULL COMMENT 'Base Subtotal Total Incl Tax',
  `discount_description` varchar(255) DEFAULT NULL COMMENT 'Discount Description',
  `hidden_tax_amount` decimal(12,4) DEFAULT NULL COMMENT 'Hidden Tax Amount',
  `base_hidden_tax_amount` decimal(12,4) DEFAULT NULL COMMENT 'Base Hidden Tax Amount',
  `shipping_hidden_tax_amount` decimal(12,4) DEFAULT NULL COMMENT 'Shipping Hidden Tax Amount',
  `base_shipping_hidden_tax_amnt` decimal(12,4) DEFAULT NULL COMMENT 'Base Shipping Hidden Tax Amount',
  `shipping_incl_tax` decimal(12,4) DEFAULT NULL COMMENT 'Shipping Incl Tax',
  `base_shipping_incl_tax` decimal(12,4) DEFAULT NULL COMMENT 'Base Shipping Incl Tax',
  `vat_id` text COMMENT 'Vat Id',
  `vat_is_valid` smallint(6) DEFAULT NULL COMMENT 'Vat Is Valid',
  `vat_request_id` text COMMENT 'Vat Request Id',
  `vat_request_date` text COMMENT 'Vat Request Date',
  `vat_request_success` smallint(6) DEFAULT NULL COMMENT 'Vat Request Success',
  PRIMARY KEY (`address_id`),
  KEY `IDX_SALES_FLAT_QUOTE_ADDRESS_QUOTE_ID` (`quote_id`),
  CONSTRAINT `FK_SALES_FLAT_QUOTE_ADDRESS_QUOTE_ID_SALES_FLAT_QUOTE_ENTITY_ID` FOREIGN KEY (`quote_id`) REFERENCES `sales_flat_quote` (`entity_id`) ON DELETE CASCADE ON UPDATE CASCADE
) ENGINE=InnoDB AUTO_INCREMENT=5 DEFAULT CHARSET=utf8 COMMENT='Sales Flat Quote Address';

--
-- Dumping data for table `sales_flat_quote_address`
--

INSERT INTO `sales_flat_quote_address` VALUES (1,1,'2014-01-31 17:12:26','2014-01-31 22:12:32',NULL,0,NULL,'billing',NULL,NULL,NULL,NULL,NULL,NULL,NULL,NULL,NULL,NULL,NULL,NULL,NULL,NULL,NULL,0,0,0,NULL,NULL,0.0000,0.0000,0.0000,0.0000,0.0000,0.0000,0.0000,0.0000,0.0000,0.0000,0.0000,0.0000,0.0000,0.0000,0.0000,NULL,'a:0:{}',NULL,NULL,NULL,0.0000,NULL,NULL,NULL,NULL,NULL,NULL,0.0000,0.0000,NULL,NULL,NULL,NULL,NULL),(2,1,'2014-01-31 17:12:26','2014-01-31 22:12:32',NULL,0,NULL,'shipping',NULL,NULL,NULL,NULL,NULL,NULL,NULL,NULL,NULL,NULL,NULL,NULL,NULL,NULL,NULL,1,0,0,NULL,NULL,5.0000,205.0000,205.0000,0.0000,0.0000,0.0000,0.0000,0.0000,0.0000,0.0000,0.0000,0.0000,0.0000,205.0000,205.0000,NULL,'a:0:{}',NULL,0.0000,0.0000,205.0000,NULL,NULL,0.0000,0.0000,0.0000,NULL,0.0000,0.0000,NULL,NULL,NULL,NULL,NULL),(3,2,'2014-02-20 03:38:52','2014-02-20 08:39:18',NULL,0,NULL,'billing',NULL,NULL,NULL,NULL,NULL,NULL,NULL,NULL,NULL,NULL,NULL,NULL,NULL,NULL,NULL,0,0,0,NULL,NULL,0.0000,0.0000,0.0000,0.0000,0.0000,0.0000,0.0000,0.0000,0.0000,0.0000,0.0000,0.0000,0.0000,0.0000,0.0000,NULL,'a:0:{}',NULL,NULL,NULL,0.0000,NULL,NULL,NULL,NULL,NULL,NULL,0.0000,0.0000,NULL,NULL,NULL,NULL,NULL),(4,2,'2014-02-20 03:38:52','2014-02-20 08:39:18',NULL,0,NULL,'shipping',NULL,NULL,NULL,NULL,NULL,NULL,NULL,NULL,NULL,NULL,NULL,NULL,NULL,NULL,NULL,1,0,0,NULL,NULL,5.0000,205.0000,205.0000,0.0000,0.0000,0.0000,0.0000,0.0000,0.0000,0.0000,0.0000,0.0000,0.0000,205.0000,205.0000,NULL,'a:0:{}',NULL,0.0000,0.0000,205.0000,NULL,NULL,0.0000,0.0000,0.0000,NULL,0.0000,0.0000,NULL,NULL,NULL,NULL,NULL);

--
-- Table structure for table `sales_flat_quote_address_item`
--

CREATE TABLE `sales_flat_quote_address_item` (
  `address_item_id` int(10) unsigned NOT NULL AUTO_INCREMENT COMMENT 'Address Item Id',
  `parent_item_id` int(10) unsigned DEFAULT NULL COMMENT 'Parent Item Id',
  `quote_address_id` int(10) unsigned NOT NULL COMMENT 'Quote Address Id',
  `quote_item_id` int(10) unsigned NOT NULL COMMENT 'Quote Item Id',
  `created_at` timestamp NOT NULL DEFAULT CURRENT_TIMESTAMP ON UPDATE CURRENT_TIMESTAMP COMMENT 'Created At',
  `updated_at` timestamp NOT NULL DEFAULT '0000-00-00 00:00:00' COMMENT 'Updated At',
  `applied_rule_ids` text COMMENT 'Applied Rule Ids',
  `additional_data` text COMMENT 'Additional Data',
  `weight` decimal(12,4) DEFAULT '0.0000' COMMENT 'Weight',
  `qty` decimal(12,4) NOT NULL DEFAULT '0.0000' COMMENT 'Qty',
  `discount_amount` decimal(12,4) DEFAULT '0.0000' COMMENT 'Discount Amount',
  `tax_amount` decimal(12,4) DEFAULT '0.0000' COMMENT 'Tax Amount',
  `row_total` decimal(12,4) NOT NULL DEFAULT '0.0000' COMMENT 'Row Total',
  `base_row_total` decimal(12,4) NOT NULL DEFAULT '0.0000' COMMENT 'Base Row Total',
  `row_total_with_discount` decimal(12,4) DEFAULT '0.0000' COMMENT 'Row Total With Discount',
  `base_discount_amount` decimal(12,4) DEFAULT '0.0000' COMMENT 'Base Discount Amount',
  `base_tax_amount` decimal(12,4) DEFAULT '0.0000' COMMENT 'Base Tax Amount',
  `row_weight` decimal(12,4) DEFAULT '0.0000' COMMENT 'Row Weight',
  `gift_message_id` int(11) DEFAULT NULL COMMENT 'Gift Message Id',
  `base_cost` decimal(12,4) DEFAULT NULL COMMENT 'Base Cost',
  `product_id` int(10) unsigned DEFAULT NULL COMMENT 'Product Id',
  `super_product_id` int(10) unsigned DEFAULT NULL COMMENT 'Super Product Id',
  `parent_product_id` int(10) unsigned DEFAULT NULL COMMENT 'Parent Product Id',
  `sku` varchar(255) DEFAULT NULL COMMENT 'Sku',
  `image` varchar(255) DEFAULT NULL COMMENT 'Image',
  `name` varchar(255) DEFAULT NULL COMMENT 'Name',
  `description` text COMMENT 'Description',
  `free_shipping` int(10) unsigned DEFAULT NULL COMMENT 'Free Shipping',
  `is_qty_decimal` int(10) unsigned DEFAULT NULL COMMENT 'Is Qty Decimal',
  `price` decimal(12,4) DEFAULT NULL COMMENT 'Price',
  `discount_percent` decimal(12,4) DEFAULT NULL COMMENT 'Discount Percent',
  `no_discount` int(10) unsigned DEFAULT NULL COMMENT 'No Discount',
  `tax_percent` decimal(12,4) DEFAULT NULL COMMENT 'Tax Percent',
  `base_price` decimal(12,4) DEFAULT NULL COMMENT 'Base Price',
  `price_incl_tax` decimal(12,4) DEFAULT NULL COMMENT 'Price Incl Tax',
  `base_price_incl_tax` decimal(12,4) DEFAULT NULL COMMENT 'Base Price Incl Tax',
  `row_total_incl_tax` decimal(12,4) DEFAULT NULL COMMENT 'Row Total Incl Tax',
  `base_row_total_incl_tax` decimal(12,4) DEFAULT NULL COMMENT 'Base Row Total Incl Tax',
  `hidden_tax_amount` decimal(12,4) DEFAULT NULL COMMENT 'Hidden Tax Amount',
  `base_hidden_tax_amount` decimal(12,4) DEFAULT NULL COMMENT 'Base Hidden Tax Amount',
  PRIMARY KEY (`address_item_id`),
  KEY `IDX_SALES_FLAT_QUOTE_ADDRESS_ITEM_QUOTE_ADDRESS_ID` (`quote_address_id`),
  KEY `IDX_SALES_FLAT_QUOTE_ADDRESS_ITEM_PARENT_ITEM_ID` (`parent_item_id`),
  KEY `IDX_SALES_FLAT_QUOTE_ADDRESS_ITEM_QUOTE_ITEM_ID` (`quote_item_id`),
  CONSTRAINT `FK_2EF8E28181D666D94D4E30DC2B0F80BF` FOREIGN KEY (`quote_item_id`) REFERENCES `sales_flat_quote_item` (`item_id`) ON DELETE CASCADE ON UPDATE CASCADE,
  CONSTRAINT `FK_A345FC758F20C314169CE27DCE53477F` FOREIGN KEY (`parent_item_id`) REFERENCES `sales_flat_quote_address_item` (`address_item_id`) ON DELETE CASCADE ON UPDATE CASCADE,
  CONSTRAINT `FK_B521389746C00700D1B2B76EBBE53854` FOREIGN KEY (`quote_address_id`) REFERENCES `sales_flat_quote_address` (`address_id`) ON DELETE CASCADE ON UPDATE CASCADE
) ENGINE=InnoDB DEFAULT CHARSET=utf8 COMMENT='Sales Flat Quote Address Item';

--
-- Dumping data for table `sales_flat_quote_address_item`
--


--
-- Table structure for table `sales_flat_quote_item`
--

CREATE TABLE `sales_flat_quote_item` (
  `item_id` int(10) unsigned NOT NULL AUTO_INCREMENT COMMENT 'Item Id',
  `quote_id` int(10) unsigned NOT NULL COMMENT 'Quote Id',
  `created_at` timestamp NOT NULL DEFAULT CURRENT_TIMESTAMP ON UPDATE CURRENT_TIMESTAMP COMMENT 'Created At',
  `updated_at` timestamp NOT NULL DEFAULT '0000-00-00 00:00:00' COMMENT 'Updated At',
  `product_id` int(10) unsigned DEFAULT NULL COMMENT 'Product Id',
  `store_id` smallint(5) unsigned DEFAULT NULL COMMENT 'Store Id',
  `parent_item_id` int(10) unsigned DEFAULT NULL COMMENT 'Parent Item Id',
  `is_virtual` smallint(5) unsigned DEFAULT NULL COMMENT 'Is Virtual',
  `sku` varchar(255) DEFAULT NULL COMMENT 'Sku',
  `name` varchar(255) DEFAULT NULL COMMENT 'Name',
  `description` text COMMENT 'Description',
  `applied_rule_ids` text COMMENT 'Applied Rule Ids',
  `additional_data` text COMMENT 'Additional Data',
  `free_shipping` smallint(5) unsigned NOT NULL COMMENT 'Free Shipping',
  `is_qty_decimal` smallint(5) unsigned DEFAULT NULL COMMENT 'Is Qty Decimal',
  `no_discount` smallint(5) unsigned DEFAULT '0' COMMENT 'No Discount',
  `weight` decimal(12,4) DEFAULT '0.0000' COMMENT 'Weight',
  `qty` decimal(12,4) NOT NULL DEFAULT '0.0000' COMMENT 'Qty',
  `price` decimal(12,4) NOT NULL DEFAULT '0.0000' COMMENT 'Price',
  `base_price` decimal(12,4) NOT NULL DEFAULT '0.0000' COMMENT 'Base Price',
  `custom_price` decimal(12,4) DEFAULT NULL COMMENT 'Custom Price',
  `discount_percent` decimal(12,4) DEFAULT '0.0000' COMMENT 'Discount Percent',
  `discount_amount` decimal(12,4) DEFAULT '0.0000' COMMENT 'Discount Amount',
  `base_discount_amount` decimal(12,4) DEFAULT '0.0000' COMMENT 'Base Discount Amount',
  `tax_percent` decimal(12,4) DEFAULT '0.0000' COMMENT 'Tax Percent',
  `tax_amount` decimal(12,4) DEFAULT '0.0000' COMMENT 'Tax Amount',
  `base_tax_amount` decimal(12,4) DEFAULT '0.0000' COMMENT 'Base Tax Amount',
  `row_total` decimal(12,4) NOT NULL DEFAULT '0.0000' COMMENT 'Row Total',
  `base_row_total` decimal(12,4) NOT NULL DEFAULT '0.0000' COMMENT 'Base Row Total',
  `row_total_with_discount` decimal(12,4) DEFAULT '0.0000' COMMENT 'Row Total With Discount',
  `row_weight` decimal(12,4) DEFAULT '0.0000' COMMENT 'Row Weight',
  `product_type` varchar(255) DEFAULT NULL COMMENT 'Product Type',
  `base_tax_before_discount` decimal(12,4) DEFAULT NULL COMMENT 'Base Tax Before Discount',
  `tax_before_discount` decimal(12,4) DEFAULT NULL COMMENT 'Tax Before Discount',
  `original_custom_price` decimal(12,4) DEFAULT NULL COMMENT 'Original Custom Price',
  `gift_message_id` int(11) DEFAULT NULL COMMENT 'Gift Message Id',
  `weee_tax_applied` text COMMENT 'Weee Tax Applied',
  `weee_tax_applied_amount` decimal(12,4) DEFAULT NULL COMMENT 'Weee Tax Applied Amount',
  `weee_tax_applied_row_amount` decimal(12,4) DEFAULT NULL COMMENT 'Weee Tax Applied Row Amount',
  `base_weee_tax_applied_amount` decimal(12,4) DEFAULT NULL COMMENT 'Base Weee Tax Applied Amount',
  `base_weee_tax_applied_row_amnt` decimal(12,4) DEFAULT NULL COMMENT 'Base Weee Tax Applied Row Amnt',
  `weee_tax_disposition` decimal(12,4) DEFAULT NULL COMMENT 'Weee Tax Disposition',
  `weee_tax_row_disposition` decimal(12,4) DEFAULT NULL COMMENT 'Weee Tax Row Disposition',
  `base_weee_tax_disposition` decimal(12,4) DEFAULT NULL COMMENT 'Base Weee Tax Disposition',
  `base_weee_tax_row_disposition` decimal(12,4) DEFAULT NULL COMMENT 'Base Weee Tax Row Disposition',
  `redirect_url` varchar(255) DEFAULT NULL COMMENT 'Redirect Url',
  `base_cost` decimal(12,4) DEFAULT NULL COMMENT 'Base Cost',
  `price_incl_tax` decimal(12,4) DEFAULT NULL COMMENT 'Price Incl Tax',
  `base_price_incl_tax` decimal(12,4) DEFAULT NULL COMMENT 'Base Price Incl Tax',
  `row_total_incl_tax` decimal(12,4) DEFAULT NULL COMMENT 'Row Total Incl Tax',
  `base_row_total_incl_tax` decimal(12,4) DEFAULT NULL COMMENT 'Base Row Total Incl Tax',
  `hidden_tax_amount` decimal(12,4) DEFAULT NULL COMMENT 'Hidden Tax Amount',
  `base_hidden_tax_amount` decimal(12,4) DEFAULT NULL COMMENT 'Base Hidden Tax Amount',
  PRIMARY KEY (`item_id`),
  KEY `IDX_SALES_FLAT_QUOTE_ITEM_PARENT_ITEM_ID` (`parent_item_id`),
  KEY `IDX_SALES_FLAT_QUOTE_ITEM_PRODUCT_ID` (`product_id`),
  KEY `IDX_SALES_FLAT_QUOTE_ITEM_QUOTE_ID` (`quote_id`),
  KEY `IDX_SALES_FLAT_QUOTE_ITEM_STORE_ID` (`store_id`),
  CONSTRAINT `FK_B201DEB5DE51B791AF5C5BF87053C5A7` FOREIGN KEY (`parent_item_id`) REFERENCES `sales_flat_quote_item` (`item_id`) ON DELETE CASCADE ON UPDATE CASCADE,
  CONSTRAINT `FK_SALES_FLAT_QUOTE_ITEM_PRD_ID_CAT_PRD_ENTT_ENTT_ID` FOREIGN KEY (`product_id`) REFERENCES `catalog_product_entity` (`entity_id`) ON DELETE CASCADE ON UPDATE CASCADE,
  CONSTRAINT `FK_SALES_FLAT_QUOTE_ITEM_QUOTE_ID_SALES_FLAT_QUOTE_ENTITY_ID` FOREIGN KEY (`quote_id`) REFERENCES `sales_flat_quote` (`entity_id`) ON DELETE CASCADE ON UPDATE CASCADE,
  CONSTRAINT `FK_SALES_FLAT_QUOTE_ITEM_STORE_ID_CORE_STORE_STORE_ID` FOREIGN KEY (`store_id`) REFERENCES `core_store` (`store_id`) ON DELETE SET NULL ON UPDATE CASCADE
) ENGINE=InnoDB AUTO_INCREMENT=3 DEFAULT CHARSET=utf8 COMMENT='Sales Flat Quote Item';

--
-- Dumping data for table `sales_flat_quote_item`
--

INSERT INTO `sales_flat_quote_item` VALUES (1,1,'2014-01-31 22:12:25','2014-01-31 22:12:25',167,1,NULL,0,'JD1','Heys Expandable Spinning 4 Wheel 3 Piece Polycarbonate Luggage Set',NULL,NULL,NULL,0,0,0,5.0000,1.0000,205.0000,205.0000,NULL,0.0000,0.0000,0.0000,0.0000,0.0000,0.0000,205.0000,205.0000,0.0000,5.0000,'simple',NULL,NULL,NULL,NULL,'a:0:{}',0.0000,0.0000,0.0000,NULL,0.0000,0.0000,0.0000,0.0000,NULL,NULL,205.0000,205.0000,205.0000,205.0000,0.0000,0.0000),(2,2,'2014-02-20 08:38:51','2014-02-20 08:38:51',167,1,NULL,0,'JD1','Heys Expandable Spinning 4 Wheel 3 Piece Polycarbonate Luggage Set',NULL,NULL,NULL,0,0,0,5.0000,1.0000,205.0000,205.0000,NULL,0.0000,0.0000,0.0000,0.0000,0.0000,0.0000,205.0000,205.0000,0.0000,5.0000,'simple',NULL,NULL,NULL,NULL,'a:0:{}',0.0000,0.0000,0.0000,NULL,0.0000,0.0000,0.0000,0.0000,NULL,NULL,205.0000,205.0000,205.0000,205.0000,0.0000,0.0000);

--
-- Table structure for table `sales_flat_quote_item_option`
--

CREATE TABLE `sales_flat_quote_item_option` (
  `option_id` int(10) unsigned NOT NULL AUTO_INCREMENT COMMENT 'Option Id',
  `item_id` int(10) unsigned NOT NULL COMMENT 'Item Id',
  `product_id` int(10) unsigned NOT NULL COMMENT 'Product Id',
  `code` varchar(255) NOT NULL COMMENT 'Code',
  `value` text COMMENT 'Value',
  PRIMARY KEY (`option_id`),
  KEY `IDX_SALES_FLAT_QUOTE_ITEM_OPTION_ITEM_ID` (`item_id`),
  CONSTRAINT `FK_5F20E478CA64B6891EA8A9D6C2735739` FOREIGN KEY (`item_id`) REFERENCES `sales_flat_quote_item` (`item_id`) ON DELETE CASCADE ON UPDATE CASCADE
) ENGINE=InnoDB AUTO_INCREMENT=3 DEFAULT CHARSET=utf8 COMMENT='Sales Flat Quote Item Option';

--
-- Dumping data for table `sales_flat_quote_item_option`
--

INSERT INTO `sales_flat_quote_item_option` VALUES (1,1,167,'info_buyRequest','a:5:{s:4:\"uenc\";s:160:\"aHR0cDovL2pkc2x1Z2dhZ2UuY29tL2luZGV4LnBocC9sdWdnYWdlL2hleXMtZXhwYW5kYWJsZS1zcGlubmluZy00LXdoZWVsLTMtcGllY2UtcG9seWNhcmJvbmF0ZS1sdWdnYWdlLXNldC5odG1sP19fX1NJRD1V\";s:7:\"product\";s:3:\"167\";s:8:\"form_key\";s:16:\"fPT9bxGS3qBWVchc\";s:15:\"related_product\";s:0:\"\";s:3:\"qty\";s:1:\"0\";}'),(2,2,167,'info_buyRequest','a:5:{s:4:\"uenc\";s:160:\"aHR0cDovL2pkc2x1Z2dhZ2UuY29tL2luZGV4LnBocC9sdWdnYWdlL2hleXMtZXhwYW5kYWJsZS1zcGlubmluZy00LXdoZWVsLTMtcGllY2UtcG9seWNhcmJvbmF0ZS1sdWdnYWdlLXNldC5odG1sP19fX1NJRD1V\";s:7:\"product\";s:3:\"167\";s:8:\"form_key\";s:16:\"2E7jdCWNOBAVeCdx\";s:15:\"related_product\";s:0:\"\";s:3:\"qty\";s:1:\"0\";}');

--
-- Table structure for table `sales_flat_quote_shipping_rate`
--

CREATE TABLE `sales_flat_quote_shipping_rate` (
  `rate_id` int(10) unsigned NOT NULL AUTO_INCREMENT COMMENT 'Rate Id',
  `address_id` int(10) unsigned NOT NULL COMMENT 'Address Id',
  `created_at` timestamp NOT NULL DEFAULT CURRENT_TIMESTAMP ON UPDATE CURRENT_TIMESTAMP COMMENT 'Created At',
  `updated_at` timestamp NOT NULL DEFAULT '0000-00-00 00:00:00' COMMENT 'Updated At',
  `carrier` varchar(255) DEFAULT NULL COMMENT 'Carrier',
  `carrier_title` varchar(255) DEFAULT NULL COMMENT 'Carrier Title',
  `code` varchar(255) DEFAULT NULL COMMENT 'Code',
  `method` varchar(255) DEFAULT NULL COMMENT 'Method',
  `method_description` text COMMENT 'Method Description',
  `price` decimal(12,4) NOT NULL DEFAULT '0.0000' COMMENT 'Price',
  `method_title` text COMMENT 'Method Title',
  `error_message` text COMMENT 'Error Message',
  PRIMARY KEY (`rate_id`),
  KEY `IDX_SALES_FLAT_QUOTE_SHIPPING_RATE_ADDRESS_ID` (`address_id`),
  CONSTRAINT `FK_B1F177EFB73D3EDF5322BA64AC48D150` FOREIGN KEY (`address_id`) REFERENCES `sales_flat_quote_address` (`address_id`) ON DELETE CASCADE ON UPDATE CASCADE
) ENGINE=InnoDB DEFAULT CHARSET=utf8 COMMENT='Sales Flat Quote Shipping Rate';

--
-- Dumping data for table `sales_flat_quote_shipping_rate`
--


--
-- Table structure for table `sales_flat_shipment`
--

CREATE TABLE `sales_flat_shipment` (
  `entity_id` int(10) unsigned NOT NULL AUTO_INCREMENT COMMENT 'Entity Id',
  `store_id` smallint(5) unsigned DEFAULT NULL COMMENT 'Store Id',
  `total_weight` decimal(12,4) DEFAULT NULL COMMENT 'Total Weight',
  `total_qty` decimal(12,4) DEFAULT NULL COMMENT 'Total Qty',
  `email_sent` smallint(5) unsigned DEFAULT NULL COMMENT 'Email Sent',
  `order_id` int(10) unsigned NOT NULL COMMENT 'Order Id',
  `customer_id` int(11) DEFAULT NULL COMMENT 'Customer Id',
  `shipping_address_id` int(11) DEFAULT NULL COMMENT 'Shipping Address Id',
  `billing_address_id` int(11) DEFAULT NULL COMMENT 'Billing Address Id',
  `shipment_status` int(11) DEFAULT NULL COMMENT 'Shipment Status',
  `increment_id` varchar(50) DEFAULT NULL COMMENT 'Increment Id',
  `created_at` timestamp NULL DEFAULT NULL COMMENT 'Created At',
  `updated_at` timestamp NULL DEFAULT NULL COMMENT 'Updated At',
  `packages` text COMMENT 'Packed Products in Packages',
  `shipping_label` mediumblob COMMENT 'Shipping Label Content',
  PRIMARY KEY (`entity_id`),
  UNIQUE KEY `UNQ_SALES_FLAT_SHIPMENT_INCREMENT_ID` (`increment_id`),
  KEY `IDX_SALES_FLAT_SHIPMENT_STORE_ID` (`store_id`),
  KEY `IDX_SALES_FLAT_SHIPMENT_TOTAL_QTY` (`total_qty`),
  KEY `IDX_SALES_FLAT_SHIPMENT_ORDER_ID` (`order_id`),
  KEY `IDX_SALES_FLAT_SHIPMENT_CREATED_AT` (`created_at`),
  KEY `IDX_SALES_FLAT_SHIPMENT_UPDATED_AT` (`updated_at`),
  CONSTRAINT `FK_SALES_FLAT_SHIPMENT_ORDER_ID_SALES_FLAT_ORDER_ENTITY_ID` FOREIGN KEY (`order_id`) REFERENCES `sales_flat_order` (`entity_id`) ON DELETE CASCADE ON UPDATE CASCADE,
  CONSTRAINT `FK_SALES_FLAT_SHIPMENT_STORE_ID_CORE_STORE_STORE_ID` FOREIGN KEY (`store_id`) REFERENCES `core_store` (`store_id`) ON DELETE SET NULL ON UPDATE CASCADE
) ENGINE=InnoDB DEFAULT CHARSET=utf8 COMMENT='Sales Flat Shipment';

--
-- Dumping data for table `sales_flat_shipment`
--


--
-- Table structure for table `sales_flat_shipment_comment`
--

CREATE TABLE `sales_flat_shipment_comment` (
  `entity_id` int(10) unsigned NOT NULL AUTO_INCREMENT COMMENT 'Entity Id',
  `parent_id` int(10) unsigned NOT NULL COMMENT 'Parent Id',
  `is_customer_notified` int(11) DEFAULT NULL COMMENT 'Is Customer Notified',
  `is_visible_on_front` smallint(5) unsigned NOT NULL COMMENT 'Is Visible On Front',
  `comment` text COMMENT 'Comment',
  `created_at` timestamp NULL DEFAULT NULL COMMENT 'Created At',
  PRIMARY KEY (`entity_id`),
  KEY `IDX_SALES_FLAT_SHIPMENT_COMMENT_CREATED_AT` (`created_at`),
  KEY `IDX_SALES_FLAT_SHIPMENT_COMMENT_PARENT_ID` (`parent_id`),
  CONSTRAINT `FK_C2D69CC1FB03D2B2B794B0439F6650CF` FOREIGN KEY (`parent_id`) REFERENCES `sales_flat_shipment` (`entity_id`) ON DELETE CASCADE ON UPDATE CASCADE
) ENGINE=InnoDB DEFAULT CHARSET=utf8 COMMENT='Sales Flat Shipment Comment';

--
-- Dumping data for table `sales_flat_shipment_comment`
--


--
-- Table structure for table `sales_flat_shipment_grid`
--

CREATE TABLE `sales_flat_shipment_grid` (
  `entity_id` int(10) unsigned NOT NULL COMMENT 'Entity Id',
  `store_id` smallint(5) unsigned DEFAULT NULL COMMENT 'Store Id',
  `total_qty` decimal(12,4) DEFAULT NULL COMMENT 'Total Qty',
  `order_id` int(10) unsigned NOT NULL COMMENT 'Order Id',
  `shipment_status` int(11) DEFAULT NULL COMMENT 'Shipment Status',
  `increment_id` varchar(50) DEFAULT NULL COMMENT 'Increment Id',
  `order_increment_id` varchar(50) DEFAULT NULL COMMENT 'Order Increment Id',
  `created_at` timestamp NULL DEFAULT NULL COMMENT 'Created At',
  `order_created_at` timestamp NULL DEFAULT NULL COMMENT 'Order Created At',
  `shipping_name` varchar(255) DEFAULT NULL COMMENT 'Shipping Name',
  PRIMARY KEY (`entity_id`),
  UNIQUE KEY `UNQ_SALES_FLAT_SHIPMENT_GRID_INCREMENT_ID` (`increment_id`),
  KEY `IDX_SALES_FLAT_SHIPMENT_GRID_STORE_ID` (`store_id`),
  KEY `IDX_SALES_FLAT_SHIPMENT_GRID_TOTAL_QTY` (`total_qty`),
  KEY `IDX_SALES_FLAT_SHIPMENT_GRID_ORDER_ID` (`order_id`),
  KEY `IDX_SALES_FLAT_SHIPMENT_GRID_SHIPMENT_STATUS` (`shipment_status`),
  KEY `IDX_SALES_FLAT_SHIPMENT_GRID_ORDER_INCREMENT_ID` (`order_increment_id`),
  KEY `IDX_SALES_FLAT_SHIPMENT_GRID_CREATED_AT` (`created_at`),
  KEY `IDX_SALES_FLAT_SHIPMENT_GRID_ORDER_CREATED_AT` (`order_created_at`),
  KEY `IDX_SALES_FLAT_SHIPMENT_GRID_SHIPPING_NAME` (`shipping_name`),
  CONSTRAINT `FK_SALES_FLAT_SHIPMENT_GRID_ENTT_ID_SALES_FLAT_SHIPMENT_ENTT_ID` FOREIGN KEY (`entity_id`) REFERENCES `sales_flat_shipment` (`entity_id`) ON DELETE CASCADE ON UPDATE CASCADE,
  CONSTRAINT `FK_SALES_FLAT_SHIPMENT_GRID_STORE_ID_CORE_STORE_STORE_ID` FOREIGN KEY (`store_id`) REFERENCES `core_store` (`store_id`) ON DELETE SET NULL ON UPDATE CASCADE
) ENGINE=InnoDB DEFAULT CHARSET=utf8 COMMENT='Sales Flat Shipment Grid';

--
-- Dumping data for table `sales_flat_shipment_grid`
--


--
-- Table structure for table `sales_flat_shipment_item`
--

CREATE TABLE `sales_flat_shipment_item` (
  `entity_id` int(10) unsigned NOT NULL AUTO_INCREMENT COMMENT 'Entity Id',
  `parent_id` int(10) unsigned NOT NULL COMMENT 'Parent Id',
  `row_total` decimal(12,4) DEFAULT NULL COMMENT 'Row Total',
  `price` decimal(12,4) DEFAULT NULL COMMENT 'Price',
  `weight` decimal(12,4) DEFAULT NULL COMMENT 'Weight',
  `qty` decimal(12,4) DEFAULT NULL COMMENT 'Qty',
  `product_id` int(11) DEFAULT NULL COMMENT 'Product Id',
  `order_item_id` int(11) DEFAULT NULL COMMENT 'Order Item Id',
  `additional_data` text COMMENT 'Additional Data',
  `description` text COMMENT 'Description',
  `name` varchar(255) DEFAULT NULL COMMENT 'Name',
  `sku` varchar(255) DEFAULT NULL COMMENT 'Sku',
  PRIMARY KEY (`entity_id`),
  KEY `IDX_SALES_FLAT_SHIPMENT_ITEM_PARENT_ID` (`parent_id`),
  CONSTRAINT `FK_3AECE5007D18F159231B87E8306FC02A` FOREIGN KEY (`parent_id`) REFERENCES `sales_flat_shipment` (`entity_id`) ON DELETE CASCADE ON UPDATE CASCADE
) ENGINE=InnoDB DEFAULT CHARSET=utf8 COMMENT='Sales Flat Shipment Item';

--
-- Dumping data for table `sales_flat_shipment_item`
--


--
-- Table structure for table `sales_flat_shipment_track`
--

CREATE TABLE `sales_flat_shipment_track` (
  `entity_id` int(10) unsigned NOT NULL AUTO_INCREMENT COMMENT 'Entity Id',
  `parent_id` int(10) unsigned NOT NULL COMMENT 'Parent Id',
  `weight` decimal(12,4) DEFAULT NULL COMMENT 'Weight',
  `qty` decimal(12,4) DEFAULT NULL COMMENT 'Qty',
  `order_id` int(10) unsigned NOT NULL COMMENT 'Order Id',
  `track_number` text COMMENT 'Number',
  `description` text COMMENT 'Description',
  `title` varchar(255) DEFAULT NULL COMMENT 'Title',
  `carrier_code` varchar(32) DEFAULT NULL COMMENT 'Carrier Code',
  `created_at` timestamp NULL DEFAULT NULL COMMENT 'Created At',
  `updated_at` timestamp NULL DEFAULT NULL COMMENT 'Updated At',
  PRIMARY KEY (`entity_id`),
  KEY `IDX_SALES_FLAT_SHIPMENT_TRACK_PARENT_ID` (`parent_id`),
  KEY `IDX_SALES_FLAT_SHIPMENT_TRACK_ORDER_ID` (`order_id`),
  KEY `IDX_SALES_FLAT_SHIPMENT_TRACK_CREATED_AT` (`created_at`),
  CONSTRAINT `FK_BCD2FA28717D29F37E10A153E6F2F841` FOREIGN KEY (`parent_id`) REFERENCES `sales_flat_shipment` (`entity_id`) ON DELETE CASCADE ON UPDATE CASCADE
) ENGINE=InnoDB DEFAULT CHARSET=utf8 COMMENT='Sales Flat Shipment Track';

--
-- Dumping data for table `sales_flat_shipment_track`
--


--
-- Table structure for table `sales_invoiced_aggregated`
--

CREATE TABLE `sales_invoiced_aggregated` (
  `id` int(10) unsigned NOT NULL AUTO_INCREMENT COMMENT 'Id',
  `period` date DEFAULT NULL COMMENT 'Period',
  `store_id` smallint(5) unsigned DEFAULT NULL COMMENT 'Store Id',
  `order_status` varchar(50) DEFAULT NULL COMMENT 'Order Status',
  `orders_count` int(11) NOT NULL COMMENT 'Orders Count',
  `orders_invoiced` decimal(12,4) DEFAULT NULL COMMENT 'Orders Invoiced',
  `invoiced` decimal(12,4) DEFAULT NULL COMMENT 'Invoiced',
  `invoiced_captured` decimal(12,4) DEFAULT NULL COMMENT 'Invoiced Captured',
  `invoiced_not_captured` decimal(12,4) DEFAULT NULL COMMENT 'Invoiced Not Captured',
  PRIMARY KEY (`id`),
  UNIQUE KEY `UNQ_SALES_INVOICED_AGGREGATED_PERIOD_STORE_ID_ORDER_STATUS` (`period`,`store_id`,`order_status`),
  KEY `IDX_SALES_INVOICED_AGGREGATED_STORE_ID` (`store_id`),
  CONSTRAINT `FK_SALES_INVOICED_AGGREGATED_STORE_ID_CORE_STORE_STORE_ID` FOREIGN KEY (`store_id`) REFERENCES `core_store` (`store_id`) ON DELETE SET NULL ON UPDATE CASCADE
) ENGINE=InnoDB DEFAULT CHARSET=utf8 COMMENT='Sales Invoiced Aggregated';

--
-- Dumping data for table `sales_invoiced_aggregated`
--


--
-- Table structure for table `sales_invoiced_aggregated_order`
--

CREATE TABLE `sales_invoiced_aggregated_order` (
  `id` int(10) unsigned NOT NULL AUTO_INCREMENT COMMENT 'Id',
  `period` date DEFAULT NULL COMMENT 'Period',
  `store_id` smallint(5) unsigned DEFAULT NULL COMMENT 'Store Id',
  `order_status` varchar(50) NOT NULL COMMENT 'Order Status',
  `orders_count` int(11) NOT NULL COMMENT 'Orders Count',
  `orders_invoiced` decimal(12,4) DEFAULT NULL COMMENT 'Orders Invoiced',
  `invoiced` decimal(12,4) DEFAULT NULL COMMENT 'Invoiced',
  `invoiced_captured` decimal(12,4) DEFAULT NULL COMMENT 'Invoiced Captured',
  `invoiced_not_captured` decimal(12,4) DEFAULT NULL COMMENT 'Invoiced Not Captured',
  PRIMARY KEY (`id`),
  UNIQUE KEY `UNQ_SALES_INVOICED_AGGREGATED_ORDER_PERIOD_STORE_ID_ORDER_STATUS` (`period`,`store_id`,`order_status`),
  KEY `IDX_SALES_INVOICED_AGGREGATED_ORDER_STORE_ID` (`store_id`),
  CONSTRAINT `FK_SALES_INVOICED_AGGREGATED_ORDER_STORE_ID_CORE_STORE_STORE_ID` FOREIGN KEY (`store_id`) REFERENCES `core_store` (`store_id`) ON DELETE SET NULL ON UPDATE CASCADE
) ENGINE=InnoDB DEFAULT CHARSET=utf8 COMMENT='Sales Invoiced Aggregated Order';

--
-- Dumping data for table `sales_invoiced_aggregated_order`
--


--
-- Table structure for table `sales_order_aggregated_created`
--

CREATE TABLE `sales_order_aggregated_created` (
  `id` int(10) unsigned NOT NULL AUTO_INCREMENT COMMENT 'Id',
  `period` date DEFAULT NULL COMMENT 'Period',
  `store_id` smallint(5) unsigned DEFAULT NULL COMMENT 'Store Id',
  `order_status` varchar(50) NOT NULL COMMENT 'Order Status',
  `orders_count` int(11) NOT NULL COMMENT 'Orders Count',
  `total_qty_ordered` decimal(12,4) NOT NULL DEFAULT '0.0000' COMMENT 'Total Qty Ordered',
  `total_qty_invoiced` decimal(12,4) NOT NULL DEFAULT '0.0000' COMMENT 'Total Qty Invoiced',
  `total_income_amount` decimal(12,4) NOT NULL DEFAULT '0.0000' COMMENT 'Total Income Amount',
  `total_revenue_amount` decimal(12,4) NOT NULL DEFAULT '0.0000' COMMENT 'Total Revenue Amount',
  `total_profit_amount` decimal(12,4) NOT NULL DEFAULT '0.0000' COMMENT 'Total Profit Amount',
  `total_invoiced_amount` decimal(12,4) NOT NULL DEFAULT '0.0000' COMMENT 'Total Invoiced Amount',
  `total_canceled_amount` decimal(12,4) NOT NULL DEFAULT '0.0000' COMMENT 'Total Canceled Amount',
  `total_paid_amount` decimal(12,4) NOT NULL DEFAULT '0.0000' COMMENT 'Total Paid Amount',
  `total_refunded_amount` decimal(12,4) NOT NULL DEFAULT '0.0000' COMMENT 'Total Refunded Amount',
  `total_tax_amount` decimal(12,4) NOT NULL DEFAULT '0.0000' COMMENT 'Total Tax Amount',
  `total_tax_amount_actual` decimal(12,4) NOT NULL DEFAULT '0.0000' COMMENT 'Total Tax Amount Actual',
  `total_shipping_amount` decimal(12,4) NOT NULL DEFAULT '0.0000' COMMENT 'Total Shipping Amount',
  `total_shipping_amount_actual` decimal(12,4) NOT NULL DEFAULT '0.0000' COMMENT 'Total Shipping Amount Actual',
  `total_discount_amount` decimal(12,4) NOT NULL DEFAULT '0.0000' COMMENT 'Total Discount Amount',
  `total_discount_amount_actual` decimal(12,4) NOT NULL DEFAULT '0.0000' COMMENT 'Total Discount Amount Actual',
  PRIMARY KEY (`id`),
  UNIQUE KEY `UNQ_SALES_ORDER_AGGREGATED_CREATED_PERIOD_STORE_ID_ORDER_STATUS` (`period`,`store_id`,`order_status`),
  KEY `IDX_SALES_ORDER_AGGREGATED_CREATED_STORE_ID` (`store_id`),
  CONSTRAINT `FK_SALES_ORDER_AGGREGATED_CREATED_STORE_ID_CORE_STORE_STORE_ID` FOREIGN KEY (`store_id`) REFERENCES `core_store` (`store_id`) ON DELETE SET NULL ON UPDATE CASCADE
) ENGINE=InnoDB DEFAULT CHARSET=utf8 COMMENT='Sales Order Aggregated Created';

--
-- Dumping data for table `sales_order_aggregated_created`
--


--
-- Table structure for table `sales_order_aggregated_updated`
--

CREATE TABLE `sales_order_aggregated_updated` (
  `id` int(10) unsigned NOT NULL AUTO_INCREMENT COMMENT 'Id',
  `period` date DEFAULT NULL COMMENT 'Period',
  `store_id` smallint(5) unsigned DEFAULT NULL COMMENT 'Store Id',
  `order_status` varchar(50) NOT NULL COMMENT 'Order Status',
  `orders_count` int(11) NOT NULL COMMENT 'Orders Count',
  `total_qty_ordered` decimal(12,4) NOT NULL DEFAULT '0.0000' COMMENT 'Total Qty Ordered',
  `total_qty_invoiced` decimal(12,4) NOT NULL DEFAULT '0.0000' COMMENT 'Total Qty Invoiced',
  `total_income_amount` decimal(12,4) NOT NULL DEFAULT '0.0000' COMMENT 'Total Income Amount',
  `total_revenue_amount` decimal(12,4) NOT NULL DEFAULT '0.0000' COMMENT 'Total Revenue Amount',
  `total_profit_amount` decimal(12,4) NOT NULL DEFAULT '0.0000' COMMENT 'Total Profit Amount',
  `total_invoiced_amount` decimal(12,4) NOT NULL DEFAULT '0.0000' COMMENT 'Total Invoiced Amount',
  `total_canceled_amount` decimal(12,4) NOT NULL DEFAULT '0.0000' COMMENT 'Total Canceled Amount',
  `total_paid_amount` decimal(12,4) NOT NULL DEFAULT '0.0000' COMMENT 'Total Paid Amount',
  `total_refunded_amount` decimal(12,4) NOT NULL DEFAULT '0.0000' COMMENT 'Total Refunded Amount',
  `total_tax_amount` decimal(12,4) NOT NULL DEFAULT '0.0000' COMMENT 'Total Tax Amount',
  `total_tax_amount_actual` decimal(12,4) NOT NULL DEFAULT '0.0000' COMMENT 'Total Tax Amount Actual',
  `total_shipping_amount` decimal(12,4) NOT NULL DEFAULT '0.0000' COMMENT 'Total Shipping Amount',
  `total_shipping_amount_actual` decimal(12,4) NOT NULL DEFAULT '0.0000' COMMENT 'Total Shipping Amount Actual',
  `total_discount_amount` decimal(12,4) NOT NULL DEFAULT '0.0000' COMMENT 'Total Discount Amount',
  `total_discount_amount_actual` decimal(12,4) NOT NULL DEFAULT '0.0000' COMMENT 'Total Discount Amount Actual',
  PRIMARY KEY (`id`),
  UNIQUE KEY `UNQ_SALES_ORDER_AGGREGATED_UPDATED_PERIOD_STORE_ID_ORDER_STATUS` (`period`,`store_id`,`order_status`),
  KEY `IDX_SALES_ORDER_AGGREGATED_UPDATED_STORE_ID` (`store_id`),
  CONSTRAINT `FK_SALES_ORDER_AGGREGATED_UPDATED_STORE_ID_CORE_STORE_STORE_ID` FOREIGN KEY (`store_id`) REFERENCES `core_store` (`store_id`) ON DELETE SET NULL ON UPDATE CASCADE
) ENGINE=InnoDB DEFAULT CHARSET=utf8 COMMENT='Sales Order Aggregated Updated';

--
-- Dumping data for table `sales_order_aggregated_updated`
--


--
-- Table structure for table `sales_order_status`
--

CREATE TABLE `sales_order_status` (
  `status` varchar(32) NOT NULL COMMENT 'Status',
  `label` varchar(128) NOT NULL COMMENT 'Label',
  PRIMARY KEY (`status`)
) ENGINE=InnoDB DEFAULT CHARSET=utf8 COMMENT='Sales Order Status Table';

--
-- Dumping data for table `sales_order_status`
--

INSERT INTO `sales_order_status` VALUES ('canceled','Canceled'),('closed','Closed'),('complete','Complete'),('fraud','Suspected Fraud'),('holded','On Hold'),('payment_review','Payment Review'),('paypal_canceled_reversal','PayPal Canceled Reversal'),('paypal_reversed','PayPal Reversed'),('pending','Pending'),('pending_payment','Pending Payment'),('pending_paypal','Pending PayPal'),('processing','Processing');

--
-- Table structure for table `sales_order_status_label`
--

CREATE TABLE `sales_order_status_label` (
  `status` varchar(32) NOT NULL COMMENT 'Status',
  `store_id` smallint(5) unsigned NOT NULL COMMENT 'Store Id',
  `label` varchar(128) NOT NULL COMMENT 'Label',
  PRIMARY KEY (`status`,`store_id`),
  KEY `IDX_SALES_ORDER_STATUS_LABEL_STORE_ID` (`store_id`),
  CONSTRAINT `FK_SALES_ORDER_STATUS_LABEL_STATUS_SALES_ORDER_STATUS_STATUS` FOREIGN KEY (`status`) REFERENCES `sales_order_status` (`status`) ON DELETE CASCADE ON UPDATE CASCADE,
  CONSTRAINT `FK_SALES_ORDER_STATUS_LABEL_STORE_ID_CORE_STORE_STORE_ID` FOREIGN KEY (`store_id`) REFERENCES `core_store` (`store_id`) ON DELETE CASCADE ON UPDATE CASCADE
) ENGINE=InnoDB DEFAULT CHARSET=utf8 COMMENT='Sales Order Status Label Table';

--
-- Dumping data for table `sales_order_status_label`
--


--
-- Table structure for table `sales_order_status_state`
--

CREATE TABLE `sales_order_status_state` (
  `status` varchar(32) NOT NULL COMMENT 'Status',
  `state` varchar(32) NOT NULL COMMENT 'Label',
  `is_default` smallint(5) unsigned NOT NULL COMMENT 'Is Default',
  PRIMARY KEY (`status`,`state`),
  CONSTRAINT `FK_SALES_ORDER_STATUS_STATE_STATUS_SALES_ORDER_STATUS_STATUS` FOREIGN KEY (`status`) REFERENCES `sales_order_status` (`status`) ON DELETE CASCADE ON UPDATE CASCADE
) ENGINE=InnoDB DEFAULT CHARSET=utf8 COMMENT='Sales Order Status Table';

--
-- Dumping data for table `sales_order_status_state`
--

INSERT INTO `sales_order_status_state` VALUES ('canceled','canceled',1),('closed','closed',1),('complete','complete',1),('fraud','payment_review',0),('holded','holded',1),('payment_review','payment_review',1),('pending','new',1),('pending_payment','pending_payment',1),('processing','processing',1);

--
-- Table structure for table `sales_order_tax`
--

CREATE TABLE `sales_order_tax` (
  `tax_id` int(10) unsigned NOT NULL AUTO_INCREMENT COMMENT 'Tax Id',
  `order_id` int(10) unsigned NOT NULL COMMENT 'Order Id',
  `code` varchar(255) DEFAULT NULL COMMENT 'Code',
  `title` varchar(255) DEFAULT NULL COMMENT 'Title',
  `percent` decimal(12,4) DEFAULT NULL COMMENT 'Percent',
  `amount` decimal(12,4) DEFAULT NULL COMMENT 'Amount',
  `priority` int(11) NOT NULL COMMENT 'Priority',
  `position` int(11) NOT NULL COMMENT 'Position',
  `base_amount` decimal(12,4) DEFAULT NULL COMMENT 'Base Amount',
  `process` smallint(6) NOT NULL COMMENT 'Process',
  `base_real_amount` decimal(12,4) DEFAULT NULL COMMENT 'Base Real Amount',
  `hidden` smallint(5) unsigned NOT NULL COMMENT 'Hidden',
  PRIMARY KEY (`tax_id`),
  KEY `IDX_SALES_ORDER_TAX_ORDER_ID_PRIORITY_POSITION` (`order_id`,`priority`,`position`)
) ENGINE=InnoDB DEFAULT CHARSET=utf8 COMMENT='Sales Order Tax Table';

--
-- Dumping data for table `sales_order_tax`
--


--
-- Table structure for table `sales_order_tax_item`
--

CREATE TABLE `sales_order_tax_item` (
  `tax_item_id` int(10) unsigned NOT NULL AUTO_INCREMENT COMMENT 'Tax Item Id',
  `tax_id` int(10) unsigned NOT NULL COMMENT 'Tax Id',
  `item_id` int(10) unsigned NOT NULL COMMENT 'Item Id',
  `tax_percent` decimal(12,4) NOT NULL COMMENT 'Real Tax Percent For Item',
  PRIMARY KEY (`tax_item_id`),
  UNIQUE KEY `UNQ_SALES_ORDER_TAX_ITEM_TAX_ID_ITEM_ID` (`tax_id`,`item_id`),
  KEY `IDX_SALES_ORDER_TAX_ITEM_TAX_ID` (`tax_id`),
  KEY `IDX_SALES_ORDER_TAX_ITEM_ITEM_ID` (`item_id`),
  CONSTRAINT `FK_SALES_ORDER_TAX_ITEM_ITEM_ID_SALES_FLAT_ORDER_ITEM_ITEM_ID` FOREIGN KEY (`item_id`) REFERENCES `sales_flat_order_item` (`item_id`) ON DELETE CASCADE ON UPDATE CASCADE,
  CONSTRAINT `FK_SALES_ORDER_TAX_ITEM_TAX_ID_SALES_ORDER_TAX_TAX_ID` FOREIGN KEY (`tax_id`) REFERENCES `sales_order_tax` (`tax_id`) ON DELETE CASCADE ON UPDATE CASCADE
) ENGINE=InnoDB DEFAULT CHARSET=utf8 COMMENT='Sales Order Tax Item';

--
-- Dumping data for table `sales_order_tax_item`
--


--
-- Table structure for table `sales_payment_transaction`
--

CREATE TABLE `sales_payment_transaction` (
  `transaction_id` int(10) unsigned NOT NULL AUTO_INCREMENT COMMENT 'Transaction Id',
  `parent_id` int(10) unsigned DEFAULT NULL COMMENT 'Parent Id',
  `order_id` int(10) unsigned NOT NULL COMMENT 'Order Id',
  `payment_id` int(10) unsigned NOT NULL COMMENT 'Payment Id',
  `txn_id` varchar(100) DEFAULT NULL COMMENT 'Txn Id',
  `parent_txn_id` varchar(100) DEFAULT NULL COMMENT 'Parent Txn Id',
  `txn_type` varchar(15) DEFAULT NULL COMMENT 'Txn Type',
  `is_closed` smallint(5) unsigned NOT NULL DEFAULT '1' COMMENT 'Is Closed',
  `additional_information` blob COMMENT 'Additional Information',
  `created_at` timestamp NULL DEFAULT NULL COMMENT 'Created At',
  PRIMARY KEY (`transaction_id`),
  UNIQUE KEY `UNQ_SALES_PAYMENT_TRANSACTION_ORDER_ID_PAYMENT_ID_TXN_ID` (`order_id`,`payment_id`,`txn_id`),
  KEY `IDX_SALES_PAYMENT_TRANSACTION_ORDER_ID` (`order_id`),
  KEY `IDX_SALES_PAYMENT_TRANSACTION_PARENT_ID` (`parent_id`),
  KEY `IDX_SALES_PAYMENT_TRANSACTION_PAYMENT_ID` (`payment_id`),
  CONSTRAINT `FK_B99FF1A06402D725EBDB0F3A7ECD47A2` FOREIGN KEY (`parent_id`) REFERENCES `sales_payment_transaction` (`transaction_id`) ON DELETE CASCADE ON UPDATE CASCADE,
  CONSTRAINT `FK_DA51A10B2405B64A4DAEF77A64F0DAAD` FOREIGN KEY (`payment_id`) REFERENCES `sales_flat_order_payment` (`entity_id`) ON DELETE CASCADE ON UPDATE CASCADE,
  CONSTRAINT `FK_SALES_PAYMENT_TRANSACTION_ORDER_ID_SALES_FLAT_ORDER_ENTITY_ID` FOREIGN KEY (`order_id`) REFERENCES `sales_flat_order` (`entity_id`) ON DELETE CASCADE ON UPDATE CASCADE
) ENGINE=InnoDB DEFAULT CHARSET=utf8 COMMENT='Sales Payment Transaction';

--
-- Dumping data for table `sales_payment_transaction`
--


--
-- Table structure for table `sales_recurring_profile`
--

CREATE TABLE `sales_recurring_profile` (
  `profile_id` int(10) unsigned NOT NULL AUTO_INCREMENT COMMENT 'Profile Id',
  `state` varchar(20) NOT NULL COMMENT 'State',
  `customer_id` int(10) unsigned DEFAULT NULL COMMENT 'Customer Id',
  `store_id` smallint(5) unsigned DEFAULT NULL COMMENT 'Store Id',
  `method_code` varchar(32) NOT NULL COMMENT 'Method Code',
  `created_at` timestamp NOT NULL DEFAULT CURRENT_TIMESTAMP ON UPDATE CURRENT_TIMESTAMP COMMENT 'Created At',
  `updated_at` timestamp NULL DEFAULT NULL COMMENT 'Updated At',
  `reference_id` varchar(32) DEFAULT NULL COMMENT 'Reference Id',
  `subscriber_name` varchar(150) DEFAULT NULL COMMENT 'Subscriber Name',
  `start_datetime` timestamp NOT NULL DEFAULT '0000-00-00 00:00:00' COMMENT 'Start Datetime',
  `internal_reference_id` varchar(42) NOT NULL COMMENT 'Internal Reference Id',
  `schedule_description` varchar(255) NOT NULL COMMENT 'Schedule Description',
  `suspension_threshold` smallint(5) unsigned DEFAULT NULL COMMENT 'Suspension Threshold',
  `bill_failed_later` smallint(5) unsigned NOT NULL COMMENT 'Bill Failed Later',
  `period_unit` varchar(20) NOT NULL COMMENT 'Period Unit',
  `period_frequency` smallint(5) unsigned DEFAULT NULL COMMENT 'Period Frequency',
  `period_max_cycles` smallint(5) unsigned DEFAULT NULL COMMENT 'Period Max Cycles',
  `billing_amount` decimal(12,4) NOT NULL DEFAULT '0.0000' COMMENT 'Billing Amount',
  `trial_period_unit` varchar(20) DEFAULT NULL COMMENT 'Trial Period Unit',
  `trial_period_frequency` smallint(5) unsigned DEFAULT NULL COMMENT 'Trial Period Frequency',
  `trial_period_max_cycles` smallint(5) unsigned DEFAULT NULL COMMENT 'Trial Period Max Cycles',
  `trial_billing_amount` text COMMENT 'Trial Billing Amount',
  `currency_code` varchar(3) NOT NULL COMMENT 'Currency Code',
  `shipping_amount` decimal(12,4) DEFAULT NULL COMMENT 'Shipping Amount',
  `tax_amount` decimal(12,4) DEFAULT NULL COMMENT 'Tax Amount',
  `init_amount` decimal(12,4) DEFAULT NULL COMMENT 'Init Amount',
  `init_may_fail` smallint(5) unsigned NOT NULL COMMENT 'Init May Fail',
  `order_info` text NOT NULL COMMENT 'Order Info',
  `order_item_info` text NOT NULL COMMENT 'Order Item Info',
  `billing_address_info` text NOT NULL COMMENT 'Billing Address Info',
  `shipping_address_info` text COMMENT 'Shipping Address Info',
  `profile_vendor_info` text COMMENT 'Profile Vendor Info',
  `additional_info` text COMMENT 'Additional Info',
  PRIMARY KEY (`profile_id`),
  UNIQUE KEY `UNQ_SALES_RECURRING_PROFILE_INTERNAL_REFERENCE_ID` (`internal_reference_id`),
  KEY `IDX_SALES_RECURRING_PROFILE_CUSTOMER_ID` (`customer_id`),
  KEY `IDX_SALES_RECURRING_PROFILE_STORE_ID` (`store_id`),
  CONSTRAINT `FK_SALES_RECURRING_PROFILE_CUSTOMER_ID_CUSTOMER_ENTITY_ENTITY_ID` FOREIGN KEY (`customer_id`) REFERENCES `customer_entity` (`entity_id`) ON DELETE SET NULL ON UPDATE CASCADE,
  CONSTRAINT `FK_SALES_RECURRING_PROFILE_STORE_ID_CORE_STORE_STORE_ID` FOREIGN KEY (`store_id`) REFERENCES `core_store` (`store_id`) ON DELETE SET NULL ON UPDATE CASCADE
) ENGINE=InnoDB DEFAULT CHARSET=utf8 COMMENT='Sales Recurring Profile';

--
-- Dumping data for table `sales_recurring_profile`
--


--
-- Table structure for table `sales_recurring_profile_order`
--

CREATE TABLE `sales_recurring_profile_order` (
  `link_id` int(10) unsigned NOT NULL AUTO_INCREMENT COMMENT 'Link Id',
  `profile_id` int(10) unsigned NOT NULL COMMENT 'Profile Id',
  `order_id` int(10) unsigned NOT NULL COMMENT 'Order Id',
  PRIMARY KEY (`link_id`),
  UNIQUE KEY `UNQ_SALES_RECURRING_PROFILE_ORDER_PROFILE_ID_ORDER_ID` (`profile_id`,`order_id`),
  KEY `IDX_SALES_RECURRING_PROFILE_ORDER_ORDER_ID` (`order_id`),
  CONSTRAINT `FK_7FF85741C66DCD37A4FBE3E3255A5A01` FOREIGN KEY (`order_id`) REFERENCES `sales_flat_order` (`entity_id`) ON DELETE CASCADE ON UPDATE CASCADE,
  CONSTRAINT `FK_B8A7A5397B67455786E55461748C59F4` FOREIGN KEY (`profile_id`) REFERENCES `sales_recurring_profile` (`profile_id`) ON DELETE CASCADE ON UPDATE CASCADE
) ENGINE=InnoDB DEFAULT CHARSET=utf8 COMMENT='Sales Recurring Profile Order';

--
-- Dumping data for table `sales_recurring_profile_order`
--


--
-- Table structure for table `sales_refunded_aggregated`
--

CREATE TABLE `sales_refunded_aggregated` (
  `id` int(10) unsigned NOT NULL AUTO_INCREMENT COMMENT 'Id',
  `period` date DEFAULT NULL COMMENT 'Period',
  `store_id` smallint(5) unsigned DEFAULT NULL COMMENT 'Store Id',
  `order_status` varchar(50) NOT NULL COMMENT 'Order Status',
  `orders_count` int(11) NOT NULL COMMENT 'Orders Count',
  `refunded` decimal(12,4) DEFAULT NULL COMMENT 'Refunded',
  `online_refunded` decimal(12,4) DEFAULT NULL COMMENT 'Online Refunded',
  `offline_refunded` decimal(12,4) DEFAULT NULL COMMENT 'Offline Refunded',
  PRIMARY KEY (`id`),
  UNIQUE KEY `UNQ_SALES_REFUNDED_AGGREGATED_PERIOD_STORE_ID_ORDER_STATUS` (`period`,`store_id`,`order_status`),
  KEY `IDX_SALES_REFUNDED_AGGREGATED_STORE_ID` (`store_id`),
  CONSTRAINT `FK_SALES_REFUNDED_AGGREGATED_STORE_ID_CORE_STORE_STORE_ID` FOREIGN KEY (`store_id`) REFERENCES `core_store` (`store_id`) ON DELETE SET NULL ON UPDATE CASCADE
) ENGINE=InnoDB DEFAULT CHARSET=utf8 COMMENT='Sales Refunded Aggregated';

--
-- Dumping data for table `sales_refunded_aggregated`
--


--
-- Table structure for table `sales_refunded_aggregated_order`
--

CREATE TABLE `sales_refunded_aggregated_order` (
  `id` int(10) unsigned NOT NULL AUTO_INCREMENT COMMENT 'Id',
  `period` date DEFAULT NULL COMMENT 'Period',
  `store_id` smallint(5) unsigned DEFAULT NULL COMMENT 'Store Id',
  `order_status` varchar(50) DEFAULT NULL COMMENT 'Order Status',
  `orders_count` int(11) NOT NULL COMMENT 'Orders Count',
  `refunded` decimal(12,4) DEFAULT NULL COMMENT 'Refunded',
  `online_refunded` decimal(12,4) DEFAULT NULL COMMENT 'Online Refunded',
  `offline_refunded` decimal(12,4) DEFAULT NULL COMMENT 'Offline Refunded',
  PRIMARY KEY (`id`),
  UNIQUE KEY `UNQ_SALES_REFUNDED_AGGREGATED_ORDER_PERIOD_STORE_ID_ORDER_STATUS` (`period`,`store_id`,`order_status`),
  KEY `IDX_SALES_REFUNDED_AGGREGATED_ORDER_STORE_ID` (`store_id`),
  CONSTRAINT `FK_SALES_REFUNDED_AGGREGATED_ORDER_STORE_ID_CORE_STORE_STORE_ID` FOREIGN KEY (`store_id`) REFERENCES `core_store` (`store_id`) ON DELETE SET NULL ON UPDATE CASCADE
) ENGINE=InnoDB DEFAULT CHARSET=utf8 COMMENT='Sales Refunded Aggregated Order';

--
-- Dumping data for table `sales_refunded_aggregated_order`
--


--
-- Table structure for table `sales_shipping_aggregated`
--

CREATE TABLE `sales_shipping_aggregated` (
  `id` int(10) unsigned NOT NULL AUTO_INCREMENT COMMENT 'Id',
  `period` date DEFAULT NULL COMMENT 'Period',
  `store_id` smallint(5) unsigned DEFAULT NULL COMMENT 'Store Id',
  `order_status` varchar(50) DEFAULT NULL COMMENT 'Order Status',
  `shipping_description` varchar(255) DEFAULT NULL COMMENT 'Shipping Description',
  `orders_count` int(11) NOT NULL COMMENT 'Orders Count',
  `total_shipping` decimal(12,4) DEFAULT NULL COMMENT 'Total Shipping',
  `total_shipping_actual` decimal(12,4) DEFAULT NULL COMMENT 'Total Shipping Actual',
  PRIMARY KEY (`id`),
  UNIQUE KEY `UNQ_SALES_SHPP_AGGRED_PERIOD_STORE_ID_ORDER_STS_SHPP_DESCRIPTION` (`period`,`store_id`,`order_status`,`shipping_description`),
  KEY `IDX_SALES_SHIPPING_AGGREGATED_STORE_ID` (`store_id`),
  CONSTRAINT `FK_SALES_SHIPPING_AGGREGATED_STORE_ID_CORE_STORE_STORE_ID` FOREIGN KEY (`store_id`) REFERENCES `core_store` (`store_id`) ON DELETE SET NULL ON UPDATE CASCADE
) ENGINE=InnoDB DEFAULT CHARSET=utf8 COMMENT='Sales Shipping Aggregated';

--
-- Dumping data for table `sales_shipping_aggregated`
--


--
-- Table structure for table `sales_shipping_aggregated_order`
--

CREATE TABLE `sales_shipping_aggregated_order` (
  `id` int(10) unsigned NOT NULL AUTO_INCREMENT COMMENT 'Id',
  `period` date DEFAULT NULL COMMENT 'Period',
  `store_id` smallint(5) unsigned DEFAULT NULL COMMENT 'Store Id',
  `order_status` varchar(50) DEFAULT NULL COMMENT 'Order Status',
  `shipping_description` varchar(255) DEFAULT NULL COMMENT 'Shipping Description',
  `orders_count` int(11) NOT NULL COMMENT 'Orders Count',
  `total_shipping` decimal(12,4) DEFAULT NULL COMMENT 'Total Shipping',
  `total_shipping_actual` decimal(12,4) DEFAULT NULL COMMENT 'Total Shipping Actual',
  PRIMARY KEY (`id`),
  UNIQUE KEY `C05FAE47282EEA68654D0924E946761F` (`period`,`store_id`,`order_status`,`shipping_description`),
  KEY `IDX_SALES_SHIPPING_AGGREGATED_ORDER_STORE_ID` (`store_id`),
  CONSTRAINT `FK_SALES_SHIPPING_AGGREGATED_ORDER_STORE_ID_CORE_STORE_STORE_ID` FOREIGN KEY (`store_id`) REFERENCES `core_store` (`store_id`) ON DELETE SET NULL ON UPDATE CASCADE
) ENGINE=InnoDB DEFAULT CHARSET=utf8 COMMENT='Sales Shipping Aggregated Order';

--
-- Dumping data for table `sales_shipping_aggregated_order`
--


--
-- Table structure for table `salesrule`
--

CREATE TABLE `salesrule` (
  `rule_id` int(10) unsigned NOT NULL AUTO_INCREMENT COMMENT 'Rule Id',
  `name` varchar(255) DEFAULT NULL COMMENT 'Name',
  `description` text COMMENT 'Description',
  `from_date` date DEFAULT NULL,
  `to_date` date DEFAULT NULL,
  `uses_per_customer` int(11) NOT NULL DEFAULT '0' COMMENT 'Uses Per Customer',
  `is_active` smallint(6) NOT NULL DEFAULT '0' COMMENT 'Is Active',
  `conditions_serialized` mediumtext COMMENT 'Conditions Serialized',
  `actions_serialized` mediumtext COMMENT 'Actions Serialized',
  `stop_rules_processing` smallint(6) NOT NULL DEFAULT '1' COMMENT 'Stop Rules Processing',
  `is_advanced` smallint(5) unsigned NOT NULL DEFAULT '1' COMMENT 'Is Advanced',
  `product_ids` text COMMENT 'Product Ids',
  `sort_order` int(10) unsigned NOT NULL DEFAULT '0' COMMENT 'Sort Order',
  `simple_action` varchar(32) DEFAULT NULL COMMENT 'Simple Action',
  `discount_amount` decimal(12,4) NOT NULL DEFAULT '0.0000' COMMENT 'Discount Amount',
  `discount_qty` decimal(12,4) DEFAULT NULL COMMENT 'Discount Qty',
  `discount_step` int(10) unsigned NOT NULL DEFAULT '0' COMMENT 'Discount Step',
  `simple_free_shipping` smallint(5) unsigned NOT NULL DEFAULT '0' COMMENT 'Simple Free Shipping',
  `apply_to_shipping` smallint(5) unsigned NOT NULL DEFAULT '0' COMMENT 'Apply To Shipping',
  `times_used` int(10) unsigned NOT NULL DEFAULT '0' COMMENT 'Times Used',
  `is_rss` smallint(6) NOT NULL DEFAULT '0' COMMENT 'Is Rss',
  `coupon_type` smallint(5) unsigned NOT NULL DEFAULT '1' COMMENT 'Coupon Type',
  `use_auto_generation` smallint(6) NOT NULL DEFAULT '0' COMMENT 'Use Auto Generation',
  `uses_per_coupon` int(11) NOT NULL DEFAULT '0' COMMENT 'Uses Per Coupon',
  PRIMARY KEY (`rule_id`),
  KEY `IDX_SALESRULE_IS_ACTIVE_SORT_ORDER_TO_DATE_FROM_DATE` (`is_active`,`sort_order`,`to_date`,`from_date`)
) ENGINE=InnoDB DEFAULT CHARSET=utf8 COMMENT='Salesrule';

--
-- Dumping data for table `salesrule`
--


--
-- Table structure for table `salesrule_coupon`
--

CREATE TABLE `salesrule_coupon` (
  `coupon_id` int(10) unsigned NOT NULL AUTO_INCREMENT COMMENT 'Coupon Id',
  `rule_id` int(10) unsigned NOT NULL COMMENT 'Rule Id',
  `code` varchar(255) DEFAULT NULL COMMENT 'Code',
  `usage_limit` int(10) unsigned DEFAULT NULL COMMENT 'Usage Limit',
  `usage_per_customer` int(10) unsigned DEFAULT NULL COMMENT 'Usage Per Customer',
  `times_used` int(10) unsigned NOT NULL DEFAULT '0' COMMENT 'Times Used',
  `expiration_date` timestamp NULL DEFAULT NULL COMMENT 'Expiration Date',
  `is_primary` smallint(5) unsigned DEFAULT NULL COMMENT 'Is Primary',
  `created_at` timestamp NOT NULL DEFAULT CURRENT_TIMESTAMP COMMENT 'Coupon Code Creation Date',
  `type` smallint(6) DEFAULT '0' COMMENT 'Coupon Code Type',
  PRIMARY KEY (`coupon_id`),
  UNIQUE KEY `UNQ_SALESRULE_COUPON_CODE` (`code`),
  UNIQUE KEY `UNQ_SALESRULE_COUPON_RULE_ID_IS_PRIMARY` (`rule_id`,`is_primary`),
  KEY `IDX_SALESRULE_COUPON_RULE_ID` (`rule_id`),
  CONSTRAINT `FK_SALESRULE_COUPON_RULE_ID_SALESRULE_RULE_ID` FOREIGN KEY (`rule_id`) REFERENCES `salesrule` (`rule_id`) ON DELETE CASCADE ON UPDATE CASCADE
) ENGINE=InnoDB DEFAULT CHARSET=utf8 COMMENT='Salesrule Coupon';

--
-- Dumping data for table `salesrule_coupon`
--


--
-- Table structure for table `salesrule_coupon_usage`
--

CREATE TABLE `salesrule_coupon_usage` (
  `coupon_id` int(10) unsigned NOT NULL COMMENT 'Coupon Id',
  `customer_id` int(10) unsigned NOT NULL COMMENT 'Customer Id',
  `times_used` int(10) unsigned NOT NULL DEFAULT '0' COMMENT 'Times Used',
  PRIMARY KEY (`coupon_id`,`customer_id`),
  KEY `IDX_SALESRULE_COUPON_USAGE_COUPON_ID` (`coupon_id`),
  KEY `IDX_SALESRULE_COUPON_USAGE_CUSTOMER_ID` (`customer_id`),
  CONSTRAINT `FK_SALESRULE_COUPON_USAGE_COUPON_ID_SALESRULE_COUPON_COUPON_ID` FOREIGN KEY (`coupon_id`) REFERENCES `salesrule_coupon` (`coupon_id`) ON DELETE CASCADE ON UPDATE CASCADE,
  CONSTRAINT `FK_SALESRULE_COUPON_USAGE_CUSTOMER_ID_CUSTOMER_ENTITY_ENTITY_ID` FOREIGN KEY (`customer_id`) REFERENCES `customer_entity` (`entity_id`) ON DELETE CASCADE ON UPDATE CASCADE
) ENGINE=InnoDB DEFAULT CHARSET=utf8 COMMENT='Salesrule Coupon Usage';

--
-- Dumping data for table `salesrule_coupon_usage`
--


--
-- Table structure for table `salesrule_customer`
--

CREATE TABLE `salesrule_customer` (
  `rule_customer_id` int(10) unsigned NOT NULL AUTO_INCREMENT COMMENT 'Rule Customer Id',
  `rule_id` int(10) unsigned NOT NULL DEFAULT '0' COMMENT 'Rule Id',
  `customer_id` int(10) unsigned NOT NULL DEFAULT '0' COMMENT 'Customer Id',
  `times_used` smallint(5) unsigned NOT NULL DEFAULT '0' COMMENT 'Times Used',
  PRIMARY KEY (`rule_customer_id`),
  KEY `IDX_SALESRULE_CUSTOMER_RULE_ID_CUSTOMER_ID` (`rule_id`,`customer_id`),
  KEY `IDX_SALESRULE_CUSTOMER_CUSTOMER_ID_RULE_ID` (`customer_id`,`rule_id`),
  CONSTRAINT `FK_SALESRULE_CUSTOMER_CUSTOMER_ID_CUSTOMER_ENTITY_ENTITY_ID` FOREIGN KEY (`customer_id`) REFERENCES `customer_entity` (`entity_id`) ON DELETE CASCADE ON UPDATE CASCADE,
  CONSTRAINT `FK_SALESRULE_CUSTOMER_RULE_ID_SALESRULE_RULE_ID` FOREIGN KEY (`rule_id`) REFERENCES `salesrule` (`rule_id`) ON DELETE CASCADE ON UPDATE CASCADE
) ENGINE=InnoDB DEFAULT CHARSET=utf8 COMMENT='Salesrule Customer';

--
-- Dumping data for table `salesrule_customer`
--


--
-- Table structure for table `salesrule_customer_group`
--

CREATE TABLE `salesrule_customer_group` (
  `rule_id` int(10) unsigned NOT NULL COMMENT 'Rule Id',
  `customer_group_id` smallint(5) unsigned NOT NULL COMMENT 'Customer Group Id',
  PRIMARY KEY (`rule_id`,`customer_group_id`),
  KEY `IDX_SALESRULE_CUSTOMER_GROUP_RULE_ID` (`rule_id`),
  KEY `IDX_SALESRULE_CUSTOMER_GROUP_CUSTOMER_GROUP_ID` (`customer_group_id`),
  CONSTRAINT `FK_SALESRULE_CSTR_GROUP_CSTR_GROUP_ID_CSTR_GROUP_CSTR_GROUP_ID` FOREIGN KEY (`customer_group_id`) REFERENCES `customer_group` (`customer_group_id`) ON DELETE CASCADE ON UPDATE CASCADE,
  CONSTRAINT `FK_SALESRULE_CUSTOMER_GROUP_RULE_ID_SALESRULE_RULE_ID` FOREIGN KEY (`rule_id`) REFERENCES `salesrule` (`rule_id`) ON DELETE CASCADE ON UPDATE CASCADE
) ENGINE=InnoDB DEFAULT CHARSET=utf8 COMMENT='Sales Rules To Customer Groups Relations';

--
-- Dumping data for table `salesrule_customer_group`
--


--
-- Table structure for table `salesrule_label`
--

CREATE TABLE `salesrule_label` (
  `label_id` int(10) unsigned NOT NULL AUTO_INCREMENT COMMENT 'Label Id',
  `rule_id` int(10) unsigned NOT NULL COMMENT 'Rule Id',
  `store_id` smallint(5) unsigned NOT NULL COMMENT 'Store Id',
  `label` varchar(255) DEFAULT NULL COMMENT 'Label',
  PRIMARY KEY (`label_id`),
  UNIQUE KEY `UNQ_SALESRULE_LABEL_RULE_ID_STORE_ID` (`rule_id`,`store_id`),
  KEY `IDX_SALESRULE_LABEL_STORE_ID` (`store_id`),
  KEY `IDX_SALESRULE_LABEL_RULE_ID` (`rule_id`),
  CONSTRAINT `FK_SALESRULE_LABEL_RULE_ID_SALESRULE_RULE_ID` FOREIGN KEY (`rule_id`) REFERENCES `salesrule` (`rule_id`) ON DELETE CASCADE ON UPDATE CASCADE,
  CONSTRAINT `FK_SALESRULE_LABEL_STORE_ID_CORE_STORE_STORE_ID` FOREIGN KEY (`store_id`) REFERENCES `core_store` (`store_id`) ON DELETE CASCADE ON UPDATE CASCADE
) ENGINE=InnoDB DEFAULT CHARSET=utf8 COMMENT='Salesrule Label';

--
-- Dumping data for table `salesrule_label`
--


--
-- Table structure for table `salesrule_product_attribute`
--

CREATE TABLE `salesrule_product_attribute` (
  `rule_id` int(10) unsigned NOT NULL COMMENT 'Rule Id',
  `website_id` smallint(5) unsigned NOT NULL COMMENT 'Website Id',
  `customer_group_id` smallint(5) unsigned NOT NULL COMMENT 'Customer Group Id',
  `attribute_id` smallint(5) unsigned NOT NULL COMMENT 'Attribute Id',
  PRIMARY KEY (`rule_id`,`website_id`,`customer_group_id`,`attribute_id`),
  KEY `IDX_SALESRULE_PRODUCT_ATTRIBUTE_WEBSITE_ID` (`website_id`),
  KEY `IDX_SALESRULE_PRODUCT_ATTRIBUTE_CUSTOMER_GROUP_ID` (`customer_group_id`),
  KEY `IDX_SALESRULE_PRODUCT_ATTRIBUTE_ATTRIBUTE_ID` (`attribute_id`),
  CONSTRAINT `FK_SALESRULE_PRD_ATTR_ATTR_ID_EAV_ATTR_ATTR_ID` FOREIGN KEY (`attribute_id`) REFERENCES `eav_attribute` (`attribute_id`) ON DELETE CASCADE ON UPDATE NO ACTION,
  CONSTRAINT `FK_SALESRULE_PRD_ATTR_CSTR_GROUP_ID_CSTR_GROUP_CSTR_GROUP_ID` FOREIGN KEY (`customer_group_id`) REFERENCES `customer_group` (`customer_group_id`) ON DELETE CASCADE ON UPDATE NO ACTION,
  CONSTRAINT `FK_SALESRULE_PRD_ATTR_WS_ID_CORE_WS_WS_ID` FOREIGN KEY (`website_id`) REFERENCES `core_website` (`website_id`) ON DELETE CASCADE ON UPDATE NO ACTION,
  CONSTRAINT `FK_SALESRULE_PRODUCT_ATTRIBUTE_RULE_ID_SALESRULE_RULE_ID` FOREIGN KEY (`rule_id`) REFERENCES `salesrule` (`rule_id`) ON DELETE CASCADE ON UPDATE NO ACTION
) ENGINE=InnoDB DEFAULT CHARSET=utf8 COMMENT='Salesrule Product Attribute';

--
-- Dumping data for table `salesrule_product_attribute`
--


--
-- Table structure for table `salesrule_website`
--

CREATE TABLE `salesrule_website` (
  `rule_id` int(10) unsigned NOT NULL COMMENT 'Rule Id',
  `website_id` smallint(5) unsigned NOT NULL COMMENT 'Website Id',
  PRIMARY KEY (`rule_id`,`website_id`),
  KEY `IDX_SALESRULE_WEBSITE_RULE_ID` (`rule_id`),
  KEY `IDX_SALESRULE_WEBSITE_WEBSITE_ID` (`website_id`),
  CONSTRAINT `FK_SALESRULE_WEBSITE_RULE_ID_SALESRULE_RULE_ID` FOREIGN KEY (`rule_id`) REFERENCES `salesrule` (`rule_id`) ON DELETE CASCADE ON UPDATE CASCADE,
  CONSTRAINT `FK_SALESRULE_WEBSITE_WEBSITE_ID_CORE_WEBSITE_WEBSITE_ID` FOREIGN KEY (`website_id`) REFERENCES `core_website` (`website_id`) ON DELETE CASCADE ON UPDATE CASCADE
) ENGINE=InnoDB DEFAULT CHARSET=utf8 COMMENT='Sales Rules To Websites Relations';

--
-- Dumping data for table `salesrule_website`
--


--
-- Table structure for table `sendfriend_log`
--

CREATE TABLE `sendfriend_log` (
  `log_id` int(10) unsigned NOT NULL AUTO_INCREMENT COMMENT 'Log ID',
  `ip` bigint(20) unsigned NOT NULL DEFAULT '0' COMMENT 'Customer IP address',
  `time` int(10) unsigned NOT NULL DEFAULT '0' COMMENT 'Log time',
  `website_id` smallint(5) unsigned NOT NULL DEFAULT '0' COMMENT 'Website ID',
  PRIMARY KEY (`log_id`),
  KEY `IDX_SENDFRIEND_LOG_IP` (`ip`),
  KEY `IDX_SENDFRIEND_LOG_TIME` (`time`)
) ENGINE=InnoDB DEFAULT CHARSET=utf8 COMMENT='Send to friend function log storage table';

--
-- Dumping data for table `sendfriend_log`
--


--
-- Table structure for table `shipping_tablerate`
--

CREATE TABLE `shipping_tablerate` (
  `pk` int(10) unsigned NOT NULL AUTO_INCREMENT COMMENT 'Primary key',
  `website_id` int(11) NOT NULL DEFAULT '0' COMMENT 'Website Id',
  `dest_country_id` varchar(4) NOT NULL DEFAULT '0' COMMENT 'Destination coutry ISO/2 or ISO/3 code',
  `dest_region_id` int(11) NOT NULL DEFAULT '0' COMMENT 'Destination Region Id',
  `dest_zip` varchar(10) NOT NULL DEFAULT '*' COMMENT 'Destination Post Code (Zip)',
  `condition_name` varchar(20) NOT NULL COMMENT 'Rate Condition name',
  `condition_value` decimal(12,4) NOT NULL DEFAULT '0.0000' COMMENT 'Rate condition value',
  `price` decimal(12,4) NOT NULL DEFAULT '0.0000' COMMENT 'Price',
  `cost` decimal(12,4) NOT NULL DEFAULT '0.0000' COMMENT 'Cost',
  PRIMARY KEY (`pk`),
  UNIQUE KEY `D60821CDB2AFACEE1566CFC02D0D4CAA` (`website_id`,`dest_country_id`,`dest_region_id`,`dest_zip`,`condition_name`,`condition_value`)
) ENGINE=InnoDB DEFAULT CHARSET=utf8 COMMENT='Shipping Tablerate';

--
-- Dumping data for table `shipping_tablerate`
--


--
-- Table structure for table `sitemap`
--

CREATE TABLE `sitemap` (
  `sitemap_id` int(10) unsigned NOT NULL AUTO_INCREMENT COMMENT 'Sitemap Id',
  `sitemap_type` varchar(32) DEFAULT NULL COMMENT 'Sitemap Type',
  `sitemap_filename` varchar(32) DEFAULT NULL COMMENT 'Sitemap Filename',
  `sitemap_path` varchar(255) DEFAULT NULL COMMENT 'Sitemap Path',
  `sitemap_time` timestamp NULL DEFAULT NULL COMMENT 'Sitemap Time',
  `store_id` smallint(5) unsigned NOT NULL DEFAULT '0' COMMENT 'Store id',
  PRIMARY KEY (`sitemap_id`),
  KEY `IDX_SITEMAP_STORE_ID` (`store_id`),
  CONSTRAINT `FK_SITEMAP_STORE_ID_CORE_STORE_STORE_ID` FOREIGN KEY (`store_id`) REFERENCES `core_store` (`store_id`) ON DELETE CASCADE ON UPDATE CASCADE
) ENGINE=InnoDB DEFAULT CHARSET=utf8 COMMENT='Google Sitemap';

--
-- Dumping data for table `sitemap`
--


--
-- Table structure for table `tag`
--

CREATE TABLE `tag` (
  `tag_id` int(10) unsigned NOT NULL AUTO_INCREMENT COMMENT 'Tag Id',
  `name` varchar(255) DEFAULT NULL COMMENT 'Name',
  `status` smallint(6) NOT NULL DEFAULT '0' COMMENT 'Status',
  `first_customer_id` int(10) unsigned DEFAULT NULL COMMENT 'First Customer Id',
  `first_store_id` smallint(5) unsigned DEFAULT NULL COMMENT 'First Store Id',
  PRIMARY KEY (`tag_id`),
  KEY `FK_TAG_FIRST_CUSTOMER_ID_CUSTOMER_ENTITY_ENTITY_ID` (`first_customer_id`),
  KEY `FK_TAG_FIRST_STORE_ID_CORE_STORE_STORE_ID` (`first_store_id`),
  CONSTRAINT `FK_TAG_FIRST_CUSTOMER_ID_CUSTOMER_ENTITY_ENTITY_ID` FOREIGN KEY (`first_customer_id`) REFERENCES `customer_entity` (`entity_id`) ON DELETE SET NULL ON UPDATE NO ACTION,
  CONSTRAINT `FK_TAG_FIRST_STORE_ID_CORE_STORE_STORE_ID` FOREIGN KEY (`first_store_id`) REFERENCES `core_store` (`store_id`) ON DELETE SET NULL ON UPDATE NO ACTION
) ENGINE=InnoDB AUTO_INCREMENT=199 DEFAULT CHARSET=utf8 ROW_FORMAT=DYNAMIC COMMENT='Tag';

--
-- Dumping data for table `tag`
--

INSERT INTO `tag` VALUES (1,'bed',1,1,1),(2,'trendy',1,1,1),(3,'wood',1,1,1),(4,'young',1,1,1),(5,'hip',1,1,1),(6,'Excellent',1,1,1),(7,'Furniture',1,1,1),(8,'modern',1,1,1),(9,'pocket',1,1,1),(10,'clean',1,1,1),(11,'apple',1,1,1),(12,'cool',1,1,1),(13,'universal',1,1,1),(14,'clogs',1,1,1),(15,'outdoor',1,1,1),(16,'green',1,1,1),(17,'bones',1,1,1),(18,'pda',1,1,1),(19,'slider',1,1,1),(20,'mobile',1,1,1),(21,'joe',1,1,1),(22,'laces',1,1,1),(23,'Camera',1,1,2),(24,'charger',1,1,2),(25,'Geil',1,1,2),(26,'crackberry',1,1,1),(27,'SEXY',1,1,1),(28,'tight',1,1,1),(29,'Test',1,1,1),(30,'red',1,1,1),(31,'sandals',1,1,1),(32,'design',1,1,1),(33,'ugly',1,1,1),(34,'rubber',1,1,1),(35,'light',1,1,1),(36,'monikas',1,1,1),(37,'t-shirt',1,1,1),(38,'test,',1,1,1),(39,'Sportsshoes',1,1,1),(40,'very',1,1,1),(41,'good',1,1,1),(42,'phone',1,1,1),(43,'favorite',1,1,1),(44,'shoe',1,1,1),(45,'shirt',1,1,1),(46,'monkeybutt',1,1,1),(47,'pizzamonkey',1,1,1),(48,'silver',1,1,1),(49,'black',1,1,1),(50,'sony',1,1,1),(51,'laptop',1,1,1),(52,'compact',1,1,1),(53,'small screen',1,1,1),(54,'tee-shirt',1,1,1),(55,'computer',1,1,1),(56,'shoes',1,1,1),(57,'sandale',1,1,1),(58,'tina',1,1,1),(59,'brown',1,1,1),(60,'lova',1,1,1),(61,'Tag',1,1,1),(62,'toes',-1,1,1),(63,'mniam',1,1,1),(64,'couch',1,1,1),(65,'chair',1,1,1),(66,'sandals,',1,1,1),(67,'blue,',1,1,1),(68,'shoes,',1,1,1),(69,'small',1,1,1),(70,'nice',1,1,1),(71,'badassness',1,1,1),(72,'cellotastic',1,1,1),(73,'macbook',1,1,1),(74,'mac',1,1,1),(75,'thongs',1,1,1),(76,'bla',1,1,3),(77,'notebook',1,1,2),(78,'phonex',1,1,1),(79,'süper',1,1,1),(80,'testing',1,1,1),(81,'awesome',1,1,1),(82,'holeys',1,1,1),(83,'Innovate',1,1,1),(84,'buenisimo',1,1,1),(85,'laptopik',1,1,1),(86,'rouge',1,1,1),(87,'modern,',1,1,1),(88,'moderne',1,1,1),(89,'blue',1,1,1),(90,'sandally',1,1,1),(91,'zoom',1,1,1),(92,'amazing',1,1,1),(93,'acer',1,1,1),(94,'portable',1,1,1),(95,'nippley',1,1,1),(96,'headless',1,1,1),(97,'prettyboy',1,1,1),(98,'grey',1,1,1),(99,'pouffe',1,1,1),(100,'teste',1,1,1),(101,'photography',1,1,1),(102,'handy',1,1,2),(103,'strange',1,1,2),(104,'skeleton',1,1,2),(105,'terry\'s',1,1,1),(106,'green,',1,1,1),(107,'sexy,',1,1,1),(108,'hi',1,1,1),(109,'Hohoho',1,1,2),(110,'Image',1,1,1),(111,'canape',1,1,1),(112,'chic',1,1,1),(113,'dresser',1,1,1),(114,'lens',1,1,1),(115,'schoen',1,1,1),(116,'golf',1,1,1),(117,'philip',1,1,1),(118,'coconut',1,1,1),(119,'mytag',1,1,1),(120,'mesas',1,1,1),(121,'hideous',1,1,1),(122,'mystuff',1,1,1),(123,'user',1,1,1),(124,'shittt',1,1,1),(125,'sex',1,1,1),(126,'sucks',1,1,1),(127,'whynot',1,1,3),(128,'camera-photo',1,1,3),(129,'wow',1,1,1),(130,'kzyhu',1,1,1),(131,'badminded',1,1,2),(132,'noerd',1,1,2),(133,'square',1,1,1),(134,'beach',1,1,1),(135,'Core Duo',1,1,1),(136,'spray',1,1,1),(137,'paint',1,1,1),(138,'tempos',1,1,1),(139,'teacher',1,1,1),(140,'ATT',1,1,1),(141,'BlackBerry',1,1,1),(142,'gadget',1,1,1),(143,'pas',1,1,3),(144,'mal',1,1,3),(145,'SMUKKE',1,1,1),(146,'kurti',1,1,1),(147,'larum',1,1,1),(148,'try',1,0,0),(149,'WAAAAAOOO',1,1,1),(150,'portatil',1,1,1),(151,'CRAPOTO',1,1,3),(152,'Kamera,',1,1,2),(153,'Camera,',1,1,2),(154,'Olympus',1,1,2),(155,'Nine',1,1,1),(156,'West',1,1,1),(157,'Women\'s',1,1,1),(158,'Lucero',1,1,1),(159,'Pump',1,1,1),(160,'Web',1,1,1),(161,'browser',1,1,1),(162,'content,',1,1,1),(163,'messaging',1,1,1),(164,'sessions,',1,1,1),(165,'and',-1,1,1),(166,'attachments.',1,1,1),(167,'Anashria',1,1,1),(168,'Womens',1,1,1),(169,'Premier',1,1,1),(170,'Leather',1,1,1),(171,'Sandal',1,1,1),(172,'arbeit',-1,1,2),(173,'crap',1,1,1),(174,'Walkman',1,1,1),(175,'gift',1,1,1),(176,'for',-1,1,1),(177,'her',1,1,1),(178,'Hupe',1,1,1),(179,'sleek',-1,1,1),(180,'samsung',1,1,1),(181,'footrest',1,1,1),(182,'shit',1,1,1),(183,'jogging',1,1,1),(184,'cool t-shirt',1,1,1),(185,'must get',1,1,1),(186,'bright',1,1,2),(187,'cellphone',1,1,1),(188,'comfort',1,1,3),(189,'ferrari',1,1,1),(190,'shiny',1,1,1),(191,'toll',1,1,1),(192,'warm',1,1,1),(193,'SOFA',1,1,1),(194,'fast',1,1,1),(195,'emo',1,1,1),(196,'smart',1,1,1),(197,'Canon',1,1,3),(198,'appletoys',1,1,1);

--
-- Table structure for table `tag_properties`
--

CREATE TABLE `tag_properties` (
  `tag_id` int(10) unsigned NOT NULL DEFAULT '0' COMMENT 'Tag Id',
  `store_id` smallint(5) unsigned NOT NULL DEFAULT '0' COMMENT 'Store Id',
  `base_popularity` int(10) unsigned NOT NULL DEFAULT '0' COMMENT 'Base Popularity',
  PRIMARY KEY (`tag_id`,`store_id`),
  KEY `IDX_TAG_PROPERTIES_STORE_ID` (`store_id`),
  CONSTRAINT `FK_TAG_PROPERTIES_STORE_ID_CORE_STORE_STORE_ID` FOREIGN KEY (`store_id`) REFERENCES `core_store` (`store_id`) ON DELETE CASCADE ON UPDATE CASCADE,
  CONSTRAINT `FK_TAG_PROPERTIES_TAG_ID_TAG_TAG_ID` FOREIGN KEY (`tag_id`) REFERENCES `tag` (`tag_id`) ON DELETE CASCADE ON UPDATE CASCADE
) ENGINE=InnoDB DEFAULT CHARSET=utf8 COMMENT='Tag Properties';

--
-- Dumping data for table `tag_properties`
--


--
-- Table structure for table `tag_relation`
--

CREATE TABLE `tag_relation` (
  `tag_relation_id` int(10) unsigned NOT NULL AUTO_INCREMENT COMMENT 'Tag Relation Id',
  `tag_id` int(10) unsigned NOT NULL DEFAULT '0' COMMENT 'Tag Id',
  `customer_id` int(10) unsigned DEFAULT NULL COMMENT 'Customer Id',
  `product_id` int(10) unsigned NOT NULL DEFAULT '0' COMMENT 'Product Id',
  `store_id` smallint(5) unsigned NOT NULL DEFAULT '1' COMMENT 'Store Id',
  `active` smallint(5) unsigned NOT NULL DEFAULT '1' COMMENT 'Active',
  `created_at` timestamp NULL DEFAULT NULL COMMENT 'Created At',
  PRIMARY KEY (`tag_relation_id`),
  UNIQUE KEY `UNQ_TAG_RELATION_TAG_ID_CUSTOMER_ID_PRODUCT_ID_STORE_ID` (`tag_id`,`customer_id`,`product_id`,`store_id`),
  KEY `IDX_TAG_RELATION_PRODUCT_ID` (`product_id`),
  KEY `IDX_TAG_RELATION_TAG_ID` (`tag_id`),
  KEY `IDX_TAG_RELATION_CUSTOMER_ID` (`customer_id`),
  KEY `IDX_TAG_RELATION_STORE_ID` (`store_id`),
  CONSTRAINT `FK_TAG_RELATION_CUSTOMER_ID_CUSTOMER_ENTITY_ENTITY_ID` FOREIGN KEY (`customer_id`) REFERENCES `customer_entity` (`entity_id`) ON DELETE CASCADE ON UPDATE CASCADE,
  CONSTRAINT `FK_TAG_RELATION_PRODUCT_ID_CATALOG_PRODUCT_ENTITY_ENTITY_ID` FOREIGN KEY (`product_id`) REFERENCES `catalog_product_entity` (`entity_id`) ON DELETE CASCADE ON UPDATE CASCADE,
  CONSTRAINT `FK_TAG_RELATION_STORE_ID_CORE_STORE_STORE_ID` FOREIGN KEY (`store_id`) REFERENCES `core_store` (`store_id`) ON DELETE CASCADE ON UPDATE CASCADE,
  CONSTRAINT `FK_TAG_RELATION_TAG_ID_TAG_TAG_ID` FOREIGN KEY (`tag_id`) REFERENCES `tag` (`tag_id`) ON DELETE CASCADE ON UPDATE CASCADE
) ENGINE=InnoDB DEFAULT CHARSET=utf8 COMMENT='Tag Relation';

--
-- Dumping data for table `tag_relation`
--


--
-- Table structure for table `tag_summary`
--

CREATE TABLE `tag_summary` (
  `tag_id` int(10) unsigned NOT NULL DEFAULT '0' COMMENT 'Tag Id',
  `store_id` smallint(5) unsigned NOT NULL DEFAULT '0' COMMENT 'Store Id',
  `customers` int(10) unsigned NOT NULL DEFAULT '0' COMMENT 'Customers',
  `products` int(10) unsigned NOT NULL DEFAULT '0' COMMENT 'Products',
  `uses` int(10) unsigned NOT NULL DEFAULT '0' COMMENT 'Uses',
  `historical_uses` int(10) unsigned NOT NULL DEFAULT '0' COMMENT 'Historical Uses',
  `popularity` int(10) unsigned NOT NULL DEFAULT '0' COMMENT 'Popularity',
  `base_popularity` int(10) unsigned NOT NULL DEFAULT '0' COMMENT 'Base Popularity',
  PRIMARY KEY (`tag_id`,`store_id`),
  KEY `IDX_TAG_SUMMARY_STORE_ID` (`store_id`),
  KEY `IDX_TAG_SUMMARY_TAG_ID` (`tag_id`),
  CONSTRAINT `FK_TAG_SUMMARY_STORE_ID_CORE_STORE_STORE_ID` FOREIGN KEY (`store_id`) REFERENCES `core_store` (`store_id`) ON DELETE CASCADE ON UPDATE CASCADE,
  CONSTRAINT `FK_TAG_SUMMARY_TAG_ID_TAG_TAG_ID` FOREIGN KEY (`tag_id`) REFERENCES `tag` (`tag_id`) ON DELETE CASCADE ON UPDATE CASCADE
) ENGINE=InnoDB DEFAULT CHARSET=utf8 COMMENT='Tag Summary';

--
-- Dumping data for table `tag_summary`
--


--
-- Table structure for table `tax_calculation`
--

CREATE TABLE `tax_calculation` (
  `tax_calculation_rate_id` int(11) NOT NULL COMMENT 'Tax Calculation Rate Id',
  `tax_calculation_rule_id` int(11) NOT NULL COMMENT 'Tax Calculation Rule Id',
  `customer_tax_class_id` smallint(6) NOT NULL COMMENT 'Customer Tax Class Id',
  `product_tax_class_id` smallint(6) NOT NULL COMMENT 'Product Tax Class Id',
  `tax_calculation_id` int(11) NOT NULL AUTO_INCREMENT COMMENT 'Tax Calculation Id',
  PRIMARY KEY (`tax_calculation_id`),
  KEY `IDX_TAX_CALCULATION_TAX_CALCULATION_RULE_ID` (`tax_calculation_rule_id`),
  KEY `IDX_TAX_CALCULATION_TAX_CALCULATION_RATE_ID` (`tax_calculation_rate_id`),
  KEY `IDX_TAX_CALCULATION_CUSTOMER_TAX_CLASS_ID` (`customer_tax_class_id`),
  KEY `IDX_TAX_CALCULATION_PRODUCT_TAX_CLASS_ID` (`product_tax_class_id`),
  KEY `IDX_TAX_CALC_TAX_CALC_RATE_ID_CSTR_TAX_CLASS_ID_PRD_TAX_CLASS_ID` (`tax_calculation_rate_id`,`customer_tax_class_id`,`product_tax_class_id`),
  CONSTRAINT `FK_TAX_CALCULATION_CUSTOMER_TAX_CLASS_ID_TAX_CLASS_CLASS_ID` FOREIGN KEY (`customer_tax_class_id`) REFERENCES `tax_class` (`class_id`) ON DELETE CASCADE ON UPDATE CASCADE,
  CONSTRAINT `FK_TAX_CALCULATION_PRODUCT_TAX_CLASS_ID_TAX_CLASS_CLASS_ID` FOREIGN KEY (`product_tax_class_id`) REFERENCES `tax_class` (`class_id`) ON DELETE CASCADE ON UPDATE CASCADE,
  CONSTRAINT `FK_TAX_CALC_TAX_CALC_RATE_ID_TAX_CALC_RATE_TAX_CALC_RATE_ID` FOREIGN KEY (`tax_calculation_rate_id`) REFERENCES `tax_calculation_rate` (`tax_calculation_rate_id`) ON DELETE CASCADE ON UPDATE CASCADE,
  CONSTRAINT `FK_TAX_CALC_TAX_CALC_RULE_ID_TAX_CALC_RULE_TAX_CALC_RULE_ID` FOREIGN KEY (`tax_calculation_rule_id`) REFERENCES `tax_calculation_rule` (`tax_calculation_rule_id`) ON DELETE CASCADE ON UPDATE CASCADE
) ENGINE=InnoDB AUTO_INCREMENT=5 DEFAULT CHARSET=utf8 COMMENT='Tax Calculation';

--
-- Dumping data for table `tax_calculation`
--

INSERT INTO `tax_calculation` VALUES (1,2,3,1,1),(2,2,3,1,2),(1,1,3,2,3),(2,1,3,2,4);

--
-- Table structure for table `tax_calculation_rate`
--

CREATE TABLE `tax_calculation_rate` (
  `tax_calculation_rate_id` int(11) NOT NULL AUTO_INCREMENT COMMENT 'Tax Calculation Rate Id',
  `tax_country_id` varchar(2) NOT NULL COMMENT 'Tax Country Id',
  `tax_region_id` int(11) NOT NULL COMMENT 'Tax Region Id',
  `tax_postcode` varchar(21) DEFAULT NULL COMMENT 'Tax Postcode',
  `code` varchar(255) NOT NULL COMMENT 'Code',
  `rate` decimal(12,4) NOT NULL DEFAULT '0.0000' COMMENT 'Rate',
  `zip_is_range` smallint(6) DEFAULT NULL COMMENT 'Zip Is Range',
  `zip_from` int(10) unsigned DEFAULT NULL COMMENT 'Zip From',
  `zip_to` int(10) unsigned DEFAULT NULL COMMENT 'Zip To',
  PRIMARY KEY (`tax_calculation_rate_id`),
  KEY `IDX_TAX_CALC_RATE_TAX_COUNTRY_ID_TAX_REGION_ID_TAX_POSTCODE` (`tax_country_id`,`tax_region_id`,`tax_postcode`),
  KEY `IDX_TAX_CALCULATION_RATE_CODE` (`code`),
  KEY `CA799F1E2CB843495F601E56C84A626D` (`tax_calculation_rate_id`,`tax_country_id`,`tax_region_id`,`zip_is_range`,`tax_postcode`)
) ENGINE=InnoDB AUTO_INCREMENT=3 DEFAULT CHARSET=utf8 COMMENT='Tax Calculation Rate';

--
-- Dumping data for table `tax_calculation_rate`
--

INSERT INTO `tax_calculation_rate` VALUES (1,'US',12,'*','US-CA-*-Rate 1',8.2500,NULL,NULL,NULL),(2,'US',43,'*','US-NY-*-Rate 1',8.3750,NULL,NULL,NULL);

--
-- Table structure for table `tax_calculation_rate_title`
--

CREATE TABLE `tax_calculation_rate_title` (
  `tax_calculation_rate_title_id` int(11) NOT NULL AUTO_INCREMENT COMMENT 'Tax Calculation Rate Title Id',
  `tax_calculation_rate_id` int(11) NOT NULL COMMENT 'Tax Calculation Rate Id',
  `store_id` smallint(5) unsigned NOT NULL COMMENT 'Store Id',
  `value` varchar(255) NOT NULL COMMENT 'Value',
  PRIMARY KEY (`tax_calculation_rate_title_id`),
  KEY `IDX_TAX_CALCULATION_RATE_TITLE_TAX_CALCULATION_RATE_ID_STORE_ID` (`tax_calculation_rate_id`,`store_id`),
  KEY `IDX_TAX_CALCULATION_RATE_TITLE_TAX_CALCULATION_RATE_ID` (`tax_calculation_rate_id`),
  KEY `IDX_TAX_CALCULATION_RATE_TITLE_STORE_ID` (`store_id`),
  CONSTRAINT `FK_37FB965F786AD5897BB3AE90470C42AB` FOREIGN KEY (`tax_calculation_rate_id`) REFERENCES `tax_calculation_rate` (`tax_calculation_rate_id`) ON DELETE CASCADE ON UPDATE CASCADE,
  CONSTRAINT `FK_TAX_CALCULATION_RATE_TITLE_STORE_ID_CORE_STORE_STORE_ID` FOREIGN KEY (`store_id`) REFERENCES `core_store` (`store_id`) ON DELETE CASCADE ON UPDATE CASCADE
) ENGINE=InnoDB DEFAULT CHARSET=utf8 COMMENT='Tax Calculation Rate Title';

--
-- Dumping data for table `tax_calculation_rate_title`
--


--
-- Table structure for table `tax_calculation_rule`
--

CREATE TABLE `tax_calculation_rule` (
  `tax_calculation_rule_id` int(11) NOT NULL AUTO_INCREMENT COMMENT 'Tax Calculation Rule Id',
  `code` varchar(255) NOT NULL COMMENT 'Code',
  `priority` int(11) NOT NULL COMMENT 'Priority',
  `position` int(11) NOT NULL COMMENT 'Position',
  `calculate_subtotal` int(11) NOT NULL COMMENT 'Calculate off subtotal option',
  PRIMARY KEY (`tax_calculation_rule_id`),
  KEY `IDX_TAX_CALC_RULE_PRIORITY_POSITION_TAX_CALC_RULE_ID` (`priority`,`position`,`tax_calculation_rule_id`),
  KEY `IDX_TAX_CALCULATION_RULE_CODE` (`code`)
) ENGINE=InnoDB AUTO_INCREMENT=3 DEFAULT CHARSET=utf8 COMMENT='Tax Calculation Rule';

--
-- Dumping data for table `tax_calculation_rule`
--

INSERT INTO `tax_calculation_rule` VALUES (1,'Retail Customer-Taxable Goods-Rate 1',1,1,0),(2,'Retail Customer-default-Rate 1',1,1,0);

--
-- Table structure for table `tax_class`
--

CREATE TABLE `tax_class` (
  `class_id` smallint(6) NOT NULL AUTO_INCREMENT COMMENT 'Class Id',
  `class_name` varchar(255) NOT NULL COMMENT 'Class Name',
  `class_type` varchar(8) NOT NULL DEFAULT 'CUSTOMER' COMMENT 'Class Type',
  PRIMARY KEY (`class_id`)
) ENGINE=InnoDB AUTO_INCREMENT=5 DEFAULT CHARSET=utf8 COMMENT='Tax Class';

--
-- Dumping data for table `tax_class`
--

INSERT INTO `tax_class` VALUES (1,'default','PRODUCT'),(2,'Taxable Goods','PRODUCT'),(3,'Retail Customer','CUSTOMER'),(4,'Shipping','PRODUCT');

--
-- Table structure for table `tax_order_aggregated_created`
--

CREATE TABLE `tax_order_aggregated_created` (
  `id` int(10) unsigned NOT NULL AUTO_INCREMENT COMMENT 'Id',
  `period` date DEFAULT NULL COMMENT 'Period',
  `store_id` smallint(5) unsigned DEFAULT NULL COMMENT 'Store Id',
  `code` varchar(255) NOT NULL COMMENT 'Code',
  `order_status` varchar(50) NOT NULL COMMENT 'Order Status',
  `percent` float DEFAULT NULL COMMENT 'Percent',
  `orders_count` int(10) unsigned NOT NULL DEFAULT '0' COMMENT 'Orders Count',
  `tax_base_amount_sum` float DEFAULT NULL COMMENT 'Tax Base Amount Sum',
  PRIMARY KEY (`id`),
  UNIQUE KEY `FCA5E2C02689EB2641B30580D7AACF12` (`period`,`store_id`,`code`,`percent`,`order_status`),
  KEY `IDX_TAX_ORDER_AGGREGATED_CREATED_STORE_ID` (`store_id`),
  CONSTRAINT `FK_TAX_ORDER_AGGREGATED_CREATED_STORE_ID_CORE_STORE_STORE_ID` FOREIGN KEY (`store_id`) REFERENCES `core_store` (`store_id`) ON DELETE CASCADE ON UPDATE CASCADE
) ENGINE=InnoDB DEFAULT CHARSET=utf8 COMMENT='Tax Order Aggregation';

--
-- Dumping data for table `tax_order_aggregated_created`
--


--
-- Table structure for table `tax_order_aggregated_updated`
--

CREATE TABLE `tax_order_aggregated_updated` (
  `id` int(10) unsigned NOT NULL AUTO_INCREMENT COMMENT 'Id',
  `period` date DEFAULT NULL COMMENT 'Period',
  `store_id` smallint(5) unsigned DEFAULT NULL COMMENT 'Store Id',
  `code` varchar(255) NOT NULL COMMENT 'Code',
  `order_status` varchar(50) NOT NULL COMMENT 'Order Status',
  `percent` float DEFAULT NULL COMMENT 'Percent',
  `orders_count` int(10) unsigned NOT NULL DEFAULT '0' COMMENT 'Orders Count',
  `tax_base_amount_sum` float DEFAULT NULL COMMENT 'Tax Base Amount Sum',
  PRIMARY KEY (`id`),
  UNIQUE KEY `DB0AF14011199AA6CD31D5078B90AA8D` (`period`,`store_id`,`code`,`percent`,`order_status`),
  KEY `IDX_TAX_ORDER_AGGREGATED_UPDATED_STORE_ID` (`store_id`),
  CONSTRAINT `FK_TAX_ORDER_AGGREGATED_UPDATED_STORE_ID_CORE_STORE_STORE_ID` FOREIGN KEY (`store_id`) REFERENCES `core_store` (`store_id`) ON DELETE CASCADE ON UPDATE CASCADE
) ENGINE=InnoDB DEFAULT CHARSET=utf8 COMMENT='Tax Order Aggregated Updated';

--
-- Dumping data for table `tax_order_aggregated_updated`
--


--
-- Table structure for table `weee_discount`
--

CREATE TABLE `weee_discount` (
  `entity_id` int(10) unsigned NOT NULL DEFAULT '0' COMMENT 'Entity Id',
  `website_id` smallint(5) unsigned NOT NULL DEFAULT '0' COMMENT 'Website Id',
  `customer_group_id` smallint(5) unsigned NOT NULL COMMENT 'Customer Group Id',
  `value` decimal(12,4) NOT NULL DEFAULT '0.0000' COMMENT 'Value',
  KEY `IDX_WEEE_DISCOUNT_WEBSITE_ID` (`website_id`),
  KEY `IDX_WEEE_DISCOUNT_ENTITY_ID` (`entity_id`),
  KEY `IDX_WEEE_DISCOUNT_CUSTOMER_GROUP_ID` (`customer_group_id`),
  CONSTRAINT `FK_WEEE_DISCOUNT_CSTR_GROUP_ID_CSTR_GROUP_CSTR_GROUP_ID` FOREIGN KEY (`customer_group_id`) REFERENCES `customer_group` (`customer_group_id`) ON DELETE CASCADE ON UPDATE CASCADE,
  CONSTRAINT `FK_WEEE_DISCOUNT_ENTITY_ID_CATALOG_PRODUCT_ENTITY_ENTITY_ID` FOREIGN KEY (`entity_id`) REFERENCES `catalog_product_entity` (`entity_id`) ON DELETE CASCADE ON UPDATE CASCADE,
  CONSTRAINT `FK_WEEE_DISCOUNT_WEBSITE_ID_CORE_WEBSITE_WEBSITE_ID` FOREIGN KEY (`website_id`) REFERENCES `core_website` (`website_id`) ON DELETE CASCADE ON UPDATE CASCADE
) ENGINE=InnoDB DEFAULT CHARSET=utf8 COMMENT='Weee Discount';

--
-- Dumping data for table `weee_discount`
--


--
-- Table structure for table `weee_tax`
--

CREATE TABLE `weee_tax` (
  `value_id` int(11) NOT NULL AUTO_INCREMENT COMMENT 'Value Id',
  `website_id` smallint(5) unsigned NOT NULL DEFAULT '0' COMMENT 'Website Id',
  `entity_id` int(10) unsigned NOT NULL DEFAULT '0' COMMENT 'Entity Id',
  `country` varchar(2) DEFAULT NULL COMMENT 'Country',
  `value` decimal(12,4) NOT NULL DEFAULT '0.0000' COMMENT 'Value',
  `state` varchar(255) NOT NULL DEFAULT '*' COMMENT 'State',
  `attribute_id` smallint(5) unsigned NOT NULL COMMENT 'Attribute Id',
  `entity_type_id` smallint(5) unsigned NOT NULL COMMENT 'Entity Type Id',
  PRIMARY KEY (`value_id`),
  KEY `IDX_WEEE_TAX_WEBSITE_ID` (`website_id`),
  KEY `IDX_WEEE_TAX_ENTITY_ID` (`entity_id`),
  KEY `IDX_WEEE_TAX_COUNTRY` (`country`),
  KEY `IDX_WEEE_TAX_ATTRIBUTE_ID` (`attribute_id`),
  CONSTRAINT `FK_WEEE_TAX_ATTRIBUTE_ID_EAV_ATTRIBUTE_ATTRIBUTE_ID` FOREIGN KEY (`attribute_id`) REFERENCES `eav_attribute` (`attribute_id`) ON DELETE CASCADE ON UPDATE CASCADE,
  CONSTRAINT `FK_WEEE_TAX_COUNTRY_DIRECTORY_COUNTRY_COUNTRY_ID` FOREIGN KEY (`country`) REFERENCES `directory_country` (`country_id`) ON DELETE CASCADE ON UPDATE CASCADE,
  CONSTRAINT `FK_WEEE_TAX_ENTITY_ID_CATALOG_PRODUCT_ENTITY_ENTITY_ID` FOREIGN KEY (`entity_id`) REFERENCES `catalog_product_entity` (`entity_id`) ON DELETE CASCADE ON UPDATE CASCADE,
  CONSTRAINT `FK_WEEE_TAX_WEBSITE_ID_CORE_WEBSITE_WEBSITE_ID` FOREIGN KEY (`website_id`) REFERENCES `core_website` (`website_id`) ON DELETE CASCADE ON UPDATE CASCADE
) ENGINE=InnoDB DEFAULT CHARSET=utf8 COMMENT='Weee Tax';

--
-- Dumping data for table `weee_tax`
--


--
-- Table structure for table `widget`
--

CREATE TABLE `widget` (
  `widget_id` int(10) unsigned NOT NULL AUTO_INCREMENT COMMENT 'Widget Id',
  `widget_code` varchar(255) DEFAULT NULL COMMENT 'Widget code for template directive',
  `widget_type` varchar(255) DEFAULT NULL COMMENT 'Widget Type',
  `parameters` text COMMENT 'Parameters',
  PRIMARY KEY (`widget_id`),
  KEY `IDX_WIDGET_WIDGET_CODE` (`widget_code`)
) ENGINE=InnoDB DEFAULT CHARSET=utf8 COMMENT='Preconfigured Widgets';

--
-- Dumping data for table `widget`
--


--
-- Table structure for table `widget_instance`
--

CREATE TABLE `widget_instance` (
  `instance_id` int(10) unsigned NOT NULL AUTO_INCREMENT COMMENT 'Instance Id',
  `instance_type` varchar(255) DEFAULT NULL COMMENT 'Instance Type',
  `package_theme` varchar(255) DEFAULT NULL COMMENT 'Package Theme',
  `title` varchar(255) DEFAULT NULL COMMENT 'Widget Title',
  `store_ids` varchar(255) NOT NULL DEFAULT '0' COMMENT 'Store ids',
  `widget_parameters` text COMMENT 'Widget parameters',
  `sort_order` smallint(5) unsigned NOT NULL DEFAULT '0' COMMENT 'Sort order',
  PRIMARY KEY (`instance_id`)
) ENGINE=InnoDB DEFAULT CHARSET=utf8 COMMENT='Instances of Widget for Package Theme';

--
-- Dumping data for table `widget_instance`
--


--
-- Table structure for table `widget_instance_page`
--

CREATE TABLE `widget_instance_page` (
  `page_id` int(10) unsigned NOT NULL AUTO_INCREMENT COMMENT 'Page Id',
  `instance_id` int(10) unsigned NOT NULL DEFAULT '0' COMMENT 'Instance Id',
  `page_group` varchar(25) DEFAULT NULL COMMENT 'Block Group Type',
  `layout_handle` varchar(255) DEFAULT NULL COMMENT 'Layout Handle',
  `block_reference` varchar(255) DEFAULT NULL COMMENT 'Block Reference',
  `page_for` varchar(25) DEFAULT NULL COMMENT 'For instance entities',
  `entities` text COMMENT 'Catalog entities (comma separated)',
  `page_template` varchar(255) DEFAULT NULL COMMENT 'Path to widget template',
  PRIMARY KEY (`page_id`),
  KEY `IDX_WIDGET_INSTANCE_PAGE_INSTANCE_ID` (`instance_id`),
  CONSTRAINT `FK_WIDGET_INSTANCE_PAGE_INSTANCE_ID_WIDGET_INSTANCE_INSTANCE_ID` FOREIGN KEY (`instance_id`) REFERENCES `widget_instance` (`instance_id`) ON DELETE CASCADE ON UPDATE CASCADE
) ENGINE=InnoDB DEFAULT CHARSET=utf8 COMMENT='Instance of Widget on Page';

--
-- Dumping data for table `widget_instance_page`
--


--
-- Table structure for table `widget_instance_page_layout`
--

CREATE TABLE `widget_instance_page_layout` (
  `page_id` int(10) unsigned NOT NULL DEFAULT '0' COMMENT 'Page Id',
  `layout_update_id` int(10) unsigned NOT NULL DEFAULT '0' COMMENT 'Layout Update Id',
  UNIQUE KEY `UNQ_WIDGET_INSTANCE_PAGE_LAYOUT_LAYOUT_UPDATE_ID_PAGE_ID` (`layout_update_id`,`page_id`),
  KEY `IDX_WIDGET_INSTANCE_PAGE_LAYOUT_PAGE_ID` (`page_id`),
  KEY `IDX_WIDGET_INSTANCE_PAGE_LAYOUT_LAYOUT_UPDATE_ID` (`layout_update_id`),
  CONSTRAINT `FK_0A5D06DCEC6A6845F50E5FAAC5A1C96D` FOREIGN KEY (`layout_update_id`) REFERENCES `core_layout_update` (`layout_update_id`) ON DELETE CASCADE ON UPDATE CASCADE,
  CONSTRAINT `FK_WIDGET_INSTANCE_PAGE_LYT_PAGE_ID_WIDGET_INSTANCE_PAGE_PAGE_ID` FOREIGN KEY (`page_id`) REFERENCES `widget_instance_page` (`page_id`) ON DELETE CASCADE ON UPDATE CASCADE
) ENGINE=InnoDB DEFAULT CHARSET=utf8 COMMENT='Layout updates';

--
-- Dumping data for table `widget_instance_page_layout`
--


--
-- Table structure for table `wishlist`
--

CREATE TABLE `wishlist` (
  `wishlist_id` int(10) unsigned NOT NULL AUTO_INCREMENT COMMENT 'Wishlist ID',
  `customer_id` int(10) unsigned NOT NULL DEFAULT '0' COMMENT 'Customer ID',
  `shared` smallint(5) unsigned NOT NULL DEFAULT '0' COMMENT 'Sharing flag (0 or 1)',
  `sharing_code` varchar(32) DEFAULT NULL COMMENT 'Sharing encrypted code',
  `updated_at` timestamp NULL DEFAULT NULL COMMENT 'Last updated date',
  PRIMARY KEY (`wishlist_id`),
  UNIQUE KEY `UNQ_WISHLIST_CUSTOMER_ID` (`customer_id`),
  KEY `IDX_WISHLIST_SHARED` (`shared`),
  CONSTRAINT `FK_WISHLIST_CUSTOMER_ID_CUSTOMER_ENTITY_ENTITY_ID` FOREIGN KEY (`customer_id`) REFERENCES `customer_entity` (`entity_id`) ON DELETE CASCADE ON UPDATE CASCADE
) ENGINE=InnoDB DEFAULT CHARSET=utf8 ROW_FORMAT=DYNAMIC COMMENT='Wishlist main Table';

--
-- Dumping data for table `wishlist`
--


--
-- Table structure for table `wishlist_item`
--

CREATE TABLE `wishlist_item` (
  `wishlist_item_id` int(10) unsigned NOT NULL AUTO_INCREMENT COMMENT 'Wishlist item ID',
  `wishlist_id` int(10) unsigned NOT NULL DEFAULT '0' COMMENT 'Wishlist ID',
  `product_id` int(10) unsigned NOT NULL DEFAULT '0' COMMENT 'Product ID',
  `store_id` smallint(5) unsigned DEFAULT NULL COMMENT 'Store ID',
  `added_at` timestamp NULL DEFAULT NULL COMMENT 'Add date and time',
  `description` text COMMENT 'Short description of wish list item',
  `qty` decimal(12,4) NOT NULL COMMENT 'Qty',
  PRIMARY KEY (`wishlist_item_id`),
  KEY `IDX_WISHLIST_ITEM_WISHLIST_ID` (`wishlist_id`),
  KEY `IDX_WISHLIST_ITEM_PRODUCT_ID` (`product_id`),
  KEY `IDX_WISHLIST_ITEM_STORE_ID` (`store_id`),
  CONSTRAINT `FK_WISHLIST_ITEM_PRODUCT_ID_CATALOG_PRODUCT_ENTITY_ENTITY_ID` FOREIGN KEY (`product_id`) REFERENCES `catalog_product_entity` (`entity_id`) ON DELETE CASCADE ON UPDATE CASCADE,
  CONSTRAINT `FK_WISHLIST_ITEM_STORE_ID_CORE_STORE_STORE_ID` FOREIGN KEY (`store_id`) REFERENCES `core_store` (`store_id`) ON DELETE SET NULL ON UPDATE CASCADE,
  CONSTRAINT `FK_WISHLIST_ITEM_WISHLIST_ID_WISHLIST_WISHLIST_ID` FOREIGN KEY (`wishlist_id`) REFERENCES `wishlist` (`wishlist_id`) ON DELETE CASCADE ON UPDATE CASCADE
) ENGINE=InnoDB DEFAULT CHARSET=utf8 COMMENT='Wishlist items';

--
-- Dumping data for table `wishlist_item`
--


--
-- Table structure for table `wishlist_item_option`
--

CREATE TABLE `wishlist_item_option` (
  `option_id` int(10) unsigned NOT NULL AUTO_INCREMENT COMMENT 'Option Id',
  `wishlist_item_id` int(10) unsigned NOT NULL COMMENT 'Wishlist Item Id',
  `product_id` int(10) unsigned NOT NULL COMMENT 'Product Id',
  `code` varchar(255) NOT NULL COMMENT 'Code',
  `value` text COMMENT 'Value',
  PRIMARY KEY (`option_id`),
  KEY `FK_A014B30B04B72DD0EAB3EECD779728D6` (`wishlist_item_id`),
  CONSTRAINT `FK_A014B30B04B72DD0EAB3EECD779728D6` FOREIGN KEY (`wishlist_item_id`) REFERENCES `wishlist_item` (`wishlist_item_id`) ON DELETE CASCADE ON UPDATE CASCADE
) ENGINE=InnoDB DEFAULT CHARSET=utf8 COMMENT='Wishlist Item Option Table';

--
-- Dumping data for table `wishlist_item_option`
--


--
-- Table structure for table `xmlconnect_application`
--

CREATE TABLE `xmlconnect_application` (
  `application_id` smallint(5) unsigned NOT NULL AUTO_INCREMENT COMMENT 'Application Id',
  `name` varchar(255) NOT NULL COMMENT 'Application Name',
  `code` varchar(32) NOT NULL COMMENT 'Application Code',
  `type` varchar(32) NOT NULL COMMENT 'Device Type',
  `store_id` smallint(5) unsigned DEFAULT NULL COMMENT 'Store Id',
  `active_from` date DEFAULT NULL COMMENT 'Active From',
  `active_to` date DEFAULT NULL COMMENT 'Active To',
  `updated_at` timestamp NULL DEFAULT NULL COMMENT 'Updated At',
  `status` smallint(5) unsigned NOT NULL DEFAULT '0' COMMENT 'Status',
  `browsing_mode` smallint(5) unsigned DEFAULT '0' COMMENT 'Browsing Mode',
  PRIMARY KEY (`application_id`),
  UNIQUE KEY `UNQ_XMLCONNECT_APPLICATION_CODE` (`code`),
  KEY `FK_XMLCONNECT_APPLICATION_STORE_ID_CORE_STORE_STORE_ID` (`store_id`),
  CONSTRAINT `FK_XMLCONNECT_APPLICATION_STORE_ID_CORE_STORE_STORE_ID` FOREIGN KEY (`store_id`) REFERENCES `core_store` (`store_id`) ON DELETE SET NULL ON UPDATE SET NULL
) ENGINE=InnoDB DEFAULT CHARSET=utf8 COMMENT='Xmlconnect Application';

--
-- Dumping data for table `xmlconnect_application`
--


--
-- Table structure for table `xmlconnect_config_data`
--

CREATE TABLE `xmlconnect_config_data` (
  `application_id` smallint(5) unsigned NOT NULL COMMENT 'Application Id',
  `category` varchar(60) NOT NULL DEFAULT 'default' COMMENT 'Category',
  `path` varchar(250) NOT NULL COMMENT 'Path',
  `value` text NOT NULL COMMENT 'Value',
  UNIQUE KEY `UNQ_XMLCONNECT_CONFIG_DATA_APPLICATION_ID_CATEGORY_PATH` (`application_id`,`category`,`path`),
  CONSTRAINT `FK_31EE36D814216200D7C0723145AC510E` FOREIGN KEY (`application_id`) REFERENCES `xmlconnect_application` (`application_id`) ON DELETE CASCADE ON UPDATE CASCADE
) ENGINE=InnoDB DEFAULT CHARSET=utf8 COMMENT='Xmlconnect Configuration Data';

--
-- Dumping data for table `xmlconnect_config_data`
--


--
-- Table structure for table `xmlconnect_history`
--

CREATE TABLE `xmlconnect_history` (
  `history_id` int(10) unsigned NOT NULL AUTO_INCREMENT COMMENT 'History Id',
  `application_id` smallint(5) unsigned NOT NULL COMMENT 'Application Id',
  `created_at` timestamp NULL DEFAULT NULL COMMENT 'Created At',
  `store_id` smallint(5) unsigned DEFAULT NULL COMMENT 'Store Id',
  `params` blob COMMENT 'Params',
  `title` varchar(200) NOT NULL COMMENT 'Title',
  `activation_key` varchar(255) NOT NULL COMMENT 'Activation Key',
  `name` varchar(255) NOT NULL COMMENT 'Application Name',
  `code` varchar(32) NOT NULL COMMENT 'Application Code',
  PRIMARY KEY (`history_id`),
  KEY `FK_8F08B9513373BC19F49EE3EF8340E270` (`application_id`),
  CONSTRAINT `FK_8F08B9513373BC19F49EE3EF8340E270` FOREIGN KEY (`application_id`) REFERENCES `xmlconnect_application` (`application_id`) ON DELETE CASCADE ON UPDATE CASCADE
) ENGINE=InnoDB DEFAULT CHARSET=utf8 COMMENT='Xmlconnect History';

--
-- Dumping data for table `xmlconnect_history`
--


--
-- Table structure for table `xmlconnect_images`
--

CREATE TABLE `xmlconnect_images` (
  `image_id` int(10) unsigned NOT NULL AUTO_INCREMENT COMMENT 'Image Id',
  `application_id` smallint(5) unsigned NOT NULL COMMENT 'Application Id',
  `image_file` varchar(255) NOT NULL COMMENT 'Image File',
  `image_type` varchar(255) NOT NULL COMMENT 'Image Type',
  `order` int(10) unsigned NOT NULL COMMENT 'Order',
  PRIMARY KEY (`image_id`),
  KEY `FK_6C55A623A089E4FEA9201FFE01693167` (`application_id`),
  CONSTRAINT `FK_6C55A623A089E4FEA9201FFE01693167` FOREIGN KEY (`application_id`) REFERENCES `xmlconnect_application` (`application_id`) ON DELETE CASCADE ON UPDATE CASCADE
) ENGINE=InnoDB DEFAULT CHARSET=utf8 COMMENT='Xmlconnect Images';

--
-- Dumping data for table `xmlconnect_images`
--


--
-- Table structure for table `xmlconnect_notification_template`
--

CREATE TABLE `xmlconnect_notification_template` (
  `template_id` int(10) unsigned NOT NULL AUTO_INCREMENT COMMENT 'Template Id',
  `name` varchar(255) NOT NULL COMMENT 'Template Name',
  `push_title` varchar(140) NOT NULL COMMENT 'Push Notification Title',
  `message_title` varchar(255) NOT NULL COMMENT 'Message Title',
  `content` text NOT NULL COMMENT 'Message Content',
  `created_at` timestamp NULL DEFAULT NULL COMMENT 'Created At',
  `modified_at` timestamp NULL DEFAULT NULL COMMENT 'Modified At',
  `application_id` smallint(5) unsigned NOT NULL COMMENT 'Application Id',
  PRIMARY KEY (`template_id`),
  KEY `FK_F9927C7518A907CF5C350942FD296DC3` (`application_id`),
  CONSTRAINT `FK_F9927C7518A907CF5C350942FD296DC3` FOREIGN KEY (`application_id`) REFERENCES `xmlconnect_application` (`application_id`) ON DELETE CASCADE ON UPDATE CASCADE
) ENGINE=InnoDB DEFAULT CHARSET=utf8 COMMENT='Xmlconnect Notification Template';

--
-- Dumping data for table `xmlconnect_notification_template`
--


--
-- Table structure for table `xmlconnect_queue`
--

CREATE TABLE `xmlconnect_queue` (
  `queue_id` int(10) unsigned NOT NULL AUTO_INCREMENT COMMENT 'Queue Id',
  `create_time` timestamp NULL DEFAULT NULL COMMENT 'Created At',
  `exec_time` timestamp NULL DEFAULT NULL COMMENT 'Scheduled Execution Time',
  `template_id` int(10) unsigned NOT NULL COMMENT 'Template Id',
  `push_title` varchar(140) NOT NULL COMMENT 'Push Notification Title',
  `message_title` varchar(255) DEFAULT '' COMMENT 'Message Title',
  `content` text COMMENT 'Message Content',
  `status` smallint(5) unsigned NOT NULL DEFAULT '0' COMMENT 'Status',
  `type` varchar(12) NOT NULL COMMENT 'Type of Notification',
  PRIMARY KEY (`queue_id`),
  KEY `FK_2019AEC5FC55A516965583447CA26B14` (`template_id`),
  CONSTRAINT `FK_2019AEC5FC55A516965583447CA26B14` FOREIGN KEY (`template_id`) REFERENCES `xmlconnect_notification_template` (`template_id`) ON DELETE CASCADE ON UPDATE CASCADE
) ENGINE=InnoDB DEFAULT CHARSET=utf8 COMMENT='Xmlconnect Notification Queue';

--
-- Dumping data for table `xmlconnect_queue`
--


--
-- Dumping events for database 'jdsluggage'
--

--
-- Dumping routines for database 'jdsluggage'
--


