--
-- Host: localhost    Database: palacios2
-- ------------------------------------------------------


--
-- Table structure for table `banner`
--

CREATE TABLE `banner` (
  `banner_id` int(10) unsigned NOT NULL AUTO_INCREMENT,
  `banner_tipo_id` int(10) unsigned NOT NULL,
  `banner_zona_id` int(10) unsigned NOT NULL,
  `prioridad` int(10) unsigned DEFAULT NULL,
  `destino` varchar(255) COLLATE utf8_spanish_ci DEFAULT NULL,
  `time_seg` int(11) DEFAULT NULL,
  `activo` tinyint(3) unsigned DEFAULT NULL,
  PRIMARY KEY (`banner_id`),
  KEY `banner_FKIndex1` (`banner_zona_id`),
  KEY `banner_FKIndex2` (`banner_tipo_id`),
  KEY `activo` (`activo`),
  KEY `prioridad` (`prioridad`)
) ENGINE=MyISAM AUTO_INCREMENT=131 DEFAULT CHARSET=utf8 COLLATE=utf8_spanish_ci;

--
-- Dumping data for table `banner`
--

INSERT INTO `banner` VALUES (87,1,1,1,'_blank',NULL,0),(86,1,1,3,'_blank',NULL,0),(88,1,1,2,'_blank',NULL,0),(98,1,1,1,'_blank',NULL,0),(96,1,1,3,'_blank',NULL,0),(97,1,2,1,'_blank',NULL,1),(94,1,2,1,'_blank',NULL,1),(95,1,2,1,'_blank',NULL,1),(99,1,1,1,'_blank',NULL,0),(100,1,1,3,'_blank',NULL,0),(101,1,1,1,'_blank',NULL,0),(103,1,1,2,'_blank',NULL,0),(104,1,1,2,'_blank',NULL,1),(114,1,1,3,'_blank',NULL,0),(113,1,1,3,'_blank',NULL,0),(118,1,1,3,'_blank',NULL,0),(119,1,1,3,'_blank',NULL,0),(122,1,1,1,'_blank',NULL,0),(121,1,1,1,'_blank',NULL,0),(123,1,1,1,'_blank',NULL,1),(124,1,1,1,'_blank',NULL,1),(125,1,1,3,'_blank',NULL,1),(126,1,1,1,'_blank',NULL,1),(127,1,1,1,'_blank',NULL,0),(128,1,1,1,'_blank',NULL,1),(129,1,1,1,'_blank',NULL,0),(130,1,1,1,'_blank',NULL,1);

--
-- Table structure for table `banner_tipo`
--

CREATE TABLE `banner_tipo` (
  `banner_tipo_id` int(10) unsigned NOT NULL AUTO_INCREMENT,
  `tipo` varchar(255) COLLATE utf8_spanish_ci DEFAULT NULL,
  `activo` tinyint(3) unsigned DEFAULT NULL,
  PRIMARY KEY (`banner_tipo_id`),
  KEY `activo` (`activo`)
) ENGINE=MyISAM AUTO_INCREMENT=8 DEFAULT CHARSET=utf8 COLLATE=utf8_spanish_ci;

--
-- Dumping data for table `banner_tipo`
--

INSERT INTO `banner_tipo` VALUES (1,'Imagen',1),(2,'Flv',1),(3,'Código',1),(4,'Texto',1),(6,'HTML',0),(7,'swf',1);

--
-- Table structure for table `banner_x_config_idioma`
--

CREATE TABLE `banner_x_config_idioma` (
  `banner_x_config_idioma_id` int(10) unsigned NOT NULL AUTO_INCREMENT,
  `config_idioma_id` int(10) unsigned NOT NULL,
  `banner_id` int(10) unsigned NOT NULL,
  `nombre` varchar(255) COLLATE utf8_spanish_ci DEFAULT NULL,
  `copete` text COLLATE utf8_spanish_ci,
  `detalle` text COLLATE utf8_spanish_ci,
  `codigo` text COLLATE utf8_spanish_ci,
  `archivo` varchar(255) COLLATE utf8_spanish_ci DEFAULT NULL,
  `jpg_non_flash` varchar(255) COLLATE utf8_spanish_ci DEFAULT NULL,
  `link` varchar(255) COLLATE utf8_spanish_ci DEFAULT NULL,
  `alt` varchar(255) COLLATE utf8_spanish_ci DEFAULT NULL,
  `title` varchar(255) COLLATE utf8_spanish_ci DEFAULT NULL,
  `activo` tinyint(3) unsigned DEFAULT NULL,
  PRIMARY KEY (`banner_x_config_idioma_id`),
  KEY `banner_x_config_idioma_FKIndex1` (`banner_id`),
  KEY `banner_x_config_idioma_FKIndex2` (`config_idioma_id`),
  KEY `activo` (`activo`)
) ENGINE=MyISAM AUTO_INCREMENT=330 DEFAULT CHARSET=utf8 COLLATE=utf8_spanish_ci;

--
-- Dumping data for table `banner_x_config_idioma`
--

INSERT INTO `banner_x_config_idioma` VALUES (208,87,29,'nueva prueba 04-03',NULL,NULL,'nueva prueba 04-03','Zone_1270598353093_4.jpg',NULL,'nueva prueba 04-03','nueva prueba 04-03','nueva prueba 04-03',1),(209,30,29,'&#26032;&#30340;&#28204;&#35430; 04.03',NULL,NULL,NULL,NULL,NULL,NULL,'&#26032;&#30340;&#28204;&#35430; 04.03','&#26032;&#30340;&#28204;&#35430; 04.03',1),(210,36,29,'new test 04.03',NULL,NULL,NULL,NULL,NULL,NULL,'new test 04.03','new test 04.03',1),(211,41,29,'l\'essai de nouvelles 04.03',NULL,NULL,NULL,NULL,NULL,NULL,'l\'essai de nouvelles 04.03','l\'essai de nouvelles 04.03',1),(212,44,29,'neue Test 04,03',NULL,NULL,NULL,NULL,NULL,NULL,'neue Test 04,03','neue Test 04,03',1),(213,54,29,'nuovo test 04.03',NULL,NULL,NULL,NULL,NULL,NULL,'nuovo test 04.03','nuovo test 04.03',1),(214,55,29,'&#26032;&#12375;&#12356;&#12486;&#12473;&#12488;04.03',NULL,NULL,NULL,NULL,NULL,NULL,'&#26032;&#12375;&#12356;&#12486;&#12473;&#12488;04.03','&#26032;&#12375;&#12356;&#12486;&#12473;&#12488;04.03',1),(215,77,29,'novo teste 04,03',NULL,NULL,NULL,NULL,NULL,NULL,'novo teste 04,03','novo teste 04,03',1),(216,80,29,'&#1053;&#1086;&#1074;&#1099;&#1081; &#1090;&#1077;&#1089;&#1090; 04.03',NULL,NULL,NULL,NULL,NULL,NULL,'&#1053;&#1086;&#1074;&#1099;&#1081; &#1090;&#1077;&#1089;&#1090; 04.03','&#1053;&#1086;&#1074;&#1099;&#1081; &#1090;&#1077;&#1089;&#1090; 04.03',1),(217,87,30,'ejemplo 4003',NULL,NULL,NULL,'Zone_1270508295984_C306-G.jpg',NULL,'ejemplo 4003','ejemplo 4003','ejemplo 4003',1),(218,30,30,'&#20363;&#22914;&#65306;4003',NULL,NULL,NULL,NULL,NULL,NULL,'&#20363;&#22914;&#65306;4003','&#20363;&#22914;&#65306;4003',1),(219,36,30,'eg 4003',NULL,NULL,NULL,NULL,NULL,NULL,'eg 4003','eg 4003',1),(220,41,30,'ex 4003',NULL,NULL,NULL,NULL,NULL,NULL,'ex 4003','ex 4003',1),(221,44,30,'zB 4003',NULL,NULL,NULL,NULL,NULL,NULL,'zB 4003','zB 4003',1),(222,54,30,'ad esempio, 4.003',NULL,NULL,NULL,NULL,NULL,NULL,'ad esempio, 4.003','ad esempio, 4.003',1),(223,55,30,'4003&#20363;',NULL,NULL,NULL,NULL,NULL,NULL,'4003&#20363;','4003&#20363;',1),(224,77,30,'ex 4003',NULL,NULL,NULL,NULL,NULL,NULL,'ex 4003','ex 4003',1),(225,80,30,'&#1085;&#1072;&#1087;&#1088;&#1080;&#1084;&#1077;&#1088;, 4003',NULL,NULL,NULL,NULL,NULL,NULL,'&#1085;&#1072;&#1087;&#1088;&#1080;&#1084;&#1077;&#1088;, 4003','&#1085;&#1072;&#1087;&#1088;&#1080;&#1084;&#1077;&#1088;, 4003',1),(226,87,31,'prueba con detalle','copete de la prueba con detalle','detalle del detalle ',NULL,'Zone_1270508321359_CocaColaNotebook2.jpg',NULL,NULL,NULL,NULL,1),(227,30,31,'&#35443;&#32048;&#30340;&#28204;&#35430;','&#27874;&#23792;&#33289;&#35657;&#35443;&#32048;','&#35443;&#32048;&#35443;&#32048;',NULL,NULL,NULL,NULL,NULL,NULL,1),(228,36,31,'detailed test','crest of proof in detail','detail detail',NULL,NULL,NULL,NULL,NULL,NULL,1),(229,41,31,'essai détaillé','la crête de la preuve en détail','Afficher les détails',NULL,NULL,NULL,NULL,NULL,NULL,1),(230,44,31,'ausführlichen Test','Wappen der Beweislast im Detail','Detail anzeigen',NULL,NULL,NULL,NULL,NULL,NULL,1),(231,87,32,'Botom left','botom left text ejemplo uno','detalle botom left text ejemplo uno.Lorem ipsum dolor sit amet, consectetur adipiscing elit. Praesent libero eros, posuere fringilla consectetur non, gravida tempus augue. Nam sagittis velit nisl, eget semper ante. Donec imperdiet, nisi et pretium ultricies, ipsum nibh lobortis felis, ac condimentum ante augue ut lorem. Praesent rutrum hendrerit sapien, in tincidunt ante feugiat vel. Pellentesque vitae tincidunt velit. Proin condimentum nisl justo, at dictum risus. Fusce semper urna non arcu venenatis tempus. Sed ornare bibendum tortor, et sagittis nisl iaculis vel. Aliquam erat volutpat. Aliquam erat volutpat. Suspendisse feugiat libero eget metus gravida rhoncus. Sed et ipsum tortor. ',NULL,'Zone_1270575142906_IMG_5897_1.JPG',NULL,'http://www.t-mobile.com.pr/noticias',NULL,'mas noticias aquí',1),(232,87,33,'Texto Botom Center','Texto Botom Center descripcion corta','Conoce las tiendas oficiales y dealers autorizados de T-Mobile en Puerto Rico. ',NULL,'Zone_1270575871312__MG_9379_1.JPG',NULL,'http://www.t-mobile.com.pr/sucursales',NULL,'mas sucursales clickea aquí',1),(234,87,35,'ejemplo uno','ejemplo uno copete','ejemplo uno detalle',NULL,'Zone_1270577760078_iphone.jpg',NULL,'http://www.t-mobile.com.pr/productos.php',NULL,'conoce mas',1),(235,87,36,'ejemplo uno flv',NULL,NULL,NULL,'Zone_1270579916468_fox.flv','Zone_1270579920281_zorro.jpg','http://www.t-mobile.com.pr/productos.php','zorrito','zorrito',1),(236,87,37,'ejemplo texto derecha arriba','ejemplo texto derecha arriba','ejemplo texto derecha arriba',NULL,'Zone_1270583011250_B2C_QA1_Size_US-EN.jpg',NULL,'http://www.t-mobile.com.pr/productos.php',NULL,'ver mas productos',1),(237,87,38,'imagen',NULL,NULL,NULL,'Zone_1270583947875_3-lg-kp500-kp500.jpg',NULL,'http://192.168.0.100/tmobile Site PR/web/productos.php','mas productos',NULL,1),(238,87,39,'derecho top',NULL,NULL,NULL,'Zone_1270586290046_video_batido.flv','Zone_1270585236859_monitor_samsung_pan2.jpg','http://192.168.0.100/tmobile Site PR/web/productos.php','otros ',NULL,1),(239,87,40,'swf top right',NULL,NULL,NULL,'Zone_1270591946921_batido.swf','Zone_1270591951281_386476_1042.jpg','http://192.168.0.100/tmobile%20Site%20PR/web/productos.php','swf helado','mas productos',1),(240,87,41,'swf btom',NULL,NULL,NULL,'Zone_1270593786609_dulceytibio.swf','Zone_1270593797875_DSC00354.JPG',NULL,NULL,NULL,1),(241,87,42,'flv',NULL,NULL,NULL,'Zone_1270594437093_fox.flv','Zone_1270594448625_avatar.jpg',NULL,NULL,NULL,1),(242,87,43,'Imagen original',NULL,NULL,NULL,'Zone_1277245527781_Zone_1274905649078_952x266.jpg',NULL,'http://www.t-mobile.com','Imagen original','Imagen original',1),(243,87,44,'Imagen original ',NULL,NULL,NULL,'Zone_1274917674798_310x266.jpg',NULL,'#','Imagen original ','Imagen original ',1),(244,87,45,'Noticias','T-Mobile se une a Carlos Arroyo y José Juan Barea','La estrella puertorriqueña Carlos Arroyo compartió con su público su nueva canción \"Oculto Secreto\" en una firma de autógrafos celebrada en la tienda de servicio T-Mobile en el primer nivel de Plaza Las Américas, Hato Rey.',NULL,'Zone_1270752666140_img1-sml.jpg',NULL,'listado_textos.php',NULL,'Más notiias',1),(245,87,46,'Tiendas','En T-Mobile estamos siempre cerca de ti.','Conoce as tiendas oficiales y dealers autorizados de T-Mobile en Puerto Rico. ',NULL,'Zone_1270752956953_img2.jpg',NULL,'tiendas_main.php',NULL,'Navega en el directorio de tiendas',1),(246,87,47,'Conéctate','Conoce el nuevo servicio MOTOBLUR.','El nuevo servicio MOTOBLUR de Motorola trae todo y a todos los que quieras a la pantalla principal de tu teléfono.',NULL,'Zone_1270753055765_img3.jpg',NULL,'#',NULL,'Conoce Más',1),(247,87,48,'Imagen producto Black berry',NULL,NULL,NULL,'Zone_1274906999343_252x266.jpg',NULL,'#','Imagen producto Black berry','Imagen producto Black berry',1),(248,87,49,'Productos Mytouch',NULL,NULL,NULL,'Zone_1274906910515_494x266.jpg',NULL,'#','Productos Mytouch','Productos Mytouch',1),(249,87,50,'Roaming Ilimitado','Plan Nacional Ilimitado','Sólo este fin de semana regresa el roaming ilimitado a T-Mobile.¡Incluye larga distancia ilimitada a los Estados Unidos!',NULL,'Zone_1273708854390_img-ill-2.jpg',NULL,'www.ktm.com',NULL,'Conoce más',1),(250,87,51,'Para toda la familia','Descubre los planes familiares','Conoce as tiendas oficiales y dealers autorizados de T-Mobile en Puerto Rico. \r\nCon los \"FamilyAllowances\" podrás controlar los minutos de tu plan.',NULL,'Zone_1274470272203_img2.jpg',NULL,'servicios_familiar.php',NULL,'Conoce más',1),(251,87,52,'Data y Mensajería','¡Mucho más que voz','Conoce los planes de data, Internet y mensajería que tenemos para ti.',NULL,'Zone_1274470793296_img3.jpg',NULL,'planes_data.php',NULL,'Conoce más',1),(252,87,53,'plan1',NULL,NULL,NULL,'Zone_1274905649078_952x266.jpg',NULL,'planes_data.php','plan1','planes data',1),(253,87,54,'plan2',NULL,NULL,NULL,'Zone_1274905685125_952x266.jpg',NULL,'planes_flex_contrato.php','Plan flex','Plan flex',1),(254,87,55,'Accesorio 1',NULL,NULL,NULL,'Zone_1274473297312_planes_1.jpg',NULL,'#','Accesorios 1','Accesorios 1',1),(255,87,56,'HeadSet','Lorem ipsum dolor sit amet, consectetur adipiscing elit. Nunc nec lectus odio. Aliquam erat volutpat. ','Lorem ipsum dolor sit amet, consectetur adipiscing elit. Nunc nec lectus odio. Aliquam erat volutpat. Cras mattis nibh ut leo imperdiet rutrum. Donec ultrices urna nec libero suscipit dictum. Proin mi mauris, congue sed scelerisque vel, pellentesque sit amet mauris. Quisque commodo est nec neque consectetur in eleifend dolor euismod. Donec libero justo, sodales a rutrum at, volutpat in leo. Aenean ut turpis sem. Nullam pellentesque lectus fermentum ipsum condimentum mollis. Nunc lacus est, rhoncus pharetra pretium a, ornare non orci. Integer ornare sem sit amet dolor volutpat posuere. ',NULL,'Zone_1274473407296_3-lg-kp500-kp500.jpg',NULL,'http://www.tmobile.com',NULL,'conozca mas',1),(256,87,57,'Baterias','Donec augue sapien, auctor ultricies euismod at, accumsan id odio. Fusce id rutrum leo. ','Morbi adipiscing luctus dui et pellentesque. Vivamus nec nunc velit, et placerat quam. Donec euismod tellus et massa pulvinar lobortis. Quisque purus erat, auctor eget pellentesque a, egestas id augue. Sed malesuada, lacus at suscipit euismod, mauris risus facilisis felis, sit amet adipiscing massa ante lacinia nisi. Nam eget enim mauris, quis ultricies ligula. Proin blandit interdum velit, interdum cursus metus ultrices tincidunt. Nam ut sapien eros. ',NULL,'Zone_1274473871015_bateria.png',NULL,'http://www.tmobile.com',NULL,'Busca tus baterías ',1),(257,87,58,'Skins ','Duis nec diam quam, nec mollis odio. Duis eu lacus pellentesque dui pellentesque malesuada non quis quam. Morbi rhoncus est ut dolor bibendum consectetur. ','Aenean lorem ante, sagittis non scelerisque vulputate, ultricies vel elit. Praesent pellentesque placerat diam ac ultricies. Quisque urna libero, vestibulum eget fermentum id, tempor vitae sem. Pellentesque venenatis ipsum vitae mauris vehicula rhoncus. Donec nec gravida enim. Pellentesque sit amet risus id dolor dapibus dignissim ac in neque. Praesent vehicula, urna quis ornare scelerisque, purus mi semper elit, at fermentum ipsum tellus eu nulla. Integer dictum sapien ac erat imperdiet vel sodales urna auctor. Nam eu dui vel nibh cursus faucibus. Nulla facilisi. Pellentesque vitae magna metus. ',NULL,'Zone_1274473998781_kobaan-iphone.jpg',NULL,'http://www.tmobileskins.com/devices/phones?WT.ac=0904SHO01',NULL,'Todos tus skins',1),(258,87,59,'Te llevamos al concierto de  Wisin & Yandel','Sólo para clientes T-mobile','T-Mobile te invita al concierto de Wisin y Yandel \"La Revolución\". Entérate de todo lo relacionado al concierto y luego busca tu foto tomada durante el evento.',NULL,'Zone_1274910195593_314x274.jpg',NULL,'http://www.tmobile.com',NULL,'Leer más',1),(259,87,60,'Img1',NULL,NULL,NULL,'Zone_1274480767093_img1-sml.jpg',NULL,'http://www.tmobile.com','img1','Leer más acerca de MOTUBLUR',1),(260,87,61,'img2',NULL,NULL,NULL,'Zone_1274481256125_img3-sml.jpg',NULL,'http://www.tmobileskins.com/devices/phones?WT.ac=0904SHO01','img1','Conoce más',1),(261,87,62,'Test','TEst','tEST',NULL,'Zone_1274910168562_314x274.jpg',NULL,'http://www.tmobile.com',NULL,'Acércate a T-Mobile',1),(262,87,63,'Tweeter','Seguramente ya conoces a Tweeter, la aplicación de \"micro-blogging\" que ha revolucionado el mundo. ¿Sabes que se puede navegar desde tu celular?','Seguramente ya conoces a Tweeter, la aplicación de \"micro-blogging\" que ha revolucionado el mundo. ¿Sabes que se puede navegar desde tu celular?',NULL,'Zone_1274910139734_314x274.jpg',NULL,'http://www.tmobile.com',NULL,'Comunícate con TWEETER',1),(263,87,64,'imag 3',NULL,NULL,NULL,'Zone_1274484579000_img3-sml.jpg',NULL,'http://www.tmobile.com','im3','Conectate a tweeter ya!',1),(269,87,70,NULL,NULL,NULL,NULL,'Zone_1275948757500_1b.png',NULL,NULL,NULL,NULL,1),(270,87,71,NULL,NULL,NULL,NULL,'Zone_1275948876281_Zone_1274917007282_630x266.jpg',NULL,NULL,NULL,NULL,1),(271,87,72,'Banner superior uno',NULL,NULL,NULL,'Zone_1302692442437_brasil.jpg',NULL,NULL,NULL,NULL,1),(272,87,73,NULL,NULL,NULL,NULL,'Zone_1302692593281_brasil.jpg',NULL,NULL,NULL,NULL,1),(273,87,74,NULL,NULL,NULL,NULL,'Zone_1302692593281_brasil.jpg',NULL,NULL,NULL,NULL,1),(285,87,86,'Let your design dreams begin',NULL,NULL,NULL,'CMS_1336761131581mariecoquinePStarck.jpg',NULL,NULL,NULL,NULL,1),(286,87,87,'A great space deserves timeless design',NULL,NULL,NULL,'CMS_1307732010390Lanco02.jpg',NULL,NULL,NULL,NULL,1),(287,87,88,'Create your home into a remarkable space with stylish accent pieces',NULL,NULL,NULL,'CMS_1336762732426alivardublin.jpg',NULL,NULL,NULL,NULL,1),(296,87,97,'Marie Coquine by Philip Starck',NULL,NULL,NULL,'CMS_1336760228076mariecoquinePStarck.jpg',NULL,NULL,NULL,NULL,1),(293,87,94,'Missoni',NULL,NULL,NULL,'CMS_13367607802878.jpg',NULL,NULL,NULL,NULL,1),(294,87,95,'Kartell',NULL,NULL,NULL,'CMS_1336760861254audreysoft.jpg',NULL,NULL,NULL,NULL,1),(295,87,96,'A great space deserves timeless design',NULL,NULL,NULL,'CMS_1314652246679post1811.jpg',NULL,NULL,NULL,NULL,1),(297,87,98,'271 De Diego Ave. San Juan, Puerto Rico',NULL,NULL,NULL,'CMS_1336762601731image0.jpg',NULL,NULL,NULL,NULL,1),(298,87,99,'271 De Diego Ave. San Juan, Puerto Rico',NULL,NULL,NULL,'CMS_1354892558386CMS1354840865073CMS1354719705739Fachada11.jpg',NULL,NULL,NULL,NULL,1),(299,87,100,'Let your design dreams begin',NULL,NULL,NULL,'CMS_1367866508726ARCA2.jpg',NULL,NULL,NULL,NULL,0),(300,87,101,'Venta del 17 al 20 de mayo de 2013, te esperamos!',NULL,NULL,NULL,'CMS_1367953264025TAGVENTAWEB.jpg',NULL,NULL,NULL,NULL,1),(302,87,103,'Flagship Store Puerto Rico',NULL,NULL,NULL,'CMS_1393360606635SAVEopening2013PUERTORICO2.jpg',NULL,NULL,NULL,NULL,1),(303,87,104,NULL,NULL,NULL,NULL,'CMS_1397230929991v3.jpg',NULL,NULL,NULL,NULL,1),(313,87,114,'Create your Wedding Registry @ Palacios',NULL,NULL,NULL,'CMS_1440692368135image111.jpg',NULL,NULL,NULL,NULL,1),(312,87,113,'Create your Wedding Registry @ Palacios',NULL,NULL,NULL,'CMS_1462392799418mochilatigero.jpg',NULL,NULL,NULL,NULL,0),(317,87,118,'Marimekko',NULL,NULL,NULL,'CMS_1443198377445marimekkoj.jpg',NULL,NULL,NULL,NULL,1),(318,87,119,'Marimekko',NULL,NULL,NULL,'CMS_1443478018865pillowfeature7101.jpg',NULL,NULL,NULL,NULL,0),(321,87,122,NULL,NULL,NULL,NULL,'CMS_1464110517581MG7877.jpg',NULL,NULL,NULL,NULL,1),(320,87,121,'Palacios\'',NULL,NULL,NULL,'CMS_1457534403227SAVETHEDATE.jpg',NULL,NULL,NULL,NULL,1),(322,87,123,NULL,NULL,NULL,NULL,'CMS_1464110573550TARLOW.jpg',NULL,NULL,NULL,NULL,1),(323,87,124,NULL,NULL,NULL,NULL,'CMS_1464297411040photo1.jpg',NULL,NULL,NULL,NULL,1),(324,87,125,NULL,NULL,NULL,NULL,'CMS_1464297556141photo.jpg',NULL,NULL,NULL,NULL,1),(325,87,126,NULL,NULL,NULL,NULL,'CMS_1464704245606FullSizeRender1.jpg',NULL,NULL,NULL,NULL,1),(326,87,127,NULL,NULL,NULL,NULL,'CMS_1471559028082MAISONOBJETPARIS.jpg',NULL,NULL,NULL,NULL,1),(327,87,128,NULL,NULL,NULL,NULL,'CMS_1490641471606PalaciosBanner.png',NULL,NULL,NULL,NULL,1),(328,87,129,'Staging design service',NULL,NULL,NULL,'CMS_1497972304264IMG07171.PNG',NULL,NULL,NULL,NULL,1),(329,87,130,'Home Staging By Palacios',NULL,NULL,NULL,'CMS_1498059966227PalaciosStaging2.png',NULL,NULL,NULL,NULL,1);

--
-- Table structure for table `banner_zona`
--

CREATE TABLE `banner_zona` (
  `banner_zona_id` int(10) unsigned NOT NULL AUTO_INCREMENT,
  `nombre` varchar(255) COLLATE utf8_spanish_ci DEFAULT NULL,
  `detalle` text COLLATE utf8_spanish_ci,
  `imagen` varchar(255) COLLATE utf8_spanish_ci DEFAULT NULL,
  `autoplay` tinyint(4) DEFAULT NULL,
  `open_url` tinyint(4) DEFAULT NULL,
  `activo` tinyint(3) unsigned DEFAULT NULL,
  PRIMARY KEY (`banner_zona_id`),
  KEY `activo` (`activo`),
  KEY `autoplay` (`autoplay`),
  KEY `open_url` (`open_url`)
) ENGINE=MyISAM AUTO_INCREMENT=3 DEFAULT CHARSET=utf8 COLLATE=utf8_spanish_ci;

--
-- Dumping data for table `banner_zona`
--

INSERT INTO `banner_zona` VALUES (1,'Principal Banner','Imagenes o swf de 871px x 244px','Zone_1302689762484_head.jpg',1,1,1),(2,'Banner Brands','Imagenes o swf de 527px x 341px',NULL,NULL,NULL,1);

--
-- Table structure for table `comentarios`
--

CREATE TABLE `comentarios` (
  `comentarios_id` int(10) unsigned NOT NULL AUTO_INCREMENT,
  `ecommerce_producto_id` int(10) unsigned DEFAULT NULL,
  `usuario_id` int(10) unsigned DEFAULT NULL,
  `comentarios_id_2` int(10) unsigned DEFAULT NULL,
  `fecha_alta` int(10) DEFAULT NULL,
  `autor_ip` varchar(255) DEFAULT NULL,
  `autor_agent` text,
  `comentario` text,
  `autor_mail` varchar(255) DEFAULT NULL,
  `autor_nombre` varchar(255) DEFAULT NULL,
  `autor_telefono` varchar(255) DEFAULT NULL,
  `dest_nombre` varchar(255) DEFAULT NULL,
  `dest_mail` varchar(255) DEFAULT NULL,
  `publicado` tinyint(4) unsigned DEFAULT NULL,
  `activo` tinyint(4) unsigned DEFAULT NULL,
  PRIMARY KEY (`comentarios_id`),
  KEY `comentarios_FKIndex1` (`comentarios_id_2`),
  KEY `comentarios_FKIndex3` (`usuario_id`),
  KEY `comentarios_FKIndex4` (`ecommerce_producto_id`)
) ENGINE=MyISAM AUTO_INCREMENT=52 DEFAULT CHARSET=latin1;

--
-- Dumping data for table `comentarios`
--

INSERT INTO `comentarios` VALUES (38,27,NULL,NULL,1300801930,'192.168.0.109',NULL,'Curabitur ultrices nulla eu eros interdum vulputate. Donec a ligula sit amet nisi facilisis malesuada nec in magna. Curabitur aliquam elementum pulvinar. Aliquam rutrum justo sed metus commodo in convallis justo condimentum. Nam ullamcorper erat ut felis pretium nec lacinia ligula sagittis. Pellentesque euismod risus eget lectus tristique vel imperdiet nulla tincidunt. Nulla porttitor tellus eu elit elementum eget accumsan orci iaculis. Nullam lacinia libero vel dui ullamcorper vitae pharetra quam convallis.','juanitoper@lodejuan.com.ar','Juanito Pereira',NULL,NULL,NULL,1,1),(39,28,NULL,NULL,1300802090,'192.168.0.109',NULL,'Quisiera saber en detalle cuantos dias se pasa en cada lugar.','estebanquito@hotmail.com','Esteban Quito',NULL,NULL,NULL,1,1),(40,28,NULL,39,1300762800,NULL,NULL,'Son entre dos y tres dias por ciudad visitada','ventas@importadoradelcentro.com','Importadora del Centro',NULL,NULL,NULL,NULL,1),(42,28,NULL,NULL,1300815930,'192.168.0.109',NULL,'Praesent risus dolor, semper id elementum sed, mattis tristique nisi. Aliquam sit amet magna et lorem consequat tempus. Quisque vel pretium lorem.','toselo@mail.com','Mariquitos Selo',NULL,NULL,NULL,1,1),(43,28,NULL,NULL,1300817592,'192.168.0.109',NULL,'Integer bibendum dictum fermentum. Curabitur ultricies semper arcu in adipiscing. Praesent iaculis nulla at leo suscipit vehicula. ','carmen@mail.com','Carlos mendez',NULL,NULL,NULL,1,1),(44,28,NULL,NULL,1300817631,'192.168.0.109',NULL,'Ut vestibulum arcu ac lectus pellentesque ut fringilla purus imperdiet. Nam vel neque turpis, ac lobortis erat. Vestibulum ante ipsum primis in faucibus orci luctus et ultrices posuere cubilia Curae; Sed bibendum tellus sit amet ante scelerisque auctor. Praesent convallis euismod odio et elementum. ','dopucio@mail.com','Domenico Vespucio',NULL,NULL,NULL,1,1),(45,28,NULL,NULL,1300817667,'192.168.0.109',NULL,'Mauris sollicitudin, velit vitae consectetur commodo, sem ante gravida lacus, a ultrices est neque non odio. Proin urna risus, euismod sit amet placerat at, blandit quis dolor. Donec nunc dolor, egestas a adipiscing quis, iaculis ut sem. Nunc venenatis dui ullamcorper enim euismod molestie. Nunc eros purus, ultrices id dapibus nec, laoreet non lorem. Vivamus porttitor ultrices feugiat. ','deledesma@mail.com','Dexter Ledesma',NULL,NULL,NULL,1,1),(46,28,NULL,NULL,1300817713,'192.168.0.109',NULL,'Nunc congue justo vitae ipsum mattis suscipit. Nullam accumsan ipsum vel eros vestibulum sit amet gravida sapien fermentum. Donec ac risus magna, ut fermentum orci. Duis a neque elit. Suspendisse varius euismod leo, in porttitor ante scelerisque eu. Aliquam erat nunc, dictum quis mollis vitae, accumsan id leo. Curabitur tempus ligula et dui placerat sit amet fringilla risus commodo. Morbi interdum mauris vitae tellus cursus id mattis dui viverra. Suspendisse potenti. Maecenas blandit purus ut risus eleifend condimentum. In in pharetra dolor.','lastretojuana@mail.com','Juanita Lastreto',NULL,NULL,NULL,1,1),(47,31,NULL,NULL,1301664008,'192.168.0.109',NULL,'af','testmanifesto2@yahoo.com','Carlitos Mendez',NULL,NULL,NULL,1,1),(48,31,NULL,47,1301626800,NULL,NULL,'sax','info@rondasur.com','Ronda Sur',NULL,NULL,NULL,NULL,1),(49,22,NULL,NULL,1301926014,'192.168.0.109',NULL,'ecommerce_parametro_x_ecommerce_producto.valor','solgarcia2002@hotmail.com','Carlitos Mendez',NULL,NULL,NULL,1,1),(50,39,NULL,NULL,1304012822,'192.168.0.109',NULL,'Lorem ipsum dolor sit amet, consectetur adipiscing elit. Pellentesque erat mauris, tristique ut fermentum quis, venenatis et lacus. Phasellus accumsan neque sed massa pretium eget luctus quam tempus. Nunc sollicitudin ultrices leo eu pellentesque. Cras cursus pretium diam, non dictum diam placerat ut. Nullam vel diam ac purus faucibus blandit. Etiam quis mollis metus. Sed rhoncus consectetur semper. ','jperez@hotmail.com','Juan Carlos Perez',NULL,NULL,NULL,1,1),(51,39,NULL,50,1303959600,NULL,NULL,'El enviaremos los precios por correo electronico','info@rondasur.com','Ronda Sur',NULL,NULL,NULL,NULL,1);

--
-- Table structure for table `config_acciones`
--

CREATE TABLE `config_acciones` (
  `config_acciones_id` int(10) unsigned NOT NULL AUTO_INCREMENT,
  `nombre` varchar(255) COLLATE utf8_spanish_ci DEFAULT NULL,
  `parametros` varchar(255) COLLATE utf8_spanish_ci DEFAULT NULL,
  `activo` tinyint(3) unsigned DEFAULT NULL,
  PRIMARY KEY (`config_acciones_id`),
  KEY `activo` (`activo`)
) ENGINE=MyISAM AUTO_INCREMENT=21 DEFAULT CHARSET=utf8 COLLATE=utf8_spanish_ci;

--
-- Dumping data for table `config_acciones`
--

INSERT INTO `config_acciones` VALUES (1,'Agregar','add=',1),(4,'Eliminar','eliminar=',1),(5,'Editar','update=',1),(6,'Recorte 1',NULL,1),(7,'Recorte 2','recorte2=',1),(8,'Recorte 3',NULL,1),(9,'Configurar Parámetros',NULL,1),(10,'Agregar Subcategoria',NULL,1),(11,'Asociar','asociar_disco=',1),(12,'Listar','list=',1),(13,'Activar','act=1',1),(14,'Desactivar','act=0',1),(16,'Represupuestar','represupuestar=',1),(17,'Enviar','enviar=',1),(18,'Entregar','entregar=',1),(19,'Entregada','entregada=',1),(20,'Detalle','detalle=',1);

--
-- Table structure for table `config_cabeceras`
--

CREATE TABLE `config_cabeceras` (
  `config_cabeceras_id` int(10) unsigned NOT NULL AUTO_INCREMENT,
  `name` varchar(255) COLLATE utf8_spanish_ci DEFAULT NULL,
  `tipo` int(11) DEFAULT NULL,
  `content_default` text COLLATE utf8_spanish_ci,
  `activo` tinyint(3) unsigned DEFAULT NULL,
  PRIMARY KEY (`config_cabeceras_id`)
) ENGINE=MyISAM AUTO_INCREMENT=22 DEFAULT CHARSET=utf8 COLLATE=utf8_spanish_ci;

--
-- Dumping data for table `config_cabeceras`
--

INSERT INTO `config_cabeceras` VALUES (2,'description',1,'Portal de tango. Noticias, direcciones radios, eventos y festivales.',1),(3,'keywords',1,'prueba',1),(4,'author',1,'www.manifesto.com.ar',1);

--
-- Table structure for table `config_cabeceras_archivo`
--

CREATE TABLE `config_cabeceras_archivo` (
  `config_cabeceras_archivo_id` int(10) unsigned NOT NULL AUTO_INCREMENT,
  `nombre_archivo` varchar(255) COLLATE utf8_spanish_ci DEFAULT NULL,
  `parametros` varchar(255) COLLATE utf8_spanish_ci DEFAULT NULL,
  `enlace` varchar(255) COLLATE utf8_spanish_ci DEFAULT NULL,
  `compara_enlace` varchar(255) COLLATE utf8_spanish_ci DEFAULT NULL,
  `tabla` varchar(255) COLLATE utf8_spanish_ci DEFAULT NULL,
  `campo` varchar(255) COLLATE utf8_spanish_ci DEFAULT NULL,
  `dinamico` tinyint(3) unsigned DEFAULT NULL,
  `activo` tinyint(3) unsigned DEFAULT NULL,
  PRIMARY KEY (`config_cabeceras_archivo_id`)
) ENGINE=MyISAM AUTO_INCREMENT=10 DEFAULT CHARSET=utf8 COLLATE=utf8_spanish_ci;

--
-- Dumping data for table `config_cabeceras_archivo`
--

INSERT INTO `config_cabeceras_archivo` VALUES (1,'/MOD_Contenidos/crm_contenidos.php',NULL,'crm_contenido_id','not_id','crm_contenido_x_config_idioma',NULL,1,1),(2,'crm_contenido_archivos_crop.php','cat_id=38','ecommerce_producto_id','prod_id',NULL,NULL,1,1),(4,'actualzar_lugares.php','cat_id=15','crm_contenido_id','not-id','crm_contenido_x_config_idioma',NULL,1,1),(5,'actualzar_lugares.php','cat_id=4','crm_contenido_id','not_id','crm_contenido_x_config_idioma',NULL,1,1),(6,'crm_contenido_archivos_crop.php','cat_id=15','ecommerce_producto_id','prod','ecommerce_producto_x_config_idioma',NULL,0,1),(7,'actualzar_lugares.php',NULL,NULL,NULL,NULL,NULL,0,1),(9,'actualzar_lugares.php','d','sd','sdf','sd',NULL,1,1);

--
-- Table structure for table `config_cabeceras_x_config_cabeceras_archivo`
--

CREATE TABLE `config_cabeceras_x_config_cabeceras_archivo` (
  `config_cabeceras_x_config_cabeceras_archivo_id` int(11) NOT NULL AUTO_INCREMENT,
  `config_cabeceras_archivo_id` int(10) unsigned NOT NULL,
  `config_cabeceras_id` int(10) unsigned NOT NULL,
  `valor` text COLLATE utf8_spanish_ci,
  `campo` varchar(255) COLLATE utf8_spanish_ci DEFAULT NULL,
  PRIMARY KEY (`config_cabeceras_x_config_cabeceras_archivo_id`),
  KEY `config_cabeceras_archivo_id` (`config_cabeceras_archivo_id`),
  KEY `config_cabeceras_id` (`config_cabeceras_id`)
) ENGINE=MyISAM AUTO_INCREMENT=28 DEFAULT CHARSET=utf8 COLLATE=utf8_spanish_ci;

--
-- Dumping data for table `config_cabeceras_x_config_cabeceras_archivo`
--

INSERT INTO `config_cabeceras_x_config_cabeceras_archivo` VALUES (1,1,2,'La noticia de tango','meta_description'),(2,1,3,'tango, milonga, buenos aires','meta_keyword'),(3,1,4,'www.manifesto.com',NULL),(4,2,2,'cd\'s, dvd\'s, discos',NULL),(5,2,3,'cd\'s, dvd\'s, discos',NULL),(6,2,4,'www.manifesto.com.ar',NULL),(7,3,2,NULL,NULL),(8,3,3,NULL,NULL),(9,3,4,'www.manifesto.com.ar',NULL),(10,4,2,'de',NULL),(11,4,3,'de',NULL),(12,4,4,NULL,NULL),(13,5,2,'description ','meta_description'),(14,5,3,'key','meta_keyword'),(15,5,4,'www.manifesto.com.ar',NULL),(16,6,2,NULL,'meta_tag'),(17,6,3,'tango, discos','tag'),(18,6,4,NULL,NULL),(19,7,2,'hola',NULL),(20,7,3,NULL,NULL),(21,7,4,NULL,NULL),(22,8,2,'hola',NULL),(23,8,3,'hola',NULL),(24,8,4,'nuevo',NULL),(25,9,2,'hola mundo','munco'),(26,9,3,'juegos','ddd'),(27,9,4,'ddd','ddd');

--
-- Table structure for table `config_cabeceras_x_config_cabeceras_archivo_x_config_idioma`
--

CREATE TABLE `config_cabeceras_x_config_cabeceras_archivo_x_config_idioma` (
  `config_cabeceras_x_config_cabeceras_archivo_id` int(10) unsigned NOT NULL,
  `config_idioma_id` int(10) unsigned NOT NULL,
  `valor` text COLLATE utf8_spanish_ci,
  PRIMARY KEY (`config_cabeceras_x_config_cabeceras_archivo_id`,`config_idioma_id`),
  KEY `FKIndex1` (`config_cabeceras_x_config_cabeceras_archivo_id`),
  KEY `FKIndex2` (`config_idioma_id`)
) ENGINE=MyISAM DEFAULT CHARSET=utf8 COLLATE=utf8_spanish_ci;

--
-- Dumping data for table `config_cabeceras_x_config_cabeceras_archivo_x_config_idioma`
--

INSERT INTO `config_cabeceras_x_config_cabeceras_archivo_x_config_idioma` VALUES (1,30,NULL),(1,36,NULL),(1,41,NULL),(1,44,NULL),(1,54,NULL),(1,55,NULL),(1,77,NULL),(1,80,NULL),(1,87,'La noticia de tango'),(2,30,NULL),(2,36,NULL),(2,41,NULL),(2,44,NULL),(2,54,NULL),(2,55,NULL),(2,77,NULL),(2,80,NULL),(2,87,'tango, milonga, buenos aires'),(3,30,NULL),(3,36,NULL),(3,41,NULL),(3,44,NULL),(3,54,NULL),(3,55,NULL),(3,77,NULL),(3,80,NULL),(3,87,'www.manifesto.com'),(22,30,'&#24744;&#22909;. '),(22,36,'hi. '),(22,41,'salut. '),(22,44,'hallo. '),(22,54,'salve. '),(22,55,'&#12420;&#12354;. '),(22,77,'oi. '),(22,80,'&#1055;&#1088;&#1080;&#1074;&#1077;&#1090;. '),(22,87,NULL),(23,30,'&#24744;&#22909;. '),(23,36,'hi. '),(23,41,'salut. '),(23,44,'hallo. '),(23,54,'salve. '),(23,55,'&#12420;&#12354;. '),(23,77,'oi. '),(23,80,'&#1055;&#1088;&#1080;&#1074;&#1077;&#1090;. '),(23,87,NULL),(24,30,'&#26032;&#30340;. '),(24,36,'new. '),(24,41,'nouveau. '),(24,44,'neu. '),(24,54,'nuovo. '),(24,55,'&#26032;&#12375;&#12356;. '),(24,77,'novo. '),(24,80,'&#1085;&#1086;&#1074;&#1099;&#1081;. '),(24,87,NULL),(25,30,'&#19990;&#30028;&#24744;&#22909;. '),(25,36,'hello world. '),(25,41,'Bonjour tout le monde. '),(25,44,'Hallo Welt. '),(25,54,'ciao a tutti. '),(25,55,'hello world&#12434;. '),(25,77,'Olá mundo. '),(25,80,'&#1087;&#1088;&#1080;&#1074;&#1077;&#1090; &#1084;&#1080;&#1088;. '),(25,87,'hola mundo'),(26,30,'&#36938;&#25138;. '),(26,36,'games. '),(26,41,'jeux. '),(26,44,'Spiele. '),(26,54,'Giochi. '),(26,55,'&#12466;&#12540;&#12512;. '),(26,77,'Jogos. '),(26,80,'&#1048;&#1075;&#1088;&#1099;. '),(26,87,'juegos'),(27,30,'&#30452;&#25765;. '),(27,36,'ddd. '),(27,41,'ddd. '),(27,44,'ddd. '),(27,54,'ddd. '),(27,55,'ddd&#12398;. '),(27,77,'ddd. '),(27,80,'DDD. '),(27,87,'ddd');

--
-- Table structure for table `config_cabeceras_x_config_idioma`
--

CREATE TABLE `config_cabeceras_x_config_idioma` (
  `config_cabeceras_id` int(10) unsigned NOT NULL,
  `config_idioma_id` int(10) unsigned NOT NULL,
  `content_default` text COLLATE utf8_spanish_ci,
  PRIMARY KEY (`config_cabeceras_id`,`config_idioma_id`),
  KEY `FKIndex1` (`config_cabeceras_id`),
  KEY `FKIndex2` (`config_idioma_id`)
) ENGINE=MyISAM DEFAULT CHARSET=utf8 COLLATE=utf8_spanish_ci;

--
-- Dumping data for table `config_cabeceras_x_config_idioma`
--

INSERT INTO `config_cabeceras_x_config_idioma` VALUES (2,87,'Portal de tango. Noticias, direcciones radios, eventos y festivales.'),(3,30,'&#28204;&#35430;. '),(3,36,'test. '),(3,41,'tester. '),(3,44,'Test. '),(3,54,'verifica. '),(3,55,'&#35430;&#39443;. '),(3,77,'teste. '),(3,80,'&#1087;&#1088;&#1086;&#1074;&#1077;&#1088;&#1082;&#1072;. '),(3,87,'prueba'),(4,87,'www.manifesto.com.ar'),(5,30,NULL),(5,36,NULL),(5,41,NULL),(5,44,NULL),(5,54,NULL),(5,55,NULL),(5,77,NULL),(5,80,NULL),(5,87,'hola'),(6,30,NULL),(6,36,NULL),(6,41,NULL),(6,44,NULL),(6,54,NULL),(6,55,NULL),(6,77,NULL),(6,80,NULL),(6,87,'hola'),(7,30,NULL),(7,36,NULL),(7,41,NULL),(7,44,NULL),(7,54,NULL),(7,55,NULL),(7,77,NULL),(7,80,NULL),(7,87,'defecto'),(8,30,NULL),(8,36,NULL),(8,41,NULL),(8,44,NULL),(8,54,NULL),(8,55,NULL),(8,77,NULL),(8,80,NULL),(8,87,'defecto'),(20,30,'&#24744;&#22909;. '),(20,36,'hi. '),(20,41,'salut. '),(20,44,'hallo. '),(20,54,'salve. '),(20,55,'&#12420;&#12354;. '),(20,77,'oi. '),(20,80,'&#1055;&#1088;&#1080;&#1074;&#1077;&#1090;. '),(20,87,'hola'),(21,30,'&#24744;&#22909;. '),(21,36,'hi. '),(21,41,'salut. '),(21,44,'hallo. '),(21,54,'salve. '),(21,55,'&#12420;&#12354;. '),(21,77,'oi. '),(21,80,'&#1055;&#1088;&#1080;&#1074;&#1077;&#1090;. '),(21,87,'hola');

--
-- Table structure for table `config_chat`
--

CREATE TABLE `config_chat` (
  `chat_id` int(11) NOT NULL AUTO_INCREMENT,
  `chat_name` varchar(64) DEFAULT NULL,
  `start_time` datetime DEFAULT NULL,
  PRIMARY KEY (`chat_id`)
) ENGINE=MyISAM DEFAULT CHARSET=latin1;

--
-- Dumping data for table `config_chat`
--


--
-- Table structure for table `config_chat_message`
--

CREATE TABLE `config_chat_message` (
  `message_id` int(11) NOT NULL AUTO_INCREMENT,
  `chat_id` int(11) NOT NULL DEFAULT '0',
  `user_id` int(11) NOT NULL DEFAULT '0',
  `user_name` varchar(64) DEFAULT NULL,
  `message` text,
  `post_time` datetime DEFAULT NULL,
  PRIMARY KEY (`message_id`)
) ENGINE=MyISAM DEFAULT CHARSET=latin1;

--
-- Dumping data for table `config_chat_message`
--


--
-- Table structure for table `config_ciudad`
--

CREATE TABLE `config_ciudad` (
  `config_ciudad_id` int(10) unsigned NOT NULL AUTO_INCREMENT,
  `config_provincia_id` int(10) unsigned NOT NULL,
  `nombre` varchar(255) DEFAULT NULL,
  `cp` varchar(255) DEFAULT NULL,
  `cod_google` varchar(255) DEFAULT NULL,
  `lat` varchar(25) DEFAULT NULL,
  `lon` varchar(25) DEFAULT NULL,
  `activo` tinyint(3) unsigned DEFAULT NULL,
  PRIMARY KEY (`config_ciudad_id`),
  KEY `config_ciudad_FKIndex1` (`config_provincia_id`)
) ENGINE=MyISAM AUTO_INCREMENT=6 DEFAULT CHARSET=latin1;

--
-- Dumping data for table `config_ciudad`
--

INSERT INTO `config_ciudad` VALUES (1,3,'Córdoba Capital','5000','dede','-31.41181675573452','-64',1),(2,3,'Alta Gracia','5300','jjjjjhhyy','-34.54151254545455455445','-64.54151254545455455445',1),(4,2,'xf','x<fz','xf<z','z','xfz',1),(5,5,'Paraná','2400','sd',NULL,NULL,1);

--
-- Table structure for table `config_constante`
--

CREATE TABLE `config_constante` (
  `config_constante_id` int(10) unsigned NOT NULL AUTO_INCREMENT,
  `variable` varchar(255) COLLATE latin1_general_ci DEFAULT NULL,
  `valor` varchar(255) COLLATE latin1_general_ci DEFAULT NULL,
  `admin` tinyint(4) DEFAULT NULL,
  `activo` int(10) unsigned DEFAULT NULL,
  PRIMARY KEY (`config_constante_id`),
  FULLTEXT KEY `variable` (`variable`),
  FULLTEXT KEY `valor` (`valor`)
) ENGINE=MyISAM AUTO_INCREMENT=61 DEFAULT CHARSET=latin1 COLLATE=latin1_general_ci;

--
-- Dumping data for table `config_constante`
--

INSERT INTO `config_constante` VALUES (9,'CANT_TD_CATEGORIAS','6',NULL,1),(10,'TAMANO_SQUARE','111 x 111',NULL,1),(11,'TAMANO_THUMB2','315 x 211',NULL,1),(12,'TAMANO_DETALLE','527 x 341',NULL,1),(13,'GALERIA_SQUARE','60 x 60',NULL,1),(14,'GALERIA_THUMB','50',NULL,1),(15,'GALERIA_DETALLE','550',NULL,1),(16,'THUMB_FOLDER','imagenes/thumb/',NULL,1),(17,'DETALLE_FOLDER','imagenes/detalle/',NULL,1),(18,'SQUARE_FOLDER','imagenes/square/',NULL,1),(19,'ORIGINAL_FOLDER','upload/',NULL,1),(20,'GOOGLE_MAP_API_KEY','ABQIAAAAiiisuDcgSl-AO-8BgGELShT3THHYGTp8rSQcCnwaJJWB1HsE_hQlaKB5SAZAfMaTpQVWgK-YRwjh4Q',NULL,1),(21,'GOOGLE_LONGITUD_INI','-64.1876220703125',NULL,1),(22,'GOOGLE_LATITUD_INI','-31.40053532686392',NULL,1),(23,'THUMB2_FOLDER','imagenes/thumb2/',NULL,1),(24,'TAMANO_THUMB3','1024 x 592',NULL,1),(25,'THUMB3_FOLDER','imagenes/thumb3/',NULL,1),(26,'TAMANO_THUMB4','871 x 244',NULL,1),(27,'THUMB4_FOLDER','imagenes/thumb4/',NULL,1),(28,'TAMANO_THUMB5','126 x 81',NULL,1),(29,'THUMB5_FOLDER','imagenes/thumb5/',NULL,1),(30,'RADIO_DETALLE','468 ',NULL,1),(31,'URL_MAIL','192.168.0.100/tango/V2/',NULL,1),(32,'FB_API_KEY','0cd1f6372ee6ae2cfa47fb5071390610',NULL,1),(33,'FB_SECRET','496bbd25265c3f316be21d34f27113ff',NULL,1),(34,'FB_APP_ID','105400470422',NULL,1),(35,'GOOGLE_ZOOM','15',NULL,1),(36,'GOOGLE_CAT_DEFECTO','29',NULL,1),(37,'HOST_MAIL','mail.manifesto.com.ar',NULL,1),(38,'USERNAME_MAIL','sol@manifesto.com.ar',NULL,1),(39,'PASSWORD_MAIL','solcita',NULL,1),(40,'FROM_MAIL','sol@manifesto.com.ar',NULL,1),(41,'DIR_IMAGENES_MAIL_DET','192.168.0.100/perezprece/web/imagenes/detalle/',NULL,1),(42,'TAMANO_THUMB6','416 x 92',NULL,1),(43,'THUMB6_FOLDER','imagenes/thumb6/',NULL,1),(44,'TAMANO_THUMB7','196 x 92',NULL,1),(45,'THUMB7_FOLDER','imagenes/thumb7/',NULL,1),(46,'THUMB8_FOLDER','../../../t-mobile-example/imagenes/thumb8/',NULL,1),(47,'TAMANO_THUMB8','460 x 230',NULL,1),(48,'CARPETA_ICONOS','Iconos-PNG/',NULL,1),(49,'MINUTOS_ONLINE','5',NULL,1),(50,'URL_ADMINISTRADOR','192.168.0.100/perezprece/web',NULL,1),(51,'REGISTRO_CLIENTE_ENABLE','1',NULL,1),(52,'SEGUNDOS_CABECERA_HOME','6',NULL,1),(53,'CARPETA_TEMPORAL','/perezprece/web',NULL,1),(54,'MENU_ICONO','28 x 28',NULL,1),(55,'CARPETA_ICONO','imagenes/iconos/',NULL,1),(56,'AGREGAR_ARCHIVO','Agregar archivo',NULL,1),(57,'CANT_SUCURSALES','3',NULL,1),(58,'CANT_PAG_TEL','10',NULL,1),(59,'CANT_NOTICIAS_PAGINA','3',NULL,1),(60,'CANT_AYUDA_PAGINA','3',NULL,1);

--
-- Table structure for table `config_css`
--

CREATE TABLE `config_css` (
  `config_css_id` int(10) unsigned NOT NULL AUTO_INCREMENT,
  `navegador` varchar(255) COLLATE latin1_general_ci DEFAULT NULL,
  `condicion` varchar(20) COLLATE latin1_general_ci DEFAULT NULL,
  `version` varchar(20) COLLATE latin1_general_ci DEFAULT NULL,
  `media` varchar(255) COLLATE latin1_general_ci DEFAULT NULL,
  `css_file` varchar(255) COLLATE latin1_general_ci DEFAULT NULL,
  `activo` int(10) unsigned DEFAULT NULL,
  PRIMARY KEY (`config_css_id`)
) ENGINE=MyISAM AUTO_INCREMENT=6 DEFAULT CHARSET=latin1 COLLATE=latin1_general_ci;

--
-- Dumping data for table `config_css`
--

INSERT INTO `config_css` VALUES (1,'Firefox','<=','6','screen',NULL,0),(2,'Firefox','<=','6','screen',NULL,0),(3,'Firefox','<=','6','screen',NULL,0),(4,'Firefox','>','2','handheld','test1.css',1),(5,'MSIE','>','6','screen','test1.css',1);

--
-- Table structure for table `config_empresa`
--

CREATE TABLE `config_empresa` (
  `config_empresa_id` int(10) unsigned NOT NULL AUTO_INCREMENT,
  `config_pais_id` int(10) unsigned NOT NULL,
  `n_fantasia` varchar(100) DEFAULT NULL,
  `razonsocial` varchar(255) DEFAULT NULL,
  `mail` varchar(255) DEFAULT NULL,
  `domicilio` varchar(255) DEFAULT NULL,
  `cuidad` varchar(45) DEFAULT NULL,
  `cp` varchar(25) DEFAULT NULL,
  `inicio_actividades` int(10) unsigned DEFAULT NULL,
  `website` varchar(255) DEFAULT NULL,
  `ib` varchar(45) DEFAULT NULL,
  `cuit` varchar(45) DEFAULT NULL,
  PRIMARY KEY (`config_empresa_id`),
  KEY `config_empresa_FKIndex1` (`config_pais_id`)
) ENGINE=MyISAM AUTO_INCREMENT=2 DEFAULT CHARSET=latin1;

--
-- Dumping data for table `config_empresa`
--

INSERT INTO `config_empresa` VALUES (1,10,'Rockx ','Rockx s.r.l.','sol@manifesto.com.ar','despasd,s sdkfsafd 1471','cordoba','5000',1228442400,'www.dfdhsabf.com.ar','2008556','30-300552233-0');

--
-- Table structure for table `config_feriado`
--

CREATE TABLE `config_feriado` (
  `config_feriado_id` int(10) unsigned NOT NULL AUTO_INCREMENT,
  `fecha` varchar(255) COLLATE utf8_spanish_ci DEFAULT NULL,
  `typo` varchar(255) COLLATE utf8_spanish_ci DEFAULT NULL,
  `activo` tinyint(3) unsigned DEFAULT NULL,
  PRIMARY KEY (`config_feriado_id`)
) ENGINE=MyISAM AUTO_INCREMENT=12 DEFAULT CHARSET=utf8 COLLATE=utf8_spanish_ci;

--
-- Dumping data for table `config_feriado`
--

INSERT INTO `config_feriado` VALUES (1,'01-01','fijo',1),(2,'03-24','fijo',1),(3,'04-02','fijo',1),(4,'05-01','fijo',1),(5,'05-25','fijo',1),(6,'06-9','fijo',1),(7,'12-8','fijo',1),(8,'12-25','fijo',1),(9,'10-12','primer_lunes',1),(10,'06-20','dinamico',1),(11,'08-17','dinamico',1);

--
-- Table structure for table `config_idioma`
--

CREATE TABLE `config_idioma` (
  `config_idioma_id` int(10) unsigned NOT NULL AUTO_INCREMENT,
  `idioma` varchar(200) COLLATE latin1_general_ci DEFAULT NULL,
  `av` varchar(20) COLLATE latin1_general_ci DEFAULT NULL,
  `icono` varchar(255) COLLATE latin1_general_ci DEFAULT NULL,
  `detalle` text COLLATE latin1_general_ci,
  `charset` varchar(200) COLLATE latin1_general_ci DEFAULT NULL,
  `google` varchar(20) COLLATE latin1_general_ci DEFAULT NULL,
  `activo` int(10) unsigned DEFAULT NULL,
  PRIMARY KEY (`config_idioma_id`)
) ENGINE=MyISAM AUTO_INCREMENT=192 DEFAULT CHARSET=latin1 COLLATE=latin1_general_ci;

--
-- Dumping data for table `config_idioma`
--

INSERT INTO `config_idioma` VALUES (15,'ALBANIAN',NULL,NULL,NULL,NULL,'sq',0),(16,'AMHARIC',NULL,NULL,NULL,NULL,'am',0),(17,'ARABIC',NULL,NULL,NULL,NULL,'ar',0),(18,'ARMENIAN',NULL,NULL,NULL,NULL,'hy',0),(19,'AZERBAIJANI',NULL,NULL,NULL,NULL,'az',0),(20,'BASQUE',NULL,NULL,NULL,NULL,'eu',0),(21,'BELARUSIAN',NULL,NULL,NULL,NULL,'be',0),(22,'BENGALI',NULL,NULL,NULL,NULL,'bn',0),(23,'BIHARI',NULL,NULL,NULL,NULL,'bh',0),(24,'BULGARIAN',NULL,NULL,NULL,NULL,'bg',0),(25,'BURMESE',NULL,NULL,NULL,NULL,'my',0),(26,'CATALAN',NULL,NULL,NULL,NULL,'ca',0),(27,'CHEROKEE',NULL,NULL,NULL,NULL,'chr',0),(28,'CHINESE',NULL,NULL,NULL,NULL,'zh',0),(29,'CHINESE_SIMPLIFIED',NULL,NULL,NULL,NULL,'zh-CN',0),(30,'CHINESE_TRADITIONAL',NULL,NULL,NULL,NULL,'zh-TW',0),(31,'CROATIAN',NULL,NULL,NULL,NULL,'hr',0),(32,'CZECH',NULL,NULL,NULL,NULL,'cs',0),(33,'DANISH',NULL,NULL,NULL,NULL,'da',0),(34,'DHIVEHI',NULL,NULL,NULL,NULL,'dv',0),(35,'DUTCH',NULL,NULL,NULL,NULL,'nl',0),(36,'ENGLISH','EN',NULL,NULL,NULL,'en',0),(37,'ESPERANTO',NULL,NULL,NULL,NULL,'eo',0),(38,'ESTONIAN',NULL,NULL,NULL,NULL,'et',0),(39,'FILIPINO',NULL,NULL,NULL,NULL,'tl',0),(40,'FINNISH',NULL,NULL,NULL,NULL,'fi',0),(41,'FRENCH',NULL,NULL,NULL,NULL,'fr',0),(42,'GALICIAN',NULL,NULL,NULL,NULL,'gl',0),(43,'GEORGIAN',NULL,NULL,NULL,NULL,'ka',0),(44,'GERMAN',NULL,NULL,NULL,NULL,'de',0),(45,'GREEK',NULL,NULL,NULL,NULL,'el',0),(46,'GUARANI',NULL,NULL,NULL,NULL,'gn',0),(47,'GUJARATI',NULL,NULL,NULL,NULL,'gu',0),(48,'HEBREW',NULL,NULL,NULL,NULL,'iw',0),(49,'HINDI',NULL,NULL,NULL,NULL,'hi',0),(50,'HUNGARIAN',NULL,NULL,NULL,NULL,'hu',0),(51,'ICELANDIC',NULL,NULL,NULL,NULL,'is',0),(52,'INDONESIAN',NULL,NULL,NULL,NULL,'id',0),(53,'INUKTITUT',NULL,NULL,NULL,NULL,'iu',0),(54,'ITALIAN','IT',NULL,NULL,NULL,'it',0),(55,'JAPANESE',NULL,NULL,NULL,NULL,'ja',0),(56,'KANNADA',NULL,NULL,NULL,NULL,'kn',0),(57,'KAZAKH',NULL,NULL,NULL,NULL,'kk',0),(58,'KHMER',NULL,NULL,NULL,NULL,'km',0),(59,'KOREAN',NULL,NULL,NULL,NULL,'ko',0),(60,'KURDISH',NULL,NULL,NULL,NULL,'ku',0),(61,'KYRGYZ',NULL,NULL,NULL,NULL,'ky',0),(62,'LAOTHIAN',NULL,NULL,NULL,NULL,'lo',0),(63,'LATVIAN',NULL,NULL,NULL,NULL,'lv',0),(64,'LITHUANIAN',NULL,NULL,NULL,NULL,'lt',0),(65,'MACEDONIAN',NULL,NULL,NULL,NULL,'mk',0),(66,'MALAY',NULL,NULL,NULL,NULL,'ms',0),(67,'MALAYALAM',NULL,NULL,NULL,NULL,'ml',0),(68,'MALTESE',NULL,NULL,NULL,NULL,'mt',0),(69,'MARATHI',NULL,NULL,NULL,NULL,'mr',0),(70,'MONGOLIAN',NULL,NULL,NULL,NULL,'mn',0),(71,'NEPALI',NULL,NULL,NULL,NULL,'ne',0),(72,'NORWEGIAN',NULL,NULL,NULL,NULL,'no',0),(73,'ORIYA',NULL,NULL,NULL,NULL,'or',0),(74,'PASHTO',NULL,NULL,NULL,NULL,'ps',0),(75,'PERSIAN',NULL,NULL,NULL,NULL,'fa',0),(76,'POLISH',NULL,NULL,NULL,NULL,'pl',0),(77,'PORTUGUESE',NULL,NULL,NULL,NULL,'pt-PT',0),(78,'PUNJABI',NULL,NULL,NULL,NULL,'pa',0),(79,'ROMANIAN',NULL,NULL,NULL,NULL,'ro',0),(80,'RUSSIAN',NULL,NULL,NULL,NULL,'ru',0),(81,'SANSKRIT',NULL,NULL,NULL,NULL,'sa',0),(82,'SERBIAN',NULL,NULL,NULL,NULL,'sr',0),(83,'SINDHI',NULL,NULL,NULL,NULL,'sd',0),(84,'SINHALESE',NULL,NULL,NULL,NULL,'si',0),(85,'SLOVAK',NULL,NULL,NULL,NULL,'sk',0),(86,'SLOVENIAN',NULL,NULL,NULL,NULL,'sl',0),(87,'SPANISH','SP',NULL,NULL,NULL,'es',1),(88,'SWAHILI',NULL,NULL,NULL,NULL,'sw',0),(89,'SWEDISH',NULL,NULL,NULL,NULL,'sv',0),(90,'TAJIK',NULL,NULL,NULL,NULL,'tg',0),(91,'TAMIL',NULL,NULL,NULL,NULL,'ta',0),(92,'TAGALOG',NULL,NULL,NULL,NULL,'tl',0),(93,'TELUGU',NULL,NULL,NULL,NULL,'te',0),(94,'THAI',NULL,NULL,NULL,NULL,'th',0),(95,'TIBETAN',NULL,NULL,NULL,NULL,'bo',0),(96,'TURKISH',NULL,NULL,NULL,NULL,'tr',0),(97,'UKRAINIAN',NULL,NULL,NULL,NULL,'uk',0),(98,'URDU',NULL,NULL,NULL,NULL,'ur',0),(99,'UZBEK',NULL,NULL,NULL,NULL,'uz',0),(100,'UIGHUR',NULL,NULL,NULL,NULL,'ug',0),(101,'VIETNAMESE',NULL,NULL,NULL,NULL,'vi',0);

--
-- Table structure for table `config_idioma_x_crm_contenido_categoria`
--

CREATE TABLE `config_idioma_x_crm_contenido_categoria` (
  `config_idioma_id` int(10) unsigned NOT NULL,
  `crm_contenido_categoria_id` int(10) unsigned NOT NULL,
  `titulo` varchar(255) DEFAULT NULL,
  `detalle` text,
  PRIMARY KEY (`config_idioma_id`,`crm_contenido_categoria_id`),
  KEY `config_idioma_has_crm_contenido_categoria_FKIndex1` (`config_idioma_id`),
  KEY `config_idioma_has_crm_contenido_categoria_FKIndex2` (`crm_contenido_categoria_id`),
  FULLTEXT KEY `titulo` (`titulo`)
) ENGINE=MyISAM DEFAULT CHARSET=latin1;

--
-- Dumping data for table `config_idioma_x_crm_contenido_categoria`
--

INSERT INTO `config_idioma_x_crm_contenido_categoria` VALUES (26,21,'Webs',NULL),(26,22,'TangoSpace',NULL),(26,23,'TangoBlogs',NULL),(26,24,'Cinema',NULL),(26,25,'Llocs',NULL),(26,26,'Acadèmies',NULL),(26,27,'Bars i Cafès',NULL),(26,28,'Espectacles',NULL),(26,29,'Milongas',NULL),(26,30,'Tanguerias',NULL),(26,31,'Artistes',NULL),(26,32,'Músics',NULL),(26,33,'Artistes Plàstics',NULL),(26,34,'Compositors',NULL),(26,35,'Escriptors',NULL),(26,36,'Ballarins',NULL),(26,37,'Cantants',NULL),(26,38,'Notícies',NULL),(26,39,'Artesans',NULL),(26,40,'Esdeveniments',NULL),(26,42,'Tagopedia',NULL),(26,43,'Lunfardo',NULL),(26,44,'Centres Religiosos',NULL),(26,45,'Estacions de Trens',NULL),(26,46,'Teatres',NULL),(26,47,'Clubs',NULL),(26,48,'Biblioteques',NULL),(26,49,'Accessoris de Tango',NULL),(26,50,'Centres Culturals',NULL),(26,51,'Parcs i Places',NULL),(26,52,'Centres de Compres',NULL),(26,53,'Galeries d\'Art',NULL),(26,54,'Museus',NULL),(26,55,'Llibreries',NULL),(26,56,'Cantonades de Tango',NULL),(26,57,'Restaurants',NULL),(26,58,'Artesanies i antiguitats',NULL),(26,59,'Bodegons',NULL),(26,60,'Llocs històrics',NULL),(26,61,'Referències turístiques',NULL),(26,62,'Hostels i albergs',NULL),(26,63,'Aeroports',NULL),(26,64,'TangoArt',NULL),(26,65,'TangoTravel',NULL),(26,68,'Categoria de prova. ',NULL),(28,21,'&#33145;&#26495;',NULL),(28,22,'TangoSpace',NULL),(28,23,'TangoBlogs',NULL),(28,24,'&#30005;&#24433;',NULL),(28,25,'&#22320;&#26041;',NULL),(28,26,'&#38498;&#26657;',NULL),(28,27,'&#37202;&#21543;&#21450;&#21654;&#21857;&#39302;',NULL),(28,28,'&#34920;&#28436;',NULL),(28,29,'Milongas',NULL),(28,30,'Tanguerias',NULL),(28,31,'&#33402;&#26415;&#23478;',NULL),(28,32,'&#38899;&#20048;&#23478;',NULL),(28,33,'&#22609;&#26009;&#33402;&#26415;&#23478;',NULL),(28,34,'&#20316;&#26354;&#23478;',NULL),(28,35,'&#20316;&#23478;',NULL),(28,36,'&#33310;&#32773;',NULL),(28,37,'&#27468;&#25163;',NULL),(28,38,'&#26032;&#38395;',NULL),(28,39,'&#24037;&#21280;',NULL),(28,40,'&#20107;&#20214;',NULL),(28,42,'Tagopedia',NULL),(28,43,'Lunfardo',NULL),(28,44,'&#23447;&#25945;&#20013;&#24515;',NULL),(28,45,'&#28779;&#36710;&#31449;',NULL),(28,46,'&#30005;&#24433;&#38498;',NULL),(28,47,'&#20465;&#20048;&#37096;',NULL),(28,48,'&#22270;&#20070;&#39302;',NULL),(28,49,'&#37197;&#20214;&#25506;&#25096;',NULL),(28,50,'&#25991;&#21270;&#20013;&#24515;',NULL),(28,51,'&#20844;&#22253;&#21644;&#24191;&#22330;',NULL),(28,52,'&#36141;&#29289;&#20013;&#24515;',NULL),(28,53,'&#33402;&#26415;&#30011;&#24266;',NULL),(28,54,'&#21338;&#29289;&#39302;',NULL),(28,55,'&#20070;&#24215;',NULL),(28,56,'&#22522;&#32435;&#26031;&#26085;&#25506;&#25096;',NULL),(28,57,'&#39184;&#21381;',NULL),(28,58,'&#24037;&#33402;&#21697;&#21450;&#21476;&#33891;',NULL),(28,59,'&#38745;&#29289;',NULL),(28,60,'&#21382;&#21490;&#36951;&#22336;',NULL),(28,61,'&#21442;&#32771;&#26053;&#28216;',NULL),(28,62,'&#26053;&#39302;&#21644;&#37202;&#24215;',NULL),(28,63,'&#26426;&#22330;',NULL),(28,64,'TangoArt',NULL),(28,65,'TangoTravel',NULL),(29,21,'&#33145;&#26495;',NULL),(29,22,'TangoSpace',NULL),(29,23,'TangoBlogs',NULL),(29,24,'&#30005;&#24433;',NULL),(29,25,'&#22320;&#26041;',NULL),(29,26,'&#38498;&#26657;',NULL),(29,27,'&#37202;&#21543;&#21450;&#21654;&#21857;&#39302;',NULL),(29,28,'&#34920;&#28436;',NULL),(29,29,'Milongas',NULL),(29,30,'Tanguerias',NULL),(29,31,'&#33402;&#26415;&#23478;',NULL),(29,32,'&#38899;&#20048;&#23478;',NULL),(29,33,'&#22609;&#26009;&#33402;&#26415;&#23478;',NULL),(29,34,'&#20316;&#26354;&#23478;',NULL),(29,35,'&#20316;&#23478;',NULL),(29,36,'&#33310;&#32773;',NULL),(29,37,'&#27468;&#25163;',NULL),(29,38,'&#26032;&#38395;',NULL),(29,39,'&#24037;&#21280;',NULL),(29,40,'&#20107;&#20214;',NULL),(29,42,'Tagopedia',NULL),(29,43,'Lunfardo',NULL),(29,44,'&#23447;&#25945;&#20013;&#24515;',NULL),(29,45,'&#28779;&#36710;&#31449;',NULL),(29,46,'&#30005;&#24433;&#38498;',NULL),(29,47,'&#20465;&#20048;&#37096;',NULL),(29,48,'&#22270;&#20070;&#39302;',NULL),(29,49,'&#37197;&#20214;&#25506;&#25096;',NULL),(29,50,'&#25991;&#21270;&#20013;&#24515;',NULL),(29,51,'&#20844;&#22253;&#21644;&#24191;&#22330;',NULL),(29,52,'&#36141;&#29289;&#20013;&#24515;',NULL),(29,53,'&#33402;&#26415;&#30011;&#24266;',NULL),(29,54,'&#21338;&#29289;&#39302;',NULL),(29,55,'&#20070;&#24215;',NULL),(29,56,'&#22522;&#32435;&#26031;&#26085;&#25506;&#25096;',NULL),(29,57,'&#39184;&#21381;',NULL),(29,58,'&#24037;&#33402;&#21697;&#21450;&#21476;&#33891;',NULL),(29,59,'&#38745;&#29289;',NULL),(29,60,'&#21382;&#21490;&#36951;&#22336;',NULL),(29,61,'&#21442;&#32771;&#26053;&#28216;',NULL),(29,62,'&#26053;&#39302;&#21644;&#37202;&#24215;',NULL),(29,63,'&#26426;&#22330;',NULL),(29,64,'TangoArt',NULL),(29,65,'TangoTravel',NULL),(30,21,'&#33145;&#26495;',NULL),(30,22,'TangoSpace. ','&#22312;&#32178;&#32097;&#31354;&#38291;&#30340;&#25506;&#25096;. '),(30,23,'TangoBlogs. ','Milonguenado&#22312;Blog. '),(30,24,'&#38651;&#24433;',NULL),(30,25,'&#23416;&#20301;. ','&#25506;&#25096;&#21644;&#26053;&#36938;&#22320;&#30436;. '),(30,26,'&#39636;&#32946;&#39208;. ','&#23416;&#26657;&#21644;&#33310;&#36424;&#35506;. '),(30,27,'&#37202;&#21543;&#21450;&#21654;&#21857;&#39208;',NULL),(30,28,'&#34920;&#28436;',NULL),(30,29,'Milongas. ','&#26368;&#22909;&#30340;&#22320;&#26041;&#31859;&#38534;&#21152;. '),(30,30,'Tanguerias',NULL),(30,31,'&#34269;&#34899;&#23478;. ','&#38899;&#27138;&#23478;&#65292;&#35433;&#20154;&#65292;&#20316;&#26354;&#23478;&#65292;&#28436;&#21729;&#65292;&#22609;&#26009;. '),(30,32,'&#38899;&#27138;&#23478;',NULL),(30,33,'&#22609;&#26009;&#34269;&#34899;&#23478;',NULL),(30,34,'&#20316;&#26354;&#23478;',NULL),(30,35,'&#20316;&#23478;',NULL),(30,36,'&#33310;&#32773;',NULL),(30,37,'&#27468;&#25163;',NULL),(30,38,'&#26032;&#32862;. ','&#26032;&#32862;&#30340;&#25506;&#25096;&#19990;&#30028;. '),(30,39,'&#24037;&#21280;',NULL),(30,40,'&#27963;&#21205;. ','&#22283;&#38555;&#27963;&#21205;&#26085;&#31243;. '),(30,42,'Tagopedia. ','&#30334;&#31185;&#20840;&#26360;&#21644;&#38463;&#26681;&#24311;&#30340;&#25506;&#25096;. '),(30,43,'Lunfardo. ','&#35422;&#20856;cayengue&#21644;arrabalero. '),(30,44,'&#23447;&#25945;&#20013;&#24515;',NULL),(30,45,'&#28779;&#36554;&#31449;',NULL),(30,46,'&#38651;&#24433;&#38498;',NULL),(30,47,'&#20465;&#27138;&#37096;',NULL),(30,48,'&#22294;&#26360;&#39208;',NULL),(30,49,'&#37197;&#20214;&#25506;&#25096;',NULL),(30,50,'&#25991;&#21270;&#20013;&#24515;',NULL),(30,51,'&#20844;&#22290;&#21644;&#24291;&#22580;',NULL),(30,52,'&#36092;&#29289;&#20013;&#24515;',NULL),(30,53,'&#34269;&#34899;&#30059;&#24266;',NULL),(30,54,'&#21338;&#29289;&#39208;',NULL),(30,55,'&#26360;&#24215;',NULL),(30,56,'&#22522;&#32013;&#26031;&#26085;&#25506;&#25096;',NULL),(30,57,'&#39184;&#24307;',NULL),(30,58,'&#24037;&#34269;&#21697;&#21450;&#21476;&#33891;',NULL),(30,59,'&#38748;&#29289;',NULL),(30,60,'&#27511;&#21490;&#36986;&#22336;',NULL),(30,61,'&#21443;&#32771;&#26053;&#36938;',NULL),(30,62,'&#26053;&#39208;&#21644;&#37202;&#24215;',NULL),(30,63,'&#27231;&#22580;',NULL),(30,64,'TangoArt. ','&#30059;&#24266;&#65292;&#24037;&#34269;&#65292;&#23884;&#32299;. '),(30,65,'TangoTravel. ','&#25351;&#21335;&#21644;&#25552;&#31034;&#30340;&#26053;&#34892;&#32773;. '),(30,66,'&#33802;&#29305;&#25289;&#26031;&#24503;&#25506;&#25096;',NULL),(30,67,'TangoClubs. ','&#32178;&#31449;&#25351;&#21335;&#25506;&#25096;&#20465;&#27138;&#37096;. '),(30,68,'&#28204;&#35430;&#39006;&#21029;. ',NULL),(30,70,NULL,NULL),(36,21,'Webs',NULL),(36,22,'TangoSpace. ','The Tango in Cyberspace. '),(36,23,'TangoBlogs. ','Milonguenado in the Blogosphere. '),(36,24,'Movies',NULL),(36,25,'Places. ','TANGO AND TOURS SITES. '),(36,26,'Gyms. ','Schools and dance lessons. '),(36,27,'Bars and Cafes',NULL),(36,28,'Shows',NULL),(36,29,'Milongas. ','The best places to milonga. '),(36,30,'Tanguerias',NULL),(36,31,'Artists. ','Musicians, poets, composers, performers, plastics. '),(36,32,'Musicians',NULL),(36,33,'Plastic Artists',NULL),(36,34,'Composers',NULL),(36,35,'Writers',NULL),(36,36,'Dancers',NULL),(36,37,'Singers',NULL),(36,38,'News. ','News of the tango in the world. '),(36,39,'Artisans',NULL),(36,40,'Events. ','International Events Calendar. '),(36,42,'Tagopedia. ','Encyclopedia of tango and Argentina. '),(36,43,'Lunfardo. ','Dictionary cayengue and arrabalero. '),(36,44,'Religious Centers',NULL),(36,45,'Train Stations',NULL),(36,46,'Theaters',NULL),(36,47,'Clubs',NULL),(36,48,'Libraries',NULL),(36,49,'Accessories for Tango',NULL),(36,50,'Cultural Centers',NULL),(36,51,'Parks and Squares',NULL),(36,52,'Shopping Centers',NULL),(36,53,'Art Galleries',NULL),(36,54,'Museums',NULL),(36,55,'Bookstores',NULL),(36,56,'Esquinas de Tango',NULL),(36,57,'Restaurants',NULL),(36,58,'Crafts and antiques',NULL),(36,59,'Still lifes',NULL),(36,60,'Historical sites',NULL),(36,61,'References tourist',NULL),(36,62,'Hostels and Hotels',NULL),(36,63,'Airports',NULL),(36,64,'TangoArt. ','Art galleries, crafts, filleting. '),(36,65,'TangoTravel. ','Guides and tips for the Traveler. '),(36,66,'Letras de Tango',NULL),(36,67,'TangoClubs. ','Web Guide Tango Clubs. '),(36,68,'Test Category. ',NULL),(36,70,NULL,NULL),(41,21,'Webs',NULL),(41,22,'TangoSpace. ','Le Tango dans le cyberespace. '),(41,23,'TangoBlogs. ','Milonguenado dans la blogosphère. '),(41,24,'Films',NULL),(41,25,'Lieux. ','TANGO ET VISITES DES SITES. '),(41,26,'Gymnases. ','Ecoles et cours de danse. '),(41,27,'Bars et cafés',NULL),(41,28,'Spectacles',NULL),(41,29,'Milongas. ','Les meilleurs endroits pour la milonga. '),(41,30,'Tanguerias',NULL),(41,31,'Artistes. ','Musiciens, poètes, compositeurs, artistes interprètes ou exécutants, des matières plastiques. '),(41,32,'Musiciens',NULL),(41,33,'Les artistes plastiques',NULL),(41,34,'Compositeurs',NULL),(41,35,'Writers',NULL),(41,36,'Danseurs',NULL),(41,37,'Singers',NULL),(41,38,'Nouvelles. ','Nouvelles du tango dans le monde. '),(41,39,'Artisans',NULL),(41,40,'Evénements. ','Calendrier des événements internationaux. '),(41,42,'Tagopedia. ','Encyclopédie du tango et de l\'Argentine. '),(41,43,'Lunfardo. ','Cayengue Dictionnaire et Arrabalero. '),(41,44,'Centres religieux',NULL),(41,45,'Gares',NULL),(41,46,'Théâtres',NULL),(41,47,'Clubs',NULL),(41,48,'Bibliothèques',NULL),(41,49,'Accessoires pour Tango',NULL),(41,50,'Centres culturels',NULL),(41,51,'Parcs et Places',NULL),(41,52,'Centres commerciaux',NULL),(41,53,'Galeries d\'art',NULL),(41,54,'Musées',NULL),(41,55,'Librairies',NULL),(41,56,'Esquinas de Tango',NULL),(41,57,'Restaurants',NULL),(41,58,'L\'artisanat et d\'antiquités',NULL),(41,59,'Natures mortes',NULL),(41,60,'Sites historiques',NULL),(41,61,'Références touristique',NULL),(41,62,'Auberges et Hôtels',NULL),(41,63,'Aéroports',NULL),(41,64,'TangoArt. ','Galeries d\'art, l\'artisanat, du filetage. '),(41,65,'TangoTravel. ','Guides et conseils pour les voyageurs. '),(41,67,'TangoClubs. ','Guide Web Tango Clubs. '),(41,68,'Test Category. ',NULL),(41,70,NULL,NULL),(44,21,'Webs',NULL),(44,22,'TangoSpace. ','Der Tango im Cyberspace. '),(44,23,'TangoBlogs. ','Milonguenado in der Blogosphäre. '),(44,24,'Filme',NULL),(44,25,'Orte. ','TANGO UND TOURS SITES. '),(44,26,'Fitness Studios. ','Schulen und Tanzunterricht. '),(44,27,'Bars und Cafés',NULL),(44,28,'Zeigt',NULL),(44,29,'Milongas. ','Die besten Plätze zum Milonga. '),(44,30,'Tanguerias',NULL),(44,31,'Künstler. ','Musiker, Dichter, Komponisten, Interpreten, Kunststoff. '),(44,32,'Musiker',NULL),(44,33,'Künstler',NULL),(44,34,'Komponisten',NULL),(44,35,'Schriftsteller',NULL),(44,36,'Tänzer',NULL),(44,37,'Singers',NULL),(44,38,'News. ','News des Tangos in der Welt. '),(44,39,'Artisans',NULL),(44,40,'Veranstaltungen. ','Internationaler Veranstaltungskalender. '),(44,42,'Tagopedia. ','Encyclopedia of Tango und Argentinien. '),(44,43,'Lunfardo. ','Wörterbuch cayengue und arrabalero. '),(44,44,'Religiöse Zentren',NULL),(44,45,'Bahnhöfe',NULL),(44,46,'Theater',NULL),(44,47,'Clubs',NULL),(44,48,'Bibliotheken',NULL),(44,49,'Zubehör für Tango',NULL),(44,50,'Kulturzentren',NULL),(44,51,'Parks und Plätze',NULL),(44,52,'Shopping-Center',NULL),(44,53,'Galerien',NULL),(44,54,'Museen',NULL),(44,55,'Buchhandlungen',NULL),(44,56,'Esquinas de Tango',NULL),(44,57,'Restaurants',NULL),(44,58,'Kunsthandwerk und Antiquitäten',NULL),(44,59,'Stilleben',NULL),(44,60,'Historische Stätten',NULL),(44,61,'Referenzen Touristen',NULL),(44,62,'Herbergen und Hotels',NULL),(44,63,'Flughäfen',NULL),(44,64,'TangoArt. ','Kunstgalerien, Kunsthandwerk, Filetieren. '),(44,65,'TangoTravel. ','Ratgeber und Tipps für den Reisenden. '),(44,67,'TangoClubs. ','Web-Guide Tango Clubs. '),(44,68,'Test Kategorie. ',NULL),(44,70,NULL,NULL),(54,21,'Webs',NULL),(54,22,'TangoSpace. ','Il Tango in Cyberspace. '),(54,23,'TangoBlogs. ','Milonguenado nella blogosfera. '),(54,24,'Film',NULL),(54,25,'Places. ','TANGO E TOUR SITI. '),(54,26,'Palestre. ','Scuole e lezioni di ballo. '),(54,27,'Bar e Caffè',NULL),(54,28,'Spettacoli',NULL),(54,29,'Milongas. ','I migliori posti per milonga. '),(54,30,'Tanguerias',NULL),(54,31,'Artisti. ','Musicisti, poeti, compositori, interpreti, materie plastiche. '),(54,32,'Musicisti',NULL),(54,33,'Artisti di plastica',NULL),(54,34,'Compositori',NULL),(54,35,'Scrittori',NULL),(54,36,'Ballerini',NULL),(54,37,'Cantanti',NULL),(54,38,'News. ','News del tango nel mondo. '),(54,39,'Artigianato',NULL),(54,40,'Eventi. ','Calendario eventi internazionali. '),(54,42,'Tagopedia. ','Enciclopedia del tango e l\'Argentina. '),(54,43,'Lunfardo. ','Cayengue Dizionario e arrabalero. '),(54,44,'Centri religiosi',NULL),(54,45,'Stazioni Ferroviarie',NULL),(54,46,'Teatri',NULL),(54,47,'Club',NULL),(54,48,'Biblioteche',NULL),(54,49,'Accessori per Tango',NULL),(54,50,'Centri culturali',NULL),(54,51,'Parchi e piazze',NULL),(54,52,'Centri commerciali',NULL),(54,53,'Gallerie d\'Arte',NULL),(54,54,'Musei',NULL),(54,55,'Librerie',NULL),(54,56,'Esquinas de Tango',NULL),(54,57,'Ristoranti',NULL),(54,58,'Artigianato e di antiquariato',NULL),(54,59,'Nature morte',NULL),(54,60,'Siti storici',NULL),(54,61,'Riferimenti turistici',NULL),(54,62,'Ostelli e Hotel',NULL),(54,63,'Aeroporti',NULL),(54,64,'TangoArt. ','Gallerie d\'arte, l\'artigianato, la sfilettatura. '),(54,65,'TangoTravel. ','Guide e consigli per il viaggiatore. '),(54,67,'TangoClubs. ','Web Guide Tango Club. '),(54,68,'Test Category. ',NULL),(54,70,NULL,NULL),(55,21,'&#12454;&#12455;&#12502;',NULL),(55,22,'TangoSpace. ','&#12479;&#12531;&#12468;&#12469;&#12452;&#12496;&#12540;&#12473;&#12506;&#12540;&#12473;. '),(55,23,'TangoBlogs. ','Milonguenado&#12502;&#12525;&#12468;&#12473;&#12501;&#12451;&#12450;. '),(55,24,'&#26144;&#30011;',NULL),(55,25,'&#22580;&#25152;. ','&#12479;&#12531;&#12468;&#12392;&#12488;&#12453;&#12540;&#12523;&#12469;&#12452;&#12488;. '),(55,26,'&#12472;&#12512;. ','&#23398;&#26657;&#12420;&#12480;&#12531;&#12473;&#12398;&#12524;&#12483;&#12473;&#12531;. '),(55,27,'&#12496;&#12540;&#12420;&#12459;&#12501;&#12455;',NULL),(55,28,'&#30058;&#32068;',NULL),(55,29,'&#12511;&#12525;&#12531;&#12460;. ','&#12511;&#12525;&#12531;&#12460;&#12408;&#12398;&#26368;&#39640;&#12398;&#22580;&#25152;. '),(55,30,'Tanguerias',NULL),(55,31,'&#12450;&#12540;&#12486;&#12451;&#12473;&#12488;. ','&#12511;&#12517;&#12540;&#12472;&#12471;&#12515;&#12531;&#12289;&#35433;&#20154;&#12289;&#20316;&#26354;&#23478;&#12289;&#12497;&#12501;&#12457;&#12540;&#12510;&#12540;&#12289;&#12503;&#12521;&#12473;&#12481;&#12483;&#12463;&#12289;. '),(55,32,'&#12511;&#12517;&#12540;&#12472;&#12471;&#12515;&#12531;',NULL),(55,33,'&#12503;&#12521;&#12473;&#12481;&#12483;&#12463;&#12398;&#12450;&#12540;&#12486;&#12451;&#12473;&#12488;',NULL),(55,34,'&#20316;&#26354;&#23478;',NULL),(55,35,'&#20316;&#23478;',NULL),(55,36,'&#12480;&#12531;&#12469;&#12540;',NULL),(55,37,'&#27468;&#25163;',NULL),(55,38,'&#12491;&#12517;&#12540;&#12473;. ','&#12491;&#12517;&#12540;&#12473;&#12399;&#12289;&#12479;&#12531;&#12468;&#12398;&#19990;&#30028;&#12391;&#12399;. '),(55,39,'&#32887;&#20154;',NULL),(55,40,'&#12452;&#12505;&#12531;&#12488;. ','&#22269;&#38555;&#12452;&#12505;&#12531;&#12488;&#12459;&#12524;&#12531;&#12480;&#12540;. '),(55,42,'Tagopedia. ','&#30334;&#31185;&#20107;&#20856;&#12398;&#12479;&#12531;&#12468;&#12392;&#12450;&#12523;&#12476;&#12531;&#12481;&#12531;. '),(55,43,'Lunfardo. ','&#36766;&#26360;cayengue&#12392;arrabalero. '),(55,44,'&#23447;&#25945;&#12475;&#12531;&#12479;&#12540;',NULL),(55,45,'&#37444;&#36947;&#39365;',NULL),(55,46,'&#21127;&#22580;',NULL),(55,47,'&#12463;&#12521;&#12502;',NULL),(55,48,'&#12521;&#12452;&#12502;&#12521;&#12522;',NULL),(55,49,'&#12479;&#12531;&#12468;&#29992;&#12450;&#12463;&#12475;&#12469;&#12522;',NULL),(55,50,'&#25991;&#21270;&#12475;&#12531;&#12479;&#12540;',NULL),(55,51,'&#20844;&#22290;&#12420;&#24195;&#22580;',NULL),(55,52,'&#12471;&#12519;&#12483;&#12500;&#12531;&#12464;&#12475;&#12531;&#12479;&#12540;',NULL),(55,53,'&#12450;&#12540;&#12488;&#12462;&#12515;&#12521;&#12522;&#12540;',NULL),(55,54,'&#32654;&#34899;&#39208;',NULL),(55,55,'&#26360;&#24215;',NULL),(55,56,'Esquinas&#12487;&#12479;&#12531;&#12468;',NULL),(55,57,'&#12524;&#12473;&#12488;&#12521;&#12531;',NULL),(55,58,'&#24037;&#33464;&#21697;&#12289;&#39592;&#33891;&#21697;',NULL),(55,59,'&#12414;&#12384;lifes',NULL),(55,60,'&#21490;&#36321;',NULL),(55,61,'&#12522;&#12501;&#12449;&#12524;&#12531;&#12473;&#35251;&#20809;',NULL),(55,62,'&#12507;&#12473;&#12486;&#12523;&#12392;&#12507;&#12486;&#12523;',NULL),(55,63,'&#31354;&#28207;',NULL),(55,64,'TangoArt. ','&#12450;&#12540;&#12488;&#12462;&#12515;&#12521;&#12522;&#12540;&#12289;&#24037;&#33464;&#21697;&#12289;&#12501;&#12451;&#12524;&#12483;&#12488;. '),(55,65,'TangoTravel. ','&#12460;&#12452;&#12489;&#12392;&#26053;&#34892;&#32773;&#12398;&#12383;&#12417;&#12398;&#12498;&#12531;&#12488;. '),(55,67,'TangoClubs. ','&#12398;Web&#12460;&#12452;&#12489;&#12479;&#12531;&#12468;&#12463;&#12521;&#12502;. '),(55,68,'&#12486;&#12473;&#12488;&#12459;&#12486;&#12468;&#12522;&#12540;. ',NULL),(55,70,NULL,NULL),(77,21,'Webs',NULL),(77,22,'TangoSpace. ','O Tango no Ciberespaço. '),(77,23,'TangoBlogs. ','Milonguenado na blogosfera. '),(77,24,'Filmes',NULL),(77,25,'Lugares. ','TANGO E TURISMO SITES. '),(77,26,'Academias','As escolas e as aulas de dança. '),(77,27,'Bares e Cafés',NULL),(77,28,'Espectáculos',NULL),(77,29,'Milongas. ','Os melhores lugares para milonga. '),(77,30,'\"Tanguerias\"',NULL),(77,31,'Artistas','Músicos, poetas, compositores, artistas plásticos. '),(77,32,'Músicos',NULL),(77,33,'Artistas Plásticos',NULL),(77,34,'Compositores',NULL),(77,35,'Escritores',NULL),(77,36,'Bailarinos',NULL),(77,37,'Cantores',NULL),(77,38,'Notícias. ','Notícias do tango no mundo. '),(77,39,'Artesãos',NULL),(77,40,'Eventos','Agenda internacional de eventos'),(77,42,'Tagopedia. ','Enciclopédia do tango e da Argentina. '),(77,43,'Lunfardo. ','Dicionário cayengue e Arrabalero. '),(77,44,'Centros Religiosos',NULL),(77,45,'Comboio Estações',NULL),(77,46,'Teatros',NULL),(77,47,'Clubes',NULL),(77,48,'Bibliotecas',NULL),(77,49,'Acessórios para Tango',NULL),(77,50,'Centros Culturais',NULL),(77,51,'Parques e Praças',NULL),(77,52,'Shopping Centers',NULL),(77,53,'Galerias de Arte',NULL),(77,54,'Museus',NULL),(77,55,'Livrarias',NULL),(77,56,'Esquinas de Tango',NULL),(77,57,'Restaurantes',NULL),(77,58,'Artesanato e antiguidades',NULL),(77,59,'Ainda vida',NULL),(77,60,'Locais históricos',NULL),(77,61,'Referências turístico',NULL),(77,62,'Pousadas e Hotéis',NULL),(77,63,'Aeroportos',NULL),(77,64,'TangoArt. ','Galerias de arte, artesanato, filetagem. '),(77,65,'TangoTravel. ','Guias e dicas para o viajante. '),(77,67,'TangoClubs. ','Web Guia Tango Clubes. '),(77,68,'Test Category. ',NULL),(77,70,'Clubes de Tango en capital',NULL),(80,21,'Webs',NULL),(80,22,'TangoSpace. ','&#1058;&#1072;&#1085;&#1075;&#1086; &#1074; &#1082;&#1080;&#1073;&#1077;&#1088;&#1087;&#1088;&#1086;&#1089;&#1090;&#1088;&#1072;&#1085;&#1089;&#1090;&#1074;&#1077;. '),(80,23,'TangoBlogs. ','Milonguenado &#1074; &#1073;&#1083;&#1086;&#1075;&#1086;&#1089;&#1092;&#1077;&#1088;&#1077;. '),(80,24,'&#1060;&#1080;&#1083;&#1100;&#1084;&#1099;',NULL),(80,25,'&#1052;&#1077;&#1089;&#1090;&#1086;. ','&#1058;&#1072;&#1085;&#1075;&#1086; &#1080; &#1058;&#1059;&#1056;&#1067; &#1057;&#1040;&#1049;&#1058;&#1067;. '),(80,26,'&#1057;&#1087;&#1086;&#1088;&#1090;&#1080;&#1074;&#1085;&#1099;&#1077; &#1079;&#1072;&#1083;&#1099;. ','&#1064;&#1082;&#1086;&#1083;&#1099; &#1080; &#1091;&#1088;&#1086;&#1082;&#1080; &#1090;&#1072;&#1085;&#1094;&#1077;&#1074;. '),(80,27,'&#1041;&#1072;&#1088;&#1099; &#1080; &#1082;&#1072;&#1092;&#1077;',NULL),(80,28,'&#1055;&#1086;&#1082;&#1072;&#1079;&#1099;&#1074;&#1072;&#1077;&#1090;',NULL),(80,29,'&#1052;&#1080;&#1083;&#1086;&#1085;&#1075;&#1080;. ','&#1051;&#1091;&#1095;&#1096;&#1080;&#1077; &#1084;&#1077;&#1089;&#1090;&#1072;, &#1095;&#1090;&#1086;&#1073;&#1099; &#1084;&#1080;&#1083;&#1086;&#1085;&#1075;&#1072;. '),(80,30,'Tanguerias',NULL),(80,31,'&#1048;&#1089;&#1087;&#1086;&#1083;&#1085;&#1080;&#1090;&#1077;&#1083;&#1080;. ','&#1052;&#1091;&#1079;&#1099;&#1082;&#1072;&#1085;&#1090;&#1086;&#1074;, &#1087;&#1086;&#1101;&#1090;&#1086;&#1074;, &#1082;&#1086;&#1084;&#1087;&#1086;&#1079;&#1080;&#1090;&#1086;&#1088;&#1086;&#1074;, &#1080;&#1089;&#1087;&#1086;&#1083;&#1085;&#1080;&#1090;&#1077;&#1083;&#1077;&#1081;, &#1087;&#1083;&#1072;&#1089;&#1090;&#1080;&#1082;. '),(80,32,'&#1052;&#1091;&#1079;&#1099;&#1082;&#1072;&#1085;&#1090;&#1099;',NULL),(80,33,'&#1055;&#1083;&#1072;&#1089;&#1090;&#1080;&#1082;&#1086;&#1074;&#1099;&#1077; &#1048;&#1089;&#1087;&#1086;&#1083;&#1085;&#1080;&#1090;&#1077;&#1083;&#1080;',NULL),(80,34,'&#1050;&#1086;&#1084;&#1087;&#1086;&#1079;&#1080;&#1090;&#1086;&#1088;&#1099;',NULL),(80,35,'&#1055;&#1080;&#1089;&#1072;&#1090;&#1077;&#1083;&#1080;',NULL),(80,36,'&#1058;&#1072;&#1085;&#1094;&#1086;&#1088;&#1099;',NULL),(80,37,'&#1048;&#1089;&#1087;&#1086;&#1083;&#1085;&#1080;&#1090;&#1077;&#1083;&#1077;&#1081;',NULL),(80,38,'&#1053;&#1086;&#1074;&#1086;&#1089;&#1090;&#1080;. ','&#1053;&#1086;&#1074;&#1086;&#1089;&#1090;&#1080; &#1090;&#1072;&#1085;&#1075;&#1086; &#1074; &#1084;&#1080;&#1088;&#1077;. '),(80,39,'&#1056;&#1077;&#1084;&#1077;&#1089;&#1083;&#1077;&#1085;&#1085;&#1080;&#1082;&#1080;',NULL),(80,40,'&#1057;&#1086;&#1073;&#1099;&#1090;&#1080;&#1103;. ','&#1052;&#1077;&#1078;&#1076;&#1091;&#1085;&#1072;&#1088;&#1086;&#1076;&#1085;&#1099;&#1077; &#1089;&#1086;&#1073;&#1099;&#1090;&#1080;&#1103; &#1082;&#1072;&#1083;&#1077;&#1085;&#1076;&#1072;&#1088;&#1103;. '),(80,42,'Tagopedia. ','&#1069;&#1085;&#1094;&#1080;&#1082;&#1083;&#1086;&#1087;&#1077;&#1076;&#1080;&#1103; &#1090;&#1072;&#1085;&#1075;&#1086; &#1080; &#1040;&#1088;&#1075;&#1077;&#1085;&#1090;&#1080;&#1085;&#1099;. '),(80,43,'Lunfardo. ','&#1057;&#1083;&#1086;&#1074;&#1072;&#1088;&#1100; cayengue &#1080; Arrabalero. '),(80,44,'&#1056;&#1077;&#1083;&#1080;&#1075;&#1080;&#1086;&#1079;&#1085;&#1099;&#1077; &#1094;&#1077;&#1085;&#1090;&#1088;&#1099;',NULL),(80,45,'&#1046;&#1077;&#1083;&#1077;&#1079;&#1085;&#1086;&#1076;&#1086;&#1088;&#1086;&#1078;&#1085;&#1099;&#1077; &#1089;&#1090;&#1072;&#1085;&#1094;&#1080;&#1080;',NULL),(80,46,'&#1058;&#1077;&#1072;&#1090;&#1088;&#1099;',NULL),(80,47,'&#1050;&#1083;&#1091;&#1073;&#1099;',NULL),(80,48,'&#1041;&#1080;&#1073;&#1083;&#1080;&#1086;&#1090;&#1077;&#1082;&#1080;',NULL),(80,49,'&#1040;&#1082;&#1089;&#1077;&#1089;&#1089;&#1091;&#1072;&#1088;&#1099; &#1076;&#1083;&#1103; &#1090;&#1072;&#1085;&#1075;&#1086;',NULL),(80,50,'&#1050;&#1091;&#1083;&#1100;&#1090;&#1091;&#1088;&#1085;&#1099;&#1077; &#1094;&#1077;&#1085;&#1090;&#1088;&#1099;',NULL),(80,51,'&#1055;&#1072;&#1088;&#1082;&#1080; &#1080; &#1089;&#1082;&#1074;&#1077;&#1088;&#1099;',NULL),(80,52,'&#1058;&#1086;&#1088;&#1075;&#1086;&#1074;&#1099;&#1077; &#1094;&#1077;&#1085;&#1090;&#1088;&#1099;',NULL),(80,53,'&#1061;&#1091;&#1076;&#1086;&#1078;&#1077;&#1089;&#1090;&#1074;&#1077;&#1085;&#1085;&#1099;&#1077; &#1075;&#1072;&#1083;&#1077;&#1088;&#1077;&#1080;',NULL),(80,54,'&#1052;&#1091;&#1079;&#1077;&#1080;',NULL),(80,55,'&#1050;&#1085;&#1080;&#1078;&#1085;&#1099;&#1077; &#1084;&#1072;&#1075;&#1072;&#1079;&#1080;&#1085;&#1099;',NULL),(80,56,'&#1069;&#1089;&#1082;&#1080;&#1085;&#1072;&#1089;-&#1076;&#1077;-&#1058;&#1072;&#1085;&#1075;&#1086;',NULL),(80,57,'&#1056;&#1077;&#1089;&#1090;&#1086;&#1088;&#1072;&#1085;&#1099;',NULL),(80,58,'&#1056;&#1077;&#1084;&#1077;&#1089;&#1077;&#1083; &#1080; &#1072;&#1085;&#1090;&#1080;&#1082;&#1074;&#1072;&#1088;&#1080;&#1072;&#1090;&#1072;',NULL),(80,59,'&#1053;&#1072;&#1090;&#1102;&#1088;&#1084;&#1086;&#1088;&#1090;&#1099;',NULL),(80,60,'&#1048;&#1089;&#1090;&#1086;&#1088;&#1080;&#1095;&#1077;&#1089;&#1082;&#1080;&#1077; &#1084;&#1077;&#1089;&#1090;&#1072;',NULL),(80,61,'&#1057;&#1089;&#1099;&#1083;&#1082;&#1080; &#1090;&#1091;&#1088;&#1080;&#1089;&#1090;&#1072;',NULL),(80,62,'&#1055;&#1072;&#1085;&#1089;&#1080;&#1086;&#1085;&#1072;&#1090;&#1099; &#1080; &#1075;&#1086;&#1089;&#1090;&#1080;&#1085;&#1080;&#1094;&#1099;',NULL),(80,63,'&#1040;&#1101;&#1088;&#1086;&#1087;&#1086;&#1088;&#1090;&#1099;',NULL),(80,64,'TangoArt. ','&#1061;&#1091;&#1076;&#1086;&#1078;&#1077;&#1089;&#1090;&#1074;&#1077;&#1085;&#1085;&#1099;&#1077; &#1075;&#1072;&#1083;&#1077;&#1088;&#1077;&#1080;, &#1088;&#1077;&#1084;&#1077;&#1089;&#1083;&#1072;, &#1092;&#1080;&#1083;&#1077;. '),(80,65,'TangoTravel. ','&#1043;&#1080;&#1076;&#1099; &#1080; &#1089;&#1086;&#1074;&#1077;&#1090;&#1099; &#1076;&#1083;&#1103; &#1087;&#1091;&#1090;&#1077;&#1096;&#1077;&#1089;&#1090;&#1074;&#1077;&#1085;&#1085;&#1080;&#1082;&#1072;. '),(80,67,'TangoClubs. ','Web Guide &#1090;&#1072;&#1085;&#1075;&#1086; &#1082;&#1083;&#1091;&#1073;&#1099;. '),(80,68,'&#1058;&#1077;&#1089;&#1090;&#1086;&#1074;&#1072;&#1103; &#1082;&#1072;&#1090;&#1077;&#1075;&#1086;&#1088;&#1080;&#1103;. ',NULL),(80,70,'&#1050;&#1083;&#1091;&#1073;&#1099; &#1076;&#1077; &#1090;&#1072;&#1085;&#1075;&#1086; EN &#1082;&#1072;&#1087;&#1080;&#1090;&#1072;&#1083;',NULL),(87,21,'Webs',NULL),(87,22,'TangoSpace','El Tango en el Cyberespacio'),(87,23,'TangoBlogs','Milonguenado en la Blogósfera'),(87,24,'Cinema',NULL),(87,25,'Lugares2','LUGARES DE TANGO Y PASEOS'),(87,26,'Academias','Escuelas y lecciones de baile'),(87,27,'Bares y Cafés',NULL),(87,28,'Espectaculos',NULL),(87,29,'Milongas','Los mejores lugares para milonguear'),(87,30,'Tanguerias',NULL),(87,31,'Artistas','Músicos, poetas, compositores, intérpretes, plásticos.'),(87,32,'Músicos',NULL),(87,33,'Artistas Plásticos',NULL),(87,34,'Compositores',NULL),(87,35,'Escritores',NULL),(87,36,'Bailarines',NULL),(87,37,'Cantantes',NULL),(87,38,'Noticias','Actualidad del tango en el mundo'),(87,39,'Artesanos',NULL),(87,40,'Eventos','Agenda internacional de eventos'),(87,42,'Tagopedia','Enciclopedia del tango y la Argentinidad'),(87,43,'Lunfardo','Diccionario cayengue y arrabalero'),(87,44,'Centros Religiosos',NULL),(87,45,'Estaciones de Trenes',NULL),(87,46,'Teatros',NULL),(87,47,'Clubes',NULL),(87,48,'Bibliotecas',NULL),(87,49,'Accesorios de Tango',NULL),(87,50,'Centros Culturales',NULL),(87,51,'Parques y Plazas',NULL),(87,52,'Shoppings',NULL),(87,53,'Galerias de Arte',NULL),(87,54,'Museos',NULL),(87,55,'Librerías',NULL),(87,56,'Esquinas de Tango',NULL),(87,57,'Restaurantes',NULL),(87,58,'Artesanías y antigüedades',NULL),(87,59,'Bodegones',NULL),(87,60,'Lugares históricos',NULL),(87,61,'Referencias turísticas',NULL),(87,62,'Hostels y hoteles',NULL),(87,63,'Aeropuertos',NULL),(87,64,'TangoArt','Galerías de arte, artesanías, fileteado'),(87,65,'TangoTravel','Guias y consejos para el Viajero'),(87,66,'Letras de Tango',NULL),(87,67,'TangoClubs','Guia Web de los Clubes de Tango'),(87,68,'Categoria de prueba',NULL),(87,70,'Clubs de tango en capital',NULL),(87,72,'T-Mobile',NULL),(87,73,'Noticias',NULL),(87,74,'Novedades',NULL),(87,75,'Conéctate',NULL),(87,76,'Temas',NULL),(87,77,'Mensajes de Texto',NULL),(87,78,'Ringtones &Ringback',NULL),(87,79,'Tones',NULL),(87,80,'Música',NULL),(87,81,'Juegos',NULL),(87,82,'Wallpapers',NULL),(87,83,'Internet',NULL),(87,84,'Aplicaciones',NULL);

--
-- Table structure for table `config_modulo`
--

CREATE TABLE `config_modulo` (
  `config_modulo_id` int(10) unsigned NOT NULL AUTO_INCREMENT,
  `orden` int(10) unsigned DEFAULT NULL,
  `nombre` varchar(255) COLLATE latin1_general_ci DEFAULT NULL,
  `txt` text COLLATE latin1_general_ci,
  `help` text COLLATE latin1_general_ci,
  `activo` int(10) unsigned DEFAULT NULL,
  PRIMARY KEY (`config_modulo_id`)
) ENGINE=MyISAM AUTO_INCREMENT=76 DEFAULT CHARSET=latin1 COLLATE=latin1_general_ci;

--
-- Dumping data for table `config_modulo`
--

INSERT INTO `config_modulo` VALUES (15,20,'Configuración',NULL,NULL,1),(21,5,'Productos',NULL,NULL,1),(25,NULL,'Idiomas',NULL,NULL,1),(26,1,'Configuración CMS',NULL,NULL,1),(35,NULL,'Contenidos',NULL,NULL,1),(36,NULL,'Portfolios',NULL,NULL,1),(38,NULL,NULL,NULL,NULL,1),(49,2,'Actualización de datos del cliente',NULL,NULL,1),(50,1,'Detalle de Cliente',NULL,NULL,1),(51,6,'Pagos Registrados',NULL,NULL,1),(74,NULL,'Projects',NULL,NULL,1),(58,3,'Usuario',NULL,NULL,1),(59,NULL,'Banners',NULL,NULL,1),(60,NULL,'Sucursales',NULL,NULL,1),(68,NULL,'Furniture',NULL,NULL,1),(69,2,'Kartell','1',NULL,1),(70,NULL,'TableTop',NULL,NULL,1),(71,NULL,'Accesories',NULL,NULL,1),(72,NULL,'Brands',NULL,NULL,1),(73,NULL,'About Us',NULL,NULL,1);

--
-- Table structure for table `config_modulo_x_config_idioma`
--

CREATE TABLE `config_modulo_x_config_idioma` (
  `config_modulo_id` int(10) NOT NULL,
  `config_idioma_id` int(10) NOT NULL,
  `nombre` varchar(255) DEFAULT NULL,
  `help` text,
  PRIMARY KEY (`config_modulo_id`,`config_idioma_id`),
  KEY `config_modulo_has_config_idioma_FKIndex1` (`config_modulo_id`),
  KEY `config_modulo_has_config_idioma_FKIndex2` (`config_idioma_id`)
) ENGINE=MyISAM DEFAULT CHARSET=latin1;

--
-- Dumping data for table `config_modulo_x_config_idioma`
--

INSERT INTO `config_modulo_x_config_idioma` VALUES (15,26,'Configuració',NULL),(15,36,'Settings',NULL),(15,87,'Configuración',NULL),(21,26,'Productes',NULL),(21,36,'Products',NULL),(21,87,'Productos',NULL),(23,26,'Comptabilitat',NULL),(23,36,'Accounting',NULL),(23,87,'Contabilidad',NULL),(24,26,'Monedes',NULL),(24,36,'Currencies',NULL),(24,87,'Monedas',NULL),(25,26,'Idiomes',NULL),(25,36,'Languages',NULL),(25,87,'Idiomas',NULL),(26,26,'Configuració',NULL),(26,36,'CMS Setup',NULL),(26,87,'Configuración CMS',NULL),(27,26,'Clients',NULL),(27,36,'Customers',NULL),(27,87,'Clientes',NULL),(28,26,'Venda Ràpida',NULL),(28,36,'Quick Sale',NULL),(28,87,'Venta Rápida',NULL),(29,26,'Tickets',NULL),(29,36,'Tickets',NULL),(29,87,'Tickets',NULL),(30,26,'Projectes / Tickets',NULL),(30,36,'Projects / Tickets',NULL),(30,87,'Proyectos / Tickets',NULL),(31,26,'prova',NULL),(31,36,'test',NULL),(31,87,'prueba',NULL),(32,26,'prova',NULL),(32,36,'test',NULL),(32,87,'prueba',NULL),(33,26,'prova',NULL),(33,36,'test',NULL),(33,87,'prueba',NULL),(34,26,'Staff',NULL),(34,36,'Staff',NULL),(34,87,'Staff',NULL),(35,26,'Continguts',NULL),(35,36,'Contents',NULL),(35,87,'Contenidos',NULL),(36,26,'Portfolios',NULL),(36,36,'Portfolios',NULL),(36,87,'Portfolios',NULL),(37,26,'Classificats',NULL),(37,36,'Classifieds',NULL),(37,87,'Clasificados',NULL),(39,26,'prova','ajudar a provar'),(39,28,'&#27979;&#35797;','&#24110;&#21161;&#27979;&#35797;'),(39,29,'&#27979;&#35797;','&#24110;&#21161;&#27979;&#35797;'),(39,30,'&#28204;&#35430;','&#24171;&#21161;&#28204;&#35430;'),(39,36,'test','help to test'),(39,41,'tester','aider à tester'),(39,44,'Test','zur Prüfung'),(39,54,'verifica','contribuire a prova'),(39,55,'&#35430;&#39443;','&#12486;&#12473;&#12488;&#12395;&#24441;&#31435;&#12388;'),(39,77,'teste','ajudar a testar'),(39,87,'prueba','ayudar a probar'),(40,26,'carajo',NULL),(40,28,'&#20182;&#22920;&#30340;',NULL),(40,29,'&#20182;&#22920;&#30340;',NULL),(40,30,'&#20182;&#23229;&#30340;',NULL),(40,36,'fuck',NULL),(40,41,'fuck',NULL),(40,44,'fuck',NULL),(40,54,'fuck',NULL),(40,55,'&#12501;&#12449;&#12483;&#12463;',NULL),(40,77,'foder',NULL),(40,87,'carajo',NULL),(41,26,'carajo',NULL),(41,28,'&#20182;&#22920;&#30340;',NULL),(41,29,'&#20182;&#22920;&#30340;',NULL),(41,30,'&#20182;&#23229;&#30340;',NULL),(41,36,'fuck',NULL),(41,41,'fuck',NULL),(41,44,'fuck',NULL),(41,54,'fuck',NULL),(41,55,'&#12501;&#12449;&#12483;&#12463;',NULL),(41,77,'foder',NULL),(41,87,'carajo',NULL),(42,26,'Discografia',NULL),(42,28,'&#21809;&#29255;',NULL),(42,29,'&#21809;&#29255;',NULL),(42,30,'&#21809;&#29255;',NULL),(42,36,'Discography',NULL),(42,41,'Discographie',NULL),(42,44,'Diskographie',NULL),(42,54,'Discografia',NULL),(42,55,'&#12487;&#12451;&#12473;&#12467;&#12464;&#12521;&#12501;&#12451;&#12540;',NULL),(42,77,'Discografia',NULL),(42,87,'Discografía',NULL),(43,26,'Mitjans',NULL),(43,28,'&#23186;&#20307;',NULL),(43,29,'&#23186;&#20307;',NULL),(43,30,'&#23186;&#39636;',NULL),(43,36,'Media',NULL),(43,41,'Media',NULL),(43,44,'Media',NULL),(43,54,'Media',NULL),(43,55,'&#12513;&#12487;&#12451;&#12450;',NULL),(43,77,'Mídia',NULL),(43,80,'&#1057;&#1088;&#1077;&#1076;&#1089;&#1090;&#1074;&#1072; &#1084;&#1072;&#1089;&#1089;&#1086;&#1074;&#1086;&#1081; &#1080;&#1085;&#1092;&#1086;&#1088;&#1084;&#1072;&#1094;&#1080;&#1080;',NULL),(43,87,'Medios',NULL),(44,26,'Enquesta',NULL),(44,28,'&#35843;&#26597;',NULL),(44,29,'&#35843;&#26597;',NULL),(44,30,'&#35519;&#26597;',NULL),(44,36,'Survey',NULL),(44,41,'Sondage',NULL),(44,44,'Umfrage',NULL),(44,54,'Indagine',NULL),(44,55,'&#35519;&#26619;',NULL),(44,77,'Pesquisa',NULL),(44,80,'&#1054;&#1087;&#1088;&#1086;&#1089;',NULL),(44,87,'Encuesta',NULL),(45,30,'&#35542;&#22727;',NULL),(45,36,'Forum',NULL),(45,87,'Foro',NULL),(46,30,'&#29992;&#25142;',NULL),(46,36,'Users',NULL),(46,87,'Usuarios',NULL),(47,30,'&#26126;&#20449;&#29255;',NULL),(47,36,'Postcards',NULL),(47,87,'Postales',NULL),(48,30,'&#30331;&#35352;&#34920;',NULL),(48,36,'Registration Form',NULL),(48,41,'Formulaire d\'inscription',NULL),(48,44,'Anmeldeformular',NULL),(48,54,'Modulo di Registrazione',NULL),(48,55,'&#30331;&#37682;&#12501;&#12457;&#12540;&#12512;',NULL),(48,77,'Formulário de Inscrição',NULL),(48,80,'&#1056;&#1077;&#1075;&#1080;&#1089;&#1090;&#1088;&#1072;&#1094;&#1080;&#1086;&#1085;&#1085;&#1072;&#1103; &#1092;&#1086;&#1088;&#1084;&#1072;',NULL),(48,87,'Formulario de Registro',NULL),(49,30,'&#23458;&#25142;&#25976;&#25818;&#26356;&#26032;',NULL),(49,36,'Customer Data Update',NULL),(49,41,'Mise à jour des données client',NULL),(49,44,'Customer Data Update',NULL),(49,54,'Aggiornamento dei dati relativi al cliente',NULL),(49,55,'&#39015;&#23458;&#12487;&#12540;&#12479;&#12434;&#26356;&#26032;',NULL),(49,77,'Cliente de actualização de dados',NULL),(49,80,'&#1054;&#1073;&#1085;&#1086;&#1074;&#1083;&#1077;&#1085;&#1080;&#1077; &#1076;&#1072;&#1085;&#1085;&#1099;&#1093; &#1086; &#1082;&#1083;&#1080;&#1077;&#1085;&#1090;&#1072;&#1093;',NULL),(49,87,'Actualización de datos del cliente',NULL),(50,30,'&#23458;&#25142;&#35443;&#32048;&#36039;&#26009;',NULL),(50,36,'Customer Details',NULL),(50,41,'Coordonnées du client',NULL),(50,44,'Kundendaten',NULL),(50,54,'Dati Cliente',NULL),(50,55,'&#12362;&#23458;&#27096;&#12398;&#35443;&#32048;',NULL),(50,80,'&#1044;&#1080;&#1089;&#1082;&#1077;',NULL),(50,87,'Detalle de Cliente',NULL),(51,30,'&#20184;&#27454;&#35387;&#20874;',NULL),(51,36,'Payments Registered',NULL),(51,41,'Paiements Inscrits',NULL),(51,44,'Hier Zahlungen',NULL),(51,54,'Pagamenti Registrato',NULL),(51,55,'&#12362;&#25903;&#25173;&#12356;&#30331;&#37682;',NULL),(51,77,'Pagamentos Registado',NULL),(51,80,'&#1055;&#1083;&#1072;&#1090;&#1077;&#1078;&#1080; &#1047;&#1072;&#1088;&#1077;&#1075;&#1080;&#1089;&#1090;&#1088;&#1080;&#1088;&#1086;&#1074;&#1072;&#1085;&#1085;&#1099;&#1077;',NULL),(51,87,'Pagos Registrados',NULL),(52,30,'&#30332;&#31080;',NULL),(52,36,'Invoices',NULL),(52,41,'Factures',NULL),(52,44,'Rechnungen',NULL),(52,54,'Fatture',NULL),(52,55,'&#35531;&#27714;&#26360;',NULL),(52,77,'Facturas',NULL),(52,80,'&#1057;&#1095;&#1077;&#1090;&#1072;',NULL),(52,87,'Facturas',NULL),(53,30,'&#20449;&#29992;&#31080;&#25818;',NULL),(53,36,'Credit Notes',NULL),(53,41,'Notes de crédit',NULL),(53,44,'Credit Notes',NULL),(53,54,'Note di credito',NULL),(53,55,'&#12463;&#12524;&#12472;&#12483;&#12488;&#12459;&#12540;&#12489;&#12391;&#12398;&#27880;&#24847;&#20107;&#38917;',NULL),(53,77,'Notas de Crédito',NULL),(53,80,'&#1050;&#1088;&#1077;&#1076;&#1080;&#1090;&#1085;&#1099;&#1093; &#1085;&#1086;&#1090;',NULL),(53,87,'Notas de Credito',NULL),(54,30,'&#36890;&#30693;&#21934;',NULL),(54,36,'Debit Notes',NULL),(54,41,'Notes de débit',NULL),(54,44,'Belastungsanzeigen',NULL),(54,54,'Note di addebito',NULL),(54,55,'&#12487;&#12499;&#12483;&#12488;&#12494;&#12540;&#12488;',NULL),(54,77,'Notas de Débito',NULL),(54,80,'&#1044;&#1077;&#1073;&#1077;&#1090;&#1086;&#1074;&#1099;&#1077; &#1072;&#1074;&#1080;&#1079;&#1086;',NULL),(54,87,'Notas de Debito',NULL),(55,30,'&#36001;&#25919;&#38928;&#31639;&#26696;',NULL),(55,36,'Budgets',NULL),(55,41,'Budgets',NULL),(55,44,'Haushaltsausschuss',NULL),(55,54,'Bilanci',NULL),(55,55,'&#20104;&#31639;',NULL),(55,77,'Orçamentos',NULL),(55,80,'&#1041;&#1102;&#1076;&#1078;&#1077;&#1090;&#1099;',NULL),(55,87,'Presupuestos',NULL),(56,30,'&#38272;&#31080;',NULL),(56,36,'Tickets',NULL),(56,41,'Tickets',NULL),(56,44,'Tickets',NULL),(56,54,'Biglietti',NULL),(56,55,'&#12481;&#12465;&#12483;&#12488;',NULL),(56,77,'Ingressos',NULL),(56,80,'&#1041;&#1080;&#1083;&#1077;&#1090;&#1099;',NULL),(56,87,'Tickets',NULL),(57,30,'&#35351;&#31649;',NULL),(57,36,'Hosting',NULL),(57,41,'Hébergement',NULL),(57,44,'Hosting',NULL),(57,54,'Hosting',NULL),(57,55,'&#12507;&#12473;&#12486;&#12451;&#12531;&#12464;',NULL),(57,77,'Hospedagem',NULL),(57,80,'&#1061;&#1086;&#1089;&#1090;&#1080;&#1085;&#1075;',NULL),(57,87,'Hosting',NULL),(58,30,'&#29992;&#25142;&#21517;',NULL),(58,36,'Username',NULL),(58,41,'Nom d\'utilisateur',NULL),(58,44,'Benutzername',NULL),(58,54,'Username',NULL),(58,55,'&#12518;&#12540;&#12470;&#12540;&#21517;',NULL),(58,77,'Nome de Utilizador',NULL),(58,80,'&#1048;&#1084;&#1103; &#1087;&#1086;&#1083;&#1100;&#1079;&#1086;&#1074;&#1072;&#1090;&#1077;&#1083;&#1103;',NULL),(58,87,'Usuario',NULL),(59,87,'Banners',NULL),(60,30,'&#20998;&#25903;&#27231;&#27083;',NULL),(60,36,'Branches',NULL),(60,41,'Branches',NULL),(60,44,'Branchen',NULL),(60,54,'Succursali',NULL),(60,55,'&#26525;',NULL),(60,77,'Filiais',NULL),(60,80,'&#1060;&#1080;&#1083;&#1080;&#1072;&#1083;&#1099;',NULL),(60,87,'Sucursales',NULL),(61,30,'&#29992;&#25142;&#24460;&#31471;',NULL),(61,36,'Users BackEnd',NULL),(61,41,'Utilisateurs BackEnd',NULL),(61,44,'Benutzer BackEnd',NULL),(61,54,'Utenti BackEnd',NULL),(61,55,'&#12518;&#12540;&#12470;&#12540;&#12398;&#12496;&#12483;&#12463;&#12456;&#12531;&#12489;',NULL),(61,77,'Usuários BackEnd',NULL),(61,80,'&#1055;&#1086;&#1083;&#1100;&#1079;&#1086;&#1074;&#1072;&#1090;&#1077;&#1083;&#1100; BackEnd',NULL),(61,87,'Usuarios BackEnd',NULL),(62,26,'Vendes',NULL),(62,36,'Dynamic menu',NULL),(62,87,'Menu dinamico',NULL),(63,26,'prova',NULL),(63,36,'test',NULL),(63,87,'FAQ',NULL),(64,87,'Teléfonos',NULL),(65,87,'Accesorios',NULL),(66,87,'Larga Distancia',NULL),(67,87,'Comentarios',NULL),(68,87,'Furniture',NULL),(69,87,'Kartell','1'),(70,87,'TableTop',NULL),(71,87,'Accesories',NULL),(72,87,'Brands',NULL),(73,87,'About Us',NULL),(74,87,'Projects',NULL),(75,87,'Prjects',NULL);

--
-- Table structure for table `config_moneda`
--

CREATE TABLE `config_moneda` (
  `config_moneda_id` int(10) unsigned NOT NULL AUTO_INCREMENT,
  `nombre` varchar(255) COLLATE latin1_general_ci DEFAULT NULL,
  `av` varchar(3) COLLATE latin1_general_ci DEFAULT NULL,
  `simbolo` varchar(20) COLLATE latin1_general_ci DEFAULT NULL,
  `cotizacion` float(9,2) DEFAULT NULL,
  `cotizacion_anterior` float(9,3) DEFAULT NULL,
  `actualizar` tinyint(4) DEFAULT NULL,
  `principal` int(10) unsigned DEFAULT '0',
  `activo` tinyint(4) DEFAULT NULL,
  PRIMARY KEY (`config_moneda_id`),
  FULLTEXT KEY `nombre` (`nombre`)
) ENGINE=MyISAM AUTO_INCREMENT=17 DEFAULT CHARSET=latin1 COLLATE=latin1_general_ci;

--
-- Dumping data for table `config_moneda`
--

INSERT INTO `config_moneda` VALUES (1,'Dolar','USD','U$s',1.00,0.260,1,1,1),(2,'Pesos Argentinos','ARS','$',4.02,1.000,1,0,1),(3,'Euro','EUR','€',0.19,0.180,1,0,0),(4,'Libra Esterlina','GBP','£',0.20,0.200,1,0,0),(5,'Real','BRL','R$',0.49,0.460,1,0,0),(6,'Peso Uruguayo','UYU','Ur$',7.07,7.070,1,0,0),(7,'Peso Chileno','CLP','Ch$',182.04,182.040,1,0,0),(8,'Boliviano','BOB','',2.04,2.040,1,0,0),(9,'Nuevo Sol','PEN','S./',0.92,0.920,1,0,0),(10,'Guaraní','PYG','G.$',1433.34,1433.340,1,0,0),(11,'Yen ','JPY','¥',26.31,26.310,1,0,0);

--
-- Table structure for table `config_pais`
--

CREATE TABLE `config_pais` (
  `config_pais_id` int(10) unsigned NOT NULL AUTO_INCREMENT,
  `iso` varchar(20) COLLATE latin1_general_ci DEFAULT NULL,
  `name` varchar(255) COLLATE latin1_general_ci DEFAULT NULL,
  `printable_name` varchar(255) COLLATE latin1_general_ci DEFAULT NULL,
  `iso3` varchar(3) COLLATE latin1_general_ci DEFAULT NULL,
  `numcode` int(10) unsigned DEFAULT NULL,
  `activo` int(10) unsigned DEFAULT NULL,
  PRIMARY KEY (`config_pais_id`)
) ENGINE=MyISAM AUTO_INCREMENT=240 DEFAULT CHARSET=latin1 COLLATE=latin1_general_ci;

--
-- Dumping data for table `config_pais`
--

INSERT INTO `config_pais` VALUES (1,'AF','AFGHANISTAN','Afghanistan','AFG',4,1),(2,'AL','ALBANIA','Albania','ALB',8,1),(3,'DZ','ALGERIA','Algeria','DZA',12,1),(4,'AS','AMERICAN SAMOA','American Samoa','ASM',16,1),(5,'AD','ANDORRA','Andorra','AND',20,1),(6,'AO','ANGOLA','Angola','AGO',24,1),(7,'AI','ANGUILLA','Anguilla','AIA',660,1),(8,'AQ','ANTARCTICA','Antarctica',NULL,NULL,1),(9,'AG','ANTIGUA AND BARBUDA','Antigua and Barbuda','ATG',28,1),(10,'AR','ARGENTINA','Argentina','ARG',32,1),(11,'AM','ARMENIA','Armenia','ARM',51,1),(12,'AW','ARUBA','Aruba','ABW',533,1),(13,'AU','AUSTRALIA','Australia','AUS',36,1),(14,'AT','AUSTRIA','Austria','AUT',40,1),(15,'AZ','AZERBAIJAN','Azerbaijan','AZE',31,1),(16,'BS','BAHAMAS','Bahamas','BHS',44,1),(17,'BH','BAHRAIN','Bahrain','BHR',48,1),(18,'BD','BANGLADESH','Bangladesh','BGD',50,1),(19,'BB','BARBADOS','Barbados','BRB',52,1),(20,'BY','BELARUS','Belarus','BLR',112,1),(21,'BE','BELGIUM','Belgium','BEL',56,1),(22,'BZ','BELIZE','Belize','BLZ',84,1),(23,'BJ','BENIN','Benin','BEN',204,1),(24,'BM','BERMUDA','Bermuda','BMU',60,1),(25,'BT','BHUTAN','Bhutan','BTN',64,1),(26,'BO','BOLIVIA','Bolivia','BOL',68,1),(27,'BA','BOSNIA AND HERZEGOVINA','Bosnia and Herzegovina','BIH',70,1),(28,'BW','BOTSWANA','Botswana','BWA',72,1),(29,'BV','BOUVET ISLAND','Bouvet Island',NULL,NULL,1),(30,'BR','BRAZIL','Brazil','BRA',76,1),(32,'BN','BRUNEI DARUSSALAM','Brunei Darussalam','BRN',96,1),(33,'BG','BULGARIA','Bulgaria','BGR',100,1),(34,'BF','BURKINA FASO','Burkina Faso','BFA',854,1),(35,'BI','BURUNDI','Burundi','BDI',108,1),(36,'KH','CAMBODIA','Cambodia','KHM',116,1),(37,'CM','CAMEROON','Cameroon','CMR',120,1),(38,'CA','CANADA','Canada','CAN',124,1),(39,'CV','CAPE VERDE','Cape Verde','CPV',132,1),(40,'KY','CAYMAN ISLANDS','Cayman Islands','CYM',136,1),(41,'CF','CENTRAL AFRICAN REPUBLIC','Central African Republic','CAF',140,1),(42,'TD','CHAD','Chad','TCD',148,1),(43,'CL','CHILE','Chile','CHL',152,1),(44,'CN','CHINA','China','CHN',156,1),(45,'CX','CHRISTMAS ISLAND','Christmas Island',NULL,NULL,1),(46,'CC','COCOS (KEELING) ISLANDS','Cocos (Keeling) Islands',NULL,NULL,1),(47,'CO','COLOMBIA','Colombia','COL',170,1),(48,'KM','COMOROS','Comoros','COM',174,1),(49,'CG','CONGO','Congo','COG',178,1),(50,'CD','CONGO, THE DEMOCRATIC REPUBLIC OF THE','Congo Republic','COD',180,1),(51,'CK','COOK ISLANDS','Cook Islands','COK',184,1),(52,'CR','COSTA RICA','Costa Rica','CRI',188,1),(53,'CI','COTE D\'IVOIRE','Cote D\'Ivoire','CIV',384,1),(54,'HR','CROATIA','Croatia','HRV',191,1),(55,'CU','CUBA','Cuba','CUB',192,1),(56,'CY','CYPRUS','Cyprus','CYP',196,1),(57,'CZ','CZECH REPUBLIC','Czech Republic','CZE',203,1),(58,'DK','DENMARK','Denmark','DNK',208,1),(59,'DJ','DJIBOUTI','Djibouti','DJI',262,1),(60,'DM','DOMINICA','Dominica','DMA',212,1),(61,'DO','DOMINICAN REPUBLIC','Dominican Republic','DOM',214,1),(62,'EC','ECUADOR','Ecuador','ECU',218,1),(63,'EG','EGYPT','Egypt','EGY',818,1),(64,'SV','EL SALVADOR','El Salvador','SLV',222,1),(65,'GQ','EQUATORIAL GUINEA','Equatorial Guinea','GNQ',226,1),(66,'ER','ERITREA','Eritrea','ERI',232,1),(67,'EE','ESTONIA','Estonia','EST',233,1),(68,'ET','ETHIOPIA','Ethiopia','ETH',231,1),(69,'FK','FALKLAND ISLANDS (MALVINAS)','Falkland Islands ','FLK',238,1),(70,'FO','FAROE ISLANDS','Faroe Islands','FRO',234,1),(71,'FJ','FIJI','Fiji','FJI',242,1),(72,'FI','FINLAND','Finland','FIN',246,1),(73,'FR','FRANCE','France','FRA',250,1),(74,'GF','FRENCH GUIANA','French Guiana','GUF',254,1),(75,'PF','FRENCH POLYNESIA','French Polynesia','PYF',258,1),(76,'TF','FRENCH SOUTHERN TERRITORIES','French Southern Territories',NULL,NULL,1),(77,'GA','GABON','Gabon','GAB',266,1),(78,'GM','GAMBIA','Gambia','GMB',270,1),(79,'GE','GEORGIA','Georgia','GEO',268,1),(80,'DE','GERMANY','Germany','DEU',276,1),(81,'GH','GHANA','Ghana','GHA',288,1),(82,'GI','GIBRALTAR','Gibraltar','GIB',292,1),(83,'GR','GREECE','Greece','GRC',300,1),(84,'GL','GREENLAND','Greenland','GRL',304,1),(85,'GD','GRENADA','Grenada','GRD',308,1),(86,'GP','GUADELOUPE','Guadeloupe','GLP',312,1),(87,'GU','GUAM','Guam','GUM',316,1),(88,'GT','GUATEMALA','Guatemala','GTM',320,1),(89,'GN','GUINEA','Guinea','GIN',324,1),(90,'GW','GUINEA-BISSAU','Guinea-Bissau','GNB',624,1),(91,'GY','GUYANA','Guyana','GUY',328,1),(92,'HT','HAITI','Haiti','HTI',332,1),(94,'VA','HOLY SEE (VATICAN CITY STATE)','Vatican City State','VAT',336,1),(95,'HN','HONDURAS','Honduras','HND',340,1),(96,'HK','HONG KONG','Hong Kong','HKG',344,1),(97,'HU','HUNGARY','Hungary','HUN',348,1),(98,'IS','ICELAND','Iceland','ISL',352,1),(99,'IN','INDIA','India','IND',356,1),(100,'ID','INDONESIA','Indonesia','IDN',360,1),(101,'IR','IRAN, ISLAMIC REPUBLIC OF','Iran, Islamic Republic of','IRN',364,1),(102,'IQ','IRAQ','Iraq','IRQ',368,1),(103,'IE','IRELAND','Ireland','IRL',372,1),(104,'IL','ISRAEL','Israel','ISR',376,1),(105,'IT','ITALY','Italy','ITA',380,1),(106,'JM','JAMAICA','Jamaica','JAM',388,1),(107,'JP','JAPAN','Japan','JPN',392,1),(108,'JO','JORDAN','Jordan','JOR',400,1),(109,'KZ','KAZAKHSTAN','Kazakhstan','KAZ',398,1),(110,'KE','KENYA','Kenya','KEN',404,1),(111,'KI','KIRIBATI','Kiribati','KIR',296,1),(113,'KR','KOREA, REPUBLIC OF','Korea, Republic of','KOR',410,1),(114,'KW','KUWAIT','Kuwait','KWT',414,1),(115,'KG','KYRGYZSTAN','Kyrgyzstan','KGZ',417,1),(117,'LV','LATVIA','Latvia','LVA',428,1),(118,'LB','LEBANON','Lebanon','LBN',422,1),(119,'LS','LESOTHO','Lesotho','LSO',426,1),(120,'LR','LIBERIA','Liberia','LBR',430,1),(121,'LY','LIBYAN ARAB JAMAHIRIYA','Libyan Arab Jamahiriya','LBY',434,1),(122,'LI','LIECHTENSTEIN','Liechtenstein','LIE',438,1),(123,'LT','LITHUANIA','Lithuania','LTU',440,1),(124,'LU','LUXEMBOURG','Luxembourg','LUX',442,1),(125,'MO','MACAO','Macao','MAC',446,1),(127,'MG','MADAGASCAR','Madagascar','MDG',450,1),(128,'MW','MALAWI','Malawi','MWI',454,1),(129,'MY','MALAYSIA','Malaysia','MYS',458,1),(130,'MV','MALDIVES','Maldives','MDV',462,1),(131,'ML','MALI','Mali','MLI',466,1),(132,'MT','MALTA','Malta','MLT',470,1),(133,'MH','MARSHALL ISLANDS','Marshall Islands','MHL',584,1),(134,'MQ','MARTINIQUE','Martinique','MTQ',474,1),(135,'MR','MAURITANIA','Mauritania','MRT',478,1),(136,'MU','MAURITIUS','Mauritius','MUS',480,1),(137,'YT','MAYOTTE','Mayotte',NULL,NULL,1),(138,'MX','MEXICO','Mexico','MEX',484,1),(140,'MD','MOLDOVA, REPUBLIC OF','Moldova, Republic of','MDA',498,1),(141,'MC','MONACO','Monaco','MCO',492,1),(142,'MN','MONGOLIA','Mongolia','MNG',496,1),(143,'MS','MONTSERRAT','Montserrat','MSR',500,1),(144,'MA','MOROCCO','Morocco','MAR',504,1),(145,'MZ','MOZAMBIQUE','Mozambique','MOZ',508,1),(146,'MM','MYANMAR','Myanmar','MMR',104,1),(147,'NA','NAMIBIA','Namibia','NAM',516,1),(148,'NR','NAURU','Nauru','NRU',520,1),(149,'NP','NEPAL','Nepal','NPL',524,1),(150,'NL','NETHERLANDS','Netherlands','NLD',528,1),(151,'AN','NETHERLANDS ANTILLES','Netherlands Antilles','ANT',530,1),(152,'NC','NEW CALEDONIA','New Caledonia','NCL',540,1),(153,'NZ','NEW ZEALAND','New Zealand','NZL',554,1),(154,'NI','NICARAGUA','Nicaragua','NIC',558,1),(155,'NE','NIGER','Niger','NER',562,1),(156,'NG','NIGERIA','Nigeria','NGA',566,1),(157,'NU','NIUE','Niue','NIU',570,1),(158,'NF','NORFOLK ISLAND','Norfolk Island','NFK',574,1),(159,'MP','NORTHERN MARIANA ISLANDS','Northern Mariana Islands','MNP',580,1),(160,'NO','NORWAY','Norway','NOR',578,1),(161,'OM','OMAN','Oman','OMN',512,1),(162,'PK','PAKISTAN','Pakistan','PAK',586,1),(163,'PW','PALAU','Palau','PLW',585,1),(164,'PS','PALESTINIAN TERRITORY, OCCUPIED','Palestinian Territory',NULL,NULL,1),(165,'PA','PANAMA','Panama','PAN',591,1),(166,'PG','PAPUA NEW GUINEA','Papua New Guinea','PNG',598,1),(167,'PY','PARAGUAY','Paraguay','PRY',600,1),(168,'PE','PERU','Peru','PER',604,1),(169,'PH','PHILIPPINES','Philippines','PHL',608,1),(170,'PN','PITCAIRN','Pitcairn','PCN',612,1),(171,'PL','POLAND','Poland','POL',616,1),(172,'PT','PORTUGAL','Portugal','PRT',620,1),(173,'PR','PUERTO RICO','Puerto Rico','PRI',630,1),(174,'QA','QATAR','Qatar','QAT',634,1),(175,'RE','REUNION','Reunion','REU',638,1),(176,'RO','ROMANIA','Romania','ROM',642,1),(177,'RU','RUSSIAN FEDERATION','Russian Federation','RUS',643,1),(178,'RW','RWANDA','Rwanda','RWA',646,1),(179,'SH','SAINT HELENA','Saint Helena','SHN',654,1),(180,'KN','SAINT KITTS AND NEVIS','Saint Kitts and Nevis','KNA',659,1),(181,'LC','SAINT LUCIA','Saint Lucia','LCA',662,1),(182,'PM','SAINT PIERRE AND MIQUELON','Saint Pierre and Miquelon','SPM',666,1),(184,'WS','SAMOA','Samoa','WSM',882,1),(185,'SM','SAN MARINO','San Marino','SMR',674,1),(186,'ST','SAO TOME AND PRINCIPE','Sao Tome and Principe','STP',678,1),(187,'SA','SAUDI ARABIA','Saudi Arabia','SAU',682,1),(188,'SN','SENEGAL','Senegal','SEN',686,1),(189,'CS','SERBIA AND MONTENEGRO','Serbia and Montenegro',NULL,NULL,1),(190,'SC','SEYCHELLES','Seychelles','SYC',690,1),(191,'SL','SIERRA LEONE','Sierra Leone','SLE',694,1),(192,'SG','SINGAPORE','Singapore','SGP',702,1),(193,'SK','SLOVAKIA','Slovakia','SVK',703,1),(194,'SI','SLOVENIA','Slovenia','SVN',705,1),(195,'SB','SOLOMON ISLANDS','Solomon Islands','SLB',90,1),(196,'SO','SOMALIA','Somalia','SOM',706,1),(197,'ZA','SOUTH AFRICA','South Africa','ZAF',710,1),(198,'GS','SOUTH GEORGIA AND THE SOUTH SANDWICH ISLANDS','South Sandwich Islands',NULL,NULL,1),(199,'ES','SPAIN','Spain','ESP',724,1),(200,'LK','SRI LANKA','Sri Lanka','LKA',144,1),(201,'SD','SUDAN','Sudan','SDN',736,1),(202,'SR','SURINAME','Suriname','SUR',740,1),(203,'SJ','SVALBARD AND JAN MAYEN','Svalbard and Jan Mayen','SJM',744,1),(204,'SZ','SWAZILAND','Swaziland','SWZ',748,1),(205,'SE','SWEDEN','Sweden','SWE',752,1),(206,'CH','SWITZERLAND','Switzerland','CHE',756,1),(207,'SY','SYRIAN ARAB REPUBLIC','Syrian Arab Republic','SYR',760,1),(208,'TW','TAIWAN, PROVINCE OF CHINA','Taiwan, Province of China','TWN',158,1),(209,'TJ','TAJIKISTAN','Tajikistan','TJK',762,1),(210,'TZ','TANZANIA, UNITED REPUBLIC OF','Tanzania','TZA',834,1),(211,'TH','THAILAND','Thailand','THA',764,1),(212,'TL','TIMOR-LESTE','Timor-Leste',NULL,NULL,1),(213,'TG','TOGO','Togo','TGO',768,1),(214,'TK','TOKELAU','Tokelau','TKL',772,1),(215,'TO','TONGA','Tonga','TON',776,1),(216,'TT','TRINIDAD AND TOBAGO','Trinidad and Tobago','TTO',780,1),(217,'TN','TUNISIA','Tunisia','TUN',788,1),(218,'TR','TURKEY','Turkey','TUR',792,1),(219,'TM','TURKMENISTAN','Turkmenistan','TKM',795,1),(220,'TC','TURKS AND CAICOS ISLANDS','Turks and Caicos Islands','TCA',796,1),(221,'TV','TUVALU','Tuvalu','TUV',798,1),(222,'UG','UGANDA','Uganda','UGA',800,1),(223,'UA','UKRAINE','Ukraine','UKR',804,1),(224,'AE','UNITED ARAB EMIRATES','United Arab Emirates','ARE',784,1),(225,'GB','UNITED KINGDOM','United Kingdom','GBR',826,1),(226,'US','UNITED STATES','United States','USA',840,1),(228,'UY','URUGUAY','Uruguay','URY',858,1),(229,'UZ','UZBEKISTAN','Uzbekistan','UZB',860,1),(230,'VU','VANUATU','Vanuatu','VUT',548,1),(231,'VE','VENEZUELA','Venezuela','VEN',862,1),(232,'VN','VIET NAM','Viet Nam','VNM',704,1),(233,'VG','VIRGIN ISLANDS, BRITISH','Virgin Islands, British','VGB',92,1),(234,'VI','VIRGIN ISLANDS, U.S.','Virgin Islands, U.s.','VIR',850,1),(235,'WF','WALLIS AND FUTUNA','Wallis and Futuna','WLF',876,1),(236,'EH','WESTERN SAHARA','Western Sahara','ESH',732,1),(237,'YE','YEMEN','Yemen','YEM',887,1),(238,'ZM','ZAMBIA','Zambia','ZMB',894,1),(239,'ZW','ZIMBABWE','Zimbabwe','ZWE',716,1);

--
-- Table structure for table `config_privilegio`
--

CREATE TABLE `config_privilegio` (
  `config_privilegio_id` int(10) unsigned NOT NULL AUTO_INCREMENT,
  `nombre` varchar(255) COLLATE latin1_general_ci DEFAULT NULL,
  `txt` text COLLATE latin1_general_ci,
  `activo` varchar(255) COLLATE latin1_general_ci DEFAULT NULL,
  PRIMARY KEY (`config_privilegio_id`),
  FULLTEXT KEY `nombre` (`nombre`)
) ENGINE=MyISAM AUTO_INCREMENT=17 DEFAULT CHARSET=latin1 COLLATE=latin1_general_ci;

--
-- Dumping data for table `config_privilegio`
--

INSERT INTO `config_privilegio` VALUES (1,'Administrador',NULL,'1'),(2,'Moderator',NULL,'1'),(3,'CRM manifesto',NULL,'1'),(4,'Turismo',NULL,'1'),(6,'restaurant',NULL,'1'),(7,'calcio',NULL,'1'),(14,'Libre','Agrupa los recursos que no requieren login.','1'),(15,'Clientes',NULL,'1'),(16,'Cliente Admin',NULL,'1');

--
-- Table structure for table `config_privilegio_x_usuario`
--

CREATE TABLE `config_privilegio_x_usuario` (
  `config_privilegio_id` int(10) unsigned NOT NULL,
  `usuario_id` int(10) unsigned NOT NULL,
  PRIMARY KEY (`config_privilegio_id`,`usuario_id`),
  KEY `config_privilegio_has_usuario_FKIndex1` (`config_privilegio_id`),
  KEY `config_privilegio_has_usuario_FKIndex2` (`usuario_id`)
) ENGINE=MyISAM DEFAULT CHARSET=latin1 ROW_FORMAT=FIXED;

--
-- Dumping data for table `config_privilegio_x_usuario`
--


--
-- Table structure for table `config_provincia`
--

CREATE TABLE `config_provincia` (
  `config_provincia_id` int(10) unsigned NOT NULL AUTO_INCREMENT,
  `config_pais_id` int(10) unsigned NOT NULL,
  `nombre` varchar(255) DEFAULT NULL,
  `av` varchar(255) DEFAULT NULL,
  `activo` tinyint(3) unsigned DEFAULT NULL,
  PRIMARY KEY (`config_provincia_id`),
  KEY `config_provincia_FKIndex1` (`config_pais_id`)
) ENGINE=MyISAM AUTO_INCREMENT=8 DEFAULT CHARSET=latin1;

--
-- Dumping data for table `config_provincia`
--

INSERT INTO `config_provincia` VALUES (1,10,'Buenos Aires',NULL,1),(2,10,'Rosario',NULL,1),(3,10,'Córdoba',NULL,1),(4,11,'xxxx',NULL,0),(5,10,'Entre Ríos','E. R.',1),(6,30,'Sao Paulo','S. P.',1),(7,30,'Rio de Janeiro','Rio',1);

--
-- Table structure for table `config_recurso`
--

CREATE TABLE `config_recurso` (
  `config_recurso_id` int(10) unsigned NOT NULL AUTO_INCREMENT,
  `config_modulo_id` int(10) unsigned NOT NULL,
  `orden` int(10) unsigned DEFAULT NULL,
  `nombre` varchar(255) COLLATE latin1_general_ci DEFAULT NULL,
  `txt` text COLLATE latin1_general_ci,
  `archivo` varchar(255) COLLATE latin1_general_ci DEFAULT NULL,
  `parametros` varchar(255) COLLATE latin1_general_ci DEFAULT NULL,
  `icono` varchar(255) COLLATE latin1_general_ci DEFAULT NULL,
  `root` int(11) DEFAULT NULL,
  `admin` int(11) DEFAULT NULL,
  `visible` int(11) DEFAULT NULL,
  `activo` int(11) DEFAULT NULL,
  PRIMARY KEY (`config_recurso_id`),
  KEY `config_recurso_FKIndex1` (`config_modulo_id`)
) ENGINE=MyISAM AUTO_INCREMENT=266 DEFAULT CHARSET=latin1 COLLATE=latin1_general_ci;

--
-- Dumping data for table `config_recurso`
--

INSERT INTO `config_recurso` VALUES (28,15,2,NULL,NULL,'/MOD_Config/config_modulo.php',NULL,' ',0,0,1,1),(31,15,3,NULL,NULL,'/MOD_Config/config_constante.php',NULL,' ',0,0,1,1),(32,15,4,NULL,NULL,'/MOD_Config/config_privilegio.php',NULL,' ',0,0,1,1),(35,16,2,'Mini News',NULL,'contenido_mininews.php','list',NULL,0,0,1,1),(36,16,2,'Collections',NULL,'contenido_coleccion.php','list',NULL,0,0,1,1),(37,16,3,'Add Image to Collection',NULL,'contenido_coleccion_img.php',NULL,NULL,0,0,0,1),(43,17,NULL,'Files / Gallery',NULL,'propiedad_archivo.php',NULL,NULL,0,0,0,1),(44,17,1,'Properties',NULL,'propiedad.php','list',NULL,0,0,1,1),(45,17,2,'Property Types',NULL,'propiedad_tipo.php','list',NULL,0,0,1,1),(46,17,3,'Property Actions',NULL,'propiedad_accion.php','list',NULL,0,0,1,1),(47,17,4,'Property Status',NULL,'propiedad_estado.php','list',NULL,0,0,1,1),(48,18,4,'Area',NULL,'propiedad_barrio.php','list',NULL,0,0,1,1),(50,18,2,'City',NULL,'propiedad_ciudad.php','list',NULL,0,0,1,1),(51,18,1,'Country',NULL,'propiedad_pais.php','list',NULL,0,0,1,1),(52,18,5,'Zone Offices',NULL,'propiedad_oficina.php','list',NULL,0,0,1,1),(53,17,2,'Property Subtypes',NULL,'propiedad_subtipo.php','list',NULL,0,0,1,1),(54,17,6,'Tenure',NULL,'propiedad_tenencia.php','list',NULL,0,0,1,1),(56,17,5,'Property Room Types',NULL,'propiedad_ambiente.php','list',NULL,0,0,1,1),(57,17,NULL,'Types of Rooms for property',NULL,'propiedad_x_propiedad_ambiente.php',NULL,NULL,0,0,0,1),(58,16,1,'Content Area',NULL,'contenido_area.php','list',NULL,0,0,1,1),(59,16,4,'Job Posting',NULL,'rrhh.php','list',NULL,0,0,1,1),(60,19,1,'Tipo de Lugar',NULL,'turismo_lugar_tipo.php','list',NULL,0,0,1,1),(61,19,2,'Tipo de Evento',NULL,'turismo_evento_tipo.php','list',NULL,0,0,1,1),(62,19,3,'Lugares',NULL,'turismo_lugar.php','list',NULL,0,0,1,1),(63,19,4,'Eventos',NULL,'turismo_evento.php','list',NULL,0,0,0,1),(64,20,NULL,'Empresas',NULL,'crm_empresa.php','list',NULL,0,0,1,1),(65,20,2,'Usuarios',NULL,'crm_usuario.php','list',NULL,0,0,1,1),(66,19,4,'Registrados',NULL,'turismo_registro.php',NULL,NULL,0,0,1,1),(67,20,NULL,'Facturas',NULL,'crm_factura.php','list',NULL,0,0,1,1),(68,21,NULL,NULL,NULL,'/MOD_Productos/ecommerce_categoria.php',NULL,' ',0,0,1,1),(69,21,NULL,NULL,NULL,'/MOD_Productos/ecommerce_producto.php',NULL,'Clipboard_edit.png',0,0,1,1),(70,22,1,'Menu',NULL,'resto_menu.php','list',NULL,0,0,1,1),(71,22,2,'Menu - Tipos',NULL,'resto_menu_tipo.php','list',NULL,0,0,1,1),(72,22,10,'Eventos',NULL,'resto_evento.php','list',NULL,0,0,1,1),(73,23,NULL,NULL,NULL,'./MOD_Contable/crm_bancos.php',NULL,NULL,0,0,1,1),(74,23,NULL,NULL,NULL,'./MOD_Contable/crm_caja.php',NULL,'Box_download.png',0,0,1,1),(75,23,NULL,NULL,NULL,'./MOD_Contable/crm_caja_cuentas.php',NULL,' ',0,0,1,1),(76,23,NULL,NULL,NULL,'./MOD_Contable/crm_cheque.php',NULL,NULL,0,0,1,1),(83,22,20,'Galeria de Fotos',NULL,'resto_galeria.php','list',NULL,0,0,1,1),(85,15,3,NULL,NULL,'/MOD_Config/config_traduccion.php',NULL,' ',0,0,1,1),(86,16,10,'Encuesta',NULL,'encuesta.php','list',NULL,0,0,1,1),(92,15,NULL,NULL,NULL,'home.php',NULL,NULL,0,0,0,1),(93,16,NULL,'Ticker',NULL,'calcio_ticker.php','list',NULL,0,0,1,1),(94,16,NULL,'Comentarios',NULL,'content_news_comment.php',NULL,NULL,0,0,1,1),(97,28,NULL,NULL,NULL,'/MOD_Contable/ecommerce_factura_venta_rapida.php',NULL,'Box_recycle.png',0,0,1,1),(98,29,NULL,'User',NULL,'calcio_user.php',NULL,NULL,0,0,1,1),(99,16,NULL,'News Letter',NULL,'content_news_letter.php',NULL,NULL,0,0,1,1),(100,16,NULL,'Tratativa',NULL,'calcio_tratativa.php','list',NULL,0,0,1,1),(101,21,NULL,NULL,NULL,'./MOD_Contable/ecommerce_actualizacion_precios.php',NULL,NULL,0,0,1,1),(104,25,NULL,NULL,NULL,'/MOD_Config/config_idioma.php',NULL,NULL,0,0,1,1),(105,26,NULL,NULL,NULL,'/MOD_Contable/ecommerce_empresa.php',NULL,NULL,0,0,1,1),(106,26,NULL,NULL,NULL,'/MOD_Contable/ecommerce_medios_entrega.php',NULL,NULL,0,0,1,1),(107,26,NULL,NULL,NULL,'/MOD_Contable/ecommerce_medios_pago.php',NULL,NULL,0,0,1,1),(108,26,NULL,NULL,NULL,'/MOD_Contable/ecommerce_cliente_tipo.php',NULL,NULL,0,0,1,1),(109,27,NULL,NULL,NULL,'/MOD_Contable/ecommerce_cliente_usuario.php',NULL,'Briefcase.png',0,0,1,1),(110,27,NULL,NULL,NULL,'/MOD_Contable/ecommerce_cliente.php',NULL,' ',0,0,1,1),(111,23,NULL,NULL,NULL,'./MOD_Contable/ecommerce_factura.php','tipo2=1','Book_edit.png',0,0,1,1),(112,23,NULL,NULL,NULL,'./MOD_Contable/ecommerce_factura.php','tipo2=4',NULL,0,0,1,1),(113,23,NULL,NULL,NULL,'./MOD_Contable/ecommerce_factura.php','tipo2=2',NULL,0,0,1,1),(114,23,NULL,NULL,'Remitos','./MOD_Contable/ecommerce_factura.php','tipo2=3',NULL,0,0,1,1),(115,23,NULL,NULL,'Recibos','./MOD_Contable/ecommerce_factura.php','tipo2=5',NULL,0,0,1,1),(116,23,NULL,NULL,NULL,'./MOD_Contable/ecommerce_factura.php','tipo2=6',NULL,0,0,1,1),(117,26,NULL,NULL,NULL,'/MOD_Config/config_moneda.php',NULL,NULL,0,0,1,1),(118,26,NULL,NULL,NULL,'/MOD_Config/config_idioma.php',NULL,NULL,0,0,1,1),(119,26,NULL,NULL,NULL,'/MOD_Contable/ecommerce_cliente_area.php',NULL,NULL,0,0,1,1),(120,26,NULL,NULL,NULL,'/MOD_Contable/ecommerce_avisos.php',NULL,NULL,0,0,1,1),(122,15,NULL,NULL,NULL,'crm_prioridad_x_config_idioma.php',NULL,NULL,0,0,1,0),(123,15,NULL,NULL,NULL,'crm_estado_x_config_idioma.php',NULL,NULL,0,0,1,0),(124,30,NULL,NULL,NULL,'/MOD_Tickets/crm_proyecto.php',NULL,NULL,0,0,1,1),(126,30,NULL,NULL,NULL,'/MOD_Tickets/crm_tickets.php',NULL,NULL,0,0,1,1),(129,30,NULL,NULL,NULL,'/MOD_Tickets/crm_staff.php',NULL,'Facebook.png',0,0,1,1),(135,35,NULL,NULL,NULL,'/MOD_Contenidos/crm_contenido_categoria.php',NULL,NULL,0,0,1,1),(136,36,NULL,NULL,NULL,'/MOD_Portfolio/portfolio_categoria.php',NULL,NULL,0,0,1,1),(137,36,NULL,NULL,NULL,'/MOD_Portfolio/portfolio_item.php',NULL,'Clipboard_3.png',0,0,1,1),(138,35,NULL,NULL,NULL,'/MOD_Contenidos/crm_contenidos.php',NULL,NULL,0,0,1,1),(139,35,NULL,NULL,NULL,'/MOD_Contenidos/crm_contenido_archivos.php',NULL,NULL,0,0,0,1),(140,35,NULL,NULL,NULL,'/MOD_Contenidos/crm_contenido_categoria_thumb.php',NULL,NULL,0,0,1,1),(141,35,NULL,NULL,NULL,'/MOD_Contenidos/crm_contenido_parametro.php',NULL,NULL,0,0,1,1),(142,37,NULL,NULL,NULL,'/MOD_Clasificados/clasi_contenido.php',NULL,NULL,0,0,1,1),(143,37,NULL,NULL,NULL,'/MOD_Clasificados/clasi_categoria.php',NULL,NULL,0,0,1,1),(147,15,NULL,NULL,NULL,'/MOD_Config/config_backup.php',NULL,NULL,0,0,1,1),(148,15,NULL,NULL,NULL,'/MOD_Config/config_usr.php',NULL,NULL,0,0,1,1),(150,39,NULL,NULL,'sdfsa','crm_contenidos_inc_list.php','list',NULL,0,0,1,1),(151,42,NULL,NULL,NULL,'/MOD_Discografia/disco_formato.php',NULL,NULL,0,0,1,1),(152,42,NULL,NULL,NULL,'/MOD_Discografia/disco_genero.php',NULL,NULL,0,0,1,1),(153,42,NULL,NULL,NULL,'/MOD_Discografia/disco.php',NULL,NULL,0,0,1,1),(154,42,NULL,NULL,NULL,'/MOD_Discografia/disco_tema.php',NULL,NULL,0,0,1,1),(155,43,NULL,NULL,NULL,'/MOD_Medios/medios.php','tipo=1',NULL,0,0,1,1),(157,26,10,NULL,NULL,'/MOD_Config/config_cotizacion.php',NULL,NULL,0,0,1,1),(158,26,11,NULL,NULL,'/MOD_Config/config_moneda.php',NULL,NULL,0,0,1,1),(159,15,NULL,NULL,NULL,'/MOD_Config/config_ciudad.php',NULL,NULL,0,0,1,1),(160,15,NULL,NULL,NULL,'/MOD_Config/config_provincia.php',NULL,NULL,0,0,1,1),(161,44,NULL,NULL,NULL,'/MOD_Encuestas/encuesta.php',NULL,NULL,0,0,1,1),(162,43,NULL,NULL,NULL,'/MOD_Medios/medios.php','tipo=2',NULL,0,0,1,1),(163,45,NULL,NULL,NULL,'/foro_temas.php',NULL,NULL,0,0,1,1),(164,46,NULL,NULL,NULL,'/MOD_Usuarios/usuarios.php',NULL,' ',0,0,1,1),(165,47,NULL,NULL,NULL,'/MOD_Contenidos/crm_contenido_archivos.php','crm_contenido_id=1&postales=','DesignFloat.png',0,0,1,1),(166,27,NULL,NULL,NULL,'/MOD_Contable/ecommerce_cliente_tipo.php',NULL,NULL,0,0,1,1),(167,21,NULL,NULL,NULL,'/MOD_Productos/ecommerce_parametro.php',NULL,NULL,0,0,1,1),(168,15,NULL,NULL,NULL,'/MOD_Config/config_cabeceras.php',NULL,NULL,0,0,1,1),(169,15,NULL,NULL,NULL,'/MOD_Config/config_cabeceras_archivo.php',NULL,NULL,0,0,1,1),(171,48,NULL,NULL,NULL,'/MOD_Contable/form-registro-cliente.php',NULL,NULL,0,0,1,1),(172,49,NULL,NULL,NULL,'/MOD_Contable/form-registro-cliente.php','update=','Book_phones.png',0,0,1,1),(173,23,NULL,NULL,NULL,'./MOD_Contable/ecommerce_notas.php',NULL,NULL,0,0,1,1),(174,23,NULL,NULL,NULL,'/MOD_Contable/ecommerce_aceptar_presupuesto.php',NULL,NULL,0,0,0,1),(176,50,NULL,NULL,NULL,'/MOD_Contable/ecommerce_cliente.php','detalle=','Bookmark.png',0,0,1,1),(177,51,NULL,NULL,NULL,'/MOD_Contable/ecommerce_factura.php','tipo2=5','Globe.png',0,0,1,1),(178,52,NULL,NULL,NULL,'/MOD_Contable/ecommerce_factura.php','tipo2=1',' ',0,0,1,1),(179,53,NULL,NULL,NULL,'/MOD_Contable/ecommerce_factura.php','tipo2=4',NULL,0,0,1,1),(180,54,NULL,NULL,NULL,'/MOD_Contable/ecommerce_factura.php','tipo2=6',NULL,0,0,1,1),(181,55,NULL,NULL,NULL,'/MOD_Contable/ecommerce_factura.php','tipo2=2',' ',0,0,1,1),(182,56,NULL,NULL,NULL,'/MOD_Tickets/crm_tickets.php','list=','Chart_2.png',0,0,1,1),(183,23,NULL,NULL,NULL,'./MOD_Contable/ecommerce_represupuestar.php',NULL,NULL,0,0,0,1),(184,23,NULL,NULL,NULL,'./MOD_Contable/ecommerce_aviso_pago.php',NULL,NULL,0,0,0,1),(185,56,NULL,NULL,NULL,'/MOD_Tickets/crm_ticket_detalle.php',NULL,NULL,0,0,0,1),(187,23,NULL,NULL,NULL,'./MOD_Contable/ecommerce_crear_recibo.php',NULL,NULL,0,0,0,1),(188,23,NULL,NULL,NULL,'./MOD_Contable/ecommerce_crear_remito.php',NULL,NULL,0,0,0,1),(189,30,NULL,NULL,NULL,'/MOD_Tickets/crm_proyecto_detalle.php',NULL,NULL,0,0,0,1),(190,30,NULL,NULL,NULL,'/MOD_Tickets/crm_ticket_detalle.php',NULL,NULL,0,0,0,1),(191,30,NULL,NULL,NULL,'/MOD_Tickets/crm_ticket_horas.php',NULL,NULL,0,0,0,1),(192,21,NULL,NULL,NULL,'/MOD_Productos/ecommerce_archivos.php',NULL,NULL,0,0,1,1),(193,21,NULL,NULL,NULL,'/MOD_Config/crm_contenido_archivos_crop.php',NULL,NULL,0,0,0,1),(194,21,NULL,NULL,NULL,'/MOD_Productos/ecommerce_productos_asociados.php',NULL,NULL,0,0,0,1),(195,57,NULL,NULL,NULL,'/MOD_Hosting/hosting_server.php',NULL,NULL,0,0,1,1),(196,57,NULL,NULL,NULL,'/MOD_Hosting/hosting_plan.php',NULL,NULL,0,0,1,1),(197,57,NULL,NULL,NULL,'/MOD_Hosting/hosting_cuenta.php',NULL,NULL,0,0,1,1),(198,56,NULL,NULL,NULL,'/MOD_Tickets/ecommerce_cliente_tickets.php','add=','Clipboard_1.png',0,0,1,1),(199,58,NULL,NULL,NULL,'/MOD_Contable/ecommerce_cliente_usuario.php','update=',NULL,0,0,1,1),(200,23,NULL,NULL,NULL,'./MOD_Contable/ecommerce_factura.php','tipo2=0',NULL,0,0,1,1),(201,56,NULL,NULL,NULL,'/MOD_Tickets/crm_proyecto.php',NULL,NULL,0,0,0,1),(202,26,NULL,NULL,NULL,'/MOD_Config/config_usr.php','update=','Twitter.png',0,0,1,1),(203,21,NULL,NULL,NULL,'/MOD_Productos/ecommerce_categoria_x_parametro.php',NULL,NULL,0,0,0,1),(205,35,NULL,NULL,NULL,'/MOD_Config/crm_contenido_archivos_crop.php',NULL,NULL,0,0,0,1),(206,35,NULL,NULL,NULL,'/MOD_Contenidos/crm_contenido_asociar.php',NULL,NULL,0,0,0,1),(207,59,NULL,NULL,NULL,'/MOD_Banner/banner_zona.php',NULL,NULL,0,0,1,1),(208,59,NULL,NULL,NULL,'./MOD_banner/banner_tipo.php',NULL,NULL,0,0,1,1),(209,59,NULL,NULL,NULL,'/MOD_Banner/banners.php','banner_zona_id=1','Flickr.png',0,0,1,1),(210,21,NULL,NULL,NULL,'/MOD_Productos/ecommerce_parametro_grupo.php',NULL,NULL,0,0,1,1),(211,21,NULL,NULL,NULL,'/MOD_Productos/ecommerce_parametro_tipo.php',NULL,NULL,0,0,1,1),(212,21,NULL,NULL,NULL,'/MOD_Productos/ecommerce_parametros_x_cat.php',NULL,NULL,0,0,0,1),(213,15,NULL,NULL,NULL,'/MOD_Config/config_acciones.php',NULL,NULL,0,0,1,1),(214,35,NULL,NULL,NULL,'/MOD_Contenidos/crm_contenido_asociar_parametro.php',NULL,NULL,0,0,0,1),(215,23,NULL,NULL,NULL,'./MOD_Contable/ecommerce_aceptar_presupuesto.php','detalle=',NULL,0,0,0,1),(216,23,NULL,NULL,NULL,'./MOD_Contable/ecommerce_factura_item.php',NULL,' ',0,0,0,1),(217,60,NULL,NULL,NULL,'/MOD_Sucursales/sucursal_parametro_tipo.php',NULL,NULL,0,0,1,1),(218,60,NULL,NULL,NULL,'/MOD_Sucursales/sucursal_parametro.php',NULL,NULL,0,0,1,1),(219,60,NULL,NULL,NULL,'/MOD_Sucursales/sucursal.php',NULL,NULL,0,0,1,1),(220,60,NULL,NULL,NULL,'/MOD_Sucursales/sucursal_pais.php',NULL,NULL,0,0,1,1),(221,60,NULL,NULL,NULL,'/MOD_Sucursales/sucursal_provincia.php',NULL,NULL,0,0,1,1),(222,60,NULL,NULL,NULL,'/MOD_Sucursales/sucursal_ciudad.php',NULL,NULL,0,0,1,1),(223,60,NULL,NULL,NULL,'/MOD_Sucursales/sucursal_archivos.php',NULL,NULL,0,0,0,1),(225,35,NULL,NULL,NULL,'/MOD_Clasificados/clasi_asociar_categoria_archivos.php',NULL,NULL,0,0,0,1),(226,35,NULL,NULL,NULL,'/MOD_Contenidos/crm_contenido_asociar_archivos.php',NULL,NULL,0,0,0,1),(227,35,NULL,NULL,NULL,'/MOD_Discografia/disco_asociar_archivos.php',NULL,NULL,0,0,0,1),(228,35,NULL,NULL,NULL,'/medio_asociar_archivos.php',NULL,NULL,0,0,0,1),(229,35,NULL,NULL,NULL,'/MOD_Discografia/disco_tema_asociar_archivos.php',NULL,NULL,0,0,0,1),(230,35,NULL,NULL,NULL,'/MOD_Clasificados/clasi_asociar_archivos.php',NULL,NULL,0,0,0,1),(231,61,NULL,NULL,NULL,'/MOD_Config/config_usr.php',NULL,NULL,0,0,1,1),(232,15,NULL,NULL,NULL,'/MOD_Config/config_recurso_x_privilegio.php',NULL,NULL,0,0,0,1),(233,15,NULL,NULL,NULL,'/MOD_Config/config_recurso_tooltip.php',NULL,NULL,0,0,0,1),(234,15,NULL,NULL,NULL,'/MOD_Config/config_recurso_validar.php',NULL,NULL,0,0,0,1),(235,62,NULL,NULL,NULL,'/MOD_Menu/menu_zona.php',NULL,NULL,0,0,1,1),(236,43,NULL,NULL,NULL,'/MOD_Medios/medio_asociar_archivos.php',NULL,NULL,0,0,0,1),(237,62,NULL,NULL,NULL,'/MOD_Menu/menu.php',NULL,NULL,0,0,1,1),(238,15,NULL,NULL,NULL,'/MOD_Config/config_recurso_inc_iconos.php',NULL,NULL,0,0,0,1),(239,44,NULL,NULL,NULL,'/MOD_Encuestas/encuesta_item.php',NULL,NULL,0,0,0,1),(240,46,NULL,NULL,NULL,'/MOD_Usuarios/usuarios_detalle.php',NULL,NULL,0,0,0,1),(241,36,NULL,NULL,NULL,'/MOD_Portfolio/portfolio_parametros_x_cat.php',NULL,NULL,0,0,0,1),(242,63,NULL,NULL,NULL,'/MOD_Faq/faq_categoria.php',NULL,NULL,0,0,1,1),(243,63,NULL,NULL,NULL,'/MOD_Faq/faq_contenidos.php',NULL,NULL,0,0,1,1),(244,64,NULL,NULL,NULL,'/MOD_Productos/ecommerce_producto.php','ecommerce_producto_categoria_id=55',NULL,0,0,1,1),(245,65,NULL,NULL,NULL,'/MOD_Productos/ecommerce_producto.php','ecommerce_producto_categoria_id=68',NULL,0,0,1,1),(246,66,NULL,NULL,NULL,'/MOD_Varios/larga_distancia.php',NULL,NULL,0,0,1,1),(247,21,NULL,NULL,NULL,'/MOD_Productos/ecommerce_producto_inc_prod_relacionados.php',NULL,NULL,0,0,0,1),(248,67,NULL,NULL,NULL,'/MOD_Comentarios/comentarios.php',NULL,'File_edit.png',0,0,1,1),(251,68,NULL,NULL,NULL,'/MOD_Productos/ecommerce_archivos.php','ecommerce_categoria_id=211','Delicious.png',0,0,1,1),(252,69,2,NULL,NULL,'/MOD_Productos/ecommerce_archivos.php','ecommerce_categoria_id=214','Css_Globe.png',0,0,1,1),(253,70,NULL,NULL,NULL,'/MOD_Productos/ecommerce_archivos.php','ecommerce_categoria_id=212','Technorati.png',0,0,1,1),(254,71,NULL,NULL,NULL,'/MOD_Productos/ecommerce_archivos.php','ecommerce_categoria_id=213','Box_content.png',0,0,1,1),(255,72,NULL,NULL,NULL,'/MOD_Productos/ecommerce_categoria.php','producto_categoria_id=215','Star.png',0,0,1,1),(257,35,NULL,NULL,NULL,'/MOD_Contenidos/crm_contenidos.php','crm_contenido_categoria_id=74',NULL,1,0,1,1),(258,73,NULL,NULL,NULL,'/MOD_Productos/ecommerce_archivos.php','ecommerce_categoria_id=279','Book.png',0,0,1,1),(259,59,NULL,NULL,NULL,'/MOD_Banner/banners.php','banner_zona_id=2',NULL,0,0,1,1),(260,74,NULL,NULL,NULL,'/MOD_Productos/ecommerce_archivos.php','ecommerce_categoria_id=311',NULL,0,0,1,1),(261,68,1,NULL,NULL,'/MOD_Productos/ecommerce_archivos.php','ecommerce_categoria_id=314',NULL,0,0,1,1),(262,68,2,NULL,NULL,'/MOD_Productos/ecommerce_archivos.php','ecommerce_categoria_id=315',NULL,0,0,1,1),(263,68,3,NULL,NULL,'/MOD_Productos/ecommerce_archivos.php','ecommerce_categoria_id=316',NULL,0,0,1,1),(264,68,4,NULL,NULL,'/MOD_Productos/ecommerce_archivos.php','ecommerce_categoria_id=317',NULL,0,0,1,1),(265,68,5,NULL,NULL,'/MOD_Productos/ecommerce_archivos.php','ecommerce_categoria_id=318',NULL,0,0,1,1);

--
-- Table structure for table `config_recurso_tooltip`
--

CREATE TABLE `config_recurso_tooltip` (
  `config_recurso_tooltip_id` int(10) unsigned NOT NULL AUTO_INCREMENT,
  `config_recurso_id` int(10) unsigned NOT NULL,
  `campo` varchar(255) DEFAULT NULL,
  `activo` int(10) unsigned DEFAULT NULL,
  PRIMARY KEY (`config_recurso_tooltip_id`),
  KEY `config_recurso_tooltip_FKIndex1` (`config_recurso_id`),
  KEY `config_recurso_tooltip_FKIndex2` (`config_recurso_tooltip_id`),
  FULLTEXT KEY `campo` (`campo`)
) ENGINE=MyISAM AUTO_INCREMENT=36 DEFAULT CHARSET=latin1;

--
-- Dumping data for table `config_recurso_tooltip`
--

INSERT INTO `config_recurso_tooltip` VALUES (5,27,'nombre',1),(6,27,'apellido',1),(7,148,'nombre',1),(8,148,'apellido',1),(9,28,'orden',1),(10,103,'nombre',1),(11,32,'nombre',1),(12,103,'cotizacion',1),(14,85,'constante',1),(15,85,'cadena',1),(16,110,'mail',1),(17,110,'mail_2',1),(18,110,'mail_3',1),(19,109,'mail',1),(20,109,'mail_2',1),(21,109,'mail_3',1),(22,167,'fecha',1),(23,169,'enlace',1),(25,169,'compara_enlace',1),(26,169,'parametro',1),(27,169,'tabla',1),(28,171,'mail',0),(29,171,'mail',0),(30,171,'mail',0),(31,171,'mail',1),(32,148,'pass_ant',1),(33,148,'pass',1),(34,148,'pass2',0),(35,148,'pass2',1);

--
-- Table structure for table `config_recurso_tooltip_x_config_idioma`
--

CREATE TABLE `config_recurso_tooltip_x_config_idioma` (
  `config_recurso_tooltip_id` int(10) unsigned NOT NULL AUTO_INCREMENT,
  `config_idioma_id` int(10) unsigned NOT NULL,
  `txt` text,
  PRIMARY KEY (`config_recurso_tooltip_id`,`config_idioma_id`),
  KEY `config_recurso_tooltip_has_config_idioma_FKIndex1` (`config_recurso_tooltip_id`),
  KEY `config_recurso_tooltip_has_config_idioma_FKIndex2` (`config_idioma_id`),
  FULLTEXT KEY `txt` (`txt`)
) ENGINE=MyISAM AUTO_INCREMENT=36 DEFAULT CHARSET=latin1;

--
-- Dumping data for table `config_recurso_tooltip_x_config_idioma`
--



--
-- Table structure for table `config_recurso_validar`
--

CREATE TABLE `config_recurso_validar` (
  `config_recurso_validar_id` int(10) unsigned NOT NULL AUTO_INCREMENT,
  `config_recurso_id` int(10) unsigned NOT NULL,
  `tipo` int(10) unsigned DEFAULT NULL,
  `campo` varchar(255) COLLATE latin1_general_ci DEFAULT NULL,
  `activo` int(10) unsigned DEFAULT NULL,
  PRIMARY KEY (`config_recurso_validar_id`),
  KEY `config_recurso_validar_FKIndex1` (`config_recurso_id`)
) ENGINE=MyISAM AUTO_INCREMENT=101 DEFAULT CHARSET=latin1 COLLATE=latin1_general_ci;

--
-- Dumping data for table `config_recurso_validar`
--

INSERT INTO `config_recurso_validar` VALUES (1,27,1,'nombre',1),(2,27,1,'email',1),(3,70,1,'titulo',1),(4,70,1,'detalle',1),(5,72,1,'fecha',1),(6,72,1,'mm',1),(7,72,1,'titulo',1),(8,72,1,'detalle',1),(9,83,1,'subtitulo',1),(10,83,1,'titulo',1),(11,82,1,'titulo',1),(12,82,1,'copete',1),(13,82,1,'tags',1),(14,82,1,'cuerpo',1),(15,105,1,'n_fantasia',1),(16,105,1,'razon_s',1),(17,105,1,'domicilio',1),(18,105,1,'i_brutos',1),(19,105,1,'cuit',1),(23,28,1,'orden',1),(24,32,1,'nombre',1),(25,103,1,'nombre',1),(26,103,1,'simbolo',1),(27,103,1,'cotizacion',1),(28,85,1,'cadena',1),(29,85,1,'constante',1),(30,155,1,'crm_banco_id',1),(31,156,1,'crm_banco_id',1),(34,69,1,'titulo',1),(35,76,1,'monto',1),(36,76,1,'nro',1),(37,110,1,'n_fantasia',1),(38,110,1,'razonsocial',1),(39,110,1,'emp_mail',1),(40,110,1,'emp_mail_2',1),(41,110,1,'domicilio',1),(42,110,1,'ciudad',1),(43,110,1,'cp',1),(44,110,1,'telefono',1),(45,110,1,'nombre',1),(46,110,1,'apellido',1),(47,110,1,'mail',1),(48,110,1,'mail_2',1),(49,110,1,'clave',1),(50,110,2,'emp_mail_2',1),(52,110,2,'mail',1),(53,110,2,'mail_2',1),(55,110,2,'mail_3',1),(56,110,2,'emp_mail_3',1),(57,110,2,'emp_mail',1),(58,110,1,'clave_2',1),(59,110,3,'clave,clave_2',1),(60,109,1,'nombre',1),(61,109,1,'apellido',1),(62,109,1,'mail',1),(63,109,1,'mail_2',1),(64,109,1,'domicilio',1),(65,109,1,'ciudad',1),(66,109,1,'cp',1),(67,109,1,'telefono',1),(68,109,1,'pass',1),(69,109,2,'mail',1),(70,109,2,'mail_2',1),(71,109,2,'mail_3',1),(72,109,3,'pass,pass_2',1),(73,129,1,'email',1),(74,129,1,'email2',1),(75,129,2,'email',1),(76,129,2,'email2',1),(77,129,1,'pass',1),(78,129,3,'pass2, pass',1),(79,171,1,'nombre',1),(80,171,1,'apellido',1),(81,171,1,'mail',1),(82,171,1,'mail_2',1),(83,171,1,'clave',1),(84,171,3,'clave, clave_2',1),(85,171,2,'mail',1),(86,171,2,'mail_2',1),(87,171,1,'domicilio',1),(88,171,1,'ciudad',1),(89,171,1,'cp',1),(90,171,1,'telefono',1),(91,171,1,'n_fantasia',1),(92,171,1,'razonsocial',1),(95,148,1,'pass_ant',0),(96,148,1,'pass, pass2',1),(97,148,2,'email',1),(98,148,1,'pass',0),(99,148,1,'pass2',0),(100,69,1,'copete',1);

--
-- Table structure for table `config_recurso_validar_x_config_idioma`
--

CREATE TABLE `config_recurso_validar_x_config_idioma` (
  `config_recurso_validar_id` int(10) unsigned NOT NULL,
  `config_idioma_id` int(10) unsigned NOT NULL,
  `txt` text,
  PRIMARY KEY (`config_recurso_validar_id`,`config_idioma_id`),
  KEY `config_recurso_validar_has_config_idioma_FKIndex1` (`config_recurso_validar_id`),
  KEY `config_recurso_validar_has_config_idioma_FKIndex2` (`config_idioma_id`)
) ENGINE=MyISAM DEFAULT CHARSET=latin1;

--
-- Dumping data for table `config_recurso_validar_x_config_idioma`
--

INSERT INTO `config_recurso_validar_x_config_idioma` VALUES (23,26,'\"Ordre\" és un camp requerit'),(23,28,'“&#35746;&#36141;”&#26159;&#24517;&#22635;&#23383;&#27573;'),(23,29,'“&#35746;&#36141;”&#26159;&#24517;&#22635;&#23383;&#27573;'),(23,30,'“&#35330;&#36092;”&#26159;&#24517;&#22635;&#23383;&#27573;'),(23,36,'\"Order\" is a required field'),(23,41,'\"Commande\" est un champ requis'),(23,44,'\"Bestellung\" ist ein Pflichtfeld'),(23,54,'\"Ordine\" è un campo obbligatorio'),(23,55,'\"&#27880;&#25991;\"&#12399;&#24517;&#38920;&#38917;&#30446;&#12391;&#12377;'),(23,77,'\"Ordem\" é um campo obrigatório'),(23,87,'\"Orden\" es un campo requerido'),(24,26,'El camp \"Nom\" és requerit.'),(24,28,'&#22312;\'&#22995;&#21517;\'&#23383;&#27573;&#26159;&#24517;&#38656;&#30340;&#12290;'),(24,29,'&#22312;\'&#22995;&#21517;\'&#23383;&#27573;&#26159;&#24517;&#38656;&#30340;&#12290;'),(24,30,'&#22312;\'&#22995;&#21517;\'&#23383;&#27573;&#26159;&#24517;&#38656;&#30340;&#12290;'),(24,36,'The \'Name\' field is required.'),(24,41,'Le champ \"Nom\" est obligatoire.'),(24,44,'Der \'Name\' ist erforderlich.'),(24,54,'Il \'Nome\' campo è obbligatorio.'),(24,55,'[&#21517;&#21069;]&#12501;&#12451;&#12540;&#12523;&#12489;&#12364;&#24517;&#35201;&#12391;&#12377;&#12290;'),(24,77,'O campo \'Nome\' é necessária.'),(24,87,'El campo \"Nombre\" es requerido.'),(25,26,'El camp \"Nom\" és requerit.'),(25,28,'&#22312;\'&#22995;&#21517;\'&#23383;&#27573;&#26159;&#24517;&#38656;&#30340;&#12290;'),(25,29,'&#22312;\'&#22995;&#21517;\'&#23383;&#27573;&#26159;&#24517;&#38656;&#30340;&#12290;'),(25,30,'&#22312;\'&#22995;&#21517;\'&#23383;&#27573;&#26159;&#24517;&#38656;&#30340;&#12290;'),(25,36,'The \'Name\' field is required.'),(25,41,'Le champ \"Nom\" est obligatoire.'),(25,44,'Der \'Name\' ist erforderlich.'),(25,54,'Il \'Nome\' campo è obbligatorio.'),(25,55,'[&#21517;&#21069;]&#12501;&#12451;&#12540;&#12523;&#12489;&#12364;&#24517;&#35201;&#12391;&#12377;&#12290;'),(25,77,'O campo \'Nome\' é necessária.'),(25,87,'El campo \"Nombre\" es requerido.'),(26,26,'El camp \"Símbol\" és requerit.'),(26,28,'&#35813;“&#26631;&#24535;”&#26159;&#24517;&#35201;&#30340;&#12290;'),(26,29,'&#35813;“&#26631;&#24535;”&#26159;&#24517;&#35201;&#30340;&#12290;'),(26,30,'&#35442;“&#27161;&#35468;”&#26159;&#24517;&#35201;&#30340;&#12290;'),(26,36,'The \"Symbol\" is required.'),(26,41,'Le \"symbole\" est nécessaire.'),(26,44,'Das \"Symbol\" ist erforderlich.'),(26,54,'Il \"Simbolo\" è obbligatorio.'),(26,55,'\"&#12471;&#12531;&#12508;&#12523;\"&#12364;&#24517;&#35201;&#12391;&#12377;&#12290;'),(26,77,'O \"Símbolo\" é necessária.'),(26,87,'El campo \"Símbolo\" es requerido.'),(27,26,'El camp \"Cotització\" és requerit.'),(27,28,'“&#25253;&#20215;”&#26159;&#24517;&#35201;&#30340;&#12290;'),(27,29,'“&#25253;&#20215;”&#26159;&#24517;&#35201;&#30340;&#12290;'),(27,30,'“&#22577;&#20729;”&#26159;&#24517;&#35201;&#30340;&#12290;'),(27,36,'The \"quote\" is required.'),(27,41,'La \"citation\" est nécessaire.'),(27,44,'Die \"Quote\" ist erforderlich.'),(27,54,'La \"citazione\" è obbligatorio.'),(27,55,'\"&#24341;&#29992;\"&#12364;&#24517;&#35201;&#12391;&#12377;&#12290;'),(27,77,'A \"citação\" é necessária.'),(27,87,'El campo \"Cotización\" es requerido.'),(28,26,'El camp \"Cadena\" és requerit'),(28,28,'&#22312;“&#38142;”&#30340;&#35201;&#27714;'),(28,29,'&#22312;“&#38142;”&#30340;&#35201;&#27714;'),(28,30,'&#22312;“&#37832;”&#26159;&#24517;&#35201;&#30340;'),(28,36,'The \"Chain\" is required'),(28,41,'La \"chaîne\" est nécessaire'),(28,44,'Die \"Kette\" ist erforderlich,'),(28,54,'La \"Catena\" è necessario'),(28,55,'\"&#12481;&#12455;&#12540;&#12531;\"&#12364;&#24517;&#35201;&#12391;&#12377;'),(28,77,'A \"Cadeia\" é necessário'),(28,87,'El campo \"Cadena\" es requerido'),(29,26,'El camp \"Constant\" és requerit'),(29,28,'&#22312;“&#24658;”&#26159;&#24517;&#35201;&#30340;'),(29,29,'&#22312;“&#24658;”&#26159;&#24517;&#35201;&#30340;'),(29,30,'&#22312;“&#24646;”&#26159;&#24517;&#35201;&#30340;'),(29,36,'The \"Constant\" is required'),(29,41,'Le \"Constant\" est nécessaire'),(29,44,'Die \"Konstante\" ist erforderlich,'),(29,54,'La \"costante\" è necessario'),(29,55,'\" \"&#23450;&#25968;&#12364;&#24517;&#35201;&#12391;&#12377;'),(29,77,'A \"constante\" é necessário'),(29,87,'El campo \"Constante\" es requerido'),(30,26,'Heu de seleccionar un Banc'),(30,28,'&#24744;&#24517;&#39035;&#36873;&#25321;&#19968;&#23478;&#38134;&#34892;'),(30,29,'&#24744;&#24517;&#39035;&#36873;&#25321;&#19968;&#23478;&#38134;&#34892;'),(30,30,'&#24744;&#24517;&#38920;&#36984;&#25799;&#19968;&#23478;&#37504;&#34892;'),(30,36,'You must select a bank'),(30,41,'Vous devez sélectionner une banque'),(30,44,'Wählen Sie eine Bank'),(30,54,'È necessario selezionare una banca'),(30,55,'&#12354;&#12394;&#12383;&#12398;&#37504;&#34892;&#12434;&#36984;&#25246;&#12375;&#12390;&#12367;&#12384;&#12373;&#12356;'),(30,77,'Você deve selecionar um banco'),(30,87,'Debe seleccionar un Banco'),(31,26,'Heu de seleccionar un Banc'),(31,28,'&#24744;&#24517;&#39035;&#36873;&#25321;&#19968;&#23478;&#38134;&#34892;'),(31,29,'&#24744;&#24517;&#39035;&#36873;&#25321;&#19968;&#23478;&#38134;&#34892;'),(31,30,'&#24744;&#24517;&#38920;&#36984;&#25799;&#19968;&#23478;&#37504;&#34892;'),(31,36,'You must select a bank'),(31,41,'Vous devez sélectionner une banque'),(31,44,'Wählen Sie eine Bank'),(31,54,'È necessario selezionare una banca'),(31,55,'&#12354;&#12394;&#12383;&#12398;&#37504;&#34892;&#12434;&#36984;&#25246;&#12375;&#12390;&#12367;&#12384;&#12373;&#12356;'),(31,77,'Você deve selecionar um banco'),(31,87,'Debe seleccionar un Banco'),(34,26,'El camp \"Títol\" és requerit'),(34,28,'&#22312;“&#20070;&#21517;”&#35201;&#27714;'),(34,29,'&#22312;“&#20070;&#21517;”&#35201;&#27714;'),(34,30,'&#22312;“&#26360;&#21517;”&#35201;&#27714;'),(34,36,'The \"Title\" is required'),(34,41,'Le \"Titre\" est nécessaire'),(34,44,'Der \"Titel\" ist erforderlich,'),(34,54,'Il \"titolo\" è necessario'),(34,55,'\"&#12479;&#12452;&#12488;&#12523;\"&#12364;&#24517;&#35201;&#12391;&#12377;'),(34,77,'O \"título\" é necessário'),(34,80,'\"&#1053;&#1072;&#1079;&#1074;&#1072;&#1085;&#1080;&#1077;\" &#1085;&#1077;&#1086;&#1073;&#1093;&#1086;&#1076;&#1080;&#1084;&#1086;'),(34,87,'El campo \"Título\" es requerido'),(35,30,'&#35442;&#23383;&#27573;“&#37329;&#38989;”&#30340;&#35201;&#27714;'),(35,36,'The field \"Amount\" is required'),(35,87,'El campo \"Monto\" es requerido'),(36,30,'&#35442;&#23383;&#27573;“&#34399;&#30908;”&#24517;&#38920;'),(36,36,'The field \"Number\" is required'),(36,87,'El campo \"Numero\" es requerido'),(37,30,'&#22312;&#21517;&#31281;&#23383;&#27573;&#24187;&#24819;&#26354;“&#38656;&#35201;'),(37,36,'The Name field Fantasia \"is required'),(37,87,'El campo \"Nombre de Fantasia\" es requerido'),(38,30,'&#35442;&#23383;&#27573;“&#21517;&#31281;”&#24517;&#38920;'),(38,36,'The field \"name\" is required'),(38,41,'Le champ \"nom\" est nécessaire'),(38,44,'Das Feld \"Name\" ist erforderlich'),(38,54,'Il campo \"Nome\" è obbligatorio'),(38,55,'\"&#12501;&#12451;&#12540;&#12523;&#12489;&#21517;\"&#12364;&#24517;&#35201;&#12391;&#12377;'),(38,77,'O campo \"nome\" é necessário'),(38,80,'&#1058;&#1088;&#1077;&#1073;&#1091;&#1077;&#1090;&#1089;&#1103; &#1087;&#1086;&#1083;&#1077; \"&#1048;&#1084;&#1103;\"'),(38,87,'El campo \"Razon Social\" es requerido'),(39,30,'&#22806;&#22320;“&#21830;&#26989;&#37109;&#20214;”&#35201;&#27714;'),(39,36,'The field \"Business Mail\" is required'),(39,41,'Le champ \"Business Mail\" est nécessaire'),(39,44,'Der Bereich \"Business Mail\" ist erforderlich'),(39,54,'Il campo \"Business Mail\" è necessario'),(39,55,'&#12371;&#12398;&#12501;&#12451;&#12540;&#12523;&#12489;&#12399;&#12289;\"&#12499;&#12472;&#12493;&#12473;&#12513;&#12540;&#12523;\"&#12364;&#24517;&#35201;&#12391;&#12377;'),(39,77,'O campo \"Business Mail\" é necessário'),(39,80,'&#1058;&#1088;&#1077;&#1073;&#1091;&#1077;&#1090;&#1089;&#1103; &#1087;&#1086;&#1083;&#1077; \"&#1041;&#1080;&#1079;&#1085;&#1077;&#1089;-&#1087;&#1086;&#1095;&#1090;&#1091;\"'),(39,87,'El campo \"Mail de Empresa\" es requerido'),(40,30,'&#22806;&#22320;“&#37109;&#20214;&#20844;&#21496;2”&#38920;'),(40,36,'The field \"Mail Company 2\" is required'),(40,41,'Le champ \"Mail Company 2\" est nécessaire'),(40,44,'Das Feld \"E-Mail Firma 2\" ist erforderlich'),(40,54,'Il campo \"Mail Company 2\" è necessario'),(40,55,'&#12371;&#12398;&#12501;&#12451;&#12540;&#12523;&#12489;&#12399;&#12289;\"&#12513;&#12540;&#12523;&#20250;&#31038;2\"&#12364;&#24517;&#35201;&#12391;&#12377;'),(40,77,'O campo \"Correio da Empresa 2\" é necessário'),(40,80,'&#1058;&#1088;&#1077;&#1073;&#1091;&#1077;&#1090;&#1089;&#1103; &#1087;&#1086;&#1083;&#1077; \"Mail &#1082;&#1086;&#1084;&#1087;&#1072;&#1085;&#1080;&#1080; 2\"'),(40,87,'El campo \"Mail de empresa 2\" es requerido'),(41,30,'&#35442;&#23383;&#27573;“&#22320;&#22336;”&#24517;&#38920;'),(41,36,'The field \"Address\" is required'),(41,41,'Le champ \"Adresse\" est nécessaire'),(41,44,'Das Feld \"Adresse\" ist erforderlich'),(41,54,'Il campo \"Indirizzo\" è necessario'),(41,55,'&#12501;&#12451;&#12540;&#12523;&#12489;&#12399;&#12289;\"&#20303;&#25152;\"&#12364;&#24517;&#35201;&#12391;&#12377;'),(41,77,'O campo \"Endereço\" é necessário'),(41,80,'&#1058;&#1088;&#1077;&#1073;&#1091;&#1077;&#1090;&#1089;&#1103; &#1087;&#1086;&#1083;&#1077; \"&#1040;&#1076;&#1088;&#1077;&#1089;\"'),(41,87,'El campo \"Domicilio\" es requerido'),(42,30,'&#22478;&#24066;&#23383;&#27573;&#26159;&#24517;&#38656;&#30340;'),(42,36,'The City field is required'),(42,41,'Le champ ville est obligatoire'),(42,44,'Die Stadt ist erforderlich'),(42,54,'Il campo Città è obbligatorio'),(42,55,'&#12471;&#12486;&#12451;&#12501;&#12451;&#12540;&#12523;&#12489;&#12364;&#24517;&#35201;&#12391;&#12377;'),(42,77,'O campo Cidade é necessário'),(42,80,'&#1058;&#1088;&#1077;&#1073;&#1091;&#1077;&#1090;&#1089;&#1103; &#1087;&#1086;&#1083;&#1077; &#1043;&#1086;&#1088;&#1086;&#1076;'),(42,87,'El campo \" Ciudad \" es requerido'),(43,30,'&#22806;&#22320;“&#37109;&#25919;&#27861;”&#30340;&#35215;&#23450;'),(43,36,'The field \"Postal Code\" is required'),(43,41,'Le champ \"Code postal\" est nécessaire'),(43,44,'Das Feld \"PLZ\" ist erforderlich'),(43,54,'Il campo \"Codice Postale\" è necessario'),(43,55,'&#12501;&#12451;&#12540;&#12523;&#12489;\"&#37109;&#20415;&#30058;&#21495;\"&#12364;&#24517;&#35201;&#12391;&#12377;'),(43,77,'O campo \"Código Postal\" é necessário'),(43,80,'&#1058;&#1088;&#1077;&#1073;&#1091;&#1077;&#1090;&#1089;&#1103; &#1087;&#1086;&#1083;&#1077; \"&#1055;&#1086;&#1095;&#1090;&#1086;&#1074;&#1099;&#1081; &#1080;&#1085;&#1076;&#1077;&#1082;&#1089;\"'),(43,87,'El campo \" Codigo Postal\" es requerido'),(44,30,'&#35442;&#23383;&#27573;“&#38651;&#35441;”&#24517;&#38920;'),(44,36,'The field \"Telephone\" is required'),(44,41,'Le champ \"Téléphone\" est nécessaire'),(44,44,'Das Feld \"Telefon\" ist erforderlich'),(44,54,'Il campo \"Telefono\" è necessario'),(44,55,'&#12501;&#12451;&#12540;&#12523;&#12489;&#12399;&#12289;\"&#38651;&#35441;&#30058;&#21495;\"&#12364;&#24517;&#35201;&#12391;&#12377;'),(44,77,'O campo \"Telefone\" é necessário'),(44,80,'&#1058;&#1088;&#1077;&#1073;&#1091;&#1077;&#1090;&#1089;&#1103; &#1087;&#1086;&#1083;&#1077; \"&#1058;&#1077;&#1083;&#1077;&#1092;&#1086;&#1085;\"'),(44,87,'El campo \" Telefono\" es requerido'),(45,30,'&#22312;&#21517;&#31281;&#23383;&#27573;&#26159;&#24517;&#38656;&#30340;'),(45,36,'The Name field is required'),(45,41,'Le champ Nom est obligatoire'),(45,44,'Der Name ist erforderlich'),(45,54,'Il campo Nome è obbligatorio'),(45,55,'[&#21517;&#21069;]&#12501;&#12451;&#12540;&#12523;&#12489;&#12364;&#24517;&#35201;&#12391;&#12377;'),(45,77,'O campo Nome é necessário'),(45,80,'&#1058;&#1088;&#1077;&#1073;&#1091;&#1077;&#1090;&#1089;&#1103; &#1087;&#1086;&#1083;&#1077; \"&#1048;&#1084;&#1103;'),(45,87,'El campo \" Nombre\" es requerido'),(46,30,'&#35442;&#23383;&#27573;“&#21517;&#31281;”&#24517;&#38920;'),(46,36,'The field \"Name\" is required'),(46,41,'Le champ \"Nom\" est nécessaire'),(46,44,'Das Feld \"Name\" ist erforderlich'),(46,54,'Il campo \"Nome\" è obbligatorio'),(46,55,'&#12501;&#12451;&#12540;&#12523;&#12489;&#12399;&#12289;\"&#21517;&#21069;\"&#12364;&#24517;&#35201;&#12391;&#12377;'),(46,77,'O campo \"Nome\" é necessário'),(46,80,'&#1058;&#1088;&#1077;&#1073;&#1091;&#1077;&#1090;&#1089;&#1103; &#1087;&#1086;&#1083;&#1077; \"&#1048;&#1084;&#1103;\"'),(46,87,'El campo \"Apellido\" es requerido'),(47,30,'&#35442;&#23383;&#27573;“&#37109;&#20214;”&#35201;&#27714;'),(47,36,'The field \"Mail\" is required'),(47,41,'Le champ \"Courrier\" est nécessaire'),(47,44,'Das Feld \"Mail\" ist erforderlich'),(47,54,'Il campo \"Mail\" è necessario'),(47,55,'&#12371;&#12398;&#12501;&#12451;&#12540;&#12523;&#12489;&#12399;&#12289;\"&#12513;&#12540;&#12523;\"&#12364;&#24517;&#35201;&#12391;&#12377;'),(47,77,'O campo \"Email\" é necessário'),(47,80,'&#1058;&#1088;&#1077;&#1073;&#1091;&#1077;&#1090;&#1089;&#1103; &#1087;&#1086;&#1083;&#1077; \"&#1055;&#1086;&#1095;&#1090;&#1072;\"'),(47,87,'El campo \"Mail\" es requerido'),(48,30,'&#22806;&#22320;“&#37109;&#20214;2”&#38656;&#35201;'),(48,36,'The field \"mail 2\" is required'),(48,41,'Le champ \"mail 2\" est nécessaire'),(48,44,'Das Feld \"Mail 2\" ist erforderlich'),(48,54,'Il campo \"mail 2\" è necessario'),(48,55,'&#12501;&#12451;&#12540;&#12523;&#12489;&#12399;&#12289;\"&#12513;&#12540;&#12523;2\"&#12364;&#24517;&#35201;&#12391;&#12377;'),(48,77,'O campo \"mail 2\" é necessário'),(48,80,'&#1058;&#1088;&#1077;&#1073;&#1091;&#1077;&#1090;&#1089;&#1103; &#1087;&#1086;&#1083;&#1077; \"&#1087;&#1086;&#1095;&#1090;&#1080; 2\"'),(48,87,'El campo \" Mail 2 \" es requerido'),(49,30,'&#22312;“&#23494;&#30908;”&#23383;&#27573;&#26159;&#24517;&#38656;&#30340;'),(49,36,'The \"Password\" field is required'),(49,41,'Le champ \"Password\" est nécessaire'),(49,44,'\"Kennwort\"-Feld ist obligatorisch'),(49,54,'\"Password\" campo è obbligatorio'),(49,55,'\"&#12497;&#12473;&#12527;&#12540;&#12489;\"&#12501;&#12451;&#12540;&#12523;&#12489;&#12364;&#24517;&#35201;&#12391;&#12377;'),(49,77,'O campo \"Password\" é necessário'),(49,80,'&#1058;&#1088;&#1077;&#1073;&#1091;&#1077;&#1090;&#1089;&#1103; &#1087;&#1086;&#1083;&#1077; \"&#1055;&#1072;&#1088;&#1086;&#1083;&#1100;\"'),(49,87,'El campo \" Clave\" es requerido'),(50,30,'&#26989;&#21209;&#38651;&#23376;&#37109;&#20214;&#20108;&#26159;&#28961;&#25928;&#30340;'),(50,36,'The business email 2 is not valid'),(50,41,'L\'e-mail d\'entreprise 2 n\'est pas valide'),(50,44,'Der Geschäftsbereich E-Mail-2 ist nicht gültig'),(50,54,'L\'email business 2 non è valido'),(50,55,'&#12499;&#12472;&#12493;&#12473;&#21521;&#12369;&#12398;&#12513;&#12540;&#12523;2&#12364;&#26377;&#21177;&#12391;&#12399;&#12354;&#12426;&#12414;&#12379;&#12435;'),(50,77,'O e-business 2 não é válido'),(50,80,'&#1069;&#1083;&#1077;&#1082;&#1090;&#1088;&#1086;&#1085;&#1085;&#1086;&#1081; &#1087;&#1086;&#1095;&#1090;&#1099; &#1073;&#1080;&#1079;&#1085;&#1077;&#1089;-2, &#1085;&#1077; &#1103;&#1074;&#1083;&#1103;&#1077;&#1090;&#1089;&#1103; &#1076;&#1077;&#1081;&#1089;&#1090;&#1074;&#1080;&#1090;&#1077;&#1083;&#1100;&#1085;&#1099;&#1084;'),(50,87,'El mail de empresa 2 no es válido'),(51,30,'&#35442;&#37109;&#20214;&#26159;&#28961;&#25928;&#30340;'),(51,36,'The mail is not valid'),(51,41,'Le courrier n\'est pas valide'),(51,44,'Die E-Mail ist nicht gültig'),(51,54,'La mail non è valido'),(51,55,'&#12513;&#12540;&#12523;&#12364;&#26377;&#21177;&#12391;&#12399;&#12354;&#12426;&#12414;&#12379;&#12435;'),(51,77,'O e-mail não é válido'),(51,80,'&#1055;&#1086;&#1095;&#1090;&#1072; &#1085;&#1077; &#1076;&#1077;&#1081;&#1089;&#1090;&#1074;&#1080;&#1090;&#1077;&#1083;&#1100;&#1085;&#1099;'),(51,87,'El mail no es válido'),(52,30,'&#35442;&#37109;&#20214;&#26159;&#28961;&#25928;&#30340;'),(52,36,'The mail is not valid'),(52,41,'Le courrier n\'est pas valide'),(52,44,'Die E-Mail ist nicht gültig'),(52,54,'La mail non è valido'),(52,55,'&#12513;&#12540;&#12523;&#12364;&#26377;&#21177;&#12391;&#12399;&#12354;&#12426;&#12414;&#12379;&#12435;'),(52,77,'O e-mail não é válido'),(52,80,'&#1055;&#1086;&#1095;&#1090;&#1072; &#1085;&#1077; &#1076;&#1077;&#1081;&#1089;&#1090;&#1074;&#1080;&#1090;&#1077;&#1083;&#1100;&#1085;&#1099;'),(52,87,'El mail no es válido'),(53,30,'&#30340;&#37109;&#20214;2&#28961;&#25928;'),(53,36,'The mail 2 is not valid'),(53,41,'Le courrier 2 n\'est pas valide'),(53,44,'Die E-Mail 2 gilt nicht'),(53,54,'La posta 2 non è valido'),(53,55,'&#12513;&#12540;&#12523;2&#12364;&#26377;&#21177;&#12391;&#12399;&#12354;&#12426;&#12414;&#12379;&#12435;'),(53,77,'2 o e-mail não é válido'),(53,80,'&#1055;&#1086;&#1095;&#1090;&#1080; 2, &#1085;&#1077; &#1103;&#1074;&#1083;&#1103;&#1077;&#1090;&#1089;&#1103; &#1076;&#1077;&#1081;&#1089;&#1090;&#1074;&#1080;&#1090;&#1077;&#1083;&#1100;&#1085;&#1099;&#1084;'),(53,87,'El mail 2 no es válido'),(54,30,'3&#30340;&#37109;&#20214;&#19981;&#27491;&#30906;'),(54,36,'The mail 3 is not valid'),(54,41,'Le courrier 3 n\'est pas valide'),(54,44,'Die E-Mail 3 gilt nicht'),(54,54,'La mail 3 non è valido'),(54,55,'&#12513;&#12540;&#12523;3&#26377;&#21177;&#12391;&#12399;&#12354;&#12426;&#12414;&#12379;&#12435;'),(54,77,'3 o e-mail não é válido'),(54,80,'&#1055;&#1086;&#1095;&#1090;&#1080; 3 &#1085;&#1077; &#1076;&#1077;&#1081;&#1089;&#1090;&#1074;&#1080;&#1090;&#1077;&#1083;&#1100;&#1085;&#1099;'),(54,87,'El mail 3 no es válido'),(55,30,'3&#30340;&#37109;&#20214;&#19981;&#27491;&#30906;'),(55,36,'The mail 3 is not valid'),(55,41,'Le courrier 3 n\'est pas valide'),(55,44,'Die E-Mail 3 gilt nicht'),(55,54,'La mail 3 non è valido'),(55,55,'&#12513;&#12540;&#12523;3&#26377;&#21177;&#12391;&#12399;&#12354;&#12426;&#12414;&#12379;&#12435;'),(55,77,'3 o e-mail não é válido'),(55,80,'&#1055;&#1086;&#1095;&#1090;&#1080; 3 &#1085;&#1077; &#1076;&#1077;&#1081;&#1089;&#1090;&#1074;&#1080;&#1090;&#1077;&#1083;&#1100;&#1085;&#1099;'),(55,87,'El mail 3 no es válido'),(56,30,'3&#30340;&#20225;&#26989;&#38651;&#23376;&#37109;&#20214;&#28961;&#25928;'),(56,36,'The business email 3 is not valid'),(56,41,'L\'email d\'affaires 3 n\'est pas valide'),(56,44,'Die geschäftliche E-3 ist nicht gültig'),(56,54,'L\'email business 3 non è valido'),(56,55,'&#12499;&#12472;&#12493;&#12473;E&#12513;&#12540;&#12523;3&#26377;&#21177;&#12391;&#12399;&#12354;&#12426;&#12414;&#12379;&#12435;'),(56,77,'O e-mail comercial 3 não é válido'),(56,80,'&#1069;&#1083;&#1077;&#1082;&#1090;&#1088;&#1086;&#1085;&#1085;&#1086;&#1081; &#1087;&#1086;&#1095;&#1090;&#1099; &#1073;&#1080;&#1079;&#1085;&#1077;&#1089;-3 &#1085;&#1077; &#1076;&#1077;&#1081;&#1089;&#1090;&#1074;&#1080;&#1090;&#1077;&#1083;&#1100;&#1085;&#1099;'),(56,87,'El mail de empresa 3 no es válido'),(57,30,'&#26989;&#21209;&#38651;&#23376;&#37109;&#20214;&#28961;&#25928;'),(57,36,'The business email is not valid'),(57,41,'L\'e-mail d\'entreprise n\'est pas valide'),(57,44,'Der Geschäftsbereich E-Mail ist nicht gültig'),(57,54,'L\'email aziendale non è valido'),(57,55,'&#12499;&#12472;&#12493;&#12473;&#21521;&#12369;&#12398;&#12513;&#12540;&#12523;&#12364;&#26377;&#21177;&#12391;&#12399;&#12354;&#12426;&#12414;&#12379;&#12435;'),(57,77,'O e-mail comercial não é válido'),(57,80,'&#1069;&#1083;&#1077;&#1082;&#1090;&#1088;&#1086;&#1085;&#1085;&#1099;&#1081; &#1073;&#1080;&#1079;&#1085;&#1077;&#1089; &#1085;&#1077; &#1103;&#1074;&#1083;&#1103;&#1077;&#1090;&#1089;&#1103; &#1076;&#1077;&#1081;&#1089;&#1090;&#1074;&#1080;&#1090;&#1077;&#1083;&#1100;&#1085;&#1099;&#1084;'),(57,87,'El mail de empresa no es válido'),(58,30,'&#24744;&#24517;&#38920;&#39511;&#35657;&#36664;&#20837;&#30340;&#23494;&#30908;'),(58,36,'You must verify the password entered'),(58,41,'Vous devez vérifier le mot de passe saisi'),(58,44,'Sie müssen sicherstellen, das eingegebene Passwort'),(58,54,'È necessario verificare la password immessa'),(58,55,'&#12354;&#12394;&#12383;&#12364;&#20837;&#21147;&#12375;&#12383;&#12497;&#12473;&#12527;&#12540;&#12489;&#12434;&#30906;&#35469;&#12377;&#12427;&#24517;&#35201;&#12364;&#12354;&#12426;&#12414;&#12377;'),(58,77,'Você deve verificar a senha digitada'),(58,80,'&#1042;&#1099; &#1076;&#1086;&#1083;&#1078;&#1085;&#1099; &#1087;&#1086;&#1076;&#1090;&#1074;&#1077;&#1088;&#1076;&#1080;&#1090;&#1100; &#1087;&#1072;&#1088;&#1086;&#1083;&#1100;, &#1074;&#1074;&#1077;&#1076;&#1077;&#1085;&#1085;&#1099;&#1081;'),(58,87,'Debe verificar la contraseña ingresada'),(59,30,'&#35442;&#38936;&#22495;&#30340;“&#38000;&#21273;”&#21644;“&#37325;&#35079;&#37749;”&#24517;&#38920;&#26159;&#24179;&#31561;&#30340;'),(59,36,'The fields \"key\" and \"repeat key\" must be equal'),(59,41,'Les champs \"key\" et \"Clé répéter\" doit être égal'),(59,44,'Die Felder \"Schlüssel\" und \"Repeat-Taste\" muss gleich'),(59,54,'I campi \"chiave\" e la \"chiave di ripetere\" deve essere uguale'),(59,55,'&#12501;&#12451;&#12540;&#12523;&#12489;&#12398;\"&#12461;&#12540;\"&#12392;\"&#32368;&#12426;&#36820;&#12375;&#12461;&#12540;\"&#12391;&#12394;&#12369;&#12428;&#12400;&#12394;&#12426;&#12414;&#12379;&#12435;'),(59,77,'Os campos-chave \"e\" chave de repetir \"deve ser igual'),(59,80,'&#1055;&#1086;&#1083;&#1077;&#1081; \"&#1082;&#1083;&#1102;&#1095;&#1077;&#1074;&#1099;&#1077;\" &#1080; \"&#1087;&#1086;&#1074;&#1090;&#1086;&#1088;&#1103;&#1090;&#1100; &#1082;&#1083;&#1102;&#1095;&#1077;&#1074;&#1099;&#1077;\" &#1076;&#1086;&#1083;&#1078;&#1085;&#1099; &#1073;&#1099;&#1090;&#1100; &#1088;&#1072;&#1074;&#1085;&#1099;'),(59,87,'Los campos \"clave\" y \"repetir clave\" deben ser iguales'),(60,30,'&#22312;&#21517;&#31281;&#23383;&#27573;&#26159;&#24517;&#38656;&#30340;&#12290;'),(60,36,'The Name field is required.'),(60,41,'Le champ Nom est obligatoire.'),(60,44,'Der Name ist erforderlich.'),(60,54,'Il campo Nome è obbligatorio.'),(60,55,'[&#21517;&#21069;]&#12501;&#12451;&#12540;&#12523;&#12489;&#12364;&#24517;&#35201;&#12391;&#12377;&#12290;'),(60,77,'O campo Nome é obrigatório.'),(60,80,'&#1058;&#1088;&#1077;&#1073;&#1091;&#1077;&#1090;&#1089;&#1103; &#1087;&#1086;&#1083;&#1077; &#1048;&#1084;&#1103;.'),(60,87,'El campo \"Nombre\" es requerido.'),(61,30,'&#35442;&#23383;&#27573;“&#22995;”&#26159;&#24517;&#38656;&#30340;&#12290;'),(61,36,'The field \"last name\" is required.'),(61,41,'Le champ \"nom\" est nécessaire.'),(61,44,'Das Feld \"Nachname\" ist erforderlich.'),(61,54,'Il campo \"cognome\" è obbligatorio.'),(61,55,'&#12501;&#12451;&#12540;&#12523;&#12489;&#12399;&#12289;\"&#22995;\"&#12364;&#24517;&#35201;&#12391;&#12377;&#12290;'),(61,77,'O campo \"apelido\" é necessária.'),(61,80,'&#1058;&#1088;&#1077;&#1073;&#1091;&#1077;&#1090;&#1089;&#1103; &#1087;&#1086;&#1083;&#1077; \"&#1092;&#1072;&#1084;&#1080;&#1083;&#1080;&#1103;\".'),(61,87,'El campo \"Apellido\" es requerido.'),(62,30,'&#35442;&#23383;&#27573;“&#38651;&#23376;&#37109;&#20214;”&#26159;&#24517;&#38656;&#30340;&#12290;'),(62,36,'The field \"Email\" is required.'),(62,41,'Le champ \"Email\" est obligatoire.'),(62,44,'Das Feld \"Email\" ist erforderlich.'),(62,54,'Il campo \"email\" è obbligatorio.'),(62,55,'&#12501;&#12451;&#12540;&#12523;&#12489;&#12395;\"E&#12513;&#12540;&#12523;\"&#12364;&#24517;&#35201;&#12391;&#12377;&#12290;'),(62,77,'O campo \"Email\" é necessária.'),(62,80,'&#1058;&#1088;&#1077;&#1073;&#1091;&#1077;&#1090;&#1089;&#1103; &#1087;&#1086;&#1083;&#1077; \"&#1069;&#1083;&#1077;&#1082;&#1090;&#1088;&#1086;&#1085;&#1085;&#1072;&#1103; &#1087;&#1086;&#1095;&#1090;&#1072;\".'),(62,87,'El campo \"E-mail\" es requerido.'),(63,30,'&#22806;&#22320;“&#38651;&#23376;&#37109;&#20214;2”&#26159;&#24517;&#38656;&#30340;&#12290;'),(63,36,'The field \"E-mail 2\" is required.'),(63,41,'Le champ \"E-mail 2\" est nécessaire.'),(63,44,'Das Feld \"E-Mail 2\" ist erforderlich.'),(63,54,'Il campo \"E-mail 2\" è obbligatorio.'),(63,55,'&#12501;&#12451;&#12540;&#12523;&#12489;&#12395;\"E&#12513;&#12540;&#12523;2\"&#12364;&#24517;&#35201;&#12391;&#12377;&#12290;'),(63,77,'O campo \"E-mail 2\" é necessária.'),(63,80,'&#1058;&#1088;&#1077;&#1073;&#1091;&#1077;&#1090;&#1089;&#1103; &#1087;&#1086;&#1083;&#1077; \"&#1040;&#1076;&#1088;&#1077;&#1089; &#1101;&#1083;&#1077;&#1082;&#1090;&#1088;&#1086;&#1085;&#1085;&#1086;&#1081; &#1087;&#1086;&#1095;&#1090;&#1099; 2\".'),(63,87,'El campo \"E-mail 2\" es requerido.'),(64,30,'&#35442;&#23383;&#27573;“&#22320;&#22336;”&#26159;&#24517;&#38656;&#30340;&#12290;'),(64,36,'The field \"address\" is required.'),(64,41,'Le champ «adresse» est nécessaire.'),(64,44,'Das Feld \"Adresse\" ist erforderlich.'),(64,54,'Il campo \"indirizzo\" è obbligatorio.'),(64,55,'&#12501;&#12451;&#12540;&#12523;&#12489;&#12399;&#12289;\"&#12450;&#12489;&#12524;&#12473;\"&#12364;&#24517;&#35201;&#12391;&#12377;&#12290;'),(64,77,'O campo \"endereço\" é necessária.'),(64,80,'&#1058;&#1088;&#1077;&#1073;&#1091;&#1077;&#1090;&#1089;&#1103; &#1087;&#1086;&#1083;&#1077; \"&#1040;&#1076;&#1088;&#1077;&#1089;\".'),(64,87,'El campo \"domicilio\" es requerido.'),(65,30,'&#22478;&#24066;&#23383;&#27573;&#26159;&#24517;&#38656;&#30340;&#12290;'),(65,36,'The City field is required.'),(65,41,'Le champ Ville est nécessaire.'),(65,44,'Die Stadt ist erforderlich.'),(65,54,'Il campo Città è obbligatorio.'),(65,55,'[&#37117;&#36947;&#24220;&#30476;]&#12501;&#12451;&#12540;&#12523;&#12489;&#12364;&#24517;&#35201;&#12391;&#12377;&#12290;'),(65,77,'O campo Cidade é obrigatório.'),(65,80,'&#1058;&#1088;&#1077;&#1073;&#1091;&#1077;&#1090;&#1089;&#1103; &#1087;&#1086;&#1083;&#1077; &#1043;&#1086;&#1088;&#1086;&#1076;.'),(65,87,'El campo \"Ciudad\" es requerido.'),(66,30,'&#22806;&#22320;“&#37109;&#25919;&#32232;&#30908;”&#26159;&#24517;&#38656;&#30340;&#12290;'),(66,36,'The field \"Zip code\" is required.'),(66,41,'Le champ \"Code postal\" est obligatoire.'),(66,44,'Das Feld \"PLZ\" erforderlich ist.'),(66,54,'Il campo \"CAP\" è obbligatorio.'),(66,55,'&#12501;&#12451;&#12540;&#12523;&#12489;\"&#37109;&#20415;&#30058;&#21495;\"&#12364;&#24517;&#35201;&#12391;&#12377;&#12290;'),(66,77,'O campo \"Código postal\" é necessária.'),(66,80,'&#1058;&#1088;&#1077;&#1073;&#1091;&#1077;&#1090;&#1089;&#1103; &#1087;&#1086;&#1083;&#1077; \"&#1055;&#1086;&#1095;&#1090;&#1086;&#1074;&#1099;&#1081; &#1080;&#1085;&#1076;&#1077;&#1082;&#1089;\".'),(66,87,'El campo \" Código postal \" es requerido.'),(67,30,'&#35442;&#23383;&#27573;“&#38651;&#35441;”&#26159;&#24517;&#38656;&#30340;&#12290;'),(67,36,'The field \"Telephone\" is required.'),(67,41,'Le champ \"Téléphone\" est nécessaire.'),(67,44,'Das Feld \"Telefon\" ist erforderlich.'),(67,54,'Il campo \"Telefono\" è obbligatorio.'),(67,55,'&#12501;&#12451;&#12540;&#12523;&#12489;&#12399;&#12289;\"&#38651;&#35441;&#30058;&#21495;\"&#12364;&#24517;&#35201;&#12391;&#12377;&#12290;'),(67,77,'O campo \"Telefone\" é necessária.'),(67,80,'&#1058;&#1088;&#1077;&#1073;&#1091;&#1077;&#1090;&#1089;&#1103; &#1087;&#1086;&#1083;&#1077; \"&#1058;&#1077;&#1083;&#1077;&#1092;&#1086;&#1085;\".'),(67,87,'El campo \"Telefono\" es requerido.'),(68,30,'“&#23494;&#30908;”&#23383;&#27573;&#26159;&#24517;&#38656;&#30340;&#12290;'),(68,36,'The \"Password\" field is required.'),(68,41,'Le champ \"Password\" est nécessaire.'),(68,44,'Das Feld \"Kennwort\" erforderlich ist.'),(68,54,'Il campo \"Password\" è obbligatorio.'),(68,55,'\"&#12497;&#12473;&#12527;&#12540;&#12489;\"&#12501;&#12451;&#12540;&#12523;&#12489;&#12364;&#24517;&#35201;&#12391;&#12377;&#12290;'),(68,77,'O campo \"Password\" é necessária.'),(68,80,'&#1058;&#1088;&#1077;&#1073;&#1091;&#1077;&#1090;&#1089;&#1103; &#1087;&#1086;&#1083;&#1077; \"&#1055;&#1072;&#1088;&#1086;&#1083;&#1100;\".'),(68,87,'El campo \" Clave \" es requerido.'),(69,30,'&#35442;&#37109;&#20214;&#26159;&#28961;&#25928;&#30340;'),(69,36,'The mail is not valid'),(69,41,'Le courrier n\'est pas valide'),(69,44,'Die E-Mail ist nicht gültig'),(69,54,'La mail non è valido'),(69,55,'&#12513;&#12540;&#12523;&#12364;&#26377;&#21177;&#12391;&#12399;&#12354;&#12426;&#12414;&#12379;&#12435;'),(69,77,'O e-mail não é válido'),(69,80,'&#1055;&#1086;&#1095;&#1090;&#1072; &#1085;&#1077; &#1076;&#1077;&#1081;&#1089;&#1090;&#1074;&#1080;&#1090;&#1077;&#1083;&#1100;&#1085;&#1099;'),(69,87,'El mail no es válido'),(70,30,'&#30340;&#37109;&#20214;2&#28961;&#25928;'),(70,36,'The mail 2 is not valid'),(70,41,'Le courrier 2 n\'est pas valide'),(70,44,'Die E-Mail 2 gilt nicht'),(70,54,'La posta 2 non è valido'),(70,55,'&#12513;&#12540;&#12523;2&#12364;&#26377;&#21177;&#12391;&#12399;&#12354;&#12426;&#12414;&#12379;&#12435;'),(70,77,'2 o e-mail não é válido'),(70,80,'&#1055;&#1086;&#1095;&#1090;&#1080; 2, &#1085;&#1077; &#1103;&#1074;&#1083;&#1103;&#1077;&#1090;&#1089;&#1103; &#1076;&#1077;&#1081;&#1089;&#1090;&#1074;&#1080;&#1090;&#1077;&#1083;&#1100;&#1085;&#1099;&#1084;'),(70,87,'El mail 2 no es válido'),(71,30,'3&#30340;&#37109;&#20214;&#19981;&#27491;&#30906;'),(71,36,'The mail 3 is not valid'),(71,41,'Le courrier 3 n\'est pas valide'),(71,44,'Die E-Mail 3 gilt nicht'),(71,54,'La mail 3 non è valido'),(71,55,'&#12513;&#12540;&#12523;3&#26377;&#21177;&#12391;&#12399;&#12354;&#12426;&#12414;&#12379;&#12435;'),(71,77,'3 o e-mail não é válido'),(71,80,'&#1055;&#1086;&#1095;&#1090;&#1080; 3 &#1085;&#1077; &#1076;&#1077;&#1081;&#1089;&#1090;&#1074;&#1080;&#1090;&#1077;&#1083;&#1100;&#1085;&#1099;'),(71,87,'El mail 3 no es válido'),(72,30,'&#35442;&#38936;&#22495;&#30340;“&#38000;&#21273;”&#21644;“&#37325;&#35079;&#37749;”&#24517;&#38920;&#26159;&#24179;&#31561;&#30340;'),(72,36,'The fields \"key\" and \"repeat key\" must be equal'),(72,41,'Les champs \"key\" et \"Clé répéter\" doit être égal'),(72,44,'Die Felder \"Schlüssel\" und \"Repeat-Taste\" muss gleich'),(72,54,'I campi \"chiave\" e la \"chiave di ripetere\" deve essere uguale'),(72,55,'&#12501;&#12451;&#12540;&#12523;&#12489;&#12398;\"&#12461;&#12540;\"&#12392;\"&#32368;&#12426;&#36820;&#12375;&#12461;&#12540;\"&#12391;&#12394;&#12369;&#12428;&#12400;&#12394;&#12426;&#12414;&#12379;&#12435;'),(72,77,'Os campos-chave \"e\" chave de repetir \"deve ser igual'),(72,80,'&#1055;&#1086;&#1083;&#1077;&#1081; \"&#1082;&#1083;&#1102;&#1095;&#1077;&#1074;&#1099;&#1077;\" &#1080; \"&#1087;&#1086;&#1074;&#1090;&#1086;&#1088;&#1103;&#1090;&#1100; &#1082;&#1083;&#1102;&#1095;&#1077;&#1074;&#1099;&#1077;\" &#1076;&#1086;&#1083;&#1078;&#1085;&#1099; &#1073;&#1099;&#1090;&#1100; &#1088;&#1072;&#1074;&#1085;&#1099;'),(72,87,'Los campos \"clave\" y \"repetir clave\" deben ser iguales'),(73,30,'&#35442;&#23383;&#27573;“&#38651;&#23376;&#37109;&#20214;”&#26159;&#24517;&#38656;&#30340;&#12290;'),(73,36,'The field \"Email\" is required.'),(73,41,'Le champ \"Email\" est obligatoire.'),(73,44,'Das Feld \"Email\" ist erforderlich.'),(73,54,'Il campo \"email\" è obbligatorio.'),(73,55,'&#12501;&#12451;&#12540;&#12523;&#12489;&#12395;\"E&#12513;&#12540;&#12523;\"&#12364;&#24517;&#35201;&#12391;&#12377;&#12290;'),(73,77,'O campo \"Email\" é necessária.'),(73,80,'&#1058;&#1088;&#1077;&#1073;&#1091;&#1077;&#1090;&#1089;&#1103; &#1087;&#1086;&#1083;&#1077; \"&#1069;&#1083;&#1077;&#1082;&#1090;&#1088;&#1086;&#1085;&#1085;&#1072;&#1103; &#1087;&#1086;&#1095;&#1090;&#1072;\".'),(73,87,'El campo \"E-mail\" es requerido.'),(74,30,'&#22806;&#22320;“&#38651;&#23376;&#37109;&#20214;2”&#26159;&#24517;&#38656;&#30340;&#12290;'),(74,36,'The field \"E-mail 2\" is required.'),(74,41,'E Le champ «E-mail 2\" est nécessaire.'),(74,44,'Das Feld \"E-Mail 2\" ist erforderlich.'),(74,54,'Il campo \"E-mail 2\" è obbligatorio.'),(74,55,'&#12501;&#12451;&#12540;&#12523;&#12489;&#12395;\"E&#12513;&#12540;&#12523;2\"&#12364;&#24517;&#35201;&#12391;&#12377;&#12290;'),(74,77,'E o campo \'E-mail 2 \"é necessária.'),(74,80,'&#1058;&#1088;&#1077;&#1073;&#1091;&#1077;&#1090;&#1089;&#1103; &#1087;&#1086;&#1083;&#1077; \"&#1040;&#1076;&#1088;&#1077;&#1089; &#1101;&#1083;&#1077;&#1082;&#1090;&#1088;&#1086;&#1085;&#1085;&#1086;&#1081; &#1087;&#1086;&#1095;&#1090;&#1099; 2\".'),(74,87,'El campo \"E-mail 2\" es requerido.'),(75,30,'&#22312;“&#38651;&#23376;&#37109;&#20214;”&#36664;&#20837;&#30340;&#28961;&#25928;&#12290;'),(75,36,'The \"E-mail\" entered is invalid.'),(75,41,'Le \"E-mail\" est entré n\'est pas valide.'),(75,44,'Die \"E-Mail\" ist ungültig.'),(75,54,'\"E-mail\" inserito non è valido.'),(75,55,'\"&#38651;&#23376;&#12513;&#12540;&#12523;\"&#20837;&#21147;&#12364;&#28961;&#21177;&#12391;&#12377;&#12290;'),(75,77,'O E-mail \"entrou é inválida.'),(75,80,'\"&#1069;&#1083;&#1077;&#1082;&#1090;&#1088;&#1086;&#1085;&#1085;&#1072;&#1103; &#1087;&#1086;&#1095;&#1090;&#1072;\" &#1085;&#1077;&#1076;&#1077;&#1081;&#1089;&#1090;&#1074;&#1080;&#1090;&#1077;&#1083;&#1100;&#1085;&#1099;&#1084;.'),(75,87,'El \"E-mail\" ingresado no es válido.'),(76,30,'&#22312;“&#38651;&#23376;&#37109;&#20214;2”&#36664;&#20837;&#30340;&#28961;&#25928;&#12290;'),(76,36,'The \"E-mail 2\" entered is invalid.'),(76,41,'Le \"E-mail 2\" est entré n\'est pas valide.'),(76,44,'Die \"E-Mail 2\" ist ungültig.'),(76,54,'\"E-mail 2\" inserito non è valido.'),(76,55,'\"&#38651;&#23376;&#12513;&#12540;&#12523;2\"&#20837;&#21147;&#12364;&#28961;&#21177;&#12391;&#12377;&#12290;'),(76,77,'O \"E-mail 2\" entrou é inválida.'),(76,80,'\"&#1069;&#1083;&#1077;&#1082;&#1090;&#1088;&#1086;&#1085;&#1085;&#1072;&#1103; &#1087;&#1086;&#1095;&#1090;&#1072; 2\" &#1074;&#1089;&#1090;&#1091;&#1087;&#1080;&#1083;&#1072; &#1103;&#1074;&#1083;&#1103;&#1077;&#1090;&#1089;&#1103; &#1085;&#1077;&#1076;&#1077;&#1081;&#1089;&#1090;&#1074;&#1080;&#1090;&#1077;&#1083;&#1100;&#1085;&#1099;&#1084;.'),(76,87,'El \"E-mail 2\" ingresado no es válido.'),(77,30,'&#35442;&#23383;&#27573;“&#23494;&#30908;”&#26159;&#24517;&#38656;&#30340;&#12290;'),(77,36,'The field \"Password\" is required.'),(77,41,'Le champ \"Password\" est nécessaire.'),(77,44,'Das Feld \"Passwort\" ist erforderlich.'),(77,54,'Il campo \"Password\" è obbligatorio.'),(77,55,'&#12501;&#12451;&#12540;&#12523;&#12489;&#12399;&#12289;\"&#12497;&#12473;&#12527;&#12540;&#12489;\"&#12364;&#24517;&#35201;&#12391;&#12377;&#12290;'),(77,77,'O campo \"Password\" é necessária.'),(77,80,'&#1058;&#1088;&#1077;&#1073;&#1091;&#1077;&#1090;&#1089;&#1103; &#1087;&#1086;&#1083;&#1077; \"&#1055;&#1072;&#1088;&#1086;&#1083;&#1100;\".'),(77,87,'El campo \"Contraseña\" es requerido.'),(78,30,'&#35442;&#38936;&#22495;&#30340;“&#23494;&#30908;”&#21644;“&#30906;&#35469;&#23494;&#30908;”&#24517;&#38920;&#30456;&#31561;&#12290;'),(78,36,'The fields \"Password\" and \"Confirm Password\" must be equal.'),(78,41,'Les champs \"Password\" et \"Confirmer le mot de passe\" doit être égal.'),(78,44,'Die Felder \"Passwort\" und \"Kennwort bestätigen\" müssen gleich sein.'),(78,54,'I campi \"Password\" e \"Conferma Password\" deve essere uguale.'),(78,55,'&#12501;&#12451;&#12540;&#12523;&#12489;&#12395;\"&#12497;&#12473;&#12527;&#12540;&#12489;\"&#12392;\"&#12497;&#12473;&#12527;&#12540;&#12489;&#12398;&#30906;&#35469;\"&#12391;&#12394;&#12369;&#12428;&#12400;&#12394;&#12426;&#12414;&#12379;&#12435;&#12290;'),(78,77,'Os campos \"Password\" e \"Confirmar senha\" deve ser igual.'),(78,80,'&#1055;&#1086;&#1083;&#1103;&#1093; \"&#1055;&#1072;&#1088;&#1086;&#1083;&#1100;\" &#1080; \"&#1055;&#1086;&#1076;&#1090;&#1074;&#1077;&#1088;&#1078;&#1076;&#1077;&#1085;&#1080;&#1077; &#1087;&#1072;&#1088;&#1086;&#1083;&#1103;\" &#1076;&#1086;&#1083;&#1078;&#1085;&#1099; &#1073;&#1099;&#1090;&#1100; &#1088;&#1072;&#1074;&#1085;&#1099;.'),(78,87,'Los campos \"Contraseña\" y \"Validar Contraseña\" deben ser iguales.'),(79,30,'&#22312;&#21517;&#31281;&#23383;&#27573;&#26159;&#24517;&#38656;&#30340;&#12290;'),(79,36,'The Name field is required.'),(79,41,'Le champ Nom est obligatoire.'),(79,44,'Der Name ist erforderlich.'),(79,54,'Il campo Nome è obbligatorio.'),(79,55,'[&#21517;&#21069;]&#12501;&#12451;&#12540;&#12523;&#12489;&#12364;&#24517;&#35201;&#12391;&#12377;&#12290;'),(79,77,'O campo Nome é obrigatório.'),(79,80,'&#1058;&#1088;&#1077;&#1073;&#1091;&#1077;&#1090;&#1089;&#1103; &#1087;&#1086;&#1083;&#1077; &#1048;&#1084;&#1103;.'),(79,87,'El campo \"Nombre\" es requerido.'),(80,30,'&#35442;&#23383;&#27573;“&#21517;&#31281;”&#26159;&#24517;&#38656;&#30340;&#12290;'),(80,36,'The field \"Name\" is required.'),(80,41,'Le champ \"Nom\" est nécessaire.'),(80,44,'Das Feld \"Name\" ist nicht erforderlich.'),(80,54,'Il campo \"Nome\" è obbligatorio.'),(80,55,'&#12501;&#12451;&#12540;&#12523;&#12489;&#12398;\"&#21517;&#21069;\"&#12364;&#24517;&#35201;&#12391;&#12377;&#12290;'),(80,77,'O campo \"Nome\" é necessária.'),(80,80,'&#1058;&#1088;&#1077;&#1073;&#1091;&#1077;&#1090;&#1089;&#1103; &#1087;&#1086;&#1083;&#1077; \"&#1048;&#1084;&#1103;\".'),(80,87,'El campo \"Apellido\" es requerido.'),(81,30,'&#35442;&#23383;&#27573;“&#37109;&#20214;”&#26159;&#24517;&#38656;&#30340;&#12290;'),(81,36,'The field \"Mail\" is required.'),(81,41,'Le champ \"Mail\" est nécessaire.'),(81,44,'Das Feld \"Mail\" erforderlich ist.'),(81,54,'Il campo \"Mail\" è obbligatorio.'),(81,55,'&#12501;&#12451;&#12540;&#12523;&#12489;&#12399;&#12289;\"&#12513;&#12540;&#12523;\"&#12364;&#24517;&#35201;&#12391;&#12377;&#12290;'),(81,77,'O campo \"Email\" é necessária.'),(81,80,'&#1058;&#1088;&#1077;&#1073;&#1091;&#1077;&#1090;&#1089;&#1103; &#1087;&#1086;&#1083;&#1077; \"&#1055;&#1086;&#1095;&#1090;&#1072;\".'),(81,87,'El campo \"Mail\" es requerido.'),(82,30,'&#22806;&#22320;“&#37109;&#20214;2”&#26159;&#24517;&#38656;&#30340;&#12290;'),(82,36,'The field \"Mail 2\" is required.'),(82,41,'Le champ \"Mail 2\" est nécessaire.'),(82,44,'Das Feld \"E-Mail 2\" ist erforderlich.'),(82,54,'Il campo \"Mail 2\" è obbligatorio.'),(82,55,'&#12371;&#12398;&#12501;&#12451;&#12540;&#12523;&#12489;&#12399;&#12289;\"&#12513;&#12540;&#12523;2\"&#12364;&#24517;&#35201;&#12391;&#12377;&#12290;'),(82,77,'O campo \"Mail 2\" é necessária.'),(82,80,'&#1058;&#1088;&#1077;&#1073;&#1091;&#1077;&#1090;&#1089;&#1103; &#1087;&#1086;&#1083;&#1077; \"Mail 2\".'),(82,87,'El campo \"Mail 2\" es requerido.'),(83,30,'“&#23494;&#30908;”&#23383;&#27573;&#26159;&#24517;&#38656;&#30340;&#12290;'),(83,36,'The \"Password\" field is required.'),(83,41,'Le champ \"Password\" est nécessaire.'),(83,44,'Das Feld \"Kennwort\" erforderlich ist.'),(83,54,'Il campo \"Password\" è obbligatorio.'),(83,55,'\"&#12497;&#12473;&#12527;&#12540;&#12489;\"&#12501;&#12451;&#12540;&#12523;&#12489;&#12364;&#24517;&#35201;&#12391;&#12377;&#12290;'),(83,77,'O campo \"Password\" é necessária.'),(83,80,'&#1058;&#1088;&#1077;&#1073;&#1091;&#1077;&#1090;&#1089;&#1103; &#1087;&#1086;&#1083;&#1077; \"&#1055;&#1072;&#1088;&#1086;&#1083;&#1100;\".'),(83,87,'El campo \"Clave\" es requerido.'),(84,30,'&#35442;&#23383;&#27573;“&#38000;&#21273;”&#21644;“&#37325;&#40670;2”&#24517;&#38920;&#30456;&#31561;&#12290;'),(84,36,'The field \"Key\" and \"Key 2\" must be equal.'),(84,41,'Le champ \"Key\" et \"Key 2\" doivent être égaux.'),(84,44,'Das Feld \"Key\" und \"Key 2\" muss gleich sein.'),(84,54,'Il campo \"chiave\" e \"Key 2\" devono essere uguali.'),(84,55,'&#12501;&#12451;&#12540;&#12523;&#12489;&#12398;\"&#12461;&#12540;\"&#12392;\"&#12461;&#12540;2\"&#12391;&#12394;&#12369;&#12428;&#12400;&#12394;&#12426;&#12414;&#12379;&#12435;&#12290;'),(84,77,'O campo \"Chave\" e \"Key 2\" deve ser igual.'),(84,80,'&#1055;&#1086;&#1083;&#1077; \"&#1050;&#1083;&#1102;&#1095;\" &#1080; \"&#1050;&#1083;&#1102;&#1095; 2\" &#1076;&#1086;&#1083;&#1078;&#1085;&#1099; &#1073;&#1099;&#1090;&#1100; &#1088;&#1072;&#1074;&#1085;&#1099;.'),(84,87,'El campo \"Clave\" y \"Clave 2\" deben ser iguales.'),(85,30,'&#24744;&#38656;&#35201;&#36664;&#20837;“&#37109;&#20214;”&#26377;&#25928;&#12290;'),(85,36,'You must enter a \"Mail\" valid.'),(85,41,'Vous devez entrer un «Courrier» valide.'),(85,44,'Sie müssen einen \"Mail\" gültig.'),(85,54,'È necessario inserire una \"Mail\" valido.'),(85,55,'&#12354;&#12394;&#12383;&#12399;\"&#12513;&#12540;&#12523;\"&#12398;&#26377;&#21177;&#12394;&#20837;&#21147;&#12377;&#12427;&#24517;&#35201;&#12364;&#12354;&#12426;&#12414;&#12377;&#12290;'),(85,77,'Você deve digitar um \"e-mail\" válido.'),(85,80,'&#1042;&#1099; &#1076;&#1086;&#1083;&#1078;&#1085;&#1099; &#1074;&#1074;&#1077;&#1089;&#1090;&#1080; \"&#1055;&#1086;&#1095;&#1090;&#1072;\" &#1074; &#1089;&#1080;&#1083;&#1077;.'),(85,87,'Debe ingresar un \"Mail\" válido.'),(86,30,'&#24744;&#38656;&#35201;&#36664;&#20837;“&#37109;&#20214;2”&#26377;&#25928;&#12290;'),(86,36,'You must enter a \"Mail 2\" valid.'),(86,41,'Vous devez entrer un «Mail 2\" valable.'),(86,44,'Sie müssen eine \"E-Mail 2 eingeben\" gültig.'),(86,54,'È necessario inserire una \"Mail 2\" valida.'),(86,55,'&#12354;&#12394;&#12383;&#12364;\"&#26377;&#21177;\"&#12513;&#12540;&#12523;2&#12434;&#20837;&#21147;&#12377;&#12427;&#24517;&#35201;&#12364;&#12354;&#12426;&#12414;&#12377;&#12290;'),(86,77,'Você deve digitar um \"Correio 2\" válido.'),(86,80,'&#1042;&#1099; &#1076;&#1086;&#1083;&#1078;&#1085;&#1099; &#1074;&#1074;&#1077;&#1089;&#1090;&#1080; \"&#1055;&#1086;&#1095;&#1090;&#1072; 2\" &#1076;&#1077;&#1081;&#1089;&#1090;&#1074;&#1080;&#1090;&#1077;&#1083;&#1100;&#1085;&#1099;.'),(86,87,'Debe ingresar un \"Mail 2\" válido.'),(87,30,'&#35442;&#23383;&#27573;“&#22320;&#22336;”&#26159;&#24517;&#38656;&#30340;&#12290;'),(87,36,'The field \"Address\" is required.'),(87,41,'Le champ \"Adresse\" est nécessaire.'),(87,44,'Das Feld \"Adresse\" ist erforderlich.'),(87,54,'Il campo \"Indirizzo\" è obbligatorio.'),(87,55,'&#12501;&#12451;&#12540;&#12523;&#12489;&#12398;\"&#20303;&#25152;\"&#12364;&#24517;&#35201;&#12391;&#12377;&#12290;'),(87,77,'O campo \"Endereço\" é necessária.'),(87,80,'&#1058;&#1088;&#1077;&#1073;&#1091;&#1077;&#1090;&#1089;&#1103; &#1087;&#1086;&#1083;&#1077; \"&#1040;&#1076;&#1088;&#1077;&#1089;\".'),(87,87,'El campo \"Domicilio\" es requerido.'),(88,30,'&#22478;&#24066;&#23383;&#27573;&#26159;&#24517;&#38656;&#30340;&#12290;'),(88,36,'The City field is required.'),(88,41,'Le champ Ville est nécessaire.'),(88,44,'Die Stadt ist erforderlich.'),(88,54,'Il campo Città è obbligatorio.'),(88,55,'[&#37117;&#36947;&#24220;&#30476;]&#12501;&#12451;&#12540;&#12523;&#12489;&#12364;&#24517;&#35201;&#12391;&#12377;&#12290;'),(88,77,'O campo Cidade é obrigatório.'),(88,80,'&#1058;&#1088;&#1077;&#1073;&#1091;&#1077;&#1090;&#1089;&#1103; &#1087;&#1086;&#1083;&#1077; &#1043;&#1086;&#1088;&#1086;&#1076;.'),(88,87,'El campo \"Ciudad\" es requerido.'),(89,30,'&#22806;&#22320;“&#37109;&#25919;&#27861;”&#26159;&#24517;&#35201;&#30340;&#12290;'),(89,36,'The field \"Postal Code\" is required.'),(89,41,'Le champ \"Code postal\" est obligatoire.'),(89,44,'Das Feld \"Postleitzahl\" erforderlich ist.'),(89,54,'Il campo \"Codice Postale\" è obbligatorio.'),(89,55,'&#12501;&#12451;&#12540;&#12523;&#12489;\"&#37109;&#20415;&#30058;&#21495;\"&#12364;&#24517;&#35201;&#12391;&#12377;&#12290;'),(89,77,'O campo \"Código Postal\" é necessária.'),(89,80,'&#1058;&#1088;&#1077;&#1073;&#1091;&#1077;&#1090;&#1089;&#1103; &#1087;&#1086;&#1083;&#1077; \"&#1055;&#1086;&#1095;&#1090;&#1086;&#1074;&#1099;&#1081; &#1080;&#1085;&#1076;&#1077;&#1082;&#1089;\".'),(89,87,'El campo \"Código Postal\" es requerido.'),(90,30,'&#35442;&#23383;&#27573;“&#38651;&#35441;”&#26159;&#24517;&#38656;&#30340;&#12290;'),(90,36,'The field \"Telephone\" is required.'),(90,41,'Le champ \"Téléphone\" est nécessaire.'),(90,44,'Das Feld \"Telefon\" ist erforderlich.'),(90,54,'Il campo \"Telefono\" è obbligatorio.'),(90,55,'&#12501;&#12451;&#12540;&#12523;&#12489;&#12399;&#12289;\"&#38651;&#35441;&#30058;&#21495;\"&#12364;&#24517;&#35201;&#12391;&#12377;&#12290;'),(90,77,'O campo \"Telefone\" é necessária.'),(90,80,'&#1058;&#1088;&#1077;&#1073;&#1091;&#1077;&#1090;&#1089;&#1103; &#1087;&#1086;&#1083;&#1077; \"&#1058;&#1077;&#1083;&#1077;&#1092;&#1086;&#1085;\".'),(90,87,'El campo \"Telefono\" es requerido.'),(91,30,'&#22806;&#22320;“&#22855;&#29305;&#21517;&#31281;”&#26159;&#24517;&#38656;&#30340;&#12290;'),(91,36,'The field \"fancy name\" is required.'),(91,41,'Le champ \"nom de fantaisie\" est nécessaire.'),(91,44,'Das Feld \"Phantasiebezeichnung\" erforderlich ist.'),(91,54,'Il campo \"denominazione di fantasia\" è obbligatorio.'),(91,55,'&#12501;&#12451;&#12540;&#12523;&#12489;&#12399;&#12289;\"&#39080;&#22793;&#12431;&#12426;&#12394;&#21517;&#21069;\"&#12364;&#24517;&#35201;&#12391;&#12377;&#12290;'),(91,77,'O campo \"nome fantasia\" é necessária.'),(91,80,'&#1058;&#1088;&#1077;&#1073;&#1091;&#1077;&#1090;&#1089;&#1103; &#1087;&#1086;&#1083;&#1077; \"&#1048;&#1084;&#1103; &#1092;&#1072;&#1085;&#1090;&#1072;&#1079;&#1080;&#1080;\".'),(91,87,'El campo \"Nombre de Fantasía\" es requerido.'),(92,30,'&#22806;&#22320;“&#20844;&#21496;&#21517;&#31281;”&#26159;&#24517;&#38656;&#30340;&#12290;'),(92,36,'The field \"Company Name\" is required.'),(92,41,'Le champ \"Nom de la société» est obligatoire.'),(92,44,'Das Feld \"Firma\" ist erforderlich.'),(92,54,'Il campo \"Company Name\" è obbligatorio.'),(92,55,'&#12371;&#12398;&#12501;&#12451;&#12540;&#12523;&#12489;&#12395;&#12399;&#12289;\"&#20250;&#31038;&#21517;\"&#12364;&#24517;&#35201;&#12391;&#12377;&#12290;'),(92,77,'O campo \"Nome da empresa\" é necessária.'),(92,80,'&#1058;&#1088;&#1077;&#1073;&#1091;&#1077;&#1090;&#1089;&#1103; &#1087;&#1086;&#1083;&#1077; \"&#1053;&#1072;&#1079;&#1074;&#1072;&#1085;&#1080;&#1077; &#1082;&#1086;&#1084;&#1087;&#1072;&#1085;&#1080;&#1080;\".'),(92,87,'El campo \" Razón Social\" es requerido.'),(95,26,'El camp \"Contrasenya anterior\" és requerit.'),(95,30,'&#22806;&#22320;“&#33290;&#23494;&#30908;”&#26159;&#24517;&#38656;&#30340;&#12290;'),(95,36,'The field \"Old Password\" is required.'),(95,41,'Le champ \"Ancien mot de passe\" est nécessaire.'),(95,44,'Das Feld \"Altes Kennwort\" erforderlich ist.'),(95,54,'Il campo \"Vecchia password\" è necessario.'),(95,55,'&#12501;&#12451;&#12540;&#12523;&#12489;&#12399;&#12289;\"&#21476;&#12356;&#12497;&#12473;&#12527;&#12540;&#12489;\"&#12364;&#24517;&#35201;&#12391;&#12377;&#12290;'),(95,77,'O campo \"Senha Antiga\" é necessária.'),(95,80,'&#1058;&#1088;&#1077;&#1073;&#1091;&#1077;&#1090;&#1089;&#1103; &#1087;&#1086;&#1083;&#1077; \"&#1057;&#1090;&#1072;&#1088;&#1099;&#1081; &#1087;&#1072;&#1088;&#1086;&#1083;&#1100;\".'),(95,87,'El campo \"Contraseña anterior\" es requerido. '),(96,26,'El camp \"Contrasenya\" ha de ser igual a \"Contrasenya nova\"'),(96,30,'&#22806;&#22320;“&#30906;&#35469;&#23494;&#30908;”&#24517;&#38920;&#31561;&#26044;“&#26032;&#23494;&#30908;”'),(96,36,'The field \"Verify Password\" must equal \"New password\"'),(96,41,'Le champ \"Verify Password\" doit être égal au \"New password\"'),(96,44,'Das Feld \"Kennwort bestätigen\" ist gleich \"Neues Passwort\"'),(96,54,'Il campo \"Verify Password\" deve essere uguale a \"Nuova password\"'),(96,55,'&#12501;&#12451;&#12540;&#12523;&#12489;&#12399;&#12289;\"&#12497;&#12473;&#12527;&#12540;&#12489;&#12398;&#30906;&#35469;\"\"\"&#26032;&#12375;&#12356;&#12497;&#12473;&#12527;&#12540;&#12489;&#31561;&#12375;&#12367;&#12394;&#12369;&#12428;&#12400;&#12394;&#12426;&#12414;&#12379;&#12435;&#12290;'),(96,77,'O campo \"Confirmar senha\" deve ser igual a \"Nova senha\"'),(96,80,'&#1055;&#1086;&#1083;&#1077; \"&#1055;&#1086;&#1076;&#1090;&#1074;&#1077;&#1088;&#1078;&#1076;&#1077;&#1085;&#1080;&#1077; &#1087;&#1072;&#1088;&#1086;&#1083;&#1103;\" &#1076;&#1086;&#1083;&#1078;&#1085;&#1099; &#1073;&#1099;&#1090;&#1100; &#1088;&#1072;&#1074;&#1085;&#1099; \"&#1053;&#1086;&#1074;&#1099;&#1081; &#1087;&#1072;&#1088;&#1086;&#1083;&#1100;\"'),(96,87,'El campo \"Repetir contraseña\" debe ser igual a \"Nueva contraseña\"'),(97,26,'L\'e-mail ingressat no és vàlid'),(97,30,'&#38651;&#23376;&#37109;&#20214;&#36664;&#20837;&#30340;&#28961;&#25928;'),(97,36,'The e-mail entered is not valid'),(97,41,'L\'adresse e-mail saisie n\'est pas valide'),(97,44,'Die eingegebene E-Mail ist nicht gültig'),(97,54,'L\'e-mail inserito non è valido'),(97,55,'&#26377;&#21177;&#12394;&#38651;&#23376;&#12513;&#12540;&#12523;&#12395;&#20837;&#21147;&#12373;&#12428;&#12390;&#12356;&#12414;&#12379;&#12435;'),(97,77,'O e-mail digitado não é válido'),(97,80,'&#1069;&#1083;&#1077;&#1082;&#1090;&#1088;&#1086;&#1085;&#1085;&#1072;&#1103; &#1087;&#1086;&#1095;&#1090;&#1072; &#1074;&#1089;&#1090;&#1091;&#1087;&#1080;&#1083;&#1072; &#1085;&#1077; &#1076;&#1077;&#1081;&#1089;&#1090;&#1074;&#1080;&#1090;&#1077;&#1083;&#1100;&#1085;&#1099;'),(97,87,'El e-mail ingresado no es válido'),(98,26,'El camp \"Contrasenya nova\" és requerit.'),(98,30,'&#22806;&#22320;“&#26032;&#23494;&#30908;”&#26159;&#24517;&#38656;&#30340;&#12290;'),(98,36,'The field \"New password\" is required.'),(98,41,'Le champ \"Nouveau mot de passe\" est nécessaire.'),(98,44,'Das Feld \"Neues Kennwort\" erforderlich ist.'),(98,54,'Il campo \"Nuova password\" è necessario.'),(98,55,'&#12501;&#12451;&#12540;&#12523;&#12489;&#12399;&#12289;\"&#26032;&#12375;&#12356;&#12497;&#12473;&#12527;&#12540;&#12489;\"&#12364;&#24517;&#35201;&#12391;&#12377;&#12290;'),(98,77,'O campo \"Nova senha\" é necessária.'),(98,80,'&#1058;&#1088;&#1077;&#1073;&#1091;&#1077;&#1090;&#1089;&#1103; &#1087;&#1086;&#1083;&#1077; \"&#1053;&#1086;&#1074;&#1099;&#1081; &#1087;&#1072;&#1088;&#1086;&#1083;&#1100;\".'),(98,87,'El campo \"Nueva contraseña\" es requerido. '),(99,26,'El camp \"Contrasenya\" és requerit'),(99,30,'&#22806;&#22320;“&#30906;&#35469;&#23494;&#30908;”&#24517;&#38920;'),(99,36,'The field \"Verify Password\" is required'),(99,41,'Le champ \"Verify Password\" est nécessaire'),(99,44,'Das Feld \"Kennwort bestätigen\" ist erforderlich'),(99,54,'Il campo \"Verify Password\" è necessario'),(99,55,'&#12501;&#12451;&#12540;&#12523;&#12489;&#12399;&#12289;\"&#12497;&#12473;&#12527;&#12540;&#12489;&#12398;&#30906;&#35469;\"&#12364;&#24517;&#35201;&#12391;&#12377;'),(99,77,'O campo \"Confirmar senha\" é necessário'),(99,80,'&#1058;&#1088;&#1077;&#1073;&#1091;&#1077;&#1090;&#1089;&#1103; &#1087;&#1086;&#1083;&#1077; \"&#1055;&#1086;&#1076;&#1090;&#1074;&#1077;&#1088;&#1078;&#1076;&#1077;&#1085;&#1080;&#1077; &#1087;&#1072;&#1088;&#1086;&#1083;&#1103;\"'),(99,87,'El campo \"Repetir contraseña\" es requerido'),(100,87,'El campo \"Descripción corta\" es requerido');

--
-- Table structure for table `config_recurso_x_config_idioma`
--

CREATE TABLE `config_recurso_x_config_idioma` (
  `config_recurso_id` int(10) NOT NULL,
  `config_idioma_id` int(10) NOT NULL,
  `nombre` varchar(255) DEFAULT NULL,
  `help` text,
  PRIMARY KEY (`config_recurso_id`,`config_idioma_id`),
  KEY `config_recurso_has_config_idioma_FKIndex1` (`config_recurso_id`),
  KEY `config_recurso_has_config_idioma_FKIndex2` (`config_idioma_id`)
) ENGINE=MyISAM DEFAULT CHARSET=latin1;

--
-- Dumping data for table `config_recurso_x_config_idioma`
--

INSERT INTO `config_recurso_x_config_idioma` VALUES (28,26,'Mòduls / Recursos',NULL),(28,28,'&#27169;&#22359;/&#36164;&#28304;',NULL),(28,29,'&#27169;&#22359;/&#36164;&#28304;',NULL),(28,30,'&#27169;&#22602;/&#36039;&#28304;',NULL),(28,36,'Module / Resources',NULL),(28,41,'Module / Ressources',NULL),(28,44,'Modul / Ressourcen',NULL),(28,54,'Modulo / Risorse',NULL),(28,55,'&#12514;&#12472;&#12517;&#12540;&#12523;/&#12522;&#12477;&#12540;&#12473;',NULL),(28,77,'Módulo / Recursos',NULL),(28,80,'&#1052;&#1086;&#1076;&#1091;&#1083;&#1100; / &#1056;&#1077;&#1089;&#1091;&#1088;&#1089;&#1099;',NULL),(28,87,'Módulos / Recursos',NULL),(31,26,'Constants',NULL),(31,28,'&#24120;&#25968;',NULL),(31,29,'&#24120;&#25968;',NULL),(31,30,'&#24120;&#25976;',NULL),(31,36,'Constants',NULL),(31,41,'Constantes',NULL),(31,44,'Konstanten',NULL),(31,54,'Costanti',NULL),(31,55,'&#23450;&#25968;',NULL),(31,77,'Constantes',NULL),(31,80,'&#1050;&#1086;&#1085;&#1089;&#1090;&#1072;&#1085;&#1090;&#1099;',NULL),(31,87,'Constantes',NULL),(32,26,'Privilegis',NULL),(32,28,'&#29305;&#26435;',NULL),(32,29,'&#29305;&#26435;',NULL),(32,30,'&#29305;&#27402;',NULL),(32,36,'Privileges',NULL),(32,41,'Privilèges',NULL),(32,44,'Vorrechte',NULL),(32,54,'Privilegi',NULL),(32,55,'&#27177;&#38480;',NULL),(32,77,'Privilégios',NULL),(32,80,'&#1055;&#1088;&#1080;&#1074;&#1080;&#1083;&#1077;&#1075;&#1080;&#1080;',NULL),(32,87,'Privilegios',NULL),(33,26,'Privilegis x Recursos',NULL),(33,28,'&#29305;&#26435;X&#36164;&#28304;',NULL),(33,29,'&#29305;&#26435;X&#36164;&#28304;',NULL),(33,30,'&#29305;&#27402;X&#36039;&#28304;',NULL),(33,36,'Privileges x Resources',NULL),(33,41,'Privilèges x Ressources',NULL),(33,44,'Vorrechte x Resources',NULL),(33,54,'Risorse privilegi x',NULL),(33,55,'&#27177;&#38480;X&#12522;&#12477;&#12540;&#12473;',NULL),(33,77,'Privilégios x Recursos',NULL),(33,80,'&#1055;&#1088;&#1080;&#1074;&#1080;&#1083;&#1077;&#1075;&#1080;&#1080; &#1093; &#1088;&#1077;&#1089;&#1091;&#1088;&#1089;&#1086;&#1074;',NULL),(33,87,'Privilegios x Recursos',NULL),(34,26,'Preparar Setup',NULL),(34,36,'Preparing Setup',NULL),(34,87,'Preparar Setup',NULL),(68,26,'Categories',NULL),(68,28,'&#20998;&#31867;',NULL),(68,29,'&#20998;&#31867;',NULL),(68,30,'&#20998;&#39006;',NULL),(68,36,'Categories',NULL),(68,41,'Catégories',NULL),(68,44,'Kategorien',NULL),(68,54,'Categorie',NULL),(68,55,'&#12459;&#12486;&#12468;&#12522;&#12540;',NULL),(68,77,'Categorias',NULL),(68,80,'&#1050;&#1072;&#1090;&#1077;&#1075;&#1086;&#1088;&#1080;&#1080;',NULL),(68,87,'Categorías',NULL),(69,26,'Productes',NULL),(69,28,'&#20135;&#21697;',NULL),(69,29,'&#20135;&#21697;',NULL),(69,30,'&#29986;&#21697;',NULL),(69,36,'Products',NULL),(69,41,'Produits',NULL),(69,44,'Produkte',NULL),(69,54,'Prodotti',NULL),(69,55,'&#35069;&#21697;',NULL),(69,77,'Produtos',NULL),(69,80,'&#1055;&#1088;&#1086;&#1076;&#1091;&#1082;&#1094;&#1080;&#1103;',NULL),(69,87,'Productos',NULL),(73,26,'Bancs',NULL),(73,28,'&#38134;&#34892;',NULL),(73,29,'&#38134;&#34892;',NULL),(73,30,'&#37504;&#34892;',NULL),(73,36,'Banks',NULL),(73,41,'Banques',NULL),(73,44,'Banken',NULL),(73,54,'Banche',NULL),(73,55,'&#37504;&#34892;',NULL),(73,77,'Bancos',NULL),(73,80,'&#1041;&#1072;&#1085;&#1082;&#1080;',NULL),(73,87,'Bancos',NULL),(74,26,'Caixa',NULL),(74,36,'Fund',NULL),(74,87,'Caja',NULL),(75,26,'Comptes',NULL),(75,36,'Accounts',NULL),(75,87,'Cuentas',NULL),(76,26,'Xec',NULL),(76,36,'Check',NULL),(76,87,'Cheque',NULL),(84,26,'Actualitzar Cotització',NULL),(84,28,'&#21047;&#26032;&#34892;&#24773;',NULL),(84,29,'&#21047;&#26032;&#34892;&#24773;',NULL),(84,30,'&#21047;&#26032;&#34892;&#24773;',NULL),(84,36,'Refresh Quote',NULL),(84,41,'Refresh Quote',NULL),(84,44,'Aktualisieren Zitat',NULL),(84,54,'Aggiorna Citazione',NULL),(84,55,'&#12522;&#12501;&#12524;&#12483;&#12471;&#12517;&#24341;&#29992;',NULL),(84,77,'Actualizar Citação',NULL),(84,80,'&#1054;&#1073;&#1085;&#1086;&#1074;&#1080;&#1090;&#1100; &#1062;&#1080;&#1090;&#1080;&#1088;&#1086;&#1074;&#1072;&#1090;&#1100;',NULL),(84,87,'Actualizar Cotización',NULL),(85,26,'Traduccions',NULL),(85,28,'&#32763;&#35793;',NULL),(85,29,'&#32763;&#35793;',NULL),(85,30,'&#32763;&#35695;',NULL),(85,36,'Translations',NULL),(85,41,'Traductions',NULL),(85,44,'Übersetzungen',NULL),(85,54,'Traduzioni',NULL),(85,55,'&#32763;&#35379;',NULL),(85,77,'Traduções',NULL),(85,80,'&#1055;&#1077;&#1088;&#1077;&#1074;&#1086;&#1076;&#1099;',NULL),(85,87,'Traducciones',NULL),(92,26,'Inici - Benvinguts',NULL),(92,28,'&#39318;&#39029;-&#27426;&#36814;',NULL),(92,29,'&#39318;&#39029;-&#27426;&#36814;',NULL),(92,30,'&#39318;&#38913;-&#27489;&#36814;',NULL),(92,36,'Home - Welcome',NULL),(92,41,'Accueil - Bienvenue',NULL),(92,44,'Home - Willkommen',NULL),(92,54,'Home - Benvenuti',NULL),(92,55,'&#12507;&#12540;&#12512;-&#12424;&#12358;&#12371;&#12381;',NULL),(92,77,'Home - Bem-vindo',NULL),(92,80,'&#1043;&#1083;&#1072;&#1074;&#1085;&#1072;&#1103; - &#1044;&#1086;&#1073;&#1088;&#1086; &#1087;&#1086;&#1078;&#1072;&#1083;&#1086;&#1074;&#1072;&#1090;&#1100;',NULL),(92,87,'Inicio - Bienvenidos',NULL),(97,26,'Venda Ràpida',NULL),(97,36,'Quick Sale',NULL),(97,87,'Venta Rápida',NULL),(101,26,'Preus Automàtics',NULL),(101,36,'Automatic Pricing',NULL),(101,87,'Precios Automáticos',NULL),(102,26,'Combos',NULL),(102,36,'Combos',NULL),(102,87,'Paquetes',NULL),(103,26,'Configuració Monedes',NULL),(103,36,'Coin Set',NULL),(103,87,'Configurar Monedas',NULL),(104,26,'Configuració Idiomes',NULL),(104,28,'&#35774;&#32622;&#35821;&#35328;',NULL),(104,29,'&#35774;&#32622;&#35821;&#35328;',NULL),(104,30,'&#35373;&#32622;&#35486;&#35328;',NULL),(104,36,'Set Language',NULL),(104,41,'Définir la langue',NULL),(104,44,'Sprache',NULL),(104,54,'Imposta lingua',NULL),(104,55,'&#35373;&#23450;&#35328;&#35486;',NULL),(104,77,'Definir idioma',NULL),(104,80,'&#1059;&#1089;&#1090;&#1072;&#1085;&#1086;&#1074;&#1082;&#1072; &#1103;&#1079;&#1099;&#1082;&#1072;',NULL),(104,87,'Configurar Idiomas',NULL),(105,26,'Dades d\'Empresa',NULL),(105,28,'&#20844;&#21496;&#25968;&#25454;',NULL),(105,29,'&#20844;&#21496;&#25968;&#25454;',NULL),(105,30,'&#20844;&#21496;&#25976;&#25818;',NULL),(105,36,'Company Data',NULL),(105,41,'L\'entreprise',NULL),(105,44,'Firmendaten',NULL),(105,54,'Dati Azienda',NULL),(105,55,'&#20225;&#26989;&#12487;&#12540;&#12479;',NULL),(105,77,'DADOS DA EMPRESA',NULL),(105,80,'&#1044;&#1072;&#1085;&#1085;&#1099;&#1077; &#1082;&#1086;&#1084;&#1087;&#1072;&#1085;&#1080;&#1080;',NULL),(105,87,'Datos de Empresa',NULL),(106,26,'Mitjans de Lliurament',NULL),(106,28,'&#36816;&#36733;&#24037;&#20855;',NULL),(106,29,'&#36816;&#36733;&#24037;&#20855;',NULL),(106,30,'&#36939;&#36617;&#24037;&#20855;',NULL),(106,36,'Means of Delivery',NULL),(106,41,'Moyens de livraison',NULL),(106,44,'Trägersysteme',NULL),(106,54,'Modalità di consegna',NULL),(106,87,'Medios de Entrega',NULL),(107,26,'Mitjans de pagament',NULL),(107,36,'Means of Payment',NULL),(107,87,'Medios de Pago',NULL),(108,26,'Tipus de Client',NULL),(108,36,'Client Types',NULL),(108,87,'Tipos de Cliente',NULL),(109,26,'Usuaris',NULL),(109,30,'&#29992;&#25142;',NULL),(109,36,'Users',NULL),(109,41,'Utilisateurs',NULL),(109,44,'Benutzer',NULL),(109,54,'Utenti',NULL),(109,55,'&#12518;&#12540;&#12470;&#12540;',NULL),(109,77,'Usuários',NULL),(109,80,'&#1055;&#1086;&#1083;&#1100;&#1079;&#1086;&#1074;&#1072;&#1090;&#1077;&#1083;&#1100;',NULL),(109,87,'Usuarios',NULL),(110,26,'Clients',NULL),(110,30,'&#23458;&#25142;',NULL),(110,36,'Customers',NULL),(110,41,'Les clients',NULL),(110,44,'Kunden',NULL),(110,54,'Clienti',NULL),(110,55,'&#39015;&#23458;',NULL),(110,77,'Clientes',NULL),(110,80,'&#1050;&#1083;&#1080;&#1077;&#1085;&#1090;&#1099;',NULL),(110,87,'Clientes',NULL),(111,26,'Factures',NULL),(111,36,'Invoices',NULL),(111,87,'Facturas',NULL),(112,26,'Notes de Crèdit',NULL),(112,36,'Letters of Credit',NULL),(112,87,'Notas de Crédito',NULL),(113,26,'Pressupostos',NULL),(113,36,'Budgets',NULL),(113,87,'Presupuestos',NULL),(114,26,'Remeto',NULL),(114,36,'Refer',NULL),(114,87,'Remitos',NULL),(115,26,'Rebuts',NULL),(115,36,'Receipts',NULL),(115,87,'Recibos',NULL),(116,26,'Notes de Dèbit',NULL),(116,36,'Debit Notes',NULL),(116,87,'Notas de Débito',NULL),(117,26,'Monedes Actives',NULL),(117,36,'Active Currencies',NULL),(117,87,'Monedas Activas',NULL),(118,26,'Idiomes Actius',NULL),(118,36,'Asset Languages',NULL),(118,87,'Idiomas Activos',NULL),(119,26,'Àrees de Treball',NULL),(119,36,'Work Areas',NULL),(119,87,'Areas de Trabajo',NULL),(120,26,'Avisos de Areas',NULL),(120,36,'Alerts Areas',NULL),(120,87,'Avisos de Areas',NULL),(121,26,'Projecte',NULL),(121,36,'Project',NULL),(121,87,'Proyecto',NULL),(122,26,'Prioritat',NULL),(122,36,'Priority',NULL),(122,87,'Prioridad',NULL),(123,26,'Estats',NULL),(123,36,'States',NULL),(123,87,'Estados',NULL),(124,26,'Projectes',NULL),(124,36,'Projects',NULL),(124,87,'Proyectos',NULL),(125,26,'Tickets',NULL),(125,36,'Tickets',NULL),(125,87,'Tickets',NULL),(126,26,'Tickets',NULL),(126,36,'Tickets',NULL),(126,87,'Tickets',NULL),(127,87,'Prueba',NULL),(128,87,'Prueba',NULL),(129,26,'Staff',NULL),(129,30,'&#20840;&#39636;&#32887;&#21729;',NULL),(129,36,'Staff',NULL),(129,41,'Équipe',NULL),(129,44,'Personal',NULL),(129,54,'Personale',NULL),(129,55,'&#12473;&#12479;&#12483;&#12501;',NULL),(129,77,'Equipe',NULL),(129,80,'&#1055;&#1077;&#1088;&#1089;&#1086;&#1085;&#1072;&#1083;',NULL),(129,87,'Staff',NULL),(130,87,'Prueba',NULL),(131,26,'dddd',NULL),(131,36,'dddd',NULL),(131,87,'Categorias',NULL),(132,26,'hola',NULL),(132,36,'hi',NULL),(132,87,'Categorias',NULL),(133,26,'prova',NULL),(133,36,'test',NULL),(133,87,'prueba',NULL),(134,26,'Prova',NULL),(134,36,'Prueba',NULL),(134,87,'Prueba',NULL),(135,26,'Categories',NULL),(135,36,'Categories',NULL),(135,87,'Categorias',NULL),(136,26,'Categories',NULL),(136,36,'Categories',NULL),(136,87,'Categorias',NULL),(137,26,'Items',NULL),(137,36,'Items',NULL),(137,87,'Items',NULL),(138,26,'Continguts',NULL),(138,28,'&#30446;&#24405;',NULL),(138,36,'Contents',NULL),(138,54,'Indice',NULL),(138,87,'Contenidos',NULL),(139,26,'Arxius',NULL),(139,36,'Archives',NULL),(139,54,'Archivi',NULL),(139,87,'Archivos',NULL),(140,26,'Miniatures',NULL),(140,30,'&#32302;&#30053;&#22294;',NULL),(140,36,'Thumbnails',NULL),(140,41,'Vignettes',NULL),(140,44,'Thumbnails',NULL),(140,54,'Miniature',NULL),(140,55,'&#12469;&#12512;&#12493;&#12540;&#12523;',NULL),(140,77,'Miniaturas',NULL),(140,80,'&#1052;&#1080;&#1085;&#1080;&#1072;&#1090;&#1102;&#1088;&#1085;&#1099;&#1077;',NULL),(140,87,'Miniaturas',NULL),(141,26,'Paràmetres',NULL),(141,36,'Parameters',NULL),(141,54,'Parametri',NULL),(141,87,'Parámetros',NULL),(142,26,'Classificats - Contingut',NULL),(142,28,'&#20998;&#31867;&#20449;&#24687;-&#20869;&#23481;',NULL),(142,29,'&#20998;&#31867;&#20449;&#24687;-&#20869;&#23481;',NULL),(142,30,'&#20998;&#39006;&#20449;&#24687;-&#20839;&#23481;',NULL),(142,36,'Classifieds - Content',NULL),(142,41,'Petites annonces - Contenu',NULL),(142,44,'Kleinanzeigen - Inhalt',NULL),(142,54,'Annunci - Contenuto',NULL),(142,55,'&#12463;&#12521;&#12471;&#12501;&#12449;&#12452;&#12489;-&#12467;&#12531;&#12486;&#12531;&#12484;',NULL),(142,77,'Classificados - Conteúdo',NULL),(142,80,'Classifieds - &#1057;&#1086;&#1076;&#1077;&#1088;&#1078;&#1072;&#1085;&#1080;&#1077;',NULL),(142,87,'Clasificados - Contenido',NULL),(143,26,'Classificats - Categories',NULL),(143,28,'&#20998;&#31867;&#20449;&#24687;-&#20998;&#31867;',NULL),(143,29,'&#20998;&#31867;&#20449;&#24687;-&#20998;&#31867;',NULL),(143,30,'&#20998;&#39006;&#20449;&#24687;-&#20998;&#39006;',NULL),(143,36,'Classifieds - Category',NULL),(143,41,'Petites annonces - Catégorie',NULL),(143,44,'Kleinanzeigen - Kategorie',NULL),(143,54,'Annunci - Categoria',NULL),(143,55,'&#12463;&#12521;&#12471;&#12501;&#12449;&#12452;&#12489;-&#12459;&#12486;&#12468;&#12522;&#12540;',NULL),(143,77,'Classificados - Categoria',NULL),(143,80,'&#1054;&#1073;&#1098;&#1103;&#1074;&#1083;&#1077;&#1085;&#1080;&#1103; - &#1050;&#1072;&#1090;&#1077;&#1075;&#1086;&#1088;&#1080;&#1103;',NULL),(143,87,'Clasificados - Categorias',NULL),(147,26,'Backup',NULL),(147,28,'&#22791;&#20221;',NULL),(147,29,'&#22791;&#20221;',NULL),(147,30,'&#20633;&#20221;',NULL),(147,36,'BackUp',NULL),(147,41,'BackUp',NULL),(147,44,'BackUp',NULL),(147,54,'BackUp',NULL),(147,55,'&#12496;&#12483;&#12463;&#12450;&#12483;&#12503;',NULL),(147,77,'BackUp',NULL),(147,80,'&#1041;&#1101;&#1082;&#1072;&#1087;',NULL),(147,87,'BackUp',NULL),(148,26,'Usuaris',NULL),(148,28,'&#29992;&#25143;',NULL),(148,29,'&#29992;&#25143;',NULL),(148,30,'&#29992;&#25142;',NULL),(148,36,'Users',NULL),(148,41,'Utilisateurs',NULL),(148,44,'Benutzer',NULL),(148,54,'Utenti',NULL),(148,55,'&#12518;&#12540;&#12470;',NULL),(148,77,'Usuários',NULL),(148,80,'&#1055;&#1086;&#1083;&#1100;&#1079;&#1086;&#1074;&#1072;&#1090;&#1077;&#1083;&#1080;',NULL),(148,87,'Usuarios',NULL),(149,26,'bbbbbbbb',NULL),(149,28,'bbbbbbbb',NULL),(149,29,'bbbbbbbb',NULL),(149,30,'bbbbbbbb',NULL),(149,36,'bbbbbbbb',NULL),(149,41,'bbbbbbbb',NULL),(149,44,'bbbbbbbb',NULL),(149,54,'bbbbbbbb',NULL),(149,55,'bbbbbbbb',NULL),(149,77,'bbbbbbbb',NULL),(149,87,'bbbbbbbb',NULL),(150,26,'Nova prova de Recursos','AJUDA Nova Prova Recursos'),(150,28,'&#26032;&#30340;&#27979;&#35797;&#36164;&#28304;','&#24110;&#21161;&#26032;&#30340;&#27979;&#35797;&#36164;&#28304;'),(150,29,'&#26032;&#30340;&#27979;&#35797;&#36164;&#28304;','&#24110;&#21161;&#26032;&#30340;&#27979;&#35797;&#36164;&#28304;'),(150,30,'&#26032;&#30340;&#28204;&#35430;&#36039;&#28304;','&#24171;&#21161;&#26032;&#30340;&#28204;&#35430;&#36039;&#28304;'),(150,36,'New Test Resources','HELP New Test Resources'),(150,41,'New Test Resources','HELP Resources New Test'),(150,44,'Neue Test-Ressourcen','HILFE Neue Test-Ressourcen'),(150,54,'Nuova prova Risorse','AIUTO Nuova prova Risorse'),(150,55,'&#26032;&#12375;&#12356;&#12486;&#12473;&#12488;&#12522;&#12477;&#12540;&#12473;','&#12504;&#12523;&#12503;&#26032;&#12375;&#12356;&#12486;&#12473;&#12488;&#12522;&#12477;&#12540;&#12473;'),(150,77,'Novo Teste de Recursos','AJUDA Novo Teste de Recursos'),(150,87,'Nueva prueba de Recursos','AYUDA Nueva Prueba Recursos'),(151,26,'Format',NULL),(151,28,'&#26684;&#24335;',NULL),(151,29,'&#26684;&#24335;',NULL),(151,30,'&#26684;&#24335;',NULL),(151,36,'Format',NULL),(151,41,'Format',NULL),(151,44,'Format',NULL),(151,54,'Formato',NULL),(151,55,'&#24418;&#24335;',NULL),(151,77,'Formato',NULL),(151,87,'Formato',NULL),(152,26,'Gènere',NULL),(152,28,'&#24615;&#21035;',NULL),(152,29,'&#24615;&#21035;',NULL),(152,30,'&#24615;&#21029;',NULL),(152,36,'Gender',NULL),(152,41,'Sexe',NULL),(152,44,'Geschlecht',NULL),(152,54,'Genere',NULL),(152,55,'&#24615;',NULL),(152,77,'Gênero',NULL),(152,87,'Género',NULL),(153,26,'Discs',NULL),(153,28,'&#30456;&#20876;',NULL),(153,29,'&#30456;&#20876;',NULL),(153,30,'&#30456;&#20874;',NULL),(153,36,'Albums',NULL),(153,41,'Albums',NULL),(153,44,'Alben',NULL),(153,54,'Album',NULL),(153,55,'&#12450;&#12523;&#12496;&#12512;',NULL),(153,77,'Álbuns',NULL),(153,87,'Discos',NULL),(154,26,'Temes',NULL),(154,28,'&#35805;&#39064;',NULL),(154,29,'&#35805;&#39064;',NULL),(154,30,'&#35441;&#38988;',NULL),(154,36,'Topics',NULL),(154,41,'Thèmes',NULL),(154,44,'Themen',NULL),(154,54,'Temi',NULL),(154,55,'&#12488;&#12500;&#12483;&#12463;&#12473;',NULL),(154,77,'Tópicos',NULL),(154,87,'Temas',NULL),(155,26,'Ràdio',NULL),(155,28,'&#24191;&#25773;&#30005;&#21488;',NULL),(155,29,'&#24191;&#25773;&#30005;&#21488;',NULL),(155,30,'&#24291;&#25773;&#38651;&#21488;',NULL),(155,36,'Radio',NULL),(155,41,'Radio',NULL),(155,44,'Radio',NULL),(155,54,'Radio',NULL),(155,55,'&#12521;&#12472;&#12458;',NULL),(155,77,'Rádio',NULL),(155,80,'&#1056;&#1072;&#1076;&#1080;&#1086;',NULL),(155,87,'Radio',NULL),(156,26,'Crea rebut',NULL),(156,28,'&#21019;&#24314;&#25910;&#25454;',NULL),(156,29,'&#21019;&#24314;&#25910;&#25454;',NULL),(156,30,'&#21109;&#24314;&#25910;&#25818;',NULL),(156,36,'Create Receipt',NULL),(156,41,'Créer réception',NULL),(156,44,'Erstellen Eingang',NULL),(156,54,'Crea Ricevuta',NULL),(156,55,'&#38936;&#21454;&#26360;&#12434;&#20316;&#25104;&#12377;&#12427;',NULL),(156,77,'Criar Recibo',NULL),(156,87,'Crear recibo',NULL),(157,26,'Actualitzar cotització de monedes',NULL),(157,28,'&#22806;&#27719;&#20132;&#26131;&#26356;&#26032;',NULL),(157,29,'&#22806;&#27719;&#20132;&#26131;&#26356;&#26032;',NULL),(157,30,'&#22806;&#21295;&#20132;&#26131;&#26356;&#26032;',NULL),(157,36,'Currency trading update',NULL),(157,41,'Monnaie d\'échange de mise à jour',NULL),(157,44,'Devisenhandel Update',NULL),(157,54,'Negoziazione di valute aggiornamento',NULL),(157,55,'&#36890;&#36008;&#12398;&#21462;&#24341;&#12434;&#26356;&#26032;',NULL),(157,77,'Moeda negociação atualização',NULL),(157,80,'&#1042;&#1072;&#1083;&#1102;&#1090;&#1072; &#1090;&#1086;&#1088;&#1075;&#1086;&#1074;&#1083;&#1080; &#1086;&#1073;&#1085;&#1086;&#1074;&#1083;&#1077;&#1085;&#1080;&#1103;',NULL),(157,87,'Actualizar cotización de monedas',NULL),(158,26,'Configuració monedes',NULL),(158,28,'&#37197;&#32622;&#36135;&#24065;',NULL),(158,29,'&#37197;&#32622;&#36135;&#24065;',NULL),(158,30,'&#37197;&#32622;&#36008;&#24163;',NULL),(158,36,'Configure currency',NULL),(158,41,'Configurer monnaie',NULL),(158,44,'Konfigurieren Währung',NULL),(158,54,'Configurazione di valuta',NULL),(158,55,'&#27083;&#25104;&#36890;&#36008;',NULL),(158,77,'Configurar moeda',NULL),(158,80,'&#1053;&#1072;&#1089;&#1090;&#1088;&#1086;&#1081;&#1082;&#1072; &#1074;&#1072;&#1083;&#1102;&#1090;&#1099;',NULL),(158,87,'Configurar monedas',NULL),(159,26,'Ciutats',NULL),(159,28,'&#22478;&#24066;',NULL),(159,29,'&#22478;&#24066;',NULL),(159,30,'&#22478;&#24066;',NULL),(159,36,'Cities',NULL),(159,41,'Villes',NULL),(159,44,'Städte',NULL),(159,54,'Città',NULL),(159,55,'&#37117;&#24066;',NULL),(159,77,'Cidades',NULL),(159,80,'&#1043;&#1086;&#1088;&#1086;&#1076;&#1072;',NULL),(159,87,'Ciudades',NULL),(160,26,'Províncies',NULL),(160,28,'&#30465;&#20221;',NULL),(160,29,'&#30465;&#20221;',NULL),(160,30,'&#30465;&#20221;',NULL),(160,36,'Provinces',NULL),(160,41,'Provinces',NULL),(160,44,'Provinzen',NULL),(160,54,'Province',NULL),(160,55,'&#30465;',NULL),(160,77,'Províncias',NULL),(160,80,'&#1055;&#1088;&#1086;&#1074;&#1080;&#1085;&#1094;&#1080;&#1080;',NULL),(160,87,'Provincias',NULL),(161,26,'Enquesta',NULL),(161,28,'&#35843;&#26597;',NULL),(161,29,'&#35843;&#26597;',NULL),(161,30,'&#35519;&#26597;',NULL),(161,36,'Survey',NULL),(161,41,'Sondage',NULL),(161,44,'Umfrage',NULL),(161,54,'Indagine',NULL),(161,55,'&#35519;&#26619;',NULL),(161,77,'Pesquisa',NULL),(161,80,'&#1054;&#1087;&#1088;&#1086;&#1089;',NULL),(161,87,'Encuesta',NULL),(162,26,'TangoTube',NULL),(162,28,'TangoTube',NULL),(162,29,'TangoTube',NULL),(162,30,'TangoTube',NULL),(162,36,'TangoTube',NULL),(162,41,'TangoTube',NULL),(162,44,'TangoTube',NULL),(162,54,'TangoTube',NULL),(162,55,'TangoTube',NULL),(162,77,'TangoTube',NULL),(162,80,'TangoTube',NULL),(162,87,'TangoTube',NULL),(163,30,'&#23560;&#38988;',NULL),(163,36,'Topic',NULL),(163,87,'Topic',NULL),(164,30,'&#29992;&#25142;',NULL),(164,36,'Users',NULL),(164,87,'Usuarios',NULL),(165,30,'&#26126;&#20449;&#29255;',NULL),(165,36,'Postcards',NULL),(165,87,'Postales',NULL),(166,87,'Tipo de clientes',NULL),(167,30,'&#21443;&#25976;',NULL),(167,36,'Parameters',NULL),(167,41,'Paramètres',NULL),(167,44,'Parameter',NULL),(167,54,'Parametri',NULL),(167,55,'&#12497;&#12521;&#12513;&#12540;&#12479;',NULL),(167,77,'Parâmetros',NULL),(167,80,'&#1055;&#1072;&#1088;&#1072;&#1084;&#1077;&#1090;&#1088;&#1099;',NULL),(167,87,'Parámetros',NULL),(168,30,'&#27161;&#38988;',NULL),(168,36,'Headers',NULL),(168,41,'En-têtes',NULL),(168,44,'Headers',NULL),(168,54,'Intestazioni',NULL),(168,55,'&#12504;&#12483;&#12480;&#12540;',NULL),(168,77,'Cabeçalhos',NULL),(168,80,'&#1047;&#1072;&#1075;&#1086;&#1083;&#1086;&#1074;&#1082;&#1080;',NULL),(168,87,'Cabeceras',NULL),(169,30,'&#25991;&#20214;&#38957;',NULL),(169,36,'File Headers',NULL),(169,41,'Têtes de fichiers',NULL),(169,44,'Datei-Header',NULL),(169,54,'File Headers',NULL),(169,55,'&#12501;&#12449;&#12452;&#12523;&#12398;&#12504;&#12483;&#12480;&#12540;',NULL),(169,77,'Arquivo Headers',NULL),(169,80,'&#1047;&#1072;&#1075;&#1086;&#1083;&#1086;&#1074;&#1082;&#1080; &#1092;&#1072;&#1081;&#1083;&#1086;&#1074;',NULL),(169,87,'Cabeceras Archivos',NULL),(171,30,'&#30331;&#35352;&#34920;',NULL),(171,36,'Registration Form',NULL),(171,41,'Formulaire d\'inscription',NULL),(171,44,'Anmeldeformular',NULL),(171,54,'Modulo di Registrazione',NULL),(171,55,'&#30331;&#37682;&#12501;&#12457;&#12540;&#12512;',NULL),(171,77,'Formulário de Inscrição',NULL),(171,80,'&#1056;&#1077;&#1075;&#1080;&#1089;&#1090;&#1088;&#1072;&#1094;&#1080;&#1086;&#1085;&#1085;&#1072;&#1103; &#1092;&#1086;&#1088;&#1084;&#1072;',NULL),(171,87,'Formulario de Registro',NULL),(172,30,'&#23458;&#25142;&#25976;&#25818;&#26356;&#26032;',NULL),(172,36,'Customer Data Update',NULL),(172,41,'Mise à jour des données client',NULL),(172,44,'Customer Data Update',NULL),(172,54,'Aggiornamento dei dati relativi al cliente',NULL),(172,55,'&#39015;&#23458;&#12487;&#12540;&#12479;&#12434;&#26356;&#26032;',NULL),(172,77,'Cliente de actualização de dados',NULL),(172,80,'&#1054;&#1073;&#1085;&#1086;&#1074;&#1083;&#1077;&#1085;&#1080;&#1077; &#1076;&#1072;&#1085;&#1085;&#1099;&#1093; &#1086; &#1082;&#1083;&#1080;&#1077;&#1085;&#1090;&#1072;&#1093;',NULL),(172,87,'Actualizar datos de Cliente',NULL),(173,30,'&#35387;&#37323;&#25991;&#20214;',NULL),(173,36,'Notes Documents',NULL),(173,41,'Documents Remarques',NULL),(173,44,'Notes-Dokumente',NULL),(173,54,'Note Documenti',NULL),(173,55,'&#12494;&#12540;&#12488;&#12489;&#12461;&#12517;&#12513;&#12531;&#12488;',NULL),(173,77,'Documentos Notas',NULL),(173,80,'&#1055;&#1088;&#1080;&#1084;&#1077;&#1095;&#1072;&#1085;&#1080;&#1103; &#1044;&#1086;&#1082;&#1091;&#1084;&#1077;&#1085;&#1090;&#1099;',NULL),(173,87,'Notas de Documentos',NULL),(174,30,'&#30906;&#23450;&#38928;&#31639;',NULL),(174,36,'OK budget',NULL),(174,41,'OK budget',NULL),(174,44,'OK Haushalt',NULL),(174,54,'OK bilancio',NULL),(174,55,'[OK]&#12434;&#20104;&#31639;',NULL),(174,77,'Orçamento OK',NULL),(174,80,'&#1054;&#1050; &#1073;&#1102;&#1076;&#1078;&#1077;&#1090;',NULL),(174,87,'Aceptar presupuesto',NULL),(175,30,'&#30332;&#31080;&#38917;&#30446;',NULL),(175,36,'invoice item',NULL),(175,41,'facturation d\'articles',NULL),(175,44,'Rechnungsposition',NULL),(175,54,'fattura item',NULL),(175,55,'&#35531;&#27714;&#26360;&#12398;&#38917;&#30446;',NULL),(175,77,'item da fatura',NULL),(175,80,'&#1055;&#1091;&#1085;&#1082;&#1090; &#1089;&#1095;&#1077;&#1090;&#1072;',NULL),(175,87,'factura item',NULL),(176,30,'&#23458;&#25142;&#35443;&#32048;&#36039;&#26009;',NULL),(176,36,'Customer Details',NULL),(176,41,'Coordonnées du client',NULL),(176,44,'Kundendaten',NULL),(176,54,'Dati Cliente',NULL),(176,55,'&#12362;&#23458;&#27096;&#12398;&#35443;&#32048;',NULL),(176,77,'Detalhes do Cliente',NULL),(176,80,'&#1044;&#1080;&#1089;&#1082;&#1077;',NULL),(176,87,'Detalle de Cliente',NULL),(177,30,'&#20184;&#27454;&#35387;&#20874;',NULL),(177,36,'Payments Registered',NULL),(177,41,'Paiements Inscrits',NULL),(177,44,'Hier Zahlungen',NULL),(177,54,'Pagamenti Registrato',NULL),(177,55,'&#12362;&#25903;&#25173;&#12356;&#30331;&#37682;',NULL),(177,77,'Pagamentos Registado',NULL),(177,80,'&#1055;&#1083;&#1072;&#1090;&#1077;&#1078;&#1080; &#1047;&#1072;&#1088;&#1077;&#1075;&#1080;&#1089;&#1090;&#1088;&#1080;&#1088;&#1086;&#1074;&#1072;&#1085;&#1085;&#1099;&#1077;',NULL),(177,87,'Pagos Registrados',NULL),(178,30,'&#30332;&#31080;',NULL),(178,36,'Invoices',NULL),(178,41,'Factures',NULL),(178,44,'Rechnungen',NULL),(178,54,'Fatture',NULL),(178,55,'&#35531;&#27714;&#26360;',NULL),(178,77,'Facturas',NULL),(178,80,'&#1057;&#1095;&#1077;&#1090;&#1072;',NULL),(178,87,'Facturas',NULL),(179,30,'&#20449;&#29992;&#31080;&#25818;',NULL),(179,36,'Credit Notes',NULL),(179,41,'Notes de crédit',NULL),(179,44,'Credit Notes',NULL),(179,54,'Note di credito',NULL),(179,55,'&#12463;&#12524;&#12472;&#12483;&#12488;&#12459;&#12540;&#12489;&#12391;&#12398;&#27880;&#24847;&#20107;&#38917;',NULL),(179,77,'Notas de Crédito',NULL),(179,80,'&#1050;&#1088;&#1077;&#1076;&#1080;&#1090;&#1085;&#1099;&#1093; &#1085;&#1086;&#1090;',NULL),(179,87,'Notas de Credito',NULL),(180,30,'&#36890;&#30693;&#21934;',NULL),(180,36,'Debit Notes',NULL),(180,41,'Notes de débit',NULL),(180,44,'Belastungsanzeigen',NULL),(180,54,'Note di addebito',NULL),(180,55,'&#12487;&#12499;&#12483;&#12488;&#12494;&#12540;&#12488;',NULL),(180,77,'Notas de Débito',NULL),(180,80,'&#1044;&#1077;&#1073;&#1077;&#1090;&#1086;&#1074;&#1099;&#1077; &#1072;&#1074;&#1080;&#1079;&#1086;',NULL),(180,87,'Notas de Débito',NULL),(181,30,'&#36001;&#25919;&#38928;&#31639;&#26696;',NULL),(181,36,'Budgets',NULL),(181,41,'Budgets',NULL),(181,44,'Haushaltsausschuss',NULL),(181,54,'Bilanci',NULL),(181,55,'&#20104;&#31639;',NULL),(181,77,'Orçamentos',NULL),(181,80,'&#1041;&#1102;&#1076;&#1078;&#1077;&#1090;&#1099;',NULL),(181,87,'Presupuestos',NULL),(182,30,'&#38272;&#31080;',NULL),(182,36,'Tickets',NULL),(182,41,'Tickets',NULL),(182,44,'Tickets',NULL),(182,54,'Biglietti',NULL),(182,55,'&#12481;&#12465;&#12483;&#12488;',NULL),(182,77,'Ingressos',NULL),(182,80,'&#1041;&#1080;&#1083;&#1077;&#1090;&#1099;',NULL),(182,87,'Tickets',NULL),(183,30,'Rebudgetisation',NULL),(183,36,'Rebudgetisation',NULL),(183,41,'Rebudgétisation',NULL),(183,44,'Wiederverwendung,',NULL),(183,54,'Reiscrizione in bilancio',NULL),(183,55,'Rebudgetisation',NULL),(183,77,'Reorçamentação',NULL),(183,80,'Rebudgetisation',NULL),(183,87,'Represupuestar',NULL),(184,30,'&#20184;&#27454;&#36890;&#30693;&#26360;',NULL),(184,36,'Payment Notice',NULL),(184,41,'Avis de paiement',NULL),(184,44,'Zahlung und Datenschutz',NULL),(184,54,'Avviso di pagamento',NULL),(184,55,'&#25903;&#25173;&#36890;&#30693;',NULL),(184,77,'Aviso de pagamento',NULL),(184,80,'&#1055;&#1083;&#1072;&#1090;&#1077;&#1078;&#1085;&#1086;&#1075;&#1086; &#1080;&#1079;&#1074;&#1077;&#1097;&#1077;&#1085;&#1080;&#1103;',NULL),(184,87,'Aviso de pagos',NULL),(185,30,'&#38272;&#31080;&#35443;&#32048;',NULL),(185,36,'Tickets Detail',NULL),(185,41,'Billets Détails',NULL),(185,44,'Tickets Detail',NULL),(185,54,'Biglietti Detail',NULL),(185,55,'&#12481;&#12465;&#12483;&#12488;&#35443;&#32048;',NULL),(185,77,'Ingressos Detail',NULL),(185,80,'&#1041;&#1080;&#1083;&#1077;&#1090;&#1099; &#1055;&#1086;&#1076;&#1088;&#1086;&#1073;&#1085;&#1099;&#1081;',NULL),(185,87,'Tickets Detalle',NULL),(186,30,'&#25509;&#21463;&#38928;&#31639;',NULL),(186,36,'accept budget',NULL),(186,41,'accepter le budget',NULL),(186,44,'akzeptieren Haushalt',NULL),(186,54,'accettare di bilancio',NULL),(186,55,'&#20104;&#31639;&#12434;&#21463;&#12369;&#20837;&#12428;&#12427;',NULL),(186,77,'aceitar orçamento',NULL),(186,80,'&#1087;&#1088;&#1080;&#1085;&#1103;&#1090;&#1100; &#1073;&#1102;&#1076;&#1078;&#1077;&#1090;',NULL),(186,87,'aceptar presupuesto',NULL),(187,30,'&#21109;&#24314;&#25910;&#25818;',NULL),(187,36,'Create receipts',NULL),(187,41,'Créer des recettes',NULL),(187,44,'Erstellen Sie Quittungen',NULL),(187,54,'Creare entrate',NULL),(187,55,'&#38936;&#21454;&#26360;&#12434;&#20316;&#25104;&#12375;&#12414;&#12377;&#12290;',NULL),(187,77,'Criar receitas',NULL),(187,80,'&#1057;&#1086;&#1079;&#1076;&#1072;&#1085;&#1080;&#1077; &#1087;&#1086;&#1089;&#1090;&#1091;&#1087;&#1083;&#1077;&#1085;&#1080;&#1103;',NULL),(187,87,'Crear recibos',NULL),(188,30,'&#21109;&#24314;&#21443;&#32771;',NULL),(188,36,'Create refer',NULL),(188,41,'Créer renvoyer',NULL),(188,44,'Erstellen Sie beziehen sich',NULL),(188,54,'Crea riferiscono',NULL),(188,55,'&#21442;&#29031;&#12434;&#20316;&#25104;&#12375;&#12414;&#12377;&#12290;',NULL),(188,77,'Criar consulte',NULL),(188,80,'&#1057;&#1086;&#1079;&#1076;&#1072;&#1085;&#1080;&#1077; &#1089;&#1084;.',NULL),(188,87,'Crear remito',NULL),(189,30,'&#38917;&#30446;&#20839;&#23481;',NULL),(189,36,'Project Detail',NULL),(189,41,'Détail du projet',NULL),(189,44,'Project Detail',NULL),(189,54,'Progetto di dettaglio',NULL),(189,55,'&#12503;&#12525;&#12472;&#12455;&#12463;&#12488;&#12398;&#35443;&#32048;',NULL),(189,77,'Detalhe do Projeto',NULL),(189,80,'&#1055;&#1086;&#1076;&#1088;&#1086;&#1073;&#1085;&#1099;&#1081; &#1087;&#1088;&#1086;&#1077;&#1082;&#1090;',NULL),(189,87,'Detalle Proyecto',NULL),(190,30,'&#27231;&#31080;&#35443;&#24773;',NULL),(190,36,'ticket details',NULL),(190,41,'Détails sur le billet',NULL),(190,44,'Ticket-Details',NULL),(190,54,'biglietto dettagli',NULL),(190,55,'&#33322;&#31354;&#21048;&#12398;&#35443;&#32048;',NULL),(190,77,'detalhes do bilhete',NULL),(190,80,'&#1044;&#1077;&#1090;&#1072;&#1083;&#1080;',NULL),(190,87,'detalle ticket',NULL),(191,30,'&#23567;&#26178;&#21806;&#31080;',NULL),(191,36,'hours ticket',NULL),(191,41,'heure billet',NULL),(191,44,'Stunden-Ticket',NULL),(191,54,'ore ticket',NULL),(191,55,'&#26178;&#38291;&#21048;',NULL),(191,77,'horas bilhete',NULL),(191,80,'&#1063;&#1072;&#1089;&#1099; &#1073;&#1080;&#1083;&#1077;&#1090;&#1072;',NULL),(191,87,'horas ticket',NULL),(192,30,'&#27284;&#26696;',NULL),(192,36,'Archives',NULL),(192,41,'Archives',NULL),(192,44,'Archiv',NULL),(192,54,'Archivi',NULL),(192,55,'&#12450;&#12540;&#12459;&#12452;&#12502;',NULL),(192,77,'Archives',NULL),(192,80,'&#1040;&#1088;&#1093;&#1080;&#1074;&#1099;',NULL),(192,87,'Archivos',NULL),(193,30,'&#20462;&#21098;',NULL),(193,36,'Trim',NULL),(193,41,'Trim',NULL),(193,44,'Trim',NULL),(193,54,'Trim',NULL),(193,55,'&#12488;&#12522;&#12512;',NULL),(193,77,'Trim',NULL),(193,80,'Trim',NULL),(193,87,'Recorte',NULL),(194,30,'&#30456;&#38364;&#29986;&#21697;',NULL),(194,36,'Associated Products',NULL),(194,41,'Produits associés',NULL),(194,44,'Associated Products',NULL),(194,54,'Prodotti associati',NULL),(194,55,'&#38306;&#36899;&#35069;&#21697;',NULL),(194,77,'Produtos Associados',NULL),(194,80,'&#1044;&#1086;&#1087;&#1086;&#1083;&#1085;&#1080;&#1090;&#1077;&#1083;&#1100;&#1085;&#1099;&#1077; &#1087;&#1088;&#1086;&#1076;&#1091;&#1082;&#1090;&#1099;',NULL),(194,87,'Productos Asociados',NULL),(195,30,'&#26381;&#21209;&#22120;',NULL),(195,36,'Servers',NULL),(195,41,'Serveurs',NULL),(195,44,'Server',NULL),(195,54,'Server',NULL),(195,55,'&#12469;&#12540;&#12496;&#12540;',NULL),(195,77,'Servidores',NULL),(195,80,'&#1057;&#1077;&#1088;&#1074;&#1077;&#1088;&#1072;',NULL),(195,87,'Servers',NULL),(196,30,'&#35336;&#21123;',NULL),(196,36,'Plans',NULL),(196,41,'Plans',NULL),(196,44,'Pläne',NULL),(196,54,'Piani',NULL),(196,55,'&#35336;&#30011;',NULL),(196,77,'Planos',NULL),(196,80,'&#1055;&#1083;&#1072;&#1085;&#1099;',NULL),(196,87,'Planes',NULL),(197,30,'&#24115;&#25142;',NULL),(197,36,'Accounts',NULL),(197,41,'Comptes',NULL),(197,44,'Konten',NULL),(197,54,'Conti',NULL),(197,55,'&#12450;&#12459;&#12454;&#12531;&#12488;',NULL),(197,77,'Contas',NULL),(197,80,'&#1057;&#1095;&#1077;&#1090;&#1072;',NULL),(197,87,'Cuentas',NULL),(198,30,'&#26032;&#31080;',NULL),(198,36,'New Ticket',NULL),(198,41,'New Ticket',NULL),(198,44,'New Ticket',NULL),(198,54,'New Ticket',NULL),(198,55,'&#26032;&#12375;&#12356;&#12481;&#12465;&#12483;&#12488;',NULL),(198,77,'New Ticket',NULL),(198,80,'&#1053;&#1086;&#1074;&#1099;&#1081; &#1073;&#1080;&#1083;&#1077;&#1090;',NULL),(198,87,'Nuevo Ticket',NULL),(199,30,'&#26356;&#26032;&#20491;&#20154;&#36039;&#26009;',NULL),(199,36,'Update Profile',NULL),(199,41,'Modifier votre profil',NULL),(199,44,'Profil aktualisieren',NULL),(199,54,'Update Profile',NULL),(199,55,'&#12503;&#12525;&#12501;&#12451;&#12540;&#12523;&#12434;&#26356;&#26032;',NULL),(199,77,'Update Profile',NULL),(199,80,'&#1054;&#1073;&#1085;&#1086;&#1074;&#1080;&#1090;&#1100; &#1087;&#1088;&#1086;&#1092;&#1080;&#1083;&#1100;',NULL),(199,87,'Actualizar Perfil',NULL),(200,30,'&#25991;&#20214;',NULL),(200,36,'Documents',NULL),(200,41,'Documents',NULL),(200,44,'Dokumente',NULL),(200,54,'Documenti',NULL),(200,55,'&#25991;&#26360;',NULL),(200,77,'Documentos',NULL),(200,80,'&#1044;&#1086;&#1082;&#1091;&#1084;&#1077;&#1085;&#1090;&#1099;',NULL),(200,87,'Documentos',NULL),(201,36,'Tickets select proj',NULL),(201,54,'Biglietti selezionare Proj',NULL),(201,87,'Tickets select proy',NULL),(202,26,'La meva informació',NULL),(202,30,'&#25105;&#30340;&#20491;&#20154;&#36039;&#26009;',NULL),(202,36,'My Profile',NULL),(202,41,'Mon Profil',NULL),(202,44,'Mein Profil',NULL),(202,54,'Il mio profilo',NULL),(202,55,'&#12510;&#12452;&#12503;&#12525;&#12501;&#12451;&#12540;&#12523;',NULL),(202,77,'Meu perfil',NULL),(202,80,'&#1052;&#1086;&#1081; &#1087;&#1088;&#1086;&#1092;&#1080;&#1083;&#1100;',NULL),(202,87,'Mi Perfil',NULL),(203,30,'&#37197;&#32622;&#21443;&#25976;',NULL),(203,36,'Config parameters',NULL),(203,41,'Paramètres de configuration',NULL),(203,44,'Konfigurationsparameter',NULL),(203,54,'Parametri di configurazione',NULL),(203,55,'config&#12497;&#12521;&#12513;&#12540;&#12479;',NULL),(203,77,'Parâmetros de configuração',NULL),(203,80,'&#1050;&#1086;&#1085;&#1092;&#1080;&#1075;&#1091;&#1088;&#1072;&#1094;&#1080;&#1086;&#1085;&#1085;&#1099;&#1077; &#1087;&#1072;&#1088;&#1072;&#1084;&#1077;&#1090;&#1088;&#1099;',NULL),(203,87,'Config parámetros',NULL),(204,87,'Config parámetros',NULL),(205,30,'&#21098;&#22577;',NULL),(205,36,'Clippings',NULL),(205,41,'Coupures de presse',NULL),(205,44,'Clippings',NULL),(205,54,'Ritagli',NULL),(205,55,'&#20999;&#12426;&#25244;&#12365;',NULL),(205,77,'Clippings',NULL),(205,80,'&#1050;&#1083;&#1080;&#1087;&#1080;&#1085;&#1075;',NULL),(205,87,'Recortes',NULL),(206,87,'Asociar Contenidos',NULL),(207,30,'&#21312;',NULL),(207,36,'Zones',NULL),(207,41,'Zones',NULL),(207,44,'Zones',NULL),(207,54,'Zone',NULL),(207,55,'&#12478;&#12540;&#12531;',NULL),(207,77,'Zonas',NULL),(207,80,'&#1047;&#1086;&#1085;&#1099;',NULL),(207,87,'Zonas banner',NULL),(208,30,'&#27243;&#24133;&#39006;&#22411;',NULL),(208,36,'Banner Types',NULL),(208,41,'Bannière Types',NULL),(208,44,'Banner / Werbemittel',NULL),(208,54,'Tipi di banner',NULL),(208,55,'&#12496;&#12490;&#12540;&#12398;&#31278;&#39006;',NULL),(208,77,'Tipos de Banner',NULL),(208,80,'&#1041;&#1072;&#1085;&#1085;&#1077;&#1088; &#1090;&#1080;&#1087;&#1099;',NULL),(208,87,'Tipos de banner',NULL),(209,30,'&#27243;&#24133;',NULL),(209,36,'Banners',NULL),(209,41,'Bannières',NULL),(209,44,'Banner',NULL),(209,54,'Banner',NULL),(209,55,'&#12496;&#12490;&#12540;',NULL),(209,77,'Banners',NULL),(209,80,'&#1041;&#1072;&#1085;&#1085;&#1077;&#1088;&#1099;',NULL),(209,87,'Banner Home',NULL),(210,30,'&#21443;&#25976;&#32068;',NULL),(210,36,'Parameters Groups',NULL),(210,41,'Groupes de paramètres',NULL),(210,44,'Parameter Gruppen',NULL),(210,54,'Parametri Gruppi',NULL),(210,55,'&#12497;&#12521;&#12513;&#12540;&#12479;&#12464;&#12523;&#12540;&#12503;',NULL),(210,77,'Grupos de Parâmetros',NULL),(210,80,'&#1055;&#1072;&#1088;&#1072;&#1084;&#1077;&#1090;&#1088;&#1099; &#1075;&#1088;&#1091;&#1087;&#1087;&#1099;',NULL),(210,87,'Grupos Parámetros',NULL),(211,30,'&#21443;&#25976;&#39006;&#22411;',NULL),(211,36,'Parameter Type',NULL),(211,41,'Paramètre Type',NULL),(211,44,'Parameter Typ',NULL),(211,54,'Tipo di parametro',NULL),(211,55,'&#12497;&#12521;&#12513;&#12540;&#12479;&#12479;&#12452;&#12503;',NULL),(211,77,'Tipo de parâmetro',NULL),(211,80,'&#1058;&#1080;&#1087; &#1087;&#1072;&#1088;&#1072;&#1084;&#1077;&#1090;&#1088;&#1072;',NULL),(211,87,'Tipo de parámetro',NULL),(212,30,'&#21443;&#25976;x&#20998;&#39006;',NULL),(212,36,'Parameters x Category',NULL),(212,41,'Catégorie paramètres x',NULL),(212,44,'Parameter x Kategorie',NULL),(212,54,'Parametri x Categoria',NULL),(212,55,'&#12497;&#12521;&#12513;&#12540;&#12479;x&#12459;&#12486;&#12468;&#12522;&#12540;',NULL),(212,77,'Parâmetros x Categoria',NULL),(212,80,'&#1055;&#1072;&#1088;&#1072;&#1084;&#1077;&#1090;&#1088;&#1099; X &#1082;&#1072;&#1090;&#1077;&#1075;&#1086;&#1088;&#1080;&#1080;',NULL),(212,87,'Parámetros x Categoria',NULL),(213,30,'&#21205;&#20316;',NULL),(213,36,'Actions',NULL),(213,41,'Actions',NULL),(213,44,'Aktionen',NULL),(213,54,'Azioni',NULL),(213,55,'&#12450;&#12463;&#12471;&#12519;&#12531;',NULL),(213,77,'Ações',NULL),(213,80,'&#1044;&#1077;&#1081;&#1089;&#1090;&#1074;&#1080;&#1103;',NULL),(213,87,'Acciones',NULL),(214,30,'&#21443;&#25976;x&#20998;&#39006;',NULL),(214,36,'Parameters x Category',NULL),(214,41,'Catégorie paramètres x',NULL),(214,44,'Parameter x Kategorie',NULL),(214,54,'Parametri x Categoria',NULL),(214,55,'&#12497;&#12521;&#12513;&#12540;&#12479;x&#12459;&#12486;&#12468;&#12522;&#12540;',NULL),(214,77,'Parâmetros x Categoria',NULL),(214,80,'&#1055;&#1072;&#1088;&#1072;&#1084;&#1077;&#1090;&#1088;&#1099; X &#1082;&#1072;&#1090;&#1077;&#1075;&#1086;&#1088;&#1080;&#1080;',NULL),(214,87,'Parametros x Categoria',NULL),(215,30,'&#26597;&#30475;&#35657;&#26126;',NULL),(215,36,'View Proof',NULL),(215,41,'Voir Preuve',NULL),(215,44,'Profil Proof',NULL),(215,54,'View Proof',NULL),(215,55,'&#12503;&#12525;&#12501;&#12451;&#12540;&#12523;&#12503;&#12523;&#12540;&#12501;',NULL),(215,77,'Ver Proof',NULL),(215,80,'&#1054;&#1090;&#1082;&#1088;&#1099;&#1090;&#1100; &#1044;&#1086;&#1082;&#1072;&#1079;&#1072;&#1090;&#1077;&#1083;&#1100;&#1089;&#1090;&#1074;&#1086;',NULL),(215,87,'Ver Comprobante',NULL),(216,30,'&#30332;&#31080;&#32232;&#34399;',NULL),(216,36,'Invoice Item',NULL),(216,41,'Point Facture',NULL),(216,44,'Rechnungsposition',NULL),(216,54,'Fattura Voce',NULL),(216,55,'&#35531;&#27714;&#26360;&#12398;&#38917;&#30446;',NULL),(216,77,'Fatura Item',NULL),(216,80,'&#1057;&#1095;&#1077;&#1090; &#1055;&#1091;&#1085;&#1082;&#1090;',NULL),(216,87,'Factura Item',NULL),(217,30,'&#39006;&#22411;&#21443;&#25976;',NULL),(217,36,'Types of parameters',NULL),(217,41,'Types de paramètres',NULL),(217,44,'Arten von Parametern',NULL),(217,54,'Tipi di parametri',NULL),(217,55,'&#12497;&#12521;&#12513;&#12540;&#12479;&#12398;&#31278;&#39006;',NULL),(217,77,'Tipos de parâmetros',NULL),(217,80,'&#1058;&#1080;&#1087;&#1099; &#1087;&#1072;&#1088;&#1072;&#1084;&#1077;&#1090;&#1088;&#1086;&#1074;',NULL),(217,87,'Tipos de parámetros',NULL),(218,30,'&#21443;&#25976;',NULL),(218,36,'Parameters',NULL),(218,41,'Paramètres',NULL),(218,44,'Parameter',NULL),(218,54,'Parametri',NULL),(218,55,'&#12497;&#12521;&#12513;&#12540;&#12479;',NULL),(218,77,'Parâmetros',NULL),(218,80,'&#1055;&#1072;&#1088;&#1072;&#1084;&#1077;&#1090;&#1088;&#1099;',NULL),(218,87,'Parámetros',NULL),(219,30,'&#20998;&#25903;&#27231;&#27083;',NULL),(219,36,'Branches',NULL),(219,41,'Branches',NULL),(219,44,'Branchen',NULL),(219,54,'Succursali',NULL),(219,55,'&#26525;',NULL),(219,77,'Filiais',NULL),(219,80,'&#1060;&#1080;&#1083;&#1080;&#1072;&#1083;&#1099;',NULL),(219,87,'Sucursales',NULL),(220,30,'&#22283;&#23478;',NULL),(220,36,'Country',NULL),(220,41,'Pays',NULL),(220,44,'Land',NULL),(220,54,'Paese',NULL),(220,55,'&#22269;',NULL),(220,77,'País',NULL),(220,80,'&#1057;&#1090;&#1088;&#1072;&#1085;&#1072;',NULL),(220,87,'Pais',NULL),(221,30,'&#30465;',NULL),(221,36,'Province',NULL),(221,41,'Province',NULL),(221,44,'Provinz',NULL),(221,54,'Provincia',NULL),(221,55,'&#24030;',NULL),(221,77,'Província',NULL),(221,80,'&#1055;&#1088;&#1086;&#1074;&#1080;&#1085;&#1094;&#1080;&#1103;',NULL),(221,87,'Provincia',NULL),(222,30,'&#22478;&#24066;',NULL),(222,36,'Cities',NULL),(222,41,'Villes',NULL),(222,44,'Städte',NULL),(222,54,'Città',NULL),(222,55,'&#37117;&#24066;',NULL),(222,77,'Cidades',NULL),(222,80,'&#1043;&#1086;&#1088;&#1086;&#1076;&#1072;',NULL),(222,87,'Ciudades',NULL),(223,30,'&#27284;&#26696;&#31185;',NULL),(223,36,'Archives Branch',NULL),(223,41,'Archives Branch',NULL),(223,44,'Archiv Branche',NULL),(223,54,'Archives Branch',NULL),(223,55,'&#12450;&#12540;&#12459;&#12452;&#12502;&#25903;&#24215;',NULL),(223,77,'Arquivos Branch',NULL),(223,80,'&#1040;&#1088;&#1093;&#1080;&#1074;&#1099; &#1086;&#1090;&#1076;&#1077;&#1083;&#1077;&#1085;&#1080;&#1077;',NULL),(223,87,'Archivos Sucursal',NULL),(224,30,'&#35370;&#21839;&#24977;&#25818;',NULL),(224,36,'Access Credential',NULL),(224,41,'Access Credential',NULL),(224,44,'Access Credential',NULL),(224,54,'Credenziale di accesso',NULL),(224,55,'&#12450;&#12463;&#12475;&#12473;&#36039;&#26684;',NULL),(224,77,'Access Credential',NULL),(224,80,'&#1044;&#1086;&#1089;&#1090;&#1091;&#1087; &#1091;&#1095;&#1077;&#1090;&#1085;&#1099;&#1093;',NULL),(224,87,'Credencial de Acceso',NULL),(225,30,'&#20998;&#39006;&#39006;&#21029;&#38364;&#32879; X&#27284;&#26696;',NULL),(225,36,'Classified Categories Associating x File',NULL),(225,41,'Associer les catégories classées X File',NULL),(225,44,'Classified Kategorien verknüpfen x Datei',NULL),(225,54,'Classificati Categorie Associare x File',NULL),(225,55,'&#20998;&#39006;&#12459;&#12486;&#12468;&#12522;&#12398;&#38306;&#36899;&#20184;&#12369;X -&#12501;&#12449;&#12452;&#12523;',NULL),(225,77,'Categorias classificados Associando x Arquivo',NULL),(225,80,'&#1041;&#1077;&#1079;&#1087;&#1083;&#1072;&#1090;&#1085;&#1099;&#1077; &#1082;&#1072;&#1090;&#1077;&#1075;&#1086;&#1088;&#1080;&#1080; &#1057;&#1074;&#1103;&#1079;&#1099;&#1074;&#1072;&#1085;&#1080;&#1077; X File',NULL),(225,87,'Asociar Categorias de Clasificados x Archivo',NULL),(226,30,'X&#27284;&#26696;&#20839;&#23481;&#38364;&#32879;',NULL),(226,36,'Associating content X Files',NULL),(226,41,'Associant contenu X Files',NULL),(226,44,'Zuordnen Inhalt X-Files',NULL),(226,54,'Associare il contenuto X Files',NULL),(226,55,'&#38306;&#36899;&#20184;&#12369;&#12427;&#12467;&#12531;&#12486;&#12531;&#12484;X -&#12501;&#12449;&#12452;&#12523;',NULL),(226,77,'Associando conteúdo X Files',NULL),(226,80,'&#1057;&#1074;&#1103;&#1079;&#1099;&#1074;&#1072;&#1085;&#1080;&#1077; &#1089;&#1086;&#1076;&#1077;&#1088;&#1078;&#1072;&#1085;&#1080;&#1077; X Files',NULL),(226,87,'Asociar Contenidos x Archivos',NULL),(227,30,'&#32224;&#30828;X&#27284;&#26696;',NULL),(227,36,'Associating Hard X Files',NULL),(227,41,'Associant Hard X Files',NULL),(227,44,'Zuordnen Hard X-Files',NULL),(227,54,'Associando Hard X Files',NULL),(227,55,'&#38306;&#36899;&#20184;&#12369;&#12495;&#12540;&#12489;X&#12501;&#12449;&#12452;&#12523;',NULL),(227,77,'Associando Hard X Files',NULL),(227,80,'&#1057;&#1074;&#1103;&#1079;&#1099;&#1074;&#1072;&#1085;&#1080;&#1077; Hard X Files',NULL),(227,87,'Asociar Disco x Archivos',NULL),(228,30,'&#21103;&#23186;&#39636; - &#27284;&#26696;',NULL),(228,36,'Associate Media - Archives',NULL),(228,41,'Associé des médias - Archives',NULL),(228,44,'Associate Media - Archiv',NULL),(228,54,'Associate Media - Archivio',NULL),(228,55,'&#20934;&#12513;&#12487;&#12451;&#12450; - &#12450;&#12540;&#12459;&#12452;&#12502;',NULL),(228,77,'Associado Media - Arquivos',NULL),(228,80,'&#1040;&#1089;&#1089;&#1086;&#1094;&#1080;&#1080;&#1088;&#1086;&#1074;&#1072;&#1085;&#1085;&#1099;&#1081; &#1057;&#1052;&#1048; - &#1040;&#1088;&#1093;&#1080;&#1074;&#1099;',NULL),(228,87,'Asociar Medios - Archivos',NULL),(229,30,'&#38364;&#32879;&#38917;&#30446; - &#27284;&#26696;',NULL),(229,36,'Associating Item - Archives',NULL),(229,41,'Associer l\'objet - Archives',NULL),(229,44,'Zuordnen Artikel - Archiv',NULL),(229,54,'Associando Item - Archives',NULL),(229,55,'&#38306;&#36899;&#20184;&#12369;&#12427;&#12450;&#12452;&#12486;&#12512; - &#12450;&#12540;&#12459;&#12452;&#12502;',NULL),(229,77,'Associando Item - Archives',NULL),(229,80,'&#1057;&#1074;&#1103;&#1079;&#1099;&#1074;&#1072;&#1085;&#1080;&#1077; &#1055;&#1091;&#1085;&#1082;&#1090; - &#1040;&#1088;&#1093;&#1080;&#1074;&#1099;',NULL),(229,87,'Asociar Tema - Archivos',NULL),(230,30,'&#21103;&#20998;&#39006; - &#27284;&#26696;',NULL),(230,36,'Associate Classifieds - Archives',NULL),(230,41,'Associé Annonces - Archives',NULL),(230,44,'Associate Kleinanzeigen - Archiv',NULL),(230,54,'Associate Annunci - Archivio',NULL),(230,55,'&#20934;&#12463;&#12521;&#12471;&#12501;&#12449;&#12452;&#12489; - &#12450;&#12540;&#12459;&#12452;&#12502;',NULL),(230,77,'Associado Classificados - Arquivos',NULL),(230,80,'&#1040;&#1089;&#1089;&#1086;&#1094;&#1080;&#1080;&#1088;&#1086;&#1074;&#1072;&#1085;&#1085;&#1099;&#1081; &#1054;&#1073;&#1098;&#1103;&#1074;&#1083;&#1077;&#1085;&#1080;&#1103; - &#1040;&#1088;&#1093;&#1080;&#1074;&#1099;',NULL),(230,87,'Asociar Clasificados - Archivos',NULL),(231,30,'&#24460;&#31471;&#29992;&#25142;',NULL),(231,36,'User Backend',NULL),(231,41,'Backend Utilisateurs',NULL),(231,44,'Backend Benutzer',NULL),(231,54,'Backend Utenti',NULL),(231,55,'&#12456;&#12531;&#12489;&#12518;&#12540;&#12470;&#12540;',NULL),(231,77,'Usuários Backend',NULL),(231,80,'Backend &#1087;&#1086;&#1083;&#1100;&#1079;&#1086;&#1074;&#1072;&#1090;&#1077;&#1083;&#1077;&#1081;',NULL),(231,87,'Usuarios Backend',NULL),(232,30,'&#19978;&#35380;&#30340;&#29305;&#27402;',NULL),(232,36,'Appeal by Privilege',NULL),(232,41,'Appel par le secret',NULL),(232,44,'Aufruf des Privilege',NULL),(232,54,'Ricorso da parte Privilege',NULL),(232,55,'&#29305;&#27177;&#12395;&#12424;&#12387;&#12390;&#19981;&#26381;&#30003;&#31435;&#12390;',NULL),(232,77,'Recurso de Privilégio',NULL),(232,80,'&#1054;&#1073;&#1088;&#1072;&#1097;&#1077;&#1085;&#1080;&#1077; Privilege',NULL),(232,87,'Recurso por Privilegio',NULL),(233,30,'&#34892;&#21205;&#30340;&#24037;&#20855;&#25552;&#31034;',NULL),(233,36,'Actions for Tooltip',NULL),(233,41,'Actions pour Tooltip',NULL),(233,44,'Aktionen für Tooltip',NULL),(233,54,'Azioni per Tooltip',NULL),(233,55,'Tooltip&#12398;&#12383;&#12417;&#12398;&#12450;&#12463;&#12471;&#12519;&#12531;',NULL),(233,77,'Recurso de Tooltip',NULL),(233,80,'&#1044;&#1077;&#1081;&#1089;&#1090;&#1074;&#1080;&#1103; &#1076;&#1083;&#1103; Tooltip',NULL),(233,87,'Recurso por Tooltip',NULL),(234,30,'&#39511;&#35657;&#19978;&#35380;',NULL),(234,36,'Validate Appeal',NULL),(234,41,'Valider appel',NULL),(234,44,'Validate Appeal',NULL),(234,54,'Convalidare ricorso',NULL),(234,55,'&#26908;&#35388;&#23529;&#26619;',NULL),(234,77,'Recurso Validar',NULL),(234,80,'&#1055;&#1088;&#1086;&#1074;&#1077;&#1088;&#1082;&#1072; &#1040;&#1087;&#1077;&#1083;&#1083;&#1103;&#1094;&#1080;&#1086;&#1085;&#1085;&#1086;&#1084;',NULL),(234,87,'Recurso Validar',NULL),(235,30,'&#21312;',NULL),(235,36,'Zone',NULL),(235,41,'Zone',NULL),(235,44,'Zone',NULL),(235,54,'Zone',NULL),(235,55,'&#12478;&#12540;&#12531;',NULL),(235,77,'Zona',NULL),(235,80,'&#1047;&#1086;&#1085;&#1072;',NULL),(235,87,'Zona Menu',NULL),(236,30,'&#23186;&#39636;&#21161;&#29702;',NULL),(236,36,'Media Associate',NULL),(236,41,'Media associés',NULL),(236,44,'Media Associate',NULL),(236,54,'Media Associate',NULL),(236,55,'&#12513;&#12487;&#12451;&#12450;&#21161;&#25945;&#25480;',NULL),(236,77,'Media Associados',NULL),(236,80,'&#1052;&#1077;&#1076;&#1080;&#1072; &#1040;&#1089;&#1089;&#1086;&#1094;&#1080;&#1080;&#1088;&#1086;&#1074;&#1072;&#1085;&#1085;&#1099;&#1081;',NULL),(236,87,'Asociar Medios',NULL),(237,30,'&#33756;&#21934;',NULL),(237,36,'Menus',NULL),(237,41,'Menus',NULL),(237,44,'Menüs',NULL),(237,54,'Menu',NULL),(237,55,'&#12513;&#12491;&#12517;&#12540;',NULL),(237,77,'Menus',NULL),(237,80,'&#1052;&#1077;&#1085;&#1102;',NULL),(237,87,'Menués',NULL),(238,30,'&#27169;&#22602;&#22294;&#27161;',NULL),(238,36,'Module Icons',NULL),(238,41,'Module Icônes',NULL),(238,44,'Modul-Icons',NULL),(238,54,'Modulo Icone',NULL),(238,55,'&#12514;&#12472;&#12517;&#12540;&#12523;&#12398;&#12450;&#12452;&#12467;&#12531;',NULL),(238,77,'Módulo Ícones',NULL),(238,80,'&#1052;&#1086;&#1076;&#1091;&#1083;&#1100; &#1080;&#1082;&#1086;&#1085;&#1086;&#1082;',NULL),(238,87,'Iconos Modulo',NULL),(239,30,'&#35519;&#26597;&#38917;&#30446;',NULL),(239,36,'Survey Items',NULL),(239,41,'Éléments de l\'enquête',NULL),(239,44,'Umfrage Artikel',NULL),(239,54,'Indagine Items',NULL),(239,55,'&#35519;&#26619;&#38917;&#30446;',NULL),(239,77,'Itens Survey',NULL),(239,80,'&#1040;&#1085;&#1082;&#1077;&#1090;&#1085;&#1099;&#1093; &#1074;&#1086;&#1087;&#1088;&#1086;&#1089;&#1086;&#1074;',NULL),(239,87,'Items de Encuesta',NULL),(240,30,'&#29992;&#25142;&#35443;&#32048;',NULL),(240,36,'User Detail',NULL),(240,41,'Détail de l\'utilisateur',NULL),(240,44,'User Detail',NULL),(240,54,'Dettaglio degli utenti',NULL),(240,55,'&#12518;&#12540;&#12470;&#12540;&#12398;&#35443;&#32048;',NULL),(240,77,'Detalhes do Usuário',NULL),(240,80,'&#1055;&#1086;&#1076;&#1088;&#1086;&#1073;&#1085;&#1099;&#1077; &#1089;&#1074;&#1077;&#1076;&#1077;&#1085;&#1080;&#1103; &#1086; &#1087;&#1086;&#1083;&#1100;&#1079;&#1086;&#1074;&#1072;&#1090;&#1077;&#1083;&#1077;',NULL),(240,87,'Detalle de Usuarios',NULL),(241,30,'&#21443;&#25976;',NULL),(241,36,'Parameters',NULL),(241,41,'Paramètres',NULL),(241,44,'Parameters',NULL),(241,87,'Parametros',NULL),(242,87,'Categorias FAQ',NULL),(243,87,'Contenidos FAQ',NULL),(244,87,'Teléfonos',NULL),(245,87,'Accesorios',NULL),(246,87,'Larga Distancia',NULL),(247,87,'Productos Relacionados',NULL),(248,87,'Comentarios',NULL),(249,87,'Hoteles',NULL),(250,87,'Pasajes',NULL),(251,87,'Furniture',NULL),(252,87,'Kartell','/MOD_Productos/ecommerce_archivos.php?'),(253,87,'TableTop',NULL),(254,87,'Accesories',NULL),(255,87,'Brands',NULL),(256,87,'Novedades',NULL),(257,87,'Customer Reviews',NULL),(258,87,'About Us',NULL),(259,87,'Banner Brands',NULL),(260,87,'Projects',NULL),(261,87,'Living',NULL),(262,87,'Dinning',NULL),(263,87,'Bedroom',NULL),(264,87,'Outdoor',NULL),(265,87,'Office',NULL);

--
-- Table structure for table `config_recurso_x_privilegio`
--

CREATE TABLE `config_recurso_x_privilegio` (
  `config_recurso_x_privilegio_id` int(10) unsigned NOT NULL AUTO_INCREMENT,
  `config_recurso_id` int(10) unsigned NOT NULL,
  `config_privilegio_id` int(10) unsigned NOT NULL,
  PRIMARY KEY (`config_recurso_x_privilegio_id`),
  KEY `config_modulo_x_privilegio_FKIndex1` (`config_privilegio_id`),
  KEY `config_modulo_x_privilegio_FKIndex2` (`config_recurso_id`)
) ENGINE=MyISAM AUTO_INCREMENT=402 DEFAULT CHARSET=latin1 COLLATE=latin1_general_ci ROW_FORMAT=FIXED;

--
-- Dumping data for table `config_recurso_x_privilegio`
--

INSERT INTO `config_recurso_x_privilegio` VALUES (7,35,1),(8,35,2),(9,36,1),(10,36,2),(11,43,3),(12,44,3),(13,45,3),(14,46,3),(15,47,3),(16,48,3),(17,49,3),(18,50,3),(19,51,3),(20,52,3),(21,35,3),(22,55,2),(23,55,1),(24,55,3),(25,53,3),(26,54,3),(27,56,3),(29,57,3),(30,58,3),(31,60,4),(32,61,4),(33,62,4),(34,63,4),(35,66,4),(36,35,5),(37,81,6),(38,80,6),(39,79,6),(40,78,6),(41,77,6),(42,83,6),(43,72,6),(44,71,6),(45,70,6),(46,82,7),(47,84,7),(52,84,1),(53,103,1),(58,27,3),(61,116,4),(70,111,1),(73,109,1),(74,110,1),(75,97,1),(76,155,1),(77,139,1),(80,142,1),(81,143,1),(83,151,1),(84,152,1),(85,154,1),(86,153,1),(87,105,1),(97,162,1),(99,68,3),(101,167,3),(102,73,3),(103,74,3),(104,75,3),(105,76,3),(106,111,3),(107,112,3),(108,113,3),(109,114,3),(110,116,3),(111,105,3),(112,106,3),(113,108,3),(114,107,3),(117,157,3),(118,158,3),(119,109,3),(120,110,3),(121,166,3),(122,97,3),(123,124,3),(124,126,3),(125,129,3),(126,118,3),(127,120,3),(128,119,3),(129,117,3),(130,92,1),(131,92,2),(132,92,3),(133,92,4),(134,92,6),(135,92,7),(140,171,14),(148,174,15),(155,175,15),(156,176,15),(157,177,15),(158,178,15),(159,179,15),(160,180,15),(161,181,15),(162,182,15),(163,183,15),(164,184,15),(165,185,15),(166,175,1),(167,175,2),(168,175,3),(169,174,3),(170,187,3),(171,187,1),(172,187,15),(173,188,3),(174,189,3),(175,190,3),(176,191,3),(178,193,3),(179,194,3),(180,195,3),(181,196,3),(182,197,3),(184,172,16),(185,177,16),(186,178,16),(187,179,16),(188,180,16),(189,181,16),(190,182,16),(191,176,16),(192,109,16),(194,199,15),(195,200,3),(196,174,16),(197,190,16),(198,190,15),(199,201,3),(200,201,1),(202,201,15),(203,201,16),(204,202,3),(205,202,1),(206,202,2),(207,135,3),(208,138,3),(209,139,3),(210,203,3),(211,203,1),(216,205,2),(226,212,3),(233,139,2),(235,141,3),(236,214,3),(237,140,3),(238,205,1),(239,205,3),(240,206,1),(241,206,3),(246,198,15),(248,198,16),(250,175,16),(253,215,3),(254,215,15),(255,215,16),(256,216,3),(257,216,15),(258,216,1),(259,216,16),(262,183,16),(263,184,16),(264,172,15),(266,126,1),(273,109,2),(274,110,2),(275,124,1),(276,217,3),(277,218,3),(278,219,3),(280,220,3),(282,221,3),(284,222,3),(286,223,3),(291,193,1),(292,112,1),(293,113,1),(294,114,1),(295,115,3),(296,115,1),(297,173,3),(298,173,1),(299,174,1),(301,188,1),(302,200,1),(303,216,2),(305,166,1),(307,206,2),(308,142,3),(309,137,1),(310,137,3),(311,143,3),(312,151,3),(313,152,3),(314,153,3),(315,154,3),(316,155,3),(317,162,3),(318,164,3),(319,164,1),(320,136,1),(321,136,3),(324,209,1),(333,225,3),(335,226,3),(337,227,3),(340,229,3),(341,230,3),(343,194,1),(344,231,3),(345,231,1),(348,191,1),(349,190,1),(350,237,3),(351,235,3),(352,237,1),(353,235,1),(354,239,3),(355,239,1),(356,240,1),(357,240,3),(360,242,3),(363,243,3),(364,223,1),(365,219,1),(366,220,1),(367,221,1),(368,222,1),(369,244,1),(370,244,2),(371,244,3),(375,242,1),(376,243,1),(377,246,1),(379,247,1),(380,247,2),(381,102,1),(383,248,1),(384,249,1),(385,250,1),(386,251,1),(387,252,1),(388,253,1),(389,254,1),(390,255,1),(391,257,1),(392,258,1),(393,259,1),(394,252,1),(395,252,2),(396,261,1),(397,262,1),(398,263,1),(399,264,1),(400,265,1),(401,260,1);

--
-- Table structure for table `config_recurso_x_privilegio_x_config_acciones`
--

CREATE TABLE `config_recurso_x_privilegio_x_config_acciones` (
  `config_recurso_x_privilegio_id` int(10) unsigned NOT NULL,
  `config_acciones_id` int(10) unsigned NOT NULL,
  PRIMARY KEY (`config_recurso_x_privilegio_id`,`config_acciones_id`),
  KEY `config_recurso_x_privilegio_has_config_acciones_FKIndex1` (`config_recurso_x_privilegio_id`),
  KEY `config_recurso_x_privilegio_has_config_acciones_FKIndex2` (`config_acciones_id`)
) ENGINE=MyISAM DEFAULT CHARSET=utf8 COLLATE=utf8_spanish_ci ROW_FORMAT=FIXED;

--
-- Dumping data for table `config_recurso_x_privilegio_x_config_acciones`
--

INSERT INTO `config_recurso_x_privilegio_x_config_acciones` VALUES (0,1),(0,5),(0,11),(0,12),(70,1),(70,4),(70,5),(70,6),(70,7),(70,8),(70,9),(70,10),(70,11),(70,12),(70,13),(70,14),(70,16),(70,17),(70,18),(70,19),(70,20),(73,1),(73,4),(73,5),(73,6),(73,7),(73,8),(73,9),(73,10),(73,11),(73,12),(73,13),(73,14),(73,16),(73,17),(73,18),(73,19),(73,20),(74,1),(74,4),(74,5),(74,6),(74,7),(74,8),(74,9),(74,10),(74,11),(74,12),(74,13),(74,14),(74,16),(74,17),(74,18),(74,19),(74,20),(75,1),(75,4),(75,5),(75,6),(75,7),(75,8),(75,9),(75,10),(75,11),(75,12),(75,13),(75,14),(75,16),(75,17),(75,18),(75,19),(75,20),(76,1),(76,4),(76,5),(76,6),(76,7),(76,8),(76,9),(76,10),(76,11),(76,12),(76,13),(76,14),(76,16),(76,17),(76,18),(76,19),(76,20),(77,1),(77,4),(77,5),(77,6),(77,7),(77,8),(77,9),(77,10),(77,11),(77,12),(77,13),(77,14),(77,16),(77,17),(77,18),(77,19),(77,20),(80,1),(80,4),(80,5),(80,6),(80,7),(80,8),(80,9),(80,10),(80,11),(80,12),(80,13),(80,14),(80,16),(80,17),(80,18),(80,19),(80,20),(81,1),(81,4),(81,5),(81,6),(81,7),(81,8),(81,9),(81,10),(81,11),(81,12),(81,13),(81,14),(81,16),(81,17),(81,18),(81,19),(81,20),(83,1),(83,4),(83,5),(83,6),(83,7),(83,8),(83,9),(83,10),(83,11),(83,12),(83,13),(83,14),(83,16),(83,17),(83,18),(83,19),(83,20),(84,1),(84,4),(84,5),(84,6),(84,7),(84,8),(84,9),(84,10),(84,11),(84,12),(84,13),(84,14),(84,16),(84,17),(84,18),(84,19),(84,20),(85,1),(85,4),(85,5),(85,6),(85,7),(85,8),(85,9),(85,10),(85,11),(85,12),(85,13),(85,14),(85,16),(85,17),(85,18),(85,19),(85,20),(86,1),(86,4),(86,5),(86,6),(86,7),(86,8),(86,9),(86,10),(86,11),(86,12),(86,13),(86,14),(86,16),(86,17),(86,18),(86,19),(86,20),(87,1),(87,4),(87,5),(87,6),(87,7),(87,8),(87,9),(87,10),(87,11),(87,12),(87,13),(87,14),(87,16),(87,17),(87,18),(87,19),(87,20),(97,1),(97,4),(97,5),(97,6),(97,7),(97,8),(97,9),(97,10),(97,11),(97,12),(97,13),(97,14),(97,16),(97,17),(97,18),(97,19),(97,20),(99,1),(99,4),(99,5),(99,6),(99,7),(99,8),(99,9),(99,10),(99,11),(99,12),(99,13),(99,14),(101,1),(101,4),(101,5),(101,6),(101,7),(101,8),(101,9),(101,10),(101,11),(101,12),(101,13),(101,14),(101,16),(101,17),(101,18),(101,19),(101,20),(102,1),(102,4),(102,5),(102,6),(102,7),(102,8),(102,9),(102,10),(102,11),(102,12),(102,13),(102,14),(102,16),(102,17),(102,18),(102,19),(102,20),(104,1),(104,4),(104,5),(104,6),(104,7),(104,8),(104,9),(104,10),(104,11),(104,12),(104,13),(104,14),(104,16),(104,17),(104,18),(104,19),(104,20),(105,1),(105,4),(105,5),(105,6),(105,7),(105,8),(105,9),(105,10),(105,11),(105,12),(105,13),(105,14),(105,16),(105,17),(105,18),(105,19),(105,20),(106,1),(106,4),(106,5),(106,6),(106,7),(106,8),(106,9),(106,10),(106,11),(106,12),(106,13),(106,14),(106,16),(106,17),(106,18),(106,19),(106,20),(107,1),(107,4),(107,5),(107,6),(107,7),(107,8),(107,9),(107,10),(107,11),(107,12),(107,13),(107,14),(107,16),(107,17),(107,18),(107,19),(107,20),(108,1),(108,4),(108,5),(108,6),(108,7),(108,8),(108,9),(108,10),(108,11),(108,12),(108,13),(108,14),(108,16),(108,17),(108,18),(108,19),(108,20),(109,1),(109,4),(109,5),(109,6),(109,7),(109,8),(109,9),(109,10),(109,11),(109,12),(109,13),(109,14),(109,16),(109,17),(109,18),(109,19),(109,20),(111,1),(111,4),(111,5),(111,6),(111,7),(111,8),(111,9),(111,10),(111,11),(111,12),(111,13),(111,14),(111,16),(111,17),(111,18),(111,19),(111,20),(112,1),(112,4),(112,5),(112,6),(112,7),(112,8),(112,9),(112,10),(112,11),(112,12),(112,13),(112,14),(112,16),(112,17),(112,18),(112,19),(112,20),(113,1),(113,4),(113,5),(113,6),(113,7),(113,8),(113,9),(113,10),(113,11),(113,12),(113,13),(113,14),(113,16),(113,17),(113,18),(113,19),(113,20),(114,1),(114,4),(114,5),(114,6),(114,7),(114,8),(114,9),(114,10),(114,11),(114,12),(114,13),(114,14),(114,16),(114,17),(114,18),(114,19),(114,20),(117,1),(117,4),(117,5),(117,6),(117,7),(117,8),(117,9),(117,10),(117,11),(117,12),(117,13),(117,14),(117,16),(117,17),(117,18),(117,19),(117,20),(118,1),(118,4),(118,5),(118,6),(118,7),(118,8),(118,9),(118,10),(118,11),(118,12),(118,13),(118,14),(118,16),(118,17),(118,18),(118,19),(118,20),(119,1),(119,4),(119,5),(119,6),(119,7),(119,8),(119,9),(119,10),(119,11),(119,12),(119,13),(119,14),(119,16),(119,17),(119,18),(119,19),(119,20),(120,1),(120,4),(120,5),(120,6),(120,7),(120,8),(120,9),(120,10),(120,11),(120,12),(120,13),(120,14),(120,16),(120,17),(120,18),(120,19),(120,20),(121,1),(121,4),(121,5),(121,6),(121,7),(121,8),(121,9),(121,10),(121,11),(121,12),(121,13),(121,14),(121,16),(121,17),(121,18),(121,19),(121,20),(122,1),(122,4),(122,5),(122,6),(122,7),(122,8),(122,9),(122,10),(122,11),(122,12),(122,13),(122,14),(122,16),(122,17),(122,18),(122,19),(122,20),(123,1),(123,4),(123,5),(123,6),(123,7),(123,8),(123,9),(123,10),(123,11),(123,12),(123,13),(123,14),(123,16),(123,17),(123,18),(123,19),(123,20),(124,1),(124,4),(124,5),(124,6),(124,7),(124,8),(124,9),(124,10),(124,11),(124,12),(124,13),(124,14),(124,16),(124,17),(124,18),(124,19),(124,20),(125,1),(125,4),(125,5),(125,6),(125,7),(125,8),(125,9),(125,10),(125,11),(125,12),(125,13),(125,14),(125,16),(125,17),(125,18),(125,19),(125,20),(126,1),(126,4),(126,5),(126,6),(126,7),(126,8),(126,9),(126,10),(126,11),(126,12),(126,13),(126,14),(126,16),(126,17),(126,18),(126,19),(126,20),(127,1),(127,4),(127,5),(127,6),(127,7),(127,8),(127,9),(127,10),(127,11),(127,12),(127,13),(127,14),(127,16),(127,17),(127,18),(127,19),(127,20),(128,1),(128,4),(128,5),(128,6),(128,7),(128,8),(128,9),(128,10),(128,11),(128,12),(128,13),(128,14),(128,16),(128,17),(128,18),(128,19),(128,20),(129,1),(129,4),(129,5),(129,6),(129,7),(129,8),(129,9),(129,10),(129,11),(129,12),(129,13),(129,14),(129,16),(129,17),(129,18),(129,19),(129,20),(140,1),(140,5),(140,12),(140,20),(148,12),(155,12),(156,20),(157,12),(157,16),(158,12),(158,16),(159,12),(160,12),(161,12),(161,16),(162,1),(162,5),(162,12),(163,1),(163,4),(163,5),(163,6),(163,7),(163,8),(163,9),(163,10),(163,11),(163,12),(163,13),(163,14),(163,16),(163,17),(163,18),(163,19),(163,20),(164,1),(164,4),(164,5),(164,6),(164,7),(164,8),(164,9),(164,10),(164,11),(164,12),(164,13),(164,14),(164,16),(164,17),(164,18),(164,19),(164,20),(166,1),(166,4),(166,5),(166,6),(166,7),(166,8),(166,9),(166,10),(166,11),(166,12),(166,13),(166,14),(166,16),(166,17),(166,18),(166,19),(166,20),(167,1),(167,4),(167,5),(167,12),(167,13),(167,14),(168,1),(168,4),(168,5),(168,6),(168,7),(168,8),(168,9),(168,10),(168,11),(168,12),(168,13),(168,14),(168,16),(168,17),(168,18),(168,19),(168,20),(169,1),(169,4),(169,5),(169,6),(169,7),(169,8),(169,9),(169,10),(169,11),(169,12),(169,13),(169,14),(169,16),(169,17),(169,18),(169,19),(169,20),(170,1),(170,4),(170,5),(170,6),(170,7),(170,8),(170,9),(170,10),(170,11),(170,12),(170,13),(170,14),(170,16),(170,17),(170,18),(170,19),(170,20),(171,1),(171,4),(171,5),(171,6),(171,7),(171,8),(171,9),(171,10),(171,11),(171,12),(171,13),(171,14),(171,16),(171,17),(171,18),(171,19),(171,20),(172,12),(173,1),(173,4),(173,5),(173,6),(173,7),(173,8),(173,9),(173,10),(173,11),(173,12),(173,13),(173,14),(173,16),(173,17),(173,18),(173,19),(173,20),(175,1),(175,4),(175,5),(175,6),(175,7),(175,8),(175,9),(175,10),(175,11),(175,12),(175,13),(175,14),(175,16),(175,17),(175,18),(175,19),(175,20),(176,1),(176,4),(176,5),(176,6),(176,7),(176,8),(176,9),(176,10),(176,11),(176,12),(176,13),(176,14),(176,16),(176,17),(176,18),(176,19),(176,20),(178,1),(178,4),(178,5),(178,6),(178,7),(178,8),(178,9),(178,10),(178,11),(178,12),(178,13),(178,14),(178,16),(178,17),(178,18),(178,19),(178,20),(179,1),(179,4),(179,5),(179,6),(179,7),(179,8),(179,9),(179,10),(179,11),(179,12),(179,13),(179,14),(179,16),(179,17),(179,18),(179,19),(179,20),(180,1),(180,4),(180,5),(180,6),(180,7),(180,8),(180,9),(180,10),(180,11),(180,12),(180,13),(180,14),(180,16),(180,17),(180,18),(180,19),(180,20),(181,1),(181,4),(181,5),(181,6),(181,7),(181,8),(181,9),(181,10),(181,11),(181,12),(181,13),(181,14),(181,16),(181,17),(181,18),(181,19),(181,20),(182,1),(182,4),(182,5),(182,6),(182,7),(182,8),(182,9),(182,10),(182,11),(182,12),(182,13),(182,14),(182,16),(182,17),(182,18),(182,19),(182,20),(184,1),(184,4),(184,5),(184,11),(184,12),(184,13),(184,14),(184,20),(185,12),(186,12),(186,16),(187,12),(187,16),(188,12),(188,16),(189,12),(189,16),(190,1),(190,5),(190,12),(191,20),(192,1),(192,4),(192,5),(192,12),(192,13),(192,14),(195,1),(195,4),(195,5),(195,6),(195,7),(195,8),(195,9),(195,10),(195,11),(195,12),(195,13),(195,14),(195,16),(195,17),(195,18),(195,19),(195,20),(196,12),(197,1),(197,12),(197,13),(197,14),(198,1),(198,12),(198,13),(198,14),(204,1),(204,4),(204,5),(204,6),(204,7),(204,8),(204,9),(204,10),(204,11),(204,12),(204,13),(204,14),(204,16),(204,17),(204,18),(204,19),(204,20),(205,5),(206,5),(207,1),(207,4),(207,5),(207,6),(207,7),(207,8),(207,9),(207,10),(207,11),(207,12),(207,13),(207,14),(207,16),(207,17),(207,18),(207,19),(207,20),(208,1),(208,4),(208,5),(208,6),(208,7),(208,8),(208,9),(208,10),(208,11),(208,12),(208,13),(208,14),(208,16),(208,17),(208,18),(208,19),(208,20),(209,1),(209,4),(209,5),(209,6),(209,7),(209,8),(209,9),(209,10),(209,11),(209,12),(209,13),(209,14),(209,16),(209,17),(209,18),(209,19),(209,20),(216,1),(216,4),(216,5),(216,6),(216,7),(216,8),(216,9),(216,10),(216,11),(216,12),(216,13),(216,14),(216,16),(216,17),(216,18),(216,19),(216,20),(233,1),(233,4),(233,5),(233,6),(233,7),(233,8),(233,9),(233,10),(233,11),(233,12),(233,13),(233,14),(233,16),(233,17),(233,18),(233,19),(233,20),(235,1),(235,4),(235,5),(235,6),(235,7),(235,8),(235,9),(235,10),(235,11),(235,12),(235,13),(235,14),(235,16),(235,17),(235,18),(235,19),(235,20),(236,1),(236,4),(236,5),(236,6),(236,7),(236,8),(236,9),(236,10),(236,11),(236,12),(236,13),(236,14),(236,16),(236,17),(236,18),(236,19),(236,20),(237,1),(237,4),(237,5),(237,6),(237,7),(237,8),(237,9),(237,10),(237,11),(237,12),(237,13),(237,14),(238,1),(238,4),(238,5),(238,6),(238,7),(238,8),(238,9),(238,10),(238,11),(238,12),(238,13),(238,14),(238,16),(238,17),(238,18),(238,19),(238,20),(239,1),(239,4),(239,5),(239,6),(239,7),(239,8),(239,9),(239,10),(239,11),(239,12),(239,13),(239,14),(239,16),(239,17),(239,18),(239,19),(239,20),(240,1),(240,4),(240,5),(240,6),(240,7),(240,8),(240,9),(240,10),(240,11),(240,12),(240,13),(240,14),(240,16),(240,17),(240,18),(240,19),(240,20),(241,1),(241,4),(241,5),(241,6),(241,7),(241,8),(241,9),(241,10),(241,11),(241,12),(241,13),(241,14),(241,16),(241,17),(241,18),(241,19),(241,20),(246,1),(246,4),(246,5),(246,6),(246,7),(246,8),(246,9),(246,10),(246,11),(246,12),(246,13),(246,14),(248,1),(248,14),(250,12),(253,1),(253,4),(253,5),(253,6),(253,7),(253,8),(253,9),(253,10),(253,11),(253,12),(253,13),(253,14),(253,16),(253,17),(253,18),(253,19),(253,20),(254,12),(254,20),(255,12),(255,20),(256,1),(256,4),(256,5),(256,6),(256,7),(256,8),(256,9),(256,10),(256,11),(256,12),(256,13),(256,14),(256,16),(256,17),(256,18),(256,19),(256,20),(257,12),(258,1),(258,4),(258,5),(258,6),(258,7),(258,8),(258,9),(258,10),(258,11),(258,12),(258,13),(258,14),(258,16),(258,17),(258,18),(258,19),(258,20),(259,12),(262,1),(262,4),(262,5),(262,6),(262,7),(262,8),(262,9),(262,10),(262,11),(262,12),(262,13),(262,14),(262,16),(262,17),(262,18),(262,19),(262,20),(263,1),(263,4),(263,5),(263,6),(263,7),(263,8),(263,9),(263,10),(263,11),(263,12),(263,13),(263,14),(263,16),(263,17),(263,18),(263,19),(263,20),(264,5),(266,1),(266,4),(266,5),(266,6),(266,7),(266,8),(266,9),(266,10),(266,11),(266,12),(266,13),(266,14),(266,16),(266,17),(266,18),(266,19),(266,20),(273,1),(273,4),(273,5),(273,12),(273,13),(273,14),(273,20),(274,1),(274,4),(274,5),(274,12),(274,13),(274,14),(274,20),(275,12),(276,1),(276,4),(276,5),(276,6),(276,7),(276,8),(276,9),(276,10),(276,11),(276,12),(276,13),(276,14),(276,16),(276,17),(276,18),(276,19),(276,20),(277,1),(277,4),(277,5),(277,6),(277,7),(277,8),(277,9),(277,10),(277,11),(277,12),(277,13),(277,14),(277,16),(277,17),(277,18),(277,19),(277,20),(278,1),(278,4),(278,5),(278,6),(278,7),(278,8),(278,9),(278,10),(278,11),(278,12),(278,13),(278,14),(278,16),(278,17),(278,18),(278,19),(278,20),(279,1),(279,4),(279,5),(279,6),(279,7),(279,8),(279,9),(279,10),(279,11),(279,12),(279,13),(279,14),(279,16),(279,17),(279,18),(279,19),(279,20),(280,1),(280,4),(280,5),(280,6),(280,7),(280,8),(280,9),(280,10),(280,11),(280,12),(280,13),(280,14),(280,16),(280,17),(280,18),(280,19),(280,20),(281,1),(281,4),(281,5),(281,6),(281,7),(281,8),(281,9),(281,10),(281,11),(281,12),(281,13),(281,14),(281,16),(281,17),(281,18),(281,19),(281,20),(282,1),(282,4),(282,5),(282,6),(282,7),(282,8),(282,9),(282,10),(282,11),(282,12),(282,13),(282,14),(282,16),(282,17),(282,18),(282,19),(282,20),(283,1),(283,4),(283,5),(283,6),(283,7),(283,8),(283,9),(283,10),(283,11),(283,12),(283,13),(283,14),(283,16),(283,17),(283,18),(283,19),(283,20),(284,1),(284,4),(284,5),(284,6),(284,7),(284,8),(284,9),(284,10),(284,11),(284,12),(284,13),(284,14),(284,16),(284,17),(284,18),(284,19),(284,20),(285,1),(285,4),(285,5),(285,6),(285,7),(285,8),(285,9),(285,10),(285,11),(285,12),(285,13),(285,14),(285,16),(285,17),(285,18),(285,19),(285,20),(286,1),(286,4),(286,5),(286,6),(286,7),(286,8),(286,9),(286,10),(286,11),(286,12),(286,13),(286,14),(286,16),(286,17),(286,18),(286,19),(286,20),(287,1),(287,4),(287,5),(287,6),(287,7),(287,8),(287,9),(287,10),(287,11),(287,12),(287,13),(287,14),(287,16),(287,17),(287,18),(287,19),(287,20),(288,12),(289,1),(289,4),(289,5),(289,6),(289,7),(289,8),(289,9),(289,10),(289,11),(289,12),(289,13),(289,14),(289,16),(289,17),(289,18),(289,19),(289,20),(290,5),(290,12),(290,20),(291,1),(291,4),(291,5),(291,6),(291,7),(291,8),(291,9),(291,10),(291,11),(291,12),(291,13),(291,14),(291,16),(291,17),(291,18),(291,19),(291,20),(292,1),(292,4),(292,5),(292,6),(292,7),(292,8),(292,9),(292,10),(292,11),(292,12),(292,13),(292,14),(292,16),(292,17),(292,18),(292,19),(292,20),(293,1),(293,4),(293,5),(293,6),(293,7),(293,8),(293,9),(293,10),(293,11),(293,12),(293,13),(293,14),(293,16),(293,17),(293,18),(293,19),(293,20),(294,1),(294,4),(294,5),(294,6),(294,7),(294,8),(294,9),(294,10),(294,11),(294,12),(294,13),(294,14),(294,16),(294,17),(294,18),(294,19),(294,20),(295,1),(295,4),(295,5),(295,6),(295,7),(295,8),(295,9),(295,10),(295,11),(295,12),(295,13),(295,14),(295,16),(295,17),(295,18),(295,19),(295,20),(296,1),(296,4),(296,5),(296,6),(296,7),(296,8),(296,9),(296,10),(296,11),(296,12),(296,13),(296,14),(296,16),(296,17),(296,18),(296,19),(296,20),(297,1),(297,4),(297,5),(297,6),(297,7),(297,8),(297,9),(297,10),(297,11),(297,12),(297,13),(297,14),(297,16),(297,17),(297,18),(297,19),(297,20),(298,1),(298,4),(298,5),(298,6),(298,7),(298,8),(298,9),(298,10),(298,11),(298,12),(298,13),(298,14),(298,16),(298,17),(298,18),(298,19),(298,20),(299,1),(299,4),(299,5),(299,6),(299,7),(299,8),(299,9),(299,10),(299,11),(299,12),(299,13),(299,14),(299,16),(299,17),(299,18),(299,19),(299,20),(301,1),(301,4),(301,5),(301,6),(301,7),(301,8),(301,9),(301,10),(301,11),(301,12),(301,13),(301,14),(301,16),(301,17),(301,18),(301,19),(301,20),(302,1),(302,4),(302,5),(302,6),(302,7),(302,8),(302,9),(302,10),(302,11),(302,12),(302,13),(302,14),(302,16),(302,17),(302,18),(302,19),(302,20),(303,12),(303,20),(305,1),(305,4),(305,5),(305,6),(305,7),(305,8),(305,9),(305,10),(305,11),(305,12),(305,13),(305,14),(305,16),(305,17),(305,18),(305,19),(305,20),(306,1),(306,4),(306,5),(306,6),(306,7),(306,8),(306,9),(306,10),(306,11),(306,12),(306,13),(306,14),(306,16),(306,17),(306,18),(306,19),(306,20),(307,1),(307,5),(307,11),(307,12),(308,1),(308,4),(308,5),(308,6),(308,7),(308,8),(308,9),(308,10),(308,11),(308,12),(308,13),(308,14),(308,16),(308,17),(308,18),(308,19),(308,20),(309,1),(309,4),(309,5),(309,6),(309,7),(309,8),(309,9),(309,10),(309,11),(309,12),(309,13),(309,14),(309,16),(309,17),(309,18),(309,19),(309,20),(310,1),(310,4),(310,5),(310,6),(310,7),(310,8),(310,9),(310,10),(310,11),(310,12),(310,13),(310,14),(310,16),(310,17),(310,18),(310,19),(310,20),(311,1),(311,4),(311,5),(311,6),(311,7),(311,8),(311,9),(311,10),(311,11),(311,12),(311,13),(311,14),(311,16),(311,17),(311,18),(311,19),(311,20),(312,1),(312,4),(312,5),(312,6),(312,7),(312,8),(312,9),(312,10),(312,11),(312,12),(312,13),(312,14),(312,16),(312,17),(312,18),(312,19),(312,20),(313,1),(313,4),(313,5),(313,6),(313,7),(313,8),(313,9),(313,10),(313,11),(313,12),(313,13),(313,14),(313,16),(313,17),(313,18),(313,19),(313,20),(314,1),(314,4),(314,5),(314,6),(314,7),(314,8),(314,9),(314,10),(314,11),(314,12),(314,13),(314,14),(314,16),(314,17),(314,18),(314,19),(314,20),(315,1),(315,4),(315,5),(315,6),(315,7),(315,8),(315,9),(315,10),(315,11),(315,12),(315,13),(315,14),(315,16),(315,17),(315,18),(315,19),(315,20),(316,1),(316,4),(316,5),(316,6),(316,7),(316,8),(316,9),(316,10),(316,11),(316,12),(316,13),(316,14),(316,16),(316,17),(316,18),(316,19),(316,20),(317,1),(317,4),(317,5),(317,6),(317,7),(317,8),(317,9),(317,10),(317,11),(317,12),(317,13),(317,14),(317,16),(317,17),(317,18),(317,19),(317,20),(318,1),(318,4),(318,5),(318,6),(318,7),(318,8),(318,9),(318,10),(318,11),(318,12),(318,13),(318,14),(318,16),(318,17),(318,18),(318,19),(318,20),(319,1),(319,4),(319,5),(319,6),(319,7),(319,8),(319,9),(319,10),(319,11),(319,12),(319,13),(319,14),(319,16),(319,17),(319,18),(319,19),(319,20),(320,1),(320,4),(320,5),(320,6),(320,7),(320,8),(320,9),(320,10),(320,11),(320,12),(320,13),(320,14),(320,16),(320,17),(320,18),(320,19),(320,20),(321,1),(321,4),(321,5),(321,6),(321,7),(321,8),(321,9),(321,10),(321,11),(321,12),(321,13),(321,14),(321,16),(321,17),(321,18),(321,19),(321,20),(324,1),(324,4),(324,5),(324,6),(324,7),(324,8),(324,9),(324,10),(324,11),(324,12),(324,13),(324,14),(324,16),(324,17),(324,18),(324,19),(324,20),(328,1),(328,4),(328,5),(328,6),(328,7),(328,8),(328,9),(328,10),(328,11),(328,12),(328,13),(328,14),(328,16),(328,17),(328,18),(328,19),(328,20),(329,12),(330,12),(331,12),(333,1),(333,4),(333,5),(333,6),(333,7),(333,8),(333,9),(333,10),(333,11),(333,12),(333,13),(333,14),(333,16),(333,17),(333,18),(333,19),(333,20),(335,1),(335,4),(335,5),(335,6),(335,7),(335,8),(335,9),(335,10),(335,11),(335,12),(335,13),(335,14),(335,16),(335,17),(335,18),(335,19),(335,20),(337,1),(337,4),(337,5),(337,6),(337,7),(337,8),(337,9),(337,10),(337,11),(337,12),(337,13),(337,14),(337,16),(337,17),(337,18),(337,19),(337,20),(340,1),(340,4),(340,5),(340,6),(340,7),(340,8),(340,9),(340,10),(340,11),(340,12),(340,13),(340,14),(340,16),(340,17),(340,18),(340,19),(340,20),(341,1),(341,4),(341,5),(341,6),(341,7),(341,8),(341,9),(341,10),(341,11),(341,12),(341,13),(341,14),(341,16),(341,17),(341,18),(341,19),(341,20),(343,1),(343,4),(343,5),(343,6),(343,7),(343,8),(343,9),(343,10),(343,11),(343,12),(343,13),(343,14),(343,16),(343,17),(343,18),(343,19),(343,20),(344,1),(344,4),(344,5),(344,6),(344,7),(344,8),(344,9),(344,10),(344,11),(344,12),(344,13),(344,14),(344,16),(344,17),(344,18),(344,19),(344,20),(345,1),(345,4),(345,5),(345,6),(345,7),(345,8),(345,9),(345,10),(345,11),(345,12),(345,13),(345,14),(345,16),(345,17),(345,18),(345,19),(345,20),(348,1),(348,4),(348,5),(348,6),(348,7),(348,8),(348,9),(348,10),(348,11),(348,12),(348,13),(348,14),(348,16),(348,17),(348,18),(348,19),(348,20),(349,1),(349,4),(349,5),(349,6),(349,7),(349,8),(349,9),(349,10),(349,11),(349,12),(349,13),(349,14),(349,16),(349,17),(349,18),(349,19),(349,20),(350,1),(350,4),(350,5),(350,6),(350,7),(350,8),(350,9),(350,10),(350,11),(350,12),(350,13),(350,14),(350,16),(350,17),(350,18),(350,19),(350,20),(351,1),(351,4),(351,5),(351,6),(351,7),(351,8),(351,9),(351,10),(351,11),(351,12),(351,13),(351,14),(351,16),(351,17),(351,18),(351,19),(351,20),(352,1),(352,4),(352,5),(352,6),(352,7),(352,8),(352,9),(352,10),(352,11),(352,12),(352,13),(352,14),(352,16),(352,17),(352,18),(352,19),(352,20),(353,1),(353,4),(353,5),(353,6),(353,7),(353,8),(353,9),(353,10),(353,11),(353,12),(353,13),(353,14),(353,16),(353,17),(353,18),(353,19),(353,20),(354,1),(354,4),(354,5),(354,6),(354,7),(354,8),(354,9),(354,10),(354,11),(354,12),(354,13),(354,14),(354,16),(354,17),(354,18),(354,19),(354,20),(355,1),(355,4),(355,5),(355,6),(355,7),(355,8),(355,9),(355,10),(355,11),(355,12),(355,13),(355,14),(355,16),(355,17),(355,18),(355,19),(355,20),(356,1),(356,4),(356,5),(356,6),(356,7),(356,8),(356,9),(356,10),(356,11),(356,12),(356,13),(356,14),(356,16),(356,17),(356,18),(356,19),(356,20),(357,1),(357,4),(357,5),(357,6),(357,7),(357,8),(357,9),(357,10),(357,11),(357,12),(357,13),(357,14),(357,16),(357,17),(357,18),(357,19),(357,20),(360,1),(360,4),(360,5),(360,6),(360,7),(360,8),(360,9),(360,10),(360,11),(360,12),(360,13),(360,14),(360,16),(360,17),(360,18),(360,19),(360,20),(363,1),(363,4),(363,5),(363,6),(363,7),(363,8),(363,9),(363,10),(363,11),(363,12),(363,13),(363,14),(363,16),(363,17),(363,18),(363,19),(363,20),(364,1),(364,4),(364,5),(364,6),(364,7),(364,8),(364,9),(364,10),(364,11),(364,12),(364,13),(364,14),(364,16),(364,17),(364,18),(364,19),(364,20),(365,1),(365,4),(365,5),(365,6),(365,7),(365,8),(365,9),(365,10),(365,11),(365,12),(365,13),(365,14),(365,16),(365,17),(365,18),(365,19),(365,20),(366,1),(366,4),(366,5),(366,6),(366,7),(366,8),(366,9),(366,10),(366,11),(366,12),(366,13),(366,14),(366,16),(366,17),(366,18),(366,19),(366,20),(367,1),(367,4),(367,5),(367,6),(367,7),(367,8),(367,9),(367,10),(367,11),(367,12),(367,13),(367,14),(367,16),(367,17),(367,18),(367,19),(367,20),(368,1),(368,4),(368,5),(368,6),(368,7),(368,8),(368,9),(368,10),(368,11),(368,12),(368,13),(368,14),(368,16),(368,17),(368,18),(368,19),(368,20),(369,1),(369,4),(369,5),(369,6),(369,7),(369,8),(369,9),(369,10),(369,11),(369,12),(369,13),(369,14),(369,16),(369,17),(369,18),(369,19),(369,20),(370,1),(370,4),(370,5),(370,6),(370,7),(370,8),(370,9),(370,10),(370,11),(370,12),(370,13),(370,14),(370,16),(370,17),(370,18),(370,19),(370,20),(371,1),(371,4),(371,5),(371,6),(371,7),(371,8),(371,9),(371,10),(371,11),(371,12),(371,13),(371,14),(371,16),(371,17),(371,18),(371,19),(371,20),(375,1),(375,4),(375,5),(375,6),(375,7),(375,8),(375,9),(375,10),(375,11),(375,12),(375,13),(375,14),(375,16),(375,17),(375,18),(375,19),(375,20),(376,1),(376,4),(376,5),(376,6),(376,7),(376,8),(376,9),(376,10),(376,11),(376,12),(376,13),(376,14),(376,16),(376,17),(376,18),(376,19),(376,20),(377,1),(377,4),(377,5),(377,6),(377,7),(377,8),(377,9),(377,10),(377,11),(377,12),(377,13),(377,14),(377,16),(377,17),(377,18),(377,19),(377,20),(379,1),(379,4),(379,5),(379,6),(379,7),(379,8),(379,9),(379,10),(379,11),(379,12),(379,13),(379,14),(379,16),(379,17),(379,18),(379,19),(379,20),(380,1),(380,4),(380,5),(380,6),(380,7),(380,8),(380,9),(380,10),(380,11),(380,12),(380,13),(380,14),(380,16),(380,17),(380,18),(380,19),(380,20),(381,1),(381,4),(381,5),(381,6),(381,7),(381,8),(381,9),(381,10),(381,11),(381,12),(381,13),(381,14),(381,16),(381,17),(381,18),(381,19),(381,20),(383,1),(383,4),(383,5),(383,6),(383,7),(383,8),(383,9),(383,10),(383,11),(383,12),(383,13),(383,14),(383,16),(383,17),(383,18),(383,19),(383,20),(384,1),(384,4),(384,5),(384,6),(384,7),(384,8),(384,9),(384,10),(384,11),(384,12),(384,13),(384,14),(384,16),(384,17),(384,18),(384,19),(384,20),(385,1),(385,4),(385,5),(385,6),(385,7),(385,8),(385,9),(385,10),(385,11),(385,12),(385,13),(385,14),(385,16),(385,17),(385,18),(385,19),(385,20),(386,1),(386,4),(386,5),(386,6),(386,7),(386,8),(386,9),(386,10),(386,11),(386,12),(386,13),(386,14),(386,16),(386,17),(386,18),(386,19),(386,20),(387,1),(387,4),(387,5),(387,6),(387,7),(387,8),(387,9),(387,10),(387,11),(387,12),(387,13),(387,14),(387,16),(387,17),(387,18),(387,19),(387,20),(388,1),(388,4),(388,5),(388,6),(388,7),(388,8),(388,9),(388,10),(388,11),(388,12),(388,13),(388,14),(388,16),(388,17),(388,18),(388,19),(388,20),(389,1),(389,4),(389,5),(389,6),(389,7),(389,8),(389,9),(389,10),(389,11),(389,12),(389,13),(389,14),(389,16),(389,17),(389,18),(389,19),(389,20),(390,1),(390,4),(390,5),(390,6),(390,7),(390,8),(390,9),(390,10),(390,11),(390,12),(390,13),(390,14),(390,16),(390,17),(390,18),(390,19),(390,20),(391,1),(391,4),(391,5),(391,6),(391,7),(391,8),(391,9),(391,10),(391,11),(391,12),(391,13),(391,14),(391,16),(391,17),(391,18),(391,19),(391,20),(392,1),(392,4),(392,5),(392,6),(392,7),(392,8),(392,9),(392,10),(392,11),(392,12),(392,13),(392,14),(392,16),(392,17),(392,18),(392,19),(392,20),(393,1),(393,4),(393,5),(393,6),(393,7),(393,8),(393,9),(393,10),(393,11),(393,12),(393,13),(393,14),(393,16),(393,17),(393,18),(393,19),(393,20),(394,1),(394,4),(394,5),(394,6),(394,7),(394,8),(394,9),(394,10),(394,11),(394,12),(394,13),(394,14),(394,16),(394,17),(394,18),(394,19),(394,20),(395,1),(395,4),(395,5),(395,6),(395,7),(395,8),(395,9),(395,10),(395,11),(395,12),(395,13),(395,14),(395,16),(395,17),(395,18),(395,19),(395,20),(396,1),(396,4),(396,5),(396,6),(396,7),(396,8),(396,9),(396,10),(396,11),(396,12),(396,13),(396,14),(396,16),(396,17),(396,18),(396,19),(396,20),(397,1),(397,4),(397,5),(397,6),(397,7),(397,8),(397,9),(397,10),(397,11),(397,12),(397,13),(397,14),(397,16),(397,17),(397,18),(397,19),(397,20),(398,1),(398,4),(398,5),(398,6),(398,7),(398,8),(398,9),(398,10),(398,11),(398,12),(398,13),(398,14),(398,16),(398,17),(398,18),(398,19),(398,20),(399,1),(399,4),(399,5),(399,6),(399,7),(399,8),(399,9),(399,10),(399,11),(399,12),(399,13),(399,14),(399,16),(399,17),(399,18),(399,19),(399,20),(400,1),(400,4),(400,5),(400,6),(400,7),(400,8),(400,9),(400,10),(400,11),(400,12),(400,13),(400,14),(400,16),(400,17),(400,18),(400,19),(400,20),(401,1),(401,4),(401,5),(401,6),(401,7),(401,8),(401,9),(401,10),(401,11),(401,12),(401,13),(401,14),(401,16),(401,17),(401,18),(401,19),(401,20);

--
