-- Table structure for table `config_traduccion`
--

CREATE TABLE `config_traduccion` (
  `config_traduccion_id` int(10) unsigned NOT NULL AUTO_INCREMENT,
  `cadena` varchar(255) CHARACTER SET latin1 COLLATE latin1_general_ci DEFAULT NULL,
  `activo` tinyint(4) DEFAULT NULL,
  PRIMARY KEY (`config_traduccion_id`),
  FULLTEXT KEY `cadena` (`cadena`)
) ENGINE=MyISAM AUTO_INCREMENT=627 DEFAULT CHARSET=latin1;

--
-- Dumping data for table `config_traduccion`
--

INSERT INTO `config_traduccion` VALUES (15,'IDIOMA',1),(17,'CATEGORIA',1),(22,'PRIORIDAD',1),(23,'NOTICIA',1),(24,'TITULO',1),(26,'CUERPO',1),(27,'FUENTE',1),(28,'URL_EXT',1),(29,'PERMALINK',1),(30,'CREAR',1),(31,'ESTADO',1),(32,'BORRADOR',1),(33,'PUBLICADO',1),(34,'PUBLICACION_PROGRAMADA',1),(35,'HABILITAR',1),(36,'COMENTARIOS',1),(37,'GALERIA_FOTOS',1),(38,'GALERIA_VIDEOS',1),(39,'GALERIA_SONIDOS',1),(40,'ACTIVO',1),(41,'INSERTAR_REGISTRO',1),(42,' PRIMER_PLANO',1),(43,'APUESTAS',1),(44,'REQUERIDO',1),(52,'USUARIO',1),(53,'LISTA',1),(54,'AGREGAR',1),(55,'INICIO',1),(56,'CONTENIDOS',1),(57,'NOTICIAS',1),(58,'LANG_INS_REG',1),(59,'CONSTANTE',1),(60,'BUSCAR',1),(61,'CLIENTE',1),(62,'MONEDA',1),(63,'BANCO',1),(64,'NUMERO',1),(65,'DESCUENTO',1),(66,'TOTAL',1),(67,'REGISTROS_CARGADOS',1),(68,'CANTIDAD',1),(69,'PRODUCTO',1),(70,'IMP_UNIDAD',1),(71,'SUBTOTAL',1),(72,'CANT_UNIDADES',1),(73,'DETALLE',1),(75,'AGREGAR_ITEM',1),(76,'GUARDAR_NUEVA',1),(77,'LIMPIAR',1),(78,'TODOS_REQUERIDOS',1),(79,'NOMBRE',1),(80,'AREA',1),(81,'VOLVER',1),(82,'ACEPTAR',1),(83,'TIPO',1),(84,'TIPO_CLIENTE',1),(85,'EMPRESA',1),(86,'PERSONAL',1),(87,'NOMBRE_FANTASIA',1),(88,'RAZON_SOCIAL',1),(89,'INICIO_ACT',1),(90,'WEB_EMPRESA',1),(91,'INGRESOS_BRUTOS',1),(92,'MAIL_EMPRESA',1),(93,'APELLIDO',1),(94,'MAIL',1),(95,'CLAVE',1),(96,'DOMICILIO',1),(97,'CIUDAD',1),(98,'COD_POSTAL',1),(99,'PAIS',1),(100,'TELEFONO',1),(101,'CELULAR',1),(102,'GUARDAR',1),(103,'TODOS',1),(104,'ORDEN_ALF',1),(105,'ORDEN_SALDO',1),(106,'SALDO',1),(107,'AGREGAR_USUARIO',1),(108,'VER',1),(109,'ENVIAR_RESUMEN',1),(110,'ACTUALIZAR',1),(111,'ELIMINAR',1),(112,'NO_REGISTROS',1),(113,'RECARGO',1),(114,'RUBRO',1),(115,'NOMBRE_USUARIO',1),(116,'ENVIAR_PASS',1),(117,'MEDIO_ENTREGA',1),(118,'MEDIO_PAGO',1),(119,'PAGADA',1),(120,'PAGADA_PARCIAL',1),(121,'PENDIENTE',1),(122,'VENCIDA',1),(123,'ENVIADA',1),(124,'FECHA_ALTA',1),(126,'FACTURA',1),(127,'PRESUPUESTO',1),(128,'REMITO',1),(129,'RECIBO',1),(130,'NOTA_CREDITO',1),(131,'NOTA_DEBITO',1),(132,'FECHA_VENC',1),(133,'FECHA_OK',1),(134,'VALIDEZ',1),(135,'DIR_ENTREGA',1),(136,'CIUDAD_ENTREGA',1),(137,'PAIS_ENTREGA',1),(139,'ENTREGA_CP',1),(140,'FACTURA_ASOCIADA',1),(141,'PRECIO_UNIDAD',1),(142,'ASIGNAR_PAGOS',1),(143,'DEPENDENCIA',1),(144,'INDEPENDIENTE',1),(145,'AGREGAR_SUB',1),(146,'CONFIG_PARAMETROS',1),(147,'AGREGAR_PRODUCTO',1),(148,'TRADUCIR_TODO',1),(149,'TITULO_AVISO',1),(150,'ARCHIVO',1),(151,'SUBJET',1),(152,'TRADUCIR',1),(153,'NOMBRE_AVISO',1),(154,'VOLVER_PRODUCTOS',1),(155,'TIPO_ARCHIVO',1),(156,'VIDEO',1),(157,'IMAGEN',1),(158,'GUARDAR_VOLVER',1),(159,'GUARDAR_ASOCIAR',1),(160,'COTIZACION_ANTERIOR',1),(161,'NUEVA_COTIZACION',1),(162,'NUEVO_PRECIO',1),(163,'ACTUALIZAR_PRECIOS',1),(164,'PRECIO',1),(165,'ANULADA',1),(166,'ANIO',1),(167,'NINGUNA',1),(168,'RECURRENTE',1),(169,'RECURRENTE_DIAS',1),(170,'MENSUAL',1),(171,'BIMESTRAL',1),(172,'TRIMESTRAL',1),(173,'SEMESTRAL',1),(174,'ANUAL',1),(175,'BIANUAL',1),(176,'TRIANUAL',1),(177,'GENERAR_REMITO',1),(178,'NRO_ASOCIADA',1),(179,'IMPORTE_PAGO',1),(180,'SELECCIONE',1),(181,'PAGO_FACTURA',1),(182,'ASIGNAR_CHEQUE',1),(183,'GENERAR_RECIBO',1),(184,'AGREGAR_EDITAR',1),(186,'FILTRAR_CATEGORIA',1),(187,'FILTRAR_TEXTO',1),(188,'FILTRAR',1),(189,'NOMBRE_COMBO',1),(190,'PRECIO_SIN_DESC',1),(191,'PRECIO_COMBO',1),(192,'DESCRIPCION_DEBITO',1),(193,'GUARDAR_CONTINUAR',1),(194,'BUSCAR_POR',1),(195,'TODAS',1),(196,'ULTIMO_MES',1),(197,'ULTIMO_TRIMESTRE',1),(198,'ULTIMO_SEMESTRE',1),(199,'ULTIMO_ANO',1),(200,'VER_COMPROBANTE',1),(201,'NUMERO_FACTURA',1),(202,'SOLO_DETALLE',1),(203,'ACEPTAR_PRESUPUESTO',1),(204,'CANCELAR',1),(205,'TOTAL_C_DESC',1),(206,'VENCIMIENTO',1),(207,'CONFIRMAR_ENTREGA',1),(208,'ANULAR',1),(209,'DATOS',1),(210,'FECHA_EMISION',1),(211,'TITULAR',1),(212,'PLAZA',1),(213,'ACREDITADO',1),(214,'DEPOSITADO',1),(215,'DOCUMENTOS',1),(216,'DEBE',1),(217,'HABER',1),(218,'COSTO_SERVICIO',1),(219,'DIVISA_PUBLICAR',1),(220,'TIPO_ENVIO',1),(221,'DEMORA',1),(222,'DIAS',1),(223,'COSTO_ENVIO',1),(224,'COTIZACION_AUTOMATICA',1),(225,'SEGUIMIENTO',1),(226,'CONDICIONES_URL',1),(227,'TEXTO_USO',1),(228,'COSTO_SEGURO',1),(229,'PORCENTAJE_SEGURO',1),(230,'URL_EMP_ENVIO',1),(231,'CALCULAR_DESCUENTO',1),(232,'NUMERO_SERIE',1),(233,'COD_BARRAS',1),(234,'COPETE',1),(235,'CALCULAR',1),(236,'CATEGORIAS',1),(237,'PROD_ASOCIADOS',1),(238,'FOTOS_VIDEOS',1),(239,'AGREGAR_ARCHIVOS',1),(240,'ASOCIAR_PRODUCTOS',1),(241,'VOLVER_CATEGORIAS',1),(242,'URL_EMP_PAGO',1),(243,'DISPONIBLE_PAISES',1),(244,'ABREVIATURA',1),(245,'ICONO',1),(246,'ABR_TRADUCTOR',1),(247,'ASIGNAR_A',1),(248,'MONTO',1),(249,'EMISION',1),(250,'REGISTROS',1),(251,'SALDO_BANCOS',1),(252,'SALDO_MONEDAS',1),(253,'CHEQUES_ACREDITAR',1),(254,'CHEQUES_VENCER',1),(255,'DEPOSITADO_EN',1),(256,'CUENTA',1),(257,'FECHA',1),(258,'DESCRIPCION',1),(259,'INGRESO',1),(260,'EGRESO',1),(261,'SALDOS',1),(262,'COSTO',1),(263,'SEGURO',1),(264,'COTIZACION',1),(265,'COTIZACION_ACTUAL',1),(266,'TITULAR_CUENTA',1),(267,'TIPO_CUENTA',1),(268,'NUMERO_CUENTA',1),(269,'DIRECCION',1),(270,'ENTREGADA',1),(271,'ACTUALIZACION_AUTOMATICA',1),(272,'OBTENER_COTIZACION',1),(273,'CONFIRMAR_PRINCIPAL',1),(274,'SIMBOLO',1),(275,'PRINCIPAL',1),(276,'COSTO_PRODUCTO',1),(277,'NORMAL',1),(278,'SIN_PRIORIDAD',1),(279,'DESTACADO',1),(280,'PUBLICO',1),(281,'CONTRASENA',1),(282,'PROYECTO',1),(283,'FECHA_INICIO',1),(284,'FECHA_PROMETIDO',1),(285,'FECHA_FINAL',1),(286,'PORCENTAJE',1),(287,'VER_TICKET',1),(288,'DOCUMENTO_WORD',1),(289,'PDF',1),(290,'CANT_HORAS',1),(291,'ASIGNAR_HORAS',1),(292,'TICKET_GENERADO_POR',1),(293,'MAIL_CREADOR',1),(294,'VOLVER_TICKETS',1),(295,'ANYO',1),(296,'LUGAR',1),(297,'TIPO_CATEGORIA',1),(298,'LOGIN_USER',1),(299,'LOGIN_PASS',1),(300,'LOGIN_INICIAR_SESION',1),(301,'LOGIN_RECORDARME',1),(302,'LOGIN_RECORDAR_PASS',1),(303,'LOGIN_CORREO',1),(304,'LOGIN_RECORDAR_MSG',1),(305,'LOGIN_MSG_ERROR',1),(306,'LOGIN_RECORDAR_ERROR',1),(307,'AGREGAR_NOTICIA',1),(308,'VOLVER_FRONTEND',1),(310,'VOLVER_CONTENIDOS',1),(311,'ASOCIADOS',1),(312,'CARPETA',1),(313,'TAMANIO',1),(315,'ASOCIAR',1),(316,'FILTRAR_TIPO',1),(318,'CONTENIDO',1),(320,'MINIATURAS',1),(321,'ASOCIAR_MINIATURAS',1),(322,'CREADO',1),(323,'CANTIDAD_REGISTROS',1),(324,'MOSTRAR',1),(325,'SOLO_ACTIVOS',1),(326,'SOLO_INACTIVOS',1),(327,'ACCIONES',1),(328,'ULTIMO',1),(329,'PRIMERO',1),(332,'ACTIVAR',1),(333,'DESACTIVAR',NULL),(334,'VISIBLE',1),(335,'PRIVILEGIOS',1),(336,'RECURSOS',1),(337,'AGREGAR_RECURSO',1),(338,'CONTRAER_PANEL',1),(339,'PARAMETRO',1),(340,'ENVIAR',1),(341,'CAMPO_REQUERIDO',1),(342,'TEXTO',1),(343,'COMPARAR',1),(344,'CAMPO',1),(345,'MODULO',1),(346,'INACTIVO',1),(347,'AYUDA',1),(348,'ORDEN',1),(349,'IDIOMAS',1),(350,'CONFIRMAR',1),(351,'ASOCIAR_CLASIFICADOS',1),(352,'NICK',1),(353,'Y',1),(354,'OTRO',1),(355,'PARAMETROS',1),(356,'METADATOS',1),(357,'CANTIDAD_VISITAS',1),(358,'CANTIDAD_VOTOS',1),(359,'CANTIDAD_PUNTOS',1),(360,'LIBRERIA',1),(361,'AUDIO',1),(362,'CLASIFICADOS',1),(363,'DISCO',1),(364,'TEMA',1),(365,'ARCHIVOS',1),(366,'NUEVO',1),(367,'VISTA_PREVIA',1),(368,'ORIGINAL',1),(369,'RECORTAR',1),(370,'UNIVERSAL',1),(371,'MODIFICADO',1),(372,'FORMATO',1),(373,'GENERO',1),(374,'CDS',1),(375,'AUTOR',1),(376,'INTERPRETE',1),(377,'CODIGO',1),(378,'A',1),(379,'DISCOS',1),(380,'DURACION',1),(382,'DOCUMENTO',1),(383,'CHEQUE',1),(384,'ITEMS',1),(385,'ENTREGA',1),(386,'RADIO',1),(387,'MEDIA',1),(388,'BAJA',1),(389,'MUY',1),(390,'ALTA',1),(391,'CLASIFICADO',1),(392,'COORDENADAS',1),(393,'PROVINCIA',1),(394,'GOOGLE',1),(395,'LATITUD',1),(396,'LONGITUD',1),(397,'ULTIMOS_MENSAJES',1),(398,'ULTIMOS_CLASIFICADOS',1),(399,'ENCUESTA',1),(400,'SITIOS_DESTACADOS',1),(401,'VISITAR_SITIO',1),(402,'OTROS_SITIOS',1),(403,'TANGOCINEMA',1),(404,'VER_PELICULA',1),(405,'VER_TODAS',1),(406,'LUGARES',1),(407,'ACADEMIAS',1),(408,'LO_MAS_DESTCADO',1),(409,'BIENVENIDOS',1),(410,'ULTIMOS_VIDEOS',1),(411,'ARTISTA_DESTACADO',1),(412,'ESCUCHAR',1),(413,'RADIOS',1),(414,'RANKING',1),(415,'NOTAS_MAS_VISITADAS',1),(416,'MAS_VIDEOS',1),(417,'BIENVENIDO',1),(418,'MENSAJES',1),(419,'FAVORITOS',1),(420,'SALIR',1),(421,'MIS_DATOS',1),(422,'MIS_COMPRAS',1),(423,'REGISTRARME',1),(424,'VOTOS',1),(425,'IMAGENES_DISPONIBLES',1),(426,'VIDEOS_RELACIONADOS',1),(427,'DEJA_COMENTARIO',1),(428,'ENVIAR_COMENTARIO',1),(429,'VISUALIZACIONES',1),(430,'RESULTADO_BUSQUEDA',1),(431,'PALABRA',1),(432,'AMPLIAR_IMAGEN',1),(433,'LUGARES_TANGO',1),(434,'FESTIVALES',1),(435,'ULTIMOS_CARGADOS',1),(436,'MAS_ANTIGUOS',1),(437,'POR_ALFABETO',1),(438,'AVATAR',1),(439,'REPITE',1),(440,'INTERESES',1),(441,'WEB',1),(442,'ALMACEN',1),(443,'PRODUCTOS_RELACIONADOS',1),(444,'COMPRAR',1),(445,'TE_AHORRASTE',1),(446,'LOGUEAR_P_COMPRAR',1),(447,'NO_CARRITO',1),(448,'VER_RELACIONADOS',1),(449,'COLOR',1),(450,'RELACIONADA',1),(451,'NO',1),(452,'TV_ONLINE',1),(453,'VOLVER_LISTA_RADIOS',1),(454,'VOLVER_LISTA_TUBE',1),(455,'TANGOTUBE',1),(456,'COMPRAS_PENDIENTES',1),(457,'SELECCIONE_CATEGORIA',1),(458,'MUSICA',1),(459,'FOTOS',1),(460,'PELICULAS',1),(461,'LUEGO',1),(462,'CRITERIO',1),(463,'ORDENAR',1),(464,'LOGUEAR_P_COMENTAR',1),(465,'COMPRA',1),(466,'ACTUAL',1),(467,'AGENDA_DE_EVENTOS',1),(468,'PAGINAS',1),(469,'ENVIAR_NOTICIA',1),(470,'REMITENTE',1),(471,'COMENTARIO',1),(472,'RECORDAR_MI_CLAVE',1),(473,'DESDE',1),(474,'DATOS_PRIVADOS',1),(475,'MIS_COMENTARIOS',1),(476,'CAMBIAR',1),(477,'TXT_CONDICIONES_COMPRA',1),(478,'LOGIN',1),(479,'NOTA_AVISO_COMENTARIO',1),(480,'SOLO_EXTENSIONES',1),(481,'SELECCIONE_NUEVO_ARCHIVO',1),(482,'EL_CAMPO',1),(483,'ES_OBLIGATORIO',1),(484,'MAIL_INVALIDO',1),(485,'CONTRASENA_IGUAL',1),(486,'PAGINA_REQUIERE_ARCHIVO',1),(487,'COMENTARIO_DENUNCIADO',1),(488,'CANTIDAD_MAS_CERO',1),(489,'ELEGIR_ITEM',1),(490,'GRACIAS_VOTAR',1),(491,'VER_NOTA_COMPLETA',1),(492,'ARTISTAS_ANTERIORES',1),(493,'DATOS_ACTUALIZADOS',1),(494,'DATOS_CARGADOS',1),(495,'NO_USUARIO_MAIL',1),(496,'CONTRASENA_ENVIADA',1),(497,'ENVIAR_POSTAL',1),(498,'POSTALES',1),(499,'POSTAL',1),(500,'ITEM',1),(501,'FINALIZAR',1),(502,'TEXTODETANGOTUBE',1),(503,'SUBTITULO_TANGOTRAVEL',1),(504,'SUBRADIOS',1),(505,'SUBTUBE',1),(506,'NOTA_GEOTANGO',1),(507,'EXTRA',1),(508,'ASIGNADO_A',1),(509,'TICKETS',1),(510,'MENSAJE',1),(511,'RESPUESTA',1),(512,'VALIDAR',1),(513,'SUB_LETRAS',1),(514,'AVISOS',1),(515,'MONEDAS',1),(516,'TIEMPO_ASIGNADO',1),(517,'MIS_MENSAJES',1),(518,'ALMACENADOS',1),(519,'CONTESTAR',1),(520,'REENVIAR',1),(521,'DESTINATARIO',1),(522,'INTERNOS',1),(523,'RECIBIDOS',1),(524,'ENVIADOS',1),(525,'COSAS_P_HACER',1),(526,'AGREGAR_NUEVO_RECORDATORIO',1),(527,'ELIMINAR_RECORDATORIO',1),(528,'ULTIMOS',1),(529,'TAREAS_PENDIENTES',1),(530,'TICKET',1),(531,'TICKETS_ABIERTOS',1),(532,'RESUMEN_VENTAS',1),(533,'VENTAS_HOY',1),(534,'VENTAS_AYER',1),(535,'VENTAS_SEMANA',1),(536,'TOP_5_PRODUCTOS',1),(537,'ARTICULOS_VENDIDOS',1),(538,'USER_ONLINE',1),(539,'DETALLE_NOTA',1),(540,'AVISO_EXITOSO',1),(541,'AVISO_NOEXITOSO',1),(542,'ASIGNAR_A_FACTURA',1),(543,'FECHA_PAGO',1),(544,'NUMERO_MOVIMIENTO',1),(545,'INFORMAR',1),(546,'PAGO',1),(547,'FACTURAS_VENCER',1),(548,'FACTURAS_PENDIENTES',1),(549,'PRESUPUESTOS_ACTIVOS',1),(550,'NUEVO_CLIENTE',1),(551,'REGISTRATE',1),(552,'EL_MAIL',1),(553,'YA_EXISTE_EN_BD',1),(554,'USE_OTRO_MAIL_CONTACTO',1),(555,'ESTIMADO',1),(556,'ENVIAMOS_REGISTRACION',1),(557,'REVISE_SU_CASILLA',1),(558,'GRACIAS_REGISTRARSE',1),(559,'SALUDOS_CORDIALES',1),(560,'AYUDA_REGISTRO',1),(561,'ACTIVADO_LOGUEAR',1),(562,'FACTURA_ENVIADA_USUARIOS',1),(563,'ENVIAR_COMPROBANTE',1),(564,'CARGO_MEDIO_ENTREGA',1),(565,'CARGO_MEDIO_PAGO',1),(566,'ACTUALIZACION_DATOS',1),(567,'CLAVE_NO_MODIFICADA',1),(568,'CONSERVAR_CLAVE_ANTERIOR',1),(569,'REGISTRO_CLIENTE',1),(570,'REPITA',1),(571,'NO_EXISTE_MAIL',1),(572,'RESETEAR_CONTRASENA',1),(573,'NUEVA_CONTRASENA',1),(574,'REPITE_CONTRASENA',1),(575,'CONTRASENA_NO_VACIA',1),(576,'CONTRASENA_CAMBIO',1),(577,'UTILICE_CONTRA_NUEVA',1),(579,'NO_COINCIDEN_DATOS',1),(580,'NO_COINCIDEN_DATOS',1),(581,'ACEPTADO',1),(582,'FACTURA_ENVIADA_USUARIOS_NO',1),(583,'PORCENTAJE_SEGURO_MEDIO_ENTREGA',1),(584,'CANTIDAD_SOLICITADA',1),(585,'SUPERA_STOCK',1),(586,'SUGERIMOS_COMUNICARSE',1),(587,'AGREGAR_PROYECTO',1),(588,'AGREGAR_TICKET',1),(589,'VERIFICA_CONTRA',1),(590,'EDITAR',1),(591,'CONTRASENA_ANTERIOR',1),(592,'DATOS_PERSONALES',1),(593,'LOGOUT',1),(594,'PERFIL',1),(595,'GALERIA_VIDEO',1),(596,'GALERIA_AUDIO',1),(597,'PROGRAMADA',1),(598,'PROGRAMADO',1),(599,'URL_EXTERNA',1),(600,'SEGUNDO_NIVEL',1),(601,'CLAVE_INGRESADA_INCORRECTA',1),(602,'GRUPO',1),(603,'NINGUNO',1),(604,'CONFIRMA_TRADUCIR_TODO',1),(605,'ACCIONES',1),(606,'PRODUCTOS',1),(607,'HOME',1),(608,'REPRESUPUESTAR',1),(609,'SUCURSAL',1),(610,'SUCURSALES',1),(611,'ENLACE',1),(612,'TABLA',1),(613,'ALIAS',1),(614,'DINAMICO',1),(615,'METATAGS',1),(616,'CADENA',1),(617,'TRADUCCION',1),(618,'CONFIRM',1),(619,'BANNERS',1),(620,'ZONA',1),(621,'DESTINO',1),(622,'MENU',1),(623,'PREGUNTA',1),(624,'FORMULARIO_MAIL_SE_ENVIO',1),(625,'ESPERE_MOMENTO',1),(626,'FORMULARIO_MAIL_NO_SE_ENVIO',1);

--
-- Table structure for table `config_traduccion_palabras`
--

CREATE TABLE `config_traduccion_palabras` (
  `config_traduccion_palabras_id` int(10) unsigned NOT NULL AUTO_INCREMENT,
  `config_idioma_id` int(10) unsigned NOT NULL,
  `config_traduccion_id` int(10) unsigned NOT NULL,
  `cadena` varchar(255) CHARACTER SET latin1 COLLATE latin1_general_ci DEFAULT NULL,
  PRIMARY KEY (`config_traduccion_palabras_id`,`config_idioma_id`),
  KEY `config_traduccion_palabras_FKIndex1` (`config_traduccion_id`),
  KEY `config_traduccion_palabras_FKIndex2` (`config_idioma_id`),
  FULLTEXT KEY `cadena` (`cadena`)
) ENGINE=MyISAM AUTO_INCREMENT=51793 DEFAULT CHARSET=latin1;

--
-- Dumping data for table `config_traduccion_palabras`
--



--
-- Table structure for table `crm_contenido`
--

CREATE TABLE `crm_contenido` (
  `crm_contenido_id` int(10) unsigned NOT NULL AUTO_INCREMENT,
  `fecha_creado` int(10) unsigned DEFAULT NULL,
  `fecha_edit` int(10) unsigned DEFAULT NULL,
  `prioridad` int(10) unsigned DEFAULT NULL,
  `coordenadas` varchar(255) DEFAULT NULL,
  `autor` varchar(255) DEFAULT NULL,
  `fuente` varchar(255) DEFAULT NULL,
  `url_ext` varchar(255) DEFAULT NULL,
  `estado` tinyint(3) unsigned DEFAULT '1',
  `fecha_prog` tinyint(3) unsigned DEFAULT NULL,
  `comentarios` tinyint(3) unsigned DEFAULT '1',
  `gal_foto` tinyint(3) unsigned DEFAULT '1',
  `gal_vid` tinyint(3) unsigned DEFAULT '1',
  `gal_audio` tinyint(3) unsigned DEFAULT '1',
  `destacado` tinyint(3) unsigned DEFAULT '0',
  `activo` tinyint(3) unsigned DEFAULT '0',
  PRIMARY KEY (`crm_contenido_id`)
) ENGINE=MyISAM AUTO_INCREMENT=146 DEFAULT CHARSET=latin1;

--
-- Dumping data for table `crm_contenido`
--

INSERT INTO `crm_contenido` VALUES (52,1304105535,1304457427,1,NULL,NULL,NULL,NULL,NULL,NULL,0,0,0,0,0,1),(71,1304355165,1304355165,1,NULL,NULL,NULL,NULL,NULL,NULL,0,0,0,0,0,1),(79,1304445980,1304520119,1,NULL,NULL,NULL,NULL,NULL,NULL,0,0,0,0,1,1),(80,1304446090,1304446090,1,NULL,NULL,NULL,NULL,NULL,NULL,0,0,0,0,0,1),(81,1304446221,1304520075,1,NULL,NULL,NULL,NULL,NULL,NULL,0,0,0,0,0,1),(82,1304446397,1304446397,1,NULL,NULL,NULL,NULL,NULL,NULL,0,0,0,0,0,1),(83,1304446548,1304446548,1,NULL,NULL,NULL,NULL,NULL,NULL,0,0,0,0,0,1),(84,1304446758,1304521960,1,NULL,NULL,NULL,NULL,NULL,NULL,0,0,0,0,0,1),(85,1304447352,1304447352,1,NULL,NULL,NULL,NULL,NULL,NULL,0,0,0,0,0,1),(86,1304447472,1304447610,1,NULL,NULL,NULL,NULL,NULL,NULL,0,0,0,0,0,1),(87,1304447772,1304516889,1,NULL,NULL,NULL,NULL,NULL,NULL,0,0,0,0,1,1),(88,1304448097,1304520899,1,NULL,NULL,NULL,NULL,NULL,NULL,0,0,0,0,1,1),(89,1304448197,1304521388,1,NULL,NULL,NULL,NULL,NULL,NULL,0,0,0,0,1,1),(90,1304448845,1304450135,1,NULL,NULL,NULL,NULL,NULL,NULL,0,0,0,0,0,1),(91,1304456259,1304457363,1,NULL,NULL,NULL,NULL,NULL,NULL,0,0,0,0,0,1),(92,1304457579,1304457579,1,NULL,NULL,NULL,NULL,NULL,NULL,0,0,0,0,0,1),(94,1304523687,1304523687,1,NULL,NULL,NULL,NULL,NULL,NULL,0,0,0,0,0,1),(95,1304523706,1304523706,1,NULL,NULL,NULL,NULL,NULL,NULL,0,0,0,0,0,1),(96,1304523724,1304523724,1,NULL,NULL,NULL,NULL,NULL,NULL,0,0,0,0,0,1),(97,1304523739,1304523739,1,NULL,NULL,NULL,NULL,NULL,NULL,0,0,0,0,0,1),(98,1304523757,1304523757,1,NULL,NULL,NULL,NULL,NULL,NULL,0,0,0,0,0,1),(99,1304523818,1304523818,1,NULL,NULL,NULL,NULL,NULL,NULL,0,0,0,0,0,1),(100,1304523839,1304523839,1,NULL,NULL,NULL,NULL,NULL,NULL,0,0,0,0,0,1),(101,1304523867,1304523867,1,NULL,NULL,NULL,NULL,NULL,NULL,0,0,0,0,0,1),(102,1304523908,1304523908,1,NULL,NULL,NULL,NULL,NULL,NULL,0,0,0,0,0,1),(103,1304523936,1304523936,1,NULL,NULL,NULL,NULL,NULL,NULL,0,0,0,0,0,1),(104,1304523954,1304523954,1,NULL,NULL,NULL,NULL,NULL,NULL,0,0,0,0,0,1),(105,1304524044,1304524044,1,NULL,NULL,NULL,NULL,NULL,NULL,0,0,0,0,0,1),(106,1304524064,1304524064,1,NULL,NULL,NULL,NULL,NULL,NULL,0,0,0,0,0,1),(107,1304524084,1304524084,1,NULL,NULL,NULL,NULL,NULL,NULL,0,0,0,0,0,1),(108,1304524099,1304524099,1,NULL,NULL,NULL,NULL,NULL,NULL,0,0,0,0,0,1),(109,1304524116,1304524116,1,NULL,NULL,NULL,NULL,NULL,NULL,0,0,0,0,0,1),(110,1305126678,1305133743,1,NULL,NULL,NULL,NULL,NULL,NULL,0,0,0,0,0,0),(111,1305133880,1305134015,1,NULL,NULL,NULL,NULL,NULL,NULL,0,0,0,0,0,0),(112,1305134156,1305136880,1,NULL,NULL,NULL,NULL,NULL,NULL,0,0,0,0,0,0),(116,1305137063,1305138290,1,NULL,NULL,NULL,NULL,NULL,NULL,0,0,0,0,0,0),(117,1307738965,1307986408,1,NULL,NULL,NULL,NULL,NULL,NULL,0,0,0,0,0,0),(118,1312472060,1314818900,1,NULL,NULL,NULL,NULL,NULL,NULL,0,0,0,0,0,0),(119,1314208510,1315863856,1,NULL,NULL,NULL,NULL,NULL,NULL,0,0,0,0,0,0),(120,1318443345,1318444260,1,NULL,NULL,NULL,NULL,NULL,NULL,0,0,0,0,0,0),(121,1318443816,1318443908,1,NULL,NULL,NULL,NULL,NULL,NULL,0,0,0,0,0,0),(122,1320785658,1320785658,1,NULL,NULL,NULL,NULL,NULL,NULL,0,0,0,0,0,0),(123,1321891484,1321891484,1,NULL,NULL,NULL,NULL,NULL,NULL,0,0,0,0,0,0),(124,1331557847,1331558052,1,NULL,NULL,NULL,NULL,NULL,NULL,0,0,0,0,0,0),(125,1367865092,1367865092,1,NULL,NULL,NULL,NULL,NULL,NULL,0,0,0,0,0,0),(126,1368192838,1368192838,1,NULL,NULL,NULL,NULL,NULL,NULL,0,0,0,0,0,0),(127,1368458430,1368458430,1,NULL,NULL,NULL,NULL,NULL,NULL,0,0,0,0,0,0),(128,1381347304,1381348394,1,NULL,NULL,NULL,NULL,NULL,NULL,0,0,0,0,0,0),(129,1382552973,1464727771,1,NULL,NULL,NULL,NULL,NULL,NULL,0,0,0,0,0,0),(134,1456258063,1456258063,1,NULL,NULL,NULL,NULL,NULL,NULL,0,0,0,0,0,0),(132,1395936997,1395936997,1,NULL,NULL,NULL,NULL,NULL,NULL,0,0,0,0,0,0),(133,1396551413,1396551601,1,NULL,NULL,NULL,NULL,NULL,NULL,0,0,0,0,0,0),(135,1464232212,1464232212,1,NULL,NULL,NULL,NULL,NULL,NULL,0,0,0,0,0,0),(136,1464708422,1464708522,1,NULL,NULL,NULL,NULL,NULL,NULL,0,0,0,0,0,0),(137,1473697982,1473698431,1,NULL,NULL,NULL,NULL,NULL,NULL,0,0,0,0,0,1),(138,1473698061,1473698479,1,NULL,NULL,NULL,NULL,NULL,NULL,0,0,0,0,0,1),(139,1473698152,1473698152,1,NULL,NULL,NULL,NULL,NULL,NULL,0,0,0,0,0,1),(140,1473706421,1473788917,1,NULL,NULL,NULL,NULL,NULL,NULL,0,0,0,0,0,1),(141,1473706854,1474643385,1,NULL,NULL,NULL,NULL,NULL,NULL,0,0,0,0,0,1),(142,1474643024,1474643055,1,NULL,NULL,NULL,NULL,NULL,NULL,0,0,0,0,0,1),(143,1474643243,1475585144,1,NULL,NULL,NULL,NULL,NULL,NULL,0,0,0,0,0,1),(144,1475585057,1475585082,1,NULL,NULL,NULL,NULL,NULL,NULL,0,0,0,0,0,1),(145,1483989693,1483989910,1,NULL,NULL,NULL,NULL,NULL,NULL,0,0,0,0,0,1);

--
-- Table structure for table `crm_contenido_categoria`
--

CREATE TABLE `crm_contenido_categoria` (
  `crm_contenido_categoria_id` int(10) unsigned NOT NULL AUTO_INCREMENT,
  `crm_contenido_categoria_crm_contenido_categoria_id` int(10) DEFAULT NULL,
  `color` varchar(25) DEFAULT NULL,
  `fecha_creado` int(10) unsigned DEFAULT NULL,
  `orden` int(11) DEFAULT NULL,
  `activo` tinyint(3) unsigned DEFAULT NULL,
  PRIMARY KEY (`crm_contenido_categoria_id`),
  KEY `contenido_categoria_FKIndex1` (`crm_contenido_categoria_crm_contenido_categoria_id`)
) ENGINE=MyISAM AUTO_INCREMENT=82 DEFAULT CHARSET=latin1;

--
-- Dumping data for table `crm_contenido_categoria`
--

INSERT INTO `crm_contenido_categoria` VALUES (74,NULL,NULL,1299175074,NULL,1);

--
-- Table structure for table `crm_contenido_categoria_parametro`
--

CREATE TABLE `crm_contenido_categoria_parametro` (
  `crm_contenido_categoria_parametro_id` int(10) unsigned NOT NULL AUTO_INCREMENT,
  `crm_contenido_parametro_id` int(10) unsigned NOT NULL,
  `crm_contenido_categoria_id` int(10) unsigned NOT NULL,
  PRIMARY KEY (`crm_contenido_categoria_parametro_id`),
  KEY `crm_contenido_parametro_FKIndex1` (`crm_contenido_categoria_id`),
  KEY `crm_contenido_categoria_parametro_FKIndex2` (`crm_contenido_parametro_id`)
) ENGINE=MyISAM AUTO_INCREMENT=466 DEFAULT CHARSET=latin1 ROW_FORMAT=FIXED;

--
-- Dumping data for table `crm_contenido_categoria_parametro`
--

INSERT INTO `crm_contenido_categoria_parametro` VALUES (463,451,75),(464,451,74),(465,453,74);

--
-- Table structure for table `crm_contenido_categoria_thumb`
--

CREATE TABLE `crm_contenido_categoria_thumb` (
  `crm_contenido_categoria_thumb_id` int(10) unsigned NOT NULL AUTO_INCREMENT,
  `nombre` varchar(255) DEFAULT NULL,
  `tamanio` varchar(255) DEFAULT NULL,
  `carpeta` varchar(255) DEFAULT NULL,
  `activo` tinyint(3) unsigned DEFAULT NULL,
  PRIMARY KEY (`crm_contenido_categoria_thumb_id`),
  FULLTEXT KEY `nombre` (`nombre`)
) ENGINE=MyISAM AUTO_INCREMENT=21 DEFAULT CHARSET=latin1;

--
-- Dumping data for table `crm_contenido_categoria_thumb`
--


--
-- Table structure for table `crm_contenido_categoria_x_crm_contenido_categoria_thumb`
--

CREATE TABLE `crm_contenido_categoria_x_crm_contenido_categoria_thumb` (
  `crm_contenido_categoria_id` int(10) unsigned NOT NULL,
  `crm_contenido_categoria_thumb_id` int(10) unsigned NOT NULL,
  PRIMARY KEY (`crm_contenido_categoria_id`,`crm_contenido_categoria_thumb_id`),
  KEY `FKIndex1` (`crm_contenido_categoria_id`),
  KEY `FKIndex2` (`crm_contenido_categoria_thumb_id`)
) ENGINE=MyISAM DEFAULT CHARSET=latin1 ROW_FORMAT=FIXED;

--
-- Dumping data for table `crm_contenido_categoria_x_crm_contenido_categoria_thumb`
--


--
-- Table structure for table `crm_contenido_comentario`
--

CREATE TABLE `crm_contenido_comentario` (
  `crm_contenido_comentario_id` int(10) unsigned NOT NULL AUTO_INCREMENT,
  `crm_contenido_comentario_id_2` int(10) unsigned NOT NULL,
  `crm_contenido_id` int(10) unsigned NOT NULL,
  `usuario_id` int(10) unsigned NOT NULL,
  `fecha_alta` int(10) unsigned DEFAULT NULL,
  `autor_ip` varchar(255) DEFAULT NULL,
  `autor_agent` text,
  `comentario` text,
  `autor_mail` varchar(255) DEFAULT NULL,
  `autor_nombre` varchar(255) DEFAULT NULL,
  `activo` int(10) unsigned DEFAULT NULL,
  PRIMARY KEY (`crm_contenido_comentario_id`),
  KEY `crm_contenido_comentario_FKIndex2` (`crm_contenido_id`),
  KEY `crm_contenido_comentario_FKIndex3` (`crm_contenido_comentario_id_2`),
  KEY `usuario_id` (`usuario_id`)
) ENGINE=MyISAM AUTO_INCREMENT=39 DEFAULT CHARSET=latin1;

--
-- Dumping data for table `crm_contenido_comentario`
--


--
-- Table structure for table `crm_contenido_files`
--

CREATE TABLE `crm_contenido_files` (
  `crm_contenido_files_id` int(10) unsigned NOT NULL AUTO_INCREMENT,
  `tipo` int(10) unsigned DEFAULT NULL,
  `fecha_creado` int(10) unsigned DEFAULT NULL,
  `fuente` varchar(255) DEFAULT NULL,
  `archivo` varchar(255) DEFAULT NULL,
  `thumb_vid` varchar(255) DEFAULT NULL,
  `keyword` varchar(255) DEFAULT NULL,
  `libreria` tinyint(4) unsigned DEFAULT NULL,
  `autor` varchar(255) DEFAULT NULL,
  `orden` int(11) DEFAULT NULL,
  `interprete` varchar(255) DEFAULT NULL,
  `activo` tinyint(3) unsigned DEFAULT NULL,
  PRIMARY KEY (`crm_contenido_files_id`)
) ENGINE=MyISAM AUTO_INCREMENT=279 DEFAULT CHARSET=latin1;

--
-- Dumping data for table `crm_contenido_files`
--

INSERT INTO `crm_contenido_files` VALUES (219,NULL,1305126678,NULL,'CMS_1305109260375_GUAGUA_NUEVA_004.jpg',NULL,NULL,0,NULL,NULL,NULL,1),(222,NULL,1305133880,NULL,'CMS_1305112676609_dinning11024x768.jpg','1',NULL,0,NULL,NULL,NULL,1),(226,NULL,1305134448,NULL,'CMS_1305113367343_mapa_casa_sol.jpg','1',NULL,0,NULL,NULL,NULL,1),(248,NULL,NULL,NULL,'CMS_1305115808593_1294757993_3673533.jpg',NULL,NULL,0,NULL,NULL,NULL,1),(249,NULL,1305137063,NULL,'CMS_1305115851609_CMS_1288774161312_Foto_1_copia.jpg',NULL,NULL,0,NULL,NULL,NULL,1),(250,NULL,1307738965,NULL,'CMS_1307738795883SaloneInternazionale.jpg',NULL,NULL,0,NULL,NULL,NULL,1),(251,NULL,1312472060,NULL,'CMS_1312471736710LazySusanp37.jpg',NULL,NULL,0,NULL,NULL,NULL,1),(252,NULL,1314208510,NULL,'CMS_1315863830979invitacion.jpg',NULL,NULL,0,NULL,NULL,NULL,1),(253,NULL,1318443345,NULL,'CMS_1318443079624photoimg8697.jpg',NULL,NULL,0,NULL,NULL,NULL,1),(254,NULL,1318443816,NULL,'CMS_1318443840627MarchesaPalatialGardenwebCROPPED.jpg',NULL,NULL,0,NULL,NULL,NULL,1),(255,1,1320785658,NULL,'CMS_1320785372087photopalaciosems2.jpg',NULL,NULL,0,NULL,NULL,NULL,1),(256,1,1321891485,NULL,'CMS_1321891363772InvitacionNavidadPalaciosWEB.jpg',NULL,NULL,0,NULL,NULL,NULL,1),(257,NULL,1331557847,NULL,'CMS_1331557897963logokartell.jpg',NULL,NULL,0,NULL,NULL,NULL,1),(258,1,1367865092,NULL,'CMS_1367864582927TAGVENTAWEB.jpg',NULL,NULL,0,NULL,NULL,NULL,1),(259,1,1368192838,NULL,'CMS_1368192386476Savethedate2013.1.jpg',NULL,NULL,0,NULL,NULL,NULL,1),(260,1,1368458430,NULL,'CMS_1368458255591BeatrizMarti.jpg',NULL,NULL,0,NULL,NULL,NULL,1),(261,NULL,1381347305,NULL,'CMS_1381346598328SAVEopening2013PUERTORICO2.jpg',NULL,NULL,0,NULL,NULL,NULL,1),(262,NULL,1382552973,NULL,'CMS_1464630609075asd.jpg',NULL,NULL,0,NULL,NULL,NULL,1),(263,NULL,1394114773,NULL,'CMS_1394114743555Assouline.jpg',NULL,NULL,0,NULL,NULL,NULL,1),(264,1,1395936870,NULL,'CMS_1395932833171window2.JPG',NULL,NULL,0,NULL,NULL,NULL,1),(265,1,1395936997,NULL,'CMS_1395933276381window1.JPG',NULL,NULL,0,NULL,NULL,NULL,1),(266,NULL,1396551413,NULL,'CMS_1396547426912EntradaKartell.jpg',NULL,NULL,0,NULL,NULL,NULL,1),(267,1,1456258063,NULL,'CMS_1456257970752IMG0018.JPG',NULL,NULL,0,NULL,NULL,NULL,1),(268,1,1464232212,NULL,'CMS_1464232109468IMG0239.JPG',NULL,NULL,0,NULL,NULL,NULL,1),(269,NULL,1464708422,NULL,'CMS_1464708456694FullSizeRender3.jpg',NULL,NULL,0,NULL,NULL,NULL,1),(270,NULL,1473697982,NULL,NULL,NULL,NULL,0,NULL,NULL,NULL,1),(271,NULL,1473698061,NULL,NULL,NULL,NULL,0,NULL,NULL,NULL,1),(272,1,1473698152,NULL,NULL,NULL,NULL,0,NULL,NULL,NULL,1),(273,NULL,1473706421,NULL,NULL,NULL,NULL,0,NULL,NULL,NULL,1),(274,NULL,1473706854,NULL,NULL,NULL,NULL,0,NULL,NULL,NULL,1),(275,NULL,1474643024,NULL,NULL,NULL,NULL,0,NULL,NULL,NULL,1),(276,NULL,1474643243,NULL,NULL,NULL,NULL,0,NULL,NULL,NULL,1),(277,NULL,1475585057,NULL,NULL,NULL,NULL,0,NULL,NULL,NULL,1),(278,NULL,1483989693,NULL,NULL,NULL,NULL,0,NULL,NULL,NULL,1);

--
-- Table structure for table `crm_contenido_files_x_config_idioma`
--

CREATE TABLE `crm_contenido_files_x_config_idioma` (
  `config_idioma_id` int(10) unsigned NOT NULL,
  `crm_contenido_files_id` int(10) unsigned NOT NULL,
  `titulo` varchar(255) DEFAULT NULL,
  `copete` varchar(255) DEFAULT NULL,
  `detalle` text,
  PRIMARY KEY (`config_idioma_id`,`crm_contenido_files_id`),
  KEY `config_idioma_has_crm_contenido_files_FKIndex1` (`config_idioma_id`),
  KEY `config_idioma_has_crm_contenido_files_FKIndex2` (`crm_contenido_files_id`),
  FULLTEXT KEY `titulo` (`titulo`)
) ENGINE=MyISAM DEFAULT CHARSET=latin1;

--
-- Dumping data for table `crm_contenido_files_x_config_idioma`
--

INSERT INTO `crm_contenido_files_x_config_idioma` VALUES (87,0,'ljk','lkh',NULL),(87,219,'Country Verticals','Según nos explica Wilfredo Díaz, propietario de Country Verticals, debido a la gran acogida que ha tenido el servicio, esta es la segunda unidad rodante que crea ya que la primera lleva poco más de un año en el mercado y fue auspiciada por  Vertilux.',NULL),(87,221,'Componexpo','Componexpo - Salón de Componentes, Semielaborados y Accesorios para la Industria del Mueble, la Madera y el Interiorismo',NULL),(87,222,'Componexpo','Componexpo - Salón de Componentes, Semielaborados y Accesorios para la Industria del Mueble, la Madera y el Interiorismo',NULL),(87,223,'Concepto Baño Barcelona','Concepto Baño Barcelona. Escaparate de las últimas tendencias El diseño, la tecnología y la vanguardia son los ejes sobre los que se vertebra la oferta de Concepto Baño. Una cita imprescindible para estar al día en las últimas tendencias.',NULL),(87,224,'Concepto Baño Barcelona','Concepto Baño Barcelona. Escaparate de las últimas tendencias El diseño, la tecnología y la vanguardia son los ejes sobre los que se vertebra la oferta de Concepto Baño. Una cita imprescindible para estar al día en las últimas tendencias.',NULL),(87,225,'tes',NULL,NULL),(87,226,'tes',NULL,NULL),(87,240,'ljk','lkh',NULL),(87,241,'ljk','lkh',NULL),(87,242,'ljk','lkh',NULL),(87,243,'ljk','lkh',NULL),(87,244,'ljk','lkh',NULL),(87,245,'ljk','lkh',NULL),(87,246,'ljk','lkh',NULL),(87,247,'ljk','lkh',NULL),(87,248,'Concepto Baño Barcelona','Concepto Baño Barcelona. Escaparate de las últimas tendencias El diseño, la tecnología y la vanguardia son los ejes sobre los que se vertebra la oferta de Concepto Baño. Una cita imprescindible para estar al día en las últimas tendencias.',NULL),(87,249,'SOFÍA LICEAGA | DE VUELTA A CASA','Presidenta entrante del CODDI',NULL),(87,250,'Salone Internazionale del Mobile 2011','Viendo las nuevas tendencias',NULL),(87,251,'We are crazy about our new collectible coffee table books!',NULL,NULL),(87,252,'TRADE SHOW AT PALACIOS',NULL,NULL),(87,253,'Tiempo y Diseño','Por: Maribella Martínez Bousquet\r\nPublicado en Magacin, de El Nuevo Dia\r\n',NULL),(87,254,'UNA PIEZA PARA CADA OCASION','Por Eileen Rivera Esquilín \r\nPublicado en El Nuevo Dia, 12 de octubre de 2011\r\n',NULL),(87,255,'Christmas Collection 2011','Palacios te presenta la nueva coleccion para esta Navidad.',NULL),(87,256,'Martes, 22 de noviembre... Santa Claus visitara Palacios ','De 1:00pm a 3:00pm\r\nTrae a tus ninos y nietos!!!',NULL),(87,257,'KARTELL Seminannual Sale!!!!!','Aprovecha este especial del 7 al 19 de marzo de 2012',NULL),(87,258,'SUMMER SALE!!!','Aprovecha un 20 - 60% de descuento!!',NULL),(87,259,'Kartell Reception in NYC','May 20th, 2013\r\n6:00 - 9:00PM',NULL),(87,260,'Beatriz Marti','787.431.5538\r\nbeatrizmarti@msn.com\r\n',NULL),(87,261,'Kartell Flagship Store opening ','November 7, 2013\r\n11:00am to 3:00pm\r\n',NULL),(87,262,'Ileana Palacios','Biografía',NULL),(87,263,'ASSOULINE','The Most Sophisticated Books In The World! Come and visit our Book Department!',NULL),(87,264,'Palacios Windows','We have delightful pieces to create your perfect space. Visit us!',NULL),(87,265,'Palacios Windows','Come, visit our store.',NULL),(87,266,'Kartell Flagship Store',NULL,NULL),(87,267,'Palacio\'s 20th Anniversary, Come & Join Us',NULL,NULL),(87,268,'Become a design member',NULL,NULL),(87,269,'Palacio\'s 20th Anniversary Celebration',NULL,NULL),(87,270,'We found Margo and her staff to be a pleasure to work with when...',NULL,NULL),(87,273,'We have been satisfied clients of PALACIOS for over 5 years.',NULL,NULL),(87,271,'Janet and Joe TymeckIleana, Sofia, and the entire Palacios...',NULL,NULL),(87,274,'Our experience working with the Palacios team could not have been better.',NULL,NULL),(87,272,'Palacios did a marvelous job creating our lovely home in Bahia...',NULL,NULL),(87,275,'Palacios is a wonderful furniture store. ',NULL,NULL),(87,276,'I met Ileana, Sofia and the Palacios team of experts when I purchased a three-bedroom beach condo in Dorado. ',NULL,NULL),(87,277,'Palacios has been exceptional to work with in every way.',NULL,NULL),(87,278,'Thanks for all of your hard work on this project.',NULL,NULL);

--
-- Table structure for table `crm_contenido_files_x_disco`
--

CREATE TABLE `crm_contenido_files_x_disco` (
  `crm_contenido_files_id` int(10) unsigned NOT NULL,
  `disco_id` int(10) unsigned NOT NULL,
  PRIMARY KEY (`crm_contenido_files_id`,`disco_id`),
  KEY `crm_contenido_files_x_disco_FKIndex1` (`crm_contenido_files_id`),
  KEY `crm_contenido_files_x_disco_FKIndex2` (`disco_id`)
) ENGINE=MyISAM DEFAULT CHARSET=latin1 ROW_FORMAT=FIXED;

--
-- Dumping data for table `crm_contenido_files_x_disco`
--


--
-- Table structure for table `crm_contenido_files_x_disco_tema`
--

CREATE TABLE `crm_contenido_files_x_disco_tema` (
  `crm_contenido_files_id` int(10) unsigned NOT NULL,
  `disco_tema_id` int(10) unsigned NOT NULL,
  PRIMARY KEY (`crm_contenido_files_id`,`disco_tema_id`),
  KEY `crm_contenido_files_x_disco_tema_FKIndex1` (`crm_contenido_files_id`),
  KEY `crm_contenido_files_x_disco_tema_FKIndex2` (`disco_tema_id`)
) ENGINE=MyISAM DEFAULT CHARSET=latin1 ROW_FORMAT=FIXED;

--
-- Dumping data for table `crm_contenido_files_x_disco_tema`
--


--
-- Table structure for table `crm_contenido_parametro`
--

CREATE TABLE `crm_contenido_parametro` (
  `crm_contenido_parametro_id` int(10) unsigned NOT NULL AUTO_INCREMENT,
  `config_idioma_id` int(10) unsigned NOT NULL,
  `crm_contenido_parametro_id_2` int(10) unsigned DEFAULT NULL,
  `titulo` varchar(255) DEFAULT NULL,
  `detalle` varchar(255) DEFAULT NULL,
  `universal` tinyint(4) DEFAULT '0',
  `fecha` tinyint(4) DEFAULT NULL,
  `activo` tinyint(3) unsigned DEFAULT NULL,
  PRIMARY KEY (`crm_contenido_parametro_id`),
  KEY `crm_contenido_categoria_parametro_FKIndex2` (`config_idioma_id`),
  FULLTEXT KEY `titulo` (`titulo`)
) ENGINE=MyISAM AUTO_INCREMENT=454 DEFAULT CHARSET=latin1;

--
-- Dumping data for table `crm_contenido_parametro`
--

INSERT INTO `crm_contenido_parametro` VALUES (451,36,451,'Link',NULL,1,0,1),(452,87,451,'Link',NULL,1,0,1),(453,36,453,'Texto Link',NULL,1,0,1);

--
-- Table structure for table `crm_contenido_x_config_ciudad`
--

CREATE TABLE `crm_contenido_x_config_ciudad` (
  `crm_contenido_id` int(10) unsigned NOT NULL,
  `config_ciudad_id` int(10) unsigned NOT NULL,
  PRIMARY KEY (`crm_contenido_id`,`config_ciudad_id`),
  KEY `crm_contenido_has_config_ciudad_FKIndex1` (`crm_contenido_id`),
  KEY `crm_contenido_has_config_ciudad_FKIndex2` (`config_ciudad_id`)
) ENGINE=MyISAM DEFAULT CHARSET=latin1 ROW_FORMAT=FIXED;

--
-- Dumping data for table `crm_contenido_x_config_ciudad`
--


--
-- Table structure for table `crm_contenido_x_config_idioma`
--

CREATE TABLE `crm_contenido_x_config_idioma` (
  `config_idioma_id` int(10) unsigned NOT NULL,
  `crm_contenido_id` int(10) unsigned NOT NULL,
  `titulo` varchar(255) COLLATE utf8_spanish_ci DEFAULT NULL,
  `copete` varchar(255) COLLATE utf8_spanish_ci DEFAULT NULL,
  `cuerpo` text COLLATE utf8_spanish_ci,
  `meta_permalink` varchar(255) CHARACTER SET latin1 DEFAULT NULL,
  `meta_keyword` varchar(255) CHARACTER SET latin1 DEFAULT NULL,
  `meta_title` varchar(255) CHARACTER SET latin1 DEFAULT NULL,
  `meta_description` varchar(255) CHARACTER SET latin1 DEFAULT NULL,
  PRIMARY KEY (`config_idioma_id`,`crm_contenido_id`),
  KEY `config_idioma_has_contenido_FKIndex1` (`config_idioma_id`),
  KEY `config_idioma_has_contenido_FKIndex2` (`crm_contenido_id`),
  FULLTEXT KEY `titulo` (`titulo`)
) ENGINE=MyISAM DEFAULT CHARSET=utf8 COLLATE=utf8_spanish_ci;

--
-- Dumping data for table `crm_contenido_x_config_idioma`
--

INSERT INTO `crm_contenido_x_config_idioma` VALUES (87,110,'Country Verticals','Según nos explica Wilfredo Díaz, propietario de Country Verticals, debido a la gran acogida que ha tenido el servicio, esta es la segunda unidad rodante que crea ya que la primera lleva poco más de un año en el mercado y fue auspiciada por  Vertilux.','<p>Country Verticals, l&iacute;der en la venta e instalaci&oacute;n de cortinas, cre&oacute;&nbsp; un concepto innovador para este mercado. Consiste en un showroom rodante, donde el cliente tiene la oportunidad de ver modelos reales de las cortinas y sus funciones. El showroom cuenta con monitores que le permiten al cliente ver la variedad de&nbsp; productos para que tenga una visi&oacute;n m&aacute;s amplia e ideas de lo que puede lograr en su residencia.</p>\r\n<p>&nbsp;</p>','Country-Verticals',NULL,'Country Verticals',NULL),(87,111,'Componexpo','Componexpo - Salón de Componentes, Semielaborados y Accesorios para la Industria del Mueble, la Madera y el Interiorismo','<p class=\"separarp\" style=\"margin-top: 16px; margin-bottom: 0px;\">Una vez en Componexpo, todo son facilidades para los visitantes con nuestro sistema de espacios abiertos. Es muy c&oacute;modo visualizar losproductos y las empresas expositoras, pasear entre los pasillos sin m&aacute;s distracci&oacute;n que hacer negocio y localizar aquello que le interese.</p>\r\n<p class=\"separarp\" style=\"margin-top: 16px; margin-bottom: 0px;\">Hacer un alto y tomar un tente en pie en cualquiera de nuestras cafeter&iacute;as, o descansar en las diferentes &aacute;reas habilitadas para ello.</p>\r\n<p>Todos los servicios son gratuitos para los visitantes.</p>\r\n<ul>\r\n<li>Internet Wifi</li>\r\n<li>Cat&aacute;logo</li>\r\n<li>Cafeter&iacute;as ( Acceso libre )</li>\r\n<li>Restaurante ( Con invitaci&oacute;n facilitada por los expositores )</li>\r\n<li>Parking</li>\r\n<li>Sala de Reuniones</li>\r\n</ul>\r\n<p class=\"separarp\" style=\"margin-top: 16px; margin-bottom: 0px;\">Podr&aacute; asistir a las diferentes actividades que se realizar&aacute;n durante el certamen, como charlas, formaci&oacute;n, etc.</p>','Componexpo',NULL,'Componexpo',NULL),(87,112,'Concepto Baño Barcelona','Concepto Baño Barcelona. Escaparate de las últimas tendencias El diseño, la tecnología y la vanguardia son los ejes sobre los que se vertebra la oferta de Concepto Baño. Una cita imprescindible para estar al día en las últimas tendencias.','<p class=\"separarp\" style=\"margin-top: 16px; margin-bottom: 0px;\">El&nbsp;concepto&nbsp;cl&aacute;sico de&nbsp;ba&ntilde;o&nbsp;ha muerto. Este espacio ha evolucionado desde una estancia funcional y de paso, dedicada exclusivamente a la higiene personal, hacia una zona de&nbsp;relax y confort&nbsp;donde pasar largos ratos.</p>\r\n<p class=\"separarp\" style=\"margin-top: 16px; margin-bottom: 0px;\">Concepto Ba&ntilde;o&nbsp;es un nuevo&nbsp;sal&oacute;n, &uacute;nico en&nbsp;Espa&ntilde;a, que focaliza su oferta en el nuevo protagonista de la&nbsp;casa. Un espacio hecho a medida para que las empresas de uno de los sectores m&aacute;s innovadores de laconstrucci&oacute;n&nbsp;muestren sus propuestas a profesionales y p&uacute;blico.</p>\r\n<h4>Plataforma de negocio y comunicaci&oacute;n</h4>\r\n<p class=\"separarp\" style=\"margin-top: 16px; margin-bottom: 0px;\">Concepto Ba&ntilde;o, el&nbsp;Sal&oacute;n Europeo del Ba&ntilde;o, es una efectiva herramienta de comunicaci&oacute;n y marketing y un espacio &uacute;nico para contactar con los principales agentes del sector.</p>','Concepto-Bano-Barcelona',NULL,'Concepto Bano Barcelona',NULL),(87,116,'SOFÍA LICEAGA | DE VUELTA A CASA','Presidenta entrante del CODDI','<p>DecoraOnline.com&nbsp;lleg&oacute; hasta las instalaciones del Colegio de Dise&ntilde;adores y Decoradores (CODDI) para conversar con Sof&iacute;a Liceaga y desearle suerte en su nueva incumbencia como presidenta de esta prestigiosa instituci&oacute;n. A nuestra llegada, nos dimos cuenta de que Sof&iacute;a nos daba la bienvenida a su casa, pues el CODDI para ella es una parte intr&iacute;nseca de quien es ella como persona y como profesional. Su abuela, Ang&eacute;lica Valdelluly, fue parte del grupo fundador&nbsp; y ahora es Sof&iacute;a quien dar&aacute; direcci&oacute;n a las metas de un colegio que la ha visto crecer. Del dise&ntilde;o de interiores, nos comenta que le apasionan los colores brillantes y que muchas veces termina trabajando desde una mesita en su cocina. Para ella, un dise&ntilde;ador o decorador de interiores tiene que guiar a su cliente, &uml;pero la finalidad es complacer al cliente. Que tu cliente quede feliz, contento en el ambiente que t&uacute; le has proporcionado&uml;.</p>\r\n<p>\"La finalidad es complacer al cliente. Que tu cliente quede feliz, contento con el ambiente que t&uacute; le has proporcionado\".<br />Son muchos sus planes y tambi&eacute;n las sorpresas que promete, pues nos dej&oacute; con la curiosidad de saber cu&aacute;les ser&aacute;n algunos de esos proyectos. A&uacute;n as&iacute;, prometi&oacute; contarnos m&aacute;s luego de su primera reuni&oacute;n con su Junta Directiva. As&iacute; que pronto estaremos de vuelta para saber m&aacute;s.</p>\r\n<p><br />Entre lo que s&iacute; nos adelant&oacute;, fue que qued&oacute; tan impresionada con la creatividad en el dise&ntilde;o de muchos mostradores en la convenci&oacute;n del CODDI que, para la pr&oacute;xima, piensa integrar un concurso de dise&ntilde;o de mostradores. Tambi&eacute;n quiere trabajar para que el talento nuevo que entra al Colegio encuentre all&iacute; un lugar de apoyo y oportunidades. Mientras, espera continuar aumentando la presencia de Puerto Rico en el foro internacional del dise&ntilde;o y la decoraci&oacute;n de interiores, pero primero propone traer m&aacute;s recursos interesantes para actividades en la Isla.</p>\r\n<p><br />Sof&iacute;a, &iquest;sigue siendo parte de las metas del CODDI el concienciar para que se dise&ntilde;e pensando en el tr&oacute;pico?<br />&iquest;Qu&eacute; nos puedes comentar acerca de la reciente Convenci&oacute;n del CODDI en el Hotel La Concha?<br />&iquest;Cu&aacute;l fue el resultado m&aacute;s importante que observaste en esta convenci&oacute;n?</p>\r\n<p><br />&uml;&iexcl;S&iacute;, claro! Cada pa&iacute;s debe desarrollar su propio estilo. No debemos copiar el estilo europeo cuando el clima no nos pertenece. Para nosotros es bien importante que se utilicen algodones, hilos; que se utilice la naturaleza, la abundancia de colores, los vientos cruzados, porque para eso somos una isla.&uml;<br />&uml;Primero quiero decirte que esta actividad es un logro del pasado presidente&hellip;me parece que el &eacute;xito de la actividad tiene mucho que ver con el escogido del lugar. Fue un &eacute;xito con relaci&oacute;n a la acogida que tuvo con los suplidores, porque ellos estaban ansiosos de tener un foro donde pudieran tener sus nuevos productos y ense&ntilde;arlos en un sitio tan bonito.&uml;</p>\r\n<p><br />Se me han acercado varios suplidores para felicitarnos&hellip; Lo que se present&oacute; all&iacute; era lo mejor de cada cosa, por ejemplo, de ventanas, puertas, losas&hellip;y eso que te recalco que nos quedamos cortos de espacio.&uml;</p>\r\n<p><br />Sof&iacute;a nos coment&oacute; que muchos exhibidores optaron por al menos tener una presencia al repartir material promocional, luego de que se agotaran los espacios en el sal&oacute;n de exhibici&oacute;n debido al gran inter&eacute;s que mostraron los suplidores locales.</p>','SOFIA-LICEAGA-|-DE-VUELTA-A-CASA',NULL,'SOFIA LICEAGA | DE VUELTA A CASA',NULL),(87,117,'Salone Internazionale del Mobile 2011','Viendo las nuevas tendencias','<p><span style=\"font-family: Times New Roman; font-size: small;\"> </span></p>\r\n<p>Despu&eacute;s de varias horas de vuelo y muy faltas de sue&ntilde;o, llegamos a la capital de la moda... Mil&aacute;n!&nbsp; Una feria espectacularmente concurrida donde no solo hay exhibiciones dentro de la feria pero por todos los alrededores del centro de la ciudad.</p>\r\n<p>Aunque no sea muy f&aacute;cil, tratare de relatarles las tendencias de mentes extraordinarias en tan solo unos p&aacute;rrafos...</p>\r\n<p>Durante a&ntilde;os llevamos pensando que el sof&aacute; contempor&aacute;neo es uno de l&iacute;neas rectas, estrecho y montado sobre patas met&aacute;licas.&nbsp; En el \"Salone\" vimos sof&aacute;s puestos directamente en el piso, grandes, c&oacute;modos pero perfectamente dise&ntilde;ados.</p>\r\n<p>Hace m&aacute;s de 2 a&ntilde;os que vimos en \"Maison el Objet\" en Paris que las maderas se iban aclarando cada vez m&aacute;s hasta llegar a un tono intermedio entre el rubio y el wenge... Al fin pudimos ver la tendencia completa y terminada con la combinaci&oacute;n perfecta de materiales.&nbsp; Estas maderas est&aacute;n puestas sobre bases de hierro oscuro o bronce.&nbsp; Tambi&eacute;n se usan de bases con topes de piedra en marr&oacute;n o blancas.&nbsp; Los tonos son todav&iacute;a m&aacute;s masculinos que el &uacute;ltimo a&ntilde;o. Tonos como el negro, marr&oacute;n, caf&eacute; con leche mezclados con tonos de blanco tiza. Los grises se han tornado m&aacute;s oscuros y la piedra volc&aacute;nica muy en boga.</p>\r\n<p>En el &aacute;rea de los comedores me sorprendi&oacute; ver tantas mesas blancas... mesas de verdad!!!&nbsp; Grandes de 12 a 16 comenzales puramente blancas combinadas con sillas de madera o sillas tapizadas y hasta sillas negras.&nbsp; Muy estilizadas y finitas pero muy largas y \"oversized\".</p>\r\n<p>Nos encanta viajar y aprender y conocer a los dise&ntilde;adores m&aacute;s famosos del mobiliario en estos viajes de trabajo.&nbsp; Me encanta retratar e imaginar todo lo que podemos hacer con lo que compramos. Aunque siempre preparadas para entender que todav&iacute;a serian dise&ntilde;os no aceptados en nuestra isla del encanto. Normalmente estas tendencias tardan alrededor de 1 a&ntilde;o y medio en ser aceptadas pero eso nunca nos detiene.</p>\r\n<p>Siempre compramos y vestimos nuestras vitrinas con lo &uacute;ltimo y lo que est&aacute; en tendencia en el momento exacto de salida.&nbsp; Tanto es as&iacute; que cuando entre a la tienda de vuelta de Mil&aacute;n, lo primero que me encontr&eacute; es la mesa redonda de Alivar totalmente blanca con sus sillas en madera clara ... tal como lo hab&iacute;amos visto solo unos d&iacute;as antes en la feria.</p>\r\n<p>Es un verdadero placer el saber que es posible transmitir lo que vemos en Europa directamente a nuestra tienda Palacios.</p>','Salone-Internazionale-del-Mobile-2011',NULL,'Salone Internazionale del Mobile 2011',NULL),(87,118,'We are crazy about our new collectible coffee table books!',NULL,'<p>Now at Palacios we have books that look great in any area of your home, either in your living room, bedroom or even the kitchen. The variety available allows you to chose according to your style and taste, from fashion books to novels and cooking recipes.</p>\r\n<p>Our corner is waiting for you! Come and take a look!</p>\r\n<p>&nbsp;</p>\r\n<p>&nbsp;</p>','We-are-crazy-about-our-new-collectible-coffee-table-books!',NULL,'We are crazy about our new collectible coffee table books!',NULL),(87,119,'TRADE SHOW AT PALACIOS',NULL,'<p>Join us in a Trade Show with all our exclusive lines on September 29, 2011 from 10 am to 7pm, Cocktails at 4pm at Palacios.</p>\r\n<p>Featuring:</p>\r\n<p>ALIVAR<br />MINIFORMS<br />CIERRE<br />KARTELL<br />MISURAEMME<br />BACCARAT<br />SABA<br />THAYER COGGIN</p>\r\n<p>and more...</p>\r\n<p>&nbsp;</p>','TRADE-SHOW-AT-PALACIOS',NULL,'TRADE SHOW AT PALACIOS',NULL),(87,120,'Tiempo y Diseño','Por: Maribella Martínez Bousquet\r\nPublicado en Magacin, de El Nuevo Dia\r\n','<p>Por motivo de su aniversario n&uacute;mero 16, la tienda Palacios llev&oacute; a  cabo su Trade Show en las facilidades de su majestuosa tienda.  Distinguida por traer a Puerto Rico las l&iacute;neas m&aacute;s exclusivas de muebles  y cristaler&iacute;a fina de Europa y Estados Unidos, para la ocasi&oacute;n recibi&oacute; a  su exclusiva clientela con un ameno y concurrido c&oacute;ctel y as&iacute; celebrar  por primera vez tan importante evento.</p>\r\n<p>En el Trade Show se presentaron las m&aacute;s prestigiosas casas de muebles  contempor&aacute;neas que se encuentran disponibles exclusivamente en  Palacios. Entre las l&iacute;neas participantes se destacaron: Alivar, Cierre,  Kartell, Misuraemme, Miniforms, Saba, Thayer-Coggin, Baccarat y Glas  Italia. Cada una de estas present&oacute; una espectacular vitrina en el  exterior de la tienda y un &aacute;rea dentro de ella con piezas de sus m&aacute;s  recientes colecciones.</p>\r\n<p>&ldquo;Por primera vez en Puerto Rico se expondr&aacute;n en cada una de nuestras  vitrinas y en los espacios del interior de la tienda las tendencias de  las l&iacute;neas europeas del show de Mil&aacute;n. Cada una de nuestras l&iacute;neas  exclusivas tiene en la vitrina un concepto cuyo dise&ntilde;o est&aacute; basado en  las colecciones presentadas en la &uacute;ltima exposici&oacute;n de Mil&aacute;n&rdquo;, coment&oacute;  Ileana Palacios de Mart&iacute;nez, propietaria de Palacios. &ldquo;Estamos sumamente  complacidos de poder llevar a cabo un evento totalmente innovador y  diferente en el mercado de Puerto Rico&rdquo;, a&ntilde;adi&oacute;.</p>\r\n<p>Durante el evento participaron representantes de estas l&iacute;neas. Para  la ocasi&oacute;n tambi&eacute;n se present&oacute; una gran variedad de piezas de Baccarat,  la m&aacute;s exclusiva l&iacute;nea de cristaler&iacute;a francesa. El cristal de Baccarat  jug&oacute; un papel protag&oacute;nico en Mil&aacute;n&nbsp; y demostr&oacute; que es una pieza esencial  dentro del dise&ntilde;o contempor&aacute;neo.</p>\r\n<p>La chef Amelia Fitch del restaurante The Palm del hotel San Juan elabor&oacute; exquisitos piscolabis para compartir con los invitados.</p>','Tiempo-y-Diseno',NULL,'Tiempo y Diseno',NULL),(87,121,'UNA PIEZA PARA CADA OCASION','Por Eileen Rivera Esquilín \r\nPublicado en El Nuevo Dia, 12 de octubre de 2011\r\n','<div id=\"textoNoticia\">\r\n<p>Forman parte de los complementos que debemos tener en casa.  Hay colores, formas y tama&ntilde;os diversos para complacer nuestras  necesidades. Y es que cada estilo de vajilla est&aacute;  destinado para  un  momento en espec&iacute;fico.</p>\r\n<p>En primer lugar, selecciona una  seg&uacute;n  el momento culinario que vayas a celebrar: una cena, un almuerzo o una  merienda con amigos. No es lo mismo, por ejemplo,  utilizar unos platos  de cer&aacute;mica blancos con los bordes dorados que un servicio con  estampados florales. El primero ser&iacute;a fant&aacute;stico para una cena  totalmente formal, mientras que el segundo ser&iacute;a excelente durante una  merienda.</p>\r\n<p>&ldquo;Es muy importante, al momento de escoger una vajilla,  saber qu&eacute; uso se le va a dar.  &iquest;Es para una fiesta  o para el diario?   &iquest;Necesitas m&aacute;s platos de comida o de postre? &iquest;Puede lavarse en m&aacute;quina?  Todas estas preguntas son necesarias al momento de escoger un patr&oacute;n&rdquo;,  destaca Ileana Mart&iacute;nez, de Palacios.</p>\r\n<p>Algunos se preguntar&aacute;n si es  necesario tener tanto una formal como una casual en casa. Pero esto  depender&aacute; de tus gustos o estilo de vida. Si no quieres complicarte,  explica Mart&iacute;nez, puedes seleccionar una con un patr&oacute;n b&aacute;sico que te  sirva tanto para el diario como para recibir invitados.</p>\r\n<p>Si este es tu caso, aseg&uacute;rate que sea una vajilla resistente al uso, para que puedas invertir en  piezas adicionales.</p>\r\n<p>&ldquo;Puedes aumentar el n&uacute;mero de platos de comida y ensalada y tener  menos de sopa y cereal, por ejemplo.  Una vajilla perfecta para este  tipo de uso es una en color blanco.  El blanco puede mezclarse con otros  patrones blancos y con piezas de madera o de plata para darles un uso  m&aacute;s formal&rdquo;, agrega.</p>\r\n<p>Por otro lado, cuando se habla de  materiales, Mart&iacute;nez dice que m&aacute;s que nada, las personas se fijan m&aacute;s en  lo funcional de cada pieza y no en qu&eacute; est&aacute;n hechas. Para muchos, es  importante &ldquo;que las piezas puedan ir a la lavadora de platos&rdquo;.</p>\r\n<p>&ldquo;Hay  l&iacute;neas como  Rosenthal y Lenox que tienen patrones en metal y a&uacute;n as&iacute;  pueden entrar en la m&aacute;quina de lavar. En cuanto a tendencias, se usan  mucho aquellas vajillas que no tienen estampados y se pueden mezclar con  piezas que s&iacute; tengan para servir postre y ensalada&rdquo;, agrega.</p>\r\n<p>Anal&iacute; Guzm&aacute;n, de Stanza, a&ntilde;ade que hay diversas opciones en cuanto a materiales.</p>\r\n<p>&ldquo;Tienes  la &lsquo;bone china&rsquo;, que est&aacute; hecha a base de cuarzo, restos de caol&iacute;n y  cenizas de huesos. Posee un color blanco trasl&uacute;cido muy caracter&iacute;stico y  son de notable resistencia; el gres, que es de color opaco, recomendado  para el uso cotidiano por su consistencia fuerte y dura, y la porcelana  china, con los  mismos  materiales que las &lsquo;bone&rsquo; ,pero sin restos de  huesos, lo que las  hace menos trasl&uacute;cidas. Adem&aacute;s, existe una opci&oacute;n  m&aacute;s ecol&oacute;gica como las fabricadas con madera&rdquo;.</p>\r\n<p><strong>Una vajilla entera</strong></p>\r\n<p>&iquest;Qu&eacute; piezas componen una vajilla completa?</p>\r\n<ul>\r\n<li>Juego de platos (llano, de presentaci&oacute;n, hondos y de postre)</li>\r\n<li>Juego de tazas (para el consom&eacute;, caf&eacute; y t&eacute;)</li>\r\n<li>Adem&aacute;s de estos, debe incluir salseras, soperas, fuentes y bandejas.</li>\r\n<li>Tetera</li>\r\n<li>Plato para mantequilla y pan</li>\r\n<li>Salero y pimentero</li>\r\n<li>Ensaladera</li>\r\n</ul>\r\n<p>Extras: plato para pasta o ensalada, una fuente para bocadillos y sus salsas.</p>\r\n<p>(Fuente: Stanza, en Guaynabo)</p>\r\n<p><strong>Otras recomendaciones</strong></p>\r\n<p>Los platos lisos de color &lsquo;beige&rsquo; o blancos son los preferidos para  cenas o comidas importantes.</p>\r\n<p>Para  el uso diario, se aconseja utilizar una vajilla sin demasiados dise&ntilde;os  para llevarla sin problemas a la lavadora de platos.</p>\r\n<p>Es mejor  reservar las m&aacute;s  elegantes para eventos especiales. Eso s&iacute;, se  recomienda sacar peri&oacute;dicamente la vajilla que no se usa para   acostumbrarla a los cambios de temperatura. Si no vas a emplearla en  mucho tiempo, l&aacute;vala con agua tibia cada tres o cuatro meses para que no  se agriete con el paso del tiempo.</p>\r\n<p><strong>Los b&aacute;sicos para menos presupuesto</strong></p>\r\n<p>Si no podemos adquirir una vajilla completa y compras las piezas sueltas, debes tener:</p>\r\n<ul>\r\n<li>Varios  platos de comida y de ensalada.</li>\r\n<li>Las tazas y &lsquo;bowls&rsquo; de cereal o sopa pueden comprarse en menos cantidad.</li>\r\n<li>Es  importante tener por lo menos tres  piezas de servir: una ovalada para  la carne, una redonda profunda para el arroz, pasta o ensalada y una  redonda plana para alg&uacute;n acompa&ntilde;ante o postre.</li>\r\n</ul>\r\n<p>(Fuente: Ileana Mart&iacute;nez, de Palacios)</p>\r\n</div>','UNA-PIEZA-PARA-CADA-OCASION',NULL,'UNA PIEZA PARA CADA OCASION',NULL),(87,122,'Christmas Collection 2011','Palacios te presenta la nueva coleccion para esta Navidad.','<p>Vis&iacute;tanos, y encontrar&aacute;s exquisitos detalles para decorar tu hogar en esta temporada Navide&ntilde;a.</p>','Christmas-Collection-2011',NULL,'Christmas Collection 2011',NULL),(87,123,'Martes, 22 de noviembre... Santa Claus visitara Palacios ','De 1:00pm a 3:00pm\r\nTrae a tus ninos y nietos!!!',NULL,'Martes-22-de-noviembre-Santa-Claus-visitara-Palacios-',NULL,'Martes 22 de noviembre Santa Claus visitara Palacios ',NULL),(87,124,'KARTELL Seminannual Sale!!!!!','Aprovecha este especial del 7 al 19 de marzo de 2012','<p>Hasta un 15% en todos los productos KARTELL.</p>','KARTELL-Seminannual-Sale!!!!!',NULL,'KARTELL Seminannual Sale!!!!!',NULL),(87,125,'SUMMER SALE!!!','Aprovecha un 20 - 60% de descuento!!','<p><!--[if gte mso 9]><xml> <o:OfficeDocumentSettings> <o:AllowPNG /> </o:OfficeDocumentSettings> </xml><![endif]--></p>\r\n<p><!--[if gte mso 9]><xml> <w:WordDocument> <w:View>Normal</w:View> <w:Zoom>0</w:Zoom> <w:TrackMoves /> <w:TrackFormatting /> <w:PunctuationKerning /> <w:ValidateAgainstSchemas /> <w:SaveIfXMLInvalid>false</w:SaveIfXMLInvalid> <w:IgnoreMixedContent>false</w:IgnoreMixedContent> <w:AlwaysShowPlaceholderText>false</w:AlwaysShowPlaceholderText> <w:DoNotPromoteQF /> <w:LidThemeOther>EN-US</w:LidThemeOther> <w:LidThemeAsian>X-NONE</w:LidThemeAsian> <w:LidThemeComplexScript>X-NONE</w:LidThemeComplexScript> <w:Compatibility> <w:BreakWrappedTables /> <w:SnapToGridInCell /> <w:WrapTextWithPunct /> <w:UseAsianBreakRules /> <w:DontGrowAutofit /> <w:SplitPgBreakAndParaMark /> <w:EnableOpenTypeKerning /> <w:DontFlipMirrorIndents /> <w:OverrideTableStyleHps /> </w:Compatibility> <m:mathPr> <m:mathFont m:val=\"Cambria Math\" /> <m:brkBin m:val=\"before\" /> <m:brkBinSub m:val=\"&#45;-\" /> <m:smallFrac m:val=\"off\" /> <m:dispDef /> <m:lMargin m:val=\"0\" /> <m:rMargin m:val=\"0\" /> <m:defJc m:val=\"centerGroup\" /> <m:wrapIndent m:val=\"1440\" /> <m:intLim m:val=\"subSup\" /> <m:naryLim m:val=\"undOvr\" /> </m:mathPr></w:WordDocument> </xml><![endif]--><!--[if gte mso 9]><xml> <w:LatentStyles DefLockedState=\"false\" DefUnhideWhenUsed=\"true\"   DefSemiHidden=\"true\" DefQFormat=\"false\" DefPriority=\"99\"   LatentStyleCount=\"267\"> <w:LsdException Locked=\"false\" Priority=\"0\" SemiHidden=\"false\"    UnhideWhenUsed=\"false\" QFormat=\"true\" Name=\"Normal\" /> <w:LsdException Locked=\"false\" Priority=\"9\" SemiHidden=\"false\"    UnhideWhenUsed=\"false\" QFormat=\"true\" Name=\"heading 1\" /> <w:LsdException Locked=\"false\" Priority=\"9\" QFormat=\"true\" Name=\"heading 2\" /> <w:LsdException Locked=\"false\" Priority=\"9\" QFormat=\"true\" Name=\"heading 3\" /> <w:LsdException Locked=\"false\" Priority=\"9\" QFormat=\"true\" Name=\"heading 4\" /> <w:LsdException Locked=\"false\" Priority=\"9\" QFormat=\"true\" Name=\"heading 5\" /> <w:LsdException Locked=\"false\" Priority=\"9\" QFormat=\"true\" Name=\"heading 6\" /> <w:LsdException Locked=\"false\" Priority=\"9\" QFormat=\"true\" Name=\"heading 7\" /> <w:LsdException Locked=\"false\" Priority=\"9\" QFormat=\"true\" Name=\"heading 8\" /> <w:LsdException Locked=\"false\" Priority=\"9\" QFormat=\"true\" Name=\"heading 9\" /> <w:LsdException Locked=\"false\" Priority=\"39\" Name=\"toc 1\" /> <w:LsdException Locked=\"false\" Priority=\"39\" Name=\"toc 2\" /> <w:LsdException Locked=\"false\" Priority=\"39\" Name=\"toc 3\" /> <w:LsdException Locked=\"false\" Priority=\"39\" Name=\"toc 4\" /> <w:LsdException Locked=\"false\" Priority=\"39\" Name=\"toc 5\" /> <w:LsdException Locked=\"false\" Priority=\"39\" Name=\"toc 6\" /> <w:LsdException Locked=\"false\" Priority=\"39\" Name=\"toc 7\" /> <w:LsdException Locked=\"false\" Priority=\"39\" Name=\"toc 8\" /> <w:LsdException Locked=\"false\" Priority=\"39\" Name=\"toc 9\" /> <w:LsdException Locked=\"false\" Priority=\"35\" QFormat=\"true\" Name=\"caption\" /> <w:LsdException Locked=\"false\" Priority=\"10\" SemiHidden=\"false\"    UnhideWhenUsed=\"false\" QFormat=\"true\" Name=\"Title\" /> <w:LsdException Locked=\"false\" Priority=\"1\" Name=\"Default Paragraph Font\" /> <w:LsdException Locked=\"false\" Priority=\"11\" SemiHidden=\"false\"    UnhideWhenUsed=\"false\" QFormat=\"true\" Name=\"Subtitle\" /> <w:LsdException Locked=\"false\" Priority=\"22\" SemiHidden=\"false\"    UnhideWhenUsed=\"false\" QFormat=\"true\" Name=\"Strong\" /> <w:LsdException Locked=\"false\" Priority=\"20\" SemiHidden=\"false\"    UnhideWhenUsed=\"false\" QFormat=\"true\" Name=\"Emphasis\" /> <w:LsdException Locked=\"false\" Priority=\"59\" SemiHidden=\"false\"    UnhideWhenUsed=\"false\" Name=\"Table Grid\" /> <w:LsdException Locked=\"false\" UnhideWhenUsed=\"false\" Name=\"Placeholder Text\" /> <w:LsdException Locked=\"false\" Priority=\"1\" SemiHidden=\"false\"    UnhideWhenUsed=\"false\" QFormat=\"true\" Name=\"No Spacing\" /> <w:LsdException Locked=\"false\" Priority=\"60\" SemiHidden=\"false\"    UnhideWhenUsed=\"false\" Name=\"Light Shading\" /> <w:LsdException Locked=\"false\" Priority=\"61\" SemiHidden=\"false\"    UnhideWhenUsed=\"false\" Name=\"Light List\" /> <w:LsdException Locked=\"false\" Priority=\"62\" SemiHidden=\"false\"    UnhideWhenUsed=\"false\" Name=\"Light Grid\" /> <w:LsdException Locked=\"false\" Priority=\"63\" SemiHidden=\"false\"    UnhideWhenUsed=\"false\" Name=\"Medium Shading 1\" /> <w:LsdException Locked=\"false\" Priority=\"64\" SemiHidden=\"false\"    UnhideWhenUsed=\"false\" Name=\"Medium Shading 2\" /> <w:LsdException Locked=\"false\" Priority=\"65\" SemiHidden=\"false\"    UnhideWhenUsed=\"false\" Name=\"Medium List 1\" /> <w:LsdException Locked=\"false\" Priority=\"66\" SemiHidden=\"false\"    UnhideWhenUsed=\"false\" Name=\"Medium List 2\" /> <w:LsdException Locked=\"false\" Priority=\"67\" SemiHidden=\"false\"    UnhideWhenUsed=\"false\" Name=\"Medium Grid 1\" /> <w:LsdException Locked=\"false\" Priority=\"68\" SemiHidden=\"false\"    UnhideWhenUsed=\"false\" Name=\"Medium Grid 2\" /> <w:LsdException Locked=\"false\" Priority=\"69\" SemiHidden=\"false\"    UnhideWhenUsed=\"false\" Name=\"Medium Grid 3\" /> <w:LsdException Locked=\"false\" Priority=\"70\" SemiHidden=\"false\"    UnhideWhenUsed=\"false\" Name=\"Dark List\" /> <w:LsdException Locked=\"false\" Priority=\"71\" SemiHidden=\"false\"    UnhideWhenUsed=\"false\" Name=\"Colorful Shading\" /> <w:LsdException Locked=\"false\" Priority=\"72\" SemiHidden=\"false\"    UnhideWhenUsed=\"false\" Name=\"Colorful List\" /> <w:LsdException Locked=\"false\" Priority=\"73\" SemiHidden=\"false\"    UnhideWhenUsed=\"false\" Name=\"Colorful Grid\" /> <w:LsdException Locked=\"false\" Priority=\"60\" SemiHidden=\"false\"    UnhideWhenUsed=\"false\" Name=\"Light Shading Accent 1\" /> <w:LsdException Locked=\"false\" Priority=\"61\" SemiHidden=\"false\"    UnhideWhenUsed=\"false\" Name=\"Light List Accent 1\" /> <w:LsdException Locked=\"false\" Priority=\"62\" SemiHidden=\"false\"    UnhideWhenUsed=\"false\" Name=\"Light Grid Accent 1\" /> <w:LsdException Locked=\"false\" Priority=\"63\" SemiHidden=\"false\"    UnhideWhenUsed=\"false\" Name=\"Medium Shading 1 Accent 1\" /> <w:LsdException Locked=\"false\" Priority=\"64\" SemiHidden=\"false\"    UnhideWhenUsed=\"false\" Name=\"Medium Shading 2 Accent 1\" /> <w:LsdException Locked=\"false\" Priority=\"65\" SemiHidden=\"false\"    UnhideWhenUsed=\"false\" Name=\"Medium List 1 Accent 1\" /> <w:LsdException Locked=\"false\" UnhideWhenUsed=\"false\" Name=\"Revision\" /> <w:LsdException Locked=\"false\" Priority=\"34\" SemiHidden=\"false\"    UnhideWhenUsed=\"false\" QFormat=\"true\" Name=\"List Paragraph\" /> <w:LsdException Locked=\"false\" Priority=\"29\" SemiHidden=\"false\"    UnhideWhenUsed=\"false\" QFormat=\"true\" Name=\"Quote\" /> <w:LsdException Locked=\"false\" Priority=\"30\" SemiHidden=\"false\"    UnhideWhenUsed=\"false\" QFormat=\"true\" Name=\"Intense Quote\" /> <w:LsdException Locked=\"false\" Priority=\"66\" SemiHidden=\"false\"    UnhideWhenUsed=\"false\" Name=\"Medium List 2 Accent 1\" /> <w:LsdException Locked=\"false\" Priority=\"67\" SemiHidden=\"false\"    UnhideWhenUsed=\"false\" Name=\"Medium Grid 1 Accent 1\" /> <w:LsdException Locked=\"false\" Priority=\"68\" SemiHidden=\"false\"    UnhideWhenUsed=\"false\" Name=\"Medium Grid 2 Accent 1\" /> <w:LsdException Locked=\"false\" Priority=\"69\" SemiHidden=\"false\"    UnhideWhenUsed=\"false\" Name=\"Medium Grid 3 Accent 1\" /> <w:LsdException Locked=\"false\" Priority=\"70\" SemiHidden=\"false\"    UnhideWhenUsed=\"false\" Name=\"Dark List Accent 1\" /> <w:LsdException Locked=\"false\" Priority=\"71\" SemiHidden=\"false\"    UnhideWhenUsed=\"false\" Name=\"Colorful Shading Accent 1\" /> <w:LsdException Locked=\"false\" Priority=\"72\" SemiHidden=\"false\"    UnhideWhenUsed=\"false\" Name=\"Colorful List Accent 1\" /> <w:LsdException Locked=\"false\" Priority=\"73\" SemiHidden=\"false\"    UnhideWhenUsed=\"false\" Name=\"Colorful Grid Accent 1\" /> <w:LsdException Locked=\"false\" Priority=\"60\" SemiHidden=\"false\"    UnhideWhenUsed=\"false\" Name=\"Light Shading Accent 2\" /> <w:LsdException Locked=\"false\" Priority=\"61\" SemiHidden=\"false\"    UnhideWhenUsed=\"false\" Name=\"Light List Accent 2\" /> <w:LsdException Locked=\"false\" Priority=\"62\" SemiHidden=\"false\"    UnhideWhenUsed=\"false\" Name=\"Light Grid Accent 2\" /> <w:LsdException Locked=\"false\" Priority=\"63\" SemiHidden=\"false\"    UnhideWhenUsed=\"false\" Name=\"Medium Shading 1 Accent 2\" /> <w:LsdException Locked=\"false\" Priority=\"64\" SemiHidden=\"false\"    UnhideWhenUsed=\"false\" Name=\"Medium Shading 2 Accent 2\" /> <w:LsdException Locked=\"false\" Priority=\"65\" SemiHidden=\"false\"    UnhideWhenUsed=\"false\" Name=\"Medium List 1 Accent 2\" /> <w:LsdException Locked=\"false\" Priority=\"66\" SemiHidden=\"false\"    UnhideWhenUsed=\"false\" Name=\"Medium List 2 Accent 2\" /> <w:LsdException Locked=\"false\" Priority=\"67\" SemiHidden=\"false\"    UnhideWhenUsed=\"false\" Name=\"Medium Grid 1 Accent 2\" /> <w:LsdException Locked=\"false\" Priority=\"68\" SemiHidden=\"false\"    UnhideWhenUsed=\"false\" Name=\"Medium Grid 2 Accent 2\" /> <w:LsdException Locked=\"false\" Priority=\"69\" SemiHidden=\"false\"    UnhideWhenUsed=\"false\" Name=\"Medium Grid 3 Accent 2\" /> <w:LsdException Locked=\"false\" Priority=\"70\" SemiHidden=\"false\"    UnhideWhenUsed=\"false\" Name=\"Dark List Accent 2\" /> <w:LsdException Locked=\"false\" Priority=\"71\" SemiHidden=\"false\"    UnhideWhenUsed=\"false\" Name=\"Colorful Shading Accent 2\" /> <w:LsdException Locked=\"false\" Priority=\"72\" SemiHidden=\"false\"    UnhideWhenUsed=\"false\" Name=\"Colorful List Accent 2\" /> <w:LsdException Locked=\"false\" Priority=\"73\" SemiHidden=\"false\"    UnhideWhenUsed=\"false\" Name=\"Colorful Grid Accent 2\" /> <w:LsdException Locked=\"false\" Priority=\"60\" SemiHidden=\"false\"    UnhideWhenUsed=\"false\" Name=\"Light Shading Accent 3\" /> <w:LsdException Locked=\"false\" Priority=\"61\" SemiHidden=\"false\"    UnhideWhenUsed=\"false\" Name=\"Light List Accent 3\" /> <w:LsdException Locked=\"false\" Priority=\"62\" SemiHidden=\"false\"    UnhideWhenUsed=\"false\" Name=\"Light Grid Accent 3\" /> <w:LsdException Locked=\"false\" Priority=\"63\" SemiHidden=\"false\"    UnhideWhenUsed=\"false\" Name=\"Medium Shading 1 Accent 3\" /> <w:LsdException Locked=\"false\" Priority=\"64\" SemiHidden=\"false\"    UnhideWhenUsed=\"false\" Name=\"Medium Shading 2 Accent 3\" /> <w:LsdException Locked=\"false\" Priority=\"65\" SemiHidden=\"false\"    UnhideWhenUsed=\"false\" Name=\"Medium List 1 Accent 3\" /> <w:LsdException Locked=\"false\" Priority=\"66\" SemiHidden=\"false\"    UnhideWhenUsed=\"false\" Name=\"Medium List 2 Accent 3\" /> <w:LsdException Locked=\"false\" Priority=\"67\" SemiHidden=\"false\"    UnhideWhenUsed=\"false\" Name=\"Medium Grid 1 Accent 3\" /> <w:LsdException Locked=\"false\" Priority=\"68\" SemiHidden=\"false\"    UnhideWhenUsed=\"false\" Name=\"Medium Grid 2 Accent 3\" /> <w:LsdException Locked=\"false\" Priority=\"69\" SemiHidden=\"false\"    UnhideWhenUsed=\"false\" Name=\"Medium Grid 3 Accent 3\" /> <w:LsdException Locked=\"false\" Priority=\"70\" SemiHidden=\"false\"    UnhideWhenUsed=\"false\" Name=\"Dark List Accent 3\" /> <w:LsdException Locked=\"false\" Priority=\"71\" SemiHidden=\"false\"    UnhideWhenUsed=\"false\" Name=\"Colorful Shading Accent 3\" /> <w:LsdException Locked=\"false\" Priority=\"72\" SemiHidden=\"false\"    UnhideWhenUsed=\"false\" Name=\"Colorful List Accent 3\" /> <w:LsdException Locked=\"false\" Priority=\"73\" SemiHidden=\"false\"    UnhideWhenUsed=\"false\" Name=\"Colorful Grid Accent 3\" /> <w:LsdException Locked=\"false\" Priority=\"60\" SemiHidden=\"false\"    UnhideWhenUsed=\"false\" Name=\"Light Shading Accent 4\" /> <w:LsdException Locked=\"false\" Priority=\"61\" SemiHidden=\"false\"    UnhideWhenUsed=\"false\" Name=\"Light List Accent 4\" /> <w:LsdException Locked=\"false\" Priority=\"62\" SemiHidden=\"false\"    UnhideWhenUsed=\"false\" Name=\"Light Grid Accent 4\" /> <w:LsdException Locked=\"false\" Priority=\"63\" SemiHidden=\"false\"    UnhideWhenUsed=\"false\" Name=\"Medium Shading 1 Accent 4\" /> <w:LsdException Locked=\"false\" Priority=\"64\" SemiHidden=\"false\"    UnhideWhenUsed=\"false\" Name=\"Medium Shading 2 Accent 4\" /> <w:LsdException Locked=\"false\" Priority=\"65\" SemiHidden=\"false\"    UnhideWhenUsed=\"false\" Name=\"Medium List 1 Accent 4\" /> <w:LsdException Locked=\"false\" Priority=\"66\" SemiHidden=\"false\"    UnhideWhenUsed=\"false\" Name=\"Medium List 2 Accent 4\" /> <w:LsdException Locked=\"false\" Priority=\"67\" SemiHidden=\"false\"    UnhideWhenUsed=\"false\" Name=\"Medium Grid 1 Accent 4\" /> <w:LsdException Locked=\"false\" Priority=\"68\" SemiHidden=\"false\"    UnhideWhenUsed=\"false\" Name=\"Medium Grid 2 Accent 4\" /> <w:LsdException Locked=\"false\" Priority=\"69\" SemiHidden=\"false\"    UnhideWhenUsed=\"false\" Name=\"Medium Grid 3 Accent 4\" /> <w:LsdException Locked=\"false\" Priority=\"70\" SemiHidden=\"false\"    UnhideWhenUsed=\"false\" Name=\"Dark List Accent 4\" /> <w:LsdException Locked=\"false\" Priority=\"71\" SemiHidden=\"false\"    UnhideWhenUsed=\"false\" Name=\"Colorful Shading Accent 4\" /> <w:LsdException Locked=\"false\" Priority=\"72\" SemiHidden=\"false\"    UnhideWhenUsed=\"false\" Name=\"Colorful List Accent 4\" /> <w:LsdException Locked=\"false\" Priority=\"73\" SemiHidden=\"false\"    UnhideWhenUsed=\"false\" Name=\"Colorful Grid Accent 4\" /> <w:LsdException Locked=\"false\" Priority=\"60\" SemiHidden=\"false\"    UnhideWhenUsed=\"false\" Name=\"Light Shading Accent 5\" /> <w:LsdException Locked=\"false\" Priority=\"61\" SemiHidden=\"false\"    UnhideWhenUsed=\"false\" Name=\"Light List Accent 5\" /> <w:LsdException Locked=\"false\" Priority=\"62\" SemiHidden=\"false\"    UnhideWhenUsed=\"false\" Name=\"Light Grid Accent 5\" /> <w:LsdException Locked=\"false\" Priority=\"63\" SemiHidden=\"false\"    UnhideWhenUsed=\"false\" Name=\"Medium Shading 1 Accent 5\" /> <w:LsdException Locked=\"false\" Priority=\"64\" SemiHidden=\"false\"    UnhideWhenUsed=\"false\" Name=\"Medium Shading 2 Accent 5\" /> <w:LsdException Locked=\"false\" Priority=\"65\" SemiHidden=\"false\"    UnhideWhenUsed=\"false\" Name=\"Medium List 1 Accent 5\" /> <w:LsdException Locked=\"false\" Priority=\"66\" SemiHidden=\"false\"    UnhideWhenUsed=\"false\" Name=\"Medium List 2 Accent 5\" /> <w:LsdException Locked=\"false\" Priority=\"67\" SemiHidden=\"false\"    UnhideWhenUsed=\"false\" Name=\"Medium Grid 1 Accent 5\" /> <w:LsdException Locked=\"false\" Priority=\"68\" SemiHidden=\"false\"    UnhideWhenUsed=\"false\" Name=\"Medium Grid 2 Accent 5\" /> <w:LsdException Locked=\"false\" Priority=\"69\" SemiHidden=\"false\"    UnhideWhenUsed=\"false\" Name=\"Medium Grid 3 Accent 5\" /> <w:LsdException Locked=\"false\" Priority=\"70\" SemiHidden=\"false\"    UnhideWhenUsed=\"false\" Name=\"Dark List Accent 5\" /> <w:LsdException Locked=\"false\" Priority=\"71\" SemiHidden=\"false\"    UnhideWhenUsed=\"false\" Name=\"Colorful Shading Accent 5\" /> <w:LsdException Locked=\"false\" Priority=\"72\" SemiHidden=\"false\"    UnhideWhenUsed=\"false\" Name=\"Colorful List Accent 5\" /> <w:LsdException Locked=\"false\" Priority=\"73\" SemiHidden=\"false\"    UnhideWhenUsed=\"false\" Name=\"Colorful Grid Accent 5\" /> <w:LsdException Locked=\"false\" Priority=\"60\" SemiHidden=\"false\"    UnhideWhenUsed=\"false\" Name=\"Light Shading Accent 6\" /> <w:LsdException Locked=\"false\" Priority=\"61\" SemiHidden=\"false\"    UnhideWhenUsed=\"false\" Name=\"Light List Accent 6\" /> <w:LsdException Locked=\"false\" Priority=\"62\" SemiHidden=\"false\"    UnhideWhenUsed=\"false\" Name=\"Light Grid Accent 6\" /> <w:LsdException Locked=\"false\" Priority=\"63\" SemiHidden=\"false\"    UnhideWhenUsed=\"false\" Name=\"Medium Shading 1 Accent 6\" /> <w:LsdException Locked=\"false\" Priority=\"64\" SemiHidden=\"false\"    UnhideWhenUsed=\"false\" Name=\"Medium Shading 2 Accent 6\" /> <w:LsdException Locked=\"false\" Priority=\"65\" SemiHidden=\"false\"    UnhideWhenUsed=\"false\" Name=\"Medium List 1 Accent 6\" /> <w:LsdException Locked=\"false\" Priority=\"66\" SemiHidden=\"false\"    UnhideWhenUsed=\"false\" Name=\"Medium List 2 Accent 6\" /> <w:LsdException Locked=\"false\" Priority=\"67\" SemiHidden=\"false\"    UnhideWhenUsed=\"false\" Name=\"Medium Grid 1 Accent 6\" /> <w:LsdException Locked=\"false\" Priority=\"68\" SemiHidden=\"false\"    UnhideWhenUsed=\"false\" Name=\"Medium Grid 2 Accent 6\" /> <w:LsdException Locked=\"false\" Priority=\"69\" SemiHidden=\"false\"    UnhideWhenUsed=\"false\" Name=\"Medium Grid 3 Accent 6\" /> <w:LsdException Locked=\"false\" Priority=\"70\" SemiHidden=\"false\"    UnhideWhenUsed=\"false\" Name=\"Dark List Accent 6\" /> <w:LsdException Locked=\"false\" Priority=\"71\" SemiHidden=\"false\"    UnhideWhenUsed=\"false\" Name=\"Colorful Shading Accent 6\" /> <w:LsdException Locked=\"false\" Priority=\"72\" SemiHidden=\"false\"    UnhideWhenUsed=\"false\" Name=\"Colorful List Accent 6\" /> <w:LsdException Locked=\"false\" Priority=\"73\" SemiHidden=\"false\"    UnhideWhenUsed=\"false\" Name=\"Colorful Grid Accent 6\" /> <w:LsdException Locked=\"false\" Priority=\"19\" SemiHidden=\"false\"    UnhideWhenUsed=\"false\" QFormat=\"true\" Name=\"Subtle Emphasis\" /> <w:LsdException Locked=\"false\" Priority=\"21\" SemiHidden=\"false\"    UnhideWhenUsed=\"false\" QFormat=\"true\" Name=\"Intense Emphasis\" /> <w:LsdException Locked=\"false\" Priority=\"31\" SemiHidden=\"false\"    UnhideWhenUsed=\"false\" QFormat=\"true\" Name=\"Subtle Reference\" /> <w:LsdException Locked=\"false\" Priority=\"32\" SemiHidden=\"false\"    UnhideWhenUsed=\"false\" QFormat=\"true\" Name=\"Intense Reference\" /> <w:LsdException Locked=\"false\" Priority=\"33\" SemiHidden=\"false\"    UnhideWhenUsed=\"false\" QFormat=\"true\" Name=\"Book Title\" /> <w:LsdException Locked=\"false\" Priority=\"37\" Name=\"Bibliography\" /> <w:LsdException Locked=\"false\" Priority=\"39\" QFormat=\"true\" Name=\"TOC Heading\" /> </w:LatentStyles> </xml><![endif]--><!--[if gte mso 10]>\r\n<style>\r\n /* Style Definitions */\r\n table.MsoNormalTable\r\n	{mso-style-name:\"Table Normal\";\r\n	mso-tstyle-rowband-size:0;\r\n	mso-tstyle-colband-size:0;\r\n	mso-style-noshow:yes;\r\n	mso-style-priority:99;\r\n	mso-style-parent:\"\";\r\n	mso-padding-alt:0in 5.4pt 0in 5.4pt;\r\n	mso-para-margin-top:0in;\r\n	mso-para-margin-right:0in;\r\n	mso-para-margin-bottom:10.0pt;\r\n	mso-para-margin-left:0in;\r\n	line-height:115%;\r\n	mso-pagination:widow-orphan;\r\n	font-size:11.0pt;\r\n	font-family:\"Calibri\",\"sans-serif\";\r\n	mso-ascii-font-family:Calibri;\r\n	mso-ascii-theme-font:minor-latin;\r\n	mso-hansi-font-family:Calibri;\r\n	mso-hansi-theme-font:minor-latin;}\r\n</style>\r\n<![endif]-->\r\n<h3 class=\"MsoNormal\">Te esperamos los d&iacute;as 16, 17 y 18 de mayo en nuestro almac&eacute;n de Bayam&oacute;n.<br /> Carr. #2 Marginal km 8.5<br /> Jardines de Caparra</h3>\r\n</p>\r\n<h3>787.620.7034</h3>\r\n<p>&nbsp;</p>','SUMMER-SALE!!!',NULL,'SUMMER SALE!!!',NULL),(87,126,'Kartell Reception in NYC','May 20th, 2013\r\n6:00 - 9:00PM','<p>Kartell presents a special display to celebrate the Raschen monograph book \"Kartell-The Culture of Plastics\" as well as the new Kravitz Design Mademoiselle chairs now in production. <br /><br />Kartell Flasship Store<br />39 Green Street<br />New York, NY 10013</p>','Kartell-Reception-in-NYC',NULL,'Kartell Reception in NYC',NULL),(87,127,'Beatriz Marti','787.431.5538\r\nbeatrizmarti@msn.com\r\n','<p>Pieza: The sand and the sea</p>\r\n<p>Mural</p>','Beatriz-Marti',NULL,'Beatriz Marti',NULL),(87,128,'Kartell Flagship Store opening ','November 7, 2013\r\n11:00am to 3:00pm\r\n','<p>Palacios invites you to the KARTELL Flagship Store opening in Puerto Rico.&nbsp;</p>\r\n<p>Thursday, November 7, 2013</p>\r\n<p>from 11:00am to 3:00pm</p>\r\n<p>&nbsp;</p>\r\n<p>275 De Diego Ave. &bull;&nbsp;Puerto Nuevo &bull;&nbsp;San Juan, PR.</p>\r\n<p>puertorico@kartellflag.com</p>\r\n<p>RSVP 787-620-7034</p>','Kartell-Flagship-Store-opening-',NULL,'Kartell Flagship Store opening ',NULL),(87,129,'Ileana Palacios','Biografía','<p>\r\n<div id=\"_mcePaste\" style=\"position: absolute; left: -10000px; top: 0px; width: 1px; height: 1px; overflow: hidden;\">Selected \"Earnst &amp; Young Entrepreneur of the Year\" in 2005, Ileana is a &nbsp;business woman with over 30 years of experience in retail, interior and commercial design.</div>\r\n<div id=\"_mcePaste\" style=\"position: absolute; left: -10000px; top: 0px; width: 1px; height: 1px; overflow: hidden;\">Selected as one of the most succesful business women in PR by The San Juan Star newspaper &amp; De Moda &amp; Caras magazines, she puts her heart and mind into every project. Her passion goes beyond when it comes to her beloved store of 18 years, Palacios.</div>\r\n<div id=\"_mcePaste\" style=\"position: absolute; left: -10000px; top: 0px; width: 1px; height: 1px; overflow: hidden;\">In 1977 she opened her first retail store, Kilims. It carried imported large scale design fabrics from Finland and cotton prints from France. Her love for fabric and design resulted in a small workroom to develop finished fabric products. In 1983 kilims was among the three highest sales volume US stores.</div>\r\n<div id=\"_mcePaste\" style=\"position: absolute; left: -10000px; top: 0px; width: 1px; height: 1px; overflow: hidden;\">Ileana was then invited to France and Finland; on a very prestigious trip, to view and choose the upcoming fabric collections.</div>\r\n<div id=\"_mcePaste\" style=\"position: absolute; left: -10000px; top: 0px; width: 1px; height: 1px; overflow: hidden;\">Three years later, she opened a second store at Dadeland Mall in Miami, FL.</div>\r\n<div id=\"_mcePaste\" style=\"position: absolute; left: -10000px; top: 0px; width: 1px; height: 1px; overflow: hidden;\">A large workroom to manufacture upholstered furniture was also a must. She was quickly known for her \"In Movimento\" bed; designed by her, with back and armrest movements.</div>\r\n<div id=\"_mcePaste\" style=\"position: absolute; left: -10000px; top: 0px; width: 1px; height: 1px; overflow: hidden;\">1990-1995 Special clients and commercial accounts such as: Banco Santander in PR &amp; the Bahamas, became her top priority. Her know-how was an asset for new developments where she once again proved her skills using the \"turn key\" concept. Among them were master plan communities as R&iacute;o Mar and Palmas del Mar.</div>\r\n<div id=\"_mcePaste\" style=\"position: absolute; left: -10000px; top: 0px; width: 1px; height: 1px; overflow: hidden;\">In 1996 Palacios opened its doors in PR as a furniture, tabletop and bridal registry venue. Within six years it grew four times in floor space and acquired a 9,000 sq. ft. warehouse. Her vision to acquire the best lines of tabletop and furniture from Europe were simply a recipe for success.</div>\r\n<div id=\"_mcePaste\" style=\"position: absolute; left: -10000px; top: 0px; width: 1px; height: 1px; overflow: hidden;\">Apart from selling retail, Palacios provides the clients the option to work with in house designers &amp; architects on their projects. Ileana oversees every project, aiding in the decision making process along with her design team.</div>\r\n<div id=\"_mcePaste\" style=\"position: absolute; left: -10000px; top: 0px; width: 1px; height: 1px; overflow: hidden;\">Frequent trips to exhibitions and related shows maintain her busy the first five months of the year. Bringing new trends in design is what marks the pace of the coming year for the store...always ahead of time!</div>\r\n<div id=\"_mcePaste\" style=\"position: absolute; left: -10000px; top: 0px; width: 1px; height: 1px; overflow: hidden;\">Over the years Ileana has designed and worked on projects off site like:</div>\r\n<div id=\"_mcePaste\" style=\"position: absolute; left: -10000px; top: 0px; width: 1px; height: 1px; overflow: hidden;\">Miami, New York, Orlando, Key West, Colorado, Casa de Campo, Domini- can Republic, France and our little island of Culebra.&nbsp;</div>\r\n</p>\r\n<p>Selected \"Earnst &amp; Young Entrepreneur of the Year\" in 2005, Ileana is a &nbsp;business woman with over 30 years of experience in retail, interior and commercial design.</p>\r\n<p>Selected as one of the most succesful business women in PR by The San Juan Star newspaper &amp; De Moda &amp; Caras magazines, she puts her heart and mind into every project. Her passion goes beyond when it comes to her beloved store of 18 years, Palacios.</p>\r\n<p>In 1977 she opened her first retail store, Kilims. It carried imported large scale design fabrics from Finland and cotton prints from France. Her love for fabric and design resulted in a small workroom to develop finished fabric products. In 1983 kilims was among the three highest sales volume US stores.</p>\r\n<p>&nbsp;</p>\r\n<p>Ileana was then invited to France and Finland; on a very prestigious trip, to view and choose the upcoming fabric collections.</p>\r\n<p>Three years later, she opened a second store at Dadeland Mall in Miami, FL.</p>\r\n<p>A large workroom to manufacture upholstered furniture was also a must. She was quickly known for her \"In Movimento\" bed; designed by her, with back and armrest movements.</p>\r\n<p>1990-1995 Special clients and commercial accounts such as: Banco Santander in PR &amp; the Bahamas, became her top priority. Her know-how was an asset for new developments where she once again proved her skills using the \"turn key\" concept. Among them were master plan communities as R&iacute;o Mar and Palmas del Mar.</p>\r\n<p>In 1996 Palacios opened its doors in PR as a furniture, tabletop and bridal registry venue. Within six years it grew four times in floor space and acquired a 9,000 sq. ft. warehouse. Her vision to acquire the best lines of tabletop and furniture from Europe were simply a recipe for success.</p>\r\n<p>Apart from selling retail, Palacios provides the clients the option to work with in house designers &amp; architects on their projects. Ileana oversees every project, aiding in the decision making process along with her design team.</p>\r\n<p>Frequent trips to exhibitions and related shows maintain her busy the first five months of the year. Bringing new trends in design is what marks the pace of the coming year for the store...always ahead of time!</p>\r\n<p>Over the years Ileana has designed and worked on projects off site like:</p>\r\n<p>Miami, New York, Orlando, Key West, Colorado, Casa de Campo, Domini- can Republic, France and our little island of Culebra.&nbsp;</p>','Ileana-Palacios',NULL,'Ileana Palacios',NULL),(87,134,'Palacio\'s 20th Anniversary, Come & Join Us',NULL,'<p>COME AND CELEBRATE WITH <a class=\"profileLink\" href=\"https://www.facebook.com/PalaciosPR/\">Palacios Store</a>, OUR 20 ANNIVERSARY IN MARCH 5, 2016 AT 7:00 PM.</p>','Palacios-20th-Anniversary-Come-&-Join-Us',NULL,'Palacios 20th Anniversary Come & Join Us',NULL),(87,132,'Palacios Windows','Come, visit our store.',NULL,'Palacios-Windows',NULL,'Palacios Windows',NULL),(87,133,'Kartell Flagship Store',NULL,'<p><!--[if gte mso 9]><xml> <o:OfficeDocumentSettings> <o:AllowPNG /> </o:OfficeDocumentSettings> </xml><![endif]--></p>\r\n<p><!--[if gte mso 9]><xml> <w:WordDocument> <w:View>Normal</w:View> <w:Zoom>0</w:Zoom> <w:TrackMoves /> <w:TrackFormatting /> <w:PunctuationKerning /> <w:ValidateAgainstSchemas /> <w:SaveIfXMLInvalid>false</w:SaveIfXMLInvalid> <w:IgnoreMixedContent>false</w:IgnoreMixedContent> <w:AlwaysShowPlaceholderText>false</w:AlwaysShowPlaceholderText> <w:DoNotPromoteQF /> <w:LidThemeOther>EN-US</w:LidThemeOther> <w:LidThemeAsian>X-NONE</w:LidThemeAsian> <w:LidThemeComplexScript>X-NONE</w:LidThemeComplexScript> <w:Compatibility> <w:BreakWrappedTables /> <w:SnapToGridInCell /> <w:WrapTextWithPunct /> <w:UseAsianBreakRules /> <w:DontGrowAutofit /> <w:SplitPgBreakAndParaMark /> <w:EnableOpenTypeKerning /> <w:DontFlipMirrorIndents /> <w:OverrideTableStyleHps /> </w:Compatibility> <m:mathPr> <m:mathFont m:val=\"Cambria Math\" /> <m:brkBin m:val=\"before\" /> <m:brkBinSub m:val=\" \" /> <m:smallFrac m:val=\"off\" /> <m:dispDef /> <m:lMargin m:val=\"0\" /> <m:rMargin m:val=\"0\" /> <m:defJc m:val=\"centerGroup\" /> <m:wrapIndent m:val=\"1440\" /> <m:intLim m:val=\"subSup\" /> <m:naryLim m:val=\"undOvr\" /> </m:mathPr></w:WordDocument> </xml><![endif]--><!--[if gte mso 9]><xml> <w:LatentStyles DefLockedState=\"false\" DefUnhideWhenUsed=\"true\"   DefSemiHidden=\"true\" DefQFormat=\"false\" DefPriority=\"99\"   LatentStyleCount=\"267\"> <w:LsdException Locked=\"false\" Priority=\"0\" SemiHidden=\"false\"    UnhideWhenUsed=\"false\" QFormat=\"true\" Name=\"Normal\" /> <w:LsdException Locked=\"false\" Priority=\"9\" SemiHidden=\"false\"    UnhideWhenUsed=\"false\" QFormat=\"true\" Name=\"heading 1\" /> <w:LsdException Locked=\"false\" Priority=\"9\" QFormat=\"true\" Name=\"heading 2\" /> <w:LsdException Locked=\"false\" Priority=\"9\" QFormat=\"true\" Name=\"heading 3\" /> <w:LsdException Locked=\"false\" Priority=\"9\" QFormat=\"true\" Name=\"heading 4\" /> <w:LsdException Locked=\"false\" Priority=\"9\" QFormat=\"true\" Name=\"heading 5\" /> <w:LsdException Locked=\"false\" Priority=\"9\" QFormat=\"true\" Name=\"heading 6\" /> <w:LsdException Locked=\"false\" Priority=\"9\" QFormat=\"true\" Name=\"heading 7\" /> <w:LsdException Locked=\"false\" Priority=\"9\" QFormat=\"true\" Name=\"heading 8\" /> <w:LsdException Locked=\"false\" Priority=\"9\" QFormat=\"true\" Name=\"heading 9\" /> <w:LsdException Locked=\"false\" Priority=\"39\" Name=\"toc 1\" /> <w:LsdException Locked=\"false\" Priority=\"39\" Name=\"toc 2\" /> <w:LsdException Locked=\"false\" Priority=\"39\" Name=\"toc 3\" /> <w:LsdException Locked=\"false\" Priority=\"39\" Name=\"toc 4\" /> <w:LsdException Locked=\"false\" Priority=\"39\" Name=\"toc 5\" /> <w:LsdException Locked=\"false\" Priority=\"39\" Name=\"toc 6\" /> <w:LsdException Locked=\"false\" Priority=\"39\" Name=\"toc 7\" /> <w:LsdException Locked=\"false\" Priority=\"39\" Name=\"toc 8\" /> <w:LsdException Locked=\"false\" Priority=\"39\" Name=\"toc 9\" /> <w:LsdException Locked=\"false\" Priority=\"35\" QFormat=\"true\" Name=\"caption\" /> <w:LsdException Locked=\"false\" Priority=\"10\" SemiHidden=\"false\"    UnhideWhenUsed=\"false\" QFormat=\"true\" Name=\"Title\" /> <w:LsdException Locked=\"false\" Priority=\"1\" Name=\"Default Paragraph Font\" /> <w:LsdException Locked=\"false\" Priority=\"11\" SemiHidden=\"false\"    UnhideWhenUsed=\"false\" QFormat=\"true\" Name=\"Subtitle\" /> <w:LsdException Locked=\"false\" Priority=\"22\" SemiHidden=\"false\"    UnhideWhenUsed=\"false\" QFormat=\"true\" Name=\"Strong\" /> <w:LsdException Locked=\"false\" Priority=\"20\" SemiHidden=\"false\"    UnhideWhenUsed=\"false\" QFormat=\"true\" Name=\"Emphasis\" /> <w:LsdException Locked=\"false\" Priority=\"59\" SemiHidden=\"false\"    UnhideWhenUsed=\"false\" Name=\"Table Grid\" /> <w:LsdException Locked=\"false\" UnhideWhenUsed=\"false\" Name=\"Placeholder Text\" /> <w:LsdException Locked=\"false\" Priority=\"1\" SemiHidden=\"false\"    UnhideWhenUsed=\"false\" QFormat=\"true\" Name=\"No Spacing\" /> <w:LsdException Locked=\"false\" Priority=\"60\" SemiHidden=\"false\"    UnhideWhenUsed=\"false\" Name=\"Light Shading\" /> <w:LsdException Locked=\"false\" Priority=\"61\" SemiHidden=\"false\"    UnhideWhenUsed=\"false\" Name=\"Light List\" /> <w:LsdException Locked=\"false\" Priority=\"62\" SemiHidden=\"false\"    UnhideWhenUsed=\"false\" Name=\"Light Grid\" /> <w:LsdException Locked=\"false\" Priority=\"63\" SemiHidden=\"false\"    UnhideWhenUsed=\"false\" Name=\"Medium Shading 1\" /> <w:LsdException Locked=\"false\" Priority=\"64\" SemiHidden=\"false\"    UnhideWhenUsed=\"false\" Name=\"Medium Shading 2\" /> <w:LsdException Locked=\"false\" Priority=\"65\" SemiHidden=\"false\"    UnhideWhenUsed=\"false\" Name=\"Medium List 1\" /> <w:LsdException Locked=\"false\" Priority=\"66\" SemiHidden=\"false\"    UnhideWhenUsed=\"false\" Name=\"Medium List 2\" /> <w:LsdException Locked=\"false\" Priority=\"67\" SemiHidden=\"false\"    UnhideWhenUsed=\"false\" Name=\"Medium Grid 1\" /> <w:LsdException Locked=\"false\" Priority=\"68\" SemiHidden=\"false\"    UnhideWhenUsed=\"false\" Name=\"Medium Grid 2\" /> <w:LsdException Locked=\"false\" Priority=\"69\" SemiHidden=\"false\"    UnhideWhenUsed=\"false\" Name=\"Medium Grid 3\" /> <w:LsdException Locked=\"false\" Priority=\"70\" SemiHidden=\"false\"    UnhideWhenUsed=\"false\" Name=\"Dark List\" /> <w:LsdException Locked=\"false\" Priority=\"71\" SemiHidden=\"false\"    UnhideWhenUsed=\"false\" Name=\"Colorful Shading\" /> <w:LsdException Locked=\"false\" Priority=\"72\" SemiHidden=\"false\"    UnhideWhenUsed=\"false\" Name=\"Colorful List\" /> <w:LsdException Locked=\"false\" Priority=\"73\" SemiHidden=\"false\"    UnhideWhenUsed=\"false\" Name=\"Colorful Grid\" /> <w:LsdException Locked=\"false\" Priority=\"60\" SemiHidden=\"false\"    UnhideWhenUsed=\"false\" Name=\"Light Shading Accent 1\" /> <w:LsdException Locked=\"false\" Priority=\"61\" SemiHidden=\"false\"    UnhideWhenUsed=\"false\" Name=\"Light List Accent 1\" /> <w:LsdException Locked=\"false\" Priority=\"62\" SemiHidden=\"false\"    UnhideWhenUsed=\"false\" Name=\"Light Grid Accent 1\" /> <w:LsdException Locked=\"false\" Priority=\"63\" SemiHidden=\"false\"    UnhideWhenUsed=\"false\" Name=\"Medium Shading 1 Accent 1\" /> <w:LsdException Locked=\"false\" Priority=\"64\" SemiHidden=\"false\"    UnhideWhenUsed=\"false\" Name=\"Medium Shading 2 Accent 1\" /> <w:LsdException Locked=\"false\" Priority=\"65\" SemiHidden=\"false\"    UnhideWhenUsed=\"false\" Name=\"Medium List 1 Accent 1\" /> <w:LsdException Locked=\"false\" UnhideWhenUsed=\"false\" Name=\"Revision\" /> <w:LsdException Locked=\"false\" Priority=\"34\" SemiHidden=\"false\"    UnhideWhenUsed=\"false\" QFormat=\"true\" Name=\"List Paragraph\" /> <w:LsdException Locked=\"false\" Priority=\"29\" SemiHidden=\"false\"    UnhideWhenUsed=\"false\" QFormat=\"true\" Name=\"Quote\" /> <w:LsdException Locked=\"false\" Priority=\"30\" SemiHidden=\"false\"    UnhideWhenUsed=\"false\" QFormat=\"true\" Name=\"Intense Quote\" /> <w:LsdException Locked=\"false\" Priority=\"66\" SemiHidden=\"false\"    UnhideWhenUsed=\"false\" Name=\"Medium List 2 Accent 1\" /> <w:LsdException Locked=\"false\" Priority=\"67\" SemiHidden=\"false\"    UnhideWhenUsed=\"false\" Name=\"Medium Grid 1 Accent 1\" /> <w:LsdException Locked=\"false\" Priority=\"68\" SemiHidden=\"false\"    UnhideWhenUsed=\"false\" Name=\"Medium Grid 2 Accent 1\" /> <w:LsdException Locked=\"false\" Priority=\"69\" SemiHidden=\"false\"    UnhideWhenUsed=\"false\" Name=\"Medium Grid 3 Accent 1\" /> <w:LsdException Locked=\"false\" Priority=\"70\" SemiHidden=\"false\"    UnhideWhenUsed=\"false\" Name=\"Dark List Accent 1\" /> <w:LsdException Locked=\"false\" Priority=\"71\" SemiHidden=\"false\"    UnhideWhenUsed=\"false\" Name=\"Colorful Shading Accent 1\" /> <w:LsdException Locked=\"false\" Priority=\"72\" SemiHidden=\"false\"    UnhideWhenUsed=\"false\" Name=\"Colorful List Accent 1\" /> <w:LsdException Locked=\"false\" Priority=\"73\" SemiHidden=\"false\"    UnhideWhenUsed=\"false\" Name=\"Colorful Grid Accent 1\" /> <w:LsdException Locked=\"false\" Priority=\"60\" SemiHidden=\"false\"    UnhideWhenUsed=\"false\" Name=\"Light Shading Accent 2\" /> <w:LsdException Locked=\"false\" Priority=\"61\" SemiHidden=\"false\"    UnhideWhenUsed=\"false\" Name=\"Light List Accent 2\" /> <w:LsdException Locked=\"false\" Priority=\"62\" SemiHidden=\"false\"    UnhideWhenUsed=\"false\" Name=\"Light Grid Accent 2\" /> <w:LsdException Locked=\"false\" Priority=\"63\" SemiHidden=\"false\"    UnhideWhenUsed=\"false\" Name=\"Medium Shading 1 Accent 2\" /> <w:LsdException Locked=\"false\" Priority=\"64\" SemiHidden=\"false\"    UnhideWhenUsed=\"false\" Name=\"Medium Shading 2 Accent 2\" /> <w:LsdException Locked=\"false\" Priority=\"65\" SemiHidden=\"false\"    UnhideWhenUsed=\"false\" Name=\"Medium List 1 Accent 2\" /> <w:LsdException Locked=\"false\" Priority=\"66\" SemiHidden=\"false\"    UnhideWhenUsed=\"false\" Name=\"Medium List 2 Accent 2\" /> <w:LsdException Locked=\"false\" Priority=\"67\" SemiHidden=\"false\"    UnhideWhenUsed=\"false\" Name=\"Medium Grid 1 Accent 2\" /> <w:LsdException Locked=\"false\" Priority=\"68\" SemiHidden=\"false\"    UnhideWhenUsed=\"false\" Name=\"Medium Grid 2 Accent 2\" /> <w:LsdException Locked=\"false\" Priority=\"69\" SemiHidden=\"false\"    UnhideWhenUsed=\"false\" Name=\"Medium Grid 3 Accent 2\" /> <w:LsdException Locked=\"false\" Priority=\"70\" SemiHidden=\"false\"    UnhideWhenUsed=\"false\" Name=\"Dark List Accent 2\" /> <w:LsdException Locked=\"false\" Priority=\"71\" SemiHidden=\"false\"    UnhideWhenUsed=\"false\" Name=\"Colorful Shading Accent 2\" /> <w:LsdException Locked=\"false\" Priority=\"72\" SemiHidden=\"false\"    UnhideWhenUsed=\"false\" Name=\"Colorful List Accent 2\" /> <w:LsdException Locked=\"false\" Priority=\"73\" SemiHidden=\"false\"    UnhideWhenUsed=\"false\" Name=\"Colorful Grid Accent 2\" /> <w:LsdException Locked=\"false\" Priority=\"60\" SemiHidden=\"false\"    UnhideWhenUsed=\"false\" Name=\"Light Shading Accent 3\" /> <w:LsdException Locked=\"false\" Priority=\"61\" SemiHidden=\"false\"    UnhideWhenUsed=\"false\" Name=\"Light List Accent 3\" /> <w:LsdException Locked=\"false\" Priority=\"62\" SemiHidden=\"false\"    UnhideWhenUsed=\"false\" Name=\"Light Grid Accent 3\" /> <w:LsdException Locked=\"false\" Priority=\"63\" SemiHidden=\"false\"    UnhideWhenUsed=\"false\" Name=\"Medium Shading 1 Accent 3\" /> <w:LsdException Locked=\"false\" Priority=\"64\" SemiHidden=\"false\"    UnhideWhenUsed=\"false\" Name=\"Medium Shading 2 Accent 3\" /> <w:LsdException Locked=\"false\" Priority=\"65\" SemiHidden=\"false\"    UnhideWhenUsed=\"false\" Name=\"Medium List 1 Accent 3\" /> <w:LsdException Locked=\"false\" Priority=\"66\" SemiHidden=\"false\"    UnhideWhenUsed=\"false\" Name=\"Medium List 2 Accent 3\" /> <w:LsdException Locked=\"false\" Priority=\"67\" SemiHidden=\"false\"    UnhideWhenUsed=\"false\" Name=\"Medium Grid 1 Accent 3\" /> <w:LsdException Locked=\"false\" Priority=\"68\" SemiHidden=\"false\"    UnhideWhenUsed=\"false\" Name=\"Medium Grid 2 Accent 3\" /> <w:LsdException Locked=\"false\" Priority=\"69\" SemiHidden=\"false\"    UnhideWhenUsed=\"false\" Name=\"Medium Grid 3 Accent 3\" /> <w:LsdException Locked=\"false\" Priority=\"70\" SemiHidden=\"false\"    UnhideWhenUsed=\"false\" Name=\"Dark List Accent 3\" /> <w:LsdException Locked=\"false\" Priority=\"71\" SemiHidden=\"false\"    UnhideWhenUsed=\"false\" Name=\"Colorful Shading Accent 3\" /> <w:LsdException Locked=\"false\" Priority=\"72\" SemiHidden=\"false\"    UnhideWhenUsed=\"false\" Name=\"Colorful List Accent 3\" /> <w:LsdException Locked=\"false\" Priority=\"73\" SemiHidden=\"false\"    UnhideWhenUsed=\"false\" Name=\"Colorful Grid Accent 3\" /> <w:LsdException Locked=\"false\" Priority=\"60\" SemiHidden=\"false\"    UnhideWhenUsed=\"false\" Name=\"Light Shading Accent 4\" /> <w:LsdException Locked=\"false\" Priority=\"61\" SemiHidden=\"false\"    UnhideWhenUsed=\"false\" Name=\"Light List Accent 4\" /> <w:LsdException Locked=\"false\" Priority=\"62\" SemiHidden=\"false\"    UnhideWhenUsed=\"false\" Name=\"Light Grid Accent 4\" /> <w:LsdException Locked=\"false\" Priority=\"63\" SemiHidden=\"false\"    UnhideWhenUsed=\"false\" Name=\"Medium Shading 1 Accent 4\" /> <w:LsdException Locked=\"false\" Priority=\"64\" SemiHidden=\"false\"    UnhideWhenUsed=\"false\" Name=\"Medium Shading 2 Accent 4\" /> <w:LsdException Locked=\"false\" Priority=\"65\" SemiHidden=\"false\"    UnhideWhenUsed=\"false\" Name=\"Medium List 1 Accent 4\" /> <w:LsdException Locked=\"false\" Priority=\"66\" SemiHidden=\"false\"    UnhideWhenUsed=\"false\" Name=\"Medium List 2 Accent 4\" /> <w:LsdException Locked=\"false\" Priority=\"67\" SemiHidden=\"false\"    UnhideWhenUsed=\"false\" Name=\"Medium Grid 1 Accent 4\" /> <w:LsdException Locked=\"false\" Priority=\"68\" SemiHidden=\"false\"    UnhideWhenUsed=\"false\" Name=\"Medium Grid 2 Accent 4\" /> <w:LsdException Locked=\"false\" Priority=\"69\" SemiHidden=\"false\"    UnhideWhenUsed=\"false\" Name=\"Medium Grid 3 Accent 4\" /> <w:LsdException Locked=\"false\" Priority=\"70\" SemiHidden=\"false\"    UnhideWhenUsed=\"false\" Name=\"Dark List Accent 4\" /> <w:LsdException Locked=\"false\" Priority=\"71\" SemiHidden=\"false\"    UnhideWhenUsed=\"false\" Name=\"Colorful Shading Accent 4\" /> <w:LsdException Locked=\"false\" Priority=\"72\" SemiHidden=\"false\"    UnhideWhenUsed=\"false\" Name=\"Colorful List Accent 4\" /> <w:LsdException Locked=\"false\" Priority=\"73\" SemiHidden=\"false\"    UnhideWhenUsed=\"false\" Name=\"Colorful Grid Accent 4\" /> <w:LsdException Locked=\"false\" Priority=\"60\" SemiHidden=\"false\"    UnhideWhenUsed=\"false\" Name=\"Light Shading Accent 5\" /> <w:LsdException Locked=\"false\" Priority=\"61\" SemiHidden=\"false\"    UnhideWhenUsed=\"false\" Name=\"Light List Accent 5\" /> <w:LsdException Locked=\"false\" Priority=\"62\" SemiHidden=\"false\"    UnhideWhenUsed=\"false\" Name=\"Light Grid Accent 5\" /> <w:LsdException Locked=\"false\" Priority=\"63\" SemiHidden=\"false\"    UnhideWhenUsed=\"false\" Name=\"Medium Shading 1 Accent 5\" /> <w:LsdException Locked=\"false\" Priority=\"64\" SemiHidden=\"false\"    UnhideWhenUsed=\"false\" Name=\"Medium Shading 2 Accent 5\" /> <w:LsdException Locked=\"false\" Priority=\"65\" SemiHidden=\"false\"    UnhideWhenUsed=\"false\" Name=\"Medium List 1 Accent 5\" /> <w:LsdException Locked=\"false\" Priority=\"66\" SemiHidden=\"false\"    UnhideWhenUsed=\"false\" Name=\"Medium List 2 Accent 5\" /> <w:LsdException Locked=\"false\" Priority=\"67\" SemiHidden=\"false\"    UnhideWhenUsed=\"false\" Name=\"Medium Grid 1 Accent 5\" /> <w:LsdException Locked=\"false\" Priority=\"68\" SemiHidden=\"false\"    UnhideWhenUsed=\"false\" Name=\"Medium Grid 2 Accent 5\" /> <w:LsdException Locked=\"false\" Priority=\"69\" SemiHidden=\"false\"    UnhideWhenUsed=\"false\" Name=\"Medium Grid 3 Accent 5\" /> <w:LsdException Locked=\"false\" Priority=\"70\" SemiHidden=\"false\"    UnhideWhenUsed=\"false\" Name=\"Dark List Accent 5\" /> <w:LsdException Locked=\"false\" Priority=\"71\" SemiHidden=\"false\"    UnhideWhenUsed=\"false\" Name=\"Colorful Shading Accent 5\" /> <w:LsdException Locked=\"false\" Priority=\"72\" SemiHidden=\"false\"    UnhideWhenUsed=\"false\" Name=\"Colorful List Accent 5\" /> <w:LsdException Locked=\"false\" Priority=\"73\" SemiHidden=\"false\"    UnhideWhenUsed=\"false\" Name=\"Colorful Grid Accent 5\" /> <w:LsdException Locked=\"false\" Priority=\"60\" SemiHidden=\"false\"    UnhideWhenUsed=\"false\" Name=\"Light Shading Accent 6\" /> <w:LsdException Locked=\"false\" Priority=\"61\" SemiHidden=\"false\"    UnhideWhenUsed=\"false\" Name=\"Light List Accent 6\" /> <w:LsdException Locked=\"false\" Priority=\"62\" SemiHidden=\"false\"    UnhideWhenUsed=\"false\" Name=\"Light Grid Accent 6\" /> <w:LsdException Locked=\"false\" Priority=\"63\" SemiHidden=\"false\"    UnhideWhenUsed=\"false\" Name=\"Medium Shading 1 Accent 6\" /> <w:LsdException Locked=\"false\" Priority=\"64\" SemiHidden=\"false\"    UnhideWhenUsed=\"false\" Name=\"Medium Shading 2 Accent 6\" /> <w:LsdException Locked=\"false\" Priority=\"65\" SemiHidden=\"false\"    UnhideWhenUsed=\"false\" Name=\"Medium List 1 Accent 6\" /> <w:LsdException Locked=\"false\" Priority=\"66\" SemiHidden=\"false\"    UnhideWhenUsed=\"false\" Name=\"Medium List 2 Accent 6\" /> <w:LsdException Locked=\"false\" Priority=\"67\" SemiHidden=\"false\"    UnhideWhenUsed=\"false\" Name=\"Medium Grid 1 Accent 6\" /> <w:LsdException Locked=\"false\" Priority=\"68\" SemiHidden=\"false\"    UnhideWhenUsed=\"false\" Name=\"Medium Grid 2 Accent 6\" /> <w:LsdException Locked=\"false\" Priority=\"69\" SemiHidden=\"false\"    UnhideWhenUsed=\"false\" Name=\"Medium Grid 3 Accent 6\" /> <w:LsdException Locked=\"false\" Priority=\"70\" SemiHidden=\"false\"    UnhideWhenUsed=\"false\" Name=\"Dark List Accent 6\" /> <w:LsdException Locked=\"false\" Priority=\"71\" SemiHidden=\"false\"    UnhideWhenUsed=\"false\" Name=\"Colorful Shading Accent 6\" /> <w:LsdException Locked=\"false\" Priority=\"72\" SemiHidden=\"false\"    UnhideWhenUsed=\"false\" Name=\"Colorful List Accent 6\" /> <w:LsdException Locked=\"false\" Priority=\"73\" SemiHidden=\"false\"    UnhideWhenUsed=\"false\" Name=\"Colorful Grid Accent 6\" /> <w:LsdException Locked=\"false\" Priority=\"19\" SemiHidden=\"false\"    UnhideWhenUsed=\"false\" QFormat=\"true\" Name=\"Subtle Emphasis\" /> <w:LsdException Locked=\"false\" Priority=\"21\" SemiHidden=\"false\"    UnhideWhenUsed=\"false\" QFormat=\"true\" Name=\"Intense Emphasis\" /> <w:LsdException Locked=\"false\" Priority=\"31\" SemiHidden=\"false\"    UnhideWhenUsed=\"false\" QFormat=\"true\" Name=\"Subtle Reference\" /> <w:LsdException Locked=\"false\" Priority=\"32\" SemiHidden=\"false\"    UnhideWhenUsed=\"false\" QFormat=\"true\" Name=\"Intense Reference\" /> <w:LsdException Locked=\"false\" Priority=\"33\" SemiHidden=\"false\"    UnhideWhenUsed=\"false\" QFormat=\"true\" Name=\"Book Title\" /> <w:LsdException Locked=\"false\" Priority=\"37\" Name=\"Bibliography\" /> <w:LsdException Locked=\"false\" Priority=\"39\" QFormat=\"true\" Name=\"TOC Heading\" /> </w:LatentStyles> </xml><![endif]--><!--[if gte mso 10]> <mce:style><!   /* Style Definitions */  table.MsoNormalTable 	{mso-style-name:\"Table Normal\"; 	mso-tstyle-rowband-size:0; 	mso-tstyle-colband-size:0; 	mso-style-noshow:yes; 	mso-style-priority:99; 	mso-style-parent:\"\"; 	mso-padding-alt:0in 5.4pt 0in 5.4pt; 	mso-para-margin-top:0in; 	mso-para-margin-right:0in; 	mso-para-margin-bottom:10.0pt; 	mso-para-margin-left:0in; 	line-height:115%; 	mso-pagination:widow-orphan; 	font-size:11.0pt; 	font-family:\"Calibri\",\"sans-serif\"; 	mso-ascii-font-family:Calibri; 	mso-ascii-theme-font:minor-latin; 	mso-hansi-font-family:Calibri; 	mso-hansi-theme-font:minor-latin;} --> <!--[endif] --></p>\r\n<p class=\"MsoNormal\">Aqu&iacute; encontrar&aacute;s piezas &uacute;nicas, modernas y coloridas de la reconocida marca Kartell, para ambientar tu espacio. Te esperamos en la Ave. De Diego #271.</p>\r\n<p>&nbsp;</p>','Kartell-Flagship-Store',NULL,'Kartell Flagship Store',NULL),(87,135,'Become a design member',NULL,'<p>Palacios is the design center you are looking for. Become a design member<br />and receive many benefits, such as: a private space to meet with clients, walk the showroom as it was your own, access to our library of companies and special discounts.</p>','Become-a-design-member',NULL,'Become a design member',NULL),(87,136,'Palacio\'s 20th Anniversary Celebration',NULL,NULL,'Palacios-20th-Anniversary-Celebration',NULL,'Palacios 20th Anniversary Celebration',NULL),(87,137,'We found Margo and her staff to be a pleasure to work with when...',NULL,'<p>We found Margo and her staff to be a pleasure to work with when furnishing our new vacation home in Puerto Rico. She did her homework, was open to suggestions and oversaw the installation of everything. Since we were doing everything long distance, Palacios\' attention to detail and professionalism were certainly appreciated.</p>','We-found-Margo-and-her-staff-to-be-a-pleasure-to-work-with-when',NULL,'We found Margo and her staff to be a pleasure to work with when',NULL),(87,140,'We have been satisfied clients of PALACIOS for over 5 years.',NULL,'<p>We have been satisfied clients of PALACIOS for over 5 years. The competent staff at PALACIOS supervised and organized every detail of our apartment renovation and decoration - from choosing countertops and tiles, to selecting sofas, to adding mirrors, throws and pillows. All we needed to bring was our toothbrushes!  We also like shopping at PALACIOS whenever we are in San Juan. There is always an extensive and fun selection of gifts, and home accessories. Thank you, Ileana, Sofia and Hector.</p>\r\n<p>Nancy Eppler-Wolff, Ph.D.</p>','We-have-been-satisfied-clients-of-PALACIOS-for-over-5-years',NULL,'We have been satisfied clients of PALACIOS for over 5 years',NULL),(87,138,'Janet and Joe TymeckIleana, Sofia, and the entire Palacios...',NULL,'<p>Janet and Joe TymeckIleana, Sof&iacute;a, and the entire Palacios team were a pleasure to work with in furnishing our condo. From the design process to the installation, and even after, they have been creative, responsive, helpful, and extremely professional. I can&rsquo;t wait to work with them again in the future!</p>\r\n<p>Olivia Peskowitz</p>','Janet-and-Joe-TymeckIleana-Sofia-and-the-entire-Palacios',NULL,'Janet and Joe TymeckIleana Sofia and the entire Palacios',NULL),(87,139,'Palacios did a marvelous job creating our lovely home in Bahia...',NULL,'<p>Palacios did a marvelous job creating our lovely home in Bahia. They helped us select beautiful furnishings, and coordinated everything with ease and grace. From the very beginning we enjoyed a wonderful relationship with Ileana and her capable staff. We still adore our beautiful apartment after all these years.</p>\r\n<p><span style=\"font-family: &quot;Lucida Grande&quot;, Verdana, Arial, Helvetica, sans-serif; font-size: 11px; line-height: 16px;\">Forever grateful,<br /></span><span style=\"font-family: &quot;Lucida Grande&quot;, Verdana, Arial, Helvetica, sans-serif; font-size: 11px; line-height: 16px;\">Wendy and Ralph Parks</span></p>','Palacios-did-a-marvelous-job-creating-our-lovely-home-in-Bahia',NULL,'Palacios did a marvelous job creating our lovely home in Bahia',NULL),(87,142,'Palacios is a wonderful furniture store. ',NULL,'<p>Palacios is a wonderful furniture store. They have the most up to date  trends, and can cater to all esthetics. They are wonderful for home  interiors, indoor and out. They have a fabulous design team that works  with each client personally. I have always had a fabulous experience  shopping in the store. Not only have I purchased furniture in the store,  but they delivered and installed everything. They have helped me  customize pieces that have made my home feel so special and unique.</p>\r\n<p>Lauren Soniat</p>','Palacios-is-a-wonderful-furniture-store-',NULL,'Palacios is a wonderful furniture store ',NULL),(87,141,'Our experience working with the Palacios team could not have been better.',NULL,'<p>Our experience working with the Palacios team could not have been better.  When we needed help designing our home in Puerto Rico, we didn\'t know where to begin.  We were extremely fortunate to be introduced to Ileana.  Her enthusiasm and professionalism made the entire process easy and enjoyable from beginning to end.  She and Sofia communicated clearly with us throughout the project, and we ended up with a home that was stunning, well designed, and personal...AND they finished the job ahead of schedule in order for us to enjoy our first Christmas at Dorado!!</p>\r\n<p>Kristin Kehr</p>','Our-experience-working-with-the-Palacios-team-could-not-have-been-better',NULL,'Our experience working with the Palacios team could not have been better',NULL),(87,143,'I met Ileana, Sofia and the Palacios team of experts when I purchased a three-bedroom beach condo in Dorado. ',NULL,'<p style=\"margin:0px;font-size:11px;line-height:normal;font-family:helvetica\">I  met Ileana, Sofia and the Palacios team of experts when I purchased a  three-bedroom beach condo in Dorado.&nbsp; Going through the process of  building and furnishing while living a plane ride away was a challenge,  however, that challenge was made seamless, easy and fun with the help of  Ileana and her amazing team!&nbsp; Ileana listened to how I wanted my home  to look and feel and then turned those thoughts into a vision that was  more than I could have ever imagined!&nbsp; In addition to perfect choices  and attention to every detail in my residence, Ileana even designed and  configured a special room for me that is a place all my own for crafting  and sewing.&nbsp; I could have never imagined that something my heart  desired could come to fruition, but Ileana made sure it happened and  spectacularly so!&nbsp; Every interaction I had with Palacios was not only  timely and efficient, but also pleasurable.&nbsp; As a result of working with  Ileana I not only have the home of my dreams, but also new friendships  that I cherish!</p>\r\n<p style=\"margin:0px;font-size:11px;line-height:normal;font-family:helvetica\">&nbsp;</p>\r\n<p style=\"margin:0px;font-size:11px;line-height:normal;font-family:helvetica\">&nbsp;</p>\r\n<p style=\"margin:0px;font-size:11px;line-height:normal;font-family:helvetica\">Thank you,</p>\r\n<p style=\"margin:0px;font-size:11px;line-height:normal;font-family:helvetica\">Denise</p>','I-met-Ileana-Sofia-and-the-Palacios-team-of-experts-when-I-purchased-a-three-bedroom-beach-condo-in-Dorado-',NULL,'I met Ileana Sofia and the Palacios team of experts when I purchased a three-bedroom beach condo in Dorado ',NULL),(87,144,'Palacios has been exceptional to work with in every way.',NULL,'<p>Palacios has been exceptional to work with in every way.&nbsp; They exceeded my expectations in terms of delivery, quality of design, and efficiency.&nbsp; Margo Tress and her colleagues made furnishing an apartment in Puerto Rico, remotely from NJ, look like a walk in the park.&nbsp; They began work based on a conference call, not having met me in person, and never looked back.&nbsp; No detail was too small, no preference too burdensome for Margo and the staff at Palacios. They were attentive, wonderful to work with, highly professional and gracious at all times. They clearly love what they do and that translates into their work. From outfitting every room to filling my kitchen cabinets with their gorgeous dinnerware, they treated the design of my home as if it were theirs and that level of service was worth every penny. Margo heard what was important to us and exceeded our expectations with design recommendations that were personalized and unique.&nbsp; We absolutely love our apartment.&nbsp; We would highly recommend Palacios to all our friends.<br /><br />Sunita Jaffrey</p>','Palacios-has-been-exceptional-to-work-with-in-every-way',NULL,'Palacios has been exceptional to work with in every way',NULL),(87,145,'Thanks for all of your hard work on this project.',NULL,'<p>Thanks for all of your hard work on this project.  You taught me a lot!</p>\r\n<p>Xo</p>\r\n<p>Susan Keenan</p>','Thanks-for-all-of-your-hard-work-on-this-project',NULL,'Thanks for all of your hard work on this project',NULL);

--
-- Table structure for table `crm_contenido_x_config_pais`
--

CREATE TABLE `crm_contenido_x_config_pais` (
  `crm_contenido_id` int(10) unsigned NOT NULL,
  `config_pais_id` int(10) unsigned NOT NULL,
  PRIMARY KEY (`crm_contenido_id`,`config_pais_id`),
  UNIQUE KEY `crm_contenido_has_config_pais_FKIndex1` (`crm_contenido_id`),
  KEY `crm_contenido_has_config_pais_FKIndex2` (`config_pais_id`)
) ENGINE=MyISAM DEFAULT CHARSET=utf8 COLLATE=utf8_spanish_ci ROW_FORMAT=FIXED;

--
-- Dumping data for table `crm_contenido_x_config_pais`
--


--
-- Table structure for table `crm_contenido_x_crm_contenido_categoria`
--

CREATE TABLE `crm_contenido_x_crm_contenido_categoria` (
  `crm_contenido_id` int(10) unsigned NOT NULL,
  `crm_contenido_categoria_id` int(10) unsigned NOT NULL,
  PRIMARY KEY (`crm_contenido_id`,`crm_contenido_categoria_id`),
  KEY `crm_contenido_has_crm_contenido_categoria_FKIndex1` (`crm_contenido_id`),
  KEY `crm_contenido_has_crm_contenido_categoria_FKIndex2` (`crm_contenido_categoria_id`)
) ENGINE=MyISAM DEFAULT CHARSET=latin1 ROW_FORMAT=FIXED;

--
-- Dumping data for table `crm_contenido_x_crm_contenido_categoria`
--

INSERT INTO `crm_contenido_x_crm_contenido_categoria` VALUES (110,74),(111,74),(112,74),(116,74),(117,74),(118,74),(119,74),(120,74),(121,74),(122,74),(123,74),(124,74),(125,74),(126,74),(127,74),(128,74),(129,74),(132,74),(133,74),(134,74),(135,74),(136,74),(137,74),(138,74),(139,74),(140,74),(141,74),(142,74),(143,74),(144,74),(145,74);

--
-- Table structure for table `crm_contenido_x_crm_contenido_categoria_parametro`
--

CREATE TABLE `crm_contenido_x_crm_contenido_categoria_parametro` (
  `crm_contenido_id` int(10) unsigned NOT NULL,
  `crm_contenido_categoria_parametro_id` int(10) unsigned NOT NULL,
  `valor` text,
  PRIMARY KEY (`crm_contenido_id`,`crm_contenido_categoria_parametro_id`),
  KEY `crm_contenido_has_crm_contenido_categoria_parametro_FKIndex1` (`crm_contenido_id`),
  KEY `crm_contenido_has_crm_contenido_categoria_parametro_FKIndex2` (`crm_contenido_categoria_parametro_id`)
) ENGINE=MyISAM DEFAULT CHARSET=latin1;

--
-- Dumping data for table `crm_contenido_x_crm_contenido_categoria_parametro`
--

INSERT INTO `crm_contenido_x_crm_contenido_categoria_parametro` VALUES (52,451,'http://www.caribbeanbusinesspr.com/cb_content/news02.php?nw_id=4942&ct_id=1'),(52,453,'Keep reading.'),(71,451,'http://google.com'),(91,451,'http://barcampsj.org/'),(91,453,'Learn more about Barcamp San Juan and join us.'),(92,451,'#'),(92,453,'Learn more about our work.');

--
-- Table structure for table `crm_contenido_x_crm_contenido_files`
--

CREATE TABLE `crm_contenido_x_crm_contenido_files` (
  `crm_contenido_id` int(10) unsigned NOT NULL,
  `crm_contenido_files_id` int(10) unsigned NOT NULL,
  PRIMARY KEY (`crm_contenido_id`,`crm_contenido_files_id`),
  KEY `crm_contenido_has_crm_contenido_files_FKIndex1` (`crm_contenido_id`),
  KEY `crm_contenido_has_crm_contenido_files_FKIndex2` (`crm_contenido_files_id`)
) ENGINE=MyISAM DEFAULT CHARSET=latin1 ROW_FORMAT=FIXED;

--
-- Dumping data for table `crm_contenido_x_crm_contenido_files`
--

INSERT INTO `crm_contenido_x_crm_contenido_files` VALUES (110,219),(111,222),(116,249),(117,250),(118,251),(119,252),(120,253),(121,254),(122,255),(123,256),(124,257),(125,258),(126,259),(127,260),(128,261),(129,262),(132,265),(133,266),(134,267),(135,268),(136,269),(137,270),(138,271),(139,272),(140,273),(141,274),(142,275),(143,276),(144,277),(145,278);

--
-- Table structure for table `crm_contenido_x_disco`
--

CREATE TABLE `crm_contenido_x_disco` (
  `crm_contenido_id` int(10) unsigned NOT NULL,
  `disco_id` int(10) unsigned NOT NULL,
  PRIMARY KEY (`crm_contenido_id`,`disco_id`),
  KEY `crm_contenido_x_disco_FKIndex1` (`crm_contenido_id`),
  KEY `crm_contenido_x_disco_FKIndex2` (`disco_id`)
) ENGINE=MyISAM DEFAULT CHARSET=latin1 ROW_FORMAT=FIXED;

--
-- Dumping data for table `crm_contenido_x_disco`
--


--
-- Table structure for table `crm_contenidos_relacion`
--

CREATE TABLE `crm_contenidos_relacion` (
  `crm_contenidos_relacion_id` int(10) unsigned NOT NULL AUTO_INCREMENT,
  `crm_contenido_id` int(10) unsigned NOT NULL,
  `crm_contenido_id_2` int(10) unsigned NOT NULL,
  PRIMARY KEY (`crm_contenidos_relacion_id`),
  KEY `contenidos_relacion_FKIndex1` (`crm_contenido_id`),
  KEY `crm_contenido_id_2` (`crm_contenido_id_2`)
) ENGINE=MyISAM AUTO_INCREMENT=71 DEFAULT CHARSET=latin1 ROW_FORMAT=FIXED;

--
-- Dumping data for table `crm_contenidos_relacion`
--


--
-- Table structure for table `ecommerce_cliente_tipo`
--

CREATE TABLE `ecommerce_cliente_tipo` (
  `ecommerce_cliente_tipo_id` int(10) unsigned NOT NULL AUTO_INCREMENT,
  `tipo` varchar(255) DEFAULT NULL,
  `descuento` varchar(25) DEFAULT NULL,
  `orden` int(11) DEFAULT NULL,
  `principal` tinyint(4) DEFAULT NULL,
  `activo` tinyint(1) DEFAULT NULL,
  PRIMARY KEY (`ecommerce_cliente_tipo_id`)
) ENGINE=MyISAM AUTO_INCREMENT=29 DEFAULT CHARSET=latin1;

--
-- Dumping data for table `ecommerce_cliente_tipo`
--

INSERT INTO `ecommerce_cliente_tipo` VALUES (1,'Oferta','0',3,1,1),(2,'Regular','0',1,0,1),(3,'Extra','0',2,0,1);

--
-- Table structure for table `ecommerce_cliente_tipo_x_config_idioma`
--

CREATE TABLE `ecommerce_cliente_tipo_x_config_idioma` (
  `ecommerce_cliente_tipo_id` int(10) unsigned NOT NULL,
  `config_idioma_id` int(10) unsigned NOT NULL,
  `tipo` varchar(255) DEFAULT NULL,
  PRIMARY KEY (`ecommerce_cliente_tipo_id`,`config_idioma_id`),
  KEY `ecommerce_cliente_tipo_has_config_idioma_FKIndex1` (`ecommerce_cliente_tipo_id`),
  KEY `ecommerce_cliente_tipo_has_config_idioma_FKIndex2` (`config_idioma_id`)
) ENGINE=MyISAM DEFAULT CHARSET=latin1;

--
-- Dumping data for table `ecommerce_cliente_tipo_x_config_idioma`
--


--
-- Table structure for table `ecommerce_parametro`
--

CREATE TABLE `ecommerce_parametro` (
  `ecommerce_parametro_id` int(10) unsigned NOT NULL AUTO_INCREMENT,
  `ecommerce_parametro_grupo_id` int(11) DEFAULT NULL,
  `ecommerce_parametro_tipo_id` int(11) DEFAULT NULL,
  `ecommerce_parametro_id_2` int(11) DEFAULT NULL,
  `config_idioma_id` int(11) DEFAULT NULL,
  `titulo` varchar(255) DEFAULT NULL,
  `detalle` varchar(255) DEFAULT NULL,
  `destacado` tinyint(4) DEFAULT NULL,
  `orden` int(11) DEFAULT NULL,
  `activo` tinyint(3) unsigned DEFAULT NULL,
  PRIMARY KEY (`ecommerce_parametro_id`),
  UNIQUE KEY `ecommerce_parametro_id_2` (`ecommerce_parametro_id_2`,`config_idioma_id`),
  KEY `config_idioma_id` (`config_idioma_id`),
  KEY `ecommerce_parametro_grupo_id` (`ecommerce_parametro_grupo_id`),
  KEY `checkbox` (`destacado`),
  KEY `activo` (`activo`),
  KEY `ecommerce_parametro_tipo_id` (`ecommerce_parametro_tipo_id`)
) ENGINE=MyISAM AUTO_INCREMENT=91 DEFAULT CHARSET=latin1;

--
-- Dumping data for table `ecommerce_parametro`
--


--
-- Table structure for table `ecommerce_parametro_grupo`
--

CREATE TABLE `ecommerce_parametro_grupo` (
  `ecommerce_parametro_grupo_id` int(10) unsigned NOT NULL AUTO_INCREMENT,
  `nombre` varchar(255) COLLATE utf8_spanish_ci DEFAULT NULL,
  `activo` tinyint(3) unsigned DEFAULT NULL,
  PRIMARY KEY (`ecommerce_parametro_grupo_id`)
) ENGINE=MyISAM AUTO_INCREMENT=16 DEFAULT CHARSET=utf8 COLLATE=utf8_spanish_ci;

--
-- Dumping data for table `ecommerce_parametro_grupo`
--

INSERT INTO `ecommerce_parametro_grupo` VALUES (15,NULL,1);

--
-- Table structure for table `ecommerce_parametro_grupo_x_config_idioma`
--

CREATE TABLE `ecommerce_parametro_grupo_x_config_idioma` (
  `ecommerce_parametro_grupo_id` int(10) unsigned NOT NULL,
  `config_idioma_id` int(10) unsigned NOT NULL,
  `nombre` varchar(255) COLLATE utf8_spanish_ci DEFAULT NULL,
  PRIMARY KEY (`ecommerce_parametro_grupo_id`,`config_idioma_id`),
  KEY `ecommerce_parametro_grupo_has_config_idioma_FKIndex1` (`ecommerce_parametro_grupo_id`),
  KEY `ecommerce_parametro_grupo_has_config_idioma_FKIndex2` (`config_idioma_id`)
) ENGINE=MyISAM DEFAULT CHARSET=utf8 COLLATE=utf8_spanish_ci;

--
-- Dumping data for table `ecommerce_parametro_grupo_x_config_idioma`
--

INSERT INTO `ecommerce_parametro_grupo_x_config_idioma` VALUES (1,87,'Básicos'),(2,87,'Mensajería'),(3,87,'Funciones'),(4,87,'Diversón'),(5,87,'Comunicación'),(6,87,'Informacíon'),(7,87,'Asistentes'),(8,87,'Accesorios'),(9,87,'Planes'),(10,87,'Accesorios Incluidos'),(11,87,'Servicios incluidos'),(12,87,'Servicios requeridos'),(13,87,'Servicios opcionales'),(14,87,'Términos legales'),(15,87,'General');

--
-- Table structure for table `ecommerce_parametro_tipo`
--

CREATE TABLE `ecommerce_parametro_tipo` (
  `ecommerce_parametro_tipo_id` int(10) unsigned NOT NULL AUTO_INCREMENT,
  `ecommerce_parametro_tipo_id_2` int(10) unsigned DEFAULT NULL,
  `config_idioma_id` int(10) unsigned NOT NULL,
  `tipo` varchar(255) COLLATE utf8_spanish_ci DEFAULT NULL,
  `universal` tinyint(4) DEFAULT NULL,
  `activo` int(10) unsigned DEFAULT NULL,
  PRIMARY KEY (`ecommerce_parametro_tipo_id`),
  UNIQUE KEY `ecommerce_parametro_tipo_id_2` (`ecommerce_parametro_tipo_id_2`,`config_idioma_id`),
  KEY `ecommerce_parametro_tipo_FKIndex1` (`config_idioma_id`),
  KEY `ecommerce_parametro_tipo_FKIndex2` (`ecommerce_parametro_tipo_id_2`),
  KEY `universal` (`universal`)
) ENGINE=MyISAM AUTO_INCREMENT=39 DEFAULT CHARSET=utf8 COLLATE=utf8_spanish_ci;

--
-- Dumping data for table `ecommerce_parametro_tipo`
--

INSERT INTO `ecommerce_parametro_tipo` VALUES (1,1,87,'texto simple',0,1),(10,10,87,'fecha',1,1),(19,19,87,'checkbox',NULL,1),(28,28,87,'editor html',NULL,1),(37,37,87,'textarea ',0,1),(38,38,87,'textarea multiidioma',NULL,0);

--
-- Table structure for table `ecommerce_parametro_x_ecommerce_producto`
--

CREATE TABLE `ecommerce_parametro_x_ecommerce_producto` (
  `ecommerce_parametro_id` int(10) unsigned NOT NULL,
  `ecommerce_producto_id` int(10) unsigned NOT NULL,
  `valor` text,
  PRIMARY KEY (`ecommerce_parametro_id`,`ecommerce_producto_id`),
  KEY `ecommerce_parametro_has_ecommerce_producto_categoria_FKIndex1` (`ecommerce_parametro_id`),
  KEY `ecommerce_parametro_has_ecommerce_producto_categoria_FKIndex2` (`ecommerce_producto_id`)
) ENGINE=MyISAM DEFAULT CHARSET=latin1;

--
-- Dumping data for table `ecommerce_parametro_x_ecommerce_producto`
--

INSERT INTO `ecommerce_parametro_x_ecommerce_producto` VALUES (63,18,'Centro á'),(63,19,'Nueva Córdoba'),(63,20,'Villa Parque Siquiman'),(63,21,' Marquez de Sobremonte - Córdoba'),(63,24,NULL),(63,25,NULL),(64,18,'2'),(64,19,'1 1/2'),(64,20,NULL),(64,21,'2'),(64,24,NULL),(64,25,NULL),(65,18,'2'),(65,19,NULL),(65,20,NULL),(65,21,'2'),(65,24,NULL),(65,25,NULL),(66,18,'1'),(66,19,'NO'),(66,20,NULL),(66,21,'pasante x 2'),(66,24,NULL),(66,25,NULL),(67,18,'Sí'),(67,19,'Si'),(67,20,NULL),(67,21,'si'),(67,24,NULL),(67,25,NULL),(68,18,'Sí'),(68,19,'Sí'),(68,20,NULL),(68,21,'si'),(68,24,NULL),(68,25,NULL),(69,18,NULL),(69,19,NULL),(69,20,NULL),(69,21,NULL),(69,24,NULL),(69,25,NULL),(70,18,NULL),(70,19,NULL),(70,20,NULL),(70,21,NULL),(70,24,NULL),(70,25,NULL),(71,18,NULL),(71,19,NULL),(71,20,NULL),(71,21,NULL),(71,24,NULL),(71,25,NULL),(72,18,NULL),(72,19,NULL),(72,20,NULL),(72,21,NULL),(72,24,NULL),(72,25,NULL),(73,18,NULL),(73,19,NULL),(73,20,NULL),(73,21,NULL),(73,24,NULL),(73,25,NULL),(74,18,NULL),(74,19,NULL),(74,20,NULL),(74,21,NULL),(74,24,NULL),(74,25,NULL),(75,18,NULL),(75,19,NULL),(75,20,NULL),(75,21,NULL),(75,22,'si'),(75,24,NULL),(75,25,NULL),(76,18,NULL),(76,19,NULL),(76,20,NULL),(76,21,NULL),(76,22,'si'),(76,24,NULL),(76,25,NULL),(77,18,NULL),(77,19,NULL),(77,20,NULL),(77,21,NULL),(77,24,NULL),(77,25,NULL),(78,18,NULL),(78,19,NULL),(78,20,NULL),(78,21,NULL),(78,24,NULL),(78,25,NULL),(79,18,NULL),(79,19,NULL),(79,20,NULL),(79,21,NULL),(79,24,NULL),(79,25,NULL),(80,18,NULL),(80,19,NULL),(80,20,NULL),(80,21,NULL),(80,24,NULL),(80,25,NULL),(81,21,NULL),(81,22,'si'),(81,24,'no'),(81,26,NULL),(81,27,NULL),(81,28,NULL),(81,30,NULL),(81,31,NULL),(81,33,'si'),(81,34,NULL),(81,35,'si'),(81,36,'si'),(81,37,'si'),(81,38,'En habitaciones y areas comunes'),(81,39,NULL),(81,40,'si'),(82,21,NULL),(82,22,'Av. los tres pajaritos 222 - A 2 km de las Siete cascadas'),(82,24,NULL),(82,26,NULL),(82,27,NULL),(82,28,NULL),(82,30,NULL),(82,31,NULL),(82,33,'The hotel is situated in the commercial district and is just 45 minutes from the airport.'),(82,34,NULL),(82,35,'Av. los tres pajaritos 222 - A 2 km de las Siete cascadas'),(82,37,'Bv. Alfonso Gutierres 856'),(82,38,'RUA 11 QUADRA G LOTE 8 - JOAO FERNANDES'),(82,39,NULL),(83,21,NULL),(83,22,'no'),(83,24,NULL),(83,26,NULL),(83,27,NULL),(83,28,NULL),(83,30,NULL),(83,31,'si'),(83,33,'si'),(83,34,NULL),(83,35,NULL),(83,37,'si'),(83,38,'si'),(83,39,NULL),(84,21,NULL),(84,22,'si'),(84,24,NULL),(84,26,NULL),(84,27,NULL),(84,28,NULL),(84,30,NULL),(84,31,'si'),(84,33,'si'),(84,34,NULL),(84,35,NULL),(84,37,'si'),(84,38,NULL),(84,39,NULL),(85,21,NULL),(85,22,'servicio de limpieza'),(85,24,NULL),(85,26,NULL),(85,27,NULL),(85,28,NULL),(85,30,NULL),(85,31,NULL),(85,33,'si'),(85,34,NULL),(85,35,'si'),(85,37,'si'),(85,38,'si'),(85,39,NULL),(86,21,NULL),(86,22,NULL),(86,24,'si'),(86,26,'no'),(86,27,NULL),(86,28,NULL),(86,30,NULL),(86,31,NULL),(86,33,NULL),(86,34,NULL),(86,35,NULL),(86,36,'si'),(86,38,NULL),(86,39,NULL),(86,40,'si'),(87,30,'1'),(87,35,'1'),(87,36,'1'),(87,40,'1'),(88,27,NULL),(88,28,NULL),(88,31,NULL),(88,34,NULL),(88,38,'55 22 2623 9901'),(88,39,NULL),(89,27,NULL),(89,28,NULL),(89,31,NULL),(89,34,NULL),(89,38,'55 22 2623 9901'),(89,39,NULL),(90,27,NULL),(90,28,NULL),(90,31,NULL),(90,34,NULL),(90,38,'http://www.lp-lf.com.br'),(90,39,NULL);

--
-- Table structure for table `ecommerce_precio`
--

CREATE TABLE `ecommerce_precio` (
  `ecommerce_precio_id` int(10) unsigned NOT NULL AUTO_INCREMENT,
  `precio_edad_id` int(10) unsigned NOT NULL,
  `precio_calidad_id` int(10) unsigned NOT NULL,
  `precio_servicio_id` int(11) DEFAULT NULL,
  `config_moneda_id` int(10) unsigned NOT NULL,
  `ecommerce_producto_id` int(10) unsigned NOT NULL,
  `fecha_inicio` int(10) unsigned DEFAULT NULL,
  `fecha_fin` int(10) unsigned DEFAULT NULL,
  `importe` float(12,0) DEFAULT NULL,
  `por_defecto` tinyint(3) unsigned DEFAULT NULL,
  `activo` tinyint(3) unsigned DEFAULT NULL,
  PRIMARY KEY (`ecommerce_precio_id`),
  UNIQUE KEY `ecommerce_precio_id` (`ecommerce_precio_id`),
  KEY `ecommerce_precio_FKIndex1` (`ecommerce_producto_id`),
  KEY `ecommerce_precio_FKIndex2` (`config_moneda_id`),
  KEY `ecommerce_precio_FKIndex3` (`precio_calidad_id`),
  KEY `ecommerce_precio_FKIndex4` (`precio_edad_id`),
  KEY `index` (`precio_edad_id`,`precio_calidad_id`,`ecommerce_producto_id`),
  KEY `ecommerce_precio_servicio_id` (`precio_servicio_id`)
) ENGINE=MyISAM AUTO_INCREMENT=70 DEFAULT CHARSET=latin1 ROW_FORMAT=FIXED;

--
-- Dumping data for table `ecommerce_precio`
--

INSERT INTO `ecommerce_precio` VALUES (1,1,2,1,1,21,0,0,250,1,1),(2,2,2,1,1,21,0,0,125,0,1),(3,2,2,1,1,24,0,0,125,1,1),(4,1,7,1,1,25,1298948400,1301540400,150,1,1),(5,1,8,1,1,25,1298948400,1301540400,180,0,1),(7,1,10,1,1,25,1298948400,1301540400,500,0,1),(8,2,7,1,1,25,1298948400,1301540400,150,0,1),(9,2,8,1,1,25,1298948400,1301540400,150,0,1),(10,1,9,1,1,25,1298948400,1301540400,250,0,1),(11,1,1,1,2,26,1299294000,1301713200,400,0,1),(12,1,1,1,1,27,1299726000,1304132400,699,1,1),(13,2,1,1,1,27,1299812400,1304132400,650,0,1),(15,1,1,1,1,30,1305946800,1308625200,3999,1,1),(16,1,2,1,1,30,1305946800,1308625200,3846,0,1),(17,1,3,1,1,30,1305946800,1308625200,5242,0,1),(20,1,1,1,1,35,1298689200,1301022000,45,1,1),(22,1,1,1,1,37,1302577200,1356919200,50,1,1),(23,1,1,1,1,37,1303354800,1303614000,80,0,1),(27,1,2,1,1,27,1302231600,1304132400,650,0,1),(28,1,1,1,1,27,1304218800,1306810800,600,0,1),(29,2,2,1,1,27,1302231600,1304132400,630,0,1),(33,1,15,1,1,39,1304132400,1301972400,298,0,1),(43,1,1,1,1,38,1303182000,1303614000,63,1,1),(44,1,3,1,1,38,1303182000,1303527600,125,1,1),(45,1,2,1,1,38,1303182000,1303614000,54,1,1),(47,3,3,1,1,38,1303959600,1327975200,0,1,1),(48,3,1,1,1,38,1303959600,1327975200,0,1,1),(49,3,2,1,1,38,1303959600,1327975200,0,1,1),(50,3,16,1,1,38,1303959600,1327975200,0,1,1),(51,1,3,2,1,38,1303182000,1303614000,144,1,1),(52,1,1,2,1,38,1303182000,1303614000,81,1,1),(53,1,2,2,1,38,1303182000,1303614000,73,1,1),(54,1,16,2,1,38,1303182000,1303614000,66,1,1),(55,1,3,3,1,38,1303182000,1303614000,188,1,1),(56,1,1,3,1,38,1303182000,1303614000,125,1,1),(57,1,16,1,1,38,1303182000,1303614000,47,1,1),(58,1,2,3,1,38,1303182000,1303614000,117,1,1),(59,1,16,3,1,38,1303182000,1303614000,125,1,1),(60,1,3,4,1,38,1303614000,1309402800,125,1,1),(61,1,1,4,1,38,1303614000,1309402800,63,1,1),(62,1,2,4,1,38,1303614000,1309402800,54,1,1),(63,1,16,4,1,38,1303614000,1309402800,47,1,1),(64,1,1,1,1,39,1303700400,1304391600,1950,1,1),(65,1,1,1,1,34,1301626800,1302836400,1250,1,1),(66,1,1,2,1,34,1301626800,1302836400,1350,0,1),(67,1,2,1,1,34,1301626800,1302836400,1090,0,1),(68,1,1,1,1,31,1304046000,1306810800,3999,1,1),(69,1,1,1,1,28,1304218800,1306292400,3999,1,1);

--
-- Table structure for table `ecommerce_precio_calidad`
--

CREATE TABLE `ecommerce_precio_calidad` (
  `precio_calidad_id` int(10) unsigned NOT NULL AUTO_INCREMENT,
  `titulo` varchar(255) DEFAULT NULL,
  `defecto` tinyint(4) unsigned DEFAULT NULL,
  `activo` tinyint(3) unsigned DEFAULT NULL,
  PRIMARY KEY (`precio_calidad_id`),
  KEY `activo` (`activo`),
  KEY `defecto` (`defecto`)
) ENGINE=MyISAM AUTO_INCREMENT=17 DEFAULT CHARSET=latin1;

--
-- Dumping data for table `ecommerce_precio_calidad`
--

INSERT INTO `ecommerce_precio_calidad` VALUES (1,'Habitación doble',1,1),(2,'Habitación triple',0,1),(3,'Habitación Simple',0,1),(4,'Suite',0,1),(5,'Cabina Interior',1,1),(6,'Cabina Exterior',0,1),(7,'Clase Turista con restricciones',1,1),(8,'Clase Turista sin restricciones',0,1),(9,'Clase Ejecutiva / Business',0,1),(10,'Primera Clase',0,1),(11,'Coche Semi-Cama',1,1),(12,'Coche Cama',0,1),(13,'Coche Cama Suite',0,1),(15,'Impuestos',0,1),(16,'Habitación Cuádruple',NULL,1);

--
-- Table structure for table `ecommerce_precio_edad`
--

CREATE TABLE `ecommerce_precio_edad` (
  `precio_edad_id` int(10) unsigned NOT NULL AUTO_INCREMENT,
  `titulo` varchar(255) DEFAULT NULL,
  `activo` tinyint(3) unsigned DEFAULT NULL,
  PRIMARY KEY (`precio_edad_id`)
) ENGINE=MyISAM AUTO_INCREMENT=5 DEFAULT CHARSET=latin1;

--
-- Dumping data for table `ecommerce_precio_edad`
--

INSERT INTO `ecommerce_precio_edad` VALUES (1,'Adultos',1),(2,'Menores',1),(3,'Infantes',1),(4,'Jubilados',1);

--
-- Table structure for table `ecommerce_precio_servicio`
--

CREATE TABLE `ecommerce_precio_servicio` (
  `precio_servicio_id` int(10) unsigned NOT NULL AUTO_INCREMENT,
  `titulo` varchar(255) DEFAULT NULL,
  `activo` tinyint(3) unsigned DEFAULT NULL,
  PRIMARY KEY (`precio_servicio_id`)
) ENGINE=MyISAM AUTO_INCREMENT=6 DEFAULT CHARSET=latin1;

--
-- Dumping data for table `ecommerce_precio_servicio`
--

INSERT INTO `ecommerce_precio_servicio` VALUES (1,'Desayuno',1),(2,'Media Pensión',1),(3,'All Inclusive',1),(4,'Full American Plan',1),(5,'Standard',1);

--
-- Table structure for table `ecommerce_producto`
--

CREATE TABLE `ecommerce_producto` (
  `ecommerce_producto_id` int(10) unsigned NOT NULL AUTO_INCREMENT,
  `ecommerce_producto_combos_id` int(11) DEFAULT NULL,
  `orden` int(11) DEFAULT NULL,
  `prioridad` int(10) unsigned DEFAULT NULL,
  `stock` int(10) unsigned DEFAULT NULL,
  `costo` float(9,2) DEFAULT NULL,
  `cod_barra` varchar(255) DEFAULT NULL,
  `coordenadas` varchar(255) DEFAULT NULL,
  `nro_serie` varchar(255) DEFAULT NULL,
  `activo` tinyint(3) unsigned DEFAULT NULL,
  PRIMARY KEY (`ecommerce_producto_id`),
  KEY `ecommerce_producto_combos_id` (`ecommerce_producto_combos_id`)
) ENGINE=MyISAM AUTO_INCREMENT=41 DEFAULT CHARSET=latin1;

--
-- Dumping data for table `ecommerce_producto`
--

INSERT INTO `ecommerce_producto` VALUES (18,NULL,1,1,NULL,NULL,NULL,NULL,NULL,1),(19,NULL,4,1,NULL,NULL,NULL,NULL,NULL,1),(20,NULL,3,1,NULL,NULL,NULL,NULL,NULL,1),(21,NULL,3,1,NULL,NULL,NULL,'-31.379433950595626,-64.193115234375',NULL,1),(22,NULL,12,1,NULL,NULL,NULL,'-31.38881292545334,-64.48974609375',NULL,1),(23,NULL,10,2,NULL,NULL,NULL,NULL,NULL,1),(24,NULL,1,2,NULL,NULL,NULL,NULL,NULL,1),(25,NULL,2,2,NULL,NULL,NULL,NULL,NULL,1),(26,NULL,NULL,2,NULL,NULL,NULL,NULL,NULL,1),(27,1,NULL,1,NULL,NULL,NULL,NULL,NULL,1),(28,2,1,1,NULL,NULL,NULL,'40.713955826286046,-2.4609375',NULL,1),(30,NULL,NULL,2,NULL,NULL,NULL,NULL,NULL,1),(31,4,26,1,NULL,NULL,NULL,'40.713955826286046,-2.4609375',NULL,1),(33,NULL,NULL,1,NULL,NULL,NULL,'37.06175259706908,21.578521728515625',NULL,1),(34,6,NULL,2,NULL,NULL,NULL,'-22.9470122460434,-43.15704345703125',NULL,1),(35,NULL,NULL,2,NULL,NULL,NULL,'-22.938159639316385,-43.1048583984375',NULL,1),(36,NULL,NULL,2,NULL,NULL,NULL,NULL,NULL,1),(37,NULL,NULL,2,NULL,NULL,NULL,NULL,NULL,1),(38,NULL,NULL,2,NULL,NULL,NULL,NULL,NULL,1),(39,7,NULL,2,NULL,NULL,NULL,NULL,NULL,1),(40,NULL,NULL,2,NULL,NULL,NULL,NULL,NULL,1);

--
-- Table structure for table `ecommerce_producto_archivo`
--

CREATE TABLE `ecommerce_producto_archivo` (
  `ecommerce_producto_archivo_id` int(10) unsigned NOT NULL AUTO_INCREMENT,
  `archivo` varchar(255) DEFAULT NULL,
  `tipo` varchar(10) DEFAULT NULL,
  `title` varchar(255) DEFAULT NULL,
  `alt` varchar(255) DEFAULT NULL,
  `width` varchar(10) DEFAULT NULL,
  `heigth` varchar(10) DEFAULT NULL,
  `miniatura_categoria` tinyint(4) unsigned DEFAULT NULL,
  `orden` int(11) DEFAULT NULL,
  `destacado` tinyint(4) unsigned DEFAULT NULL,
  `activo` tinyint(3) unsigned DEFAULT NULL,
  PRIMARY KEY (`ecommerce_producto_archivo_id`),
  KEY `miniatura_categoria` (`miniatura_categoria`)
) ENGINE=MyISAM AUTO_INCREMENT=1166 DEFAULT CHARSET=latin1;

--
-- Dumping data for table `ecommerce_producto_archivo`
--

INSERT INTO `ecommerce_producto_archivo` VALUES (68,'CMS_1306949023093_DiffuserPlatinum_749x1123.jpg','Imagen','Diffuser Platinum','Diffuser Platinum',NULL,NULL,NULL,NULL,0,0),(71,'CMS_1306950082375_LighterCandle_565x850.jpg','Imagen','Lighter + Candel','Lighter + Candel',NULL,NULL,NULL,NULL,0,1),(73,'CMS_1306950583093_Exclusivebox_858x570.jpg','Imagen','Exclusive Box','Exclusive Box',NULL,NULL,NULL,NULL,0,1),(74,'CMS_1306950870859_Holders1_596x570.jpg','Imagen','Holders','Holders',NULL,NULL,NULL,NULL,0,0),(75,'CMS_1306950970140_Pyramidesligne2021_472x472.jpg','Imagen','Pyramides Ligth','Pyramides Ligth',NULL,NULL,NULL,NULL,0,1),(76,'CMS_1306951078828_Wicktrimmer2_709x471.jpg','Imagen','Wick Trimer','Wick Trimer',NULL,NULL,NULL,NULL,0,1),(77,'CMS_1306953238093_daynadeckerbotanikacandles.jpg','Imagen','Botanika','Botanika',NULL,NULL,NULL,NULL,0,0),(78,'CMS_1306953239953_daynadeckerleiladiffuser.jpg','Imagen','Leila Difuser','Leila Difuser',NULL,NULL,NULL,NULL,0,1),(179,'CMS_1310482227408platinummax10scentedcandle.png','Imagen','Baobab - Platinum Maxi Max',NULL,NULL,NULL,NULL,NULL,1,1),(80,'CMS_1306954069281_GnomeNapoleon.jpg','Imagen','Gnome Napoleon','Gnome Napoleon',NULL,NULL,NULL,NULL,0,1),(81,'CMS_1306951389718_LightsCollection_900x900.jpg','Imagen','Lights Collections','Lights Collections',NULL,NULL,NULL,NULL,1,0),(82,'CMS_1306953039203_1.jpg','Imagen','1','1',NULL,NULL,NULL,NULL,1,1),(83,'CMS_1306953089515_2.jpg','Imagen','2','2',NULL,NULL,NULL,NULL,0,1),(84,'CMS_1306953037656_3.jpg','Imagen','3','3',NULL,NULL,NULL,NULL,1,1),(87,'CMS_1306953426390_PreciousVase_544x668.jpg','Imagen','Precious Vase','Precious Vase',NULL,NULL,NULL,NULL,0,1),(88,'CMS_1306953605968_ValentinoVase_749x1123.jpg','Imagen','Valentino Vase','Valentino Vase',NULL,NULL,NULL,NULL,0,1),(89,'CMS_1306954407718_palmspringsblocks.JPG','Imagen','Palm Springs Blocks','Palm Springs Blocks',NULL,NULL,NULL,NULL,1,0),(90,'CMS_1306954523109_Sunfloweraccesories.jpg','Imagen','SunFlower Accesories','SunFlower Accesories',NULL,NULL,NULL,NULL,0,0),(91,'CMS_1306954796828_calygraphybuffet_439x308.jpg','Imagen','Calygraphy Buffet','Calygraphy Buffet',NULL,NULL,NULL,NULL,0,0),(92,'CMS_1306954958234_Dadoconsole_524x342.jpg','Imagen','Dado Console','Dado Console',NULL,NULL,NULL,NULL,0,0),(93,'CMS_1306955009109_HalifaxDiningTable_806x453.jpg','Imagen','Halifax Dining Table','Halifax Dining Table',NULL,NULL,NULL,NULL,0,0),(94,'CMS_1306955094359_SebringCocktail3_578x312.jpg','Imagen','Sebring Cocktail','Sebring Cocktail',NULL,NULL,NULL,NULL,0,1),(95,'CMS_1306955330296_Sebringmochabuffet_1088x816.jpg','Imagen','Sebring Mocha Buffet','Sebring Mocha Buffet',NULL,NULL,NULL,NULL,1,1),(96,'CMS_1306955424281_BOSSbed_1_Alivar.jpg','Imagen','BOSSBed','BOSSBed',NULL,NULL,NULL,NULL,0,1),(97,'CMS_1306955600078_VERNISSAGE_1_Alivar.jpg','Imagen','Vernissage','Vernissage',NULL,NULL,NULL,NULL,0,1),(180,'CMS_1310482697609SonnaVessel.jpg','Imagen','Sonna Vessel',NULL,NULL,NULL,NULL,NULL,0,0),(181,'CMS_1310482806233olivebranch.jpg','Imagen','Olive Branch',NULL,NULL,NULL,NULL,NULL,0,0),(100,'CMS_1306955980765_08_NO1BDTWINGR_3q_r.jpg','Imagen','BedTwin','BedTwin',NULL,NULL,NULL,NULL,0,0),(101,'CMS_1306956129093_09_NO1BDQUEEBR_3q.jpg','Imagen','BD Queen','BD Queen',NULL,NULL,NULL,NULL,0,0),(102,'CMS_1306956229171_HR_GA11_cam_P033.jpg','Imagen','GA11','GA11',NULL,NULL,NULL,NULL,0,0),(103,'CMS_1306956278093_HR_GA11_cam_P034.jpg','Imagen','GAB34','GAB34',NULL,NULL,NULL,NULL,0,0),(104,'CMS_1306956308843_HR_GA11_cam_P036.jpg','Imagen','GAB36','GAB36',NULL,NULL,NULL,NULL,1,0),(105,'CMS_1306956332937_HR_GA11_cam_P037A.jpg','Imagen','GAB37A','GAB37A',NULL,NULL,NULL,NULL,0,0),(619,'CMS_1395933679067HexagonbyStevenHollforHorm.jpg','Imagen','Hexagon',NULL,NULL,NULL,NULL,NULL,1,1),(107,'CMS_1306956390312_HR_GA11_cam_P077A.jpg','Imagen','GAB77A','GAB77A',NULL,NULL,NULL,NULL,0,0),(108,'CMS_1306956812062_GhostBusterBourgie_Clear_HR_566x851.jpg','Imagen','Ghost Buster','Ghost Buster',NULL,NULL,NULL,NULL,0,1),(109,'CMS_1306961223234_GhostBuster_BlackWhite_HR_1125x758.jpg','Imagen','Ghost Buster','Ghost Buster',NULL,NULL,NULL,NULL,0,1),(611,'CMS_1395932620895Ritz14.JPG','Imagen','Dorado Beach Ritz Carlton Residences',NULL,NULL,NULL,NULL,NULL,0,1),(612,'CMS_1395932643182Ritz5.JPG','Imagen','Dorado Beach Ritz Carlton Residences',NULL,NULL,NULL,NULL,NULL,0,1),(113,'CMS_1307022449187_HR_ME10_P121_taoday_569x354.jpg','Imagen','Taoday','Taoday',NULL,NULL,NULL,NULL,0,1),(114,'CMS_1307022515796_HR_ME10_P175_taoten_545x354.jpg','Imagen','Taoten','Taoten',NULL,NULL,NULL,NULL,0,1),(115,'CMS_1307022592765_HR_ME10_P258A_hella.jpg','Imagen','Hella','Hella',NULL,NULL,NULL,NULL,1,0),(117,'CMS_1307022733984_HR_ME10_P281_sventola.jpg','Imagen','Sventolla','Sventolla',NULL,NULL,NULL,NULL,0,0),(618,'CMS_1395933603947Cobra1b.jpg','Imagen','Cobra - TV Stand',NULL,NULL,NULL,NULL,NULL,0,0),(616,'CMS_1395932715322Ritz10.JPG','Imagen','Dorado Beach Ritz Carlton Residences',NULL,NULL,NULL,NULL,NULL,0,1),(617,'CMS_1395932747689Ritz12.JPG','Imagen','Dorado Beach Ritz Carlton Residences',NULL,NULL,NULL,NULL,NULL,0,0),(1017,'CMS_1443545228426pillowfeature7101.jpg','Imagen',NULL,NULL,NULL,NULL,NULL,NULL,0,1),(124,'CMS_1307023704187_510Patternrosso_1181x1291.jpg','Imagen','510 Pattern Roso','510 Pattern Roso',NULL,NULL,NULL,NULL,0,0),(125,'CMS_1307023934515_565RETROUVE_Verde_518x732.jpg','Imagen','Re Trouve Verde','Re Trouve Verde',NULL,NULL,NULL,NULL,1,1),(126,'CMS_1307023991828_Pg174_175_Luxor_858x570.jpg','Imagen','Luxor','Luxor',NULL,NULL,NULL,NULL,0,1),(127,'CMS_1307024024609_Pg228_229_Intrecci_828x550.jpg','Imagen','Intrecci','Intrecci',NULL,NULL,NULL,NULL,0,1),(128,'CMS_1307024076078_Pg230_231_Intrecci_858x570.jpg','Imagen','Intrecci','Intrecci',NULL,NULL,NULL,NULL,0,1),(129,'CMS_1307024137296_Pg238_239_Ivy_858x554.jpg','Imagen','Ivy','Ivy',NULL,NULL,NULL,NULL,0,1),(130,'CMS_1307024199687_Pg244_245_IvyFloora_1210x806.jpg','Imagen','Ivy+Flora','Ivy+Flora',NULL,NULL,NULL,NULL,0,1),(131,'CMS_1307024254468_Pg273_Round_570x858.jpg','Imagen','Round','Round',NULL,NULL,NULL,NULL,0,1),(132,'CMS_1307024320375_Pg274_Cross_858x570.jpg','Imagen','Cross','Cross',NULL,NULL,NULL,NULL,0,0),(133,'CMS_1307024429734_BUBBLE_SOFA.jpg','Imagen','Bubble Sofa','Bubble Sofa',NULL,NULL,NULL,NULL,0,1),(135,'CMS_1307024980125_Gnome_Napoleon.jpg','Imagen','Gnome Napoleon','Gnome Napoleon',NULL,NULL,NULL,NULL,0,1),(136,'CMS_1307025268000_Lights_Collection.JPG','Imagen','Ligths Collection','Ligths Collection',NULL,NULL,NULL,NULL,0,1),(137,'CMS_1307025369562_2600511_272x492.jpg','Imagen','Jarron','Jarron',NULL,NULL,NULL,NULL,0,1),(138,'CMS_1307026660578_2603222vaseLatitude_498x263.jpg','Imagen','Vase Latitude','Vase Latitude',NULL,NULL,NULL,NULL,0,1),(139,'CMS_1307026697359_applique_Torch_331x898.jpg','Imagen','Aplique Torch','Aplique Torch',NULL,NULL,NULL,NULL,0,1),(142,'CMS_1307027150375_BaccaratVaseSpirit2106522_348x463.jpg','Imagen','Base Spirit','Base Spirit',NULL,NULL,NULL,NULL,0,1),(209,'CMS_1310579929563Slip1124.jpg','Imagen','Slip Chairs',NULL,NULL,NULL,NULL,NULL,0,0),(278,'CMS_1314731910193metropolitan313.jpg','Imagen','Metropolitan',NULL,NULL,NULL,NULL,NULL,0,0),(144,'CMS_1307027459140_SecretCollection.jpg','Imagen','Secret Collection','Secret Collection',NULL,NULL,NULL,NULL,0,1),(145,'CMS_1307028041125_AuxOiseaux.jpg','Imagen','Aux Oiseaux','Aux Oiseaux',NULL,NULL,NULL,NULL,1,1),(146,'CMS_1307028124281_Baltic.jpg','Imagen','Baltic','Baltic',NULL,NULL,NULL,NULL,0,1),(147,'CMS_1307028182046_136213.jpg','Imagen','1','1',NULL,NULL,NULL,NULL,0,1),(148,'CMS_1307028302859_701699_fpx.jpg','Imagen','2','2',NULL,NULL,NULL,NULL,1,1),(149,'CMS_1307028360687_christofle.jpg','Imagen','3','3',NULL,NULL,NULL,NULL,0,1),(150,'CMS_1307029081984_ercuis_product.jpg','Imagen','Ercius','Ercius',NULL,NULL,NULL,NULL,1,1),(151,'CMS_1307029443078_KahlaUpdate.jpg','Imagen','Update','Update',NULL,NULL,NULL,NULL,0,1),(152,'CMS_1307029521390_Kahla_Elixyr.jpg','Imagen','Elixyr','Elixyr',NULL,NULL,NULL,NULL,0,1),(153,'CMS_1307029587968_KahlaCumulus.jpg','Imagen','Cumulus','Cumulus',NULL,NULL,NULL,NULL,1,1),(154,'CMS_1307029678281_176088_1.jpg','Imagen','1','1',NULL,NULL,NULL,NULL,0,1),(155,'CMS_1307029725062_3522_enlarged.jpg','Imagen','Enlarged','Enlarged',NULL,NULL,NULL,NULL,1,1),(156,'CMS_1307029774625_7476_fpx.jpg','Imagen','FPX','FPX',NULL,NULL,NULL,NULL,0,1),(157,'CMS_1307029842359_703170_fpx.jpg','Imagen','FPX 2','FPX 2',NULL,NULL,NULL,NULL,1,0),(158,'CMS_1307029890390_pic9swfr.jpg','Imagen','SWFR','SWFR',NULL,NULL,NULL,NULL,0,1),(159,'CMS_1307030015421_199591_fpx_tif.jpg','Imagen','FPX','FPX',NULL,NULL,NULL,NULL,0,1),(160,'CMS_1307030090125_651387_fpx_tif.jpg','Imagen','FPX 2','FPX 2',NULL,NULL,NULL,NULL,0,1),(161,'CMS_1307030164109_1163729_fpx.jpg','Imagen','FPX 3','FPX 3',NULL,NULL,NULL,NULL,0,0),(182,'CMS_1310482826148175230med.jpg','Imagen','Photo Frame',NULL,NULL,NULL,NULL,NULL,0,0),(172,'CMS_1309286904172masters15050901.jpg','Imagen','PHILIPPE STARK CHAIR FOR KARTELL',NULL,NULL,NULL,NULL,NULL,0,1),(169,'CMS_1307973798984PreciousVase2718x3338544x668.jpg','Imagen','Les Endiables 5 glasses',NULL,NULL,NULL,NULL,NULL,1,0),(173,'CMS_1309287380052richardfrinierslatestoutdoorcollectionputsyouoncloudninelarge.jpg','Imagen','Cloud Nine',NULL,NULL,NULL,NULL,NULL,1,1),(174,'CMS_1309287427266collsweet.jpg','Imagen','Coll Sweet',NULL,NULL,NULL,NULL,NULL,0,0),(175,'CMS_1309895076744Lanco02.jpg','Imagen','Bedroom',NULL,NULL,NULL,NULL,NULL,1,0),(604,'CMS_1395925286895bludotinteriorscontemporarymodernrusticbathroomchildrensroomfamilyroomfoyergreatroomhallwayhomeofficelivingroommediaroom.jpg','Imagen','Contemporary Modern Rustic',NULL,NULL,NULL,NULL,NULL,0,1),(183,'CMS_1310482879075112164med.jpg','Imagen',NULL,NULL,NULL,NULL,NULL,NULL,0,0),(184,'CMS_1310482899884110786med.jpg','Imagen','Pear Canister',NULL,NULL,NULL,NULL,NULL,0,0),(185,'CMS_1310482980632CandyBed.jpg','Imagen','Candy Bed - Kids Bedroom',NULL,NULL,NULL,NULL,NULL,1,0),(186,'CMS_1310483166949Boston.jpg','Imagen','Boston Sofa Bed',NULL,NULL,NULL,NULL,NULL,0,0),(187,'CMS_1310483878589bennychairbed2.jpg','Imagen','Benny chair bed (as chair)',NULL,NULL,NULL,NULL,NULL,0,0),(188,'CMS_1310483923056bennychairbed.jpg','Imagen','Benny chair bed (as bed)',NULL,NULL,NULL,NULL,NULL,0,0),(189,'CMS_1310486107640oscar1.jpg','Imagen','Oscar',NULL,NULL,NULL,NULL,NULL,0,0),(190,'CMS_1310486181813atlantisalto1g.jpg','Imagen','Atlantis',NULL,NULL,NULL,NULL,NULL,0,1),(191,'CMS_1310486211187atlantis3g.jpg','Imagen','Atlantis 3',NULL,NULL,NULL,NULL,NULL,0,1),(193,'CMS_1310492384530soffione.jpg','Imagen','Soffione',NULL,NULL,NULL,NULL,NULL,0,0),(205,'CMS_1310500446666bpopupartedioscuri.jpg','Imagen','Pop up',NULL,NULL,NULL,NULL,NULL,0,1),(195,'CMS_1310494128950logico.jpg','Imagen','Logico',NULL,NULL,NULL,NULL,NULL,0,0),(196,'CMS_1310494144193cadmowall.jpg','Imagen','Cadmowall',NULL,NULL,NULL,NULL,NULL,0,0),(197,'CMS_1310595455953hamptonsgardens.jpg','Imagen','Hampton Gardens','Hampton Gardens',NULL,NULL,NULL,NULL,0,1),(201,'CMS_1310499563500hatchdrnadrno.jpg','Imagen','Dr No',NULL,NULL,NULL,NULL,NULL,0,1),(199,'CMS_1310498730612americanfashiontravel.jpg','Imagen','American Fashion Travel',NULL,NULL,NULL,NULL,NULL,0,1),(200,'CMS_1310498693903yhst30868769906465216523101495.jpg','Imagen','In the Spirit of St. Barth',NULL,NULL,NULL,NULL,NULL,0,0),(202,'CMS_13104996305321dryesbykartell.jpg','Imagen','Dr Yes',NULL,NULL,NULL,NULL,NULL,0,0),(203,'CMS_1310499649503toptoptable.jpg','Imagen','Top Top Table',NULL,NULL,NULL,NULL,NULL,0,0),(204,'CMS_1310499860774lamariecolours.jpeg','Imagen','La Marie ',NULL,NULL,NULL,NULL,NULL,1,1),(206,'CMS_1310501966642baccaratchandelier.jpg','Imagen','Darkside',NULL,NULL,NULL,NULL,NULL,0,0),(207,'CMS_13105020044401742413.jpg','Imagen','Chandelier',NULL,NULL,NULL,NULL,NULL,0,0),(210,'CMS_1310580026577sheltersofa.jpg','Imagen','Shelter Sofa',NULL,NULL,NULL,NULL,NULL,0,1),(211,'CMS_1310580047723parker.gif','Imagen','Parker Sofa',NULL,NULL,NULL,NULL,NULL,0,1),(212,'CMS_1310580119864mrbig.jpg','Imagen','Mr Big',NULL,NULL,NULL,NULL,NULL,0,1),(213,'CMS_1310581845495Metal.jpg','Imagen','Metal',NULL,NULL,NULL,NULL,NULL,0,0),(214,'CMS_1310581929894InOut2281.jpg','Imagen','InOut 228',NULL,NULL,NULL,NULL,NULL,0,0),(215,'CMS_1310581947692InOut2032.jpg','Imagen','InOut 203',NULL,NULL,NULL,NULL,NULL,0,0),(216,'CMS_1310581964591InOut101.jpg','Imagen','InOut101',NULL,NULL,NULL,NULL,NULL,0,1),(217,'CMS_1310582077404AmiAmiChair.jpg','Imagen','Ami Ami Chair',NULL,NULL,NULL,NULL,NULL,1,1),(218,'CMS_1310582199159amiamitablechair2.jpg','Imagen','Ami Ami Table',NULL,NULL,NULL,NULL,NULL,1,1),(220,'CMS_1310584166700tango.jpg','Imagen','Tango',NULL,NULL,NULL,NULL,NULL,0,0),(221,'CMS_1310584192986madamemirror.jpg','Imagen','Madame Mirror',NULL,NULL,NULL,NULL,NULL,0,0),(609,'CMS_1395932297859Ritz3.JPG','Imagen','Dorado Beach Ritz Carlton Residences',NULL,NULL,NULL,NULL,NULL,0,1),(223,'CMS_1310584777954kiteloungechair.jpg','Imagen','Kite Lounge & Dining Chairs',NULL,NULL,NULL,NULL,NULL,1,1),(605,'CMS_1395925491177tumblrinlinemtfimfyDxo1qa23i1.png','Imagen',NULL,NULL,NULL,NULL,NULL,NULL,0,1),(225,'CMS_1310587078356AmericanLeather03luxesofa.jpg','Imagen','Luxe Sofa',NULL,NULL,NULL,NULL,NULL,0,1),(226,'CMS_1310587131497MonarchSectional1.jpg','Imagen','Monarch Sectional',NULL,NULL,NULL,NULL,NULL,0,1),(227,'CMS_1310587150916Torichairotto.JPG','Imagen','Tori Chair & Ottoman',NULL,NULL,NULL,NULL,NULL,0,0),(228,'CMS_1310587176087Robertchair.jpg','Imagen','Robert Chair',NULL,NULL,NULL,NULL,NULL,0,1),(229,'CMS_1310587202715CoupperWingBed.jpg','Imagen','Cooper Wingbed',NULL,NULL,NULL,NULL,NULL,0,0),(230,'CMS_1310587275627tremontchair.jpg','Imagen','Tremont Chair',NULL,NULL,NULL,NULL,NULL,0,0),(231,'CMS_1310587950978kingheadboardparisianloft.jpg','Imagen','King Headbound Parisian Loft',NULL,NULL,NULL,NULL,NULL,0,0),(232,'CMS_1310588518917saba10.jpg','Imagen','Les Femmes Colleciton',NULL,NULL,NULL,NULL,NULL,0,1),(233,'CMS_1310588555543lesfemmes.jpg','Imagen','Les Femmes Colleciton',NULL,NULL,NULL,NULL,NULL,0,1),(234,'CMS_1310588579371sabapixelsofa.jpg','Imagen','Pixel Sofa',NULL,NULL,NULL,NULL,NULL,1,1),(235,'CMS_1310589773772vinovo.jpg','Imagen','Vinovo',NULL,NULL,NULL,NULL,NULL,0,1),(236,'CMS_1310589824384NickPart32B.jpg','Imagen','Nick Sofa',NULL,NULL,NULL,NULL,NULL,0,0),(237,'CMS_1310589838710Casalino.jpg','Imagen','Casalino',NULL,NULL,NULL,NULL,NULL,0,0),(238,'CMS_1310591419901santomerroundcoffeetable.jpg','Imagen','Santomer round coffee table',NULL,NULL,NULL,NULL,NULL,0,1),(239,'CMS_1310591455806santomerbed2.jpg','Imagen','Santomer Bed',NULL,NULL,NULL,NULL,NULL,0,1),(240,'CMS_1310591475025lotusbed.jpg','Imagen','Lotus Bed',NULL,NULL,NULL,NULL,NULL,0,0),(241,'CMS_1310591499678beambed.jpg','Imagen','Beam Bed',NULL,NULL,NULL,NULL,NULL,0,0),(243,'CMS_1311109012891Thinbed.jpg','Imagen','Thinbed',NULL,NULL,NULL,NULL,NULL,0,0),(244,'CMS_1311109353604Nicksect.jpg','Imagen','Nick',NULL,NULL,NULL,NULL,NULL,0,0),(247,'CMS_1311109552061Symphony1.jpg','Imagen','Symphony',NULL,NULL,NULL,NULL,NULL,0,0),(248,'CMS_1311110359103wave.png','Imagen','Wave',NULL,NULL,NULL,NULL,NULL,0,0),(249,'CMS_1311110449825VelvetRope.jpg','Imagen','Velvet Rope',NULL,NULL,NULL,NULL,NULL,0,0),(250,'CMS_1311110484551Soul.jpg','Imagen','Soul',NULL,NULL,NULL,NULL,NULL,0,0),(251,'CMS_1311110612979StashDeshGraphAsh3q.jpg','Imagen','Stash Desk',NULL,NULL,NULL,NULL,NULL,0,0),(252,'CMS_1311110772368PiCoffeeWL.jpg','Imagen','Pi Coffee Table',NULL,NULL,NULL,NULL,NULL,0,0),(253,'CMS_1311110950152WoodrowWL3q.jpg','Imagen','Woodrow Bed',NULL,NULL,NULL,NULL,NULL,0,0),(254,'CMS_1311185265465kew.png','Imagen','Kew',NULL,NULL,NULL,NULL,NULL,0,0),(255,'CMS_1311186194033katatjuta.jpg','Imagen','Katatjuta',NULL,NULL,NULL,NULL,NULL,0,0),(256,'CMS_1311186220525daliarainbow2.jpg','Imagen','Dalia | Rainbow',NULL,NULL,NULL,NULL,NULL,1,0),(257,'CMS_1311186252990daliarainbow.jpg','Imagen','Dalia Rainbow fabric',NULL,NULL,NULL,NULL,NULL,0,0),(258,'CMS_1311186283126cartagena.jpg','Imagen','Cartagena | Tobago fabrics',NULL,NULL,NULL,NULL,NULL,0,0),(259,'CMS_1311186364920cartagenatobago.jpg','Imagen','Cartagena Tobago',NULL,NULL,NULL,NULL,NULL,0,0),(260,'CMS_1311192741871duneroadbeautygrab.jpg','Imagen','Fall 2011',NULL,NULL,NULL,NULL,NULL,0,0),(261,'CMS_1311192777753LazySusan1.jpg','Imagen','Fall 2011',NULL,NULL,NULL,NULL,NULL,0,0),(262,'CMS_1311192817077slide5s.gif','Imagen',NULL,NULL,NULL,NULL,NULL,NULL,0,0),(263,'CMS_1311192941603slide3.gif','Imagen',NULL,NULL,NULL,NULL,NULL,NULL,0,0),(266,'CMS_1312471508405LazySusanp13.jpg.png','Imagen',NULL,NULL,NULL,NULL,NULL,NULL,0,0),(265,'CMS_1311706658689IMG9009.JPG','Imagen','Project: Bahia Beach',NULL,NULL,NULL,NULL,NULL,0,1),(267,'CMS_1312471643475LSp15.jpg','Imagen',NULL,NULL,NULL,NULL,NULL,NULL,0,0),(268,'CMS_1313098672422IMG9205.JPG','Imagen','PROJECT: Bahia Beach',NULL,NULL,NULL,NULL,NULL,0,1),(269,'CMS_1313098823960IMG9181.JPG','Imagen','PROJECT: Bahia Beach',NULL,NULL,NULL,NULL,NULL,0,1),(270,'CMS_1313098849122IMG9163.JPG','Imagen','PROJECT: Bahia Beach',NULL,NULL,NULL,NULL,NULL,0,1),(271,'CMS_1313098876375IMG9155.JPG','Imagen','PROJECT: Bahia Beach',NULL,NULL,NULL,NULL,NULL,0,1),(272,'CMS_1313098901968IMG6599.JPG','Imagen','Our Showroom',NULL,NULL,NULL,NULL,NULL,0,1),(276,'CMS_1314719338981IMG9128.JPG','Imagen','PROJECT: Bahia Beach | Kids Room',NULL,NULL,NULL,NULL,NULL,0,1),(274,'CMS_1313099049683image022.jpg','Imagen','Our Store',NULL,NULL,NULL,NULL,NULL,0,1),(275,'CMS_1313099107098IMG6926.JPG','Imagen','Our Showroom',NULL,NULL,NULL,NULL,NULL,0,1),(277,'CMS_1314719431238image021.jpg','Imagen','Our Showroom',NULL,NULL,NULL,NULL,NULL,0,1),(279,'CMS_1314822292998Alivarloungechair.jpg','Imagen','Lounge Chair',NULL,NULL,NULL,NULL,NULL,0,1),(280,'CMS_1314822488849casaAlivar2.jpg','Imagen','Home Project',NULL,NULL,NULL,NULL,NULL,0,1),(281,'CMS_1314908394955Bleusanimationpic.jpg','Imagen','Bleus',NULL,NULL,NULL,NULL,NULL,1,1),(282,'CMS_1314908445007bernardaud200703132051500.vajillanaxos.jpg','Imagen',NULL,NULL,NULL,NULL,NULL,NULL,0,0),(283,'CMS_1314909079426MINIFORMSBUFFETVITRIUM.jpg','Imagen','Buffet Vitrium',NULL,NULL,NULL,NULL,NULL,0,0),(284,'CMS_1314988004027SABABUSTIERSOFA2.jpg','Imagen','Bustier Sofa',NULL,NULL,NULL,NULL,NULL,1,1),(285,'CMS_1314988026813SABALESFEMMESRECLINABLE2.jpg','Imagen','Les Femmes Reclinable',NULL,NULL,NULL,NULL,NULL,0,0),(286,'CMS_1315336954678LORCASIDETABLEELOS.JPG','Imagen','Lorca Side Tables',NULL,NULL,NULL,NULL,NULL,0,0),(288,'CMS_1315337035155LORCADINNINGRUDA.JPG','Imagen','Dinning Ruda',NULL,NULL,NULL,NULL,NULL,0,1),(289,'CMS_1315337062890LORCADINNINGALICANTE.jpg','Imagen','Dinning Alicante',NULL,NULL,NULL,NULL,NULL,0,1),(290,'CMS_1315337126521LORCACONSOLAAIRE.jpg','Imagen','Consola Aire',NULL,NULL,NULL,NULL,NULL,0,1),(291,'CMS_1315337157098LORCACOFFEETABLEIndra.jpg','Imagen','Coffee Table Indra',NULL,NULL,NULL,NULL,NULL,0,1),(292,'CMS_1315337207808LORCACOFFEETABLEGaya.jpg','Imagen','Coffee Table Gaya',NULL,NULL,NULL,NULL,NULL,0,1),(293,'CMS_1315337239378LORCACOFFEETABLECherner.jpg','Imagen','Coffee Table Cherner',NULL,NULL,NULL,NULL,NULL,0,0),(294,'CMS_1315337299149LORCABUFFETKALION.jpg','Imagen','Buffet Kalion',NULL,NULL,NULL,NULL,NULL,0,1),(295,'CMS_1315337329783LORCABUFFETGUIL.jpg','Imagen','Buffet Guil',NULL,NULL,NULL,NULL,NULL,0,1),(296,'CMS_1315337389461CoffeeTableSOLO.JPG','Imagen','Coffee Table Solo',NULL,NULL,NULL,NULL,NULL,0,1),(297,'CMS_1315337414039APModena.jpg','Imagen','AP Moderna',NULL,NULL,NULL,NULL,NULL,0,1),(301,'CMS_1315337928075Bernardaud2.jpg','Imagen','Louvre',NULL,NULL,NULL,NULL,NULL,0,0),(302,'CMS_1315337995555F23793988.jpg','Imagen','Constance',NULL,NULL,NULL,NULL,NULL,0,0),(303,'CMS_1315340421851BF2050VITRUM2.jpg','Imagen','BF 2050 Vitrium',NULL,NULL,NULL,NULL,NULL,0,0),(304,'CMS_1315340517208blow.jpg','Imagen','Blow',NULL,NULL,NULL,NULL,NULL,1,1),(305,'CMS_1315340549019TPARIA1.jpg','Imagen','TP Aria',NULL,NULL,NULL,NULL,NULL,0,0),(306,'CMS_1315340614885TPARIA.jpg','Imagen','TP Aria',NULL,NULL,NULL,NULL,NULL,0,0),(307,'CMS_1315340646958TPOTTO1.jpg','Imagen','TP OTTO',NULL,NULL,NULL,NULL,NULL,0,1),(308,'CMS_1315340723031TPOTTO.jpg','Imagen','TP OTTO',NULL,NULL,NULL,NULL,NULL,0,0),(309,'CMS_1315341092290ph200991091943id196babymoondetail.jpg','Imagen','Bubbles Vase',NULL,NULL,NULL,NULL,NULL,0,1),(310,'CMS_1315341122105ph200991095537id242valentawhitesmallgroup.jpg','Imagen','Valenta Whites',NULL,NULL,NULL,NULL,NULL,0,0),(311,'CMS_1315341164151ph201021491032id341momandarinegroupline.jpg','Imagen','Mandarine',NULL,NULL,NULL,NULL,NULL,0,1),(312,'CMS_1315341230990lamparabaccaratpsbaccarat01.jpg','Imagen','Marie Coquine Lamp, Designed by Philip Starck',NULL,NULL,NULL,NULL,NULL,1,0),(314,'CMS_1315341394099full695DRIADEPHILIPPESTARCKSeatingBACCARATCRYSTALCHAIR.jpg','Imagen','Crystal Chair',NULL,NULL,NULL,NULL,NULL,0,0),(315,'CMS_1315928807684FL000011.jpg','Imagen','PROJECT: Bahia Beach',NULL,NULL,NULL,NULL,NULL,0,1),(316,'CMS_1315928928760FL030005.jpg','Imagen','PROJECT: Bahia Beach',NULL,NULL,NULL,NULL,NULL,0,1),(343,'CMS_1316120607256IMG9091.JPG','Imagen','PROJECT: Bahia Beach',NULL,NULL,NULL,NULL,NULL,0,1),(1015,'CMS_1443463333489SanGiacomoSlider11.jpg','Imagen','Living space','Living space',NULL,NULL,NULL,NULL,0,1),(319,'CMS_1315930402358FH000032.jpg','Imagen','PROJECT: Bahia Beach',NULL,NULL,NULL,NULL,NULL,0,1),(320,'CMS_1315940714980MarchesaPalatialGardenwebCROPPED.jpg','Imagen','Marchesa Palatial Garden',NULL,NULL,NULL,NULL,NULL,0,0),(321,'CMS_1315940785703marchesalenoxfrenchlace.jpg','Imagen','Marchesa French Lace',NULL,NULL,NULL,NULL,NULL,0,0),(322,'CMS_1315940819369marchesalenox2.jpg','Imagen','Spring Lark',NULL,NULL,NULL,NULL,NULL,0,1),(1099,'CMS_1444834102497IMG4590.JPG','Imagen',NULL,NULL,NULL,NULL,NULL,NULL,0,1),(1012,'CMS_1443462597397marimekkoj.jpg','Imagen',NULL,NULL,NULL,NULL,NULL,NULL,0,1),(324,'CMS_1315941076865bloomieslenoxfloralillustrations.jpg','Imagen','Floral Illustrations',NULL,NULL,NULL,NULL,NULL,0,0),(325,'CMS_1315944301210eopenhagen013001522007152426.jpg','Imagen','Copenhagen',NULL,NULL,NULL,NULL,NULL,0,0),(326,'CMS_1315944379944AmbianceIkebana.jpg','Imagen','Ikebana',NULL,NULL,NULL,NULL,NULL,0,1),(327,'CMS_13159444035631mngla00176200515287.jpg','Imagen','Gala Blanc',NULL,NULL,NULL,NULL,NULL,0,0),(328,'CMS_1315944468845Ruban52509S.jpg','Imagen',NULL,NULL,NULL,NULL,NULL,NULL,0,1),(329,'CMS_1315944548870L050S.jpg','Imagen',NULL,NULL,NULL,NULL,NULL,NULL,0,0),(330,'CMS_1315944587012L027S.jpg','Imagen',NULL,NULL,NULL,NULL,NULL,NULL,0,1),(331,'CMS_1315944652358LP56658S.jpg','Imagen',NULL,NULL,NULL,NULL,NULL,NULL,0,0),(332,'CMS_1315944706492L078S.jpg','Imagen',NULL,NULL,NULL,NULL,NULL,NULL,0,1),(333,'CMS_1315947401293UrbanNatureProd.jpg','Imagen','Urban Nature',NULL,NULL,NULL,NULL,NULL,0,1),(334,'CMS_1315947640312twistalea2.jpg','Imagen','Twist Alea',NULL,NULL,NULL,NULL,NULL,0,0),(335,'CMS_1315947684154helianthos.jpg','Imagen','Helianthos',NULL,NULL,NULL,NULL,NULL,0,0),(336,'CMS_1315948840918Vertigo.jpg','Imagen','Vertigo',NULL,NULL,NULL,NULL,NULL,1,1),(337,'CMS_1315948928336Chistofleringedbabycup.jpg','Imagen','Ringed Baby Cup',NULL,NULL,NULL,NULL,NULL,0,1),(338,'CMS_1315950909954BaccaratJallumPontilBiseauxLampsThumb.jpg','Imagen','Jallum',NULL,NULL,NULL,NULL,NULL,0,0),(339,'CMS_1315951003722baccaratcrystalyannkersaljallumlamp1.jpg','Imagen','Jallum',NULL,NULL,NULL,NULL,NULL,0,0),(340,'CMS_1316120356512IMG9214.JPG','Imagen','PROJECT: Bahia Beach',NULL,NULL,NULL,NULL,NULL,0,0),(341,'CMS_1316120423276IMG9183.JPG','Imagen','PROJECT: Bahia Beach',NULL,NULL,NULL,NULL,NULL,0,0),(342,'CMS_1316120525948FH010041.jpg','Imagen','PROJECT: Bahia Beach',NULL,NULL,NULL,NULL,NULL,0,1),(344,'CMS_1316120667326image01.jpg','Imagen','PROJECT: Bahia Beach',NULL,NULL,NULL,NULL,NULL,0,1),(345,'CMS_1316120708238image0.jpg','Imagen','PROJECT: Bahia Beach',NULL,NULL,NULL,NULL,NULL,0,1),(346,'CMS_1316120767069image03.jpg','Imagen','PROJECT: Bahia Beach',NULL,NULL,NULL,NULL,NULL,0,1),(347,'CMS_1316120858595image02.jpg','Imagen','PROJECT: Bahia Beach',NULL,NULL,NULL,NULL,NULL,0,1),(348,'CMS_13168093976801.jpg','Imagen','Bougeoir Our Fire',NULL,NULL,NULL,NULL,NULL,0,1),(349,'CMS_131680942800822.jpg','Imagen','Bougeoir Our Fire',NULL,NULL,NULL,NULL,NULL,0,1),(350,'CMS_1320781504907photopalaciosems19.jpg','Imagen','Christmas Collection 2011 ~ Open House',NULL,NULL,NULL,NULL,NULL,0,0),(351,'CMS_1320781596493photopalaciosems16.jpg','Imagen','Christmas Collection 2011 ~ Open House',NULL,NULL,NULL,NULL,NULL,0,0),(352,NULL,'Imagen','Christmas Collection 2011 ~ Open House',NULL,NULL,NULL,NULL,NULL,0,0),(353,'CMS_1320782267244photopalaciosems10.jpg','Imagen','Christmas Collection 2011 ~ Open House',NULL,NULL,NULL,NULL,NULL,1,0),(354,'CMS_1320782300673photopalaciosems8.jpg','Imagen','Christmas Collection 2011 ~ Open House',NULL,NULL,NULL,NULL,NULL,1,0),(355,'CMS_1320782464104photopalaciosems7.jpg','Imagen','Christmas Collection 2011 ~ Open House',NULL,NULL,NULL,NULL,NULL,0,0),(356,'CMS_1320785732884photopalaciosems4.jpg','Imagen','Christmas Collection 2011 ~ Open House',NULL,NULL,NULL,NULL,NULL,0,1),(357,'CMS_1321543903548SETTINGMESAIMAG2031.jpg','Imagen','DEGUSTACION DE CHAMPAGNES DE VEUVE CLICQUOT EN PALACIOS',NULL,NULL,NULL,NULL,NULL,0,1),(358,'CMS_1321543960608ILYILEANAYELFRANCESIMAG2018.jpg','Imagen','DEGUSTACION DE CHAMPAGNES DE VEUVE CLICQUOT EN PALACIOS',NULL,NULL,NULL,NULL,NULL,0,1),(359,'CMS_1321544069164FOTODEGRUPOIMAG2016.jpg','Imagen','DEGUSTACION DE CHAMPAGNES DE VEUVE CLICQUOT EN PALACIOS',NULL,NULL,NULL,NULL,NULL,0,1),(360,'CMS_1321544942431GLORINCHIRINOEVELYNSARAYSRECHEVARIAIMAG2020.jpg','Imagen','DEGUSTACION DE CHAMPAGNES DE VEUVE CLICQUOT EN PALACIOS',NULL,NULL,NULL,NULL,NULL,0,1),(361,'CMS_1321544969779EQUIPODEMENDEZIMAG2027.jpg','Imagen','DEGUSTACION DE CHAMPAGNES DE VEUVE CLICQUOT EN PALACIOS',NULL,NULL,NULL,NULL,NULL,0,1),(362,'CMS_1323714789458YARLYNALICETHIERRYEVELYNIMG8644.JPG','Imagen','Trade Show ~ Christmas  Collection 2011',NULL,NULL,NULL,NULL,NULL,0,1),(363,'CMS_1323714879748THIERRYCLIENTESEILEANITAIMG8689.JPG','Imagen','Trade Show ~ Christmas  Collection 2011',NULL,NULL,NULL,NULL,NULL,0,1),(364,'CMS_1323714893775LORENFERREILEANAPALACIOSYCLIENTAIMG8613.JPG','Imagen','Trade Show ~ Christmas  Collection 2011',NULL,NULL,NULL,NULL,NULL,0,1),(365,'CMS_1323714917894ISASADURNIHILDITAIMG8677.JPG','Imagen','Trade Show ~ Christmas  Collection 2011',NULL,NULL,NULL,NULL,NULL,0,1),(366,'CMS_1323714935910IRENEBRITOMAMAEILEANAIMG8657.JPG','Imagen','Trade Show ~ Christmas  Collection 2011',NULL,NULL,NULL,NULL,NULL,0,1),(367,'CMS_1323714948117ILEANITAILEANAYASTRIDIMG8697.JPG','Imagen','Trade Show ~ Christmas  Collection 2011',NULL,NULL,NULL,NULL,NULL,0,1),(368,'CMS_1323714960888GRUPODEREPRESENTANTESLINEASEUROPEASIMG8620.JPG','Imagen','Trade Show ~ Christmas  Collection 2011',NULL,NULL,NULL,NULL,NULL,0,1),(369,'CMS_1323714972311CLIENTABEATRICEISABELIMG8668.JPG','Imagen','Trade Show ~ Christmas  Collection 2011',NULL,NULL,NULL,NULL,NULL,0,1),(371,'CMS_1335207086219tienda.jpg','Imagen','Palacios store',NULL,NULL,NULL,NULL,NULL,0,1),(372,'CMS_1335794204114mariecoquinePStarck2.jpg','Imagen','Marie Coquine Lamp, Designed by Philip Starck',NULL,NULL,NULL,NULL,NULL,1,0),(373,'CMS_1335794345110mariecoquinePStarck.jpg','Imagen','Marie Coquine Lamp, Designed by Philip Starck',NULL,NULL,NULL,NULL,NULL,1,1),(374,'CMS_13358001599161.jpg','Imagen','Missoni ~ Colección Primavera-Verano 2012',NULL,NULL,NULL,NULL,NULL,0,0),(375,'CMS_13358002690752.jpg','Imagen','Missoni ~ Colección Primavera-Verano 2012',NULL,NULL,NULL,NULL,NULL,0,0),(376,'CMS_13358002988523.jpg','Imagen','Missoni ~ Colección Primavera-Verano 2012',NULL,NULL,NULL,NULL,NULL,0,0),(377,'CMS_13358003680085.jpg','Imagen','Missoni ~ Colección Primavera-Verano 2012',NULL,NULL,NULL,NULL,NULL,1,0),(378,'CMS_13358004212828.jpg','Imagen','Missoni ~ Colección Primavera-Verano 2012',NULL,NULL,NULL,NULL,NULL,0,0),(379,'CMS_13358004552936.jpg','Imagen','Missoni ~ Colección Primavera-Verano 2012',NULL,NULL,NULL,NULL,NULL,0,0),(380,'CMS_13358004870797.jpg','Imagen','Missoni ~ Colección Primavera-Verano 2012',NULL,NULL,NULL,NULL,NULL,1,0),(381,'CMS_13358005528519.jpg','Imagen','Missoni ~ Colección Primavera-Verano 2012',NULL,NULL,NULL,NULL,NULL,1,0),(382,'CMS_133580064859910.jpg','Imagen','Missoni ~ Colección Primavera-Verano 2012',NULL,NULL,NULL,NULL,NULL,0,0),(383,'CMS_133580066943711.jpg','Imagen','Missoni ~ Colección Primavera-Verano 2012',NULL,NULL,NULL,NULL,NULL,0,0),(384,'CMS_133580073577512.jpg','Imagen','Missoni ~ Colección Primavera-Verano 2012',NULL,NULL,NULL,NULL,NULL,0,0),(385,'CMS_133580081689113.jpg','Imagen','Missoni ~ Colección Primavera-Verano 2012',NULL,NULL,NULL,NULL,NULL,0,0),(386,'CMS_133580086988614.jpg','Imagen','Missoni ~ Colección Primavera-Verano 2012',NULL,NULL,NULL,NULL,NULL,0,0),(387,'CMS_133580091249515.jpg','Imagen','Missoni ~ Colección Primavera-Verano 2012',NULL,NULL,NULL,NULL,NULL,0,0),(1014,'CMS_144346291468212032263492577497576013169891341199883250n.jpg','Imagen',NULL,NULL,NULL,NULL,NULL,NULL,0,1),(392,'CMS_1336410796968Camden.jpg','Imagen','Camden Queen Platform Bed',NULL,NULL,NULL,NULL,NULL,0,0),(393,'CMS_1336410862969AndersonQueenPlatformBed.jpg','Imagen','Anderson Queen Platform Bed',NULL,NULL,NULL,NULL,NULL,1,0),(394,'CMS_1336410893224SwoopQueenPlatformBed.jpg','Imagen','Swoop Queen Platform Bed',NULL,NULL,NULL,NULL,NULL,0,0),(395,'CMS_1337114186364Patterson3388x286.jpg','Imagen','Patterson Sofa Sleeper by Nathan Anthony',NULL,NULL,NULL,NULL,NULL,0,0),(396,'CMS_1337114217329MadisonCS1.jpg','Imagen','Madison Sofa by Nathan Anthony',NULL,NULL,NULL,NULL,NULL,0,0),(397,'CMS_1337114452723KristinaCS1.jpg','Imagen','Kristina Sofa Sleeper by Nathan Anthony',NULL,NULL,NULL,NULL,NULL,0,0),(398,'CMS_1336411396137SD17EVOQUE.jpg','Imagen','Evoque',NULL,NULL,NULL,NULL,NULL,0,0),(399,'CMS_1336412002367ADAMOEVA.jpg','Imagen','Adamo + Eva',NULL,NULL,NULL,NULL,NULL,1,0),(400,'CMS_1336412041807mirror.jpg','Imagen','Mirror',NULL,NULL,NULL,NULL,NULL,0,0),(401,'CMS_1336412067053SP63BENVENUTO.jpg','Imagen','Benvenuto',NULL,NULL,NULL,NULL,NULL,0,1),(403,'CMS_1336412721507ArtTP7000detail.jpg','Imagen','Artu 700',NULL,NULL,NULL,NULL,NULL,0,1),(404,'CMS_1336415847721Portofino.jpg','Imagen','Portofino',NULL,NULL,NULL,NULL,NULL,0,1),(405,'CMS_1336415885800maya1.jpg','Imagen','Maya',NULL,NULL,NULL,NULL,NULL,0,1),(406,'CMS_1336415916238dorotheaXL1.jpg','Imagen','Dorothea',NULL,NULL,NULL,NULL,NULL,0,0),(407,'CMS_1336415943119benedetto.jpg','Imagen','Benedetto',NULL,NULL,NULL,NULL,NULL,0,0),(408,'CMS_1336415970268cloud1.jpg','Imagen','Cloud',NULL,NULL,NULL,NULL,NULL,1,0),(411,'CMS_1336419081906Fornasarig1.jpg','Imagen',NULL,NULL,NULL,NULL,NULL,NULL,0,1),(412,'CMS_1336419099000fornasarig2.jpg','Imagen',NULL,NULL,NULL,NULL,NULL,NULL,0,0),(413,'CMS_1336419116436fornasarig3.jpg','Imagen',NULL,NULL,NULL,NULL,NULL,NULL,0,0),(414,'CMS_1336420200927Saba1.jpg','Imagen',NULL,NULL,NULL,NULL,NULL,NULL,0,0),(606,'CMS_1395925514066BluDottables1.jpg','Imagen','Wood tables',NULL,NULL,NULL,NULL,NULL,1,1),(417,'CMS_1336420291750Saba4.jpg','Imagen',NULL,NULL,NULL,NULL,NULL,NULL,0,0),(418,'CMS_1336420412323Saba5.jpg','Imagen',NULL,NULL,NULL,NULL,NULL,NULL,0,0),(419,'CMS_1336420720407Saba6.jpg','Imagen',NULL,NULL,NULL,NULL,NULL,NULL,0,0),(420,'CMS_1336420779181Saba7.jpg','Imagen',NULL,NULL,NULL,NULL,NULL,NULL,0,0),(421,'CMS_1337005767717creamywhitelivingroom.JPG','Imagen','PROJECT: Dorado Beach East',NULL,NULL,NULL,NULL,NULL,0,1),(422,'CMS_1337005831335creamywhitelivingroom2.JPG','Imagen','PROJECT: Dorado Beach East',NULL,NULL,NULL,NULL,NULL,0,1),(423,'CMS_1337005851356creamywhitelivingroom3.JPG','Imagen','PROJECT: Dorado Beach East',NULL,NULL,NULL,NULL,NULL,0,1),(424,'CMS_1337005864730creamywhitelivingroom4.JPG','Imagen','PROJECT: Dorado Beach East',NULL,NULL,NULL,NULL,NULL,0,1),(425,'CMS_1337028459106IMG0038.jpg','Imagen',NULL,NULL,NULL,NULL,NULL,NULL,0,0),(426,'CMS_1337031003398IMG0252.jpg','Imagen',NULL,NULL,NULL,NULL,NULL,NULL,0,0),(427,'CMS_1337031152316IMG0229.jpg','Imagen',NULL,NULL,NULL,NULL,NULL,NULL,0,1),(608,'CMS_1395926078903laikamediummodernpendantlightnatural.jpg','Imagen','Laika Modern Pendant',NULL,NULL,NULL,NULL,NULL,0,0),(429,'CMS_1337031382402IMG0202.jpg','Imagen',NULL,NULL,NULL,NULL,NULL,NULL,0,0),(430,'CMS_1337112376815foliage.jpg','Imagen','Foliage',NULL,NULL,NULL,NULL,NULL,1,1),(607,'CMS_1395925540344charlierug.jpg','Imagen','Charlie Rug',NULL,NULL,NULL,NULL,NULL,1,0),(432,'CMS_1337112610171MINITAJall.jpg','Imagen','Mini Taj',NULL,NULL,NULL,NULL,NULL,0,1),(433,'CMS_1337112778555abbracciaio.jpg','Imagen','Abbracciaio',NULL,NULL,NULL,NULL,NULL,0,1),(434,'CMS_1337112876167lightair.png','Imagen','Light-Air',NULL,NULL,NULL,NULL,NULL,0,1),(435,'CMS_1337113077000audreysoft.jpg','Imagen','Audrey Soft',NULL,NULL,NULL,NULL,NULL,1,1),(436,'CMS_1337113325510maui.jpg','Imagen','Maui',NULL,NULL,NULL,NULL,NULL,0,1),(437,'CMS_1337189881251RosenthalMiniVases.png','Imagen','Rosenthal Mini Vase',NULL,NULL,NULL,NULL,NULL,0,1),(438,'CMS_1337190140983VersaceLegendoftheDragon.png','Imagen','Legend of the Dragon',NULL,NULL,NULL,NULL,NULL,0,1),(439,'CMS_1337190228690VersaceAsianDreams.png','Imagen','Asian Dream',NULL,NULL,NULL,NULL,NULL,0,1),(440,'CMS_1337193447170winecooler.png','Imagen','Wine Cooler',NULL,NULL,NULL,NULL,NULL,0,0),(441,'CMS_1337193474602roundtraysambonet.png','Imagen','Sphera - Rectangular Tray',NULL,NULL,NULL,NULL,NULL,0,1),(442,'CMS_1337193513657SAMSpheraBowlMed.jpg','Imagen','Sphera - Bowl',NULL,NULL,NULL,NULL,NULL,0,1),(443,'CMS_1337193543187sambonetroundtray.png','Imagen','Sphera - Round Tray',NULL,NULL,NULL,NULL,NULL,1,0),(444,'CMS_1337193602042icebucket.jpg','Imagen','Sphera - Ice Bucket',NULL,NULL,NULL,NULL,NULL,0,1),(445,'CMS_1337193695948Bottlecooler.jpg','Imagen','Sphera - Insulated Bottle Cooler',NULL,NULL,NULL,NULL,NULL,0,0),(446,'CMS_13372704224111edited.jpg','Imagen',NULL,NULL,NULL,NULL,NULL,NULL,0,0),(447,'CMS_133727045020543edited.jpg','Imagen',NULL,NULL,NULL,NULL,NULL,NULL,0,0),(448,'CMS_133727047381137edited.jpg','Imagen',NULL,NULL,NULL,NULL,NULL,NULL,0,0),(449,'CMS_133727050062233edited.jpg','Imagen',NULL,NULL,NULL,NULL,NULL,NULL,0,0),(450,'CMS_133727052680129edited.jpg','Imagen',NULL,NULL,NULL,NULL,NULL,NULL,0,0),(451,'CMS_133727054407427edited.jpg','Imagen',NULL,NULL,NULL,NULL,NULL,NULL,1,0),(452,'CMS_133727056150525edited.jpg','Imagen',NULL,NULL,NULL,NULL,NULL,NULL,0,1),(453,'CMS_133727064504621edited.jpg','Imagen',NULL,NULL,NULL,NULL,NULL,NULL,1,0),(454,'CMS_133727067739312edited.jpg','Imagen',NULL,NULL,NULL,NULL,NULL,NULL,1,0),(455,'CMS_13372707018987edited.jpg','Imagen',NULL,NULL,NULL,NULL,NULL,NULL,0,0),(456,'CMS_13372707224734edited.jpg','Imagen',NULL,NULL,NULL,NULL,NULL,NULL,0,1),(457,'CMS_1337273211957testieragray80Fedited.jpg','Imagen','Testiera',NULL,NULL,NULL,NULL,NULL,0,1),(458,'CMS_1337273243497scrittoiograycontenitoresweetedited.jpg','Imagen','Gray Desk',NULL,NULL,NULL,NULL,NULL,0,1),(459,'CMS_1337273301958nuvola09poltronaedited.jpg','Imagen','Nuvola Poltrona',NULL,NULL,NULL,NULL,NULL,0,1),(460,'CMS_1337273324427nuvolalinobiancoedited.jpg','Imagen','Nuvola Lino',NULL,NULL,NULL,NULL,NULL,0,1),(461,'CMS_1337273363090gray34pietraedited.jpg','Imagen','Gray Pietra',NULL,NULL,NULL,NULL,NULL,0,0),(462,'CMS_1337273385200gray08edited.jpg','Imagen','Gray Chair',NULL,NULL,NULL,NULL,NULL,0,0),(465,'CMS_1337274098789sweet95lampadagervasoni.jpg','Imagen','Sweet 95 Lamp',NULL,NULL,NULL,NULL,NULL,0,1),(466,'CMS_1337274146248croco95lampadagervasoni.jpg','Imagen','Croco 95 Lamp',NULL,NULL,NULL,NULL,NULL,0,1),(467,'CMS_1337632766998wingloungechair1.jpg','Imagen','Wing Lounge Chair',NULL,NULL,NULL,NULL,NULL,0,1),(470,'CMS_1337632916916RookWalnutTableLamp.jpg','Imagen','Rook Table Lamp',NULL,NULL,NULL,NULL,NULL,1,1),(471,'CMS_1337632952060moduliciousbedsidetable2.jpg','Imagen','Modulicious bedside table',NULL,NULL,NULL,NULL,NULL,0,0),(472,'CMS_1337632999973cantred3q1400x14001.jpg','Imagen','Cant Desk',NULL,NULL,NULL,NULL,NULL,0,0),(473,'CMS_1337633026635BluDotKnickerChair1.jpg','Imagen','Knicker Chair',NULL,NULL,NULL,NULL,NULL,0,0),(474,'CMS_1337633058340modoliciousbed.jpg','Imagen','Modulicious Bed',NULL,NULL,NULL,NULL,NULL,0,0),(476,'CMS_1337635068391226684033481modernbarstoolsandcounterstools.jpg','Imagen','Knicker Barstool',NULL,NULL,NULL,NULL,NULL,0,0),(477,'CMS_1337635150801turow.JPG','Imagen','Turow Chair',NULL,NULL,NULL,NULL,NULL,1,0),(478,'CMS_1337635185418Hugo21.jpg','Imagen','Hugo',NULL,NULL,NULL,NULL,NULL,0,0),(479,'CMS_1337635361937caadremirror.jpg','Imagen','Caadre Mirror',NULL,NULL,NULL,NULL,NULL,0,1),(480,'CMS_1337800421750coffepotset.jpg','Imagen','Louvre',NULL,NULL,NULL,NULL,NULL,0,0),(481,'CMS_1337800470251bernardaudlouvre.jpg','Imagen','Louvre',NULL,NULL,NULL,NULL,NULL,0,1),(482,'CMS_133780049350012.jpg','Imagen','Louvre',NULL,NULL,NULL,NULL,NULL,0,1),(483,'CMS_1337800624507VaseClear.jpg','Imagen','Bacchantes Vase Clear',NULL,NULL,NULL,NULL,NULL,1,1),(484,'CMS_1337800716645languedocambreclair1014080019015.jpg','Imagen','Languedoc ambre clair',NULL,NULL,NULL,NULL,NULL,0,1),(485,'CMS_1337800777677orreforsbykarllagerfeldhotspot1.jpg','Imagen','by Karl Lagerfeld',NULL,NULL,NULL,NULL,NULL,0,1),(486,'CMS_1337800979421intermezzo15914888.jpg','Imagen','Intermezzo',NULL,NULL,NULL,NULL,NULL,1,1),(487,'CMS_1338315081431HRME12Cannes01Cscontedited.jpg','Imagen','Cannes',NULL,NULL,NULL,NULL,NULL,1,0),(488,'CMS_1338315169047HRME12antibestav006scont.jpg','Imagen','Antibes',NULL,NULL,NULL,NULL,NULL,0,0),(489,'CMS_1338315230841HRME12antibes009scontedited.jpg','Imagen','Antibes',NULL,NULL,NULL,NULL,NULL,0,0),(490,'CMS_1338315312814HRME12virgoconsolle005scont.jpg','Imagen','Virgo Consolle',NULL,NULL,NULL,NULL,NULL,0,1),(491,'CMS_1338315350820HRME12grandpalais015scontedited.jpg','Imagen','Grand Palais',NULL,NULL,NULL,NULL,NULL,0,0),(492,'CMS_1338315420572HRME12gaudi005scontedited.jpg','Imagen','Gaudi',NULL,NULL,NULL,NULL,NULL,1,1),(493,'CMS_1338315467544HRME12bertha02005scont.jpg','Imagen','Bertha',NULL,NULL,NULL,NULL,NULL,0,0),(494,'CMS_1338315585570HRME12alina01004scont.jpg','Imagen','Alina',NULL,NULL,NULL,NULL,NULL,0,0),(495,'CMS_1338315811541HRME12virgoscrittoio008scont.jpg','Imagen','Virgo Scrittoiro',NULL,NULL,NULL,NULL,NULL,0,0),(496,'CMS_1338317710455MT0253ScoopChipdipedited.jpg','Imagen','Scoop Chip Dip',NULL,NULL,NULL,NULL,NULL,1,0),(497,'CMS_13383177616095005Butterflysaladbowlserversedited.jpg','Imagen','Butterfly Salad Bowl Server',NULL,NULL,NULL,NULL,NULL,1,1),(498,'CMS_1338318308223HRME12ermes012scont.jpg','Imagen','Ermes',NULL,NULL,NULL,NULL,NULL,0,0),(499,'CMS_13460937352486BAJA1.jpg','Imagen','Fair Trade Basket',NULL,NULL,NULL,NULL,NULL,0,0),(500,'CMS_13460938061693BAJA1.jpg','Imagen','Fair Trade Basket',NULL,NULL,NULL,NULL,NULL,0,0),(501,'CMS_13460938443461BAJA1.jpg','Imagen','Fair Trade Basket',NULL,NULL,NULL,NULL,NULL,0,0),(502,'CMS_13460938808922BAJA1.jpg','Imagen','Fair Trade Basket',NULL,NULL,NULL,NULL,NULL,0,0),(503,'CMS_13460939070054BAJA1.jpg','Imagen','Fair Trade Baskets',NULL,NULL,NULL,NULL,NULL,1,0),(505,'CMS_13482358976267BAJA.jpg','Imagen','Feathered Edge',NULL,NULL,NULL,NULL,NULL,0,1),(506,'CMS_13482366124958BAJA.jpg','Imagen','Bucellatti Flatware',NULL,NULL,NULL,NULL,NULL,0,1),(507,'CMS_13485003117492012Alivar.jpg','Imagen','Contemporary Living',NULL,NULL,NULL,NULL,NULL,0,1),(508,'CMS_1348500628515tropics100.jpg','Imagen',NULL,NULL,NULL,NULL,NULL,NULL,0,1),(509,'CMS_13485006605043010.jpg','Imagen',NULL,NULL,NULL,NULL,NULL,NULL,0,0),(510,'CMS_13485006751231000.jpg','Imagen',NULL,NULL,NULL,NULL,NULL,NULL,0,0),(511,'CMS_1348500687220150.jpg','Imagen',NULL,NULL,NULL,NULL,NULL,NULL,0,0),(512,'CMS_1348500712361222a.jpg','Imagen',NULL,NULL,NULL,NULL,NULL,NULL,0,0),(513,'CMS_13509221987621965414742854559380671296016884n.jpg','Imagen','Oxymore Collection',NULL,NULL,NULL,NULL,NULL,0,1),(514,'CMS_1350922296750intervalle.jpg','Imagen','Intervalle Collection',NULL,NULL,NULL,NULL,NULL,1,1),(515,'CMS_1350922319695prcristalleriestlouisintervalle12.jpg','Imagen','Intervalle Collection',NULL,NULL,NULL,NULL,NULL,1,0),(517,'CMS_1354716590300photo2.JPG','Imagen','Christmas booties for chairs',NULL,NULL,NULL,NULL,NULL,1,0),(520,'CMS_1358432899676womenholdingBamboo.jpg','Imagen','Fotografias por Rebeca Zilenziger',NULL,NULL,NULL,NULL,NULL,1,0),(521,'CMS_1358433029525SummersonLakeGeneva.jpg','Imagen','Fotografias por Rebeca Zilenziger',NULL,NULL,NULL,NULL,NULL,0,0),(522,'CMS_1358433249848backyards8.jpg','Imagen','Fotografias por Rebeca Zilenziger',NULL,NULL,NULL,NULL,NULL,1,0),(523,'CMS_1358433357601clouds3.jpg','Imagen','Fotografias por Rebeca Zilenziger',NULL,NULL,NULL,NULL,NULL,0,0),(524,'CMS_1358433860518thetropics2.jpg','Imagen','Fotografias por Rebeca Zilenziger',NULL,NULL,NULL,NULL,NULL,0,0),(620,'CMS_1395933707530albinofamily1.jpg','Imagen','Albino family',NULL,NULL,NULL,NULL,NULL,0,1),(1013,'CMS_1443462634586120326204958787005792268075683693950103334o.jpg','Imagen',NULL,NULL,NULL,NULL,NULL,NULL,0,1),(528,'CMS_1367865382975BLOW1.jpg','Imagen','BLOW',NULL,NULL,NULL,NULL,NULL,0,0),(529,'CMS_1367866015077BLOW2.jpg','Imagen','BLOW',NULL,NULL,NULL,NULL,NULL,0,0),(531,'CMS_1367866156909FLEXAloungechair1.jpg','Imagen','FLEXA',NULL,NULL,NULL,NULL,NULL,0,1),(623,'CMS_1395933811635gdfa1.jpg','Imagen','Bed',NULL,NULL,NULL,NULL,NULL,1,1),(624,'CMS_1395933860323mamanonmama528x379.jpg','Imagen','Mamanonmama',NULL,NULL,NULL,NULL,NULL,0,1),(534,'CMS_1367934262778Sabamantillaconcover.jpg','Imagen','Mantilla with cover',NULL,NULL,NULL,NULL,NULL,0,0),(622,'CMS_1395933776083anishbiancocassetti.jpg','Imagen','Anish Bianco',NULL,NULL,NULL,NULL,NULL,1,1),(536,'CMS_1369163542669GLASITALIAPRISMMIRROR.jpg','Imagen','Prism Mirror',NULL,NULL,NULL,NULL,NULL,0,1),(537,'CMS_1369163674549GlasItaliaLEONBATTISTA01.jpg','Imagen','LEONBATTISTA',NULL,NULL,NULL,NULL,NULL,0,1),(538,'CMS_1369163707475Luminous3.jpg','Imagen','Luminous',NULL,NULL,NULL,NULL,NULL,1,0),(539,'CMS_1369163756037PRISMSTORAGEGLASITALIA.jpg','Imagen','Prism Storage',NULL,NULL,NULL,NULL,NULL,0,1),(540,'CMS_1369163895494CelingLamp.jpg','Imagen','Celing Lamp',NULL,NULL,NULL,NULL,NULL,0,0),(541,'CMS_1369163927723DielleCocktail.jpg','Imagen','Dielle Cocktail',NULL,NULL,NULL,NULL,NULL,0,1),(542,'CMS_1369163958104IkonCanaletto.jpg','Imagen','Ikon Canaleto',NULL,NULL,NULL,NULL,NULL,0,1),(543,'CMS_1369163987387magda.jpg','Imagen','Magda',NULL,NULL,NULL,NULL,NULL,0,1),(544,'CMS_1369164003802SamanthaChair.jpg','Imagen','Samantha',NULL,NULL,NULL,NULL,NULL,0,1),(545,'CMS_1369164022928SequoiaCocktail.jpg','Imagen','Sequoia Cocktail',NULL,NULL,NULL,NULL,NULL,0,1),(546,'CMS_1369164052313SigmaCanaletto.jpg','Imagen','Sigma Canaleto',NULL,NULL,NULL,NULL,NULL,0,1),(547,'CMS_1369164083677Spyder.jpg','Imagen','Spyder',NULL,NULL,NULL,NULL,NULL,0,0),(548,'CMS_1369164103960SpyderWood.jpg','Imagen','Spyder Wood',NULL,NULL,NULL,NULL,NULL,1,1),(549,'CMS_1396536980447Combackdondolo.png','Imagen','Comback Rocky White',NULL,NULL,NULL,NULL,NULL,1,1),(551,'CMS_1375133627953MADLK3OKMC.jpg','Imagen','MAD3',NULL,NULL,NULL,NULL,NULL,0,1),(552,'CMS_1375133848545OneMoreOneMorePleasecol.jpg','Imagen','One More Please',NULL,NULL,NULL,NULL,NULL,0,1),(553,'CMS_1375133947151MADLK4OKMC.jpg','Imagen','MAD4',NULL,NULL,NULL,NULL,NULL,1,1),(554,'CMS_1377705699784miniforms.JPG','Imagen','Dining Table',NULL,NULL,NULL,NULL,NULL,0,1),(625,'CMS_1395933888018TwistL.jpg','Imagen','Twist',NULL,NULL,NULL,NULL,NULL,0,1),(626,'CMS_1395940696107Egoist.jpg','Imagen','Egoist',NULL,NULL,NULL,NULL,NULL,0,1),(557,'CMS_1378833618697fontaine.jpg','Imagen','Tea fountain',NULL,NULL,NULL,NULL,NULL,0,0),(558,'CMS_1378833655083divers17.jpg','Imagen','Wine server',NULL,NULL,NULL,NULL,NULL,1,0),(565,'CMS_13788384241250104.jpg','Imagen','Gualtiero',NULL,NULL,NULL,NULL,NULL,0,1),(560,'CMS_13788357738920095.jpg','Imagen','Sg Valerie stool',NULL,NULL,NULL,NULL,NULL,0,1),(562,'CMS_13788366190630133.jpg','Imagen','Les Brothers Mirror',NULL,NULL,NULL,NULL,NULL,0,0),(563,'CMS_13788369748800138.jpg','Imagen','Pelleossa',NULL,NULL,NULL,NULL,NULL,0,0),(564,'CMS_13788372749060051.jpg','Imagen','Tracks ',NULL,NULL,NULL,NULL,NULL,0,1),(627,'CMS_1395940729118LESLIESETTEE.jpg','Imagen','Leslie Settee',NULL,NULL,NULL,NULL,NULL,1,0),(567,'CMS_137884252540619divers.jpg','Imagen','Large two materials tray',NULL,NULL,NULL,NULL,NULL,0,1),(571,'CMS_1379008633578ChateauBaccaratCollection04LParrault.jpg','Imagen','Château ',NULL,NULL,NULL,NULL,NULL,0,0),(569,'CMS_137884291616125divers.jpg','Imagen','Panther on her black patina base',NULL,NULL,NULL,NULL,NULL,1,1),(570,'CMS_137884349746928.jpg','Imagen','Basin & laddle set',NULL,NULL,NULL,NULL,NULL,0,1),(572,'CMS_137901024058128022692802270OURFIRE.jpg','Imagen','Our Fire ',NULL,NULL,NULL,NULL,NULL,0,1),(574,'CMS_1379100419510precious2.jpg','Imagen','Precious votive',NULL,NULL,NULL,NULL,NULL,0,1),(575,'CMS_1379100753094precious1.jpg','Imagen','Precious bowl',NULL,NULL,NULL,NULL,NULL,0,1),(576,'CMS_1379101238984preciousplatter.jpg','Imagen','Precious platter',NULL,NULL,NULL,NULL,NULL,0,0),(577,'CMS_13791014732976534162tornado.jpg','Imagen','Tornado votive',NULL,NULL,NULL,NULL,NULL,0,0),(578,'CMS_13791029620216497364chimney4candleswithreflection.jpg','Imagen','Chimney candlestick',NULL,NULL,NULL,NULL,NULL,1,0),(579,'CMS_1379103610984877.jpg','Imagen','Triangle vase',NULL,NULL,NULL,NULL,NULL,0,0),(580,'CMS_137910434532810307200LagunaBowl.jpg','Imagen','Laguna bowl',NULL,NULL,NULL,NULL,NULL,1,1),(581,'CMS_137910444039110307300LagunaVase.jpg','Imagen','Laguna vase',NULL,NULL,NULL,NULL,NULL,0,1),(582,'CMS_1379104612313hdGrandeNueVenusnoire.jpg','Imagen','Venus figure ',NULL,NULL,NULL,NULL,NULL,1,1),(583,'CMS_13791054961721161.jpg','Imagen','Basket bowls',NULL,NULL,NULL,NULL,NULL,0,1),(584,'CMS_13791056926251160.jpg','Imagen','Basket bowls',NULL,NULL,NULL,NULL,NULL,0,1),(585,'CMS_1379105831563122.jpg','Imagen','Contrast bowl',NULL,NULL,NULL,NULL,NULL,0,1),(586,'CMS_13791066623751733.jpg','Imagen','Contrast vase',NULL,NULL,NULL,NULL,NULL,0,1),(587,'CMS_137910693806381.jpg','Imagen','Contrast vase',NULL,NULL,NULL,NULL,NULL,1,0),(588,'CMS_1379107283294130.jpg','Imagen','Contrast  dish - blue',NULL,NULL,NULL,NULL,NULL,0,1),(589,'CMS_1379107615934182.jpg','Imagen','Dino vase orange',NULL,NULL,NULL,NULL,NULL,0,0),(590,'CMS_1379107797094464.jpg','Imagen','My Wide Life To the Ground sculpture',NULL,NULL,NULL,NULL,NULL,0,0),(591,'CMS_1379611255188versac.jpg','Imagen','Versace Canape Sets',NULL,NULL,NULL,NULL,NULL,1,1),(592,'CMS_1380119938219lina4pps.jpg','Imagen','Lina',NULL,NULL,NULL,NULL,NULL,1,0),(593,'CMS_1380120573719amazoniavignette.jpg','Imagen','Amazonia',NULL,NULL,NULL,NULL,NULL,0,1),(594,'CMS_1464629943773asd.jpg','Imagen','Ileana Palacios, Owner & Interior Designer',NULL,NULL,NULL,NULL,NULL,0,1),(595,'CMS_1393341716694unnamed.jpg','Imagen','Rosenthal',NULL,NULL,NULL,NULL,NULL,1,1),(596,'CMS_1393341806446kosta.gif','Imagen',NULL,NULL,NULL,NULL,NULL,NULL,0,1),(597,'CMS_1393341912566versacetresorsdelamerp1.jpg','Imagen',NULL,NULL,NULL,NULL,NULL,NULL,0,1),(598,'CMS_1393343166683christifle.png','Imagen',NULL,NULL,NULL,NULL,NULL,NULL,1,0),(599,'CMS_1393618656184AlbertoPintobahiacharger.jpg','Imagen','Alberto Pinto Collection',NULL,NULL,NULL,NULL,NULL,1,1),(600,'CMS_1393618700866AP1BAP.jpg','Imagen','Alberto Pinto Collection',NULL,NULL,NULL,NULL,NULL,1,1),(601,'CMS_1393618716705AP2BA01.jpg','Imagen','Alberto Pinto Collection',NULL,NULL,NULL,NULL,NULL,0,1),(602,'CMS_1393618731633AP5BBAnew.jpg','Imagen','Alberto Pinto Collection',NULL,NULL,NULL,NULL,NULL,0,1),(603,'CMS_1394114644969Assouline.jpg','Imagen','PALACIOS have ASSOULINE, The Most Sophisticated Books In The World !!!! Come and visit our Book Department !!!',NULL,NULL,NULL,NULL,NULL,1,0),(628,'CMS_1395940776605Ethan.jpg','Imagen','Ethan',NULL,NULL,NULL,NULL,NULL,0,0),(629,'CMS_1395940888905EvokSectionals.jpg','Imagen','Evok Sectionals',NULL,NULL,NULL,NULL,NULL,0,1),(630,'CMS_1395940932222TULIPSETTEE.jpg','Imagen','Tulip Settee',NULL,NULL,NULL,NULL,NULL,0,0),(631,'CMS_1395940958340Z3.jpg','Imagen','Z 3',NULL,NULL,NULL,NULL,NULL,0,0),(632,'CMS_1395943488344verellenlivingroom.jpg','Imagen','Living room',NULL,NULL,NULL,NULL,NULL,0,1),(633,'CMS_13959435183534.jpg','Imagen','Verellen Chair',NULL,NULL,NULL,NULL,NULL,0,0),(634,'CMS_1395943554738Camille.jpg','Imagen','Living room',NULL,NULL,NULL,NULL,NULL,0,1),(635,'CMS_1395943604843DukeXL.jpg','Imagen','Duke',NULL,NULL,NULL,NULL,NULL,0,1),(636,'CMS_13959436230511779225607308875991342539299594n.jpg','Imagen','Sofa',NULL,NULL,NULL,NULL,NULL,0,1),(637,'CMS_1395944440724indoorvaraschin2014fbday27682.jpg','Imagen','Indoor furniture',NULL,NULL,NULL,NULL,NULL,0,0),(638,'CMS_1395944477165indoor.jpg','Imagen','Indoor',NULL,NULL,NULL,NULL,NULL,0,1),(639,'CMS_1395945488976prodotti.jpg','Imagen','Varaschin',NULL,NULL,NULL,NULL,NULL,0,0),(640,'CMS_1395946574497outdoorvaraschin2014day16003.jpg','Imagen','Outdoor',NULL,NULL,NULL,NULL,NULL,0,0),(641,'CMS_1395946664437indoor18731.jpg','Imagen','Indoor',NULL,NULL,NULL,NULL,NULL,0,0),(642,'CMS_1395946708058outdoor29822.jpg','Imagen','Outdoor',NULL,NULL,NULL,NULL,NULL,0,0),(643,'CMS_1395946771066outdoorvaraschin2014meranoday16498.jpg','Imagen','Outdoor',NULL,NULL,NULL,NULL,NULL,0,0),(644,'CMS_1395946825998outdoorvaraschin2014meranoday16642.jpg','Imagen','Outdoor',NULL,NULL,NULL,NULL,NULL,0,0),(646,'CMS_13963760934571360505579JLCJDCdesigner4.jpg','Imagen',NULL,NULL,NULL,NULL,NULL,NULL,0,1),(647,'CMS_1396376406010JLCOQUETHEMISPHERE165538g2.jpg','Imagen',NULL,NULL,NULL,NULL,NULL,NULL,1,1),(649,'CMS_13963765189635260f278b4687silverware1R2.jpg','Imagen',NULL,NULL,NULL,NULL,NULL,NULL,0,1),(650,'CMS_1396376581224JeanNovel5pieceLb.jpg','Imagen',NULL,NULL,NULL,NULL,NULL,NULL,1,1),(651,'CMS_1396376606445ThePaperMulberryWhiteXmas9.jpg','Imagen',NULL,NULL,NULL,NULL,NULL,NULL,1,1),(652,'CMS_1396376642543EASTERTABLECLOTH900x335EN.jpg','Imagen','Tablecloth',NULL,NULL,NULL,NULL,NULL,0,1),(653,'CMS_1396376756123SonoraKnot.jpg','Imagen','Sonora Knot',NULL,NULL,NULL,NULL,NULL,0,0),(654,'CMS_13963767945453028dw.jpg','Imagen',NULL,NULL,NULL,NULL,NULL,NULL,1,0),(655,'CMS_1396376811543LarabeeDot.jpg','Imagen','Larabee Dot',NULL,NULL,NULL,NULL,NULL,1,0),(656,'CMS_1396377506155FairHarborBittersweet.jpg','Imagen','Fair Harbor Bittersweet',NULL,NULL,NULL,NULL,NULL,1,0),(657,'CMS_13963775725456258735043.jpg','Imagen',NULL,NULL,NULL,NULL,NULL,NULL,1,0),(658,'CMS_1396382782924RectanglePlatter.jpg','Imagen','Rectangle Platter',NULL,NULL,NULL,NULL,NULL,1,0),(659,'CMS_1396382752475FortunyDinnerware.jpg','Imagen','Fortuny Dinnerware',NULL,NULL,NULL,NULL,NULL,1,0),(660,'CMS_1396382771339AegeanPlatinumFiletDinnerware.jpg','Imagen',NULL,NULL,NULL,NULL,NULL,NULL,0,1),(661,'CMS_1396382793181Perleegoldandwhite.jpg','Imagen','Perlee Gold and White',NULL,NULL,NULL,NULL,NULL,1,1),(669,'CMS_1398365538178Barware.JPG','Imagen','Barware',NULL,NULL,NULL,NULL,NULL,1,0),(662,'CMS_1396536573899BOURGIEMETALgroup.jpg','Imagen','Bourgie Metal',NULL,NULL,NULL,NULL,NULL,1,1),(663,'CMS_1396536617336kartellbloomcrystal3.jpg','Imagen','Bloom crystal',NULL,NULL,NULL,NULL,NULL,0,1),(664,'CMS_1396536639264smallEROS4.jpg','Imagen','Small Eros',NULL,NULL,NULL,NULL,NULL,1,0),(665,'CMS_1396536661852kartellstarcklabohemevase.jpg','Imagen','Starck la Boheme Vase',NULL,NULL,NULL,NULL,NULL,1,0),(666,'CMS_1396536687282tati1.jpg','Imagen','Tati',NULL,NULL,NULL,NULL,NULL,0,1),(667,'CMS_1396536705615jolly.jpg','Imagen','Jolly',NULL,NULL,NULL,NULL,NULL,0,1),(668,'CMS_1396536729187magichole.jpg','Imagen','Magic Hole',NULL,NULL,NULL,NULL,NULL,0,1),(671,'CMS_1398366045711Rosenthalnovias.JPG','Imagen','Novias',NULL,NULL,NULL,NULL,NULL,0,1),(672,'CMS_1398366095013rosenthal.JPG','Imagen','Novias',NULL,NULL,NULL,NULL,NULL,0,1),(673,'CMS_1398366183197VilleroyBosh.JPG','Imagen',NULL,NULL,NULL,NULL,NULL,NULL,1,0),(675,'CMS_1398366416021hermes001.JPG','Imagen',NULL,NULL,NULL,NULL,NULL,NULL,0,1),(676,'CMS_1403203439575christofle1.jpg','Imagen','Christofle',NULL,NULL,NULL,NULL,NULL,0,1),(677,'CMS_1403203527367bernardaud2.jpg','Imagen','Bernardaud',NULL,NULL,NULL,NULL,NULL,0,1),(678,'CMS_1403203823426APHeaderPlateLayers1.jpg','Imagen',NULL,NULL,NULL,NULL,NULL,NULL,0,1),(679,'CMS_1403203840518AlbertoPinto1.jpg','Imagen',NULL,NULL,NULL,NULL,NULL,NULL,0,1),(680,'CMS_1403203954128christofle3.jpg','Imagen','Christofle',NULL,NULL,NULL,NULL,NULL,0,1),(681,'CMS_1403203999154christofle4.jpg','Imagen','Christofle',NULL,NULL,NULL,NULL,NULL,0,0),(682,'CMS_1403204354438christofle5.jpg','Imagen','Christofle',NULL,NULL,NULL,NULL,NULL,0,0),(683,'CMS_1403204407130hermes2.jpg','Imagen','Hermes',NULL,NULL,NULL,NULL,NULL,0,1),(684,'CMS_1403204448652lobjet.jpg','Imagen','L\'Objet',NULL,NULL,NULL,NULL,NULL,1,0),(685,'CMS_1403204478252versace.jpg','Imagen','Versace',NULL,NULL,NULL,NULL,NULL,0,1),(686,'CMS_1403204510833hermes4.jpg','Imagen','Hermes',NULL,NULL,NULL,NULL,NULL,0,1),(688,'CMS_1403205356031design27abupshowagosto2013051.jpg','Imagen','Vista Alegre',NULL,NULL,NULL,NULL,NULL,1,1),(699,'CMS_1405953453794photo11.JPG','Imagen','Contemporary Living',NULL,NULL,NULL,NULL,NULL,0,1),(700,'CMS_1405953591821photo21.JPG','Imagen','Contemporary Living',NULL,NULL,NULL,NULL,NULL,0,1),(701,'CMS_1405953738328photo.PNG','Imagen','Contemporary Living',NULL,NULL,NULL,NULL,NULL,0,1),(702,'CMS_1405953808774CARBIA.jpg','Imagen','Global Style',NULL,NULL,NULL,NULL,NULL,0,0),(703,'CMS_1405953860927photo.JPG','Imagen','Global Style',NULL,NULL,NULL,NULL,NULL,0,1),(704,'CMS_1405953896545DOSCOJINES.jpg','Imagen','Global Style',NULL,NULL,NULL,NULL,NULL,0,0),(705,'CMS_1405954040766photoB.jpg','Imagen','Global Style',NULL,NULL,NULL,NULL,NULL,0,1),(706,'CMS_1405954066110photoC.JPG','Imagen','Global Style',NULL,NULL,NULL,NULL,NULL,0,0),(707,'CMS_1405954086659AZUL.jpg','Imagen','In Living Color',NULL,NULL,NULL,NULL,NULL,0,0),(708,'CMS_1405954158713chevron.JPG','Imagen','Global Style',NULL,NULL,NULL,NULL,NULL,0,0),(709,'CMS_1405954179936photo.JPG','Imagen','Global Style',NULL,NULL,NULL,NULL,NULL,0,1),(710,'CMS_1405954213955photo.PNG','Imagen','Global Style',NULL,NULL,NULL,NULL,NULL,0,0),(711,'CMS_1405954234475photoA.JPG','Imagen','Global Style',NULL,NULL,NULL,NULL,NULL,0,0),(712,'CMS_1405954260159photoB.JPG','Imagen','Global Style',NULL,NULL,NULL,NULL,NULL,0,0),(713,'CMS_1405957377547photo1.PNG','Imagen','Timeless Elegance',NULL,NULL,NULL,NULL,NULL,0,1),(714,'CMS_1405957504015MG4754.jpg','Imagen','Timeless Elegance',NULL,NULL,NULL,NULL,NULL,0,0),(715,'CMS_1405957575267cama.JPG','Imagen','Timeless Elegance',NULL,NULL,NULL,NULL,NULL,0,1),(716,'CMS_1405957611630cuartoTIMELES.jpg','Imagen','Timeless Elegance',NULL,NULL,NULL,NULL,NULL,0,1),(717,'CMS_1405957636066photo.jpg','Imagen','Timeless Elegance',NULL,NULL,NULL,NULL,NULL,0,1),(718,'CMS_1405958449669UntitledHDR01.jpg','Imagen','Timeless Elegance',NULL,NULL,NULL,NULL,NULL,0,0),(719,'CMS_1405959081035cuarto.jpg','Imagen','Tropical Chic',NULL,NULL,NULL,NULL,NULL,0,0),(720,'CMS_1405959360151photo1.JPG','Imagen','Tropical Chic',NULL,NULL,NULL,NULL,NULL,0,1),(721,'CMS_1405959388106photo2.jpg','Imagen','Tropical Chic',NULL,NULL,NULL,NULL,NULL,0,1),(722,'CMS_1405959463699photo.PNG','Imagen','Tropical Chic',NULL,NULL,NULL,NULL,NULL,0,1),(1098,'CMS_1444834057827IMG4588.JPG','Imagen',NULL,NULL,NULL,NULL,NULL,NULL,0,1),(724,'CMS_1405959967961AREAS5.jpg','Imagen','Tropical Chic',NULL,NULL,NULL,NULL,NULL,0,1),(725,'CMS_1405960017917AREAS10.jpg','Imagen','Tropical Chic',NULL,NULL,NULL,NULL,NULL,0,1),(726,'CMS_1405960194095AREAS11.jpg','Imagen','Tropical Chic',NULL,NULL,NULL,NULL,NULL,0,1),(728,'CMS_1405961382700photo.PNG','Imagen','In Living Color',NULL,NULL,NULL,NULL,NULL,0,1),(729,'CMS_1405961416558photoA.JPG','Imagen','In Living Color',NULL,NULL,NULL,NULL,NULL,0,0),(730,'CMS_1405961461803chevron.JPG','Imagen','In Living Color',NULL,NULL,NULL,NULL,NULL,0,1),(731,'CMS_1405961481182photoB.JPG','Imagen','In Living Color',NULL,NULL,NULL,NULL,NULL,0,0),(738,'CMS_1442337279239FLASKBLUDOT.jpg','Imagen','FLASK-BLUDOT','FLASK-BLUDOT',NULL,NULL,NULL,NULL,0,1),(739,'CMS_1442337345858STILTBLUDOT.jpg','Imagen','STILT-BLUDOT','STILT-BLUDOT',NULL,NULL,NULL,NULL,0,1),(740,'CMS_1442337514819MEDUSA.jpg','Imagen','MEDUSA','MEDUSA',NULL,NULL,NULL,NULL,0,1),(741,'CMS_1442337617349OSCAR.jpg','Imagen','OSCAR','OSCAR',NULL,NULL,NULL,NULL,0,1),(742,'CMS_1442337645175RIO.jpg','Imagen','RIO','RIO',NULL,NULL,NULL,NULL,0,1),(743,'CMS_1442337664063WISHBOARD.jpg','Imagen','WISH BOARD','WISH BOARD',NULL,NULL,NULL,NULL,0,1),(744,'CMS_1442337801702LEONBATTISTAGLASITALIA.jpg','Imagen','LEON BATTISTA','LEON BATTISTA',NULL,NULL,NULL,NULL,0,1),(745,'CMS_1442337868434STURMANDDRANGGLASITALIA.jpg','Imagen','STURM AND DRANG','STURM AND DRANG',NULL,NULL,NULL,NULL,0,1),(747,'CMS_1442338033954BLOOMKARTELL.jpg','Imagen','BLOOM','BLOOM',NULL,NULL,NULL,NULL,0,1),(748,'CMS_1442338058816BOURGIEKARTELL.jpg','Imagen','BOURGIE','BOURGIE',NULL,NULL,NULL,NULL,0,1),(749,'CMS_1442338132817FLYKARTELLPRECIOUS.jpg','Imagen','FLY','FLY',NULL,NULL,NULL,NULL,0,1),(751,'CMS_1442338383320KARTELLBATTERYLAMP9140B4.jpg','Imagen','BATTERY LAMP 9140B4','BATTERY LAMP 9140B4',NULL,NULL,NULL,NULL,0,1),(752,'CMS_1442338406607KARTELL.jpg','Imagen','KARTELL','KARTELL',NULL,NULL,NULL,NULL,0,1),(753,'CMS_1442338876467BOHEMIAN.jpg','Imagen','BOHEMIAN','BOHEMIAN',NULL,NULL,NULL,NULL,0,1),(754,'CMS_1442338937807DIAMONDS.jpg','Imagen','DIAMONDS','DIAMONDS',NULL,NULL,NULL,NULL,0,1),(755,'CMS_1442338963965FLASH.jpg','Imagen','FLASH','FLASH',NULL,NULL,NULL,NULL,0,1),(756,'CMS_1442338982789MYSTICGREY.jpg','Imagen','MYSTIC GREY','MYSTIC GREY',NULL,NULL,NULL,NULL,0,1),(757,'CMS_1442339065373MYSTIC.jpg','Imagen','MYSTIC','MYSTIC',NULL,NULL,NULL,NULL,0,1),(758,'CMS_1442339117339PATIO.jpg','Imagen','PATIO','PATIO',NULL,NULL,NULL,NULL,0,1),(759,'CMS_1442339135566TRIBU.jpg','Imagen','Tribu','Tribu',NULL,NULL,NULL,NULL,0,1),(760,'CMS_1442339160563ADAMOEDEVAMINIFOMRS.jpg','Imagen','ADAMO ED EVA','ADAMO ED EVA',NULL,NULL,NULL,NULL,0,1),(761,'CMS_1442339213727BIGBROTHERMINIFORMS.jpg','Imagen','BIG BROTHER','BIG BROTHER',NULL,NULL,NULL,NULL,0,1),(762,'CMS_1442339282559LADYOMINIFORMS.jpg','Imagen','LADY O','LADY O',NULL,NULL,NULL,NULL,0,1),(1030,'CMS_1443818135083Alivarflexa.jpg','Imagen','Flexa','Flexa',NULL,NULL,NULL,NULL,0,1),(764,'CMS_1442340310328chinatable.jpg','Imagen','Chino Table','Chino Table',NULL,NULL,NULL,NULL,0,1),(765,'CMS_1442341698343GLOTABLELAMPSILVERGOLD6.jpg','Imagen','GLO TABLE LAMP SILVER','GLO TABLE LAMP SILVER',NULL,NULL,NULL,NULL,0,1),(766,'CMS_1442341968714AtelierSANGIACOMO.jpg','Imagen','Atelier','Atelier',NULL,NULL,NULL,NULL,0,1),(767,'CMS_1442342002072BOSSBEDALIVAR.jpg','Imagen','BOSS BED','BOSS BED',NULL,NULL,NULL,NULL,0,1),(768,'CMS_1442343198469CHERIESANGIACOMO.jpg','Imagen','CHERIE','CHERIE',NULL,NULL,NULL,NULL,0,1),(769,'CMS_1442343273613DedaloSANGIACOMO.jpg','Imagen','Dedalo','Dedalo',NULL,NULL,NULL,NULL,0,1),(770,'CMS_1442343490378FLOATBEDTEMAHOME.jpg','Imagen','FLOAT BED','FLOAT BED',NULL,NULL,NULL,NULL,0,1),(771,'CMS_1442343513559FLOATTEMAHOME.jpg','Imagen','FLOAT','FLOAT',NULL,NULL,NULL,NULL,0,1),(772,'CMS_1442343689579HUSHQUEBLUDOT.JPG','Imagen','HUSH-QUE','HUSH-QUE',NULL,NULL,NULL,NULL,1,1),(773,'CMS_1442343835876INHEAVENVERELLEN1.jpg','Imagen','IN HEAVEN','IN HEAVEN',NULL,NULL,NULL,NULL,0,1),(774,'CMS_1442343969449MAVERICKCATTELAN.jpg','Imagen','MAVERICK','MAVERICK',NULL,NULL,NULL,NULL,0,1),(775,'CMS_1442344037079MISURAEMMEASSUANBED.jpg','Imagen','ASSUAN BED','ASSUAN BED',NULL,NULL,NULL,NULL,0,1),(776,'CMS_1442344128091MISURAEMMEHILL.jpg','Imagen','Hill','Hill',NULL,NULL,NULL,NULL,0,1),(777,'CMS_1442344287968NickBedCIERRE.jpg','Imagen','Nick Bed','Nick Bed',NULL,NULL,NULL,NULL,0,1),(778,'CMS_1442344447019NOOKBLUDOT.jpg','Imagen','NOOK','NOOK',NULL,NULL,NULL,NULL,0,1),(779,'CMS_1442344511704SUPERSOFTSANGIACOMO.jpg','Imagen','SUPER SOFT','SUPER SOFT',NULL,NULL,NULL,NULL,0,1),(780,'CMS_1442344644934RIDDLED.jpg','Imagen','RIDDLED','RIDDLED',NULL,NULL,NULL,NULL,0,1),(781,'CMS_1442344963967ERICKLEMA.jpg','Imagen','ERICK','ERICK',NULL,NULL,NULL,NULL,0,1),(782,'CMS_1442344990781PORTICOLIVINGDIVANI.jpg','Imagen','PORTICO-LIVING DIVANI','PORTICO-LIVING DIVANI',NULL,NULL,NULL,NULL,0,1),(783,'CMS_1442345144699ROCKTABLEMDF.jpg','Imagen','ROCK TABLE','ROCK TABLE',NULL,NULL,NULL,NULL,0,1),(784,'CMS_1442345272083TENSETABLEMDF.jpg','Imagen','TENSE TABLE','TENSE TABLE',NULL,NULL,NULL,NULL,0,1),(785,'CMS_1442345408118ARIAMINIFORMS.jpg','Imagen','ARIA','ARIA',NULL,NULL,NULL,NULL,0,1),(789,'CMS_1442345683358TRIPODEMINIFOMRS.jpg','Imagen','TRIPODE','TRIPODE',NULL,NULL,NULL,NULL,0,1),(787,'CMS_1442345570208GUSTAVEMINIFORMS.jpg','Imagen','GUSTAVE','GUSTAVE',NULL,NULL,NULL,NULL,0,1),(788,'CMS_1442345600547KEPLEROMINIFORMS.jpg','Imagen','KEPLERO','KEPLERO',NULL,NULL,NULL,NULL,0,1),(792,'CMS_14423461970391.jpg','Imagen','HARPA LOW TABLE','HARPA LOW TABLE',NULL,NULL,NULL,NULL,1,1),(791,'CMS_1442345955396MANTADININGTABLERIMADESIO.jpg','Imagen','MANTA DINING TABLE','MANTA DINING TABLE',NULL,NULL,NULL,NULL,0,1),(793,'CMS_1442346383827HARPASIDETABLEALIVAR.jpg','Imagen','HARPA SIDE TABLE','HARPA SIDE TABLE',NULL,NULL,NULL,NULL,0,1),(794,'CMS_1442346414113LAGOONCHAIRALIVAR.jpg','Imagen','LAGOON CHAIR','LAGOON CHAIR',NULL,NULL,NULL,NULL,0,1),(795,'CMS_1442346517910METROPOLISALIVAR.jpg','Imagen','METROPOLIS','METROPOLIS',NULL,NULL,NULL,NULL,0,1),(796,'CMS_1442346538021ONDA2ALIVAR.jpg','Imagen','ONDA 2','ONDA 2',NULL,NULL,NULL,NULL,0,1),(797,'CMS_1442346590796PADYALIVAR.JPG','Imagen','PADY','PADY',NULL,NULL,NULL,NULL,0,1),(1094,'CMS_1444678984394YAKDEPADOVA.jpg','Imagen','YAK','YAK',NULL,NULL,NULL,NULL,0,1),(799,'CMS_1442346791009AMICABLEBLUDOT.jpg','Imagen','AMICABLE','AMICABLE',NULL,NULL,NULL,NULL,0,1),(800,'CMS_1442346942316BANKBLUDOT.jpg','Imagen','BANK','BANK',NULL,NULL,NULL,NULL,0,1),(803,'CMS_1442347100053MINIMALISTABLUDOT.jpg','Imagen','MINIMALISTA','MINIMALISTA',NULL,NULL,NULL,NULL,0,1),(802,'CMS_1442347070771CUBBLUDOT.jpg','Imagen','CUB','CUB',NULL,NULL,NULL,NULL,0,1),(804,'CMS_1442347116322NEWSTANDARDBLUDOT.jpg','Imagen','NEW STANDARD','NEW STANDARD',NULL,NULL,NULL,NULL,0,1),(805,'CMS_1442347236358SHALEBLUDOT.jpg','Imagen','SHALE','SHALE',NULL,NULL,NULL,NULL,0,1),(806,'CMS_1442347286748TOROBLUDOT.jpg','Imagen','TORO','TORO',NULL,NULL,NULL,NULL,1,1),(807,'CMS_1442347773020ARCADIA.jpg','Imagen','ARCADIA','ARCADIA',NULL,NULL,NULL,NULL,0,1),(808,'CMS_1442348138241DIELLE.jpg','Imagen','Dielle','Dielle',NULL,NULL,NULL,NULL,0,1),(809,'CMS_1442348156207GIANO.jpg','Imagen','GIANO','GIANO',NULL,NULL,NULL,NULL,0,1),(810,'CMS_1442348179345GLISS.jpg','Imagen','GLISS','GLISS',NULL,NULL,NULL,NULL,0,1),(811,'CMS_1442348227410IKON.jpg','Imagen','IKON','IKON',NULL,NULL,NULL,NULL,0,1),(812,'CMS_1442348349125ISABEL.jpg','Imagen','ISABEL','ISABEL',NULL,NULL,NULL,NULL,0,1),(813,'CMS_1442348367663JAIPUR.jpg','Imagen','JAIPUR','JAIPUR',NULL,NULL,NULL,NULL,0,1),(814,'CMS_1442348393878LINGOTTO.jpg','Imagen','LINGOTTO','LINGOTTO',NULL,NULL,NULL,NULL,0,1),(815,'CMS_1442348410758MAGDAARMCHAIR.jpg','Imagen','MAGDA ARMCHAIR','MAGDA ARMCHAIR',NULL,NULL,NULL,NULL,0,1),(816,'CMS_1442348424476MOJITOWOOD.jpg','Imagen','MOJITO WOOD','MOJITO WOOD',NULL,NULL,NULL,NULL,0,1),(817,'CMS_1442348459351MUSAARMCHAIR.jpg','Imagen','MUSA ARMCHAIR','MUSA ARMCHAIR',NULL,NULL,NULL,NULL,0,1),(818,'CMS_1442348480378OXFORD.jpg','Imagen','OXFORD','OXFORD',NULL,NULL,NULL,NULL,0,1),(819,'CMS_1442348497064SAMANTHA.jpg','Imagen','SAMANTHA','SAMANTHA',NULL,NULL,NULL,NULL,0,1),(820,'CMS_1442348513654SAMBA.jpg','Imagen','SAMBA','SAMBA',NULL,NULL,NULL,NULL,0,1),(821,'CMS_1442348531502SCACCO.jpg','Imagen','SCACCO','SCACCO',NULL,NULL,NULL,NULL,0,1),(822,'CMS_1442348549662SENECA.jpg','Imagen','SENECA','SENECA',NULL,NULL,NULL,NULL,0,1),(823,'CMS_1442348566387SIGMA.jpg','Imagen','SIGMA','SIGMA',NULL,NULL,NULL,NULL,0,1),(824,'CMS_1442348611740SKORPIO.jpg','Imagen','SKORPIO','SKORPIO',NULL,NULL,NULL,NULL,0,1),(825,'CMS_1442348632572SOFIA.jpg','Imagen','SOFIA','SOFIA',NULL,NULL,NULL,NULL,0,1),(826,'CMS_1442348651750SPYDER.jpg','Imagen','SPYDER','SPYDER',NULL,NULL,NULL,NULL,0,1),(827,'CMS_1442348669785THEO.jpg','Imagen','THEO','THEO',NULL,NULL,NULL,NULL,0,1),(828,'CMS_1442348685931TOSCA.jpg','Imagen','TOSCA','TOSCA',NULL,NULL,NULL,NULL,0,1),(829,'CMS_1442348765995AIDATABLECIERRE.jpg','Imagen','AIDA TABLE','AIDA TABLE',NULL,NULL,NULL,NULL,0,1),(830,'CMS_1442348785389AidaCierre.jpg','Imagen','Aida','Aida',NULL,NULL,NULL,NULL,0,1),(831,'CMS_1442348893132BohemeCierre2.jpg','Imagen','Boheme','Boheme',NULL,NULL,NULL,NULL,0,1),(832,'CMS_1442348921600BOHEMECIERRE.jpg','Imagen','Boheme','Boheme',NULL,NULL,NULL,NULL,0,1),(833,'CMS_1442348963014ChandelierCierre.jpg','Imagen','Chandelier','Chandelier',NULL,NULL,NULL,NULL,0,1),(834,'CMS_1442348993391NEWYORKCIERRE.jpg','Imagen','NEW YORK','NEW YORK',NULL,NULL,NULL,NULL,0,1),(835,'CMS_1442349115077NickCierre.jpg','Imagen','Nick','Nick',NULL,NULL,NULL,NULL,0,1),(836,'CMS_1442349135011rigolettoCierre.jpg','Imagen','rigoletto','rigoletto',NULL,NULL,NULL,NULL,0,1),(837,'CMS_1442349255217DONDOLODEPADOVA.jpg','Imagen','DONDOLO','DONDOLO',NULL,NULL,NULL,NULL,0,1),(838,'CMS_1442349275022INCISADEPADOVA.jpg','Imagen','INCISA','INCISA',NULL,NULL,NULL,NULL,0,1),(839,'CMS_1442349349841SUNDANCEDEPADOVA.jpg','Imagen','SUNDANCE','SUNDANCE',NULL,NULL,NULL,NULL,0,1),(840,'CMS_1442349365809URAGANODEPADOVA.jpg','Imagen','URAGANO','URAGANO',NULL,NULL,NULL,NULL,0,1),(841,'CMS_1442349387493YAKDEPADOVA.jpg','Imagen','Yak','Yak',NULL,NULL,NULL,NULL,0,1),(842,'CMS_1442349472627CLAYDININGTABLEDESALTO.jpg','Imagen','CLAY DINING TABLE','CLAY DINING TABLE',NULL,NULL,NULL,NULL,0,1),(843,'CMS_1442349504607ELEMENTCONSOLEDESALTO.jpg','Imagen','ELEMENT CONSOLE','ELEMENT CONSOLE',NULL,NULL,NULL,NULL,0,1),(844,'CMS_1442349532677ELEMENTDESALTO.jpg','Imagen','ELEMENT','ELEMENT',NULL,NULL,NULL,NULL,0,1),(845,'CMS_1442349551167FANDININGTABLEDESALTO.jpg','Imagen','FAN DINING TABLE','FAN DINING TABLE',NULL,NULL,NULL,NULL,0,1),(846,'CMS_1442349692668ICARODESALTO.jpg','Imagen','ICARO','ICARO',NULL,NULL,NULL,NULL,0,1),(1078,'CMS_1444676150855Rimadesiostand2015f05.jpg','Imagen','Stand','Stand',NULL,NULL,NULL,NULL,0,1),(848,'CMS_1442349908838FLOARMCHAIRDRIADE.jpg','Imagen','FLO ARMCHAIR','FLO ARMCHAIR',NULL,NULL,NULL,NULL,0,1),(849,'CMS_1442349931650FLODRIADE.jpg','Imagen','FLO-DRIADE','FLO-DRIADE',NULL,NULL,NULL,NULL,0,1),(850,'CMS_1442349966627MERIDIANADRIADE.jpg','Imagen','MERIDIANA','MERIDIANA',NULL,NULL,NULL,NULL,0,1),(851,'CMS_1442350006192NEOZDAYBEDDRIADE.jpg','Imagen','NEOZ DAYBED','NEOZ DAYBED',NULL,NULL,NULL,NULL,0,1),(852,'CMS_1442350028613NEOZSOFA1.jpg','Imagen','NEOZ SOFA','NEOZ SOFA',NULL,NULL,NULL,NULL,0,1),(853,'CMS_1442350049010PAVOREALDRIADE.jpg','Imagen','PAVO REAL','PAVO REAL',NULL,NULL,NULL,NULL,0,1),(854,'CMS_1442350292946CAADREFIAM.jpg','Imagen','CAADRE','CAADRE',NULL,NULL,NULL,NULL,0,1),(855,'CMS_1442350329091FiamVenusMirror.jpg','Imagen','Venus Mirror','Venus Mirror',NULL,NULL,NULL,NULL,0,1),(856,'CMS_1442350348863HIROSHIFIAM.jpg','Imagen','HIROSHI','HIROSHI',NULL,NULL,NULL,NULL,0,1),(857,'CMS_1442350369914LETMESEEFIAM.jpg','Imagen','LET ME SEE','LET ME SEE',NULL,NULL,NULL,NULL,0,1),(858,'CMS_1442350389524MACRAMEFIAM.jpg','Imagen','MACRAME','MACRAME',NULL,NULL,NULL,NULL,0,1),(859,'CMS_1442350403272POPUPFIAM.jpg','Imagen','POP UP','POP UP',NULL,NULL,NULL,NULL,0,1),(860,'CMS_1442350422550REVERSOFIAM.jpg','Imagen','REVERSO','REVERSO',NULL,NULL,NULL,NULL,0,1),(861,'CMS_1442350439781RIALTODESKFIAM.jpg','Imagen','RIALTO DESK','RIALTO DESK',NULL,NULL,NULL,NULL,0,1),(862,'CMS_1442350468321RIALTOTABLEFIAM.jpg','Imagen','RIALTO TABLE','RIALTO TABLE',NULL,NULL,NULL,NULL,0,1),(863,'CMS_1442350584743AMATIFORNASARIG.jpg','Imagen','AMATI','AMATI',NULL,NULL,NULL,NULL,0,1),(864,'CMS_1442350618540DEOREFORNASARIG.jpg','Imagen','DEORE','DEORE',NULL,NULL,NULL,NULL,0,1),(865,'CMS_1442350639367KITEFORNASARIG.jpg','Imagen','KITE','KITE',NULL,NULL,NULL,NULL,0,1),(866,'CMS_1442350655839MOKAFORNASARIG.jpg','Imagen','MOKA','MOKA',NULL,NULL,NULL,NULL,0,1),(867,'CMS_1442350713070CAPRISLEEPERGAMMA.jpg','Imagen','CAPRI SLEEPER','CAPRI SLEEPER',NULL,NULL,NULL,NULL,0,1),(868,'CMS_1442350740218JACKSOFATRENCHGAMMA.jpg','Imagen','JACK SOFA + TRENCH','JACK SOFA + TRENCH',NULL,NULL,NULL,NULL,0,1),(869,'CMS_1442350784769TRENCHGAMMA.jpg','Imagen','TRENCH','TRENCH',NULL,NULL,NULL,NULL,0,1),(870,'CMS_1442350810221BENTBENCHGLASITALIA.JPG','Imagen','BENT BENCH','BENT BENCH',NULL,NULL,NULL,NULL,0,1),(871,'CMS_1442350826608LUMINOUSGLASITALIA.jpg','Imagen','LUMINOUS','LUMINOUS',NULL,NULL,NULL,NULL,0,1),(872,'CMS_1442350840140STEELHIGHGLASITALIA.jpg','Imagen','STEEL HIGH','STEEL HIGH',NULL,NULL,NULL,NULL,0,1),(873,'CMS_144235101212209.jpg','Imagen','09','09',NULL,NULL,NULL,NULL,0,1),(874,'CMS_1442351032428AAL93hellgrauremix2frei.jpg','Imagen',NULL,NULL,NULL,NULL,NULL,NULL,0,1),(876,'CMS_1442351111843hayaboutachairaac23.jpg','Imagen',NULL,NULL,NULL,NULL,NULL,NULL,0,1),(877,'CMS_1442351149392hayaboutachairgasliftaac53.jpg','Imagen','gaslift','gaslift',NULL,NULL,NULL,NULL,0,1),(878,'CMS_1442351166357hayaboutaloungechairaal83web.jpg','Imagen','lounge','lounge',NULL,NULL,NULL,NULL,0,1),(879,'CMS_1442351186708thumb1AboutAChairWhiteArmrest01201111572913.jpg','Imagen','WhiteArmrest','WhiteArmrest',NULL,NULL,NULL,NULL,0,1),(880,'CMS_1442351342201BIFRONTE.jpg','Imagen','BIFRONTE','BIFRONTE',NULL,NULL,NULL,NULL,0,1),(881,'CMS_1442351391797CHARLOTTE.jpg','Imagen','CHARLOTTE','CHARLOTTE',NULL,NULL,NULL,NULL,0,1),(882,'CMS_1442351407137HEXAGON.jpg','Imagen','HEXAGON','HEXAGON',NULL,NULL,NULL,NULL,0,1),(883,'CMS_1442351421339JTABLE.jpg','Imagen','J TABLE','J TABLE',NULL,NULL,NULL,NULL,0,1),(884,'CMS_1442351436530NOTRIDDLED.jpg','Imagen','NOT RIDDLED','NOT RIDDLED',NULL,NULL,NULL,NULL,0,1),(885,'CMS_1442351449300RIPPLES.jpg','Imagen','RIPPLES','RIPPLES',NULL,NULL,NULL,NULL,0,1),(886,'CMS_1442351503492AUDREYALUMINUMKARTELL.jpg','Imagen','AUDREY ALUMINUM','AUDREY ALUMINUM',NULL,NULL,NULL,NULL,0,1),(887,'CMS_1442351560915MASTERSKARTELLPRECIOUS.jpg','Imagen','MASTERS','MASTERS',NULL,NULL,NULL,NULL,0,1),(888,'CMS_1442351595484POPARMCHAIRKARTELL.jpg','Imagen','POP ARM CHAIR','POP ARM CHAIR',NULL,NULL,NULL,NULL,0,1),(889,'CMS_1442351688585JEREMYNLEMA.jpg','Imagen','JEREMYN','JEREMYN',NULL,NULL,NULL,NULL,1,1),(890,'CMS_1442351710547MANSIONLEMA.jpg','Imagen','MANSION','MANSION',NULL,NULL,NULL,NULL,0,1),(891,'CMS_1442351724057OCEANDRIVELEMA.jpg','Imagen','OCEAN DRIVE','OCEAN DRIVE',NULL,NULL,NULL,NULL,0,1),(892,'CMS_1442351740591VICTORIALEMA.jpg','Imagen','VICTORIA','VICTORIA',NULL,NULL,NULL,NULL,0,1),(893,'CMS_1442351896507CLOTHEVALETLIVINGDIVANI.jpg','Imagen','CLOTHE VALET','CLOTHE VALET',NULL,NULL,NULL,NULL,0,1),(894,'CMS_1442351915992GRAYLIVINGDIVANI.jpg','Imagen','GRAY','GRAY',NULL,NULL,NULL,NULL,0,1),(895,'CMS_1442351932586ILECLUBLIVINGDIVANI.png','Imagen','ILE CLUB','ILE CLUB',NULL,NULL,NULL,NULL,0,1),(896,'CMS_1442351954317MAJALIVINGDIVANI.jpg','Imagen','MAJA','MAJA',NULL,NULL,NULL,NULL,0,1),(897,'CMS_1442352156671CARLITO2.jpg','Imagen','CARLITO 2','CARLITO 2',NULL,NULL,NULL,NULL,0,1),(898,'CMS_1442352133545CARLITO.jpg','Imagen','CARLITO','CARLITO',NULL,NULL,NULL,NULL,0,1),(899,'CMS_1442422755418BABYLON0VARASCHIN.jpg','Imagen','Babylon','Babylon',NULL,NULL,NULL,NULL,0,1),(900,'CMS_1442422911199BIGTABLEVARASCHIN.jpg','Imagen','Big Table','Big Table',NULL,NULL,NULL,NULL,1,1),(901,'CMS_1442422958380CRICKETVARASCHIN.jpg','Imagen','Cricket','Cricket',NULL,NULL,NULL,NULL,0,1),(902,'CMS_1442422980764DOLMENVARASCHIN.jpg','Imagen','Dolmen','Dolmen',NULL,NULL,NULL,NULL,0,1),(903,'CMS_1442423010608TIBIDABO.jpg','Imagen','Tibidabo','Tibidabo',NULL,NULL,NULL,NULL,0,1),(904,'CMS_1442423026825VICTORVARASCHIN.jpg','Imagen','Victor','Victor',NULL,NULL,NULL,NULL,0,1),(905,'CMS_1442423405055desk51moderndeskslateBLUDOT.jpg','Imagen','Desk','Desk',NULL,NULL,NULL,NULL,1,1),(906,'CMS_1442423437962RIALTOFIAM.jpg','Imagen','Rialto','Rialto',NULL,NULL,NULL,NULL,0,1),(907,'CMS_1442423498776FLOWCHAIRMDF.jpg','Imagen','Flow Chair','Flow Chair',NULL,NULL,NULL,NULL,0,1),(908,'CMS_1442423632369FLOWMDF.jpg','Imagen','Flow','Flow',NULL,NULL,NULL,NULL,0,1),(909,'CMS_1442423716963MIAMDF.jpg','Imagen','Mia','Mia',NULL,NULL,NULL,NULL,0,1),(910,'CMS_1442423821641COLONYMINIFORMS.jpg','Imagen','Colony','Colony',NULL,NULL,NULL,NULL,0,1),(911,'CMS_1442423845810EDGEMINIFORMS.jpg','Imagen','Edge','Edge',NULL,NULL,NULL,NULL,0,1),(912,'CMS_1442423843651EVOQUEMINIFORMS.jpg','Imagen','Evoque','Evoque',NULL,NULL,NULL,NULL,0,1),(913,'CMS_1442423905665MARANGONMINIFORMS.jpg','Imagen','Marangon','Marangon',NULL,NULL,NULL,NULL,0,1),(914,'CMS_1442423841996PELLEOSSAMINIFORMS.jpg','Imagen','Pelleossa','Pelleossa',NULL,NULL,NULL,NULL,1,1),(915,'CMS_1442423839861PEZZOMINIFORMS.jpg','Imagen','Pezzo','Pezzo',NULL,NULL,NULL,NULL,0,1),(916,'CMS_1442423839105TINAMINIFORMS.jpg','Imagen','Tina','Tina',NULL,NULL,NULL,NULL,0,1),(917,'CMS_1442423837569VALERIESTOOLMINIFORMS.jpg','Imagen','Valerie Stool','Valerie Stool',NULL,NULL,NULL,NULL,0,1),(918,'CMS_1442423836913VALERIEMINIFORMS.jpg','Imagen','Valerie','Valerie',NULL,NULL,NULL,NULL,0,1),(925,'CMS_1442425064909MISURAEMMECROSSINGSYSTEM.jpg','Imagen','Crossing System','Crossing System',NULL,NULL,NULL,NULL,0,1),(924,'CMS_1442425180473MISURAEMMESQUARE.jpg','Imagen','Square','Square',NULL,NULL,NULL,NULL,0,1),(923,'CMS_1442424818938MISURAEMMEGRANDPALAIS.jpg','Imagen','Grand Palais','Grand Palais',NULL,NULL,NULL,NULL,0,1),(926,'CMS_1442425062689MISURAEMMEERMES.jpg','Imagen','Ermes','Ermes',NULL,NULL,NULL,NULL,0,1),(927,'CMS_1442425060281MISURAEMMEKESSLER.jpg','Imagen','Kessler','Kessler',NULL,NULL,NULL,NULL,0,1),(928,'CMS_1442424817885MISURAEMMESQUARE.jpg','Imagen','Square','Square',NULL,NULL,NULL,NULL,0,1),(929,'CMS_1442424816650MISURAEMMETAODAYSYSTEM.jpg','Imagen','Tao Day System','Tao Day System',NULL,NULL,NULL,NULL,0,1),(930,'CMS_1442425214084MISURAEMMETAO10SYSTEM.jpg','Imagen','Tao System','Tao System',NULL,NULL,NULL,NULL,0,1),(931,'CMS_1442425471445BIXBYNATHAN.jpg','Imagen','Bixby','Bixby',NULL,NULL,NULL,NULL,0,1),(932,'CMS_1442425510319EGOISTNATHAN.jpg','Imagen','Egoist','Egoist',NULL,NULL,NULL,NULL,0,1),(933,'CMS_1442425491848MAUDENATHANANTHONY.jpg','Imagen','Maude','Maude',NULL,NULL,NULL,NULL,0,1),(934,'CMS_1442425649533ROCCONATHANANTHONY.jpg','Imagen','Rocco','Rocco',NULL,NULL,NULL,NULL,0,1),(935,'CMS_1442425487689SOIENATHANANTHONY.jpg','Imagen','Soie','Soie',NULL,NULL,NULL,NULL,0,1),(936,'CMS_1442425678907gcha125gwclg.jpg','Imagen',NULL,NULL,NULL,NULL,NULL,NULL,0,1),(1000,'CMS_1442428469979VALENTINOATTHEEMPERORSTABLE.png','Imagen','Valentino','Valentino',NULL,NULL,NULL,NULL,0,1),(938,'CMS_1442425737743gtab243whlg.jpg','Imagen',NULL,NULL,NULL,NULL,NULL,NULL,0,1),(939,'CMS_1442425742327GTAB676MTlg.jpg','Imagen',NULL,NULL,NULL,NULL,NULL,NULL,0,1),(940,'CMS_1442425691980ZIGZAG.jpg','Imagen','Zigzag','Zigzag',NULL,NULL,NULL,NULL,1,1),(941,'CMS_1442425905727ALAMBRARIMADESIO.jpg','Imagen','Alambra','Alambra',NULL,NULL,NULL,NULL,0,1),(942,'CMS_14424261944121.jpg','Imagen',NULL,NULL,NULL,NULL,NULL,NULL,0,1),(943,'CMS_1442426260123AMELIE2SABAITALIA.jpg','Imagen','Amelie','Amelie',NULL,NULL,NULL,NULL,0,1),(944,'CMS_1442426275610Ananta3.jpg','Imagen','Ananta','Ananta',NULL,NULL,NULL,NULL,0,1),(945,'CMS_1442426300758Ananta9.jpg','Imagen','Ananta','Ananta',NULL,NULL,NULL,NULL,0,1),(946,'CMS_1442426317337Biscotto1.jpg','Imagen','Biscotto','Biscotto',NULL,NULL,NULL,NULL,0,1),(947,'CMS_1442426335677bustier.png','Imagen','Bustier','Bustier',NULL,NULL,NULL,NULL,0,1),(948,'CMS_1442426353353KARMA.jpg','Imagen','karma','karma',NULL,NULL,NULL,NULL,0,1),(949,'CMS_1442426230693mantillasabaitalia6.jpg','Imagen','Mantilla','Mantilla',NULL,NULL,NULL,NULL,0,1),(950,'CMS_1442426374887newlimessabaitalia1.jpg','Imagen','New limes','New limes',NULL,NULL,NULL,NULL,0,1),(951,'CMS_1442426397054newpixelsabaitalia6.jpg','Imagen','New pixel','New pixel',NULL,NULL,NULL,NULL,0,1),(952,'CMS_1442426227248newyorksuitesabaitalia3.jpg','Imagen','New York Suite','New York Suite',NULL,NULL,NULL,NULL,0,1),(953,'CMS_1442426225710newyork.jpg','Imagen','New York','New York',NULL,NULL,NULL,NULL,0,1),(954,'CMS_1442426224577newyorkbergere4sabaitalia.jpg','Imagen','New York Bergere','New York Bergere',NULL,NULL,NULL,NULL,0,1),(955,'CMS_1442426223555PiuTable3.jpg','Imagen','Piu Table','Piu Table',NULL,NULL,NULL,NULL,0,1),(956,'CMS_1442426482356Taos6.jpg','Imagen','Taos','Taos',NULL,NULL,NULL,NULL,0,1),(957,'CMS_1442426664815ALIASSANGIACOMO.jpg','Imagen','Alias','Alias',NULL,NULL,NULL,NULL,0,1),(958,'CMS_1442426701958altaSANGIACOMO.jpg','Imagen','Alta','Alta',NULL,NULL,NULL,NULL,0,1),(959,'CMS_1442426714224ALTERNO.png','Imagen','Alterno','Alterno',NULL,NULL,NULL,NULL,0,1),(960,'CMS_1442426724054AppendoSANGIACOMO.jpg','Imagen','Appendo','Appendo',NULL,NULL,NULL,NULL,0,1),(961,'CMS_1442426733841CAPSANGIACOMO.jpg','Imagen','Cap','Cap',NULL,NULL,NULL,NULL,0,1),(962,'CMS_1442426742721cidoriMADIASANGIACOMO.jpg','Imagen','CidoriMADIA','CidoriMADIA',NULL,NULL,NULL,NULL,0,1),(963,'CMS_1442426768101DADOSANGIACOMO.jpg','Imagen','Dado','Dado',NULL,NULL,NULL,NULL,0,1),(964,'CMS_1442426780077DISEGNOSANGIACOMO.jpg','Imagen','Disegno','Disegno',NULL,NULL,NULL,NULL,0,1),(965,'CMS_1442426789456GROOVESANGIACOMO.jpg','Imagen','Groove','Groove',NULL,NULL,NULL,NULL,0,1),(966,'CMS_1442426799221INCONTROSANGIACOMO.jpg','Imagen','Incontro','Incontro',NULL,NULL,NULL,NULL,0,1),(967,'CMS_1442426809653MODOSANGIACOMO.jpg','Imagen','Modo','Modo',NULL,NULL,NULL,NULL,0,1),(968,'CMS_1442426816746segnoSANGIACOMO.jpg','Imagen','Segno','Segno',NULL,NULL,NULL,NULL,0,1),(969,'CMS_1442426826039SospendoSANGIACOMO.jpg','Imagen','Sospendo','Sospendo',NULL,NULL,NULL,NULL,0,1),(970,'CMS_1442426674957VALEOSANGIACOMO.jpg','Imagen','Valeo','Valeo',NULL,NULL,NULL,NULL,0,1),(971,'CMS_1442426854130EDGETEMAHOME.jpg','Imagen','Edge','Valeo',NULL,NULL,NULL,NULL,0,1),(972,'CMS_1442426884867GLARETEMAHOME.jpg','Imagen','Glare','Glare',NULL,NULL,NULL,NULL,0,1),(973,'CMS_1442426892238PRAIRIETEMAHOME.jpg','Imagen','Prairie','Prairie',NULL,NULL,NULL,NULL,0,1),(974,'CMS_1442426870140SKINTEMAHOME.jpg','Imagen','Skin','Skin',NULL,NULL,NULL,NULL,0,1),(975,'CMS_1442426868839SLIDETEMAHOME.jpg','Imagen','Slide','Slide',NULL,NULL,NULL,NULL,0,1),(976,'CMS_1442426929222BRONZEDROMTHAYERCOGGIN.jpg','Imagen','Bronze Drom','Bronze Drom',NULL,NULL,NULL,NULL,0,1),(977,'CMS_1442427169315DALETHAYERCOGGIN.jpg','Imagen','Dale','Dale',NULL,NULL,NULL,NULL,0,1),(978,'CMS_1442427177623DESIGNCLASSICSOFATHAYERCOGGIN.jpg','Imagen','Design Clasic Sofa','Design Clasic Sofa',NULL,NULL,NULL,NULL,0,1),(979,'CMS_1442426956465DESIGNCLASSICTHAYERCOGGIN.jpg','Imagen','Design Clasic',' Sofa',NULL,NULL,NULL,NULL,0,1),(980,'CMS_1442427201767DropInChairBronzeTHAYERCOGGIN.jpg','Imagen','DropInChairBronze','DropInChairBronze',NULL,NULL,NULL,NULL,0,1),(981,'CMS_1442427072625FEELINGGROOVYTHAYERCOGGIN.jpg','Imagen','Feeling Groovy','Feeling Groovy',NULL,NULL,NULL,NULL,1,1),(982,'CMS_1442427226267joTHAYERCOGGIN.jpg','Imagen','Jo','Jo',NULL,NULL,NULL,NULL,0,1),(983,'CMS_1442426952286meridienTHAROGGIN.jpg','Imagen','Meridien','Meridien',NULL,NULL,NULL,NULL,0,1),(984,'CMS_1442427247951METROPOLITANTHAYERCOGGIN.jpg','Imagen','Metropolitan','Metropolitan',NULL,NULL,NULL,NULL,0,1),(985,'CMS_1442427296858parkerTHAYERCOGGIN.jpg','Imagen','Parker','Parker',NULL,NULL,NULL,NULL,0,1),(986,'CMS_1442426947979SLINGTHAYEROGGIN.jpg','Imagen','Sling','Sling',NULL,NULL,NULL,NULL,0,1),(991,'CMS_1442427410267WINKTHAYER.jpg','Imagen','Wink','Wink',NULL,NULL,NULL,NULL,0,1),(990,'CMS_1442426944257TBACKTHAYERCOGGIN.jpg','Imagen','T Back','T Back',NULL,NULL,NULL,NULL,0,1),(989,'CMS_1442426946111THAYERCOGGIN1187110.jpg','Imagen',NULL,NULL,NULL,NULL,NULL,NULL,0,1),(992,'CMS_1442427437847AXELLE.png','Imagen','Axelle','Axelle',NULL,NULL,NULL,NULL,0,1),(993,'CMS_1442427491274duke.jpg','Imagen','Duke','Duke',NULL,NULL,NULL,NULL,0,1),(994,'CMS_1442427498073hannahclub.jpg','Imagen','Hannah Club','Hannah Club',NULL,NULL,NULL,NULL,0,1),(995,'CMS_1442427513237kate.jpg','Imagen','Kate','Kate',NULL,NULL,NULL,NULL,0,1),(996,'CMS_1442427521520OWEN.jpg','Imagen','Owen','Owen',NULL,NULL,NULL,NULL,0,1),(997,'CMS_1442427529722wyatt.jpg','Imagen','Wyatt','Wyatt',NULL,NULL,NULL,NULL,0,1),(998,'CMS_1442427589670restaurantchaircontemporaryupholsteredsolidwood668997111541.jpg','Imagen','Restaurant Chair Contemporary Upholstered Solid Wookd','Restaurant Chair Contemporary Upholstered Solid Wookd',NULL,NULL,NULL,NULL,0,1),(999,'CMS_1442427646328ZeitraumSideSideboard.jpg','Imagen','Side Sideboard','Side Sideboard',NULL,NULL,NULL,NULL,0,1),(1001,'CMS_1442428538819BordeauxAssouline.jpg','Imagen','Bordeaux Assouline','Bordeaux Assouline',NULL,NULL,NULL,NULL,0,1),(1002,'CMS_1442428566478CARLOSPLACES.jpg','Imagen','Carlos Places','Carlos Places',NULL,NULL,NULL,NULL,0,1),(1003,'CMS_1442428580876INTHESPIRITOFSAINTBARTHS.png','Imagen','In The Spirit Of Saint Barths','In The Spirit Of Saint Barths',NULL,NULL,NULL,NULL,0,1),(1004,'CMS_1442428600094SOIREE.jpg','Imagen','Soiree','Soiree',NULL,NULL,NULL,NULL,0,1),(1005,'CMS_1442428610361SWANSLEGENDSOFTHEJETSOCIETY.png','Imagen','SWANS LEGENDS OF THE JET SOCIETY','SWANS LEGENDS OF THE JET SOCIETY',NULL,NULL,NULL,NULL,0,1),(1006,'CMS_1442428627263INTHESPIRITOFCAPRI.jpg','Imagen','IN THE SPIRIT OF CAPRI','IN THE SPIRIT OF CAPRI',NULL,NULL,NULL,NULL,0,1),(1007,'CMS_1442428637800VINTAGECOCKTAILS.jpg','Imagen','VINTAGE COCKTAILS','VINTAGE COCKTAILS',NULL,NULL,NULL,NULL,0,1),(1008,'CMS_1442428510003TASCHEN4CITIES.jpg','Imagen','TASCHEN 4 CITIES','TASCHEN 4 CITIES',NULL,NULL,NULL,NULL,0,1),(1009,'CMS_1442428656771BARBIE.jpg','Imagen','Barbie','Barbie',NULL,NULL,NULL,NULL,0,1),(1010,'CMS_1442428682810CONSENASTTRAVELERROOMWITHAVIEW.jpg','Imagen','CONSE NAST TRAVELER ROOM WITH A VIEW','CONSE NAST TRAVELER ROOM WITH A VIEW',NULL,NULL,NULL,NULL,0,1),(1011,'CMS_1442428664764ENOCPEREZ.jpg','Imagen','ENOC PEREZ','ENOC PEREZ',NULL,NULL,NULL,NULL,0,1),(1019,'CMS_1443646290994INHEAVENVERELLEN2.jpg','Imagen','In Heaven',NULL,NULL,NULL,NULL,NULL,0,1),(1020,'CMS_1443646584387DRYES.jpg','Imagen','Dr Yes',NULL,NULL,NULL,NULL,NULL,0,1),(1021,'CMS_1443646626012KartellLIZZCHAIS.jpg','Imagen','Lizz Chais',NULL,NULL,NULL,NULL,NULL,0,1),(1022,'CMS_1443647301900KartellMASTERSBARSTOOL.jpg','Imagen','Masters Barstools',NULL,NULL,NULL,NULL,NULL,0,1),(1023,'CMS_1443648188183masterschairblack.jpg','Imagen','Master Chair Black',NULL,NULL,NULL,NULL,NULL,0,1),(1024,'CMS_1443648374887popoutdoorarmchari.jpg','Imagen','Pop Outdoor Arm Chair',NULL,NULL,NULL,NULL,NULL,0,1),(1025,'CMS_1443649809081POPDUOSOFA.jpg','Imagen','Pop Duo Sofa',NULL,NULL,NULL,NULL,NULL,0,1),(1026,'CMS_1443649892369ttable.jpg','Imagen','T Table',NULL,NULL,NULL,NULL,NULL,0,1),(1027,'CMS_1443650100758kartellmagicholesofablackorange1.jpg','Imagen','Magic Hole Sofa',NULL,NULL,NULL,NULL,NULL,0,1),(1028,'CMS_1443650694486BUBBLECLUBSOFACHAIR.jpg','Imagen','Bubble Club Sofa',NULL,NULL,NULL,NULL,NULL,0,1),(1029,'CMS_1443650732420jollytable.jpg','Imagen','Jolly Table',NULL,NULL,NULL,NULL,NULL,0,1),(1031,'CMS_1443818280824cattelansamamtha12.jpg','Imagen','Samantha','Samantha',NULL,NULL,NULL,NULL,0,1),(1032,'CMS_1443818321514Cierreboheme.jpg','Imagen','Boheme','Boheme',NULL,NULL,NULL,NULL,0,1),(1033,'CMS_1443818358901fiamrialtodesk3.jpg','Imagen','Rialto','Rialto',NULL,NULL,NULL,NULL,0,1),(1034,'CMS_1443818417367flowchair.jpg','Imagen','Flow Chair','Flow Chair',NULL,NULL,NULL,NULL,1,1),(1035,'CMS_1443818516157HAYwhitearmrest.jpg','Imagen','White Armrest',NULL,NULL,NULL,NULL,NULL,0,1),(1036,'CMS_1443818624660HAYgaslift.jpg','Imagen','Gaslift','Gaslift',NULL,NULL,NULL,NULL,0,1),(1037,'CMS_1443818674995Miniformstracks.jpg','Imagen','Tracks','Tracks',NULL,NULL,NULL,NULL,1,1),(1038,'CMS_1443818748093Kartellmasters.jpg','Imagen','Masters','Masters',NULL,NULL,NULL,NULL,0,1),(1039,'CMS_1443818774184Misuraemmeermes.jpg','Imagen','Ermes','Ermes',NULL,NULL,NULL,NULL,0,1),(1040,'CMS_1443818822257sabalesfemes23802x500.jpg','Imagen','Les Femmes','Les Femmes',NULL,NULL,NULL,NULL,0,1),(1041,'CMS_1443818900809sabaitaliaNewYork69373.XL.jpg','Imagen','New York','New York',NULL,NULL,NULL,NULL,0,1),(1042,'CMS_1443819503949SanGiacomoAlterno.jpg','Imagen','Alterno','Alterno',NULL,NULL,NULL,NULL,0,1),(1043,'CMS_1443819996774shale2drawer2doordresserbludot1.jpg','Imagen','Shale 2 Door','Shale 2 Door',NULL,NULL,NULL,NULL,0,1),(1044,'CMS_1443820049090BRIGITTA.jpg','Imagen','Brigitta','Brigitta',NULL,NULL,NULL,NULL,0,1),(1045,'CMS_1443820112411ISABEL.jpg','Imagen','Isabel','Isabel',NULL,NULL,NULL,NULL,0,1),(1046,'CMS_1443820155949MAGDA.jpg','Imagen','Magda','Magda',NULL,NULL,NULL,NULL,0,1),(1047,'CMS_1443821510466MULAN.jpg','Imagen','Mulan','Mulan',NULL,NULL,NULL,NULL,0,1),(1048,'CMS_1443821566036MUSA.jpg','Imagen','Musa','Musa',NULL,NULL,NULL,NULL,0,1),(1049,'CMS_1443821614676TOSCA.jpg','Imagen','Tosca','Tosca',NULL,NULL,NULL,NULL,0,1),(1050,'CMS_1443821701620FlowSlim.jpg','Imagen','Flow slim','Flow Slim',NULL,NULL,NULL,NULL,0,1),(1051,'CMS_1443822270055flowchair53796.jpg','Imagen','Flow Slim Chair','Flow Slim Chair',NULL,NULL,NULL,NULL,0,1),(1052,'CMS_1443822567406pelleossachairwitharmrestsminiforms.jpg','Imagen','Pelleosa','Pelleosa',NULL,NULL,NULL,NULL,0,1),(1053,'CMS_1443822660867TinaMaingrande.jpg','Imagen','Tina','Tina',NULL,NULL,NULL,NULL,0,1),(1054,'CMS_1443822728269madedge15.jpg','Imagen','Mad Edge','Mad Edge',NULL,NULL,NULL,NULL,0,1),(1055,'CMS_1443822776669move.jpg','Imagen','Move buffet','Move buffet',NULL,NULL,NULL,NULL,0,1),(1056,'CMS_1443822814535edgebuffet.jpg','Imagen','Edge Buffet','Edge Buffet',NULL,NULL,NULL,NULL,1,1),(1057,'CMS_1443822888954NAMAUDECHAIR.jpg','Imagen','Maude','Maude',NULL,NULL,NULL,NULL,0,1),(1058,'CMS_1443823002511ALHAMBRASIDEBOARD.jpg','Imagen','Alhambra','Alhambra',NULL,NULL,NULL,NULL,0,1),(1059,'CMS_1443823075848EDGEUNIT.jpg','Imagen','Edge Unit','Edge Unit',NULL,NULL,NULL,NULL,0,1),(1060,'CMS_1443823139472glaresideboard.jpg','Imagen','Glare sideboard','Glare sideboard',NULL,NULL,NULL,NULL,0,1),(1061,'CMS_1443823174739DesignClassic1188armless.jpg','Imagen','Design Classic','Design Classic',NULL,NULL,NULL,NULL,0,1),(1062,'CMS_1443823237048midcenturydiningchairs.jpg','Imagen','Mid-century','Mid-century',NULL,NULL,NULL,NULL,0,1),(1063,'CMS_1444406468560chestofdrawersemmebi11295relf019a91b.jpg','Imagen','Chest ',NULL,NULL,NULL,NULL,NULL,0,1),(1064,'CMS_1444407610857modernsideboardbabolbyemmebi.jpg','Imagen','Modern sideboard',NULL,NULL,NULL,NULL,NULL,0,1),(1065,'CMS_1444409869268Chifloorlamppenta.jpg','Imagen','Chi Floor Lamp',NULL,NULL,NULL,NULL,NULL,0,1),(1066,'CMS_1444410030388clarksonfloorlamprobertabbey.jpg','Imagen','Clarkson Floor Lamp',NULL,NULL,NULL,NULL,NULL,0,1),(1067,'CMS_1444410220855dauphinetablelampvisualcomfort.jpg','Imagen','Dauphine Table Lamp',NULL,NULL,NULL,NULL,NULL,0,1),(1068,'CMS_1444410305344Falsettotablelampcurreyandcomp.jpg','Imagen','Falsetto Table Lamp',NULL,NULL,NULL,NULL,NULL,0,1),(1069,'CMS_1444410463438garveylamparteriors.jpg','Imagen','Garvey Lamp',NULL,NULL,NULL,NULL,NULL,0,1),(1070,'CMS_1444675140328BECKETTBED161QHR0.jpg','Imagen','Beckett Bed','Beckett Bed',NULL,NULL,NULL,NULL,0,1),(1071,'CMS_1444675186124KAHLUABED157KHR.jpg','Imagen','Kahlua Bed','Kahlua Bed',NULL,NULL,NULL,NULL,1,1),(1072,'CMS_1444675259501galaregency.jpg','Imagen','Gala Regency','Gala Regency',NULL,NULL,NULL,NULL,0,1),(1073,'CMS_1444675301823cidorinightstand.jpg','Imagen','Cidori Nightstand',NULL,NULL,NULL,NULL,NULL,0,1),(1074,'CMS_1444675352951BRDRESSERNIGHTCIDORMAINsangiacomogruppinottecidoridet01450x387.jpg','Imagen','Dresser & Nightstand','Dresser & Nightstand',NULL,NULL,NULL,NULL,0,1),(1075,'CMS_1444675626070GTAB138WEAlg.jpg','Imagen','Coffee Table Graff','Coffee Table Graff',NULL,NULL,NULL,NULL,0,1),(1076,'CMS_1444675870139gtab432lg.jpg','Imagen','Noir coffee table','Noir coffee table',NULL,NULL,NULL,NULL,0,1),(1077,'CMS_1444676017199gtab439rwlg.jpg','Imagen','Baltic Dining Table','Baltic Dining Table',NULL,NULL,NULL,NULL,0,1),(1079,'CMS_1444677002166POPUPFIAM.jpg','Imagen','Pop Up','Pop Up',NULL,NULL,NULL,NULL,0,1),(1080,'CMS_1444677397903gallerysquare.jpg','Imagen','Gallery Square','Gallery Square',NULL,NULL,NULL,NULL,0,1),(1081,'CMS_1444677511418LETMESEEFIAM.jpg','Imagen','Let Me See','Let Me See',NULL,NULL,NULL,NULL,0,1),(1082,'CMS_1444677609243CAADREFIAM.jpg','Imagen','Caadre Mirror','Caadre Mirror',NULL,NULL,NULL,NULL,0,1),(1083,'CMS_1444677694485HUGOAMERICANLEATHER.jpg','Imagen','Hugo','Hugo',NULL,NULL,NULL,NULL,0,1),(1084,'CMS_1444677735129COLLINSAMERICANLEATHER.jpg','Imagen','Collins','Collins',NULL,NULL,NULL,NULL,0,1),(1085,'CMS_1444677778300COLEAMERICANLEATHER.jpg','Imagen','Cole','Cole',NULL,NULL,NULL,NULL,0,1),(1086,'CMS_1444677816544CORBINAMERICANLEATHER.jpg','Imagen','Corbin','Corbin',NULL,NULL,NULL,NULL,0,1),(1087,'CMS_1444677875334HAILEYSLEEPERAMERICANLEATHER.jpg','Imagen','Hailey Sleeper','Hailey Sleeper',NULL,NULL,NULL,NULL,0,1),(1088,'CMS_1444677920649BEAAMERICANLEATHER.jpg','Imagen','Bea','Bea',NULL,NULL,NULL,NULL,0,1),(1089,'CMS_1444677943059TUROWAMERICANLEATHER.jpg','Imagen','Turow','Turow',NULL,NULL,NULL,NULL,0,1),(1090,'CMS_1444678040175TECHBENCHALIVAR.jpg','Imagen','Tech Bench','Tech Bench',NULL,NULL,NULL,NULL,1,1),(1091,'CMS_1444678072405poltroncinalmiesvanderrohealivar305o314.jpg','Imagen','Poltrocina','Poltrocina',NULL,NULL,NULL,NULL,0,1),(1092,'CMS_1444678104036PADYALIVAR.JPG','Imagen','Pady','Pady',NULL,NULL,NULL,NULL,0,1),(1093,'CMS_1444678729485SAMOAALIVAR.jpg','Imagen','Samoa','Samoa',NULL,NULL,NULL,NULL,0,1),(1095,'CMS_1444679166647Twist3.jpg','Imagen','Twist','Twist',NULL,NULL,NULL,NULL,0,1),(1096,'CMS_1444679312905NEOZ9.png','Imagen','Neoz9','Neoz9',NULL,NULL,NULL,NULL,0,1),(1097,'CMS_1444679401582NEOZDAYBEDDRIADE.jpg','Imagen','Neoz Daybed','Neoz Daybed',NULL,NULL,NULL,NULL,0,1),(1100,'CMS_1444834153754IMG4587.JPG','Imagen',NULL,NULL,NULL,NULL,NULL,NULL,0,1),(1101,'CMS_1444834242637IMG4589.JPG','Imagen',NULL,NULL,NULL,NULL,NULL,NULL,0,1),(1102,'CMS_1444834330417IMG4597.JPG','Imagen',NULL,NULL,NULL,NULL,NULL,NULL,0,1),(1103,'CMS_1444834400328IMG4582.JPG','Imagen',NULL,NULL,NULL,NULL,NULL,NULL,0,1),(1104,'CMS_1444834449452IMG4583.JPG','Imagen',NULL,NULL,NULL,NULL,NULL,NULL,0,1),(1105,'CMS_1444834495597IMG4584.JPG','Imagen',NULL,NULL,NULL,NULL,NULL,NULL,0,1),(1106,'CMS_1444834525083IMG4585.JPG','Imagen',NULL,NULL,NULL,NULL,NULL,NULL,0,1),(1107,'CMS_1444837968424STRAPMIRROR.jpg','Imagen','Strap Mirror',NULL,NULL,NULL,NULL,NULL,0,1),(1108,'CMS_1444839069475tibidaboloungechair2.jpg','Imagen','Tibidabo Lounge Chair','Tibidabo Lounge Chair',NULL,NULL,NULL,NULL,0,1),(1109,'CMS_1444839428353quartogardentable.jpg','Imagen','Quarto Garden Table',NULL,NULL,NULL,NULL,NULL,0,0),(1110,'CMS_1444839567638ElementsSunbed.jpg','Imagen','Elements - Sunbed','Elements - Sunbed',NULL,NULL,NULL,NULL,0,0),(1111,'CMS_1444839627609fusesofasectional.jpg','Imagen','Fuse Sofa Sectional',NULL,NULL,NULL,NULL,NULL,0,0),(1112,'CMS_1444839657224heliossunloungers.jpg','Imagen','Helios Sun Loungers',NULL,NULL,NULL,NULL,NULL,0,0),(1113,'CMS_1444839740120zendosofalarge.jpg','Imagen','Zendo Sofa Large','Zendo Sofa Large',NULL,NULL,NULL,NULL,0,1),(1114,'CMS_1444839793502moodbarstoolbar.jpg','Imagen','Mood Barstool','Mood Barstool',NULL,NULL,NULL,NULL,0,1),(1115,'CMS_1444839859300moodbarstool.jpg','Imagen','Mood Barstool','Mood Barstool',NULL,NULL,NULL,NULL,0,1),(1116,'CMS_1444839907592tibettable.jpg','Imagen','Tibet Table','Tibet Table',NULL,NULL,NULL,NULL,0,1),(1117,'CMS_1444840326942cricketchair.jpg','Imagen','Cricket Chair','Cricket Chair',NULL,NULL,NULL,NULL,0,1),(1118,'CMS_1444840539735dolmentablewhiteesquina.jpg','Imagen','Dolmen Table white','Dolmen Table white',NULL,NULL,NULL,NULL,0,1),(1119,'CMS_1444840581373dolmentablewhitetavolodolmen.jpg','Imagen','Dolmen Table white','Dolmen Table white',NULL,NULL,NULL,NULL,0,1),(1120,'CMS_1444840627859avalonchair.jpg','Imagen','Avalon Chair','Avalon Chair',NULL,NULL,NULL,NULL,0,1),(1121,'CMS_1444841060122kartellmissesflowerpower.jpg','Imagen','Misses Flower Power','Misses Flower Power',NULL,NULL,NULL,NULL,0,1),(1122,'CMS_1444841098742umbrellastand.jpg','Imagen','Umbrella Stand','Umbrella Stand',NULL,NULL,NULL,NULL,0,1),(1123,'CMS_1444841323533wastebasket.jpg','Imagen','Waste Basket','Waste Basket',NULL,NULL,NULL,NULL,0,1),(1124,'CMS_14452991624496038424133903988280574818164355588676989n.jpg','Imagen','Villa Collection Pillows',NULL,NULL,NULL,NULL,NULL,0,1),(1125,'CMS_1445299249607110467364133903021614004072121334446293501n.jpg','Imagen','Villa Collection Pillows',NULL,NULL,NULL,NULL,NULL,1,1),(1126,'CMS_1445299279650110430004133902921614018833655904316934687n.jpg','Imagen','Villa Collection Pillows',NULL,NULL,NULL,NULL,NULL,0,1),(1127,'CMS_1445299300330110211554133902954947346675514134531685823n.jpg','Imagen','Villa Collection Pillows',NULL,NULL,NULL,NULL,NULL,0,1),(1128,'CMS_144529931876811021055413390358828061346568931420066190n.jpg','Imagen','Villa Collection Pillows',NULL,NULL,NULL,NULL,NULL,1,1),(1129,'CMS_1445299340097110186274133903521613957587510392351860977n.jpg','Imagen','Villa Collection Pillows',NULL,NULL,NULL,NULL,NULL,0,1),(1130,'CMS_1445299360115109300734133904188280556721149502696754849n.jpg','Imagen','Villa Collection Pillows',NULL,NULL,NULL,NULL,NULL,0,1),(1131,'CMS_14452993795201502475413390405494723888712545207465911n.jpg','Imagen','Villa Collection Pillows',NULL,NULL,NULL,NULL,NULL,0,1),(1132,'CMS_1457622890958MG77041.jpg','Imagen',NULL,NULL,NULL,NULL,NULL,NULL,1,1),(1133,'CMS_1457622949996MG7877.jpg','Imagen',NULL,NULL,NULL,NULL,NULL,NULL,1,1),(1134,'CMS_1457622976608MG7687.jpg','Imagen',NULL,NULL,NULL,NULL,NULL,NULL,0,1),(1143,'CMS_1461696838262water.jpg','Imagen','Water',NULL,NULL,NULL,NULL,NULL,0,1),(1146,'CMS_1464366599808IMG2651.JPG','Imagen',NULL,NULL,NULL,NULL,NULL,NULL,0,1),(1147,'CMS_1464366663753IMG2652.JPG','Imagen',NULL,NULL,NULL,NULL,NULL,NULL,0,1),(1148,'CMS_1464366802756IMG4544.JPG','Imagen',NULL,NULL,NULL,NULL,NULL,NULL,0,1),(1149,'CMS_1464366819485IMG4545.JPG','Imagen',NULL,NULL,NULL,NULL,NULL,NULL,0,1),(1150,'CMS_1473947925854image035.jpg','Imagen','Casa Abierta en Casa de Campo',NULL,NULL,NULL,NULL,NULL,0,1),(1151,'CMS_1473947991335image021.jpg','Imagen','Casa Abierta en Casa de Campo',NULL,NULL,NULL,NULL,NULL,0,1),(1141,'CMS_1464106833452asd.jpg','Imagen','test','test',NULL,NULL,NULL,NULL,0,0),(1145,'CMS_1464366568483FullSizeRender.jpg','Imagen',NULL,NULL,NULL,NULL,NULL,NULL,0,1),(1152,'CMS_1473948143897image019.jpg','Imagen','Casa Abierta en Casa de Campo',NULL,NULL,NULL,NULL,NULL,0,1),(1153,'CMS_1473948108895image005.jpg','Imagen',NULL,NULL,NULL,NULL,NULL,NULL,0,1),(1154,'CMS_14954751938571170789511022006431267253411480398041060342o.jpg','Imagen',NULL,NULL,NULL,NULL,NULL,NULL,0,1),(1155,'CMS_14954753663601832087516899488510185658324945677092726512o.jpg','Imagen',NULL,NULL,NULL,NULL,NULL,NULL,0,1),(1156,'CMS_1495475393028Capture7.PNG','Imagen',NULL,NULL,NULL,NULL,NULL,NULL,0,1),(1157,'CMS_1495475426842Capture7.PNG','Imagen',NULL,NULL,NULL,NULL,NULL,NULL,0,1),(1158,'CMS_1495475440764gallottiradicetetriscoffeetable31.jpg','Imagen',NULL,NULL,NULL,NULL,NULL,NULL,0,1),(1159,'CMS_1495475455020GoldenMoonGlassandBrassCoffeeTablebtGallottiRadice3.jpg','Imagen',NULL,NULL,NULL,NULL,NULL,NULL,0,1),(1160,'CMS_1495475474536haumeat1600h.jpg','Imagen',NULL,NULL,NULL,NULL,NULL,NULL,0,1),(1161,'CMS_1502211017700pastedImage.png','Imagen','SAN',NULL,NULL,NULL,NULL,NULL,0,1),(1162,'CMS_1502211102084pastedImage1.png','Imagen','ZENDO',NULL,NULL,NULL,NULL,NULL,1,1),(1163,'CMS_1502211155940pastedImage2.png','Imagen','CASCADE',NULL,NULL,NULL,NULL,NULL,0,1),(1164,'CMS_1502211188877pastedImage3.png','Imagen','KUMO',NULL,NULL,NULL,NULL,NULL,0,1),(1165,'CMS_1502211257635pastedImage4.png','Imagen','RIVER',NULL,NULL,NULL,NULL,NULL,0,1);

--
-- Table structure for table `ecommerce_producto_categoria`
--

CREATE TABLE `ecommerce_producto_categoria` (
  `ecommerce_producto_categoria_id` int(10) unsigned NOT NULL AUTO_INCREMENT,
  `ecommerce_producto_categoria_id_2` int(10) unsigned DEFAULT NULL,
  `titulo` varchar(255) DEFAULT NULL,
  `detalle` varchar(255) DEFAULT NULL,
  `orden` int(11) DEFAULT NULL,
  `activo` tinyint(3) unsigned DEFAULT NULL,
  PRIMARY KEY (`ecommerce_producto_categoria_id`),
  KEY `ecommerce_producto_categoria_FKIndex1` (`ecommerce_producto_categoria_id_2`)
) ENGINE=MyISAM AUTO_INCREMENT=359 DEFAULT CHARSET=latin1;

--
-- Dumping data for table `ecommerce_producto_categoria`
--

INSERT INTO `ecommerce_producto_categoria` VALUES (211,NULL,'Furniture','<p>Palacios is a trendy store with timeless furniture!&nbsp; We believe in the quality of our product and the importance of making decisions based on timeless designs.</p>',NULL,1),(212,NULL,'TableTop','<p>Our second floor is dedicated entirely to the beautiful art of setting a table!&nbsp; Over 100 hundred patterns to choose for dinnerware, stemware and flatware.&nbsp; Exquisite linens and everyday accesories for the table are available.</p>',NULL,1),(213,NULL,'Accessories','<p>Palacios loves accessories!&nbsp; It is what makes your home unique.Let us indulge you with our candle fragrances, our luscious bedroom sheets and plush cushions!</p>',NULL,1),(214,NULL,'Kartell','<p>\"Made in Italy\"</p>\r\n<p>La primera tienda Kartell en Puerto Rico.</p>\r\n<p>Ave. De Diego #271 <br />Abierta de lunes a s&aacute;bado de 10am a 6pm<br />Tel. 787-620-7034787-620-7034</p>',NULL,1),(309,215,'Alberto Pinto',NULL,NULL,0),(215,NULL,'Brands','<p>Palacios has been able to enlist some of the most important brands in Europe and the United States as an exclusive representative.&nbsp; We are much respected in the industry and we make sure each product is presented in the best possible way inside ou',NULL,1),(231,215,'Baobab','<p>http://www.baobab-interiors.co.uk/</p>',8,1),(232,215,'Dayna Decker',NULL,16,1),(261,215,'Reed & Barton',NULL,39,1),(234,215,'Lalique','<p>http://www.lalique.com</p>',28,1),(235,215,'Missoni','<p>http://www.missonihome.it/</p>',31,1),(236,215,'Orrefors','<p>http://www.orrefors.com/</p>',33,1),(237,215,'TrinaTurk',NULL,42,0),(238,215,'Allan Copley','<p>http://www.allancopley.com</p>',2,1),(239,215,'Alivar','<p>http://www.alivar.com</p>',1,1),(240,215,'Blu Dot','<p>https://www.bludot.com</p>',11,1),(241,215,'GAB',NULL,22,0),(242,215,'Kartell','<p>http://www.kartell.com</p>',27,1),(243,215,'Misuraemme','<p>http://www.misuraemme.it/</p>',32,1),(244,215,'EMU','<p>http://me.emu.it/en/</p>',17,1),(245,215,'Baccarat','<p>http://www.baccarat.com</p>',7,1),(246,215,'Bernardaud','<p>http://www.bernardaud.com/online-boutique-us20.html</p>',9,1),(247,215,'Christofle','<p>http://us.christofle.com/</p>',14,1),(248,215,'Ercuis','<p>http://www.ercuis.com/</p>',19,1),(249,215,'Kahla','<p>http://en.kahlaporzellan.com/</p>',26,1),(250,215,'Puiforcat','<p>http://www.puiforcat.com/</p>',36,1),(251,215,'Raynaud',NULL,37,1),(252,215,'Villeroy Boch','<p>http://www.villeroy-boch.com/shop/</p>',44,1),(253,215,'Saint Louis',NULL,41,1),(254,215,'Brown Jordan','<p>http://www.brownjordan.com</p>',13,1),(255,215,'Gervasoni','<p>http://www.gervasoni1882.it/en</p>',23,1),(257,215,'Apothia',NULL,4,1),(258,215,'Assouline',NULL,6,1),(259,215,'Peugot',NULL,34,1),(260,215,'Michael Aram',NULL,31,1),(262,215,'Miniforms','<p>http://www.miniforms.com/en/</p>',31,1),(263,215,'Saba','<p>http://www.sabaitalia.it/en</p>',40,1),(264,215,'Cierre','<p>http://www.cierreimbottiti.com/english</p>',15,1),(265,215,'Artemide',NULL,5,1),(266,215,'Environment','<p>http://www.environmentfurniture.com/</p>',18,1),(267,215,'Thayer Coggin','<p>http://www.thayercoggin.com/</p>',43,1),(268,215,'Glas Italia','<p>http://www.glasitalia.com</p>',24,1),(269,215,'Bonaldo','<p>http://www.bonaldo.it/en</p>',12,1),(270,215,'Fornasarig','<p>http://www.fornasarig.it/</p>',20,1),(271,215,'Verellen','<p>http://verellen.biz/</p>',45,1),(272,215,'Bernhardt','<p>http://www.bernhardt.com</p>',10,1),(273,215,'Precedent','<p>http://www.precedent-furniture.com/</p>',35,1),(274,215,'American Leather','<p>http://www.americanleather.com</p>',3,1),(275,215,'Foscarini',NULL,21,1),(276,215,'Lazy Susan',NULL,26,0),(355,215,'Moser','<p>http://www.moser-glass.com/en/</p>',NULL,1),(279,NULL,'About Us','<p>Palacios is a two story store with a perfect blend of furniture, home accessories, fabrics, lighting, tabletop and outdoor furniture. &nbsp;Established since 1995 by Ileana Palacios and her two daughters; the store has created a unique balance between ',NULL,1),(281,215,'Lenox','<p>http://www.lenox.com</p>',29,1),(282,215,'Hermes','<p>http://usa.hermes.com/house.html</p>',25,1),(283,215,'Lorca','<p>http://www.lorcafurniture.com</p>',30,1),(284,215,'Anna Torfs','<p>http://www.annatorfs.com/</p>',4,1),(285,215,'Medard de Noblat','<p>http://www.medarddenoblat.com/</p>',NULL,1),(286,215,'Sambonet','<p>http://www.sambonet-shop.com/</p>',NULL,1),(287,215,'Varios',NULL,NULL,1),(288,215,'Taracea','<p>http://www.taracea.com/</p>',42,1),(289,215,'Rosenthal','<p>http://www.rosenthalusa-shop.com/</p>',NULL,1),(290,215,'Versace','<p>http://www.versacehome.com/?lng=en</p>',NULL,1),(291,215,'Fiam','<p>http://www.fiamitalia.it</p>',NULL,1),(292,215,'Nambe','<p>http://www.nambe.com/</p>',NULL,1),(293,215,'Fair Trade',NULL,NULL,1),(294,215,'Buccellatti','<p>http://www.buccellati.com/en</p>',NULL,1),(295,215,'Rebecca Zilenziger','<p>Fotografa</p>',NULL,0),(296,215,'Saint Louis','<p>http://www.saint-louis.com/en/</p>',NULL,1),(297,215,'Cattelan','<p>http://www.cattelanitalia.com/en/homepage</p>',NULL,1),(298,215,'Kosta Boda','<p>http://www.kostaboda.com</p>',NULL,1),(299,215,'DeVine','<p>https://www.devinecorp.net/</p>',NULL,1),(300,215,'Horm','<p>http://www.horm.it/en</p>',NULL,1),(301,215,'Nathan Anthony','<p>http://www.nafurniture.com</p>',NULL,1),(302,215,'Verellen',NULL,NULL,0),(303,215,'Varaschin','<p>http://varaschin.it/</p>',NULL,1),(304,215,'Kate Spade','<p>https://www.katespade.com/home</p>',NULL,1),(305,215,'JL Coquet','<p>http://www.jlcoquet.com/</p>',NULL,1),(306,215,'Georg Jensen','<p>http://www.georgjensen.com</p>',NULL,1),(307,215,'Haviland',NULL,NULL,1),(308,215,'L´Objet','<p>http://www.l-objet.com/</p>',NULL,1),(310,215,'Vista Alegre','<p>http://www.myvistaalegre.com/</p>',NULL,1),(311,NULL,'Projects','<p><a href=\"http://issuu.com/graficostudio/docs/portfolio_8x_8_digital_\" target=\"_blank\">Palacios Design Concept</a></p>\r\n<p><a href=\"http://issuu.com/graficostudio/docs/palacios_portfolio_2daweb_?e=9678407/35891939\" target=\"_blank\">Palacio\'s Portfolio</a',NULL,1),(314,NULL,'Living',NULL,NULL,1),(315,NULL,'Dinning',NULL,NULL,1),(316,NULL,'Bedroom',NULL,NULL,1),(317,NULL,'Outdoor',NULL,NULL,1),(318,NULL,'Office',NULL,NULL,1),(319,215,'Limited Edition','<p>http://www.limitededitionfurniture.com/</p>',46,1),(320,215,'Penta Light',NULL,47,1),(321,215,'San Giacomo','<p>http://www.msg.it/en/</p>',48,1),(322,215,'Tema Home','<p>http://www.temahome.com/</p>',49,1),(323,215,'Lema','<p><span style=\"white-space: pre;\"> http://www.lemamobili.com/en</span></p>',50,1),(324,215,'MDF','<p>http://www.mdfitalia.it/arealibera/mdf.jsp?lingua=ing</p>',51,1),(326,215,'Noir','<p>http://www.noirfurniturela.com</p>',52,1),(327,215,'Rimadesio','<p>http://www.rimadesio.com/</p>',53,1),(328,215,'Depadova','<p>http://www.depadova.com/en</p>',54,1),(329,215,'Desalto','<p>http://www.desalto.it/</p>',55,1),(330,215,'Driade','<p>http://www.driade.com/</p>',55,1),(331,215,'Gamma','<p>http://www.gammarr.com</p>',56,1),(332,215,'Hay','<p>http://www.hay.dk</p>',56,1),(333,215,'Living Divani','<p>http://www.livingdivani.it/EN/Home.aspx</p>',57,1),(334,215,'LOOP & CO','<p>http://www.loopandco.it/en</p>',57,1),(335,215,'Zeitraum','<p>http://www.zeitraum-moebel.de</p>',NULL,1),(336,215,'Books',NULL,NULL,1),(339,215,'De Padora',NULL,NULL,1),(340,215,'Living Divani','<p>http://www.livingdivani.it/EN/Home.aspx</p>',NULL,1),(342,215,'Lema','<p>http://www.lemamobili.com/en</p>',NULL,1),(343,215,'Marimekko','<p>https://www.marimekko.com/</p>',NULL,1),(354,215,'Villa Collection','<p>www.palaciospr.com/brands</p>',NULL,1),(345,215,'EmmeBi','<p><a title=\"EmmeBi\" href=\"http://www.emmebidesign.com\"><cite class=\"_Rm\"></cite></a>http://www.emmebidesign.com</p>',NULL,1),(346,215,'Flos','<p>http://www.flos.com</p>',NULL,1),(347,215,'Currey & Co.','<p>http://www.curreyandcodealers.com</p>',NULL,1),(348,215,'Michael Aram','<p>http://www.michaelaram.com/nsite/home.aspx</p>',NULL,1),(349,215,'Penta','<p>http://www.penta-light.com/</p>',NULL,1),(350,215,'Arteriors','<p>http://www.arteriorshome.com/</p>',NULL,1),(351,215,'Robert Abbey','<p>https://www.robertabbey.biz/lighting/designs.aspx</p>',NULL,1),(352,215,'Visual Comfort','<p>https://www.visualcomfort.com/</p>',NULL,1),(353,215,'Manutti','<p><a title=\"Manutti\" href=\"http://www.manutti.com/en\" target=\"_blank\"><cite class=\"_Rm\">http://www.manutti.com/en</cite></a></p>',1,1),(357,215,'Gallotti & Radice','<p>http://gallottiradice.it/</p>',59,1),(358,215,'Gallotti & Radice','<p>http://gallottiradice.it/</p>',NULL,1);

--
-- Table structure for table `ecommerce_producto_categoria_x_config_idioma`
--

CREATE TABLE `ecommerce_producto_categoria_x_config_idioma` (
  `config_idioma_id` int(10) unsigned NOT NULL,
  `ecommerce_producto_categoria_id` int(10) unsigned NOT NULL,
  `titulo` varchar(255) DEFAULT NULL,
  `detalle` text,
  PRIMARY KEY (`config_idioma_id`,`ecommerce_producto_categoria_id`),
  KEY `config_idioma_has_ecommerce_producto_categoria_FKIndex1` (`config_idioma_id`),
  KEY `config_idioma_has_ecommerce_producto_categoria_FKIndex2` (`ecommerce_producto_categoria_id`)
) ENGINE=MyISAM DEFAULT CHARSET=latin1;

--
-- Dumping data for table `ecommerce_producto_categoria_x_config_idioma`
--

INSERT INTO `ecommerce_producto_categoria_x_config_idioma` VALUES (87,64,'Planes Ilimitados',NULL),(87,65,'Servicios Internacionales',NULL),(87,66,'Planes Individuales',NULL),(87,67,'Prepagado',NULL),(87,76,'Planes Familiares',NULL),(87,77,'Planes Data',NULL),(87,78,'Planes Nacionales',NULL),(87,79,'Planes Locales',NULL),(87,80,'Sin contrato anual',NULL),(87,211,'Furniture','<p>Palacios is a trendy store with timeless furniture!&nbsp; We believe in the quality of our product and the importance of making decisions based on timeless designs.</p>'),(87,212,'TableTop','<p>Our second floor is dedicated entirely to the beautiful art of setting a table!&nbsp; Over 100 hundred patterns to choose for dinnerware, stemware and flatware.&nbsp; Exquisite linens and everyday accesories for the table are available.</p>'),(87,213,'Accessories','<p>Palacios loves accessories!&nbsp; It is what makes your home unique.Let us indulge you with our candle fragrances, our luscious bedroom sheets and plush cushions!</p>'),(87,214,'Kartell','<p>\"Made in Italy\"</p>\r\n<p>La primera tienda Kartell en Puerto Rico.</p>\r\n<p>Ave. De Diego #271 <br />Abierta de lunes a s&aacute;bado de 10am a 6pm<br />Tel. 787-620-7034787-620-7034</p>'),(87,215,'Brands','<p>Palacios has been able to enlist some of the most important brands in Europe and the United States as an exclusive representative.&nbsp; We are much respected in the industry and we make sure each product is presented in the best possible way inside our store.&nbsp; We travel constantly to find the best and most exciting pieces for our clientele.</p>\r\n<ul>\r\n</ul>'),(87,231,'Baobab','<p>http://www.baobab-interiors.co.uk/</p>'),(87,232,'Dayna Decker',NULL),(87,261,'Reed & Barton',NULL),(87,234,'Lalique','<p>http://www.lalique.com</p>'),(87,235,'Missoni','<p>http://www.missonihome.it/</p>'),(87,236,'Orrefors','<p>http://www.orrefors.com/</p>'),(87,237,'TrinaTurk',NULL),(87,238,'Allan Copley','<p>http://www.allancopley.com</p>'),(87,239,'Alivar','<p>http://www.alivar.com</p>'),(87,240,'Blu Dot','<p>https://www.bludot.com</p>'),(87,241,'GAB',NULL),(87,242,'Kartell','<p>http://www.kartell.com</p>'),(87,243,'Misuraemme','<p>http://www.misuraemme.it/</p>'),(87,244,'EMU','<p>http://me.emu.it/en/</p>'),(87,245,'Baccarat','<p>http://www.baccarat.com</p>'),(87,246,'Bernardaud','<p>http://www.bernardaud.com/online-boutique-us20.html</p>'),(87,247,'Christofle','<p>http://us.christofle.com/</p>'),(87,248,'Ercuis','<p>http://www.ercuis.com/</p>'),(87,249,'Kahla','<p>http://en.kahlaporzellan.com/</p>'),(87,250,'Puiforcat','<p>http://www.puiforcat.com/</p>'),(87,251,'Raynaud',NULL),(87,252,'Villeroy Boch','<p>http://www.villeroy-boch.com/shop/</p>'),(87,253,'Saint Louis',NULL),(87,254,'Brown Jordan','<p>http://www.brownjordan.com</p>'),(87,255,'Gervasoni','<p>http://www.gervasoni1882.it/en</p>'),(87,279,'About Us','<p>Palacios is a two story store with a perfect blend of furniture, home accessories, fabrics, lighting, tabletop and outdoor furniture. &nbsp;Established since 1995 by Ileana Palacios and her two daughters; the store has created a unique balance between furniture trends and timeless pieces for a home. &nbsp;It has accomplished a beautiful setting for anyone looking for inspiration and looking for the perfect piece for years to come!</p>\r\n<p><a title=\"Ileana Palacio\'s Biography\" href=\"../../detalle_noticia.php?n=129\" target=\"_self\">Ileana Palacio\'s Biography</a></p>\r\n<p><a title=\"meet the staff\" href=\"../../staff.php\">Meet the staff</a></p>\r\n<p><a href=\"http://issuu.com/graficostudio/docs/palacios_portfolio_2daweb_?e=9678407/35891939\" target=\"_blank\">Palacio\'s Portfolio</a></p>\r\n<p><a href=\"http://issuu.com/graficostudio/docs/portfolio_8x_8_digital_\" target=\"_blank\">Palacios Design Concept</a><a href=\"http://issuu.com/graficostudio/docs/palacios_portfolio_issue_\" target=\"_blank\"></a><a href=\"http://issuu.com/graficostudio/docs/portfolio_8x_8_digital_\" target=\"_blank\"></a><a style=\"font-family: \'Lucida Grande\', Verdana, Arial, Helvetica, sans-serif; font-size: 11px; line-height: 16px;\" href=\"http://issuu.com/graficostudio/docs/portfolio_8x_8_digital_\"></a></p>\r\n<p><a style=\"font-family: \'Lucida Grande\', Verdana, Arial, Helvetica, sans-serif; font-size: 11px; line-height: 16px;\" href=\"http://issuu.com/graficostudio/docs/portfolio_8x_8_digital_\"></a></p>'),(87,257,'Apothia',NULL),(87,258,'Assouline',NULL),(87,259,'Peugot',NULL),(87,260,'Michael Aram',NULL),(87,262,'Miniforms','<p>http://www.miniforms.com/en/</p>'),(87,263,'Saba','<p>http://www.sabaitalia.it/en</p>'),(87,264,'Cierre','<p>http://www.cierreimbottiti.com/english</p>'),(87,265,'Artemide',NULL),(87,266,'Environment','<p>http://www.environmentfurniture.com/</p>'),(87,267,'Thayer Coggin','<p>http://www.thayercoggin.com/</p>'),(87,268,'Glas Italia','<p>http://www.glasitalia.com</p>'),(87,269,'Bonaldo','<p>http://www.bonaldo.it/en</p>'),(87,270,'Fornasarig','<p>http://www.fornasarig.it/</p>'),(87,271,'Verellen','<p>http://verellen.biz/</p>'),(87,272,'Bernhardt','<p>http://www.bernhardt.com</p>'),(87,273,'Precedent','<p>http://www.precedent-furniture.com/</p>'),(87,274,'American Leather','<p>http://www.americanleather.com</p>'),(87,275,'Foscarini',NULL),(87,276,'Lazy Susan',NULL),(87,355,'Moser','<p>http://www.moser-glass.com/en/</p>'),(87,281,'Lenox','<p>http://www.lenox.com</p>'),(87,282,'Hermes','<p>http://usa.hermes.com/house.html</p>'),(87,283,'Lorca','<p>http://www.lorcafurniture.com</p>'),(87,284,'Anna Torfs','<p>http://www.annatorfs.com/</p>'),(87,285,'Medard de Noblat','<p>http://www.medarddenoblat.com/</p>'),(87,286,'Sambonet','<p>http://www.sambonet-shop.com/</p>'),(87,287,'Varios',NULL),(87,288,'Taracea','<p>http://www.taracea.com/</p>'),(87,289,'Rosenthal','<p>http://www.rosenthalusa-shop.com/</p>'),(87,290,'Versace','<p>http://www.versacehome.com/?lng=en</p>'),(87,291,'Fiam','<p>http://www.fiamitalia.it</p>'),(87,292,'Nambe','<p>http://www.nambe.com/</p>'),(87,293,'Fair Trade',NULL),(87,294,'Buccellatti','<p>http://www.buccellati.com/en</p>'),(87,295,'Rebecca Zilenziger','<p>Fotografa</p>'),(87,296,'Saint Louis','<p>http://www.saint-louis.com/en/</p>'),(87,297,'Cattelan','<p>http://www.cattelanitalia.com/en/homepage</p>'),(87,298,'Kosta Boda','<p>http://www.kostaboda.com</p>'),(87,299,'DeVine','<p>https://www.devinecorp.net/</p>'),(87,300,'Horm','<p>http://www.horm.it/en</p>'),(87,301,'Nathan Anthony','<p>http://www.nafurniture.com</p>'),(87,302,'Verellen',NULL),(87,303,'Varaschin','<p>http://varaschin.it/</p>'),(87,304,'Kate Spade','<p>https://www.katespade.com/home</p>'),(87,305,'JL Coquet','<p>http://www.jlcoquet.com/</p>'),(87,306,'Georg Jensen','<p>http://www.georgjensen.com</p>'),(87,307,'Haviland',NULL),(87,308,'L´Objet','<p>http://www.l-objet.com/</p>'),(87,309,'Alberto Pinto',NULL),(87,310,'Vista Alegre','<p>http://www.myvistaalegre.com/</p>'),(87,311,'Projects','<p><a href=\"http://issuu.com/graficostudio/docs/portfolio_8x_8_digital_\" target=\"_blank\">Palacios Design Concept</a></p>\r\n<p><a href=\"http://issuu.com/graficostudio/docs/palacios_portfolio_2daweb_?e=9678407/35891939\" target=\"_blank\">Palacio\'s Portfolio</a><a href=\"http://issuu.com/graficostudio/docs/portfolio_8x_8_digital_\" target=\"_blank\"></a></p>\r\n<p><a href=\"http://issuu.com/graficostudio/docs/portfolio_8x_8_digital_\" target=\"_blank\"></a></p>'),(87,314,'Living',NULL),(87,315,'Dinning',NULL),(87,316,'Bedroom',NULL),(87,317,'Outdoor',NULL),(87,318,'Office',NULL),(87,319,'Limited Edition','<p>http://www.limitededitionfurniture.com/</p>'),(87,320,'Penta Light',NULL),(87,321,'San Giacomo','<p>http://www.msg.it/en/</p>'),(87,322,'Tema Home','<p>http://www.temahome.com/</p>'),(87,323,'Lema','<p><span style=\"white-space: pre;\"> http://www.lemamobili.com/en</span></p>'),(87,324,'MDF','<p>http://www.mdfitalia.it/arealibera/mdf.jsp?lingua=ing</p>'),(87,326,'Noir','<p>http://www.noirfurniturela.com</p>'),(87,327,'Rimadesio','<p>http://www.rimadesio.com/</p>'),(87,328,'Depadova','<p>http://www.depadova.com/en</p>'),(87,329,'Desalto','<p>http://www.desalto.it/</p>'),(87,330,'Driade','<p>http://www.driade.com/</p>'),(87,331,'Gamma','<p>http://www.gammarr.com</p>'),(87,332,'Hay','<p>http://www.hay.dk</p>'),(87,333,'Living Divani','<p>http://www.livingdivani.it/EN/Home.aspx</p>'),(87,334,'LOOP & CO','<p>http://www.loopandco.it/en</p>'),(87,335,'Zeitraum','<p>http://www.zeitraum-moebel.de</p>'),(87,336,'Books',NULL),(87,339,'De Padora',NULL),(87,340,'Living Divani','<p>http://www.livingdivani.it/EN/Home.aspx</p>'),(87,342,'Lema','<p>http://www.lemamobili.com/en</p>'),(87,343,'Marimekko','<p>https://www.marimekko.com/</p>'),(87,354,'Villa Collection','<p>www.palaciospr.com/brands</p>'),(87,345,'EmmeBi','<p><a title=\"EmmeBi\" href=\"http://www.emmebidesign.com\"><cite class=\"_Rm\"></cite></a>http://www.emmebidesign.com</p>'),(87,346,'Flos','<p>http://www.flos.com</p>'),(87,347,'Currey & Co.','<p>http://www.curreyandcodealers.com</p>'),(87,348,'Michael Aram','<p>http://www.michaelaram.com/nsite/home.aspx</p>'),(87,349,'Penta','<p>http://www.penta-light.com/</p>'),(87,350,'Arteriors','<p>http://www.arteriorshome.com/</p>'),(87,351,'Robert Abbey','<p>https://www.robertabbey.biz/lighting/designs.aspx</p>'),(87,352,'Visual Comfort','<p>https://www.visualcomfort.com/</p>'),(87,353,'Manutti','<p><a title=\"Manutti\" href=\"http://www.manutti.com/en\" target=\"_blank\"><cite class=\"_Rm\">http://www.manutti.com/en</cite></a></p>'),(87,357,'Gallotti & Radice','<p>http://gallottiradice.it/</p>'),(87,358,'Gallotti & Radice','<p>http://gallottiradice.it/</p>');

--
-- Table structure for table `ecommerce_producto_categoria_x_ecommerce_parametro`
--

CREATE TABLE `ecommerce_producto_categoria_x_ecommerce_parametro` (
  `ecommerce_producto_categoria_id` int(10) unsigned NOT NULL,
  `ecommerce_parametro_id` int(10) unsigned NOT NULL,
  PRIMARY KEY (`ecommerce_producto_categoria_id`,`ecommerce_parametro_id`),
  KEY `ecommerce_producto_categoria_has_ecommerce_parametro_FKIndex1` (`ecommerce_producto_categoria_id`),
  KEY `ecommerce_producto_categoria_has_ecommerce_parametro_FKIndex2` (`ecommerce_parametro_id`)
) ENGINE=MyISAM DEFAULT CHARSET=latin1 ROW_FORMAT=FIXED;

--
-- Dumping data for table `ecommerce_producto_categoria_x_ecommerce_parametro`
--


--
-- Table structure for table `ecommerce_producto_categoria_x_ecommerce_precio_calidad`
--

CREATE TABLE `ecommerce_producto_categoria_x_ecommerce_precio_calidad` (
  `ecommerce_producto_categoria_id` int(10) unsigned NOT NULL,
  `ecommerce_precio_calidad_id` int(10) unsigned NOT NULL,
  PRIMARY KEY (`ecommerce_producto_categoria_id`,`ecommerce_precio_calidad_id`),
  KEY `FKIndex1` (`ecommerce_producto_categoria_id`),
  KEY `FKIndex2` (`ecommerce_precio_calidad_id`)
) ENGINE=MyISAM DEFAULT CHARSET=latin1 ROW_FORMAT=FIXED;

--
-- Dumping data for table `ecommerce_producto_categoria_x_ecommerce_precio_calidad`
--

INSERT INTO `ecommerce_producto_categoria_x_ecommerce_precio_calidad` VALUES (164,1),(164,2),(164,3),(164,4),(164,16),(165,5),(165,6),(165,7),(165,8),(165,9),(165,10),(165,11),(165,12),(165,13),(165,14),(165,15);

--
-- Table structure for table `ecommerce_producto_categoria_x_ecommerce_producto_archivo`
--

CREATE TABLE `ecommerce_producto_categoria_x_ecommerce_producto_archivo` (
  `ecommerce_producto_categoria_id` int(10) unsigned NOT NULL,
  `ecommerce_producto_archivo_id` int(10) unsigned NOT NULL,
  `orden` int(11) NOT NULL DEFAULT '0',
  PRIMARY KEY (`ecommerce_producto_categoria_id`,`ecommerce_producto_archivo_id`),
  KEY `FKIndex1` (`ecommerce_producto_categoria_id`),
  KEY `FKIndex2` (`ecommerce_producto_archivo_id`)
) ENGINE=MyISAM DEFAULT CHARSET=latin1 ROW_FORMAT=FIXED;

--
-- Dumping data for table `ecommerce_producto_categoria_x_ecommerce_producto_archivo`
--

INSERT INTO `ecommerce_producto_categoria_x_ecommerce_producto_archivo` VALUES (169,32,0),(169,33,0),(198,33,-2),(198,38,-1),(198,44,-3),(198,45,0),(211,51,0),(211,52,0),(211,57,0),(211,59,0),(211,60,0),(211,61,0),(211,62,0),(211,63,0),(211,64,0),(211,65,0),(211,91,0),(211,92,0),(211,93,0),(314,94,0),(315,95,0),(316,96,0),(315,97,0),(211,98,0),(211,99,0),(211,100,0),(211,101,0),(211,102,0),(211,103,0),(211,104,0),(211,105,0),(211,106,0),(211,107,0),(314,108,0),(316,109,0),(211,110,0),(211,111,0),(211,112,0),(314,113,0),(314,114,0),(211,115,0),(211,116,0),(211,117,0),(211,118,0),(211,119,0),(211,120,0),(211,121,0),(211,122,0),(211,123,0),(212,137,0),(212,138,0),(212,139,0),(212,140,0),(212,141,0),(212,142,0),(212,143,0),(212,144,0),(212,145,0),(212,146,0),(212,147,0),(212,148,0),(212,149,0),(212,150,0),(212,151,0),(212,152,0),(212,153,0),(212,154,0),(212,155,0),(212,156,0),(212,157,0),(212,158,0),(212,159,0),(212,160,0),(212,161,0),(213,50,0),(213,53,0),(213,54,0),(213,55,0),(213,56,0),(213,66,0),(213,67,0),(213,68,0),(213,69,0),(213,70,0),(213,71,0),(213,72,0),(213,73,0),(213,74,0),(213,75,0),(213,76,0),(213,77,0),(213,78,0),(213,79,0),(213,80,0),(214,81,0),(212,82,0),(213,83,0),(212,84,0),(213,85,0),(213,86,0),(212,87,0),(212,88,0),(213,89,0),(213,90,0),(213,162,0),(213,163,0),(213,164,0),(213,165,0),(213,166,0),(214,58,0),(211,124,0),(317,125,0),(317,126,0),(317,127,0),(315,128,0),(317,129,0),(317,130,0),(317,131,0),(211,132,0),(317,133,0),(214,134,0),(317,135,0),(213,136,0),(216,56,0),(216,57,0),(219,57,0),(220,66,0),(222,50,0),(222,51,0),(222,52,0),(222,53,0),(222,54,0),(222,55,0),(222,59,0),(222,60,0),(222,61,0),(222,62,0),(222,63,0),(222,64,0),(222,65,0),(222,67,0),(223,58,0),(231,68,0),(231,70,0),(231,71,0),(231,73,0),(231,74,0),(231,75,0),(231,76,0),(232,77,0),(232,78,0),(233,79,0),(233,80,0),(233,81,0),(234,82,0),(234,83,0),(234,84,0),(234,85,0),(235,86,0),(236,87,0),(236,88,0),(237,89,0),(237,90,0),(238,91,0),(238,92,0),(238,93,0),(238,94,0),(238,95,0),(239,96,0),(239,97,0),(240,98,0),(240,99,0),(240,100,0),(240,101,0),(241,102,0),(241,103,0),(241,105,0),(241,106,0),(241,107,0),(242,69,0),(242,72,0),(314,279,0),(242,108,0),(242,109,0),(242,133,0),(242,134,0),(242,135,0),(242,136,0),(242,162,0),(242,163,0),(242,164,0),(242,165,0),(242,166,0),(243,110,0),(243,111,0),(243,112,0),(243,113,0),(243,114,0),(243,115,0),(243,116,0),(243,117,0),(243,118,0),(243,119,0),(243,120,0),(243,121,0),(243,122,0),(243,123,0),(244,124,0),(244,125,0),(244,126,0),(244,127,0),(244,128,0),(244,129,0),(244,130,0),(244,131,0),(244,132,0),(245,137,0),(245,138,0),(245,139,0),(245,140,0),(245,141,0),(245,142,0),(245,143,0),(245,144,0),(246,145,0),(246,146,0),(247,147,0),(247,148,0),(247,149,0),(248,150,0),(249,151,0),(249,152,0),(249,153,0),(250,154,0),(251,155,0),(251,156,0),(251,157,0),(251,158,0),(252,159,0),(252,160,0),(252,161,0),(213,167,0),(231,167,0),(213,168,0),(231,168,0),(213,169,0),(253,169,0),(213,170,0),(231,170,0),(213,171,0),(231,171,0),(315,172,0),(242,172,0),(317,173,0),(254,173,0),(211,174,0),(255,174,0),(211,175,0),(256,175,0),(211,176,0),(256,176,0),(211,177,0),(256,177,0),(211,178,0),(256,178,0),(241,104,0),(213,179,0),(231,179,0),(213,180,0),(260,180,0),(213,181,0),(260,181,0),(213,182,0),(260,182,0),(213,183,0),(260,183,0),(213,184,0),(260,184,0),(211,185,0),(269,185,0),(211,186,0),(269,186,0),(211,187,0),(269,187,0),(211,188,0),(269,188,0),(211,189,0),(268,189,0),(314,190,0),(268,190,0),(314,191,0),(268,191,0),(211,192,0),(264,192,0),(213,193,0),(265,193,0),(213,194,0),(265,194,0),(213,195,0),(265,195,0),(213,196,0),(265,196,0),(213,197,0),(258,197,0),(213,198,0),(258,198,0),(213,199,0),(258,199,0),(213,200,0),(258,200,0),(314,201,0),(242,201,0),(214,202,0),(242,202,0),(214,203,0),(242,203,0),(318,204,0),(242,204,0),(213,205,0),(265,205,0),(245,85,0),(213,206,0),(245,206,0),(213,207,0),(245,207,0),(213,208,0),(245,208,0),(211,209,0),(267,209,0),(314,210,0),(267,210,0),(314,211,0),(267,211,0),(314,212,0),(267,212,0),(211,213,0),(255,213,0),(211,214,0),(255,214,0),(211,215,0),(255,215,0),(317,216,0),(255,216,0),(315,217,0),(242,217,0),(314,218,0),(242,218,0),(213,219,0),(253,219,0),(211,220,0),(262,220,0),(213,221,0),(262,221,0),(211,222,0),(262,222,0),(315,223,0),(270,223,0),(211,224,0),(270,224,0),(314,225,0),(274,225,0),(314,226,0),(274,226,0),(211,227,0),(274,227,0),(314,228,0),(274,228,0),(211,229,0),(272,229,0),(211,230,0),(272,230,0),(211,231,0),(273,231,0),(314,232,0),(263,232,0),(314,233,0),(263,233,0),(314,234,0),(263,234,0),(314,235,0),(264,235,0),(211,236,0),(264,236,0),(211,237,0),(264,237,0),(314,238,0),(266,238,0),(316,239,0),(266,239,0),(211,240,0),(266,240,0),(211,241,0),(266,241,0),(211,242,0),(264,242,0),(211,243,0),(264,243,0),(211,244,0),(264,244,0),(211,245,0),(264,245,0),(211,246,0),(264,246,0),(211,247,0),(264,247,0),(213,248,0),(257,248,0),(213,249,0),(257,249,0),(213,250,0),(257,250,0),(211,251,0),(240,251,0),(211,252,0),(240,252,0),(211,253,0),(240,253,0),(211,254,0),(235,254,0),(213,255,0),(235,255,0),(213,256,0),(235,256,0),(213,257,0),(235,257,0),(213,258,0),(235,258,0),(213,259,0),(235,259,0),(213,260,0),(276,260,0),(213,261,0),(276,261,0),(213,262,0),(276,262,0),(213,263,0),(276,263,0),(279,264,0),(279,265,0),(213,266,0),(276,266,0),(213,267,0),(276,267,0),(279,268,0),(279,269,0),(279,270,0),(279,271,0),(279,272,0),(279,273,0),(279,274,0),(279,275,0),(279,276,0),(279,277,0),(211,278,0),(267,278,0),(239,279,0),(314,280,0),(239,280,0),(212,281,0),(282,281,0),(212,282,0),(246,282,0),(211,283,0),(262,283,0),(314,284,0),(263,284,0),(211,285,0),(263,285,0),(211,286,0),(283,286,0),(211,287,0),(283,287,0),(315,288,0),(283,288,0),(315,289,0),(283,289,0),(314,290,0),(283,290,0),(314,291,0),(283,291,0),(314,292,0),(283,292,0),(211,293,0),(283,293,0),(314,294,0),(283,294,0),(314,295,0),(283,295,0),(314,296,0),(283,296,0),(315,297,0),(283,297,0),(212,298,0),(246,298,0),(212,299,0),(246,299,0),(212,300,0),(246,300,0),(212,301,0),(246,301,0),(212,302,0),(246,302,0),(211,303,0),(262,303,0),(315,304,0),(262,304,0),(211,305,0),(262,305,0),(211,306,0),(262,306,0),(315,307,0),(262,307,0),(211,308,0),(262,308,0),(212,309,0),(284,309,0),(213,310,0),(284,310,0),(213,311,0),(284,311,0),(213,312,0),(245,312,0),(211,313,0),(245,313,0),(211,314,0),(245,314,0),(279,315,0),(279,316,0),(279,317,0),(311,318,0),(279,319,0),(212,320,0),(281,320,0),(212,321,0),(281,321,0),(212,322,0),(281,322,0),(212,323,0),(281,323,0),(212,324,0),(281,324,0),(212,325,0),(285,325,0),(212,326,0),(285,326,0),(212,327,0),(285,327,0),(212,328,0),(286,328,0),(212,329,0),(286,329,0),(212,330,0),(286,330,0),(212,331,0),(286,331,0),(212,332,0),(286,332,0),(212,333,0),(252,333,0),(212,334,0),(252,334,0),(212,335,0),(252,335,0),(212,336,0),(247,336,0),(212,337,0),(247,337,0),(213,338,0),(245,338,0),(213,339,0),(245,339,0),(311,340,0),(311,341,0),(311,342,0),(311,343,0),(311,344,0),(311,345,0),(311,346,0),(311,347,0),(213,348,0),(245,348,0),(213,349,0),(245,349,0),(212,350,0),(287,350,0),(212,351,0),(287,351,0),(212,352,0),(287,352,0),(212,353,0),(287,353,0),(212,354,0),(287,354,0),(212,355,0),(287,355,0),(279,356,0),(279,357,0),(279,358,0),(279,359,0),(279,360,0),(279,361,0),(279,362,0),(279,363,0),(279,364,0),(279,365,0),(279,366,0),(279,367,0),(279,368,0),(279,369,0),(279,370,0),(279,371,0),(213,372,0),(245,372,0),(213,373,0),(245,373,0),(213,374,0),(235,374,0),(213,375,0),(235,375,0),(213,376,0),(235,376,0),(213,377,0),(235,377,0),(213,378,0),(235,378,0),(213,379,0),(235,379,0),(213,380,0),(235,380,0),(211,381,0),(235,381,0),(213,382,0),(235,382,0),(213,383,0),(235,383,0),(213,384,0),(235,384,0),(213,385,0),(235,385,0),(213,386,0),(235,386,0),(213,387,0),(235,387,0),(213,388,0),(235,388,0),(211,389,0),(270,389,0),(211,390,0),(270,390,0),(211,391,0),(239,391,0),(211,392,0),(273,392,0),(211,393,0),(273,393,0),(211,394,0),(273,394,0),(211,395,0),(274,395,0),(211,396,0),(274,396,0),(211,397,0),(274,397,0),(211,398,0),(262,398,0),(213,399,0),(262,399,0),(213,400,0),(262,400,0),(213,401,0),(262,401,0),(315,402,0),(262,402,0),(315,403,0),(262,403,0),(314,404,0),(239,404,0),(316,405,0),(239,405,0),(211,406,0),(231,406,0),(211,407,0),(239,407,0),(211,408,0),(239,408,0),(211,409,0),(239,409,0),(211,410,0),(270,410,0),(314,411,0),(270,411,0),(211,412,0),(270,412,0),(211,413,0),(270,413,0),(211,414,0),(263,414,0),(211,415,0),(263,415,0),(211,416,0),(263,416,0),(211,417,0),(263,417,0),(211,418,0),(263,418,0),(211,419,0),(263,419,0),(211,420,0),(263,420,0),(311,421,0),(311,422,0),(311,423,0),(311,424,0),(211,425,0),(288,425,0),(211,426,0),(288,426,0),(316,427,0),(288,427,0),(211,428,0),(288,428,0),(211,429,0),(288,429,0),(314,430,0),(242,430,0),(211,431,0),(242,431,0),(213,432,0),(242,432,0),(213,433,0),(242,433,0),(213,434,0),(242,434,0),(318,435,0),(242,435,0),(318,436,0),(242,436,0),(212,437,0),(280,437,0),(212,438,0),(290,438,0),(212,439,0),(290,439,0),(212,440,0),(286,440,0),(212,441,0),(286,441,0),(212,442,0),(286,442,0),(212,443,0),(286,443,0),(212,444,0),(286,444,0),(212,445,0),(286,445,0),(211,446,0),(267,446,0),(211,447,0),(267,447,0),(211,448,0),(267,448,0),(211,449,0),(267,449,0),(211,450,0),(267,450,0),(211,451,0),(267,451,0),(315,452,0),(267,452,0),(211,453,0),(267,453,0),(211,454,0),(267,454,0),(211,455,0),(267,455,0),(314,456,0),(267,456,0),(316,457,0),(255,457,0),(318,458,0),(255,458,0),(314,459,0),(255,459,0),(314,460,0),(255,460,0),(211,461,0),(255,461,0),(211,462,0),(255,462,0),(211,463,0),(255,463,0),(213,464,0),(255,464,0),(213,465,0),(255,465,0),(213,466,0),(255,466,0),(314,467,0),(239,467,0),(211,468,0),(240,468,0),(211,469,0),(240,469,0),(213,470,0),(240,470,0),(211,471,0),(240,471,0),(211,472,0),(240,472,0),(211,473,0),(240,473,0),(211,474,0),(240,474,0),(211,475,0),(240,475,0),(211,476,0),(240,476,0),(211,477,0),(274,477,0),(211,478,0),(274,478,0),(213,479,0),(291,479,0),(212,480,0),(246,480,0),(212,481,0),(246,481,0),(212,482,0),(246,482,0),(212,483,0),(234,483,0),(212,484,0),(234,484,0),(212,485,0),(236,485,0),(212,486,0),(236,486,0),(211,487,0),(243,487,0),(211,488,0),(243,488,0),(211,489,0),(243,489,0),(314,490,0),(243,490,0),(211,491,0),(243,491,0),(315,492,0),(243,492,0),(211,493,0),(243,493,0),(211,494,0),(243,494,0),(211,495,0),(243,495,0),(213,496,0),(292,496,0),(213,497,0),(292,497,0),(211,498,0),(243,498,0),(213,499,0),(293,499,0),(213,500,0),(293,500,0),(213,501,0),(293,501,0),(213,502,0),(293,502,0),(213,503,0),(293,503,0),(212,504,0),(231,504,0),(212,505,0),(294,505,0),(212,506,0),(294,506,0),(314,507,0),(239,507,0),(213,508,0),(295,508,0),(213,509,0),(295,509,0),(213,510,0),(295,510,0),(213,511,0),(295,511,0),(213,512,0),(295,512,0),(212,513,0),(296,513,0),(212,514,0),(296,514,0),(212,515,0),(296,515,0),(213,516,0),(287,516,0),(213,517,0),(287,517,0),(213,518,0),(287,518,0),(213,519,0),(295,519,0),(213,520,0),(295,520,0),(213,521,0),(295,521,0),(213,522,0),(295,522,0),(213,523,0),(295,523,0),(213,524,0),(295,524,0),(211,525,0),(239,525,0),(211,526,0),(239,526,0),(211,527,0),(239,527,0),(211,528,0),(239,528,0),(211,529,0),(239,529,0),(211,530,0),(239,530,0),(314,531,0),(239,531,0),(211,532,0),(239,532,0),(211,533,0),(239,533,0),(211,534,0),(263,534,0),(211,535,0),(242,535,0),(314,536,0),(268,536,0),(314,537,0),(268,537,0),(211,538,0),(268,538,0),(314,539,0),(268,539,0),(211,540,0),(297,540,0),(314,541,0),(297,541,0),(315,542,0),(297,542,0),(315,543,0),(297,543,0),(315,544,0),(297,544,0),(314,545,0),(297,545,0),(315,546,0),(297,546,0),(211,547,0),(297,547,0),(315,548,0),(297,548,0),(314,549,0),(242,549,0),(211,550,0),(242,550,0),(315,551,0),(242,551,0),(314,552,0),(242,552,0),(315,553,0),(242,553,0),(315,554,0),(262,554,0),(211,555,0),(242,555,0),(211,556,0),(242,556,0),(212,557,0),(247,557,0),(212,558,0),(247,558,0),(211,559,0),(262,559,0),(314,560,0),(262,560,0),(211,561,0),(262,561,0),(211,562,0),(262,562,0),(211,563,0),(262,563,0),(318,564,0),(262,564,0),(315,565,0),(262,565,0),(211,566,0),(262,566,0),(212,567,0),(247,567,0),(212,568,0),(247,568,0),(212,569,0),(247,569,0),(212,570,0),(247,570,0),(212,571,0),(245,571,0),(212,572,0),(245,572,0),(212,573,0),(236,573,0),(212,574,0),(236,574,0),(212,575,0),(236,575,0),(212,576,0),(236,576,0),(212,577,0),(236,577,0),(212,578,0),(236,578,0),(212,579,0),(236,579,0),(212,580,0),(234,580,0),(212,581,0),(234,581,0),(212,582,0),(234,582,0),(212,583,0),(298,583,0),(212,584,0),(298,584,0),(212,585,0),(298,585,0),(212,586,0),(298,586,0),(212,587,0),(298,587,0),(212,588,0),(298,588,0),(212,589,0),(298,589,0),(212,590,0),(298,590,0),(212,591,0),(280,591,0),(212,592,0),(252,592,0),(212,593,0),(252,593,0),(279,594,0),(212,595,0),(280,595,0),(212,596,0),(298,596,0),(212,597,0),(290,597,0),(212,598,0),(247,598,0),(212,599,0),(299,599,0),(212,600,0),(299,600,0),(212,601,0),(299,601,0),(212,602,0),(299,602,0),(213,603,0),(258,603,0),(314,604,0),(240,604,0),(314,605,0),(240,605,0),(314,606,0),(240,606,0),(213,607,0),(240,607,0),(213,608,0),(240,608,0),(311,609,0),(279,610,0),(311,611,0),(311,612,0),(311,613,0),(311,614,0),(311,615,0),(311,616,0),(311,617,0),(211,618,0),(300,618,0),(314,619,0),(300,619,0),(314,620,0),(300,620,0),(211,621,0),(300,621,0),(316,622,0),(300,622,0),(316,623,0),(300,623,0),(213,624,0),(300,624,0),(213,625,0),(300,625,0),(314,626,0),(301,626,0),(211,627,0),(301,627,0),(211,628,0),(301,628,0),(314,629,0),(301,629,0),(211,630,0),(301,630,0),(211,631,0),(301,631,0),(314,632,0),(302,632,0),(211,633,0),(302,633,0),(314,634,0),(302,634,0),(314,635,0),(302,635,0),(314,636,0),(302,636,0),(211,637,0),(303,637,0),(315,638,0),(303,638,0),(211,639,0),(303,639,0),(211,640,0),(303,640,0),(211,641,0),(303,641,0),(211,642,0),(303,642,0),(211,643,0),(303,643,0),(211,644,0),(303,644,0),(212,645,0),(305,645,0),(212,646,0),(305,646,0),(212,647,0),(305,647,0),(212,648,0),(305,648,0),(212,649,0),(306,649,0),(212,650,0),(306,650,0),(212,651,0),(306,651,0),(212,652,0),(306,652,0),(212,653,0),(304,653,0),(212,654,0),(304,654,0),(212,655,0),(304,655,0),(212,656,0),(304,656,0),(212,657,0),(304,657,0),(212,658,0),(308,658,0),(212,659,0),(308,659,0),(212,660,0),(308,660,0),(212,661,0),(308,661,0),(213,662,0),(242,662,0),(314,663,0),(242,663,0),(214,664,0),(242,664,0),(214,665,0),(242,665,0),(213,666,0),(242,666,0),(314,667,0),(242,667,0),(314,668,0),(242,668,0),(212,669,0),(292,669,0),(212,670,0),(289,670,0),(212,671,0),(280,671,0),(212,672,0),(280,672,0),(212,673,0),(252,673,0),(212,674,0),(282,674,0),(212,675,0),(282,675,0),(212,676,0),(247,676,0),(212,677,0),(246,677,0),(212,678,0),(309,678,0),(212,679,0),(309,679,0),(212,680,0),(247,680,0),(212,681,0),(247,681,0),(212,682,0),(247,682,0),(212,683,0),(282,683,0),(212,684,0),(308,684,0),(212,685,0),(290,685,0),(212,686,0),(282,686,0),(212,687,0),(280,687,0),(212,688,0),(310,688,0),(311,689,0),(241,689,0),(279,690,0),(279,691,0),(279,692,0),(311,693,0),(309,693,0),(311,694,0),(309,694,0),(311,695,0),(309,695,0),(311,696,0),(309,696,0),(311,697,0),(309,697,0),(311,698,0),(309,698,0),(311,699,0),(287,699,0),(311,700,0),(287,700,0),(311,701,0),(287,701,0),(311,702,0),(287,702,0),(311,703,0),(287,703,0),(311,704,0),(287,704,0),(311,705,0),(287,705,0),(311,706,0),(287,706,0),(311,707,0),(287,707,0),(311,708,0),(287,708,0),(311,709,0),(287,709,0),(311,710,0),(287,710,0),(311,711,0),(287,711,0),(311,712,0),(287,712,0),(311,713,0),(287,713,0),(311,714,0),(287,714,0),(311,715,0),(287,715,0),(311,716,0),(287,716,0),(311,717,0),(287,717,0),(311,718,0),(287,718,0),(311,719,0),(287,719,0),(311,720,0),(287,720,0),(311,721,0),(287,721,0),(311,722,0),(287,722,0),(311,723,0),(287,723,0),(311,724,0),(287,724,0),(311,725,0),(287,725,0),(311,726,0),(287,726,0),(311,727,0),(287,727,0),(311,728,0),(287,728,0),(311,729,0),(287,729,0),(311,730,0),(287,730,0),(311,731,0),(287,731,0),(314,732,0),(309,732,0),(314,733,0),(309,733,0),(314,734,0),(309,734,0),(314,735,0),(239,735,0),(212,736,0),(309,736,0),(314,737,0),(309,737,0),(213,738,0),(240,738,0),(213,739,0),(240,739,0),(213,740,0),(297,740,0),(213,741,0),(297,741,0),(213,742,0),(297,742,0),(213,743,0),(297,743,0),(213,744,0),(268,744,0),(213,745,0),(268,745,0),(213,746,0),(268,746,0),(213,747,0),(242,747,0),(213,748,0),(242,748,0),(213,749,0),(242,749,0),(213,750,0),(242,750,0),(213,751,0),(242,751,0),(213,752,0),(242,752,0),(314,753,0),(319,753,0),(314,754,0),(319,754,0),(314,755,0),(319,755,0),(314,756,0),(319,756,0),(314,757,0),(319,757,0),(213,758,0),(319,758,0),(314,759,0),(319,759,0),(213,760,0),(262,760,0),(213,761,0),(262,761,0),(213,762,0),(262,762,0),(213,763,0),(262,763,0),(213,764,0),(320,764,0),(213,765,0),(320,765,0),(316,766,0),(321,766,0),(316,767,0),(239,767,0),(316,768,0),(321,768,0),(316,769,0),(321,769,0),(316,770,0),(322,770,0),(316,771,0),(322,771,0),(316,772,0),(240,772,0),(316,773,0),(302,773,0),(316,774,0),(297,774,0),(316,775,0),(243,775,0),(316,776,0),(243,776,0),(316,777,0),(264,777,0),(316,778,0),(240,778,0),(316,779,0),(321,779,0),(315,780,0),(300,780,0),(315,781,0),(323,781,0),(315,782,0),(323,782,0),(315,783,0),(324,783,0),(315,784,0),(324,784,0),(315,785,0),(262,785,0),(315,786,0),(262,786,0),(315,787,0),(262,787,0),(315,788,0),(262,788,0),(315,789,0),(262,789,0),(315,790,0),(326,790,0),(315,791,0),(327,791,0),(314,792,0),(239,792,0),(314,793,0),(239,793,0),(314,794,0),(309,794,0),(314,795,0),(239,795,0),(314,796,0),(239,796,0),(314,797,0),(239,797,0),(314,798,0),(239,798,0),(314,799,0),(240,799,0),(314,800,0),(240,800,0),(314,801,0),(240,801,0),(314,802,0),(240,802,0),(314,803,0),(240,803,0),(314,804,0),(240,804,0),(314,805,0),(240,805,0),(314,806,0),(240,806,0),(314,807,0),(297,807,0),(314,808,0),(297,808,0),(314,809,0),(297,809,0),(314,810,0),(297,810,0),(314,811,0),(297,811,0),(314,812,0),(297,812,0),(314,813,0),(297,813,0),(314,814,0),(297,814,0),(314,815,0),(297,815,0),(314,816,0),(297,816,0),(314,817,0),(297,817,0),(314,818,0),(309,818,0),(314,819,0),(297,819,0),(314,820,0),(297,820,0),(314,821,0),(297,821,0),(314,822,0),(297,822,0),(314,823,0),(297,823,0),(314,824,0),(297,824,0),(314,825,0),(297,825,0),(314,826,0),(297,826,0),(314,827,0),(297,827,0),(314,828,0),(297,828,0),(314,829,0),(264,829,0),(314,830,0),(264,830,0),(314,831,0),(264,831,0),(314,832,0),(264,832,0),(314,833,0),(264,833,0),(314,834,0),(264,834,0),(314,835,0),(264,835,0),(314,836,0),(264,836,0),(314,837,0),(328,837,0),(314,838,0),(328,838,0),(314,839,0),(328,839,0),(314,840,0),(328,840,0),(314,841,0),(328,841,0),(314,842,0),(329,842,0),(314,843,0),(329,843,0),(314,844,0),(329,844,0),(314,845,0),(329,845,0),(314,846,0),(329,846,0),(314,847,0),(327,847,0),(314,848,0),(330,848,0),(314,849,0),(330,849,0),(314,850,0),(330,850,0),(314,851,0),(330,851,0),(314,852,0),(330,852,0),(314,853,0),(330,853,0),(314,854,0),(291,854,0),(314,855,0),(291,855,0),(314,856,0),(291,856,0),(314,857,0),(291,857,0),(314,858,0),(291,858,0),(314,859,0),(291,859,0),(314,860,0),(291,860,0),(314,861,0),(291,861,0),(314,862,0),(291,862,0),(314,863,0),(270,863,0),(314,864,0),(270,864,0),(314,865,0),(270,865,0),(314,866,0),(270,866,0),(314,867,0),(331,867,0),(314,868,0),(331,868,0),(314,869,0),(331,869,0),(314,870,0),(268,870,0),(314,871,0),(268,871,0),(314,872,0),(268,872,0),(314,873,0),(332,873,0),(314,874,0),(332,874,0),(314,875,0),(332,875,0),(314,876,0),(332,876,0),(314,877,0),(332,877,0),(314,878,0),(332,878,0),(314,879,0),(332,879,0),(314,880,0),(300,880,0),(314,881,0),(300,881,0),(314,882,0),(300,882,0),(314,883,0),(300,883,0),(314,884,0),(300,884,0),(314,885,0),(300,885,0),(314,886,0),(242,886,0),(314,887,0),(242,887,0),(314,888,0),(242,888,0),(314,889,0),(323,889,0),(314,890,0),(323,890,0),(314,891,0),(323,891,0),(314,892,0),(300,892,0),(314,893,0),(333,893,0),(314,894,0),(333,894,0),(314,895,0),(333,895,0),(314,896,0),(333,896,0),(314,897,0),(334,897,0),(314,898,0),(334,898,0),(317,899,0),(303,899,0),(317,900,0),(303,900,0),(317,901,0),(303,901,0),(317,902,0),(303,902,0),(317,903,0),(303,903,0),(317,904,0),(303,904,0),(318,905,0),(240,905,0),(318,906,0),(291,906,0),(314,907,0),(324,907,0),(314,908,0),(324,908,0),(314,909,0),(324,909,0),(314,910,0),(262,910,0),(314,911,0),(262,911,0),(314,912,0),(262,912,0),(314,913,0),(262,913,0),(314,914,0),(262,914,0),(314,915,0),(262,915,0),(314,916,0),(262,916,0),(314,917,0),(262,917,0),(314,918,0),(262,918,0),(314,919,0),(243,919,0),(314,920,0),(243,920,0),(314,921,0),(243,921,0),(314,922,0),(243,922,0),(314,923,0),(243,923,0),(314,924,0),(243,924,0),(314,925,0),(243,925,0),(314,926,0),(243,926,0),(314,927,0),(243,927,0),(314,928,0),(243,928,0),(314,929,0),(243,929,0),(314,930,0),(243,930,0),(314,931,0),(301,931,0),(314,932,0),(301,932,0),(314,933,0),(301,933,0),(314,934,0),(301,934,0),(314,935,0),(301,935,0),(314,936,0),(326,936,0),(314,937,0),(326,937,0),(314,938,0),(326,938,0),(314,939,0),(326,939,0),(314,940,0),(326,940,0),(314,941,0),(327,941,0),(314,942,0),(263,942,0),(314,943,0),(263,943,0),(314,944,0),(263,944,0),(314,945,0),(263,945,0),(314,946,0),(263,946,0),(314,947,0),(263,947,0),(314,948,0),(263,948,0),(314,949,0),(263,949,0),(314,950,0),(263,950,0),(314,951,0),(263,951,0),(314,952,0),(263,952,0),(314,953,0),(263,953,0),(314,954,0),(263,954,0),(314,955,0),(263,955,0),(314,956,0),(263,956,0),(314,957,0),(321,957,0),(314,958,0),(321,958,0),(314,959,0),(321,959,0),(314,960,0),(321,960,0),(314,961,0),(321,961,0),(314,962,0),(321,962,0),(314,963,0),(321,963,0),(314,964,0),(321,964,0),(314,965,0),(321,965,0),(314,966,0),(321,966,0),(314,967,0),(321,967,0),(314,968,0),(321,968,0),(314,969,0),(321,969,0),(314,970,0),(321,970,0),(314,971,0),(322,971,0),(314,972,0),(322,972,0),(314,973,0),(322,973,0),(314,974,0),(322,974,0),(314,975,0),(322,975,0),(314,976,0),(267,976,0),(314,977,0),(267,977,0),(314,978,0),(267,978,0),(314,979,0),(267,979,0),(314,980,0),(267,980,0),(314,981,0),(267,981,0),(314,982,0),(267,982,0),(314,983,0),(267,983,0),(314,984,0),(267,984,0),(314,985,0),(309,985,0),(314,986,0),(267,986,0),(314,987,0),(267,987,0),(314,988,0),(267,988,0),(314,989,0),(267,989,0),(314,990,0),(267,990,0),(314,991,0),(267,991,0),(314,992,0),(271,992,0),(314,993,0),(271,993,0),(314,994,0),(271,994,0),(314,995,0),(271,995,0),(314,996,0),(271,996,0),(314,997,0),(271,997,0),(314,998,0),(335,998,0),(314,999,0),(335,999,0),(213,1000,0),(336,1000,0),(213,1001,0),(336,1001,0),(213,1002,0),(336,1002,0),(213,1003,0),(336,1003,0),(213,1004,0),(336,1004,0),(213,1005,0),(336,1005,0),(213,1006,0),(336,1006,0),(213,1007,0),(336,1007,0),(213,1008,0),(336,1008,0),(213,1009,0),(336,1009,0),(213,1010,0),(309,1010,0),(213,1011,0),(336,1011,0),(314,1012,0),(343,1012,0),(315,1013,0),(344,1013,0),(315,1014,0),(338,1014,0),(314,1015,0),(337,1015,0),(314,1016,0),(328,1016,0),(314,1017,0),(343,1017,0),(316,1018,0),(302,1018,0),(316,1019,0),(271,1019,0),(315,1020,0),(242,1020,0),(315,1021,0),(242,1021,0),(315,1022,0),(242,1022,0),(315,1023,0),(242,1023,0),(317,1024,0),(242,1024,0),(314,1025,0),(242,1025,0),(314,1026,0),(242,1026,0),(314,1027,0),(242,1027,0),(314,1028,0),(242,1028,0),(314,1029,0),(242,1029,0),(318,1030,0),(239,1030,0),(318,1031,0),(297,1031,0),(318,1032,0),(264,1032,0),(318,1033,0),(291,1033,0),(318,1034,0),(324,1034,0),(318,1035,0),(332,1035,0),(318,1036,0),(332,1036,0),(318,1037,0),(262,1037,0),(318,1038,0),(242,1038,0),(318,1039,0),(243,1039,0),(318,1040,0),(263,1040,0),(318,1041,0),(263,1041,0),(318,1042,0),(321,1042,0),(315,1043,0),(240,1043,0),(315,1044,0),(309,1044,0),(315,1045,0),(297,1045,0),(315,1046,0),(297,1046,0),(315,1047,0),(297,1047,0),(315,1048,0),(297,1048,0),(315,1049,0),(297,1049,0),(315,1050,0),(324,1050,0),(315,1051,0),(324,1051,0),(315,1052,0),(262,1052,0),(315,1053,0),(262,1053,0),(315,1054,0),(262,1054,0),(315,1055,0),(262,1055,0),(315,1056,0),(262,1056,0),(315,1057,0),(301,1057,0),(315,1058,0),(341,1058,0),(315,1059,0),(322,1059,0),(315,1060,0),(322,1060,0),(315,1061,0),(267,1061,0),(315,1062,0),(267,1062,0),(316,1063,0),(345,1063,0),(316,1064,0),(345,1064,0),(213,1065,0),(349,1065,0),(213,1066,0),(351,1066,0),(213,1067,0),(352,1067,0),(213,1068,0),(347,1068,0),(213,1069,0),(350,1069,0),(316,1070,0),(273,1070,0),(316,1071,0),(273,1071,0),(316,1072,0),(321,1072,0),(316,1073,0),(321,1073,0),(316,1074,0),(321,1074,0),(314,1075,0),(326,1075,0),(314,1076,0),(326,1076,0),(314,1077,0),(326,1077,0),(315,1078,0),(327,1078,0),(314,1079,0),(291,1079,0),(314,1080,0),(291,1080,0),(314,1081,0),(291,1081,0),(314,1082,0),(291,1082,0),(314,1083,0),(274,1083,0),(314,1084,0),(274,1084,0),(314,1085,0),(274,1085,0),(314,1086,0),(274,1086,0),(314,1087,0),(274,1087,0),(314,1088,0),(274,1088,0),(314,1089,0),(274,1089,0),(314,1090,0),(239,1090,0),(314,1091,0),(239,1091,0),(314,1092,0),(239,1092,0),(314,1093,0),(239,1093,0),(314,1094,0),(328,1094,0),(314,1095,0),(328,1095,0),(314,1096,0),(330,1096,0),(314,1097,0),(330,1097,0),(212,1098,0),(246,1098,0),(212,1099,0),(246,1099,0),(212,1100,0),(246,1100,0),(212,1101,0),(246,1101,0),(212,1102,0),(246,1102,0),(212,1103,0),(282,1103,0),(212,1104,0),(282,1104,0),(212,1105,0),(282,1105,0),(212,1106,0),(282,1106,0),(213,1107,0),(332,1107,0),(317,1108,0),(303,1108,0),(317,1109,0),(353,1109,0),(317,1110,0),(353,1110,0),(317,1111,0),(353,1111,0),(317,1112,0),(353,1112,0),(314,1113,0),(353,1113,0),(315,1114,0),(353,1114,0),(315,1115,0),(353,1115,0),(315,1116,0),(303,1116,0),(315,1117,0),(303,1117,0),(315,1118,0),(303,1118,0),(315,1119,0),(303,1119,0),(315,1120,0),(303,1120,0),(213,1121,0),(242,1121,0),(213,1122,0),(242,1122,0),(213,1123,0),(242,1123,0),(213,1124,0),(354,1124,0),(213,1125,0),(354,1125,0),(213,1126,0),(354,1126,0),(213,1127,0),(354,1127,0),(213,1128,0),(354,1128,0),(213,1129,0),(354,1129,0),(213,1130,0),(354,1130,0),(213,1131,0),(354,1131,0),(311,1132,0),(287,1132,0),(311,1133,0),(287,1133,0),(311,1134,0),(287,1134,0),(212,1135,0),(355,1135,0),(212,1136,0),(355,1136,0),(212,1137,0),(355,1137,0),(212,1138,0),(355,1138,0),(212,1139,0),(355,1139,0),(212,1140,0),(355,1140,0),(211,1141,0),(309,1141,0),(212,1142,0),(355,1142,0),(212,1143,0),(355,1143,0),(212,1144,0),(356,1144,0),(311,1145,0),(287,1145,0),(311,1146,0),(287,1146,0),(311,1147,0),(287,1147,0),(311,1148,0),(287,1148,0),(311,1149,0),(287,1149,0),(311,1150,0),(287,1150,0),(311,1151,0),(287,1151,0),(311,1152,0),(287,1152,0),(311,1153,0),(287,1153,0),(314,1154,0),(358,1154,0),(314,1155,0),(358,1155,0),(314,1156,0),(358,1156,0),(314,1157,0),(358,1157,0),(314,1158,0),(358,1158,0),(314,1159,0),(358,1159,0),(315,1160,0),(358,1160,0),(317,1161,0),(353,1161,0),(317,1162,0),(353,1162,0),(317,1163,0),(353,1163,0),(317,1164,0),(353,1164,0),(317,1165,0),(353,1165,0);

--
-- Table structure for table `ecommerce_producto_combos`
--

CREATE TABLE `ecommerce_producto_combos` (
  `ecommerce_producto_combos_id` int(10) unsigned NOT NULL AUTO_INCREMENT,
  `descuento` float(12,0) DEFAULT NULL,
  `precio` float(9,3) DEFAULT NULL,
  `activo` tinyint(3) unsigned DEFAULT NULL,
  PRIMARY KEY (`ecommerce_producto_combos_id`)
) ENGINE=MyISAM AUTO_INCREMENT=8 DEFAULT CHARSET=latin1 ROW_FORMAT=FIXED;

--
-- Dumping data for table `ecommerce_producto_combos`
--

INSERT INTO `ecommerce_producto_combos` VALUES (1,NULL,NULL,NULL),(2,NULL,NULL,NULL),(4,NULL,NULL,NULL),(6,NULL,NULL,NULL),(7,NULL,NULL,NULL);

--
-- Table structure for table `ecommerce_producto_combos_x_ecommerce_producto`
--

CREATE TABLE `ecommerce_producto_combos_x_ecommerce_producto` (
  `ecommerce_producto_combos_id` int(10) unsigned NOT NULL,
  `ecommerce_producto_id` int(10) unsigned NOT NULL,
  PRIMARY KEY (`ecommerce_producto_combos_id`,`ecommerce_producto_id`),
  KEY `ecommerce_combos_has_ecommerce_producto_FKIndex1` (`ecommerce_producto_combos_id`),
  KEY `ecommerce_combos_has_ecommerce_producto_FKIndex2` (`ecommerce_producto_id`)
) ENGINE=MyISAM DEFAULT CHARSET=latin1 ROW_FORMAT=FIXED;

--
-- Dumping data for table `ecommerce_producto_combos_x_ecommerce_producto`
--

INSERT INTO `ecommerce_producto_combos_x_ecommerce_producto` VALUES (1,21),(1,23),(2,21),(2,22),(2,23),(2,25),(4,22),(4,23),(6,21),(6,23),(7,38),(7,40);

--
-- Table structure for table `ecommerce_producto_x_config_idioma`
--

CREATE TABLE `ecommerce_producto_x_config_idioma` (
  `ecommerce_producto_x_config_idioma_id` int(11) NOT NULL AUTO_INCREMENT,
  `ecommerce_producto_id` int(10) DEFAULT NULL,
  `config_idioma_id` int(10) DEFAULT NULL,
  `titulo` varchar(255) DEFAULT NULL,
  `copete` varchar(255) DEFAULT NULL,
  `detalle` text,
  `tag` varchar(255) DEFAULT NULL,
  `meta_tag` varchar(255) DEFAULT NULL,
  PRIMARY KEY (`ecommerce_producto_x_config_idioma_id`),
  KEY `ecommerce_producto_has_config_idioma_FKIndex1` (`ecommerce_producto_id`),
  KEY `ecommerce_producto_has_config_idioma_FKIndex2` (`config_idioma_id`)
) ENGINE=MyISAM AUTO_INCREMENT=40 DEFAULT CHARSET=latin1;

--
-- Dumping data for table `ecommerce_producto_x_config_idioma`
--

INSERT INTO `ecommerce_producto_x_config_idioma` VALUES (17,18,87,'Casa 2 Dorm Centro',NULL,'<p>Lorem ipsum dolor sit amet, consectetur adipiscing elit. Praesent cursus  cursus mi ut ultrices. Vestibulum tempor vulputate nibh in imperdiet.  Fusce eget tortor lacus, sed interdum lectus. Maecenas volutpat viverra  massa in porta. Vivamus feugiat posuere justo, ut porta enim dapibus eu.  Fusce consequat viverra lectus.</p>','Casa-2-Dorm-Centro','Casa 2 Dorm Centro'),(18,19,87,'Departamento muy cool en Nueva Córdoba',NULL,'Departamento en zona Paseo del Buen Pastor, edificio con pileta y sum.\r\n1 dormitorio  + escritorio ','Departamento-muy-cool-en-Nueva-Cordoba','Departamento muy cool en Nueva Cordoba'),(19,20,87,'Lote de 300m2 en Villa Parque Siquiman',NULL,'Hubicado a 3 km de la ruta 20, proximo al lago, excelente vista.','Lote-de-300m2-en-Villa-Parque-Siquiman','Lote de 300m2 en Villa Parque Siquiman'),(20,21,87,'Hotel Marquez DE SOBREMONTE',NULL,'<p>CASA DE 3 DORMITORIOS CON PLACARD, ECRITORIO, COMEDOR, LIVING, COCINA CON DESAYUNADOR, TOTALMENTE EQUIPADA, BA&Ntilde;O CON BA&Ntilde;ERA, GARAJE DOBLE CON PORT&Oacute;N LEVADIZO EN MADERA DE CEDRO, PATIO CON ASADOR, ABERTURAS DE ALUMINO BLANCO Y MADERA DE CEDRO CON CELOS&Iacute;AS EN FRENTE PISOS CER&Aacute;MICO, MUY BUEN PATIO CON ASADOR - EXCELENTE ESTADO -</p>','Hotel-Marquez-DE-SOBREMONTE','Hotel Marquez DE SOBREMONTE'),(21,22,87,'Hotel las Siete Cascadas',NULL,'<p>Ubicado a orillas del Lago San Roque, con una maravillosa vista. Las habitaciones cuentan con WI-FI, aire acondicionado, calefacci&oacute;n, servicio a la habitaci&oacute;n, etc</p>\r\n<p>Hotel con pileta y solarium</p>','Hotel-las-Siete-Cascadas','Hotel las Siete Cascadas'),(22,23,87,'Pasaje Aéro Lan',NULL,'<p>cabina econ&oacute;mica promoci&oacute;n ida y vuelta Buenos Aires - Cordoba - Buenos Aires</p>','Pasaje-Aero-Lan','Pasaje Aero Lan'),(23,24,87,'Pasaje Aéro Lan',NULL,'<p>aux</p>','Pasaje-Aero-Lan','Pasaje Aero Lan'),(24,25,87,'Lan pasaje aereo cordoba - buenos aires',NULL,NULL,'Lan-pasaje-aereo-cordoba---buenos-aires','Lan pasaje aereo cordoba - buenos aires'),(25,26,87,'Lan pasaje aéreo cordoba -  tucuman - córdoba',NULL,'<p>S&oacute;lo clase economica</p>','Lan-pasaje-aereo-cordoba---tucuman---cordoba','Lan pasaje aereo cordoba --tucuman - cordoba'),(26,27,87,'Florianópolis 10 dias 9 noches- aéreo desde córdoba - hotel 4 estrellas',NULL,'<p>Pasaje a&eacute;reo BUE/FLN/BUE por Andes en Vuelo Especial<br /> Traslados de entrada y salida.<br /> 9 noches de Alojamiento</p>\r\n<p>R&eacute;gimen indicado<br />Asistencia m&eacute;dica y seguro de cancelaci&oacute;n</p>\r\n<h3>CONDICIONES:</h3>\r\n<p>Precios por persona en base doble impuestos y tasas incluidas<br /> Precio publicado Marzo salida del 20-03 y Abril salidas 3 y 10.<br /> Lugares aereos sujetos a disponibilidad de cupo hasta agotar stock.</p>\r\n<p><br /><strong>SALIDAS CON CUPOS CONFIRMADOS TODOS LOS DOMINGOS</strong></p>\r\n<p>&nbsp;</p>','Florianopolis-10-dias-9-noches--aereo-desde-cordoba---hotel-4-estrellas','Florianopolis 10 dias 9 noches- aereo desde cordoba - hotel 4 estrellas'),(27,28,87,'Europa soñada',NULL,'<p>Incluye :</p>\r\n<p>a&eacute;reo desde c&oacute;rdoba</p>\r\n<p>15 noches de alojamiento con desayuno</p>\r\n<p>assit card</p>\r\n<p>media pension US$ 350 por PAX</p>\r\n<p>acompa&ntilde;amiento desde argentina</p>\r\n<p>&nbsp;</p>\r\n<p>&nbsp;</p>','Europa-sonada','Europa sonada'),(29,30,87,'TURQUIA, GRECIA Y CRUCERO POR EL EGEO',NULL,'<p>estambul / ankara</p>','TURQUIA-GRECIA-Y-CRUCERO-POR-EL-EGEO','TURQUIA GRECIA Y CRUCERO POR EL EGEO'),(30,31,87,'Grecia ',NULL,'<p>Viaje por grecia durante 3 semanas</p>','Grecia-','Grecia '),(32,33,87,'Athens Hilton Hotel',NULL,'<p>Take in Acropolis views from the Hilton Athens hotel in the  tourist and commercial heart of the city. Unwind by one of 3 pools or  spoil yourself with a massage at the Sports Academy Spa. Try gourmet  Greek cuisine at Milos Restaurant or just sip cocktails at the rooftop  Galaxy Bar and Barbeque.</p>','Athens-Hilton-Hotel','Athens Hilton Hotel'),(33,34,87,'Buzios a pleno',NULL,'<p>7 dias en el hotel Piedras negras</p>\r\n<p>7 dias en el hotel Playas de Oro</p>\r\n<p>Vuelo desde C&oacute;rdoba via Gol</p>','Buzios-a-pleno','Buzios a pleno'),(34,35,87,'Hotel Piedras Pretas do Mar',NULL,'<p>Habitaciones con excepcional vista y cerca del mar.</p>\r\n<p>Lorem ipsum dolor sit amet, consectetur adipiscing elit. Fusce egestas  facilisis varius. Vestibulum ante ipsum primis in faucibus orci luctus  et ultrices posuere cubilia Curae; Vestibulum et tellus nibh, id  porttitor nunc. Morbi erat dolor, pharetra bibendum eleifend ut, commodo  eu elit.</p>','Hotel-Piedras-Pretas-do-Mar','Hotel Piedras Pretas do Mar'),(35,36,87,'Pasaje',NULL,'<p>C&oacute;rdoba-Buzios-C&oacute;rdoba. Ida y vuelta, s&oacute;lo por abril y mayo de 2011</p>','Pasaje','Pasaje'),(36,37,87,'Hotel Praia Verde',NULL,'<p>Hotel ubicado a 4 cuadras de las playas mas lindas buzios, con una excelente atencion y todos los servicios&nbsp;</p>','Hotel-Praia-Verde','Hotel Praia Verde'),(37,38,87,'POUSADA LA FORET',NULL,'<p>La Pousada La Foret se encuentra ubicada en la famosa pen&iacute;nsula &ldquo;Arma&ccedil;ao de Buzios &ldquo;, a 200 metros de las playas \"Joao Fernandes\", \"Azeda\", \"Azedinha\" y a la misma distancia de la \"Pra&ccedil;a dos Ossos\", donde comienza la gran variedad de restaurantes y comercios en B&uacute;zios.</p>\r\n<p>&nbsp;</p>\r\n<p>NOTAS:</p>\r\n<p>Habitaciones cuadruples son apartamentos de 2 dormitorios y 1 ba&ntilde;o.</p>\r\n<p>Tarifas no v&aacute;lidas Natal, Reveillon y feriados.</p>','POUSADA-LA-FORET','POUSADA LA FORET'),(38,39,87,'BUZIOS - CUPOS GOL - DESDE CÓRDOBA - 07 NOCHES',NULL,'<p>A&eacute;reo C&oacute;rdoba / Rio de Janeiro / C&oacute;rdoba - Cupos a&eacute;reos confirmados<br /> Traslados en destino<br /> 7 noches de alojamiento en Buzios<br /> Asistencia al viajero</p>\r\n<p><strong>Tarifas incluyen impuestos a&eacute;reos e IVA. No incluyen gastos de gesti&oacute;n.</strong></p>\r\n<p><strong>Informaci&oacute;n del vuelo</strong></p>\r\n<p>&nbsp;</p>\r\n<table border=\"0\" cellspacing=\"0\" cellpadding=\"0\">\r\n<tbody>\r\n<tr>\r\n<td rowspan=\"2\" width=\"48\" valign=\"top\">\r\n<p align=\"right\">&nbsp;</p>\r\n<p align=\"right\">&nbsp;</p>\r\n</td>\r\n<td width=\"11\" valign=\"top\">\r\n<p align=\"center\">&nbsp;</p>\r\n</td>\r\n<td width=\"60\" valign=\"top\">\r\n<p><strong>COR</strong></p>\r\n</td>\r\n<td width=\"122\" valign=\"top\">\r\n<p>25 Abr 04:35</p>\r\n</td>\r\n<td width=\"24\" valign=\"top\">\r\n<p align=\"center\">&nbsp;</p>\r\n</td>\r\n<td width=\"48\" valign=\"top\">\r\n<p><strong>RIO</strong></p>\r\n</td>\r\n<td width=\"122\" valign=\"top\">\r\n<p>25 Abr 10:00</p>\r\n</td>\r\n<td width=\"104\" valign=\"top\">\r\n<p>(Y / 7465)</p>\r\n</td>\r\n</tr>\r\n<tr>\r\n<td width=\"11\" valign=\"top\">\r\n<p align=\"center\">&nbsp;</p>\r\n</td>\r\n<td width=\"60\" valign=\"top\">\r\n<p><strong>RIO</strong></p>\r\n</td>\r\n<td width=\"122\" valign=\"top\">\r\n<p>02 May 21:20</p>\r\n</td>\r\n<td width=\"24\" valign=\"top\">\r\n<p align=\"center\">&nbsp;</p>\r\n</td>\r\n<td width=\"48\" valign=\"top\">\r\n<p><strong>COR</strong></p>\r\n</td>\r\n<td width=\"122\" valign=\"top\">\r\n<p>03 May 01:10</p>\r\n</td>\r\n<td width=\"104\" valign=\"top\">\r\n<p>(Y / 7464)</p>\r\n</td>\r\n</tr>\r\n</tbody>\r\n</table>','BUZIOS---CUPOS-GOL---DESDE-CORDOBA---07-NOCHES','BUZIOS - CUPOS GOL - DESDE CORDOBA - 07 NOCHES'),(39,40,87,'AEREO POR GOL COR - BUZ - COR',NULL,'<p>Pasaje A&eacute;reo v&iacute;a GOL&nbsp;</p>\r\n<p>C&oacute;rdoba - Buzios&nbsp;</p>\r\n<p>Buzios - C&oacute;rdoba</p>','AEREO-POR-GOL-COR---BUZ---COR','AEREO POR GOL COR - BUZ - COR');

--
-- Table structure for table `ecommerce_producto_x_ecommerce_producto`
--

CREATE TABLE `ecommerce_producto_x_ecommerce_producto` (
  `ecommerce_producto_x_ecommerce_producto_id` int(11) NOT NULL AUTO_INCREMENT,
  `ecommerce_producto_id_1` int(10) NOT NULL,
  `ecommerce_producto_id_2` int(10) NOT NULL,
  PRIMARY KEY (`ecommerce_producto_x_ecommerce_producto_id`),
  KEY `ecommerce_producto_id_1` (`ecommerce_producto_id_1`),
  KEY `ecommerce_producto_id_2` (`ecommerce_producto_id_2`)
) ENGINE=MyISAM AUTO_INCREMENT=5 DEFAULT CHARSET=latin1 ROW_FORMAT=FIXED;

--
-- Dumping data for table `ecommerce_producto_x_ecommerce_producto`
--


--
-- Table structure for table `ecommerce_producto_x_ecommerce_producto_archivo`
--

CREATE TABLE `ecommerce_producto_x_ecommerce_producto_archivo` (
  `ecommerce_producto_id` int(10) unsigned NOT NULL,
  `ecommerce_producto_archivo_id` int(10) unsigned NOT NULL,
  `orden` int(11) NOT NULL DEFAULT '0',
  PRIMARY KEY (`ecommerce_producto_id`,`ecommerce_producto_archivo_id`),
  KEY `FKIndex1` (`ecommerce_producto_id`),
  KEY `FKIndex2` (`ecommerce_producto_archivo_id`)
) ENGINE=MyISAM DEFAULT CHARSET=latin1 ROW_FORMAT=FIXED;

--
-- Dumping data for table `ecommerce_producto_x_ecommerce_producto_archivo`
--

INSERT INTO `ecommerce_producto_x_ecommerce_producto_archivo` VALUES (19,33,0),(20,32,0),(22,32,1),(22,36,2),(22,39,0),(24,32,1),(24,33,2),(24,34,0),(25,32,0),(25,33,2),(26,32,2),(26,33,1),(26,35,3),(26,36,4),(27,33,1),(27,34,2),(27,35,3),(28,33,4),(28,39,2),(28,40,1),(28,46,3),(30,36,1),(30,38,2),(30,39,4),(30,40,3),(31,33,1),(31,36,2),(31,39,4),(31,41,3),(33,33,3),(33,34,2),(33,44,1),(34,33,1),(34,34,4),(34,36,2),(34,39,3),(37,33,2),(37,40,1);

--
-- Table structure for table `ecommerce_producto_x_ecommerce_producto_categoria`
--

CREATE TABLE `ecommerce_producto_x_ecommerce_producto_categoria` (
  `ecommerce_producto_id` int(10) unsigned NOT NULL,
  `ecommerce_producto_categoria_id` int(10) unsigned NOT NULL,
  PRIMARY KEY (`ecommerce_producto_id`,`ecommerce_producto_categoria_id`),
  KEY `ecommerce_producto_id` (`ecommerce_producto_id`)
) ENGINE=MyISAM DEFAULT CHARSET=latin1 ROW_FORMAT=FIXED;

--
-- Dumping data for table `ecommerce_producto_x_ecommerce_producto_categoria`
--

INSERT INTO `ecommerce_producto_x_ecommerce_producto_categoria` VALUES (18,158),(18,159),(19,158),(19,160),(20,157),(20,161),(21,177),(21,182),(21,190),(21,197),(22,173),(22,183),(22,189),(23,178),(23,180),(23,189),(24,163),(24,178),(24,180),(24,190),(24,197),(25,178),(25,180),(26,165),(26,178),(26,180),(27,163),(27,166),(27,169),(27,174),(27,175),(27,177),(27,190),(27,197),(28,163),(28,166),(28,174),(28,177),(28,192),(28,200),(28,201),(28,204),(30,163),(30,166),(30,168),(30,169),(30,170),(30,174),(30,175),(30,177),(30,194),(30,196),(30,200),(30,201),(31,163),(31,166),(31,169),(31,170),(31,174),(31,175),(31,177),(31,194),(31,200),(31,201),(33,163),(33,164),(33,183),(33,194),(34,163),(34,190),(34,198),(34,200),(34,201),(35,163),(35,164),(35,183),(35,190),(35,198),(36,163),(36,165),(36,178),(36,180),(36,190),(36,198),(36,200),(36,201),(37,163),(37,164),(37,166),(37,169),(37,174),(37,175),(37,177),(37,183),(37,190),(37,198),(38,163),(38,164),(38,166),(38,174),(38,175),(38,177),(38,188),(38,190),(38,198),(39,163),(39,166),(39,169),(39,174),(39,175),(39,177),(39,190),(39,198),(40,163),(40,165),(40,179),(40,180),(40,190),(40,198);

--
-- Table structure for table `ecommerce_producto_x_wishlist`
--

CREATE TABLE `ecommerce_producto_x_wishlist` (
  `ecommerce_producto_x_wishlist_id` int(11) unsigned NOT NULL AUTO_INCREMENT,
  `ecommerce_producto_id` int(11) unsigned DEFAULT NULL,
  `wishlist_id` int(11) unsigned DEFAULT NULL,
  PRIMARY KEY (`ecommerce_producto_x_wishlist_id`),
  UNIQUE KEY `ecommerce_producto_x_wishlist_id` (`ecommerce_producto_x_wishlist_id`),
  KEY `ecommerce_producto_id` (`ecommerce_producto_id`),
  KEY `wishlist_id` (`wishlist_id`)
) ENGINE=MyISAM AUTO_INCREMENT=107 DEFAULT CHARSET=latin1 ROW_FORMAT=FIXED;

--
-- Dumping data for table `ecommerce_producto_x_wishlist`
--

INSERT INTO `ecommerce_producto_x_wishlist` VALUES (2,10,0),(3,8,0),(4,10,0),(5,11,0),(7,9,10),(8,9,10),(10,11,10),(11,8,10),(12,9,10),(14,11,10),(15,9,10),(20,9,11),(21,9,11),(34,8,12),(36,8,12),(37,11,12),(38,10,11),(39,10,11),(40,10,11),(41,11,11),(42,11,11),(43,11,12),(44,11,12),(45,11,12),(46,10,12),(47,9,12),(48,9,12),(49,11,12),(50,8,13),(51,9,13),(52,9,NULL),(53,10,NULL),(54,11,NULL),(55,9,NULL),(56,8,NULL),(57,8,NULL),(58,11,NULL),(59,10,NULL),(60,8,NULL),(61,9,NULL),(62,9,NULL),(63,9,NULL),(64,10,NULL),(65,9,NULL),(66,11,NULL),(67,10,NULL),(68,8,NULL),(71,8,14),(74,10,14),(75,9,NULL),(76,10,NULL),(77,11,NULL),(78,10,NULL),(79,10,NULL),(80,11,NULL),(81,8,NULL),(82,8,NULL),(83,10,NULL),(84,10,NULL),(85,11,NULL),(86,8,NULL),(88,9,NULL),(89,8,14),(90,9,14),(91,9,14),(92,10,14),(94,10,15),(95,9,15),(99,8,16),(106,8,23);

--
-- Table structure for table `memo`
--

CREATE TABLE `memo` (
  `memo_id` int(10) unsigned NOT NULL AUTO_INCREMENT,
  `ecommerce_cliente_usuario_id` int(11) DEFAULT NULL,
  `config_usr_id` int(10) unsigned DEFAULT NULL,
  `titulo` varchar(255) COLLATE utf8_spanish_ci DEFAULT NULL,
  `detalle` text COLLATE utf8_spanish_ci,
  PRIMARY KEY (`memo_id`),
  KEY `memo_FKIndex1` (`config_usr_id`)
) ENGINE=MyISAM AUTO_INCREMENT=14 DEFAULT CHARSET=utf8 COLLATE=utf8_spanish_ci;

--
-- Dumping data for table `memo`
--

INSERT INTO `memo` VALUES (1,NULL,49,'Abrirle la puerta a Ujura','Ujura esperando, parada en la puerta'),(2,NULL,49,'Comprar Coca','No creo que Leo se olvide'),(4,NULL,49,'ejemplo numero 3','Integer et turpis quis nisi dapibus auctor nec sit amet ligula. Nulla eu enim sit amet nibh consequat euismod in eu purus. '),(9,NULL,53,'Disfrutar el fin de semana!','La alalalallaa'),(10,NULL,49,'EJemplo uno','nuev ejeemplo\r\n'),(11,NULL,44,'Nuevo ejemplo','detalle del ejemplo nuevo\r\n'),(12,44,NULL,'again','neuvo detalle');

--
-- Table structure for table `mensaje`
--

CREATE TABLE `mensaje` (
  `mensaje_id` int(10) unsigned NOT NULL AUTO_INCREMENT,
  `config_usr_id` int(10) DEFAULT NULL,
  `remitente_id` int(11) DEFAULT NULL,
  `fecha` int(10) unsigned DEFAULT NULL,
  `titulo` varchar(255) COLLATE utf8_spanish_ci DEFAULT NULL,
  `cuerpo` text COLLATE utf8_spanish_ci,
  `activo` tinyint(3) unsigned DEFAULT NULL,
  PRIMARY KEY (`mensaje_id`),
  KEY `mensaje_FKIndex1` (`config_usr_id`)
) ENGINE=MyISAM AUTO_INCREMENT=34 DEFAULT CHARSET=utf8 COLLATE=utf8_spanish_ci;

--
-- Dumping data for table `mensaje`
--

INSERT INTO `mensaje` VALUES (13,37,49,1258679384,'hola','Integer et turpis quis nisi dapibus auctor nec sit amet ligula. Nulla eu enim sit amet nibh consequat euismod in eu purus. Phasellus pulvinar blandit magna sit amet volutpat. Nunc fermentum luctus lorem, sit amet faucibus lectus vestibulum eu. In hac habitasse platea dictumst. Nulla nec ligula a leo gravida viverra. Nam dignissim, felis ut molestie blandit, velit ante auctor velit, eget interdum sapien massa eu mi. Maecenas non blandit diam. Pellentesque sollicitudin consequat ligula, a tincidunt odio facilisis non. Aliquam congue urna et dui gravida ac pharetra nibh condimentum. Nulla id vehicula leo. Sed ut metus dui, ut consequat libero. Curabitur neque sapien, ornare venenatis consequat cursus, suscipit eget orci. Nam ut tellus metus, eget blandit ligula',1),(15,53,49,1258679384,'hola','Integer et turpis quis nisi dapibus auctor nec sit amet ligula. Nulla eu enim sit amet nibh consequat euismod in eu purus. Phasellus pulvinar blandit magna sit amet volutpat. Nunc fermentum luctus lorem, sit amet faucibus lectus vestibulum eu. In hac habitasse platea dictumst. Nulla nec ligula a leo gravida viverra. Nam dignissim, felis ut molestie blandit, velit ante auctor velit, eget interdum sapien massa eu mi. Maecenas non blandit diam. Pellentesque sollicitudin consequat ligula, a tincidunt odio facilisis non. Aliquam congue urna et dui gravida ac pharetra nibh condimentum. Nulla id vehicula leo. Sed ut metus dui, ut consequat libero. Curabitur neque sapien, ornare venenatis consequat cursus, suscipit eget orci. Nam ut tellus metus, eget blandit ligula',1),(17,49,49,1258680359,'FW: sd','sd',1),(18,53,49,1258680359,'FW: sd','sd',1),(21,49,49,1258685499,'safs','afasdf',1),(25,NULL,49,1260174804,'Para Todos ','Lorem ipsum dolor sit amet, consectetur adipiscing elit. Suspendisse sit amet leo diam. Vivamus eu nisl nisl. Morbi congue porta ipsum. Mauris dignissim mattis vehicula. Nulla ultrices arcu in sem gravida pharetra. Donec lectus mauris, egestas in rhoncus non, accumsan quis odio. Phasellus id sem ac tortor aliquet posuere eget eget diam. Cras bibendum, justo a ornare tincidunt, nisl justo convallis quam, sit amet hendrerit nisl ante sit amet leo. Duis tincidunt turpis sit amet odio viverra ornare. Duis at fringilla est. Morbi ac erat lorem. Morbi viverra pretium sagittis. Sed id libero eget nulla rutrum scelerisque egestas sit amet elit. Duis elementum ligula vitae leo porta bibendum. Aenean vitae elit arcu, dapibus congue mauris. Suspendisse bibendum fringilla massa, eget fermentum velit condimentum ac.\r\n\r\nVestibulum scelerisque velit fermentum felis fermentum dictum. Nam vulputate dictum purus. Quisque ac nulla velit. Praesent congue elit quis metus congue accumsan. Aliquam vulputate nisi vitae dui cursus facilisis. Nam nisi sapien, tempus at ultricies accumsan, ullamcorper pellentesque sem. Proin magna felis, porta vel pulvinar dictum, rutrum sit amet leo. Lorem ipsum dolor sit amet, consectetur adipiscing elit. Integer ultricies ornare bibendum. Pellentesque sagittis lacus nec magna porttitor placerat. Vestibulum eget risus a magna eleifend molestie. Aliquam erat volutpat. Cras sapien nibh, fringilla eget cursus vel, consectetur eu libero. Suspendisse sit amet mauris massa, vitae aliquam quam. Morbi nec pretium arcu. Vestibulum ante ipsum primis in faucibus orci luctus et ultrices posuere cubilia Curae;',1),(26,41,60,1267570695,'hola a todos','mensaje',1),(27,55,60,1267570695,'hola a todos','mensaje',1),(28,57,60,1267570695,'hola a todos','mensaje',1),(29,60,60,1267570695,'hola a todos','mensaje',1),(30,41,60,1267570865,'Mensaje al administrador','EMnsaje',1),(31,55,60,1267570865,'Mensaje al administrador','EMnsaje',1),(32,55,55,1267571246,'respondiendo mensaje al administrador','respondo',1);

--
-- Dumping events for database 'palacios2'
--

--
-- Dumping routines for database 'palacios2'
--


