-- Table structure for table `core_session`
--

CREATE TABLE `core_session` (
  `session_id` varchar(255) NOT NULL COMMENT 'Session Id',
  `session_expires` int(10) unsigned NOT NULL DEFAULT '0' COMMENT 'Date of Session Expiration',
  `session_data` mediumblob NOT NULL COMMENT 'Session Data',
  PRIMARY KEY (`session_id`)
) ENGINE=InnoDB DEFAULT CHARSET=utf8 COMMENT='Database Sessions Storage';

--
-- Dumping data for table `core_session`
--


--
-- Table structure for table `core_store`
--

CREATE TABLE `core_store` (
  `store_id` smallint(5) unsigned NOT NULL AUTO_INCREMENT COMMENT 'Store Id',
  `code` varchar(32) DEFAULT NULL COMMENT 'Code',
  `website_id` smallint(5) unsigned NOT NULL DEFAULT '0' COMMENT 'Website Id',
  `group_id` smallint(5) unsigned NOT NULL DEFAULT '0' COMMENT 'Group Id',
  `name` varchar(255) NOT NULL COMMENT 'Store Name',
  `sort_order` smallint(5) unsigned NOT NULL DEFAULT '0' COMMENT 'Store Sort Order',
  `is_active` smallint(5) unsigned NOT NULL DEFAULT '0' COMMENT 'Store Activity',
  PRIMARY KEY (`store_id`),
  UNIQUE KEY `UNQ_CORE_STORE_CODE` (`code`),
  KEY `IDX_CORE_STORE_WEBSITE_ID` (`website_id`),
  KEY `IDX_CORE_STORE_IS_ACTIVE_SORT_ORDER` (`is_active`,`sort_order`),
  KEY `IDX_CORE_STORE_GROUP_ID` (`group_id`),
  CONSTRAINT `FK_CORE_STORE_GROUP_ID_CORE_STORE_GROUP_GROUP_ID` FOREIGN KEY (`group_id`) REFERENCES `core_store_group` (`group_id`) ON DELETE CASCADE ON UPDATE CASCADE,
  CONSTRAINT `FK_CORE_STORE_WEBSITE_ID_CORE_WEBSITE_WEBSITE_ID` FOREIGN KEY (`website_id`) REFERENCES `core_website` (`website_id`) ON DELETE CASCADE ON UPDATE CASCADE
) ENGINE=InnoDB AUTO_INCREMENT=2 DEFAULT CHARSET=utf8 COMMENT='Stores';

--
-- Dumping data for table `core_store`
--

INSERT INTO `core_store` VALUES (0,'admin',0,0,'Admin',0,1),(1,'default',1,1,'Default Store View',0,1);

--
-- Table structure for table `core_store_group`
--

CREATE TABLE `core_store_group` (
  `group_id` smallint(5) unsigned NOT NULL AUTO_INCREMENT COMMENT 'Group Id',
  `website_id` smallint(5) unsigned NOT NULL DEFAULT '0' COMMENT 'Website Id',
  `name` varchar(255) NOT NULL COMMENT 'Store Group Name',
  `root_category_id` int(10) unsigned NOT NULL DEFAULT '0' COMMENT 'Root Category Id',
  `default_store_id` smallint(5) unsigned NOT NULL DEFAULT '0' COMMENT 'Default Store Id',
  PRIMARY KEY (`group_id`),
  KEY `IDX_CORE_STORE_GROUP_WEBSITE_ID` (`website_id`),
  KEY `IDX_CORE_STORE_GROUP_DEFAULT_STORE_ID` (`default_store_id`),
  CONSTRAINT `FK_CORE_STORE_GROUP_WEBSITE_ID_CORE_WEBSITE_WEBSITE_ID` FOREIGN KEY (`website_id`) REFERENCES `core_website` (`website_id`) ON DELETE CASCADE ON UPDATE CASCADE
) ENGINE=InnoDB AUTO_INCREMENT=2 DEFAULT CHARSET=utf8 COMMENT='Store Groups';

--
-- Dumping data for table `core_store_group`
--

INSERT INTO `core_store_group` VALUES (0,0,'Default',0,0),(1,1,'Main Website Store',2,1);

--
-- Table structure for table `core_translate`
--

CREATE TABLE `core_translate` (
  `key_id` int(10) unsigned NOT NULL AUTO_INCREMENT COMMENT 'Key Id of Translation',
  `string` varchar(255) NOT NULL DEFAULT 'Translate String' COMMENT 'Translation String',
  `store_id` smallint(5) unsigned NOT NULL DEFAULT '0' COMMENT 'Store Id',
  `translate` varchar(255) DEFAULT NULL COMMENT 'Translate',
  `locale` varchar(20) NOT NULL DEFAULT 'en_US' COMMENT 'Locale',
  PRIMARY KEY (`key_id`),
  UNIQUE KEY `UNQ_CORE_TRANSLATE_STORE_ID_LOCALE_STRING` (`store_id`,`locale`,`string`),
  KEY `IDX_CORE_TRANSLATE_STORE_ID` (`store_id`),
  CONSTRAINT `FK_CORE_TRANSLATE_STORE_ID_CORE_STORE_STORE_ID` FOREIGN KEY (`store_id`) REFERENCES `core_store` (`store_id`) ON DELETE CASCADE ON UPDATE CASCADE
) ENGINE=InnoDB DEFAULT CHARSET=utf8 COMMENT='Translations';

--
-- Dumping data for table `core_translate`
--


--
-- Table structure for table `core_url_rewrite`
--

CREATE TABLE `core_url_rewrite` (
  `url_rewrite_id` int(10) unsigned NOT NULL AUTO_INCREMENT COMMENT 'Rewrite Id',
  `store_id` smallint(5) unsigned NOT NULL DEFAULT '0' COMMENT 'Store Id',
  `id_path` varchar(255) DEFAULT NULL COMMENT 'Id Path',
  `request_path` varchar(255) DEFAULT NULL COMMENT 'Request Path',
  `target_path` varchar(255) DEFAULT NULL COMMENT 'Target Path',
  `is_system` smallint(5) unsigned DEFAULT '1' COMMENT 'Defines is Rewrite System',
  `options` varchar(255) DEFAULT NULL COMMENT 'Options',
  `description` varchar(255) DEFAULT NULL COMMENT 'Deascription',
  `category_id` int(10) unsigned DEFAULT NULL COMMENT 'Category Id',
  `product_id` int(10) unsigned DEFAULT NULL COMMENT 'Product Id',
  PRIMARY KEY (`url_rewrite_id`),
  UNIQUE KEY `UNQ_CORE_URL_REWRITE_REQUEST_PATH_STORE_ID` (`request_path`,`store_id`),
  UNIQUE KEY `UNQ_CORE_URL_REWRITE_ID_PATH_IS_SYSTEM_STORE_ID` (`id_path`,`is_system`,`store_id`),
  KEY `IDX_CORE_URL_REWRITE_TARGET_PATH_STORE_ID` (`target_path`,`store_id`),
  KEY `IDX_CORE_URL_REWRITE_ID_PATH` (`id_path`),
  KEY `IDX_CORE_URL_REWRITE_STORE_ID` (`store_id`),
  KEY `FK_CORE_URL_REWRITE_CTGR_ID_CAT_CTGR_ENTT_ENTT_ID` (`category_id`),
  KEY `FK_CORE_URL_REWRITE_PRODUCT_ID_CATALOG_CATEGORY_ENTITY_ENTITY_ID` (`product_id`),
  CONSTRAINT `FK_CORE_URL_REWRITE_CTGR_ID_CAT_CTGR_ENTT_ENTT_ID` FOREIGN KEY (`category_id`) REFERENCES `catalog_category_entity` (`entity_id`) ON DELETE CASCADE ON UPDATE CASCADE,
  CONSTRAINT `FK_CORE_URL_REWRITE_PRODUCT_ID_CATALOG_CATEGORY_ENTITY_ENTITY_ID` FOREIGN KEY (`product_id`) REFERENCES `catalog_product_entity` (`entity_id`) ON DELETE CASCADE ON UPDATE CASCADE,
  CONSTRAINT `FK_CORE_URL_REWRITE_STORE_ID_CORE_STORE_STORE_ID` FOREIGN KEY (`store_id`) REFERENCES `core_store` (`store_id`) ON DELETE CASCADE ON UPDATE CASCADE
) ENGINE=InnoDB AUTO_INCREMENT=2 DEFAULT CHARSET=utf8 COMMENT='Url Rewrites';

--
-- Dumping data for table `core_url_rewrite`
--

INSERT INTO `core_url_rewrite` VALUES (1,1,'category/3','shoes.html','catalog/category/view/id/3',1,NULL,NULL,3,NULL);

--
-- Table structure for table `core_variable`
--

CREATE TABLE `core_variable` (
  `variable_id` int(10) unsigned NOT NULL AUTO_INCREMENT COMMENT 'Variable Id',
  `code` varchar(255) DEFAULT NULL COMMENT 'Variable Code',
  `name` varchar(255) DEFAULT NULL COMMENT 'Variable Name',
  PRIMARY KEY (`variable_id`),
  UNIQUE KEY `UNQ_CORE_VARIABLE_CODE` (`code`)
) ENGINE=InnoDB DEFAULT CHARSET=utf8 COMMENT='Variables';

--
-- Dumping data for table `core_variable`
--


--
-- Table structure for table `core_variable_value`
--

CREATE TABLE `core_variable_value` (
  `value_id` int(10) unsigned NOT NULL AUTO_INCREMENT COMMENT 'Variable Value Id',
  `variable_id` int(10) unsigned NOT NULL DEFAULT '0' COMMENT 'Variable Id',
  `store_id` smallint(5) unsigned NOT NULL DEFAULT '0' COMMENT 'Store Id',
  `plain_value` text COMMENT 'Plain Text Value',
  `html_value` text COMMENT 'Html Value',
  PRIMARY KEY (`value_id`),
  UNIQUE KEY `UNQ_CORE_VARIABLE_VALUE_VARIABLE_ID_STORE_ID` (`variable_id`,`store_id`),
  KEY `IDX_CORE_VARIABLE_VALUE_VARIABLE_ID` (`variable_id`),
  KEY `IDX_CORE_VARIABLE_VALUE_STORE_ID` (`store_id`),
  CONSTRAINT `FK_CORE_VARIABLE_VALUE_STORE_ID_CORE_STORE_STORE_ID` FOREIGN KEY (`store_id`) REFERENCES `core_store` (`store_id`) ON DELETE CASCADE ON UPDATE CASCADE,
  CONSTRAINT `FK_CORE_VARIABLE_VALUE_VARIABLE_ID_CORE_VARIABLE_VARIABLE_ID` FOREIGN KEY (`variable_id`) REFERENCES `core_variable` (`variable_id`) ON DELETE CASCADE ON UPDATE CASCADE
) ENGINE=InnoDB DEFAULT CHARSET=utf8 COMMENT='Variable Value';

--
-- Dumping data for table `core_variable_value`
--


--
-- Table structure for table `core_website`
--

CREATE TABLE `core_website` (
  `website_id` smallint(5) unsigned NOT NULL AUTO_INCREMENT COMMENT 'Website Id',
  `code` varchar(32) DEFAULT NULL COMMENT 'Code',
  `name` varchar(64) DEFAULT NULL COMMENT 'Website Name',
  `sort_order` smallint(5) unsigned NOT NULL DEFAULT '0' COMMENT 'Sort Order',
  `default_group_id` smallint(5) unsigned NOT NULL DEFAULT '0' COMMENT 'Default Group Id',
  `is_default` smallint(5) unsigned DEFAULT '0' COMMENT 'Defines Is Website Default',
  PRIMARY KEY (`website_id`),
  UNIQUE KEY `UNQ_CORE_WEBSITE_CODE` (`code`),
  KEY `IDX_CORE_WEBSITE_SORT_ORDER` (`sort_order`),
  KEY `IDX_CORE_WEBSITE_DEFAULT_GROUP_ID` (`default_group_id`)
) ENGINE=InnoDB AUTO_INCREMENT=2 DEFAULT CHARSET=utf8 COMMENT='Websites';

--
-- Dumping data for table `core_website`
--

INSERT INTO `core_website` VALUES (0,'admin','Admin',0,0,0),(1,'base','Main Website',0,1,1);

--
-- Table structure for table `coupon_aggregated`
--

CREATE TABLE `coupon_aggregated` (
  `id` int(10) unsigned NOT NULL AUTO_INCREMENT COMMENT 'Id',
  `period` date NOT NULL COMMENT 'Period',
  `store_id` smallint(5) unsigned DEFAULT NULL COMMENT 'Store Id',
  `order_status` varchar(50) DEFAULT NULL COMMENT 'Order Status',
  `coupon_code` varchar(50) DEFAULT NULL COMMENT 'Coupon Code',
  `coupon_uses` int(11) NOT NULL DEFAULT '0' COMMENT 'Coupon Uses',
  `subtotal_amount` decimal(12,4) NOT NULL DEFAULT '0.0000' COMMENT 'Subtotal Amount',
  `discount_amount` decimal(12,4) NOT NULL DEFAULT '0.0000' COMMENT 'Discount Amount',
  `total_amount` decimal(12,4) NOT NULL DEFAULT '0.0000' COMMENT 'Total Amount',
  `subtotal_amount_actual` decimal(12,4) NOT NULL DEFAULT '0.0000' COMMENT 'Subtotal Amount Actual',
  `discount_amount_actual` decimal(12,4) NOT NULL DEFAULT '0.0000' COMMENT 'Discount Amount Actual',
  `total_amount_actual` decimal(12,4) NOT NULL DEFAULT '0.0000' COMMENT 'Total Amount Actual',
  `rule_name` varchar(255) DEFAULT NULL COMMENT 'Rule Name',
  PRIMARY KEY (`id`),
  UNIQUE KEY `UNQ_COUPON_AGGREGATED_PERIOD_STORE_ID_ORDER_STATUS_COUPON_CODE` (`period`,`store_id`,`order_status`,`coupon_code`),
  KEY `IDX_COUPON_AGGREGATED_STORE_ID` (`store_id`),
  KEY `IDX_COUPON_AGGREGATED_RULE_NAME` (`rule_name`),
  CONSTRAINT `FK_COUPON_AGGREGATED_STORE_ID_CORE_STORE_STORE_ID` FOREIGN KEY (`store_id`) REFERENCES `core_store` (`store_id`) ON DELETE CASCADE ON UPDATE CASCADE
) ENGINE=InnoDB DEFAULT CHARSET=utf8 COMMENT='Coupon Aggregated';

--
-- Dumping data for table `coupon_aggregated`
--


--
-- Table structure for table `coupon_aggregated_order`
--

CREATE TABLE `coupon_aggregated_order` (
  `id` int(10) unsigned NOT NULL AUTO_INCREMENT COMMENT 'Id',
  `period` date NOT NULL COMMENT 'Period',
  `store_id` smallint(5) unsigned DEFAULT NULL COMMENT 'Store Id',
  `order_status` varchar(50) DEFAULT NULL COMMENT 'Order Status',
  `coupon_code` varchar(50) DEFAULT NULL COMMENT 'Coupon Code',
  `coupon_uses` int(11) NOT NULL DEFAULT '0' COMMENT 'Coupon Uses',
  `subtotal_amount` decimal(12,4) NOT NULL DEFAULT '0.0000' COMMENT 'Subtotal Amount',
  `discount_amount` decimal(12,4) NOT NULL DEFAULT '0.0000' COMMENT 'Discount Amount',
  `total_amount` decimal(12,4) NOT NULL DEFAULT '0.0000' COMMENT 'Total Amount',
  `rule_name` varchar(255) DEFAULT NULL COMMENT 'Rule Name',
  PRIMARY KEY (`id`),
  UNIQUE KEY `UNQ_COUPON_AGGRED_ORDER_PERIOD_STORE_ID_ORDER_STS_COUPON_CODE` (`period`,`store_id`,`order_status`,`coupon_code`),
  KEY `IDX_COUPON_AGGREGATED_ORDER_STORE_ID` (`store_id`),
  KEY `IDX_COUPON_AGGREGATED_ORDER_RULE_NAME` (`rule_name`),
  CONSTRAINT `FK_COUPON_AGGREGATED_ORDER_STORE_ID_CORE_STORE_STORE_ID` FOREIGN KEY (`store_id`) REFERENCES `core_store` (`store_id`) ON DELETE CASCADE ON UPDATE CASCADE
) ENGINE=InnoDB DEFAULT CHARSET=utf8 COMMENT='Coupon Aggregated Order';

--
-- Dumping data for table `coupon_aggregated_order`
--


--
-- Table structure for table `coupon_aggregated_updated`
--

CREATE TABLE `coupon_aggregated_updated` (
  `id` int(10) unsigned NOT NULL AUTO_INCREMENT COMMENT 'Id',
  `period` date NOT NULL COMMENT 'Period',
  `store_id` smallint(5) unsigned DEFAULT NULL COMMENT 'Store Id',
  `order_status` varchar(50) DEFAULT NULL COMMENT 'Order Status',
  `coupon_code` varchar(50) DEFAULT NULL COMMENT 'Coupon Code',
  `coupon_uses` int(11) NOT NULL DEFAULT '0' COMMENT 'Coupon Uses',
  `subtotal_amount` decimal(12,4) NOT NULL DEFAULT '0.0000' COMMENT 'Subtotal Amount',
  `discount_amount` decimal(12,4) NOT NULL DEFAULT '0.0000' COMMENT 'Discount Amount',
  `total_amount` decimal(12,4) NOT NULL DEFAULT '0.0000' COMMENT 'Total Amount',
  `subtotal_amount_actual` decimal(12,4) NOT NULL DEFAULT '0.0000' COMMENT 'Subtotal Amount Actual',
  `discount_amount_actual` decimal(12,4) NOT NULL DEFAULT '0.0000' COMMENT 'Discount Amount Actual',
  `total_amount_actual` decimal(12,4) NOT NULL DEFAULT '0.0000' COMMENT 'Total Amount Actual',
  `rule_name` varchar(255) DEFAULT NULL COMMENT 'Rule Name',
  PRIMARY KEY (`id`),
  UNIQUE KEY `UNQ_COUPON_AGGRED_UPDATED_PERIOD_STORE_ID_ORDER_STS_COUPON_CODE` (`period`,`store_id`,`order_status`,`coupon_code`),
  KEY `IDX_COUPON_AGGREGATED_UPDATED_STORE_ID` (`store_id`),
  KEY `IDX_COUPON_AGGREGATED_UPDATED_RULE_NAME` (`rule_name`),
  CONSTRAINT `FK_COUPON_AGGREGATED_UPDATED_STORE_ID_CORE_STORE_STORE_ID` FOREIGN KEY (`store_id`) REFERENCES `core_store` (`store_id`) ON DELETE CASCADE ON UPDATE CASCADE
) ENGINE=InnoDB DEFAULT CHARSET=utf8 COMMENT='Coupon Aggregated Updated';

--
-- Dumping data for table `coupon_aggregated_updated`
--


--
-- Table structure for table `cron_schedule`
--

CREATE TABLE `cron_schedule` (
  `schedule_id` int(10) unsigned NOT NULL AUTO_INCREMENT COMMENT 'Schedule Id',
  `job_code` varchar(255) NOT NULL DEFAULT '0' COMMENT 'Job Code',
  `status` varchar(7) NOT NULL DEFAULT 'pending' COMMENT 'Status',
  `messages` text COMMENT 'Messages',
  `created_at` timestamp NOT NULL DEFAULT CURRENT_TIMESTAMP ON UPDATE CURRENT_TIMESTAMP COMMENT 'Created At',
  `scheduled_at` timestamp NULL DEFAULT NULL COMMENT 'Scheduled At',
  `executed_at` timestamp NULL DEFAULT NULL COMMENT 'Executed At',
  `finished_at` timestamp NULL DEFAULT NULL COMMENT 'Finished At',
  PRIMARY KEY (`schedule_id`),
  KEY `IDX_CRON_SCHEDULE_JOB_CODE` (`job_code`),
  KEY `IDX_CRON_SCHEDULE_SCHEDULED_AT_STATUS` (`scheduled_at`,`status`)
) ENGINE=InnoDB DEFAULT CHARSET=utf8 COMMENT='Cron Schedule';

--
-- Dumping data for table `cron_schedule`
--


--
-- Table structure for table `customer_address_entity`
--

CREATE TABLE `customer_address_entity` (
  `entity_id` int(10) unsigned NOT NULL AUTO_INCREMENT COMMENT 'Entity Id',
  `entity_type_id` smallint(5) unsigned NOT NULL DEFAULT '0' COMMENT 'Entity Type Id',
  `attribute_set_id` smallint(5) unsigned NOT NULL DEFAULT '0' COMMENT 'Attribute Set Id',
  `increment_id` varchar(50) DEFAULT NULL COMMENT 'Increment Id',
  `parent_id` int(10) unsigned DEFAULT NULL COMMENT 'Parent Id',
  `created_at` timestamp NOT NULL DEFAULT CURRENT_TIMESTAMP ON UPDATE CURRENT_TIMESTAMP COMMENT 'Created At',
  `updated_at` timestamp NOT NULL DEFAULT '0000-00-00 00:00:00' COMMENT 'Updated At',
  `is_active` smallint(5) unsigned NOT NULL DEFAULT '1' COMMENT 'Is Active',
  PRIMARY KEY (`entity_id`),
  KEY `IDX_CUSTOMER_ADDRESS_ENTITY_PARENT_ID` (`parent_id`),
  CONSTRAINT `FK_CUSTOMER_ADDRESS_ENTITY_PARENT_ID_CUSTOMER_ENTITY_ENTITY_ID` FOREIGN KEY (`parent_id`) REFERENCES `customer_entity` (`entity_id`) ON DELETE CASCADE ON UPDATE CASCADE
) ENGINE=InnoDB DEFAULT CHARSET=utf8 COMMENT='Customer Address Entity';

--
-- Dumping data for table `customer_address_entity`
--


--
-- Table structure for table `customer_address_entity_datetime`
--

CREATE TABLE `customer_address_entity_datetime` (
  `value_id` int(11) NOT NULL AUTO_INCREMENT COMMENT 'Value Id',
  `entity_type_id` smallint(5) unsigned NOT NULL DEFAULT '0' COMMENT 'Entity Type Id',
  `attribute_id` smallint(5) unsigned NOT NULL DEFAULT '0' COMMENT 'Attribute Id',
  `entity_id` int(10) unsigned NOT NULL DEFAULT '0' COMMENT 'Entity Id',
  `value` datetime NOT NULL DEFAULT '0000-00-00 00:00:00' COMMENT 'Value',
  PRIMARY KEY (`value_id`),
  UNIQUE KEY `UNQ_CUSTOMER_ADDRESS_ENTITY_DATETIME_ENTITY_ID_ATTRIBUTE_ID` (`entity_id`,`attribute_id`),
  KEY `IDX_CUSTOMER_ADDRESS_ENTITY_DATETIME_ENTITY_TYPE_ID` (`entity_type_id`),
  KEY `IDX_CUSTOMER_ADDRESS_ENTITY_DATETIME_ATTRIBUTE_ID` (`attribute_id`),
  KEY `IDX_CUSTOMER_ADDRESS_ENTITY_DATETIME_ENTITY_ID` (`entity_id`),
  KEY `IDX_CSTR_ADDR_ENTT_DTIME_ENTT_ID_ATTR_ID_VAL` (`entity_id`,`attribute_id`,`value`),
  CONSTRAINT `FK_CSTR_ADDR_ENTT_DTIME_ATTR_ID_EAV_ATTR_ATTR_ID` FOREIGN KEY (`attribute_id`) REFERENCES `eav_attribute` (`attribute_id`) ON DELETE CASCADE ON UPDATE CASCADE,
  CONSTRAINT `FK_CSTR_ADDR_ENTT_DTIME_ENTT_ID_CSTR_ADDR_ENTT_ENTT_ID` FOREIGN KEY (`entity_id`) REFERENCES `customer_address_entity` (`entity_id`) ON DELETE CASCADE ON UPDATE CASCADE,
  CONSTRAINT `FK_CSTR_ADDR_ENTT_DTIME_ENTT_TYPE_ID_EAV_ENTT_TYPE_ENTT_TYPE_ID` FOREIGN KEY (`entity_type_id`) REFERENCES `eav_entity_type` (`entity_type_id`) ON DELETE CASCADE ON UPDATE CASCADE
) ENGINE=InnoDB DEFAULT CHARSET=utf8 COMMENT='Customer Address Entity Datetime';

--
-- Dumping data for table `customer_address_entity_datetime`
--


--
-- Table structure for table `customer_address_entity_decimal`
--

CREATE TABLE `customer_address_entity_decimal` (
  `value_id` int(11) NOT NULL AUTO_INCREMENT COMMENT 'Value Id',
  `entity_type_id` smallint(5) unsigned NOT NULL DEFAULT '0' COMMENT 'Entity Type Id',
  `attribute_id` smallint(5) unsigned NOT NULL DEFAULT '0' COMMENT 'Attribute Id',
  `entity_id` int(10) unsigned NOT NULL DEFAULT '0' COMMENT 'Entity Id',
  `value` decimal(12,4) NOT NULL DEFAULT '0.0000' COMMENT 'Value',
  PRIMARY KEY (`value_id`),
  UNIQUE KEY `UNQ_CUSTOMER_ADDRESS_ENTITY_DECIMAL_ENTITY_ID_ATTRIBUTE_ID` (`entity_id`,`attribute_id`),
  KEY `IDX_CUSTOMER_ADDRESS_ENTITY_DECIMAL_ENTITY_TYPE_ID` (`entity_type_id`),
  KEY `IDX_CUSTOMER_ADDRESS_ENTITY_DECIMAL_ATTRIBUTE_ID` (`attribute_id`),
  KEY `IDX_CUSTOMER_ADDRESS_ENTITY_DECIMAL_ENTITY_ID` (`entity_id`),
  KEY `IDX_CUSTOMER_ADDRESS_ENTITY_DECIMAL_ENTITY_ID_ATTRIBUTE_ID_VALUE` (`entity_id`,`attribute_id`,`value`),
  CONSTRAINT `FK_CSTR_ADDR_ENTT_DEC_ATTR_ID_EAV_ATTR_ATTR_ID` FOREIGN KEY (`attribute_id`) REFERENCES `eav_attribute` (`attribute_id`) ON DELETE CASCADE ON UPDATE CASCADE,
  CONSTRAINT `FK_CSTR_ADDR_ENTT_DEC_ENTT_ID_CSTR_ADDR_ENTT_ENTT_ID` FOREIGN KEY (`entity_id`) REFERENCES `customer_address_entity` (`entity_id`) ON DELETE CASCADE ON UPDATE CASCADE,
  CONSTRAINT `FK_CSTR_ADDR_ENTT_DEC_ENTT_TYPE_ID_EAV_ENTT_TYPE_ENTT_TYPE_ID` FOREIGN KEY (`entity_type_id`) REFERENCES `eav_entity_type` (`entity_type_id`) ON DELETE CASCADE ON UPDATE CASCADE
) ENGINE=InnoDB DEFAULT CHARSET=utf8 COMMENT='Customer Address Entity Decimal';

--
-- Dumping data for table `customer_address_entity_decimal`
--


--
-- Table structure for table `customer_address_entity_int`
--

CREATE TABLE `customer_address_entity_int` (
  `value_id` int(11) NOT NULL AUTO_INCREMENT COMMENT 'Value Id',
  `entity_type_id` smallint(5) unsigned NOT NULL DEFAULT '0' COMMENT 'Entity Type Id',
  `attribute_id` smallint(5) unsigned NOT NULL DEFAULT '0' COMMENT 'Attribute Id',
  `entity_id` int(10) unsigned NOT NULL DEFAULT '0' COMMENT 'Entity Id',
  `value` int(11) NOT NULL DEFAULT '0' COMMENT 'Value',
  PRIMARY KEY (`value_id`),
  UNIQUE KEY `UNQ_CUSTOMER_ADDRESS_ENTITY_INT_ENTITY_ID_ATTRIBUTE_ID` (`entity_id`,`attribute_id`),
  KEY `IDX_CUSTOMER_ADDRESS_ENTITY_INT_ENTITY_TYPE_ID` (`entity_type_id`),
  KEY `IDX_CUSTOMER_ADDRESS_ENTITY_INT_ATTRIBUTE_ID` (`attribute_id`),
  KEY `IDX_CUSTOMER_ADDRESS_ENTITY_INT_ENTITY_ID` (`entity_id`),
  KEY `IDX_CUSTOMER_ADDRESS_ENTITY_INT_ENTITY_ID_ATTRIBUTE_ID_VALUE` (`entity_id`,`attribute_id`,`value`),
  CONSTRAINT `FK_CSTR_ADDR_ENTT_INT_ATTR_ID_EAV_ATTR_ATTR_ID` FOREIGN KEY (`attribute_id`) REFERENCES `eav_attribute` (`attribute_id`) ON DELETE CASCADE ON UPDATE CASCADE,
  CONSTRAINT `FK_CSTR_ADDR_ENTT_INT_ENTT_ID_CSTR_ADDR_ENTT_ENTT_ID` FOREIGN KEY (`entity_id`) REFERENCES `customer_address_entity` (`entity_id`) ON DELETE CASCADE ON UPDATE CASCADE,
  CONSTRAINT `FK_CSTR_ADDR_ENTT_INT_ENTT_TYPE_ID_EAV_ENTT_TYPE_ENTT_TYPE_ID` FOREIGN KEY (`entity_type_id`) REFERENCES `eav_entity_type` (`entity_type_id`) ON DELETE CASCADE ON UPDATE CASCADE
) ENGINE=InnoDB DEFAULT CHARSET=utf8 COMMENT='Customer Address Entity Int';

--
-- Dumping data for table `customer_address_entity_int`
--


--
-- Table structure for table `customer_address_entity_text`
--

CREATE TABLE `customer_address_entity_text` (
  `value_id` int(11) NOT NULL AUTO_INCREMENT COMMENT 'Value Id',
  `entity_type_id` smallint(5) unsigned NOT NULL DEFAULT '0' COMMENT 'Entity Type Id',
  `attribute_id` smallint(5) unsigned NOT NULL DEFAULT '0' COMMENT 'Attribute Id',
  `entity_id` int(10) unsigned NOT NULL DEFAULT '0' COMMENT 'Entity Id',
  `value` text NOT NULL COMMENT 'Value',
  PRIMARY KEY (`value_id`),
  UNIQUE KEY `UNQ_CUSTOMER_ADDRESS_ENTITY_TEXT_ENTITY_ID_ATTRIBUTE_ID` (`entity_id`,`attribute_id`),
  KEY `IDX_CUSTOMER_ADDRESS_ENTITY_TEXT_ENTITY_TYPE_ID` (`entity_type_id`),
  KEY `IDX_CUSTOMER_ADDRESS_ENTITY_TEXT_ATTRIBUTE_ID` (`attribute_id`),
  KEY `IDX_CUSTOMER_ADDRESS_ENTITY_TEXT_ENTITY_ID` (`entity_id`),
  CONSTRAINT `FK_CSTR_ADDR_ENTT_TEXT_ATTR_ID_EAV_ATTR_ATTR_ID` FOREIGN KEY (`attribute_id`) REFERENCES `eav_attribute` (`attribute_id`) ON DELETE CASCADE ON UPDATE CASCADE,
  CONSTRAINT `FK_CSTR_ADDR_ENTT_TEXT_ENTT_ID_CSTR_ADDR_ENTT_ENTT_ID` FOREIGN KEY (`entity_id`) REFERENCES `customer_address_entity` (`entity_id`) ON DELETE CASCADE ON UPDATE CASCADE,
  CONSTRAINT `FK_CSTR_ADDR_ENTT_TEXT_ENTT_TYPE_ID_EAV_ENTT_TYPE_ENTT_TYPE_ID` FOREIGN KEY (`entity_type_id`) REFERENCES `eav_entity_type` (`entity_type_id`) ON DELETE CASCADE ON UPDATE CASCADE
) ENGINE=InnoDB DEFAULT CHARSET=utf8 COMMENT='Customer Address Entity Text';

--
-- Dumping data for table `customer_address_entity_text`
--


--
-- Table structure for table `customer_address_entity_varchar`
--

CREATE TABLE `customer_address_entity_varchar` (
  `value_id` int(11) NOT NULL AUTO_INCREMENT COMMENT 'Value Id',
  `entity_type_id` smallint(5) unsigned NOT NULL DEFAULT '0' COMMENT 'Entity Type Id',
  `attribute_id` smallint(5) unsigned NOT NULL DEFAULT '0' COMMENT 'Attribute Id',
  `entity_id` int(10) unsigned NOT NULL DEFAULT '0' COMMENT 'Entity Id',
  `value` varchar(255) DEFAULT NULL COMMENT 'Value',
  PRIMARY KEY (`value_id`),
  UNIQUE KEY `UNQ_CUSTOMER_ADDRESS_ENTITY_VARCHAR_ENTITY_ID_ATTRIBUTE_ID` (`entity_id`,`attribute_id`),
  KEY `IDX_CUSTOMER_ADDRESS_ENTITY_VARCHAR_ENTITY_TYPE_ID` (`entity_type_id`),
  KEY `IDX_CUSTOMER_ADDRESS_ENTITY_VARCHAR_ATTRIBUTE_ID` (`attribute_id`),
  KEY `IDX_CUSTOMER_ADDRESS_ENTITY_VARCHAR_ENTITY_ID` (`entity_id`),
  KEY `IDX_CUSTOMER_ADDRESS_ENTITY_VARCHAR_ENTITY_ID_ATTRIBUTE_ID_VALUE` (`entity_id`,`attribute_id`,`value`),
  CONSTRAINT `FK_CSTR_ADDR_ENTT_VCHR_ATTR_ID_EAV_ATTR_ATTR_ID` FOREIGN KEY (`attribute_id`) REFERENCES `eav_attribute` (`attribute_id`) ON DELETE CASCADE ON UPDATE CASCADE,
  CONSTRAINT `FK_CSTR_ADDR_ENTT_VCHR_ENTT_ID_CSTR_ADDR_ENTT_ENTT_ID` FOREIGN KEY (`entity_id`) REFERENCES `customer_address_entity` (`entity_id`) ON DELETE CASCADE ON UPDATE CASCADE,
  CONSTRAINT `FK_CSTR_ADDR_ENTT_VCHR_ENTT_TYPE_ID_EAV_ENTT_TYPE_ENTT_TYPE_ID` FOREIGN KEY (`entity_type_id`) REFERENCES `eav_entity_type` (`entity_type_id`) ON DELETE CASCADE ON UPDATE CASCADE
) ENGINE=InnoDB DEFAULT CHARSET=utf8 COMMENT='Customer Address Entity Varchar';

--
-- Dumping data for table `customer_address_entity_varchar`
--


--
-- Table structure for table `customer_eav_attribute`
--

CREATE TABLE `customer_eav_attribute` (
  `attribute_id` smallint(5) unsigned NOT NULL COMMENT 'Attribute Id',
  `is_visible` smallint(5) unsigned NOT NULL DEFAULT '1' COMMENT 'Is Visible',
  `input_filter` varchar(255) DEFAULT NULL COMMENT 'Input Filter',
  `multiline_count` smallint(5) unsigned NOT NULL DEFAULT '1' COMMENT 'Multiline Count',
  `validate_rules` text COMMENT 'Validate Rules',
  `is_system` smallint(5) unsigned NOT NULL DEFAULT '0' COMMENT 'Is System',
  `sort_order` int(10) unsigned NOT NULL DEFAULT '0' COMMENT 'Sort Order',
  `data_model` varchar(255) DEFAULT NULL COMMENT 'Data Model',
  PRIMARY KEY (`attribute_id`),
  CONSTRAINT `FK_CSTR_EAV_ATTR_ATTR_ID_EAV_ATTR_ATTR_ID` FOREIGN KEY (`attribute_id`) REFERENCES `eav_attribute` (`attribute_id`) ON DELETE CASCADE ON UPDATE CASCADE
) ENGINE=InnoDB DEFAULT CHARSET=utf8 COMMENT='Customer Eav Attribute';

--
-- Dumping data for table `customer_eav_attribute`
--

INSERT INTO `customer_eav_attribute` VALUES (1,1,NULL,0,NULL,1,10,NULL),(2,0,NULL,0,NULL,1,0,NULL),(3,1,NULL,0,NULL,1,20,NULL),(4,0,NULL,0,NULL,0,30,NULL),(5,1,NULL,0,'a:2:{s:15:\"max_text_length\";i:255;s:15:\"min_text_length\";i:1;}',1,40,NULL),(6,0,NULL,0,NULL,0,50,NULL),(7,1,NULL,0,'a:2:{s:15:\"max_text_length\";i:255;s:15:\"min_text_length\";i:1;}',1,60,NULL),(8,0,NULL,0,NULL,0,70,NULL),(9,1,NULL,0,'a:1:{s:16:\"input_validation\";s:5:\"email\";}',1,80,NULL),(10,1,NULL,0,NULL,1,25,NULL),(11,0,'date',0,'a:1:{s:16:\"input_validation\";s:4:\"date\";}',0,90,NULL),(12,0,NULL,0,NULL,1,0,NULL),(13,0,NULL,0,NULL,1,0,NULL),(14,0,NULL,0,NULL,1,0,NULL),(15,0,NULL,0,'a:1:{s:15:\"max_text_length\";i:255;}',0,100,NULL),(16,0,NULL,0,NULL,1,0,NULL),(17,0,NULL,0,NULL,0,0,NULL),(18,0,NULL,0,'a:0:{}',0,110,NULL),(19,0,NULL,0,NULL,0,10,NULL),(20,1,NULL,0,'a:2:{s:15:\"max_text_length\";i:255;s:15:\"min_text_length\";i:1;}',1,20,NULL),(21,0,NULL,0,NULL,0,30,NULL),(22,1,NULL,0,'a:2:{s:15:\"max_text_length\";i:255;s:15:\"min_text_length\";i:1;}',1,40,NULL),(23,0,NULL,0,NULL,0,50,NULL),(24,1,NULL,0,'a:2:{s:15:\"max_text_length\";i:255;s:15:\"min_text_length\";i:1;}',1,60,NULL),(25,1,NULL,2,'a:2:{s:15:\"max_text_length\";i:255;s:15:\"min_text_length\";i:1;}',1,70,NULL),(26,1,NULL,0,'a:2:{s:15:\"max_text_length\";i:255;s:15:\"min_text_length\";i:1;}',1,80,NULL),(27,1,NULL,0,NULL,1,90,NULL),(28,1,NULL,0,NULL,1,100,NULL),(29,1,NULL,0,NULL,1,100,NULL),(30,1,NULL,0,'a:0:{}',1,110,'customer/attribute_data_postcode'),(31,1,NULL,0,'a:2:{s:15:\"max_text_length\";i:255;s:15:\"min_text_length\";i:1;}',1,120,NULL),(32,1,NULL,0,'a:2:{s:15:\"max_text_length\";i:255;s:15:\"min_text_length\";i:1;}',1,130,NULL),(33,0,NULL,0,NULL,1,0,NULL),(34,0,NULL,0,'a:1:{s:16:\"input_validation\";s:4:\"date\";}',1,0,NULL),(35,1,NULL,0,NULL,1,28,NULL),(36,1,NULL,0,NULL,1,140,NULL),(37,0,NULL,0,NULL,1,0,NULL),(38,0,NULL,0,NULL,1,0,NULL),(39,0,NULL,0,NULL,1,0,NULL),(40,0,NULL,0,NULL,1,0,NULL);

--
-- Table structure for table `customer_eav_attribute_website`
--

CREATE TABLE `customer_eav_attribute_website` (
  `attribute_id` smallint(5) unsigned NOT NULL COMMENT 'Attribute Id',
  `website_id` smallint(5) unsigned NOT NULL COMMENT 'Website Id',
  `is_visible` smallint(5) unsigned DEFAULT NULL COMMENT 'Is Visible',
  `is_required` smallint(5) unsigned DEFAULT NULL COMMENT 'Is Required',
  `default_value` text COMMENT 'Default Value',
  `multiline_count` smallint(5) unsigned DEFAULT NULL COMMENT 'Multiline Count',
  PRIMARY KEY (`attribute_id`,`website_id`),
  KEY `IDX_CUSTOMER_EAV_ATTRIBUTE_WEBSITE_WEBSITE_ID` (`website_id`),
  CONSTRAINT `FK_CSTR_EAV_ATTR_WS_ATTR_ID_EAV_ATTR_ATTR_ID` FOREIGN KEY (`attribute_id`) REFERENCES `eav_attribute` (`attribute_id`) ON DELETE CASCADE ON UPDATE CASCADE,
  CONSTRAINT `FK_CSTR_EAV_ATTR_WS_WS_ID_CORE_WS_WS_ID` FOREIGN KEY (`website_id`) REFERENCES `core_website` (`website_id`) ON DELETE CASCADE ON UPDATE CASCADE
) ENGINE=InnoDB DEFAULT CHARSET=utf8 COMMENT='Customer Eav Attribute Website';

--
-- Dumping data for table `customer_eav_attribute_website`
--


--
-- Table structure for table `customer_entity`
--

CREATE TABLE `customer_entity` (
  `entity_id` int(10) unsigned NOT NULL AUTO_INCREMENT COMMENT 'Entity Id',
  `entity_type_id` smallint(5) unsigned NOT NULL DEFAULT '0' COMMENT 'Entity Type Id',
  `attribute_set_id` smallint(5) unsigned NOT NULL DEFAULT '0' COMMENT 'Attribute Set Id',
  `website_id` smallint(5) unsigned DEFAULT NULL COMMENT 'Website Id',
  `email` varchar(255) DEFAULT NULL COMMENT 'Email',
  `group_id` smallint(5) unsigned NOT NULL DEFAULT '0' COMMENT 'Group Id',
  `increment_id` varchar(50) DEFAULT NULL COMMENT 'Increment Id',
  `store_id` smallint(5) unsigned DEFAULT '0' COMMENT 'Store Id',
  `created_at` timestamp NOT NULL DEFAULT CURRENT_TIMESTAMP ON UPDATE CURRENT_TIMESTAMP COMMENT 'Created At',
  `updated_at` timestamp NOT NULL DEFAULT '0000-00-00 00:00:00' COMMENT 'Updated At',
  `is_active` smallint(5) unsigned NOT NULL DEFAULT '1' COMMENT 'Is Active',
  `disable_auto_group_change` smallint(5) unsigned NOT NULL DEFAULT '0' COMMENT 'Disable automatic group change based on VAT ID',
  PRIMARY KEY (`entity_id`),
  KEY `IDX_CUSTOMER_ENTITY_STORE_ID` (`store_id`),
  KEY `IDX_CUSTOMER_ENTITY_ENTITY_TYPE_ID` (`entity_type_id`),
  KEY `IDX_CUSTOMER_ENTITY_EMAIL_WEBSITE_ID` (`email`,`website_id`),
  KEY `IDX_CUSTOMER_ENTITY_WEBSITE_ID` (`website_id`),
  CONSTRAINT `FK_CUSTOMER_ENTITY_STORE_ID_CORE_STORE_STORE_ID` FOREIGN KEY (`store_id`) REFERENCES `core_store` (`store_id`) ON DELETE SET NULL ON UPDATE CASCADE,
  CONSTRAINT `FK_CUSTOMER_ENTITY_WEBSITE_ID_CORE_WEBSITE_WEBSITE_ID` FOREIGN KEY (`website_id`) REFERENCES `core_website` (`website_id`) ON DELETE SET NULL ON UPDATE CASCADE
) ENGINE=InnoDB DEFAULT CHARSET=utf8 COMMENT='Customer Entity';

--
-- Dumping data for table `customer_entity`
--


--
-- Table structure for table `customer_entity_datetime`
--

CREATE TABLE `customer_entity_datetime` (
  `value_id` int(11) NOT NULL AUTO_INCREMENT COMMENT 'Value Id',
  `entity_type_id` smallint(5) unsigned NOT NULL DEFAULT '0' COMMENT 'Entity Type Id',
  `attribute_id` smallint(5) unsigned NOT NULL DEFAULT '0' COMMENT 'Attribute Id',
  `entity_id` int(10) unsigned NOT NULL DEFAULT '0' COMMENT 'Entity Id',
  `value` datetime NOT NULL DEFAULT '0000-00-00 00:00:00' COMMENT 'Value',
  PRIMARY KEY (`value_id`),
  UNIQUE KEY `UNQ_CUSTOMER_ENTITY_DATETIME_ENTITY_ID_ATTRIBUTE_ID` (`entity_id`,`attribute_id`),
  KEY `IDX_CUSTOMER_ENTITY_DATETIME_ENTITY_TYPE_ID` (`entity_type_id`),
  KEY `IDX_CUSTOMER_ENTITY_DATETIME_ATTRIBUTE_ID` (`attribute_id`),
  KEY `IDX_CUSTOMER_ENTITY_DATETIME_ENTITY_ID` (`entity_id`),
  KEY `IDX_CUSTOMER_ENTITY_DATETIME_ENTITY_ID_ATTRIBUTE_ID_VALUE` (`entity_id`,`attribute_id`,`value`),
  CONSTRAINT `FK_CSTR_ENTT_DTIME_ATTR_ID_EAV_ATTR_ATTR_ID` FOREIGN KEY (`attribute_id`) REFERENCES `eav_attribute` (`attribute_id`) ON DELETE CASCADE ON UPDATE CASCADE,
  CONSTRAINT `FK_CSTR_ENTT_DTIME_ENTT_TYPE_ID_EAV_ENTT_TYPE_ENTT_TYPE_ID` FOREIGN KEY (`entity_type_id`) REFERENCES `eav_entity_type` (`entity_type_id`) ON DELETE CASCADE ON UPDATE CASCADE,
  CONSTRAINT `FK_CUSTOMER_ENTITY_DATETIME_ENTITY_ID_CUSTOMER_ENTITY_ENTITY_ID` FOREIGN KEY (`entity_id`) REFERENCES `customer_entity` (`entity_id`) ON DELETE CASCADE ON UPDATE CASCADE
) ENGINE=InnoDB DEFAULT CHARSET=utf8 COMMENT='Customer Entity Datetime';

--
-- Dumping data for table `customer_entity_datetime`
--


--
-- Table structure for table `customer_entity_decimal`
--

CREATE TABLE `customer_entity_decimal` (
  `value_id` int(11) NOT NULL AUTO_INCREMENT COMMENT 'Value Id',
  `entity_type_id` smallint(5) unsigned NOT NULL DEFAULT '0' COMMENT 'Entity Type Id',
  `attribute_id` smallint(5) unsigned NOT NULL DEFAULT '0' COMMENT 'Attribute Id',
  `entity_id` int(10) unsigned NOT NULL DEFAULT '0' COMMENT 'Entity Id',
  `value` decimal(12,4) NOT NULL DEFAULT '0.0000' COMMENT 'Value',
  PRIMARY KEY (`value_id`),
  UNIQUE KEY `UNQ_CUSTOMER_ENTITY_DECIMAL_ENTITY_ID_ATTRIBUTE_ID` (`entity_id`,`attribute_id`),
  KEY `IDX_CUSTOMER_ENTITY_DECIMAL_ENTITY_TYPE_ID` (`entity_type_id`),
  KEY `IDX_CUSTOMER_ENTITY_DECIMAL_ATTRIBUTE_ID` (`attribute_id`),
  KEY `IDX_CUSTOMER_ENTITY_DECIMAL_ENTITY_ID` (`entity_id`),
  KEY `IDX_CUSTOMER_ENTITY_DECIMAL_ENTITY_ID_ATTRIBUTE_ID_VALUE` (`entity_id`,`attribute_id`,`value`),
  CONSTRAINT `FK_CSTR_ENTT_DEC_ATTR_ID_EAV_ATTR_ATTR_ID` FOREIGN KEY (`attribute_id`) REFERENCES `eav_attribute` (`attribute_id`) ON DELETE CASCADE ON UPDATE CASCADE,
  CONSTRAINT `FK_CSTR_ENTT_DEC_ENTT_TYPE_ID_EAV_ENTT_TYPE_ENTT_TYPE_ID` FOREIGN KEY (`entity_type_id`) REFERENCES `eav_entity_type` (`entity_type_id`) ON DELETE CASCADE ON UPDATE CASCADE,
  CONSTRAINT `FK_CUSTOMER_ENTITY_DECIMAL_ENTITY_ID_CUSTOMER_ENTITY_ENTITY_ID` FOREIGN KEY (`entity_id`) REFERENCES `customer_entity` (`entity_id`) ON DELETE CASCADE ON UPDATE CASCADE
) ENGINE=InnoDB DEFAULT CHARSET=utf8 COMMENT='Customer Entity Decimal';

--
-- Dumping data for table `customer_entity_decimal`
--


--
-- Table structure for table `customer_entity_int`
--

CREATE TABLE `customer_entity_int` (
  `value_id` int(11) NOT NULL AUTO_INCREMENT COMMENT 'Value Id',
  `entity_type_id` smallint(5) unsigned NOT NULL DEFAULT '0' COMMENT 'Entity Type Id',
  `attribute_id` smallint(5) unsigned NOT NULL DEFAULT '0' COMMENT 'Attribute Id',
  `entity_id` int(10) unsigned NOT NULL DEFAULT '0' COMMENT 'Entity Id',
  `value` int(11) NOT NULL DEFAULT '0' COMMENT 'Value',
  PRIMARY KEY (`value_id`),
  UNIQUE KEY `UNQ_CUSTOMER_ENTITY_INT_ENTITY_ID_ATTRIBUTE_ID` (`entity_id`,`attribute_id`),
  KEY `IDX_CUSTOMER_ENTITY_INT_ENTITY_TYPE_ID` (`entity_type_id`),
  KEY `IDX_CUSTOMER_ENTITY_INT_ATTRIBUTE_ID` (`attribute_id`),
  KEY `IDX_CUSTOMER_ENTITY_INT_ENTITY_ID` (`entity_id`),
  KEY `IDX_CUSTOMER_ENTITY_INT_ENTITY_ID_ATTRIBUTE_ID_VALUE` (`entity_id`,`attribute_id`,`value`),
  CONSTRAINT `FK_CSTR_ENTT_INT_ENTT_TYPE_ID_EAV_ENTT_TYPE_ENTT_TYPE_ID` FOREIGN KEY (`entity_type_id`) REFERENCES `eav_entity_type` (`entity_type_id`) ON DELETE CASCADE ON UPDATE CASCADE,
  CONSTRAINT `FK_CUSTOMER_ENTITY_INT_ATTRIBUTE_ID_EAV_ATTRIBUTE_ATTRIBUTE_ID` FOREIGN KEY (`attribute_id`) REFERENCES `eav_attribute` (`attribute_id`) ON DELETE CASCADE ON UPDATE CASCADE,
  CONSTRAINT `FK_CUSTOMER_ENTITY_INT_ENTITY_ID_CUSTOMER_ENTITY_ENTITY_ID` FOREIGN KEY (`entity_id`) REFERENCES `customer_entity` (`entity_id`) ON DELETE CASCADE ON UPDATE CASCADE
) ENGINE=InnoDB DEFAULT CHARSET=utf8 COMMENT='Customer Entity Int';

--
-- Dumping data for table `customer_entity_int`
--


--
-- Table structure for table `customer_entity_text`
--

CREATE TABLE `customer_entity_text` (
  `value_id` int(11) NOT NULL AUTO_INCREMENT COMMENT 'Value Id',
  `entity_type_id` smallint(5) unsigned NOT NULL DEFAULT '0' COMMENT 'Entity Type Id',
  `attribute_id` smallint(5) unsigned NOT NULL DEFAULT '0' COMMENT 'Attribute Id',
  `entity_id` int(10) unsigned NOT NULL DEFAULT '0' COMMENT 'Entity Id',
  `value` text NOT NULL COMMENT 'Value',
  PRIMARY KEY (`value_id`),
  UNIQUE KEY `UNQ_CUSTOMER_ENTITY_TEXT_ENTITY_ID_ATTRIBUTE_ID` (`entity_id`,`attribute_id`),
  KEY `IDX_CUSTOMER_ENTITY_TEXT_ENTITY_TYPE_ID` (`entity_type_id`),
  KEY `IDX_CUSTOMER_ENTITY_TEXT_ATTRIBUTE_ID` (`attribute_id`),
  KEY `IDX_CUSTOMER_ENTITY_TEXT_ENTITY_ID` (`entity_id`),
  CONSTRAINT `FK_CSTR_ENTT_TEXT_ENTT_TYPE_ID_EAV_ENTT_TYPE_ENTT_TYPE_ID` FOREIGN KEY (`entity_type_id`) REFERENCES `eav_entity_type` (`entity_type_id`) ON DELETE CASCADE ON UPDATE CASCADE,
  CONSTRAINT `FK_CUSTOMER_ENTITY_TEXT_ATTRIBUTE_ID_EAV_ATTRIBUTE_ATTRIBUTE_ID` FOREIGN KEY (`attribute_id`) REFERENCES `eav_attribute` (`attribute_id`) ON DELETE CASCADE ON UPDATE CASCADE,
  CONSTRAINT `FK_CUSTOMER_ENTITY_TEXT_ENTITY_ID_CUSTOMER_ENTITY_ENTITY_ID` FOREIGN KEY (`entity_id`) REFERENCES `customer_entity` (`entity_id`) ON DELETE CASCADE ON UPDATE CASCADE
) ENGINE=InnoDB DEFAULT CHARSET=utf8 COMMENT='Customer Entity Text';

--
-- Dumping data for table `customer_entity_text`
--


--
-- Table structure for table `customer_entity_varchar`
--

CREATE TABLE `customer_entity_varchar` (
  `value_id` int(11) NOT NULL AUTO_INCREMENT COMMENT 'Value Id',
  `entity_type_id` smallint(5) unsigned NOT NULL DEFAULT '0' COMMENT 'Entity Type Id',
  `attribute_id` smallint(5) unsigned NOT NULL DEFAULT '0' COMMENT 'Attribute Id',
  `entity_id` int(10) unsigned NOT NULL DEFAULT '0' COMMENT 'Entity Id',
  `value` varchar(255) DEFAULT NULL COMMENT 'Value',
  PRIMARY KEY (`value_id`),
  UNIQUE KEY `UNQ_CUSTOMER_ENTITY_VARCHAR_ENTITY_ID_ATTRIBUTE_ID` (`entity_id`,`attribute_id`),
  KEY `IDX_CUSTOMER_ENTITY_VARCHAR_ENTITY_TYPE_ID` (`entity_type_id`),
  KEY `IDX_CUSTOMER_ENTITY_VARCHAR_ATTRIBUTE_ID` (`attribute_id`),
  KEY `IDX_CUSTOMER_ENTITY_VARCHAR_ENTITY_ID` (`entity_id`),
  KEY `IDX_CUSTOMER_ENTITY_VARCHAR_ENTITY_ID_ATTRIBUTE_ID_VALUE` (`entity_id`,`attribute_id`,`value`),
  CONSTRAINT `FK_CSTR_ENTT_VCHR_ATTR_ID_EAV_ATTR_ATTR_ID` FOREIGN KEY (`attribute_id`) REFERENCES `eav_attribute` (`attribute_id`) ON DELETE CASCADE ON UPDATE CASCADE,
  CONSTRAINT `FK_CSTR_ENTT_VCHR_ENTT_TYPE_ID_EAV_ENTT_TYPE_ENTT_TYPE_ID` FOREIGN KEY (`entity_type_id`) REFERENCES `eav_entity_type` (`entity_type_id`) ON DELETE CASCADE ON UPDATE CASCADE,
  CONSTRAINT `FK_CUSTOMER_ENTITY_VARCHAR_ENTITY_ID_CUSTOMER_ENTITY_ENTITY_ID` FOREIGN KEY (`entity_id`) REFERENCES `customer_entity` (`entity_id`) ON DELETE CASCADE ON UPDATE CASCADE
) ENGINE=InnoDB DEFAULT CHARSET=utf8 COMMENT='Customer Entity Varchar';

--
-- Dumping data for table `customer_entity_varchar`
--


--
-- Table structure for table `customer_form_attribute`
--

CREATE TABLE `customer_form_attribute` (
  `form_code` varchar(32) NOT NULL COMMENT 'Form Code',
  `attribute_id` smallint(5) unsigned NOT NULL COMMENT 'Attribute Id',
  PRIMARY KEY (`form_code`,`attribute_id`),
  KEY `IDX_CUSTOMER_FORM_ATTRIBUTE_ATTRIBUTE_ID` (`attribute_id`),
  CONSTRAINT `FK_CSTR_FORM_ATTR_ATTR_ID_EAV_ATTR_ATTR_ID` FOREIGN KEY (`attribute_id`) REFERENCES `eav_attribute` (`attribute_id`) ON DELETE CASCADE ON UPDATE CASCADE
) ENGINE=InnoDB DEFAULT CHARSET=utf8 COMMENT='Customer Form Attribute';

--
-- Dumping data for table `customer_form_attribute`
--

INSERT INTO `customer_form_attribute` VALUES ('adminhtml_customer',1),('adminhtml_customer',3),('adminhtml_customer',4),('checkout_register',4),('customer_account_create',4),('customer_account_edit',4),('adminhtml_customer',5),('checkout_register',5),('customer_account_create',5),('customer_account_edit',5),('adminhtml_customer',6),('checkout_register',6),('customer_account_create',6),('customer_account_edit',6),('adminhtml_customer',7),('checkout_register',7),('customer_account_create',7),('customer_account_edit',7),('adminhtml_customer',8),('checkout_register',8),('customer_account_create',8),('customer_account_edit',8),('adminhtml_checkout',9),('adminhtml_customer',9),('checkout_register',9),('customer_account_create',9),('customer_account_edit',9),('adminhtml_checkout',10),('adminhtml_customer',10),('adminhtml_checkout',11),('adminhtml_customer',11),('checkout_register',11),('customer_account_create',11),('customer_account_edit',11),('adminhtml_checkout',15),('adminhtml_customer',15),('checkout_register',15),('customer_account_create',15),('customer_account_edit',15),('adminhtml_customer',17),('checkout_register',17),('customer_account_create',17),('customer_account_edit',17),('adminhtml_checkout',18),('adminhtml_customer',18),('checkout_register',18),('customer_account_create',18),('customer_account_edit',18),('adminhtml_customer_address',19),('customer_address_edit',19),('customer_register_address',19),('adminhtml_customer_address',20),('customer_address_edit',20),('customer_register_address',20),('adminhtml_customer_address',21),('customer_address_edit',21),('customer_register_address',21),('adminhtml_customer_address',22),('customer_address_edit',22),('customer_register_address',22),('adminhtml_customer_address',23),('customer_address_edit',23),('customer_register_address',23),('adminhtml_customer_address',24),('customer_address_edit',24),('customer_register_address',24),('adminhtml_customer_address',25),('customer_address_edit',25),('customer_register_address',25),('adminhtml_customer_address',26),('customer_address_edit',26),('customer_register_address',26),('adminhtml_customer_address',27),('customer_address_edit',27),('customer_register_address',27),('adminhtml_customer_address',28),('customer_address_edit',28),('customer_register_address',28),('adminhtml_customer_address',29),('customer_address_edit',29),('customer_register_address',29),('adminhtml_customer_address',30),('customer_address_edit',30),('customer_register_address',30),('adminhtml_customer_address',31),('customer_address_edit',31),('customer_register_address',31),('adminhtml_customer_address',32),('customer_address_edit',32),('customer_register_address',32),('adminhtml_customer',35),('adminhtml_customer_address',36),('customer_address_edit',36),('customer_register_address',36);

--
-- Table structure for table `customer_group`
--

CREATE TABLE `customer_group` (
  `customer_group_id` smallint(5) unsigned NOT NULL AUTO_INCREMENT COMMENT 'Customer Group Id',
  `customer_group_code` varchar(32) NOT NULL COMMENT 'Customer Group Code',
  `tax_class_id` int(10) unsigned NOT NULL DEFAULT '0' COMMENT 'Tax Class Id',
  PRIMARY KEY (`customer_group_id`)
) ENGINE=InnoDB AUTO_INCREMENT=4 DEFAULT CHARSET=utf8 COMMENT='Customer Group';

--
-- Dumping data for table `customer_group`
--

INSERT INTO `customer_group` VALUES (0,'NOT LOGGED IN',3),(1,'General',3),(2,'Wholesale',3),(3,'Retailer',3);

--
-- Table structure for table `dataflow_batch`
--

CREATE TABLE `dataflow_batch` (
  `batch_id` int(10) unsigned NOT NULL AUTO_INCREMENT COMMENT 'Batch Id',
  `profile_id` int(10) unsigned NOT NULL DEFAULT '0' COMMENT 'Profile ID',
  `store_id` smallint(5) unsigned NOT NULL DEFAULT '0' COMMENT 'Store Id',
  `adapter` varchar(128) DEFAULT NULL COMMENT 'Adapter',
  `params` text COMMENT 'Parameters',
  `created_at` timestamp NULL DEFAULT NULL COMMENT 'Created At',
  PRIMARY KEY (`batch_id`),
  KEY `IDX_DATAFLOW_BATCH_PROFILE_ID` (`profile_id`),
  KEY `IDX_DATAFLOW_BATCH_STORE_ID` (`store_id`),
  KEY `IDX_DATAFLOW_BATCH_CREATED_AT` (`created_at`),
  CONSTRAINT `FK_DATAFLOW_BATCH_PROFILE_ID_DATAFLOW_PROFILE_PROFILE_ID` FOREIGN KEY (`profile_id`) REFERENCES `dataflow_profile` (`profile_id`) ON DELETE CASCADE ON UPDATE NO ACTION,
  CONSTRAINT `FK_DATAFLOW_BATCH_STORE_ID_CORE_STORE_STORE_ID` FOREIGN KEY (`store_id`) REFERENCES `core_store` (`store_id`) ON DELETE CASCADE ON UPDATE NO ACTION
) ENGINE=InnoDB DEFAULT CHARSET=utf8 COMMENT='Dataflow Batch';

--
-- Dumping data for table `dataflow_batch`
--


--
-- Table structure for table `dataflow_batch_export`
--

CREATE TABLE `dataflow_batch_export` (
  `batch_export_id` bigint(20) unsigned NOT NULL AUTO_INCREMENT COMMENT 'Batch Export Id',
  `batch_id` int(10) unsigned NOT NULL DEFAULT '0' COMMENT 'Batch Id',
  `batch_data` longtext COMMENT 'Batch Data',
  `status` smallint(5) unsigned NOT NULL DEFAULT '0' COMMENT 'Status',
  PRIMARY KEY (`batch_export_id`),
  KEY `IDX_DATAFLOW_BATCH_EXPORT_BATCH_ID` (`batch_id`),
  CONSTRAINT `FK_DATAFLOW_BATCH_EXPORT_BATCH_ID_DATAFLOW_BATCH_BATCH_ID` FOREIGN KEY (`batch_id`) REFERENCES `dataflow_batch` (`batch_id`) ON DELETE CASCADE ON UPDATE NO ACTION
) ENGINE=InnoDB DEFAULT CHARSET=utf8 COMMENT='Dataflow Batch Export';

--
-- Dumping data for table `dataflow_batch_export`
--


--
-- Table structure for table `dataflow_batch_import`
--

CREATE TABLE `dataflow_batch_import` (
  `batch_import_id` bigint(20) unsigned NOT NULL AUTO_INCREMENT COMMENT 'Batch Import Id',
  `batch_id` int(10) unsigned NOT NULL DEFAULT '0' COMMENT 'Batch Id',
  `batch_data` longtext COMMENT 'Batch Data',
  `status` smallint(5) unsigned NOT NULL DEFAULT '0' COMMENT 'Status',
  PRIMARY KEY (`batch_import_id`),
  KEY `IDX_DATAFLOW_BATCH_IMPORT_BATCH_ID` (`batch_id`),
  CONSTRAINT `FK_DATAFLOW_BATCH_IMPORT_BATCH_ID_DATAFLOW_BATCH_BATCH_ID` FOREIGN KEY (`batch_id`) REFERENCES `dataflow_batch` (`batch_id`) ON DELETE CASCADE ON UPDATE NO ACTION
) ENGINE=InnoDB DEFAULT CHARSET=utf8 COMMENT='Dataflow Batch Import';

--
-- Dumping data for table `dataflow_batch_import`
--


--
-- Table structure for table `dataflow_import_data`
--

CREATE TABLE `dataflow_import_data` (
  `import_id` int(11) NOT NULL AUTO_INCREMENT COMMENT 'Import Id',
  `session_id` int(11) DEFAULT NULL COMMENT 'Session Id',
  `serial_number` int(11) NOT NULL DEFAULT '0' COMMENT 'Serial Number',
  `value` text COMMENT 'Value',
  `status` int(11) NOT NULL DEFAULT '0' COMMENT 'Status',
  PRIMARY KEY (`import_id`),
  KEY `IDX_DATAFLOW_IMPORT_DATA_SESSION_ID` (`session_id`),
  CONSTRAINT `FK_DATAFLOW_IMPORT_DATA_SESSION_ID_DATAFLOW_SESSION_SESSION_ID` FOREIGN KEY (`session_id`) REFERENCES `dataflow_session` (`session_id`) ON DELETE NO ACTION ON UPDATE NO ACTION
) ENGINE=InnoDB DEFAULT CHARSET=utf8 COMMENT='Dataflow Import Data';

--
-- Dumping data for table `dataflow_import_data`
--


--
-- Table structure for table `dataflow_profile`
--

CREATE TABLE `dataflow_profile` (
  `profile_id` int(10) unsigned NOT NULL AUTO_INCREMENT COMMENT 'Profile Id',
  `name` varchar(255) DEFAULT NULL COMMENT 'Name',
  `created_at` timestamp NULL DEFAULT NULL COMMENT 'Created At',
  `updated_at` timestamp NULL DEFAULT NULL COMMENT 'Updated At',
  `actions_xml` text COMMENT 'Actions Xml',
  `gui_data` text COMMENT 'Gui Data',
  `direction` varchar(6) DEFAULT NULL COMMENT 'Direction',
  `entity_type` varchar(64) DEFAULT NULL COMMENT 'Entity Type',
  `store_id` smallint(5) unsigned NOT NULL DEFAULT '0' COMMENT 'Store Id',
  `data_transfer` varchar(11) DEFAULT NULL COMMENT 'Data Transfer',
  PRIMARY KEY (`profile_id`)
) ENGINE=InnoDB AUTO_INCREMENT=7 DEFAULT CHARSET=utf8 COMMENT='Dataflow Profile';

--
-- Dumping data for table `dataflow_profile`
--

INSERT INTO `dataflow_profile` VALUES (1,'Export All Products','2013-02-17 05:51:55','2013-02-17 05:51:55','<action type=\"catalog/convert_adapter_product\" method=\"load\">\\r\\n    <var name=\"store\"><![CDATA[0]]></var>\\r\\n</action>\\r\\n\\r\\n<action type=\"catalog/convert_parser_product\" method=\"unparse\">\\r\\n    <var name=\"store\"><![CDATA[0]]></var>\\r\\n</action>\\r\\n\\r\\n<action type=\"dataflow/convert_mapper_column\" method=\"map\">\\r\\n</action>\\r\\n\\r\\n<action type=\"dataflow/convert_parser_csv\" method=\"unparse\">\\r\\n    <var name=\"delimiter\"><![CDATA[,]]></var>\\r\\n    <var name=\"enclose\"><![CDATA[\"]]></var>\\r\\n    <var name=\"fieldnames\">true</var>\\r\\n</action>\\r\\n\\r\\n<action type=\"dataflow/convert_adapter_io\" method=\"save\">\\r\\n    <var name=\"type\">file</var>\\r\\n    <var name=\"path\">var/export</var>\\r\\n    <var name=\"filename\"><![CDATA[export_all_products.csv]]></var>\\r\\n</action>\\r\\n\\r\\n','a:5:{s:4:\"file\";a:7:{s:4:\"type\";s:4:\"file\";s:8:\"filename\";s:23:\"export_all_products.csv\";s:4:\"path\";s:10:\"var/export\";s:4:\"host\";s:0:\"\";s:4:\"user\";s:0:\"\";s:8:\"password\";s:0:\"\";s:7:\"passive\";s:0:\"\";}s:5:\"parse\";a:5:{s:4:\"type\";s:3:\"csv\";s:12:\"single_sheet\";s:0:\"\";s:9:\"delimiter\";s:1:\",\";s:7:\"enclose\";s:1:\"\"\";s:10:\"fieldnames\";s:4:\"true\";}s:3:\"map\";a:3:{s:14:\"only_specified\";s:0:\"\";s:7:\"product\";a:2:{s:2:\"db\";a:0:{}s:4:\"file\";a:0:{}}s:8:\"customer\";a:2:{s:2:\"db\";a:0:{}s:4:\"file\";a:0:{}}}s:7:\"product\";a:1:{s:6:\"filter\";a:8:{s:4:\"name\";s:0:\"\";s:3:\"sku\";s:0:\"\";s:4:\"type\";s:1:\"0\";s:13:\"attribute_set\";s:0:\"\";s:5:\"price\";a:2:{s:4:\"from\";s:0:\"\";s:2:\"to\";s:0:\"\";}s:3:\"qty\";a:2:{s:4:\"from\";s:0:\"\";s:2:\"to\";s:0:\"\";}s:10:\"visibility\";s:1:\"0\";s:6:\"status\";s:1:\"0\";}}s:8:\"customer\";a:1:{s:6:\"filter\";a:10:{s:9:\"firstname\";s:0:\"\";s:8:\"lastname\";s:0:\"\";s:5:\"email\";s:0:\"\";s:5:\"group\";s:1:\"0\";s:10:\"adressType\";s:15:\"default_billing\";s:9:\"telephone\";s:0:\"\";s:8:\"postcode\";s:0:\"\";s:7:\"country\";s:0:\"\";s:6:\"region\";s:0:\"\";s:10:\"created_at\";a:2:{s:4:\"from\";s:0:\"\";s:2:\"to\";s:0:\"\";}}}}','export','product',0,'file'),(2,'Export Product Stocks','2013-02-17 05:51:55','2013-02-17 05:51:55','<action type=\"catalog/convert_adapter_product\" method=\"load\">\\r\\n    <var name=\"store\"><![CDATA[0]]></var>\\r\\n</action>\\r\\n\\r\\n<action type=\"catalog/convert_parser_product\" method=\"unparse\">\\r\\n    <var name=\"store\"><![CDATA[0]]></var>\\r\\n</action>\\r\\n\\r\\n<action type=\"dataflow/convert_mapper_column\" method=\"map\">\\r\\n</action>\\r\\n\\r\\n<action type=\"dataflow/convert_parser_csv\" method=\"unparse\">\\r\\n    <var name=\"delimiter\"><![CDATA[,]]></var>\\r\\n    <var name=\"enclose\"><![CDATA[\"]]></var>\\r\\n    <var name=\"fieldnames\">true</var>\\r\\n</action>\\r\\n\\r\\n<action type=\"dataflow/convert_adapter_io\" method=\"save\">\\r\\n    <var name=\"type\">file</var>\\r\\n    <var name=\"path\">var/export</var>\\r\\n    <var name=\"filename\"><![CDATA[export_all_products.csv]]></var>\\r\\n</action>\\r\\n\\r\\n','a:5:{s:4:\"file\";a:7:{s:4:\"type\";s:4:\"file\";s:8:\"filename\";s:25:\"export_product_stocks.csv\";s:4:\"path\";s:10:\"var/export\";s:4:\"host\";s:0:\"\";s:4:\"user\";s:0:\"\";s:8:\"password\";s:0:\"\";s:7:\"passive\";s:0:\"\";}s:5:\"parse\";a:5:{s:4:\"type\";s:3:\"csv\";s:12:\"single_sheet\";s:0:\"\";s:9:\"delimiter\";s:1:\",\";s:7:\"enclose\";s:1:\"\"\";s:10:\"fieldnames\";s:4:\"true\";}s:3:\"map\";a:3:{s:14:\"only_specified\";s:4:\"true\";s:7:\"product\";a:2:{s:2:\"db\";a:4:{i:1;s:5:\"store\";i:2;s:3:\"sku\";i:3;s:3:\"qty\";i:4;s:11:\"is_in_stock\";}s:4:\"file\";a:4:{i:1;s:5:\"store\";i:2;s:3:\"sku\";i:3;s:3:\"qty\";i:4;s:11:\"is_in_stock\";}}s:8:\"customer\";a:2:{s:2:\"db\";a:0:{}s:4:\"file\";a:0:{}}}s:7:\"product\";a:1:{s:6:\"filter\";a:8:{s:4:\"name\";s:0:\"\";s:3:\"sku\";s:0:\"\";s:4:\"type\";s:1:\"0\";s:13:\"attribute_set\";s:0:\"\";s:5:\"price\";a:2:{s:4:\"from\";s:0:\"\";s:2:\"to\";s:0:\"\";}s:3:\"qty\";a:2:{s:4:\"from\";s:0:\"\";s:2:\"to\";s:0:\"\";}s:10:\"visibility\";s:1:\"0\";s:6:\"status\";s:1:\"0\";}}s:8:\"customer\";a:1:{s:6:\"filter\";a:10:{s:9:\"firstname\";s:0:\"\";s:8:\"lastname\";s:0:\"\";s:5:\"email\";s:0:\"\";s:5:\"group\";s:1:\"0\";s:10:\"adressType\";s:15:\"default_billing\";s:9:\"telephone\";s:0:\"\";s:8:\"postcode\";s:0:\"\";s:7:\"country\";s:0:\"\";s:6:\"region\";s:0:\"\";s:10:\"created_at\";a:2:{s:4:\"from\";s:0:\"\";s:2:\"to\";s:0:\"\";}}}}','export','product',0,'file'),(3,'Import All Products','2013-02-17 05:51:55','2013-02-17 05:51:55','<action type=\"dataflow/convert_parser_csv\" method=\"parse\">\\r\\n    <var name=\"delimiter\"><![CDATA[,]]></var>\\r\\n    <var name=\"enclose\"><![CDATA[\"]]></var>\\r\\n    <var name=\"fieldnames\">true</var>\\r\\n    <var name=\"store\"><![CDATA[0]]></var>\\r\\n    <var name=\"adapter\">catalog/convert_adapter_product</var>\\r\\n    <var name=\"method\">parse</var>\\r\\n</action>','a:5:{s:4:\"file\";a:7:{s:4:\"type\";s:4:\"file\";s:8:\"filename\";s:23:\"export_all_products.csv\";s:4:\"path\";s:10:\"var/export\";s:4:\"host\";s:0:\"\";s:4:\"user\";s:0:\"\";s:8:\"password\";s:0:\"\";s:7:\"passive\";s:0:\"\";}s:5:\"parse\";a:5:{s:4:\"type\";s:3:\"csv\";s:12:\"single_sheet\";s:0:\"\";s:9:\"delimiter\";s:1:\",\";s:7:\"enclose\";s:1:\"\"\";s:10:\"fieldnames\";s:4:\"true\";}s:3:\"map\";a:3:{s:14:\"only_specified\";s:0:\"\";s:7:\"product\";a:2:{s:2:\"db\";a:0:{}s:4:\"file\";a:0:{}}s:8:\"customer\";a:2:{s:2:\"db\";a:0:{}s:4:\"file\";a:0:{}}}s:7:\"product\";a:1:{s:6:\"filter\";a:8:{s:4:\"name\";s:0:\"\";s:3:\"sku\";s:0:\"\";s:4:\"type\";s:1:\"0\";s:13:\"attribute_set\";s:0:\"\";s:5:\"price\";a:2:{s:4:\"from\";s:0:\"\";s:2:\"to\";s:0:\"\";}s:3:\"qty\";a:2:{s:4:\"from\";s:0:\"\";s:2:\"to\";s:0:\"\";}s:10:\"visibility\";s:1:\"0\";s:6:\"status\";s:1:\"0\";}}s:8:\"customer\";a:1:{s:6:\"filter\";a:10:{s:9:\"firstname\";s:0:\"\";s:8:\"lastname\";s:0:\"\";s:5:\"email\";s:0:\"\";s:5:\"group\";s:1:\"0\";s:10:\"adressType\";s:15:\"default_billing\";s:9:\"telephone\";s:0:\"\";s:8:\"postcode\";s:0:\"\";s:7:\"country\";s:0:\"\";s:6:\"region\";s:0:\"\";s:10:\"created_at\";a:2:{s:4:\"from\";s:0:\"\";s:2:\"to\";s:0:\"\";}}}}','import','product',0,'interactive'),(4,'Import Product Stocks','2013-02-17 05:51:55','2013-02-17 05:51:55','<action type=\"dataflow/convert_parser_csv\" method=\"parse\">\\r\\n    <var name=\"delimiter\"><![CDATA[,]]></var>\\r\\n    <var name=\"enclose\"><![CDATA[\"]]></var>\\r\\n    <var name=\"fieldnames\">true</var>\\r\\n    <var name=\"store\"><![CDATA[0]]></var>\\r\\n    <var name=\"adapter\">catalog/convert_adapter_product</var>\\r\\n    <var name=\"method\">parse</var>\\r\\n</action>','a:5:{s:4:\"file\";a:7:{s:4:\"type\";s:4:\"file\";s:8:\"filename\";s:18:\"export_product.csv\";s:4:\"path\";s:10:\"var/export\";s:4:\"host\";s:0:\"\";s:4:\"user\";s:0:\"\";s:8:\"password\";s:0:\"\";s:7:\"passive\";s:0:\"\";}s:5:\"parse\";a:5:{s:4:\"type\";s:3:\"csv\";s:12:\"single_sheet\";s:0:\"\";s:9:\"delimiter\";s:1:\",\";s:7:\"enclose\";s:1:\"\"\";s:10:\"fieldnames\";s:4:\"true\";}s:3:\"map\";a:3:{s:14:\"only_specified\";s:0:\"\";s:7:\"product\";a:2:{s:2:\"db\";a:0:{}s:4:\"file\";a:0:{}}s:8:\"customer\";a:2:{s:2:\"db\";a:0:{}s:4:\"file\";a:0:{}}}s:7:\"product\";a:1:{s:6:\"filter\";a:8:{s:4:\"name\";s:0:\"\";s:3:\"sku\";s:0:\"\";s:4:\"type\";s:1:\"0\";s:13:\"attribute_set\";s:0:\"\";s:5:\"price\";a:2:{s:4:\"from\";s:0:\"\";s:2:\"to\";s:0:\"\";}s:3:\"qty\";a:2:{s:4:\"from\";s:0:\"\";s:2:\"to\";s:0:\"\";}s:10:\"visibility\";s:1:\"0\";s:6:\"status\";s:1:\"0\";}}s:8:\"customer\";a:1:{s:6:\"filter\";a:10:{s:9:\"firstname\";s:0:\"\";s:8:\"lastname\";s:0:\"\";s:5:\"email\";s:0:\"\";s:5:\"group\";s:1:\"0\";s:10:\"adressType\";s:15:\"default_billing\";s:9:\"telephone\";s:0:\"\";s:8:\"postcode\";s:0:\"\";s:7:\"country\";s:0:\"\";s:6:\"region\";s:0:\"\";s:10:\"created_at\";a:2:{s:4:\"from\";s:0:\"\";s:2:\"to\";s:0:\"\";}}}}','import','product',0,'interactive'),(5,'Export Customers','2013-02-17 05:51:55','2013-02-17 05:51:55','<action type=\"customer/convert_adapter_customer\" method=\"load\">\\r\\n    <var name=\"store\"><![CDATA[0]]></var>\\r\\n    <var name=\"filter/adressType\"><![CDATA[default_billing]]></var>\\r\\n</action>\\r\\n\\r\\n<action type=\"customer/convert_parser_customer\" method=\"unparse\">\\r\\n    <var name=\"store\"><![CDATA[0]]></var>\\r\\n</action>\\r\\n\\r\\n<action type=\"dataflow/convert_mapper_column\" method=\"map\">\\r\\n</action>\\r\\n\\r\\n<action type=\"dataflow/convert_parser_csv\" method=\"unparse\">\\r\\n    <var name=\"delimiter\"><![CDATA[,]]></var>\\r\\n    <var name=\"enclose\"><![CDATA[\"]]></var>\\r\\n    <var name=\"fieldnames\">true</var>\\r\\n</action>\\r\\n\\r\\n<action type=\"dataflow/convert_adapter_io\" method=\"save\">\\r\\n    <var name=\"type\">file</var>\\r\\n    <var name=\"path\">var/export</var>\\r\\n    <var name=\"filename\"><![CDATA[export_customers.csv]]></var>\\r\\n</action>\\r\\n\\r\\n','a:5:{s:4:\"file\";a:7:{s:4:\"type\";s:4:\"file\";s:8:\"filename\";s:20:\"export_customers.csv\";s:4:\"path\";s:10:\"var/export\";s:4:\"host\";s:0:\"\";s:4:\"user\";s:0:\"\";s:8:\"password\";s:0:\"\";s:7:\"passive\";s:0:\"\";}s:5:\"parse\";a:5:{s:4:\"type\";s:3:\"csv\";s:12:\"single_sheet\";s:0:\"\";s:9:\"delimiter\";s:1:\",\";s:7:\"enclose\";s:1:\"\"\";s:10:\"fieldnames\";s:4:\"true\";}s:3:\"map\";a:3:{s:14:\"only_specified\";s:0:\"\";s:7:\"product\";a:2:{s:2:\"db\";a:0:{}s:4:\"file\";a:0:{}}s:8:\"customer\";a:2:{s:2:\"db\";a:0:{}s:4:\"file\";a:0:{}}}s:7:\"product\";a:1:{s:6:\"filter\";a:8:{s:4:\"name\";s:0:\"\";s:3:\"sku\";s:0:\"\";s:4:\"type\";s:1:\"0\";s:13:\"attribute_set\";s:0:\"\";s:5:\"price\";a:2:{s:4:\"from\";s:0:\"\";s:2:\"to\";s:0:\"\";}s:3:\"qty\";a:2:{s:4:\"from\";s:0:\"\";s:2:\"to\";s:0:\"\";}s:10:\"visibility\";s:1:\"0\";s:6:\"status\";s:1:\"0\";}}s:8:\"customer\";a:1:{s:6:\"filter\";a:10:{s:9:\"firstname\";s:0:\"\";s:8:\"lastname\";s:0:\"\";s:5:\"email\";s:0:\"\";s:5:\"group\";s:1:\"0\";s:10:\"adressType\";s:15:\"default_billing\";s:9:\"telephone\";s:0:\"\";s:8:\"postcode\";s:0:\"\";s:7:\"country\";s:0:\"\";s:6:\"region\";s:0:\"\";s:10:\"created_at\";a:2:{s:4:\"from\";s:0:\"\";s:2:\"to\";s:0:\"\";}}}}','export','customer',0,'file'),(6,'Import Customers','2013-02-17 05:51:55','2013-02-17 05:51:55','<action type=\"dataflow/convert_parser_csv\" method=\"parse\">\\r\\n    <var name=\"delimiter\"><![CDATA[,]]></var>\\r\\n    <var name=\"enclose\"><![CDATA[\"]]></var>\\r\\n    <var name=\"fieldnames\">true</var>\\r\\n    <var name=\"store\"><![CDATA[0]]></var>\\r\\n    <var name=\"adapter\">customer/convert_adapter_customer</var>\\r\\n    <var name=\"method\">parse</var>\\r\\n</action>','a:5:{s:4:\"file\";a:7:{s:4:\"type\";s:4:\"file\";s:8:\"filename\";s:19:\"export_customer.csv\";s:4:\"path\";s:10:\"var/export\";s:4:\"host\";s:0:\"\";s:4:\"user\";s:0:\"\";s:8:\"password\";s:0:\"\";s:7:\"passive\";s:0:\"\";}s:5:\"parse\";a:5:{s:4:\"type\";s:3:\"csv\";s:12:\"single_sheet\";s:0:\"\";s:9:\"delimiter\";s:1:\",\";s:7:\"enclose\";s:1:\"\"\";s:10:\"fieldnames\";s:4:\"true\";}s:3:\"map\";a:3:{s:14:\"only_specified\";s:0:\"\";s:7:\"product\";a:2:{s:2:\"db\";a:0:{}s:4:\"file\";a:0:{}}s:8:\"customer\";a:2:{s:2:\"db\";a:0:{}s:4:\"file\";a:0:{}}}s:7:\"product\";a:1:{s:6:\"filter\";a:8:{s:4:\"name\";s:0:\"\";s:3:\"sku\";s:0:\"\";s:4:\"type\";s:1:\"0\";s:13:\"attribute_set\";s:0:\"\";s:5:\"price\";a:2:{s:4:\"from\";s:0:\"\";s:2:\"to\";s:0:\"\";}s:3:\"qty\";a:2:{s:4:\"from\";s:0:\"\";s:2:\"to\";s:0:\"\";}s:10:\"visibility\";s:1:\"0\";s:6:\"status\";s:1:\"0\";}}s:8:\"customer\";a:1:{s:6:\"filter\";a:10:{s:9:\"firstname\";s:0:\"\";s:8:\"lastname\";s:0:\"\";s:5:\"email\";s:0:\"\";s:5:\"group\";s:1:\"0\";s:10:\"adressType\";s:15:\"default_billing\";s:9:\"telephone\";s:0:\"\";s:8:\"postcode\";s:0:\"\";s:7:\"country\";s:0:\"\";s:6:\"region\";s:0:\"\";s:10:\"created_at\";a:2:{s:4:\"from\";s:0:\"\";s:2:\"to\";s:0:\"\";}}}}','import','customer',0,'interactive');

--
-- Table structure for table `dataflow_profile_history`
--

CREATE TABLE `dataflow_profile_history` (
  `history_id` int(10) unsigned NOT NULL AUTO_INCREMENT COMMENT 'History Id',
  `profile_id` int(10) unsigned NOT NULL DEFAULT '0' COMMENT 'Profile Id',
  `action_code` varchar(64) DEFAULT NULL COMMENT 'Action Code',
  `user_id` int(10) unsigned NOT NULL DEFAULT '0' COMMENT 'User Id',
  `performed_at` timestamp NULL DEFAULT NULL COMMENT 'Performed At',
  PRIMARY KEY (`history_id`),
  KEY `IDX_DATAFLOW_PROFILE_HISTORY_PROFILE_ID` (`profile_id`),
  CONSTRAINT `FK_AEA06B0C500063D3CE6EA671AE776645` FOREIGN KEY (`profile_id`) REFERENCES `dataflow_profile` (`profile_id`) ON DELETE CASCADE ON UPDATE CASCADE
) ENGINE=InnoDB AUTO_INCREMENT=7 DEFAULT CHARSET=utf8 COMMENT='Dataflow Profile History';

--
-- Dumping data for table `dataflow_profile_history`
--

INSERT INTO `dataflow_profile_history` VALUES (1,1,'create',0,'2013-02-17 05:51:55'),(2,2,'create',0,'2013-02-17 05:51:55'),(3,3,'create',0,'2013-02-17 05:51:55'),(4,4,'create',0,'2013-02-17 05:51:55'),(5,5,'create',0,'2013-02-17 05:51:55'),(6,6,'create',0,'2013-02-17 05:51:55');

--
-- Table structure for table `dataflow_session`
--

CREATE TABLE `dataflow_session` (
  `session_id` int(11) NOT NULL AUTO_INCREMENT COMMENT 'Session Id',
  `user_id` int(11) NOT NULL COMMENT 'User Id',
  `created_date` timestamp NULL DEFAULT NULL COMMENT 'Created Date',
  `file` varchar(255) DEFAULT NULL COMMENT 'File',
  `type` varchar(32) DEFAULT NULL COMMENT 'Type',
  `direction` varchar(32) DEFAULT NULL COMMENT 'Direction',
  `comment` varchar(255) DEFAULT NULL COMMENT 'Comment',
  PRIMARY KEY (`session_id`)
) ENGINE=InnoDB DEFAULT CHARSET=utf8 COMMENT='Dataflow Session';

--
-- Dumping data for table `dataflow_session`
--


--
-- Table structure for table `design_change`
--

CREATE TABLE `design_change` (
  `design_change_id` int(11) NOT NULL AUTO_INCREMENT COMMENT 'Design Change Id',
  `store_id` smallint(5) unsigned NOT NULL DEFAULT '0' COMMENT 'Store Id',
  `design` varchar(255) DEFAULT NULL COMMENT 'Design',
  `date_from` date DEFAULT NULL COMMENT 'First Date of Design Activity',
  `date_to` date DEFAULT NULL COMMENT 'Last Date of Design Activity',
  PRIMARY KEY (`design_change_id`),
  KEY `IDX_DESIGN_CHANGE_STORE_ID` (`store_id`),
  CONSTRAINT `FK_DESIGN_CHANGE_STORE_ID_CORE_STORE_STORE_ID` FOREIGN KEY (`store_id`) REFERENCES `core_store` (`store_id`) ON DELETE CASCADE ON UPDATE CASCADE
) ENGINE=InnoDB DEFAULT CHARSET=utf8 COMMENT='Design Changes';

--
-- Dumping data for table `design_change`
--


--
-- Table structure for table `directory_country`
--

CREATE TABLE `directory_country` (
  `country_id` varchar(2) NOT NULL DEFAULT '' COMMENT 'Country Id in ISO-2',
  `iso2_code` varchar(2) DEFAULT NULL COMMENT 'Country ISO-2 format',
  `iso3_code` varchar(3) DEFAULT NULL COMMENT 'Country ISO-3',
  PRIMARY KEY (`country_id`)
) ENGINE=InnoDB DEFAULT CHARSET=utf8 COMMENT='Directory Country';

--
-- Dumping data for table `directory_country`
--

INSERT INTO `directory_country` VALUES ('AD','AD','AND'),('AE','AE','ARE'),('AF','AF','AFG'),('AG','AG','ATG'),('AI','AI','AIA'),('AL','AL','ALB'),('AM','AM','ARM'),('AN','AN','ANT'),('AO','AO','AGO'),('AQ','AQ','ATA'),('AR','AR','ARG'),('AS','AS','ASM'),('AT','AT','AUT'),('AU','AU','AUS'),('AW','AW','ABW'),('AX','AX','ALA'),('AZ','AZ','AZE'),('BA','BA','BIH'),('BB','BB','BRB'),('BD','BD','BGD'),('BE','BE','BEL'),('BF','BF','BFA'),('BG','BG','BGR'),('BH','BH','BHR'),('BI','BI','BDI'),('BJ','BJ','BEN'),('BL','BL','BLM'),('BM','BM','BMU'),('BN','BN','BRN'),('BO','BO','BOL'),('BR','BR','BRA'),('BS','BS','BHS'),('BT','BT','BTN'),('BV','BV','BVT'),('BW','BW','BWA'),('BY','BY','BLR'),('BZ','BZ','BLZ'),('CA','CA','CAN'),('CC','CC','CCK'),('CD','CD','COD'),('CF','CF','CAF'),('CG','CG','COG'),('CH','CH','CHE'),('CI','CI','CIV'),('CK','CK','COK'),('CL','CL','CHL'),('CM','CM','CMR'),('CN','CN','CHN'),('CO','CO','COL'),('CR','CR','CRI'),('CU','CU','CUB'),('CV','CV','CPV'),('CX','CX','CXR'),('CY','CY','CYP'),('CZ','CZ','CZE'),('DE','DE','DEU'),('DJ','DJ','DJI'),('DK','DK','DNK'),('DM','DM','DMA'),('DO','DO','DOM'),('DZ','DZ','DZA'),('EC','EC','ECU'),('EE','EE','EST'),('EG','EG','EGY'),('EH','EH','ESH'),('ER','ER','ERI'),('ES','ES','ESP'),('ET','ET','ETH'),('FI','FI','FIN'),('FJ','FJ','FJI'),('FK','FK','FLK'),('FM','FM','FSM'),('FO','FO','FRO'),('FR','FR','FRA'),('GA','GA','GAB'),('GB','GB','GBR'),('GD','GD','GRD'),('GE','GE','GEO'),('GF','GF','GUF'),('GG','GG','GGY'),('GH','GH','GHA'),('GI','GI','GIB'),('GL','GL','GRL'),('GM','GM','GMB'),('GN','GN','GIN'),('GP','GP','GLP'),('GQ','GQ','GNQ'),('GR','GR','GRC'),('GS','GS','SGS'),('GT','GT','GTM'),('GU','GU','GUM'),('GW','GW','GNB'),('GY','GY','GUY'),('HK','HK','HKG'),('HM','HM','HMD'),('HN','HN','HND'),('HR','HR','HRV'),('HT','HT','HTI'),('HU','HU','HUN'),('ID','ID','IDN'),('IE','IE','IRL'),('IL','IL','ISR'),('IM','IM','IMN'),('IN','IN','IND'),('IO','IO','IOT'),('IQ','IQ','IRQ'),('IR','IR','IRN'),('IS','IS','ISL'),('IT','IT','ITA'),('JE','JE','JEY'),('JM','JM','JAM'),('JO','JO','JOR'),('JP','JP','JPN'),('KE','KE','KEN'),('KG','KG','KGZ'),('KH','KH','KHM'),('KI','KI','KIR'),('KM','KM','COM'),('KN','KN','KNA'),('KP','KP','PRK'),('KR','KR','KOR'),('KW','KW','KWT'),('KY','KY','CYM'),('KZ','KZ','KAZ'),('LA','LA','LAO'),('LB','LB','LBN'),('LC','LC','LCA'),('LI','LI','LIE'),('LK','LK','LKA'),('LR','LR','LBR'),('LS','LS','LSO'),('LT','LT','LTU'),('LU','LU','LUX'),('LV','LV','LVA'),('LY','LY','LBY'),('MA','MA','MAR'),('MC','MC','MCO'),('MD','MD','MDA'),('ME','ME','MNE'),('MF','MF','MAF'),('MG','MG','MDG'),('MH','MH','MHL'),('MK','MK','MKD'),('ML','ML','MLI'),('MM','MM','MMR'),('MN','MN','MNG'),('MO','MO','MAC'),('MP','MP','MNP'),('MQ','MQ','MTQ'),('MR','MR','MRT'),('MS','MS','MSR'),('MT','MT','MLT'),('MU','MU','MUS'),('MV','MV','MDV'),('MW','MW','MWI'),('MX','MX','MEX'),('MY','MY','MYS'),('MZ','MZ','MOZ'),('NA','NA','NAM'),('NC','NC','NCL'),('NE','NE','NER'),('NF','NF','NFK'),('NG','NG','NGA'),('NI','NI','NIC'),('NL','NL','NLD'),('NO','NO','NOR'),('NP','NP','NPL'),('NR','NR','NRU'),('NU','NU','NIU'),('NZ','NZ','NZL'),('OM','OM','OMN'),('PA','PA','PAN'),('PE','PE','PER'),('PF','PF','PYF'),('PG','PG','PNG'),('PH','PH','PHL'),('PK','PK','PAK'),('PL','PL','POL'),('PM','PM','SPM'),('PN','PN','PCN'),('PR','PR','PRI'),('PS','PS','PSE'),('PT','PT','PRT'),('PW','PW','PLW'),('PY','PY','PRY'),('QA','QA','QAT'),('RE','RE','REU'),('RO','RO','ROU'),('RS','RS','SRB'),('RU','RU','RUS'),('RW','RW','RWA'),('SA','SA','SAU'),('SB','SB','SLB'),('SC','SC','SYC'),('SD','SD','SDN'),('SE','SE','SWE'),('SG','SG','SGP'),('SH','SH','SHN'),('SI','SI','SVN'),('SJ','SJ','SJM'),('SK','SK','SVK'),('SL','SL','SLE'),('SM','SM','SMR'),('SN','SN','SEN'),('SO','SO','SOM'),('SR','SR','SUR'),('ST','ST','STP'),('SV','SV','SLV'),('SY','SY','SYR'),('SZ','SZ','SWZ'),('TC','TC','TCA'),('TD','TD','TCD'),('TF','TF','ATF'),('TG','TG','TGO'),('TH','TH','THA'),('TJ','TJ','TJK'),('TK','TK','TKL'),('TL','TL','TLS'),('TM','TM','TKM'),('TN','TN','TUN'),('TO','TO','TON'),('TR','TR','TUR'),('TT','TT','TTO'),('TV','TV','TUV'),('TW','TW','TWN'),('TZ','TZ','TZA'),('UA','UA','UKR'),('UG','UG','UGA'),('UM','UM','UMI'),('US','US','USA'),('UY','UY','URY'),('UZ','UZ','UZB'),('VA','VA','VAT'),('VC','VC','VCT'),('VE','VE','VEN'),('VG','VG','VGB'),('VI','VI','VIR'),('VN','VN','VNM'),('VU','VU','VUT'),('WF','WF','WLF'),('WS','WS','WSM'),('YE','YE','YEM'),('YT','YT','MYT'),('ZA','ZA','ZAF'),('ZM','ZM','ZMB'),('ZW','ZW','ZWE');

--
-- Table structure for table `directory_country_format`
--

CREATE TABLE `directory_country_format` (
  `country_format_id` int(10) unsigned NOT NULL AUTO_INCREMENT COMMENT 'Country Format Id',
  `country_id` varchar(2) DEFAULT NULL COMMENT 'Country Id in ISO-2',
  `type` varchar(30) DEFAULT NULL COMMENT 'Country Format Type',
  `format` text NOT NULL COMMENT 'Country Format',
  PRIMARY KEY (`country_format_id`),
  UNIQUE KEY `UNQ_DIRECTORY_COUNTRY_FORMAT_COUNTRY_ID_TYPE` (`country_id`,`type`)
) ENGINE=InnoDB DEFAULT CHARSET=utf8 COMMENT='Directory Country Format';

--
-- Dumping data for table `directory_country_format`
--


--
-- Table structure for table `directory_country_region`
--

CREATE TABLE `directory_country_region` (
  `region_id` int(10) unsigned NOT NULL AUTO_INCREMENT COMMENT 'Region Id',
  `country_id` varchar(4) NOT NULL DEFAULT '0' COMMENT 'Country Id in ISO-2',
  `code` varchar(32) DEFAULT NULL COMMENT 'Region code',
  `default_name` varchar(255) DEFAULT NULL COMMENT 'Region Name',
  PRIMARY KEY (`region_id`),
  KEY `IDX_DIRECTORY_COUNTRY_REGION_COUNTRY_ID` (`country_id`)
) ENGINE=InnoDB AUTO_INCREMENT=485 DEFAULT CHARSET=utf8 COMMENT='Directory Country Region';

--
-- Dumping data for table `directory_country_region`
--

INSERT INTO `directory_country_region` VALUES (1,'US','AL','Alabama'),(2,'US','AK','Alaska'),(3,'US','AS','American Samoa'),(4,'US','AZ','Arizona'),(5,'US','AR','Arkansas'),(6,'US','AF','Armed Forces Africa'),(7,'US','AA','Armed Forces Americas'),(8,'US','AC','Armed Forces Canada'),(9,'US','AE','Armed Forces Europe'),(10,'US','AM','Armed Forces Middle East'),(11,'US','AP','Armed Forces Pacific'),(12,'US','CA','California'),(13,'US','CO','Colorado'),(14,'US','CT','Connecticut'),(15,'US','DE','Delaware'),(16,'US','DC','District of Columbia'),(17,'US','FM','Federated States Of Micronesia'),(18,'US','FL','Florida'),(19,'US','GA','Georgia'),(20,'US','GU','Guam'),(21,'US','HI','Hawaii'),(22,'US','ID','Idaho'),(23,'US','IL','Illinois'),(24,'US','IN','Indiana'),(25,'US','IA','Iowa'),(26,'US','KS','Kansas'),(27,'US','KY','Kentucky'),(28,'US','LA','Louisiana'),(29,'US','ME','Maine'),(30,'US','MH','Marshall Islands'),(31,'US','MD','Maryland'),(32,'US','MA','Massachusetts'),(33,'US','MI','Michigan'),(34,'US','MN','Minnesota'),(35,'US','MS','Mississippi'),(36,'US','MO','Missouri'),(37,'US','MT','Montana'),(38,'US','NE','Nebraska'),(39,'US','NV','Nevada'),(40,'US','NH','New Hampshire'),(41,'US','NJ','New Jersey'),(42,'US','NM','New Mexico'),(43,'US','NY','New York'),(44,'US','NC','North Carolina'),(45,'US','ND','North Dakota'),(46,'US','MP','Northern Mariana Islands'),(47,'US','OH','Ohio'),(48,'US','OK','Oklahoma'),(49,'US','OR','Oregon'),(50,'US','PW','Palau'),(51,'US','PA','Pennsylvania'),(52,'US','PR','Puerto Rico'),(53,'US','RI','Rhode Island'),(54,'US','SC','South Carolina'),(55,'US','SD','South Dakota'),(56,'US','TN','Tennessee'),(57,'US','TX','Texas'),(58,'US','UT','Utah'),(59,'US','VT','Vermont'),(60,'US','VI','Virgin Islands'),(61,'US','VA','Virginia'),(62,'US','WA','Washington'),(63,'US','WV','West Virginia'),(64,'US','WI','Wisconsin'),(65,'US','WY','Wyoming'),(66,'CA','AB','Alberta'),(67,'CA','BC','British Columbia'),(68,'CA','MB','Manitoba'),(69,'CA','NL','Newfoundland and Labrador'),(70,'CA','NB','New Brunswick'),(71,'CA','NS','Nova Scotia'),(72,'CA','NT','Northwest Territories'),(73,'CA','NU','Nunavut'),(74,'CA','ON','Ontario'),(75,'CA','PE','Prince Edward Island'),(76,'CA','QC','Quebec'),(77,'CA','SK','Saskatchewan'),(78,'CA','YT','Yukon Territory'),(79,'DE','NDS','Niedersachsen'),(80,'DE','BAW','Baden-Württemberg'),(81,'DE','BAY','Bayern'),(82,'DE','BER','Berlin'),(83,'DE','BRG','Brandenburg'),(84,'DE','BRE','Bremen'),(85,'DE','HAM','Hamburg'),(86,'DE','HES','Hessen'),(87,'DE','MEC','Mecklenburg-Vorpommern'),(88,'DE','NRW','Nordrhein-Westfalen'),(89,'DE','RHE','Rheinland-Pfalz'),(90,'DE','SAR','Saarland'),(91,'DE','SAS','Sachsen'),(92,'DE','SAC','Sachsen-Anhalt'),(93,'DE','SCN','Schleswig-Holstein'),(94,'DE','THE','Thüringen'),(95,'AT','WI','Wien'),(96,'AT','NO','Niederösterreich'),(97,'AT','OO','Oberösterreich'),(98,'AT','SB','Salzburg'),(99,'AT','KN','Kärnten'),(100,'AT','ST','Steiermark'),(101,'AT','TI','Tirol'),(102,'AT','BL','Burgenland'),(103,'AT','VB','Voralberg'),(104,'CH','AG','Aargau'),(105,'CH','AI','Appenzell Innerrhoden'),(106,'CH','AR','Appenzell Ausserrhoden'),(107,'CH','BE','Bern'),(108,'CH','BL','Basel-Landschaft'),(109,'CH','BS','Basel-Stadt'),(110,'CH','FR','Freiburg'),(111,'CH','GE','Genf'),(112,'CH','GL','Glarus'),(113,'CH','GR','Graubünden'),(114,'CH','JU','Jura'),(115,'CH','LU','Luzern'),(116,'CH','NE','Neuenburg'),(117,'CH','NW','Nidwalden'),(118,'CH','OW','Obwalden'),(119,'CH','SG','St. Gallen'),(120,'CH','SH','Schaffhausen'),(121,'CH','SO','Solothurn'),(122,'CH','SZ','Schwyz'),(123,'CH','TG','Thurgau'),(124,'CH','TI','Tessin'),(125,'CH','UR','Uri'),(126,'CH','VD','Waadt'),(127,'CH','VS','Wallis'),(128,'CH','ZG','Zug'),(129,'CH','ZH','Zürich'),(130,'ES','A Coruсa','A Coruña'),(131,'ES','Alava','Alava'),(132,'ES','Albacete','Albacete'),(133,'ES','Alicante','Alicante'),(134,'ES','Almeria','Almeria'),(135,'ES','Asturias','Asturias'),(136,'ES','Avila','Avila'),(137,'ES','Badajoz','Badajoz'),(138,'ES','Baleares','Baleares'),(139,'ES','Barcelona','Barcelona'),(140,'ES','Burgos','Burgos'),(141,'ES','Caceres','Caceres'),(142,'ES','Cadiz','Cadiz'),(143,'ES','Cantabria','Cantabria'),(144,'ES','Castellon','Castellon'),(145,'ES','Ceuta','Ceuta'),(146,'ES','Ciudad Real','Ciudad Real'),(147,'ES','Cordoba','Cordoba'),(148,'ES','Cuenca','Cuenca'),(149,'ES','Girona','Girona'),(150,'ES','Granada','Granada'),(151,'ES','Guadalajara','Guadalajara'),(152,'ES','Guipuzcoa','Guipuzcoa'),(153,'ES','Huelva','Huelva'),(154,'ES','Huesca','Huesca'),(155,'ES','Jaen','Jaen'),(156,'ES','La Rioja','La Rioja'),(157,'ES','Las Palmas','Las Palmas'),(158,'ES','Leon','Leon'),(159,'ES','Lleida','Lleida'),(160,'ES','Lugo','Lugo'),(161,'ES','Madrid','Madrid'),(162,'ES','Malaga','Malaga'),(163,'ES','Melilla','Melilla'),(164,'ES','Murcia','Murcia'),(165,'ES','Navarra','Navarra'),(166,'ES','Ourense','Ourense'),(167,'ES','Palencia','Palencia'),(168,'ES','Pontevedra','Pontevedra'),(169,'ES','Salamanca','Salamanca'),(170,'ES','Santa Cruz de Tenerife','Santa Cruz de Tenerife'),(171,'ES','Segovia','Segovia'),(172,'ES','Sevilla','Sevilla'),(173,'ES','Soria','Soria'),(174,'ES','Tarragona','Tarragona'),(175,'ES','Teruel','Teruel'),(176,'ES','Toledo','Toledo'),(177,'ES','Valencia','Valencia'),(178,'ES','Valladolid','Valladolid'),(179,'ES','Vizcaya','Vizcaya'),(180,'ES','Zamora','Zamora'),(181,'ES','Zaragoza','Zaragoza'),(182,'FR','1','Ain'),(183,'FR','2','Aisne'),(184,'FR','3','Allier'),(185,'FR','4','Alpes-de-Haute-Provence'),(186,'FR','5','Hautes-Alpes'),(187,'FR','6','Alpes-Maritimes'),(188,'FR','7','Ardèche'),(189,'FR','8','Ardennes'),(190,'FR','9','Ariège'),(191,'FR','10','Aube'),(192,'FR','11','Aude'),(193,'FR','12','Aveyron'),(194,'FR','13','Bouches-du-Rhône'),(195,'FR','14','Calvados'),(196,'FR','15','Cantal'),(197,'FR','16','Charente'),(198,'FR','17','Charente-Maritime'),(199,'FR','18','Cher'),(200,'FR','19','Corrèze'),(201,'FR','2A','Corse-du-Sud'),(202,'FR','2B','Haute-Corse'),(203,'FR','21','Côte-d\'Or'),(204,'FR','22','Côtes-d\'Armor'),(205,'FR','23','Creuse'),(206,'FR','24','Dordogne'),(207,'FR','25','Doubs'),(208,'FR','26','Drôme'),(209,'FR','27','Eure'),(210,'FR','28','Eure-et-Loir'),(211,'FR','29','Finistère'),(212,'FR','30','Gard'),(213,'FR','31','Haute-Garonne'),(214,'FR','32','Gers'),(215,'FR','33','Gironde'),(216,'FR','34','Hérault'),(217,'FR','35','Ille-et-Vilaine'),(218,'FR','36','Indre'),(219,'FR','37','Indre-et-Loire'),(220,'FR','38','Isère'),(221,'FR','39','Jura'),(222,'FR','40','Landes'),(223,'FR','41','Loir-et-Cher'),(224,'FR','42','Loire'),(225,'FR','43','Haute-Loire'),(226,'FR','44','Loire-Atlantique'),(227,'FR','45','Loiret'),(228,'FR','46','Lot'),(229,'FR','47','Lot-et-Garonne'),(230,'FR','48','Lozère'),(231,'FR','49','Maine-et-Loire'),(232,'FR','50','Manche'),(233,'FR','51','Marne'),(234,'FR','52','Haute-Marne'),(235,'FR','53','Mayenne'),(236,'FR','54','Meurthe-et-Moselle'),(237,'FR','55','Meuse'),(238,'FR','56','Morbihan'),(239,'FR','57','Moselle'),(240,'FR','58','Nièvre'),(241,'FR','59','Nord'),(242,'FR','60','Oise'),(243,'FR','61','Orne'),(244,'FR','62','Pas-de-Calais'),(245,'FR','63','Puy-de-Dôme'),(246,'FR','64','Pyrénées-Atlantiques'),(247,'FR','65','Hautes-Pyrénées'),(248,'FR','66','Pyrénées-Orientales'),(249,'FR','67','Bas-Rhin'),(250,'FR','68','Haut-Rhin'),(251,'FR','69','Rhône'),(252,'FR','70','Haute-Saône'),(253,'FR','71','Saône-et-Loire'),(254,'FR','72','Sarthe'),(255,'FR','73','Savoie'),(256,'FR','74','Haute-Savoie'),(257,'FR','75','Paris'),(258,'FR','76','Seine-Maritime'),(259,'FR','77','Seine-et-Marne'),(260,'FR','78','Yvelines'),(261,'FR','79','Deux-Sèvres'),(262,'FR','80','Somme'),(263,'FR','81','Tarn'),(264,'FR','82','Tarn-et-Garonne'),(265,'FR','83','Var'),(266,'FR','84','Vaucluse'),(267,'FR','85','Vendée'),(268,'FR','86','Vienne'),(269,'FR','87','Haute-Vienne'),(270,'FR','88','Vosges'),(271,'FR','89','Yonne'),(272,'FR','90','Territoire-de-Belfort'),(273,'FR','91','Essonne'),(274,'FR','92','Hauts-de-Seine'),(275,'FR','93','Seine-Saint-Denis'),(276,'FR','94','Val-de-Marne'),(277,'FR','95','Val-d\'Oise'),(278,'RO','AB','Alba'),(279,'RO','AR','Arad'),(280,'RO','AG','Argeş'),(281,'RO','BC','Bacău'),(282,'RO','BH','Bihor'),(283,'RO','BN','Bistriţa-Năsăud'),(284,'RO','BT','Botoşani'),(285,'RO','BV','Braşov'),(286,'RO','BR','Brăila'),(287,'RO','B','Bucureşti'),(288,'RO','BZ','Buzău'),(289,'RO','CS','Caraş-Severin'),(290,'RO','CL','Călăraşi'),(291,'RO','CJ','Cluj'),(292,'RO','CT','Constanţa'),(293,'RO','CV','Covasna'),(294,'RO','DB','Dâmboviţa'),(295,'RO','DJ','Dolj'),(296,'RO','GL','Galaţi'),(297,'RO','GR','Giurgiu'),(298,'RO','GJ','Gorj'),(299,'RO','HR','Harghita'),(300,'RO','HD','Hunedoara'),(301,'RO','IL','Ialomiţa'),(302,'RO','IS','Iaşi'),(303,'RO','IF','Ilfov'),(304,'RO','MM','Maramureş'),(305,'RO','MH','Mehedinţi'),(306,'RO','MS','Mureş'),(307,'RO','NT','Neamţ'),(308,'RO','OT','Olt'),(309,'RO','PH','Prahova'),(310,'RO','SM','Satu-Mare'),(311,'RO','SJ','Sălaj'),(312,'RO','SB','Sibiu'),(313,'RO','SV','Suceava'),(314,'RO','TR','Teleorman'),(315,'RO','TM','Timiş'),(316,'RO','TL','Tulcea'),(317,'RO','VS','Vaslui'),(318,'RO','VL','Vâlcea'),(319,'RO','VN','Vrancea'),(320,'FI','Lappi','Lappi'),(321,'FI','Pohjois-Pohjanmaa','Pohjois-Pohjanmaa'),(322,'FI','Kainuu','Kainuu'),(323,'FI','Pohjois-Karjala','Pohjois-Karjala'),(324,'FI','Pohjois-Savo','Pohjois-Savo'),(325,'FI','Etelä-Savo','Etelä-Savo'),(326,'FI','Etelä-Pohjanmaa','Etelä-Pohjanmaa'),(327,'FI','Pohjanmaa','Pohjanmaa'),(328,'FI','Pirkanmaa','Pirkanmaa'),(329,'FI','Satakunta','Satakunta'),(330,'FI','Keski-Pohjanmaa','Keski-Pohjanmaa'),(331,'FI','Keski-Suomi','Keski-Suomi'),(332,'FI','Varsinais-Suomi','Varsinais-Suomi'),(333,'FI','Etelä-Karjala','Etelä-Karjala'),(334,'FI','Päijät-Häme','Päijät-Häme'),(335,'FI','Kanta-Häme','Kanta-Häme'),(336,'FI','Uusimaa','Uusimaa'),(337,'FI','Itä-Uusimaa','Itä-Uusimaa'),(338,'FI','Kymenlaakso','Kymenlaakso'),(339,'FI','Ahvenanmaa','Ahvenanmaa'),(340,'EE','EE-37','Harjumaa'),(341,'EE','EE-39','Hiiumaa'),(342,'EE','EE-44','Ida-Virumaa'),(343,'EE','EE-49','Jõgevamaa'),(344,'EE','EE-51','Järvamaa'),(345,'EE','EE-57','Läänemaa'),(346,'EE','EE-59','Lääne-Virumaa'),(347,'EE','EE-65','Põlvamaa'),(348,'EE','EE-67','Pärnumaa'),(349,'EE','EE-70','Raplamaa'),(350,'EE','EE-74','Saaremaa'),(351,'EE','EE-78','Tartumaa'),(352,'EE','EE-82','Valgamaa'),(353,'EE','EE-84','Viljandimaa'),(354,'EE','EE-86','Võrumaa'),(355,'LV','LV-DGV','Daugavpils'),(356,'LV','LV-JEL','Jelgava'),(357,'LV','Jēkabpils','Jēkabpils'),(358,'LV','LV-JUR','Jūrmala'),(359,'LV','LV-LPX','Liepāja'),(360,'LV','LV-LE','Liepājas novads'),(361,'LV','LV-REZ','Rēzekne'),(362,'LV','LV-RIX','Rīga'),(363,'LV','LV-RI','Rīgas novads'),(364,'LV','Valmiera','Valmiera'),(365,'LV','LV-VEN','Ventspils'),(366,'LV','Aglonas novads','Aglonas novads'),(367,'LV','LV-AI','Aizkraukles novads'),(368,'LV','Aizputes novads','Aizputes novads'),(369,'LV','Aknīstes novads','Aknīstes novads'),(370,'LV','Alojas novads','Alojas novads'),(371,'LV','Alsungas novads','Alsungas novads'),(372,'LV','LV-AL','Alūksnes novads'),(373,'LV','Amatas novads','Amatas novads'),(374,'LV','Apes novads','Apes novads'),(375,'LV','Auces novads','Auces novads'),(376,'LV','Babītes novads','Babītes novads'),(377,'LV','Baldones novads','Baldones novads'),(378,'LV','Baltinavas novads','Baltinavas novads'),(379,'LV','LV-BL','Balvu novads'),(380,'LV','LV-BU','Bauskas novads'),(381,'LV','Beverīnas novads','Beverīnas novads'),(382,'LV','Brocēnu novads','Brocēnu novads'),(383,'LV','Burtnieku novads','Burtnieku novads'),(384,'LV','Carnikavas novads','Carnikavas novads'),(385,'LV','Cesvaines novads','Cesvaines novads'),(386,'LV','Ciblas novads','Ciblas novads'),(387,'LV','LV-CE','Cēsu novads'),(388,'LV','Dagdas novads','Dagdas novads'),(389,'LV','LV-DA','Daugavpils novads'),(390,'LV','LV-DO','Dobeles novads'),(391,'LV','Dundagas novads','Dundagas novads'),(392,'LV','Durbes novads','Durbes novads'),(393,'LV','Engures novads','Engures novads'),(394,'LV','Garkalnes novads','Garkalnes novads'),(395,'LV','Grobiņas novads','Grobiņas novads'),(396,'LV','LV-GU','Gulbenes novads'),(397,'LV','Iecavas novads','Iecavas novads'),(398,'LV','Ikšķiles novads','Ikšķiles novads'),(399,'LV','Ilūkstes novads','Ilūkstes novads'),(400,'LV','Inčukalna novads','Inčukalna novads'),(401,'LV','Jaunjelgavas novads','Jaunjelgavas novads'),(402,'LV','Jaunpiebalgas novads','Jaunpiebalgas novads'),(403,'LV','Jaunpils novads','Jaunpils novads'),(404,'LV','LV-JL','Jelgavas novads'),(405,'LV','LV-JK','Jēkabpils novads'),(406,'LV','Kandavas novads','Kandavas novads'),(407,'LV','Kokneses novads','Kokneses novads'),(408,'LV','Krimuldas novads','Krimuldas novads'),(409,'LV','Krustpils novads','Krustpils novads'),(410,'LV','LV-KR','Krāslavas novads'),(411,'LV','LV-KU','Kuldīgas novads'),(412,'LV','Kārsavas novads','Kārsavas novads'),(413,'LV','Lielvārdes novads','Lielvārdes novads'),(414,'LV','LV-LM','Limbažu novads'),(415,'LV','Lubānas novads','Lubānas novads'),(416,'LV','LV-LU','Ludzas novads'),(417,'LV','Līgatnes novads','Līgatnes novads'),(418,'LV','Līvānu novads','Līvānu novads'),(419,'LV','LV-MA','Madonas novads'),(420,'LV','Mazsalacas novads','Mazsalacas novads'),(421,'LV','Mālpils novads','Mālpils novads'),(422,'LV','Mārupes novads','Mārupes novads'),(423,'LV','Naukšēnu novads','Naukšēnu novads'),(424,'LV','Neretas novads','Neretas novads'),(425,'LV','Nīcas novads','Nīcas novads'),(426,'LV','LV-OG','Ogres novads'),(427,'LV','Olaines novads','Olaines novads'),(428,'LV','Ozolnieku novads','Ozolnieku novads'),(429,'LV','LV-PR','Preiļu novads'),(430,'LV','Priekules novads','Priekules novads'),(431,'LV','Priekuļu novads','Priekuļu novads'),(432,'LV','Pārgaujas novads','Pārgaujas novads'),(433,'LV','Pāvilostas novads','Pāvilostas novads'),(434,'LV','Pļaviņu novads','Pļaviņu novads'),(435,'LV','Raunas novads','Raunas novads'),(436,'LV','Riebiņu novads','Riebiņu novads'),(437,'LV','Rojas novads','Rojas novads'),(438,'LV','Ropažu novads','Ropažu novads'),(439,'LV','Rucavas novads','Rucavas novads'),(440,'LV','Rugāju novads','Rugāju novads'),(441,'LV','Rundāles novads','Rundāles novads'),(442,'LV','LV-RE','Rēzeknes novads'),(443,'LV','Rūjienas novads','Rūjienas novads'),(444,'LV','Salacgrīvas novads','Salacgrīvas novads'),(445,'LV','Salas novads','Salas novads'),(446,'LV','Salaspils novads','Salaspils novads'),(447,'LV','LV-SA','Saldus novads'),(448,'LV','Saulkrastu novads','Saulkrastu novads'),(449,'LV','Siguldas novads','Siguldas novads'),(450,'LV','Skrundas novads','Skrundas novads'),(451,'LV','Skrīveru novads','Skrīveru novads'),(452,'LV','Smiltenes novads','Smiltenes novads'),(453,'LV','Stopiņu novads','Stopiņu novads'),(454,'LV','Strenču novads','Strenču novads'),(455,'LV','Sējas novads','Sējas novads'),(456,'LV','LV-TA','Talsu novads'),(457,'LV','LV-TU','Tukuma novads'),(458,'LV','Tērvetes novads','Tērvetes novads'),(459,'LV','Vaiņodes novads','Vaiņodes novads'),(460,'LV','LV-VK','Valkas novads'),(461,'LV','LV-VM','Valmieras novads'),(462,'LV','Varakļānu novads','Varakļānu novads'),(463,'LV','Vecpiebalgas novads','Vecpiebalgas novads'),(464,'LV','Vecumnieku novads','Vecumnieku novads'),(465,'LV','LV-VE','Ventspils novads'),(466,'LV','Viesītes novads','Viesītes novads'),(467,'LV','Viļakas novads','Viļakas novads'),(468,'LV','Viļānu novads','Viļānu novads'),(469,'LV','Vārkavas novads','Vārkavas novads'),(470,'LV','Zilupes novads','Zilupes novads'),(471,'LV','Ādažu novads','Ādažu novads'),(472,'LV','Ērgļu novads','Ērgļu novads'),(473,'LV','Ķeguma novads','Ķeguma novads'),(474,'LV','Ķekavas novads','Ķekavas novads'),(475,'LT','LT-AL','Alytaus Apskritis'),(476,'LT','LT-KU','Kauno Apskritis'),(477,'LT','LT-KL','Klaipėdos Apskritis'),(478,'LT','LT-MR','Marijampolės Apskritis'),(479,'LT','LT-PN','Panevėžio Apskritis'),(480,'LT','LT-SA','Šiaulių Apskritis'),(481,'LT','LT-TA','Tauragės Apskritis'),(482,'LT','LT-TE','Telšių Apskritis'),(483,'LT','LT-UT','Utenos Apskritis'),(484,'LT','LT-VL','Vilniaus Apskritis');

--
-- Table structure for table `directory_country_region_name`
--

CREATE TABLE `directory_country_region_name` (
  `locale` varchar(8) NOT NULL DEFAULT '' COMMENT 'Locale',
  `region_id` int(10) unsigned NOT NULL DEFAULT '0' COMMENT 'Region Id',
  `name` varchar(255) DEFAULT NULL COMMENT 'Region Name',
  PRIMARY KEY (`locale`,`region_id`),
  KEY `IDX_DIRECTORY_COUNTRY_REGION_NAME_REGION_ID` (`region_id`),
  CONSTRAINT `FK_D7CFDEB379F775328EB6F62695E2B3E1` FOREIGN KEY (`region_id`) REFERENCES `directory_country_region` (`region_id`) ON DELETE CASCADE ON UPDATE CASCADE
) ENGINE=InnoDB DEFAULT CHARSET=utf8 COMMENT='Directory Country Region Name';

--
-- Dumping data for table `directory_country_region_name`
--

INSERT INTO `directory_country_region_name` VALUES ('en_US',1,'Alabama'),('en_US',2,'Alaska'),('en_US',3,'American Samoa'),('en_US',4,'Arizona'),('en_US',5,'Arkansas'),('en_US',6,'Armed Forces Africa'),('en_US',7,'Armed Forces Americas'),('en_US',8,'Armed Forces Canada'),('en_US',9,'Armed Forces Europe'),('en_US',10,'Armed Forces Middle East'),('en_US',11,'Armed Forces Pacific'),('en_US',12,'California'),('en_US',13,'Colorado'),('en_US',14,'Connecticut'),('en_US',15,'Delaware'),('en_US',16,'District of Columbia'),('en_US',17,'Federated States Of Micronesia'),('en_US',18,'Florida'),('en_US',19,'Georgia'),('en_US',20,'Guam'),('en_US',21,'Hawaii'),('en_US',22,'Idaho'),('en_US',23,'Illinois'),('en_US',24,'Indiana'),('en_US',25,'Iowa'),('en_US',26,'Kansas'),('en_US',27,'Kentucky'),('en_US',28,'Louisiana'),('en_US',29,'Maine'),('en_US',30,'Marshall Islands'),('en_US',31,'Maryland'),('en_US',32,'Massachusetts'),('en_US',33,'Michigan'),('en_US',34,'Minnesota'),('en_US',35,'Mississippi'),('en_US',36,'Missouri'),('en_US',37,'Montana'),('en_US',38,'Nebraska'),('en_US',39,'Nevada'),('en_US',40,'New Hampshire'),('en_US',41,'New Jersey'),('en_US',42,'New Mexico'),('en_US',43,'New York'),('en_US',44,'North Carolina'),('en_US',45,'North Dakota'),('en_US',46,'Northern Mariana Islands'),('en_US',47,'Ohio'),('en_US',48,'Oklahoma'),('en_US',49,'Oregon'),('en_US',50,'Palau'),('en_US',51,'Pennsylvania'),('en_US',52,'Puerto Rico'),('en_US',53,'Rhode Island'),('en_US',54,'South Carolina'),('en_US',55,'South Dakota'),('en_US',56,'Tennessee'),('en_US',57,'Texas'),('en_US',58,'Utah'),('en_US',59,'Vermont'),('en_US',60,'Virgin Islands'),('en_US',61,'Virginia'),('en_US',62,'Washington'),('en_US',63,'West Virginia'),('en_US',64,'Wisconsin'),('en_US',65,'Wyoming'),('en_US',66,'Alberta'),('en_US',67,'British Columbia'),('en_US',68,'Manitoba'),('en_US',69,'Newfoundland and Labrador'),('en_US',70,'New Brunswick'),('en_US',71,'Nova Scotia'),('en_US',72,'Northwest Territories'),('en_US',73,'Nunavut'),('en_US',74,'Ontario'),('en_US',75,'Prince Edward Island'),('en_US',76,'Quebec'),('en_US',77,'Saskatchewan'),('en_US',78,'Yukon Territory'),('en_US',79,'Niedersachsen'),('en_US',80,'Baden-Württemberg'),('en_US',81,'Bayern'),('en_US',82,'Berlin'),('en_US',83,'Brandenburg'),('en_US',84,'Bremen'),('en_US',85,'Hamburg'),('en_US',86,'Hessen'),('en_US',87,'Mecklenburg-Vorpommern'),('en_US',88,'Nordrhein-Westfalen'),('en_US',89,'Rheinland-Pfalz'),('en_US',90,'Saarland'),('en_US',91,'Sachsen'),('en_US',92,'Sachsen-Anhalt'),('en_US',93,'Schleswig-Holstein'),('en_US',94,'Thüringen'),('en_US',95,'Wien'),('en_US',96,'Niederösterreich'),('en_US',97,'Oberösterreich'),('en_US',98,'Salzburg'),('en_US',99,'Kärnten'),('en_US',100,'Steiermark'),('en_US',101,'Tirol'),('en_US',102,'Burgenland'),('en_US',103,'Voralberg'),('en_US',104,'Aargau'),('en_US',105,'Appenzell Innerrhoden'),('en_US',106,'Appenzell Ausserrhoden'),('en_US',107,'Bern'),('en_US',108,'Basel-Landschaft'),('en_US',109,'Basel-Stadt'),('en_US',110,'Freiburg'),('en_US',111,'Genf'),('en_US',112,'Glarus'),('en_US',113,'Graubünden'),('en_US',114,'Jura'),('en_US',115,'Luzern'),('en_US',116,'Neuenburg'),('en_US',117,'Nidwalden'),('en_US',118,'Obwalden'),('en_US',119,'St. Gallen'),('en_US',120,'Schaffhausen'),('en_US',121,'Solothurn'),('en_US',122,'Schwyz'),('en_US',123,'Thurgau'),('en_US',124,'Tessin'),('en_US',125,'Uri'),('en_US',126,'Waadt'),('en_US',127,'Wallis'),('en_US',128,'Zug'),('en_US',129,'Zürich'),('en_US',130,'A Coruña'),('en_US',131,'Alava'),('en_US',132,'Albacete'),('en_US',133,'Alicante'),('en_US',134,'Almeria'),('en_US',135,'Asturias'),('en_US',136,'Avila'),('en_US',137,'Badajoz'),('en_US',138,'Baleares'),('en_US',139,'Barcelona'),('en_US',140,'Burgos'),('en_US',141,'Caceres'),('en_US',142,'Cadiz'),('en_US',143,'Cantabria'),('en_US',144,'Castellon'),('en_US',145,'Ceuta'),('en_US',146,'Ciudad Real'),('en_US',147,'Cordoba'),('en_US',148,'Cuenca'),('en_US',149,'Girona'),('en_US',150,'Granada'),('en_US',151,'Guadalajara'),('en_US',152,'Guipuzcoa'),('en_US',153,'Huelva'),('en_US',154,'Huesca'),('en_US',155,'Jaen'),('en_US',156,'La Rioja'),('en_US',157,'Las Palmas'),('en_US',158,'Leon'),('en_US',159,'Lleida'),('en_US',160,'Lugo'),('en_US',161,'Madrid'),('en_US',162,'Malaga'),('en_US',163,'Melilla'),('en_US',164,'Murcia'),('en_US',165,'Navarra'),('en_US',166,'Ourense'),('en_US',167,'Palencia'),('en_US',168,'Pontevedra'),('en_US',169,'Salamanca'),('en_US',170,'Santa Cruz de Tenerife'),('en_US',171,'Segovia'),('en_US',172,'Sevilla'),('en_US',173,'Soria'),('en_US',174,'Tarragona'),('en_US',175,'Teruel'),('en_US',176,'Toledo'),('en_US',177,'Valencia'),('en_US',178,'Valladolid'),('en_US',179,'Vizcaya'),('en_US',180,'Zamora'),('en_US',181,'Zaragoza'),('en_US',182,'Ain'),('en_US',183,'Aisne'),('en_US',184,'Allier'),('en_US',185,'Alpes-de-Haute-Provence'),('en_US',186,'Hautes-Alpes'),('en_US',187,'Alpes-Maritimes'),('en_US',188,'Ardèche'),('en_US',189,'Ardennes'),('en_US',190,'Ariège'),('en_US',191,'Aube'),('en_US',192,'Aude'),('en_US',193,'Aveyron'),('en_US',194,'Bouches-du-Rhône'),('en_US',195,'Calvados'),('en_US',196,'Cantal'),('en_US',197,'Charente'),('en_US',198,'Charente-Maritime'),('en_US',199,'Cher'),('en_US',200,'Corrèze'),('en_US',201,'Corse-du-Sud'),('en_US',202,'Haute-Corse'),('en_US',203,'Côte-d\'Or'),('en_US',204,'Côtes-d\'Armor'),('en_US',205,'Creuse'),('en_US',206,'Dordogne'),('en_US',207,'Doubs'),('en_US',208,'Drôme'),('en_US',209,'Eure'),('en_US',210,'Eure-et-Loir'),('en_US',211,'Finistère'),('en_US',212,'Gard'),('en_US',213,'Haute-Garonne'),('en_US',214,'Gers'),('en_US',215,'Gironde'),('en_US',216,'Hérault'),('en_US',217,'Ille-et-Vilaine'),('en_US',218,'Indre'),('en_US',219,'Indre-et-Loire'),('en_US',220,'Isère'),('en_US',221,'Jura'),('en_US',222,'Landes'),('en_US',223,'Loir-et-Cher'),('en_US',224,'Loire'),('en_US',225,'Haute-Loire'),('en_US',226,'Loire-Atlantique'),('en_US',227,'Loiret'),('en_US',228,'Lot'),('en_US',229,'Lot-et-Garonne'),('en_US',230,'Lozère'),('en_US',231,'Maine-et-Loire'),('en_US',232,'Manche'),('en_US',233,'Marne'),('en_US',234,'Haute-Marne'),('en_US',235,'Mayenne'),('en_US',236,'Meurthe-et-Moselle'),('en_US',237,'Meuse'),('en_US',238,'Morbihan'),('en_US',239,'Moselle'),('en_US',240,'Nièvre'),('en_US',241,'Nord'),('en_US',242,'Oise'),('en_US',243,'Orne'),('en_US',244,'Pas-de-Calais'),('en_US',245,'Puy-de-Dôme'),('en_US',246,'Pyrénées-Atlantiques'),('en_US',247,'Hautes-Pyrénées'),('en_US',248,'Pyrénées-Orientales'),('en_US',249,'Bas-Rhin'),('en_US',250,'Haut-Rhin'),('en_US',251,'Rhône'),('en_US',252,'Haute-Saône'),('en_US',253,'Saône-et-Loire'),('en_US',254,'Sarthe'),('en_US',255,'Savoie'),('en_US',256,'Haute-Savoie'),('en_US',257,'Paris'),('en_US',258,'Seine-Maritime'),('en_US',259,'Seine-et-Marne'),('en_US',260,'Yvelines'),('en_US',261,'Deux-Sèvres'),('en_US',262,'Somme'),('en_US',263,'Tarn'),('en_US',264,'Tarn-et-Garonne'),('en_US',265,'Var'),('en_US',266,'Vaucluse'),('en_US',267,'Vendée'),('en_US',268,'Vienne'),('en_US',269,'Haute-Vienne'),('en_US',270,'Vosges'),('en_US',271,'Yonne'),('en_US',272,'Territoire-de-Belfort'),('en_US',273,'Essonne'),('en_US',274,'Hauts-de-Seine'),('en_US',275,'Seine-Saint-Denis'),('en_US',276,'Val-de-Marne'),('en_US',277,'Val-d\'Oise'),('en_US',278,'Alba'),('en_US',279,'Arad'),('en_US',280,'Argeş'),('en_US',281,'Bacău'),('en_US',282,'Bihor'),('en_US',283,'Bistriţa-Năsăud'),('en_US',284,'Botoşani'),('en_US',285,'Braşov'),('en_US',286,'Brăila'),('en_US',287,'Bucureşti'),('en_US',288,'Buzău'),('en_US',289,'Caraş-Severin'),('en_US',290,'Călăraşi'),('en_US',291,'Cluj'),('en_US',292,'Constanţa'),('en_US',293,'Covasna'),('en_US',294,'Dâmboviţa'),('en_US',295,'Dolj'),('en_US',296,'Galaţi'),('en_US',297,'Giurgiu'),('en_US',298,'Gorj'),('en_US',299,'Harghita'),('en_US',300,'Hunedoara'),('en_US',301,'Ialomiţa'),('en_US',302,'Iaşi'),('en_US',303,'Ilfov'),('en_US',304,'Maramureş'),('en_US',305,'Mehedinţi'),('en_US',306,'Mureş'),('en_US',307,'Neamţ'),('en_US',308,'Olt'),('en_US',309,'Prahova'),('en_US',310,'Satu-Mare'),('en_US',311,'Sălaj'),('en_US',312,'Sibiu'),('en_US',313,'Suceava'),('en_US',314,'Teleorman'),('en_US',315,'Timiş'),('en_US',316,'Tulcea'),('en_US',317,'Vaslui'),('en_US',318,'Vâlcea'),('en_US',319,'Vrancea'),('en_US',320,'Lappi'),('en_US',321,'Pohjois-Pohjanmaa'),('en_US',322,'Kainuu'),('en_US',323,'Pohjois-Karjala'),('en_US',324,'Pohjois-Savo'),('en_US',325,'Etelä-Savo'),('en_US',326,'Etelä-Pohjanmaa'),('en_US',327,'Pohjanmaa'),('en_US',328,'Pirkanmaa'),('en_US',329,'Satakunta'),('en_US',330,'Keski-Pohjanmaa'),('en_US',331,'Keski-Suomi'),('en_US',332,'Varsinais-Suomi'),('en_US',333,'Etelä-Karjala'),('en_US',334,'Päijät-Häme'),('en_US',335,'Kanta-Häme'),('en_US',336,'Uusimaa'),('en_US',337,'Itä-Uusimaa'),('en_US',338,'Kymenlaakso'),('en_US',339,'Ahvenanmaa'),('en_US',340,'Harjumaa'),('en_US',341,'Hiiumaa'),('en_US',342,'Ida-Virumaa'),('en_US',343,'Jõgevamaa'),('en_US',344,'Järvamaa'),('en_US',345,'Läänemaa'),('en_US',346,'Lääne-Virumaa'),('en_US',347,'Põlvamaa'),('en_US',348,'Pärnumaa'),('en_US',349,'Raplamaa'),('en_US',350,'Saaremaa'),('en_US',351,'Tartumaa'),('en_US',352,'Valgamaa'),('en_US',353,'Viljandimaa'),('en_US',354,'Võrumaa'),('en_US',355,'Daugavpils'),('en_US',356,'Jelgava'),('en_US',357,'Jēkabpils'),('en_US',358,'Jūrmala'),('en_US',359,'Liepāja'),('en_US',360,'Liepājas novads'),('en_US',361,'Rēzekne'),('en_US',362,'Rīga'),('en_US',363,'Rīgas novads'),('en_US',364,'Valmiera'),('en_US',365,'Ventspils'),('en_US',366,'Aglonas novads'),('en_US',367,'Aizkraukles novads'),('en_US',368,'Aizputes novads'),('en_US',369,'Aknīstes novads'),('en_US',370,'Alojas novads'),('en_US',371,'Alsungas novads'),('en_US',372,'Alūksnes novads'),('en_US',373,'Amatas novads'),('en_US',374,'Apes novads'),('en_US',375,'Auces novads'),('en_US',376,'Babītes novads'),('en_US',377,'Baldones novads'),('en_US',378,'Baltinavas novads'),('en_US',379,'Balvu novads'),('en_US',380,'Bauskas novads'),('en_US',381,'Beverīnas novads'),('en_US',382,'Brocēnu novads'),('en_US',383,'Burtnieku novads'),('en_US',384,'Carnikavas novads'),('en_US',385,'Cesvaines novads'),('en_US',386,'Ciblas novads'),('en_US',387,'Cēsu novads'),('en_US',388,'Dagdas novads'),('en_US',389,'Daugavpils novads'),('en_US',390,'Dobeles novads'),('en_US',391,'Dundagas novads'),('en_US',392,'Durbes novads'),('en_US',393,'Engures novads'),('en_US',394,'Garkalnes novads'),('en_US',395,'Grobiņas novads'),('en_US',396,'Gulbenes novads'),('en_US',397,'Iecavas novads'),('en_US',398,'Ikšķiles novads'),('en_US',399,'Ilūkstes novads'),('en_US',400,'Inčukalna novads'),('en_US',401,'Jaunjelgavas novads'),('en_US',402,'Jaunpiebalgas novads'),('en_US',403,'Jaunpils novads'),('en_US',404,'Jelgavas novads'),('en_US',405,'Jēkabpils novads'),('en_US',406,'Kandavas novads'),('en_US',407,'Kokneses novads'),('en_US',408,'Krimuldas novads'),('en_US',409,'Krustpils novads'),('en_US',410,'Krāslavas novads'),('en_US',411,'Kuldīgas novads'),('en_US',412,'Kārsavas novads'),('en_US',413,'Lielvārdes novads'),('en_US',414,'Limbažu novads'),('en_US',415,'Lubānas novads'),('en_US',416,'Ludzas novads'),('en_US',417,'Līgatnes novads'),('en_US',418,'Līvānu novads'),('en_US',419,'Madonas novads'),('en_US',420,'Mazsalacas novads'),('en_US',421,'Mālpils novads'),('en_US',422,'Mārupes novads'),('en_US',423,'Naukšēnu novads'),('en_US',424,'Neretas novads'),('en_US',425,'Nīcas novads'),('en_US',426,'Ogres novads'),('en_US',427,'Olaines novads'),('en_US',428,'Ozolnieku novads'),('en_US',429,'Preiļu novads'),('en_US',430,'Priekules novads'),('en_US',431,'Priekuļu novads'),('en_US',432,'Pārgaujas novads'),('en_US',433,'Pāvilostas novads'),('en_US',434,'Pļaviņu novads'),('en_US',435,'Raunas novads'),('en_US',436,'Riebiņu novads'),('en_US',437,'Rojas novads'),('en_US',438,'Ropažu novads'),('en_US',439,'Rucavas novads'),('en_US',440,'Rugāju novads'),('en_US',441,'Rundāles novads'),('en_US',442,'Rēzeknes novads'),('en_US',443,'Rūjienas novads'),('en_US',444,'Salacgrīvas novads'),('en_US',445,'Salas novads'),('en_US',446,'Salaspils novads'),('en_US',447,'Saldus novads'),('en_US',448,'Saulkrastu novads'),('en_US',449,'Siguldas novads'),('en_US',450,'Skrundas novads'),('en_US',451,'Skrīveru novads'),('en_US',452,'Smiltenes novads'),('en_US',453,'Stopiņu novads'),('en_US',454,'Strenču novads'),('en_US',455,'Sējas novads'),('en_US',456,'Talsu novads'),('en_US',457,'Tukuma novads'),('en_US',458,'Tērvetes novads'),('en_US',459,'Vaiņodes novads'),('en_US',460,'Valkas novads'),('en_US',461,'Valmieras novads'),('en_US',462,'Varakļānu novads'),('en_US',463,'Vecpiebalgas novads'),('en_US',464,'Vecumnieku novads'),('en_US',465,'Ventspils novads'),('en_US',466,'Viesītes novads'),('en_US',467,'Viļakas novads'),('en_US',468,'Viļānu novads'),('en_US',469,'Vārkavas novads'),('en_US',470,'Zilupes novads'),('en_US',471,'Ādažu novads'),('en_US',472,'Ērgļu novads'),('en_US',473,'Ķeguma novads'),('en_US',474,'Ķekavas novads'),('en_US',475,'Alytaus Apskritis'),('en_US',476,'Kauno Apskritis'),('en_US',477,'Klaipėdos Apskritis'),('en_US',478,'Marijampolės Apskritis'),('en_US',479,'Panevėžio Apskritis'),('en_US',480,'Šiaulių Apskritis'),('en_US',481,'Tauragės Apskritis'),('en_US',482,'Telšių Apskritis'),('en_US',483,'Utenos Apskritis'),('en_US',484,'Vilniaus Apskritis');

--
-- Table structure for table `directory_currency_rate`
--

CREATE TABLE `directory_currency_rate` (
  `currency_from` varchar(3) NOT NULL DEFAULT '' COMMENT 'Currency Code Convert From',
  `currency_to` varchar(3) NOT NULL DEFAULT '' COMMENT 'Currency Code Convert To',
  `rate` decimal(24,12) NOT NULL DEFAULT '0.000000000000' COMMENT 'Currency Conversion Rate',
  PRIMARY KEY (`currency_from`,`currency_to`),
  KEY `IDX_DIRECTORY_CURRENCY_RATE_CURRENCY_TO` (`currency_to`)
) ENGINE=InnoDB DEFAULT CHARSET=utf8 COMMENT='Directory Currency Rate';

--
-- Dumping data for table `directory_currency_rate`
--

INSERT INTO `directory_currency_rate` VALUES ('EUR','EUR',1.000000000000),('EUR','USD',1.415000000000),('USD','EUR',0.706700000000),('USD','USD',1.000000000000);

--
-- Table structure for table `downloadable_link`
--

CREATE TABLE `downloadable_link` (
  `link_id` int(10) unsigned NOT NULL AUTO_INCREMENT COMMENT 'Link ID',
  `product_id` int(10) unsigned NOT NULL DEFAULT '0' COMMENT 'Product ID',
  `sort_order` int(10) unsigned NOT NULL DEFAULT '0' COMMENT 'Sort order',
  `number_of_downloads` int(11) DEFAULT NULL COMMENT 'Number of downloads',
  `is_shareable` smallint(5) unsigned NOT NULL DEFAULT '0' COMMENT 'Shareable flag',
  `link_url` varchar(255) DEFAULT NULL COMMENT 'Link Url',
  `link_file` varchar(255) DEFAULT NULL COMMENT 'Link File',
  `link_type` varchar(20) DEFAULT NULL COMMENT 'Link Type',
  `sample_url` varchar(255) DEFAULT NULL COMMENT 'Sample Url',
  `sample_file` varchar(255) DEFAULT NULL COMMENT 'Sample File',
  `sample_type` varchar(20) DEFAULT NULL COMMENT 'Sample Type',
  PRIMARY KEY (`link_id`),
  KEY `IDX_DOWNLOADABLE_LINK_PRODUCT_ID` (`product_id`),
  KEY `IDX_DOWNLOADABLE_LINK_PRODUCT_ID_SORT_ORDER` (`product_id`,`sort_order`),
  CONSTRAINT `FK_DOWNLOADABLE_LINK_PRODUCT_ID_CATALOG_PRODUCT_ENTITY_ENTITY_ID` FOREIGN KEY (`product_id`) REFERENCES `catalog_product_entity` (`entity_id`) ON DELETE CASCADE ON UPDATE CASCADE
) ENGINE=InnoDB DEFAULT CHARSET=utf8 COMMENT='Downloadable Link Table';

--
-- Dumping data for table `downloadable_link`
--


--
-- Table structure for table `downloadable_link_price`
--

CREATE TABLE `downloadable_link_price` (
  `price_id` int(10) unsigned NOT NULL AUTO_INCREMENT COMMENT 'Price ID',
  `link_id` int(10) unsigned NOT NULL DEFAULT '0' COMMENT 'Link ID',
  `website_id` smallint(5) unsigned NOT NULL DEFAULT '0' COMMENT 'Website ID',
  `price` decimal(12,4) NOT NULL DEFAULT '0.0000' COMMENT 'Price',
  PRIMARY KEY (`price_id`),
  KEY `IDX_DOWNLOADABLE_LINK_PRICE_LINK_ID` (`link_id`),
  KEY `IDX_DOWNLOADABLE_LINK_PRICE_WEBSITE_ID` (`website_id`),
  CONSTRAINT `FK_DOWNLOADABLE_LINK_PRICE_LINK_ID_DOWNLOADABLE_LINK_LINK_ID` FOREIGN KEY (`link_id`) REFERENCES `downloadable_link` (`link_id`) ON DELETE CASCADE ON UPDATE CASCADE,
  CONSTRAINT `FK_DOWNLOADABLE_LINK_PRICE_WEBSITE_ID_CORE_WEBSITE_WEBSITE_ID` FOREIGN KEY (`website_id`) REFERENCES `core_website` (`website_id`) ON DELETE CASCADE ON UPDATE CASCADE
) ENGINE=InnoDB DEFAULT CHARSET=utf8 COMMENT='Downloadable Link Price Table';

--
-- Dumping data for table `downloadable_link_price`
--


--
-- Table structure for table `downloadable_link_purchased`
--

CREATE TABLE `downloadable_link_purchased` (
  `purchased_id` int(10) unsigned NOT NULL AUTO_INCREMENT COMMENT 'Purchased ID',
  `order_id` int(10) unsigned DEFAULT '0' COMMENT 'Order ID',
  `order_increment_id` varchar(50) DEFAULT NULL COMMENT 'Order Increment ID',
  `order_item_id` int(10) unsigned NOT NULL DEFAULT '0' COMMENT 'Order Item ID',
  `created_at` timestamp NOT NULL DEFAULT CURRENT_TIMESTAMP ON UPDATE CURRENT_TIMESTAMP COMMENT 'Date of creation',
  `updated_at` timestamp NOT NULL DEFAULT '0000-00-00 00:00:00' COMMENT 'Date of modification',
  `customer_id` int(10) unsigned DEFAULT '0' COMMENT 'Customer ID',
  `product_name` varchar(255) DEFAULT NULL COMMENT 'Product name',
  `product_sku` varchar(255) DEFAULT NULL COMMENT 'Product sku',
  `link_section_title` varchar(255) DEFAULT NULL COMMENT 'Link_section_title',
  PRIMARY KEY (`purchased_id`),
  KEY `IDX_DOWNLOADABLE_LINK_PURCHASED_ORDER_ID` (`order_id`),
  KEY `IDX_DOWNLOADABLE_LINK_PURCHASED_ORDER_ITEM_ID` (`order_item_id`),
  KEY `IDX_DOWNLOADABLE_LINK_PURCHASED_CUSTOMER_ID` (`customer_id`),
  CONSTRAINT `FK_DL_LNK_PURCHASED_CSTR_ID_CSTR_ENTT_ENTT_ID` FOREIGN KEY (`customer_id`) REFERENCES `customer_entity` (`entity_id`) ON DELETE SET NULL ON UPDATE CASCADE,
  CONSTRAINT `FK_DL_LNK_PURCHASED_ORDER_ID_SALES_FLAT_ORDER_ENTT_ID` FOREIGN KEY (`order_id`) REFERENCES `sales_flat_order` (`entity_id`) ON DELETE SET NULL ON UPDATE CASCADE
) ENGINE=InnoDB DEFAULT CHARSET=utf8 COMMENT='Downloadable Link Purchased Table';

--
-- Dumping data for table `downloadable_link_purchased`
--


--
-- Table structure for table `downloadable_link_purchased_item`
--

CREATE TABLE `downloadable_link_purchased_item` (
  `item_id` int(10) unsigned NOT NULL AUTO_INCREMENT COMMENT 'Item ID',
  `purchased_id` int(10) unsigned NOT NULL DEFAULT '0' COMMENT 'Purchased ID',
  `order_item_id` int(10) unsigned DEFAULT '0' COMMENT 'Order Item ID',
  `product_id` int(10) unsigned DEFAULT '0' COMMENT 'Product ID',
  `link_hash` varchar(255) DEFAULT NULL COMMENT 'Link hash',
  `number_of_downloads_bought` int(10) unsigned NOT NULL DEFAULT '0' COMMENT 'Number of downloads bought',
  `number_of_downloads_used` int(10) unsigned NOT NULL DEFAULT '0' COMMENT 'Number of downloads used',
  `link_id` int(10) unsigned NOT NULL DEFAULT '0' COMMENT 'Link ID',
  `link_title` varchar(255) DEFAULT NULL COMMENT 'Link Title',
  `is_shareable` smallint(5) unsigned NOT NULL DEFAULT '0' COMMENT 'Shareable Flag',
  `link_url` varchar(255) DEFAULT NULL COMMENT 'Link Url',
  `link_file` varchar(255) DEFAULT NULL COMMENT 'Link File',
  `link_type` varchar(255) DEFAULT NULL COMMENT 'Link Type',
  `status` varchar(50) DEFAULT NULL COMMENT 'Status',
  `created_at` timestamp NOT NULL DEFAULT CURRENT_TIMESTAMP ON UPDATE CURRENT_TIMESTAMP COMMENT 'Creation Time',
  `updated_at` timestamp NOT NULL DEFAULT '0000-00-00 00:00:00' COMMENT 'Update Time',
  PRIMARY KEY (`item_id`),
  KEY `IDX_DOWNLOADABLE_LINK_PURCHASED_ITEM_LINK_HASH` (`link_hash`),
  KEY `IDX_DOWNLOADABLE_LINK_PURCHASED_ITEM_ORDER_ITEM_ID` (`order_item_id`),
  KEY `IDX_DOWNLOADABLE_LINK_PURCHASED_ITEM_PURCHASED_ID` (`purchased_id`),
  CONSTRAINT `FK_46CC8E252307CE62F00A8F1887512A39` FOREIGN KEY (`purchased_id`) REFERENCES `downloadable_link_purchased` (`purchased_id`) ON DELETE CASCADE ON UPDATE CASCADE,
  CONSTRAINT `FK_B219BF25756700DEE44550B21220ECCE` FOREIGN KEY (`order_item_id`) REFERENCES `sales_flat_order_item` (`item_id`) ON DELETE SET NULL ON UPDATE CASCADE
) ENGINE=InnoDB DEFAULT CHARSET=utf8 COMMENT='Downloadable Link Purchased Item Table';

--
-- Dumping data for table `downloadable_link_purchased_item`
--


--
-- Table structure for table `downloadable_link_title`
--

CREATE TABLE `downloadable_link_title` (
  `title_id` int(10) unsigned NOT NULL AUTO_INCREMENT COMMENT 'Title ID',
  `link_id` int(10) unsigned NOT NULL DEFAULT '0' COMMENT 'Link ID',
  `store_id` smallint(5) unsigned NOT NULL DEFAULT '0' COMMENT 'Store ID',
  `title` varchar(255) DEFAULT NULL COMMENT 'Title',
  PRIMARY KEY (`title_id`),
  UNIQUE KEY `UNQ_DOWNLOADABLE_LINK_TITLE_LINK_ID_STORE_ID` (`link_id`,`store_id`),
  KEY `IDX_DOWNLOADABLE_LINK_TITLE_LINK_ID` (`link_id`),
  KEY `IDX_DOWNLOADABLE_LINK_TITLE_STORE_ID` (`store_id`),
  CONSTRAINT `FK_DOWNLOADABLE_LINK_TITLE_LINK_ID_DOWNLOADABLE_LINK_LINK_ID` FOREIGN KEY (`link_id`) REFERENCES `downloadable_link` (`link_id`) ON DELETE CASCADE ON UPDATE CASCADE,
  CONSTRAINT `FK_DOWNLOADABLE_LINK_TITLE_STORE_ID_CORE_STORE_STORE_ID` FOREIGN KEY (`store_id`) REFERENCES `core_store` (`store_id`) ON DELETE CASCADE ON UPDATE CASCADE
) ENGINE=InnoDB DEFAULT CHARSET=utf8 COMMENT='Link Title Table';

--
-- Dumping data for table `downloadable_link_title`
--


--
-- Table structure for table `downloadable_sample`
--

CREATE TABLE `downloadable_sample` (
  `sample_id` int(10) unsigned NOT NULL AUTO_INCREMENT COMMENT 'Sample ID',
  `product_id` int(10) unsigned NOT NULL DEFAULT '0' COMMENT 'Product ID',
  `sample_url` varchar(255) DEFAULT NULL COMMENT 'Sample URL',
  `sample_file` varchar(255) DEFAULT NULL COMMENT 'Sample file',
  `sample_type` varchar(20) DEFAULT NULL COMMENT 'Sample Type',
  `sort_order` int(10) unsigned NOT NULL DEFAULT '0' COMMENT 'Sort Order',
  PRIMARY KEY (`sample_id`),
  KEY `IDX_DOWNLOADABLE_SAMPLE_PRODUCT_ID` (`product_id`),
  CONSTRAINT `FK_DL_SAMPLE_PRD_ID_CAT_PRD_ENTT_ENTT_ID` FOREIGN KEY (`product_id`) REFERENCES `catalog_product_entity` (`entity_id`) ON DELETE CASCADE ON UPDATE CASCADE
) ENGINE=InnoDB DEFAULT CHARSET=utf8 COMMENT='Downloadable Sample Table';

--
-- Dumping data for table `downloadable_sample`
--


--
-- Table structure for table `downloadable_sample_title`
--

CREATE TABLE `downloadable_sample_title` (
  `title_id` int(10) unsigned NOT NULL AUTO_INCREMENT COMMENT 'Title ID',
  `sample_id` int(10) unsigned NOT NULL DEFAULT '0' COMMENT 'Sample ID',
  `store_id` smallint(5) unsigned NOT NULL DEFAULT '0' COMMENT 'Store ID',
  `title` varchar(255) DEFAULT NULL COMMENT 'Title',
  PRIMARY KEY (`title_id`),
  UNIQUE KEY `UNQ_DOWNLOADABLE_SAMPLE_TITLE_SAMPLE_ID_STORE_ID` (`sample_id`,`store_id`),
  KEY `IDX_DOWNLOADABLE_SAMPLE_TITLE_SAMPLE_ID` (`sample_id`),
  KEY `IDX_DOWNLOADABLE_SAMPLE_TITLE_STORE_ID` (`store_id`),
  CONSTRAINT `FK_DL_SAMPLE_TTL_SAMPLE_ID_DL_SAMPLE_SAMPLE_ID` FOREIGN KEY (`sample_id`) REFERENCES `downloadable_sample` (`sample_id`) ON DELETE CASCADE ON UPDATE CASCADE,
  CONSTRAINT `FK_DOWNLOADABLE_SAMPLE_TITLE_STORE_ID_CORE_STORE_STORE_ID` FOREIGN KEY (`store_id`) REFERENCES `core_store` (`store_id`) ON DELETE CASCADE ON UPDATE CASCADE
) ENGINE=InnoDB DEFAULT CHARSET=utf8 COMMENT='Downloadable Sample Title Table';

--
-- Dumping data for table `downloadable_sample_title`
--


--
-- Table structure for table `eav_attribute`
--

CREATE TABLE `eav_attribute` (
  `attribute_id` smallint(5) unsigned NOT NULL AUTO_INCREMENT COMMENT 'Attribute Id',
  `entity_type_id` smallint(5) unsigned NOT NULL DEFAULT '0' COMMENT 'Entity Type Id',
  `attribute_code` varchar(255) DEFAULT NULL COMMENT 'Attribute Code',
  `attribute_model` varchar(255) DEFAULT NULL COMMENT 'Attribute Model',
  `backend_model` varchar(255) DEFAULT NULL COMMENT 'Backend Model',
  `backend_type` varchar(8) NOT NULL DEFAULT 'static' COMMENT 'Backend Type',
  `backend_table` varchar(255) DEFAULT NULL COMMENT 'Backend Table',
  `frontend_model` varchar(255) DEFAULT NULL COMMENT 'Frontend Model',
  `frontend_input` varchar(50) DEFAULT NULL COMMENT 'Frontend Input',
  `frontend_label` varchar(255) DEFAULT NULL COMMENT 'Frontend Label',
  `frontend_class` varchar(255) DEFAULT NULL COMMENT 'Frontend Class',
  `source_model` varchar(255) DEFAULT NULL COMMENT 'Source Model',
  `is_required` smallint(5) unsigned NOT NULL DEFAULT '0' COMMENT 'Defines Is Required',
  `is_user_defined` smallint(5) unsigned NOT NULL DEFAULT '0' COMMENT 'Defines Is User Defined',
  `default_value` text COMMENT 'Default Value',
  `is_unique` smallint(5) unsigned NOT NULL DEFAULT '0' COMMENT 'Defines Is Unique',
  `note` varchar(255) DEFAULT NULL COMMENT 'Note',
  PRIMARY KEY (`attribute_id`),
  UNIQUE KEY `UNQ_EAV_ATTRIBUTE_ENTITY_TYPE_ID_ATTRIBUTE_CODE` (`entity_type_id`,`attribute_code`),
  KEY `IDX_EAV_ATTRIBUTE_ENTITY_TYPE_ID` (`entity_type_id`),
  CONSTRAINT `FK_EAV_ATTRIBUTE_ENTITY_TYPE_ID_EAV_ENTITY_TYPE_ENTITY_TYPE_ID` FOREIGN KEY (`entity_type_id`) REFERENCES `eav_entity_type` (`entity_type_id`) ON DELETE CASCADE ON UPDATE CASCADE
) ENGINE=InnoDB AUTO_INCREMENT=134 DEFAULT CHARSET=utf8 COMMENT='Eav Attribute';

--
-- Dumping data for table `eav_attribute`
--

INSERT INTO `eav_attribute` VALUES (1,1,'website_id',NULL,'customer/customer_attribute_backend_website','static',NULL,NULL,'select','Associate to Website',NULL,'customer/customer_attribute_source_website',1,0,NULL,0,NULL),(2,1,'store_id',NULL,'customer/customer_attribute_backend_store','static',NULL,NULL,'select','Create In',NULL,'customer/customer_attribute_source_store',1,0,NULL,0,NULL),(3,1,'created_in',NULL,NULL,'varchar',NULL,NULL,'text','Created From',NULL,NULL,0,0,NULL,0,NULL),(4,1,'prefix',NULL,NULL,'varchar',NULL,NULL,'text','Prefix',NULL,NULL,0,0,NULL,0,NULL),(5,1,'firstname',NULL,NULL,'varchar',NULL,NULL,'text','First Name',NULL,NULL,1,0,NULL,0,NULL),(6,1,'middlename',NULL,NULL,'varchar',NULL,NULL,'text','Middle Name/Initial',NULL,NULL,0,0,NULL,0,NULL),(7,1,'lastname',NULL,NULL,'varchar',NULL,NULL,'text','Last Name',NULL,NULL,1,0,NULL,0,NULL),(8,1,'suffix',NULL,NULL,'varchar',NULL,NULL,'text','Suffix',NULL,NULL,0,0,NULL,0,NULL),(9,1,'email',NULL,NULL,'static',NULL,NULL,'text','Email',NULL,NULL,1,0,NULL,0,NULL),(10,1,'group_id',NULL,NULL,'static',NULL,NULL,'select','Group',NULL,'customer/customer_attribute_source_group',1,0,NULL,0,NULL),(11,1,'dob',NULL,'eav/entity_attribute_backend_datetime','datetime',NULL,'eav/entity_attribute_frontend_datetime','date','Date Of Birth',NULL,NULL,0,0,NULL,0,NULL),(12,1,'password_hash',NULL,'customer/customer_attribute_backend_password','varchar',NULL,NULL,'hidden',NULL,NULL,NULL,0,0,NULL,0,NULL),(13,1,'default_billing',NULL,'customer/customer_attribute_backend_billing','int',NULL,NULL,'text','Default Billing Address',NULL,NULL,0,0,NULL,0,NULL),(14,1,'default_shipping',NULL,'customer/customer_attribute_backend_shipping','int',NULL,NULL,'text','Default Shipping Address',NULL,NULL,0,0,NULL,0,NULL),(15,1,'taxvat',NULL,NULL,'varchar',NULL,NULL,'text','Tax/VAT Number',NULL,NULL,0,0,NULL,0,NULL),(16,1,'confirmation',NULL,NULL,'varchar',NULL,NULL,'text','Is Confirmed',NULL,NULL,0,0,NULL,0,NULL),(17,1,'created_at',NULL,NULL,'static',NULL,NULL,'date','Created At',NULL,NULL,0,0,NULL,0,NULL),(18,1,'gender',NULL,NULL,'int',NULL,NULL,'select','Gender',NULL,'eav/entity_attribute_source_table',0,0,NULL,0,NULL),(19,2,'prefix',NULL,NULL,'varchar',NULL,NULL,'text','Prefix',NULL,NULL,0,0,NULL,0,NULL),(20,2,'firstname',NULL,NULL,'varchar',NULL,NULL,'text','First Name',NULL,NULL,1,0,NULL,0,NULL),(21,2,'middlename',NULL,NULL,'varchar',NULL,NULL,'text','Middle Name/Initial',NULL,NULL,0,0,NULL,0,NULL),(22,2,'lastname',NULL,NULL,'varchar',NULL,NULL,'text','Last Name',NULL,NULL,1,0,NULL,0,NULL),(23,2,'suffix',NULL,NULL,'varchar',NULL,NULL,'text','Suffix',NULL,NULL,0,0,NULL,0,NULL),(24,2,'company',NULL,NULL,'varchar',NULL,NULL,'text','Company',NULL,NULL,0,0,NULL,0,NULL),(25,2,'street',NULL,'customer/entity_address_attribute_backend_street','text',NULL,NULL,'multiline','Street Address',NULL,NULL,1,0,NULL,0,NULL),(26,2,'city',NULL,NULL,'varchar',NULL,NULL,'text','City',NULL,NULL,1,0,NULL,0,NULL),(27,2,'country_id',NULL,NULL,'varchar',NULL,NULL,'select','Country',NULL,'customer/entity_address_attribute_source_country',1,0,NULL,0,NULL),(28,2,'region',NULL,'customer/entity_address_attribute_backend_region','varchar',NULL,NULL,'text','State/Province',NULL,NULL,0,0,NULL,0,NULL),(29,2,'region_id',NULL,NULL,'int',NULL,NULL,'hidden','State/Province',NULL,'customer/entity_address_attribute_source_region',0,0,NULL,0,NULL),(30,2,'postcode',NULL,NULL,'varchar',NULL,NULL,'text','Zip/Postal Code',NULL,NULL,1,0,NULL,0,NULL),(31,2,'telephone',NULL,NULL,'varchar',NULL,NULL,'text','Telephone',NULL,NULL,1,0,NULL,0,NULL),(32,2,'fax',NULL,NULL,'varchar',NULL,NULL,'text','Fax',NULL,NULL,0,0,NULL,0,NULL),(33,1,'rp_token',NULL,NULL,'varchar',NULL,NULL,'hidden',NULL,NULL,NULL,0,0,NULL,0,NULL),(34,1,'rp_token_created_at',NULL,NULL,'datetime',NULL,NULL,'date',NULL,NULL,NULL,0,0,NULL,0,NULL),(35,1,'disable_auto_group_change',NULL,'customer/attribute_backend_data_boolean','static',NULL,NULL,'boolean','Disable Automatic Group Change Based on VAT ID',NULL,NULL,0,0,NULL,0,NULL),(36,2,'vat_id',NULL,NULL,'varchar',NULL,NULL,'text','VAT number',NULL,NULL,0,0,NULL,0,NULL),(37,2,'vat_is_valid',NULL,NULL,'int',NULL,NULL,'text','VAT number validity',NULL,NULL,0,0,NULL,0,NULL),(38,2,'vat_request_id',NULL,NULL,'varchar',NULL,NULL,'text','VAT number validation request ID',NULL,NULL,0,0,NULL,0,NULL),(39,2,'vat_request_date',NULL,NULL,'varchar',NULL,NULL,'text','VAT number validation request date',NULL,NULL,0,0,NULL,0,NULL),(40,2,'vat_request_success',NULL,NULL,'int',NULL,NULL,'text','VAT number validation request success',NULL,NULL,0,0,NULL,0,NULL),(41,3,'name',NULL,NULL,'varchar',NULL,NULL,'text','Name',NULL,NULL,1,0,NULL,0,NULL),(42,3,'is_active',NULL,NULL,'int',NULL,NULL,'select','Is Active',NULL,'eav/entity_attribute_source_boolean',1,0,NULL,0,NULL),(43,3,'url_key',NULL,'catalog/category_attribute_backend_urlkey','varchar',NULL,NULL,'text','URL Key',NULL,NULL,0,0,NULL,0,NULL),(44,3,'description',NULL,NULL,'text',NULL,NULL,'textarea','Description',NULL,NULL,0,0,NULL,0,NULL),(45,3,'image',NULL,'catalog/category_attribute_backend_image','varchar',NULL,NULL,'image','Image',NULL,NULL,0,0,NULL,0,NULL),(46,3,'meta_title',NULL,NULL,'varchar',NULL,NULL,'text','Page Title',NULL,NULL,0,0,NULL,0,NULL),(47,3,'meta_keywords',NULL,NULL,'text',NULL,NULL,'textarea','Meta Keywords',NULL,NULL,0,0,NULL,0,NULL),(48,3,'meta_description',NULL,NULL,'text',NULL,NULL,'textarea','Meta Description',NULL,NULL,0,0,NULL,0,NULL),(49,3,'display_mode',NULL,NULL,'varchar',NULL,NULL,'select','Display Mode',NULL,'catalog/category_attribute_source_mode',0,0,NULL,0,NULL),(50,3,'landing_page',NULL,NULL,'int',NULL,NULL,'select','CMS Block',NULL,'catalog/category_attribute_source_page',0,0,NULL,0,NULL),(51,3,'is_anchor',NULL,NULL,'int',NULL,NULL,'select','Is Anchor',NULL,'eav/entity_attribute_source_boolean',0,0,NULL,0,NULL),(52,3,'path',NULL,NULL,'static',NULL,NULL,'text','Path',NULL,NULL,0,0,NULL,0,NULL),(53,3,'position',NULL,NULL,'static',NULL,NULL,'text','Position',NULL,NULL,0,0,NULL,0,NULL),(54,3,'all_children',NULL,NULL,'text',NULL,NULL,'text',NULL,NULL,NULL,0,0,NULL,0,NULL),(55,3,'path_in_store',NULL,NULL,'text',NULL,NULL,'text',NULL,NULL,NULL,0,0,NULL,0,NULL),(56,3,'children',NULL,NULL,'text',NULL,NULL,'text',NULL,NULL,NULL,0,0,NULL,0,NULL),(57,3,'url_path',NULL,NULL,'varchar',NULL,NULL,'text',NULL,NULL,NULL,0,0,NULL,0,NULL),(58,3,'custom_design',NULL,NULL,'varchar',NULL,NULL,'select','Custom Design',NULL,'core/design_source_design',0,0,NULL,0,NULL),(59,3,'custom_design_from',NULL,'eav/entity_attribute_backend_datetime','datetime',NULL,NULL,'date','Active From',NULL,NULL,0,0,NULL,0,NULL),(60,3,'custom_design_to',NULL,'eav/entity_attribute_backend_datetime','datetime',NULL,NULL,'date','Active To',NULL,NULL,0,0,NULL,0,NULL),(61,3,'page_layout',NULL,NULL,'varchar',NULL,NULL,'select','Page Layout',NULL,'catalog/category_attribute_source_layout',0,0,NULL,0,NULL),(62,3,'custom_layout_update',NULL,'catalog/attribute_backend_customlayoutupdate','text',NULL,NULL,'textarea','Custom Layout Update',NULL,NULL,0,0,NULL,0,NULL),(63,3,'level',NULL,NULL,'static',NULL,NULL,'text','Level',NULL,NULL,0,0,NULL,0,NULL),(64,3,'children_count',NULL,NULL,'static',NULL,NULL,'text','Children Count',NULL,NULL,0,0,NULL,0,NULL),(65,3,'available_sort_by',NULL,'catalog/category_attribute_backend_sortby','text',NULL,NULL,'multiselect','Available Product Listing Sort By',NULL,'catalog/category_attribute_source_sortby',1,0,NULL,0,NULL),(66,3,'default_sort_by',NULL,'catalog/category_attribute_backend_sortby','varchar',NULL,NULL,'select','Default Product Listing Sort By',NULL,'catalog/category_attribute_source_sortby',1,0,NULL,0,NULL),(67,3,'include_in_menu',NULL,NULL,'int',NULL,NULL,'select','Include in Navigation Menu',NULL,'eav/entity_attribute_source_boolean',1,0,'1',0,NULL),(68,3,'custom_use_parent_settings',NULL,NULL,'int',NULL,NULL,'select','Use Parent Category Settings',NULL,'eav/entity_attribute_source_boolean',0,0,NULL,0,NULL),(69,3,'custom_apply_to_products',NULL,NULL,'int',NULL,NULL,'select','Apply To Products',NULL,'eav/entity_attribute_source_boolean',0,0,NULL,0,NULL),(70,3,'filter_price_range',NULL,NULL,'decimal',NULL,NULL,'text','Layered Navigation Price Step',NULL,NULL,0,0,NULL,0,NULL),(71,4,'name',NULL,NULL,'varchar',NULL,NULL,'text','Name',NULL,NULL,1,0,NULL,0,NULL),(72,4,'description',NULL,NULL,'text',NULL,NULL,'textarea','Description',NULL,NULL,1,0,NULL,0,NULL),(73,4,'short_description',NULL,NULL,'text',NULL,NULL,'textarea','Short Description',NULL,NULL,1,0,NULL,0,NULL),(74,4,'sku',NULL,'catalog/product_attribute_backend_sku','static',NULL,NULL,'text','SKU',NULL,NULL,1,0,NULL,1,NULL),(75,4,'price',NULL,'catalog/product_attribute_backend_price','decimal',NULL,NULL,'price','Price',NULL,NULL,1,0,NULL,0,NULL),(76,4,'special_price',NULL,'catalog/product_attribute_backend_price','decimal',NULL,NULL,'price','Special Price',NULL,NULL,0,0,NULL,0,NULL),(77,4,'special_from_date',NULL,'catalog/product_attribute_backend_startdate','datetime',NULL,NULL,'date','Special Price From Date',NULL,NULL,0,0,NULL,0,NULL),(78,4,'special_to_date',NULL,'eav/entity_attribute_backend_datetime','datetime',NULL,NULL,'date','Special Price To Date',NULL,NULL,0,0,NULL,0,NULL),(79,4,'cost',NULL,'catalog/product_attribute_backend_price','decimal',NULL,NULL,'price','Cost',NULL,NULL,0,1,NULL,0,NULL),(80,4,'weight',NULL,NULL,'decimal',NULL,NULL,'weight','Weight',NULL,NULL,1,0,NULL,0,NULL),(81,4,'manufacturer',NULL,NULL,'int',NULL,NULL,'select','Manufacturer',NULL,NULL,0,1,NULL,0,NULL),(82,4,'meta_title',NULL,NULL,'varchar',NULL,NULL,'text','Meta Title',NULL,NULL,0,0,NULL,0,NULL),(83,4,'meta_keyword',NULL,NULL,'text',NULL,NULL,'textarea','Meta Keywords',NULL,NULL,0,0,NULL,0,NULL),(84,4,'meta_description',NULL,NULL,'varchar',NULL,NULL,'textarea','Meta Description',NULL,NULL,0,0,NULL,0,'Maximum 255 chars'),(85,4,'image',NULL,NULL,'varchar',NULL,'catalog/product_attribute_frontend_image','media_image','Base Image',NULL,NULL,0,0,NULL,0,NULL),(86,4,'small_image',NULL,NULL,'varchar',NULL,'catalog/product_attribute_frontend_image','media_image','Small Image',NULL,NULL,0,0,NULL,0,NULL),(87,4,'thumbnail',NULL,NULL,'varchar',NULL,'catalog/product_attribute_frontend_image','media_image','Thumbnail',NULL,NULL,0,0,NULL,0,NULL),(88,4,'media_gallery',NULL,'catalog/product_attribute_backend_media','varchar',NULL,NULL,'gallery','Media Gallery',NULL,NULL,0,0,NULL,0,NULL),(89,4,'old_id',NULL,NULL,'int',NULL,NULL,'text',NULL,NULL,NULL,0,0,NULL,0,NULL),(90,4,'group_price',NULL,'catalog/product_attribute_backend_groupprice','decimal',NULL,NULL,'text','Group Price',NULL,NULL,0,0,NULL,0,NULL),(91,4,'tier_price',NULL,'catalog/product_attribute_backend_tierprice','decimal',NULL,NULL,'text','Tier Price',NULL,NULL,0,0,NULL,0,NULL),(92,4,'color',NULL,NULL,'int',NULL,NULL,'select','Color',NULL,NULL,0,1,NULL,0,NULL),(93,4,'news_from_date',NULL,'eav/entity_attribute_backend_datetime','datetime',NULL,NULL,'date','Set Product as New from Date',NULL,NULL,0,0,NULL,0,NULL),(94,4,'news_to_date',NULL,'eav/entity_attribute_backend_datetime','datetime',NULL,NULL,'date','Set Product as New to Date',NULL,NULL,0,0,NULL,0,NULL),(95,4,'gallery',NULL,NULL,'varchar',NULL,NULL,'gallery','Image Gallery',NULL,NULL,0,0,NULL,0,NULL),(96,4,'status',NULL,NULL,'int',NULL,NULL,'select','Status',NULL,'catalog/product_status',1,0,NULL,0,NULL),(97,4,'url_key',NULL,'catalog/product_attribute_backend_urlkey','varchar',NULL,NULL,'text','URL Key',NULL,NULL,0,0,NULL,0,NULL),(98,4,'url_path',NULL,NULL,'varchar',NULL,NULL,'text',NULL,NULL,NULL,0,0,NULL,0,NULL),(99,4,'minimal_price',NULL,NULL,'decimal',NULL,NULL,'price','Minimal Price',NULL,NULL,0,0,NULL,0,NULL),(100,4,'is_recurring',NULL,NULL,'int',NULL,NULL,'select','Enable Recurring Profile',NULL,'eav/entity_attribute_source_boolean',0,0,NULL,0,'Products with recurring profile participate in catalog as nominal items.'),(101,4,'recurring_profile',NULL,'catalog/product_attribute_backend_recurring','text',NULL,NULL,'text','Recurring Payment Profile',NULL,NULL,0,0,NULL,0,NULL),(102,4,'visibility',NULL,NULL,'int',NULL,NULL,'select','Visibility',NULL,'catalog/product_visibility',1,0,'4',0,NULL),(103,4,'custom_design',NULL,NULL,'varchar',NULL,NULL,'select','Custom Design',NULL,'core/design_source_design',0,0,NULL,0,NULL),(104,4,'custom_design_from',NULL,'eav/entity_attribute_backend_datetime','datetime',NULL,NULL,'date','Active From',NULL,NULL,0,0,NULL,0,NULL),(105,4,'custom_design_to',NULL,'eav/entity_attribute_backend_datetime','datetime',NULL,NULL,'date','Active To',NULL,NULL,0,0,NULL,0,NULL),(106,4,'custom_layout_update',NULL,'catalog/attribute_backend_customlayoutupdate','text',NULL,NULL,'textarea','Custom Layout Update',NULL,NULL,0,0,NULL,0,NULL),(107,4,'page_layout',NULL,NULL,'varchar',NULL,NULL,'select','Page Layout',NULL,'catalog/product_attribute_source_layout',0,0,NULL,0,NULL),(108,4,'category_ids',NULL,NULL,'static',NULL,NULL,'text',NULL,NULL,NULL,0,0,NULL,0,NULL),(109,4,'options_container',NULL,NULL,'varchar',NULL,NULL,'select','Display Product Options In',NULL,'catalog/entity_product_attribute_design_options_container',0,0,'container2',0,NULL),(110,4,'required_options',NULL,NULL,'static',NULL,NULL,'text',NULL,NULL,NULL,0,0,NULL,0,NULL),(111,4,'has_options',NULL,NULL,'static',NULL,NULL,'text',NULL,NULL,NULL,0,0,NULL,0,NULL),(112,4,'image_label',NULL,NULL,'varchar',NULL,NULL,'text','Image Label',NULL,NULL,0,0,NULL,0,NULL),(113,4,'small_image_label',NULL,NULL,'varchar',NULL,NULL,'text','Small Image Label',NULL,NULL,0,0,NULL,0,NULL),(114,4,'thumbnail_label',NULL,NULL,'varchar',NULL,NULL,'text','Thumbnail Label',NULL,NULL,0,0,NULL,0,NULL),(115,4,'created_at',NULL,'eav/entity_attribute_backend_time_created','static',NULL,NULL,'text',NULL,NULL,NULL,1,0,NULL,0,NULL),(116,4,'updated_at',NULL,'eav/entity_attribute_backend_time_updated','static',NULL,NULL,'text',NULL,NULL,NULL,1,0,NULL,0,NULL),(117,4,'country_of_manufacture',NULL,NULL,'varchar',NULL,NULL,'select','Country of Manufacture',NULL,'catalog/product_attribute_source_countryofmanufacture',0,0,NULL,0,NULL),(118,4,'msrp_enabled',NULL,'catalog/product_attribute_backend_msrp','varchar',NULL,NULL,'select','Apply MAP',NULL,'catalog/product_attribute_source_msrp_type_enabled',0,0,'2',0,NULL),(119,4,'msrp_display_actual_price_type',NULL,'catalog/product_attribute_backend_boolean','varchar',NULL,NULL,'select','Display Actual Price',NULL,'catalog/product_attribute_source_msrp_type_price',0,0,'4',0,NULL),(120,4,'msrp',NULL,'catalog/product_attribute_backend_price','decimal',NULL,NULL,'price','Manufacturer\'s Suggested Retail Price',NULL,NULL,0,0,NULL,0,NULL),(121,4,'enable_googlecheckout',NULL,NULL,'int',NULL,NULL,'select','Is Product Available for Purchase with Google Checkout',NULL,'eav/entity_attribute_source_boolean',0,0,'1',0,NULL),(122,4,'tax_class_id',NULL,NULL,'int',NULL,NULL,'select','Tax Class',NULL,'tax/class_source_product',1,0,NULL,0,NULL),(123,4,'gift_message_available',NULL,'catalog/product_attribute_backend_boolean','varchar',NULL,NULL,'select','Allow Gift Message',NULL,'eav/entity_attribute_source_boolean',0,0,NULL,0,NULL),(124,4,'price_type',NULL,NULL,'int',NULL,NULL,NULL,NULL,NULL,NULL,1,0,NULL,0,NULL),(125,4,'sku_type',NULL,NULL,'int',NULL,NULL,NULL,NULL,NULL,NULL,1,0,NULL,0,NULL),(126,4,'weight_type',NULL,NULL,'int',NULL,NULL,NULL,NULL,NULL,NULL,1,0,NULL,0,NULL),(127,4,'price_view',NULL,NULL,'int',NULL,NULL,'select','Price View',NULL,'bundle/product_attribute_source_price_view',1,0,NULL,0,NULL),(128,4,'shipment_type',NULL,NULL,'int',NULL,NULL,NULL,'Shipment',NULL,NULL,1,0,NULL,0,NULL),(129,4,'links_purchased_separately',NULL,NULL,'int',NULL,NULL,NULL,'Links can be purchased separately',NULL,NULL,1,0,NULL,0,NULL),(130,4,'samples_title',NULL,NULL,'varchar',NULL,NULL,NULL,'Samples title',NULL,NULL,1,0,NULL,0,NULL),(131,4,'links_title',NULL,NULL,'varchar',NULL,NULL,NULL,'Links title',NULL,NULL,1,0,NULL,0,NULL),(132,4,'links_exist',NULL,NULL,'int',NULL,NULL,NULL,NULL,NULL,NULL,0,0,'0',0,NULL),(133,3,'thumbnail',NULL,'catalog/category_attribute_backend_image','varchar',NULL,NULL,'image','Thumbnail Image',NULL,NULL,0,0,NULL,0,NULL);

--
-- Table structure for table `eav_attribute_group`
--

CREATE TABLE `eav_attribute_group` (
  `attribute_group_id` smallint(5) unsigned NOT NULL AUTO_INCREMENT COMMENT 'Attribute Group Id',
  `attribute_set_id` smallint(5) unsigned NOT NULL DEFAULT '0' COMMENT 'Attribute Set Id',
  `attribute_group_name` varchar(255) DEFAULT NULL COMMENT 'Attribute Group Name',
  `sort_order` smallint(6) NOT NULL DEFAULT '0' COMMENT 'Sort Order',
  `default_id` smallint(5) unsigned DEFAULT '0' COMMENT 'Default Id',
  PRIMARY KEY (`attribute_group_id`),
  UNIQUE KEY `UNQ_EAV_ATTRIBUTE_GROUP_ATTRIBUTE_SET_ID_ATTRIBUTE_GROUP_NAME` (`attribute_set_id`,`attribute_group_name`),
  KEY `IDX_EAV_ATTRIBUTE_GROUP_ATTRIBUTE_SET_ID_SORT_ORDER` (`attribute_set_id`,`sort_order`),
  CONSTRAINT `FK_EAV_ATTR_GROUP_ATTR_SET_ID_EAV_ATTR_SET_ATTR_SET_ID` FOREIGN KEY (`attribute_set_id`) REFERENCES `eav_attribute_set` (`attribute_set_id`) ON DELETE CASCADE ON UPDATE CASCADE
) ENGINE=InnoDB AUTO_INCREMENT=18 DEFAULT CHARSET=utf8 COMMENT='Eav Attribute Group';

--
-- Dumping data for table `eav_attribute_group`
--

INSERT INTO `eav_attribute_group` VALUES (1,1,'General',1,1),(2,2,'General',1,1),(3,3,'General',10,1),(4,3,'General Information',2,0),(5,3,'Display Settings',20,0),(6,3,'Custom Design',30,0),(7,4,'General',1,1),(8,4,'Prices',2,0),(9,4,'Meta Information',3,0),(10,4,'Images',4,0),(11,4,'Recurring Profile',5,0),(12,4,'Design',6,0),(13,5,'General',1,1),(14,6,'General',1,1),(15,7,'General',1,1),(16,8,'General',1,1),(17,4,'Gift Options',7,0);

--
-- Table structure for table `eav_attribute_label`
--

CREATE TABLE `eav_attribute_label` (
  `attribute_label_id` int(10) unsigned NOT NULL AUTO_INCREMENT COMMENT 'Attribute Label Id',
  `attribute_id` smallint(5) unsigned NOT NULL DEFAULT '0' COMMENT 'Attribute Id',
  `store_id` smallint(5) unsigned NOT NULL DEFAULT '0' COMMENT 'Store Id',
  `value` varchar(255) DEFAULT NULL COMMENT 'Value',
  PRIMARY KEY (`attribute_label_id`),
  KEY `IDX_EAV_ATTRIBUTE_LABEL_ATTRIBUTE_ID` (`attribute_id`),
  KEY `IDX_EAV_ATTRIBUTE_LABEL_STORE_ID` (`store_id`),
  KEY `IDX_EAV_ATTRIBUTE_LABEL_ATTRIBUTE_ID_STORE_ID` (`attribute_id`,`store_id`),
  CONSTRAINT `FK_EAV_ATTRIBUTE_LABEL_ATTRIBUTE_ID_EAV_ATTRIBUTE_ATTRIBUTE_ID` FOREIGN KEY (`attribute_id`) REFERENCES `eav_attribute` (`attribute_id`) ON DELETE CASCADE ON UPDATE CASCADE,
  CONSTRAINT `FK_EAV_ATTRIBUTE_LABEL_STORE_ID_CORE_STORE_STORE_ID` FOREIGN KEY (`store_id`) REFERENCES `core_store` (`store_id`) ON DELETE CASCADE ON UPDATE CASCADE
) ENGINE=InnoDB DEFAULT CHARSET=utf8 COMMENT='Eav Attribute Label';

--
-- Dumping data for table `eav_attribute_label`
--


--
-- Table structure for table `eav_attribute_option`
--

CREATE TABLE `eav_attribute_option` (
  `option_id` int(10) unsigned NOT NULL AUTO_INCREMENT COMMENT 'Option Id',
  `attribute_id` smallint(5) unsigned NOT NULL DEFAULT '0' COMMENT 'Attribute Id',
  `sort_order` smallint(5) unsigned NOT NULL DEFAULT '0' COMMENT 'Sort Order',
  PRIMARY KEY (`option_id`),
  KEY `IDX_EAV_ATTRIBUTE_OPTION_ATTRIBUTE_ID` (`attribute_id`),
  CONSTRAINT `FK_EAV_ATTRIBUTE_OPTION_ATTRIBUTE_ID_EAV_ATTRIBUTE_ATTRIBUTE_ID` FOREIGN KEY (`attribute_id`) REFERENCES `eav_attribute` (`attribute_id`) ON DELETE CASCADE ON UPDATE CASCADE
) ENGINE=InnoDB AUTO_INCREMENT=3 DEFAULT CHARSET=utf8 COMMENT='Eav Attribute Option';

--
-- Dumping data for table `eav_attribute_option`
--

INSERT INTO `eav_attribute_option` VALUES (1,18,0),(2,18,1);

--
-- Table structure for table `eav_attribute_option_value`
--

CREATE TABLE `eav_attribute_option_value` (
  `value_id` int(10) unsigned NOT NULL AUTO_INCREMENT COMMENT 'Value Id',
  `option_id` int(10) unsigned NOT NULL DEFAULT '0' COMMENT 'Option Id',
  `store_id` smallint(5) unsigned NOT NULL DEFAULT '0' COMMENT 'Store Id',
  `value` varchar(255) DEFAULT NULL COMMENT 'Value',
  PRIMARY KEY (`value_id`),
  KEY `IDX_EAV_ATTRIBUTE_OPTION_VALUE_OPTION_ID` (`option_id`),
  KEY `IDX_EAV_ATTRIBUTE_OPTION_VALUE_STORE_ID` (`store_id`),
  CONSTRAINT `FK_EAV_ATTRIBUTE_OPTION_VALUE_STORE_ID_CORE_STORE_STORE_ID` FOREIGN KEY (`store_id`) REFERENCES `core_store` (`store_id`) ON DELETE CASCADE ON UPDATE CASCADE,
  CONSTRAINT `FK_EAV_ATTR_OPT_VAL_OPT_ID_EAV_ATTR_OPT_OPT_ID` FOREIGN KEY (`option_id`) REFERENCES `eav_attribute_option` (`option_id`) ON DELETE CASCADE ON UPDATE CASCADE
) ENGINE=InnoDB AUTO_INCREMENT=3 DEFAULT CHARSET=utf8 COMMENT='Eav Attribute Option Value';

--
-- Dumping data for table `eav_attribute_option_value`
--

INSERT INTO `eav_attribute_option_value` VALUES (1,1,0,'Male'),(2,2,0,'Female');

--
-- Table structure for table `eav_attribute_set`
--

CREATE TABLE `eav_attribute_set` (
  `attribute_set_id` smallint(5) unsigned NOT NULL AUTO_INCREMENT COMMENT 'Attribute Set Id',
  `entity_type_id` smallint(5) unsigned NOT NULL DEFAULT '0' COMMENT 'Entity Type Id',
  `attribute_set_name` varchar(255) DEFAULT NULL COMMENT 'Attribute Set Name',
  `sort_order` smallint(6) NOT NULL DEFAULT '0' COMMENT 'Sort Order',
  PRIMARY KEY (`attribute_set_id`),
  UNIQUE KEY `UNQ_EAV_ATTRIBUTE_SET_ENTITY_TYPE_ID_ATTRIBUTE_SET_NAME` (`entity_type_id`,`attribute_set_name`),
  KEY `IDX_EAV_ATTRIBUTE_SET_ENTITY_TYPE_ID_SORT_ORDER` (`entity_type_id`,`sort_order`),
  CONSTRAINT `FK_EAV_ATTR_SET_ENTT_TYPE_ID_EAV_ENTT_TYPE_ENTT_TYPE_ID` FOREIGN KEY (`entity_type_id`) REFERENCES `eav_entity_type` (`entity_type_id`) ON DELETE CASCADE ON UPDATE CASCADE
) ENGINE=InnoDB AUTO_INCREMENT=9 DEFAULT CHARSET=utf8 COMMENT='Eav Attribute Set';

--
-- Dumping data for table `eav_attribute_set`
--

INSERT INTO `eav_attribute_set` VALUES (1,1,'Default',1),(2,2,'Default',1),(3,3,'Default',1),(4,4,'Default',1),(5,5,'Default',1),(6,6,'Default',1),(7,7,'Default',1),(8,8,'Default',1);

--
-- Table structure for table `eav_entity`
--

CREATE TABLE `eav_entity` (
  `entity_id` int(10) unsigned NOT NULL AUTO_INCREMENT COMMENT 'Entity Id',
  `entity_type_id` smallint(5) unsigned NOT NULL DEFAULT '0' COMMENT 'Entity Type Id',
  `attribute_set_id` smallint(5) unsigned NOT NULL DEFAULT '0' COMMENT 'Attribute Set Id',
  `increment_id` varchar(50) DEFAULT NULL COMMENT 'Increment Id',
  `parent_id` int(10) unsigned NOT NULL DEFAULT '0' COMMENT 'Parent Id',
  `store_id` smallint(5) unsigned NOT NULL DEFAULT '0' COMMENT 'Store Id',
  `created_at` timestamp NOT NULL DEFAULT CURRENT_TIMESTAMP ON UPDATE CURRENT_TIMESTAMP COMMENT 'Created At',
  `updated_at` timestamp NOT NULL DEFAULT '0000-00-00 00:00:00' COMMENT 'Updated At',
  `is_active` smallint(5) unsigned NOT NULL DEFAULT '1' COMMENT 'Defines Is Entity Active',
  PRIMARY KEY (`entity_id`),
  KEY `IDX_EAV_ENTITY_ENTITY_TYPE_ID` (`entity_type_id`),
  KEY `IDX_EAV_ENTITY_STORE_ID` (`store_id`),
  CONSTRAINT `FK_EAV_ENTITY_ENTITY_TYPE_ID_EAV_ENTITY_TYPE_ENTITY_TYPE_ID` FOREIGN KEY (`entity_type_id`) REFERENCES `eav_entity_type` (`entity_type_id`) ON DELETE CASCADE ON UPDATE CASCADE,
  CONSTRAINT `FK_EAV_ENTITY_STORE_ID_CORE_STORE_STORE_ID` FOREIGN KEY (`store_id`) REFERENCES `core_store` (`store_id`) ON DELETE CASCADE ON UPDATE CASCADE
) ENGINE=InnoDB DEFAULT CHARSET=utf8 COMMENT='Eav Entity';

--
-- Dumping data for table `eav_entity`
--


--
-- Table structure for table `eav_entity_attribute`
--

CREATE TABLE `eav_entity_attribute` (
  `entity_attribute_id` int(10) unsigned NOT NULL AUTO_INCREMENT COMMENT 'Entity Attribute Id',
  `entity_type_id` smallint(5) unsigned NOT NULL DEFAULT '0' COMMENT 'Entity Type Id',
  `attribute_set_id` smallint(5) unsigned NOT NULL DEFAULT '0' COMMENT 'Attribute Set Id',
  `attribute_group_id` smallint(5) unsigned NOT NULL DEFAULT '0' COMMENT 'Attribute Group Id',
  `attribute_id` smallint(5) unsigned NOT NULL DEFAULT '0' COMMENT 'Attribute Id',
  `sort_order` smallint(6) NOT NULL DEFAULT '0' COMMENT 'Sort Order',
  PRIMARY KEY (`entity_attribute_id`),
  UNIQUE KEY `UNQ_EAV_ENTITY_ATTRIBUTE_ATTRIBUTE_SET_ID_ATTRIBUTE_ID` (`attribute_set_id`,`attribute_id`),
  UNIQUE KEY `UNQ_EAV_ENTITY_ATTRIBUTE_ATTRIBUTE_GROUP_ID_ATTRIBUTE_ID` (`attribute_group_id`,`attribute_id`),
  KEY `IDX_EAV_ENTITY_ATTRIBUTE_ATTRIBUTE_SET_ID_SORT_ORDER` (`attribute_set_id`,`sort_order`),
  KEY `IDX_EAV_ENTITY_ATTRIBUTE_ATTRIBUTE_ID` (`attribute_id`),
  CONSTRAINT `FK_EAV_ENTITY_ATTRIBUTE_ATTRIBUTE_ID_EAV_ATTRIBUTE_ATTRIBUTE_ID` FOREIGN KEY (`attribute_id`) REFERENCES `eav_attribute` (`attribute_id`) ON DELETE CASCADE ON UPDATE CASCADE,
  CONSTRAINT `FK_EAV_ENTT_ATTR_ATTR_GROUP_ID_EAV_ATTR_GROUP_ATTR_GROUP_ID` FOREIGN KEY (`attribute_group_id`) REFERENCES `eav_attribute_group` (`attribute_group_id`) ON DELETE CASCADE ON UPDATE CASCADE
) ENGINE=InnoDB AUTO_INCREMENT=132 DEFAULT CHARSET=utf8 COMMENT='Eav Entity Attributes';

--
-- Dumping data for table `eav_entity_attribute`
--

INSERT INTO `eav_entity_attribute` VALUES (1,1,1,1,1,10),(2,1,1,1,2,0),(3,1,1,1,3,20),(4,1,1,1,4,30),(5,1,1,1,5,40),(6,1,1,1,6,50),(7,1,1,1,7,60),(8,1,1,1,8,70),(9,1,1,1,9,80),(10,1,1,1,10,25),(11,1,1,1,11,90),(12,1,1,1,12,0),(13,1,1,1,13,0),(14,1,1,1,14,0),(15,1,1,1,15,100),(16,1,1,1,16,0),(17,1,1,1,17,86),(18,1,1,1,18,110),(19,2,2,2,19,10),(20,2,2,2,20,20),(21,2,2,2,21,30),(22,2,2,2,22,40),(23,2,2,2,23,50),(24,2,2,2,24,60),(25,2,2,2,25,70),(26,2,2,2,26,80),(27,2,2,2,27,90),(28,2,2,2,28,100),(29,2,2,2,29,100),(30,2,2,2,30,110),(31,2,2,2,31,120),(32,2,2,2,32,130),(33,1,1,1,33,111),(34,1,1,1,34,112),(35,1,1,1,35,28),(36,2,2,2,36,140),(37,2,2,2,37,132),(38,2,2,2,38,133),(39,2,2,2,39,134),(40,2,2,2,40,135),(41,3,3,4,41,1),(42,3,3,4,42,2),(43,3,3,4,43,3),(44,3,3,4,44,4),(45,3,3,4,45,5),(46,3,3,4,46,6),(47,3,3,4,47,7),(48,3,3,4,48,8),(49,3,3,5,49,10),(50,3,3,5,50,20),(51,3,3,5,51,30),(52,3,3,4,52,12),(53,3,3,4,53,13),(54,3,3,4,54,14),(55,3,3,4,55,15),(56,3,3,4,56,16),(57,3,3,4,57,17),(58,3,3,6,58,10),(59,3,3,6,59,30),(60,3,3,6,60,40),(61,3,3,6,61,50),(62,3,3,6,62,60),(63,3,3,4,63,24),(64,3,3,4,64,25),(65,3,3,5,65,40),(66,3,3,5,66,50),(67,3,3,4,67,10),(68,3,3,6,68,5),(69,3,3,6,69,6),(70,3,3,5,70,51),(71,4,4,7,71,1),(72,4,4,7,72,2),(73,4,4,7,73,3),(74,4,4,7,74,4),(75,4,4,8,75,1),(76,4,4,8,76,3),(77,4,4,8,77,4),(78,4,4,8,78,5),(79,4,4,8,79,6),(80,4,4,7,80,5),(81,4,4,9,82,1),(82,4,4,9,83,2),(83,4,4,9,84,3),(84,4,4,10,85,1),(85,4,4,10,86,2),(86,4,4,10,87,3),(87,4,4,10,88,4),(88,4,4,7,89,6),(89,4,4,8,90,2),(90,4,4,8,91,7),(91,4,4,7,93,7),(92,4,4,7,94,8),(93,4,4,10,95,5),(94,4,4,7,96,9),(95,4,4,7,97,10),(96,4,4,7,98,11),(97,4,4,8,99,8),(98,4,4,11,100,1),(99,4,4,11,101,2),(100,4,4,7,102,12),(101,4,4,12,103,1),(102,4,4,12,104,2),(103,4,4,12,105,3),(104,4,4,12,106,4),(105,4,4,12,107,5),(106,4,4,7,108,13),(107,4,4,12,109,6),(108,4,4,7,110,14),(109,4,4,7,111,15),(110,4,4,7,112,16),(111,4,4,7,113,17),(112,4,4,7,114,18),(113,4,4,7,115,19),(114,4,4,7,116,20),(115,4,4,7,117,21),(116,4,4,8,118,9),(117,4,4,8,119,10),(118,4,4,8,120,11),(119,4,4,8,121,12),(120,4,4,8,122,13),(121,4,4,17,123,1),(122,4,4,7,124,22),(123,4,4,7,125,23),(124,4,4,7,126,24),(125,4,4,8,127,14),(126,4,4,7,128,25),(127,4,4,7,129,26),(128,4,4,7,130,27),(129,4,4,7,131,28),(130,4,4,7,132,29),(131,3,3,4,133,4);

--
-- Table structure for table `eav_entity_datetime`
--

CREATE TABLE `eav_entity_datetime` (
  `value_id` int(11) NOT NULL AUTO_INCREMENT COMMENT 'Value Id',
  `entity_type_id` smallint(5) unsigned NOT NULL DEFAULT '0' COMMENT 'Entity Type Id',
  `attribute_id` smallint(5) unsigned NOT NULL DEFAULT '0' COMMENT 'Attribute Id',
  `store_id` smallint(5) unsigned NOT NULL DEFAULT '0' COMMENT 'Store Id',
  `entity_id` int(10) unsigned NOT NULL DEFAULT '0' COMMENT 'Entity Id',
  `value` datetime NOT NULL DEFAULT '0000-00-00 00:00:00' COMMENT 'Attribute Value',
  PRIMARY KEY (`value_id`),
  UNIQUE KEY `UNQ_EAV_ENTITY_DATETIME_ENTITY_ID_ATTRIBUTE_ID_STORE_ID` (`entity_id`,`attribute_id`,`store_id`),
  KEY `IDX_EAV_ENTITY_DATETIME_ENTITY_TYPE_ID` (`entity_type_id`),
  KEY `IDX_EAV_ENTITY_DATETIME_ATTRIBUTE_ID` (`attribute_id`),
  KEY `IDX_EAV_ENTITY_DATETIME_STORE_ID` (`store_id`),
  KEY `IDX_EAV_ENTITY_DATETIME_ENTITY_ID` (`entity_id`),
  KEY `IDX_EAV_ENTITY_DATETIME_ATTRIBUTE_ID_VALUE` (`attribute_id`,`value`),
  KEY `IDX_EAV_ENTITY_DATETIME_ENTITY_TYPE_ID_VALUE` (`entity_type_id`,`value`),
  CONSTRAINT `FK_EAV_ENTITY_DATETIME_ENTITY_ID_EAV_ENTITY_ENTITY_ID` FOREIGN KEY (`entity_id`) REFERENCES `eav_entity` (`entity_id`) ON DELETE CASCADE ON UPDATE CASCADE,
  CONSTRAINT `FK_EAV_ENTITY_DATETIME_STORE_ID_CORE_STORE_STORE_ID` FOREIGN KEY (`store_id`) REFERENCES `core_store` (`store_id`) ON DELETE CASCADE ON UPDATE CASCADE,
  CONSTRAINT `FK_EAV_ENTT_DTIME_ENTT_TYPE_ID_EAV_ENTT_TYPE_ENTT_TYPE_ID` FOREIGN KEY (`entity_type_id`) REFERENCES `eav_entity_type` (`entity_type_id`) ON DELETE CASCADE ON UPDATE CASCADE
) ENGINE=InnoDB DEFAULT CHARSET=utf8 COMMENT='Eav Entity Value Prefix';

--
-- Dumping data for table `eav_entity_datetime`
--


--
-- Table structure for table `eav_entity_decimal`
--

CREATE TABLE `eav_entity_decimal` (
  `value_id` int(11) NOT NULL AUTO_INCREMENT COMMENT 'Value Id',
  `entity_type_id` smallint(5) unsigned NOT NULL DEFAULT '0' COMMENT 'Entity Type Id',
  `attribute_id` smallint(5) unsigned NOT NULL DEFAULT '0' COMMENT 'Attribute Id',
  `store_id` smallint(5) unsigned NOT NULL DEFAULT '0' COMMENT 'Store Id',
  `entity_id` int(10) unsigned NOT NULL DEFAULT '0' COMMENT 'Entity Id',
  `value` decimal(12,4) NOT NULL DEFAULT '0.0000' COMMENT 'Attribute Value',
  PRIMARY KEY (`value_id`),
  UNIQUE KEY `UNQ_EAV_ENTITY_DECIMAL_ENTITY_ID_ATTRIBUTE_ID_STORE_ID` (`entity_id`,`attribute_id`,`store_id`),
  KEY `IDX_EAV_ENTITY_DECIMAL_ENTITY_TYPE_ID` (`entity_type_id`),
  KEY `IDX_EAV_ENTITY_DECIMAL_ATTRIBUTE_ID` (`attribute_id`),
  KEY `IDX_EAV_ENTITY_DECIMAL_STORE_ID` (`store_id`),
  KEY `IDX_EAV_ENTITY_DECIMAL_ENTITY_ID` (`entity_id`),
  KEY `IDX_EAV_ENTITY_DECIMAL_ATTRIBUTE_ID_VALUE` (`attribute_id`,`value`),
  KEY `IDX_EAV_ENTITY_DECIMAL_ENTITY_TYPE_ID_VALUE` (`entity_type_id`,`value`),
  CONSTRAINT `FK_EAV_ENTITY_DECIMAL_ENTITY_ID_EAV_ENTITY_ENTITY_ID` FOREIGN KEY (`entity_id`) REFERENCES `eav_entity` (`entity_id`) ON DELETE CASCADE ON UPDATE CASCADE,
  CONSTRAINT `FK_EAV_ENTITY_DECIMAL_STORE_ID_CORE_STORE_STORE_ID` FOREIGN KEY (`store_id`) REFERENCES `core_store` (`store_id`) ON DELETE CASCADE ON UPDATE CASCADE,
  CONSTRAINT `FK_EAV_ENTT_DEC_ENTT_TYPE_ID_EAV_ENTT_TYPE_ENTT_TYPE_ID` FOREIGN KEY (`entity_type_id`) REFERENCES `eav_entity_type` (`entity_type_id`) ON DELETE CASCADE ON UPDATE CASCADE
) ENGINE=InnoDB DEFAULT CHARSET=utf8 COMMENT='Eav Entity Value Prefix';

--
-- Dumping data for table `eav_entity_decimal`
--


--
-- Table structure for table `eav_entity_int`
--

CREATE TABLE `eav_entity_int` (
  `value_id` int(11) NOT NULL AUTO_INCREMENT COMMENT 'Value Id',
  `entity_type_id` smallint(5) unsigned NOT NULL DEFAULT '0' COMMENT 'Entity Type Id',
  `attribute_id` smallint(5) unsigned NOT NULL DEFAULT '0' COMMENT 'Attribute Id',
  `store_id` smallint(5) unsigned NOT NULL DEFAULT '0' COMMENT 'Store Id',
  `entity_id` int(10) unsigned NOT NULL DEFAULT '0' COMMENT 'Entity Id',
  `value` int(11) NOT NULL DEFAULT '0' COMMENT 'Attribute Value',
  PRIMARY KEY (`value_id`),
  UNIQUE KEY `UNQ_EAV_ENTITY_INT_ENTITY_ID_ATTRIBUTE_ID_STORE_ID` (`entity_id`,`attribute_id`,`store_id`),
  KEY `IDX_EAV_ENTITY_INT_ENTITY_TYPE_ID` (`entity_type_id`),
  KEY `IDX_EAV_ENTITY_INT_ATTRIBUTE_ID` (`attribute_id`),
  KEY `IDX_EAV_ENTITY_INT_STORE_ID` (`store_id`),
  KEY `IDX_EAV_ENTITY_INT_ENTITY_ID` (`entity_id`),
  KEY `IDX_EAV_ENTITY_INT_ATTRIBUTE_ID_VALUE` (`attribute_id`,`value`),
  KEY `IDX_EAV_ENTITY_INT_ENTITY_TYPE_ID_VALUE` (`entity_type_id`,`value`),
  CONSTRAINT `FK_EAV_ENTITY_INT_ENTITY_ID_EAV_ENTITY_ENTITY_ID` FOREIGN KEY (`entity_id`) REFERENCES `eav_entity` (`entity_id`) ON DELETE CASCADE ON UPDATE CASCADE,
  CONSTRAINT `FK_EAV_ENTITY_INT_ENTITY_TYPE_ID_EAV_ENTITY_TYPE_ENTITY_TYPE_ID` FOREIGN KEY (`entity_type_id`) REFERENCES `eav_entity_type` (`entity_type_id`) ON DELETE CASCADE ON UPDATE CASCADE,
  CONSTRAINT `FK_EAV_ENTITY_INT_STORE_ID_CORE_STORE_STORE_ID` FOREIGN KEY (`store_id`) REFERENCES `core_store` (`store_id`) ON DELETE CASCADE ON UPDATE CASCADE
) ENGINE=InnoDB DEFAULT CHARSET=utf8 COMMENT='Eav Entity Value Prefix';

--
-- Dumping data for table `eav_entity_int`
--


--
-- Table structure for table `eav_entity_store`
--

CREATE TABLE `eav_entity_store` (
  `entity_store_id` int(10) unsigned NOT NULL AUTO_INCREMENT COMMENT 'Entity Store Id',
  `entity_type_id` smallint(5) unsigned NOT NULL DEFAULT '0' COMMENT 'Entity Type Id',
  `store_id` smallint(5) unsigned NOT NULL DEFAULT '0' COMMENT 'Store Id',
  `increment_prefix` varchar(20) DEFAULT NULL COMMENT 'Increment Prefix',
  `increment_last_id` varchar(50) DEFAULT NULL COMMENT 'Last Incremented Id',
  PRIMARY KEY (`entity_store_id`),
  KEY `IDX_EAV_ENTITY_STORE_ENTITY_TYPE_ID` (`entity_type_id`),
  KEY `IDX_EAV_ENTITY_STORE_STORE_ID` (`store_id`),
  CONSTRAINT `FK_EAV_ENTITY_STORE_STORE_ID_CORE_STORE_STORE_ID` FOREIGN KEY (`store_id`) REFERENCES `core_store` (`store_id`) ON DELETE CASCADE ON UPDATE CASCADE,
  CONSTRAINT `FK_EAV_ENTT_STORE_ENTT_TYPE_ID_EAV_ENTT_TYPE_ENTT_TYPE_ID` FOREIGN KEY (`entity_type_id`) REFERENCES `eav_entity_type` (`entity_type_id`) ON DELETE CASCADE ON UPDATE CASCADE
) ENGINE=InnoDB DEFAULT CHARSET=utf8 COMMENT='Eav Entity Store';

--
-- Dumping data for table `eav_entity_store`
--


--
-- Table structure for table `eav_entity_text`
--

CREATE TABLE `eav_entity_text` (
  `value_id` int(11) NOT NULL AUTO_INCREMENT COMMENT 'Value Id',
  `entity_type_id` smallint(5) unsigned NOT NULL DEFAULT '0' COMMENT 'Entity Type Id',
  `attribute_id` smallint(5) unsigned NOT NULL DEFAULT '0' COMMENT 'Attribute Id',
  `store_id` smallint(5) unsigned NOT NULL DEFAULT '0' COMMENT 'Store Id',
  `entity_id` int(10) unsigned NOT NULL DEFAULT '0' COMMENT 'Entity Id',
  `value` text NOT NULL COMMENT 'Attribute Value',
  PRIMARY KEY (`value_id`),
  UNIQUE KEY `UNQ_EAV_ENTITY_TEXT_ENTITY_ID_ATTRIBUTE_ID_STORE_ID` (`entity_id`,`attribute_id`,`store_id`),
  KEY `IDX_EAV_ENTITY_TEXT_ENTITY_TYPE_ID` (`entity_type_id`),
  KEY `IDX_EAV_ENTITY_TEXT_ATTRIBUTE_ID` (`attribute_id`),
  KEY `IDX_EAV_ENTITY_TEXT_STORE_ID` (`store_id`),
  KEY `IDX_EAV_ENTITY_TEXT_ENTITY_ID` (`entity_id`),
  CONSTRAINT `FK_EAV_ENTITY_TEXT_ENTITY_ID_EAV_ENTITY_ENTITY_ID` FOREIGN KEY (`entity_id`) REFERENCES `eav_entity` (`entity_id`) ON DELETE CASCADE ON UPDATE CASCADE,
  CONSTRAINT `FK_EAV_ENTITY_TEXT_ENTITY_TYPE_ID_EAV_ENTITY_TYPE_ENTITY_TYPE_ID` FOREIGN KEY (`entity_type_id`) REFERENCES `eav_entity_type` (`entity_type_id`) ON DELETE CASCADE ON UPDATE CASCADE,
  CONSTRAINT `FK_EAV_ENTITY_TEXT_STORE_ID_CORE_STORE_STORE_ID` FOREIGN KEY (`store_id`) REFERENCES `core_store` (`store_id`) ON DELETE CASCADE ON UPDATE CASCADE
) ENGINE=InnoDB DEFAULT CHARSET=utf8 COMMENT='Eav Entity Value Prefix';

--
-- Dumping data for table `eav_entity_text`
--


--
-- Table structure for table `eav_entity_type`
--

CREATE TABLE `eav_entity_type` (
  `entity_type_id` smallint(5) unsigned NOT NULL AUTO_INCREMENT COMMENT 'Entity Type Id',
  `entity_type_code` varchar(50) NOT NULL COMMENT 'Entity Type Code',
  `entity_model` varchar(255) NOT NULL COMMENT 'Entity Model',
  `attribute_model` varchar(255) DEFAULT NULL COMMENT 'Attribute Model',
  `entity_table` varchar(255) DEFAULT NULL COMMENT 'Entity Table',
  `value_table_prefix` varchar(255) DEFAULT NULL COMMENT 'Value Table Prefix',
  `entity_id_field` varchar(255) DEFAULT NULL COMMENT 'Entity Id Field',
  `is_data_sharing` smallint(5) unsigned NOT NULL DEFAULT '1' COMMENT 'Defines Is Data Sharing',
  `data_sharing_key` varchar(100) DEFAULT 'default' COMMENT 'Data Sharing Key',
  `default_attribute_set_id` smallint(5) unsigned NOT NULL DEFAULT '0' COMMENT 'Default Attribute Set Id',
  `increment_model` varchar(255) DEFAULT '' COMMENT 'Increment Model',
  `increment_per_store` smallint(5) unsigned NOT NULL DEFAULT '0' COMMENT 'Increment Per Store',
  `increment_pad_length` smallint(5) unsigned NOT NULL DEFAULT '8' COMMENT 'Increment Pad Length',
  `increment_pad_char` varchar(1) NOT NULL DEFAULT '0' COMMENT 'Increment Pad Char',
  `additional_attribute_table` varchar(255) DEFAULT '' COMMENT 'Additional Attribute Table',
  `entity_attribute_collection` varchar(255) DEFAULT NULL COMMENT 'Entity Attribute Collection',
  PRIMARY KEY (`entity_type_id`),
  KEY `IDX_EAV_ENTITY_TYPE_ENTITY_TYPE_CODE` (`entity_type_code`)
) ENGINE=InnoDB AUTO_INCREMENT=9 DEFAULT CHARSET=utf8 COMMENT='Eav Entity Type';

--
-- Dumping data for table `eav_entity_type`
--

INSERT INTO `eav_entity_type` VALUES (1,'customer','customer/customer','customer/attribute','customer/entity',NULL,NULL,1,'default',1,'eav/entity_increment_numeric',0,8,'0','customer/eav_attribute','customer/attribute_collection'),(2,'customer_address','customer/address','customer/attribute','customer/address_entity',NULL,NULL,1,'default',2,NULL,0,8,'0','customer/eav_attribute','customer/address_attribute_collection'),(3,'catalog_category','catalog/category','catalog/resource_eav_attribute','catalog/category',NULL,NULL,1,'default',3,NULL,0,8,'0','catalog/eav_attribute','catalog/category_attribute_collection'),(4,'catalog_product','catalog/product','catalog/resource_eav_attribute','catalog/product',NULL,NULL,1,'default',4,NULL,0,8,'0','catalog/eav_attribute','catalog/product_attribute_collection'),(5,'order','sales/order',NULL,'sales/order',NULL,NULL,1,'default',0,'eav/entity_increment_numeric',1,8,'0',NULL,NULL),(6,'invoice','sales/order_invoice',NULL,'sales/invoice',NULL,NULL,1,'default',0,'eav/entity_increment_numeric',1,8,'0',NULL,NULL),(7,'creditmemo','sales/order_creditmemo',NULL,'sales/creditmemo',NULL,NULL,1,'default',0,'eav/entity_increment_numeric',1,8,'0',NULL,NULL),(8,'shipment','sales/order_shipment',NULL,'sales/shipment',NULL,NULL,1,'default',0,'eav/entity_increment_numeric',1,8,'0',NULL,NULL);

--
-- Table structure for table `eav_entity_varchar`
--

CREATE TABLE `eav_entity_varchar` (
  `value_id` int(11) NOT NULL AUTO_INCREMENT COMMENT 'Value Id',
  `entity_type_id` smallint(5) unsigned NOT NULL DEFAULT '0' COMMENT 'Entity Type Id',
  `attribute_id` smallint(5) unsigned NOT NULL DEFAULT '0' COMMENT 'Attribute Id',
  `store_id` smallint(5) unsigned NOT NULL DEFAULT '0' COMMENT 'Store Id',
  `entity_id` int(10) unsigned NOT NULL DEFAULT '0' COMMENT 'Entity Id',
  `value` varchar(255) DEFAULT NULL COMMENT 'Attribute Value',
  PRIMARY KEY (`value_id`),
  UNIQUE KEY `UNQ_EAV_ENTITY_VARCHAR_ENTITY_ID_ATTRIBUTE_ID_STORE_ID` (`entity_id`,`attribute_id`,`store_id`),
  KEY `IDX_EAV_ENTITY_VARCHAR_ENTITY_TYPE_ID` (`entity_type_id`),
  KEY `IDX_EAV_ENTITY_VARCHAR_ATTRIBUTE_ID` (`attribute_id`),
  KEY `IDX_EAV_ENTITY_VARCHAR_STORE_ID` (`store_id`),
  KEY `IDX_EAV_ENTITY_VARCHAR_ENTITY_ID` (`entity_id`),
  KEY `IDX_EAV_ENTITY_VARCHAR_ATTRIBUTE_ID_VALUE` (`attribute_id`,`value`),
  KEY `IDX_EAV_ENTITY_VARCHAR_ENTITY_TYPE_ID_VALUE` (`entity_type_id`,`value`),
  CONSTRAINT `FK_EAV_ENTITY_VARCHAR_ENTITY_ID_EAV_ENTITY_ENTITY_ID` FOREIGN KEY (`entity_id`) REFERENCES `eav_entity` (`entity_id`) ON DELETE CASCADE ON UPDATE CASCADE,
  CONSTRAINT `FK_EAV_ENTITY_VARCHAR_STORE_ID_CORE_STORE_STORE_ID` FOREIGN KEY (`store_id`) REFERENCES `core_store` (`store_id`) ON DELETE CASCADE ON UPDATE CASCADE,
  CONSTRAINT `FK_EAV_ENTT_VCHR_ENTT_TYPE_ID_EAV_ENTT_TYPE_ENTT_TYPE_ID` FOREIGN KEY (`entity_type_id`) REFERENCES `eav_entity_type` (`entity_type_id`) ON DELETE CASCADE ON UPDATE CASCADE
) ENGINE=InnoDB DEFAULT CHARSET=utf8 COMMENT='Eav Entity Value Prefix';

--
-- Dumping data for table `eav_entity_varchar`
--


--
-- Table structure for table `eav_form_element`
--

CREATE TABLE `eav_form_element` (
  `element_id` int(10) unsigned NOT NULL AUTO_INCREMENT COMMENT 'Element Id',
  `type_id` smallint(5) unsigned NOT NULL COMMENT 'Type Id',
  `fieldset_id` smallint(5) unsigned DEFAULT NULL COMMENT 'Fieldset Id',
  `attribute_id` smallint(5) unsigned NOT NULL COMMENT 'Attribute Id',
  `sort_order` int(11) NOT NULL DEFAULT '0' COMMENT 'Sort Order',
  PRIMARY KEY (`element_id`),
  UNIQUE KEY `UNQ_EAV_FORM_ELEMENT_TYPE_ID_ATTRIBUTE_ID` (`type_id`,`attribute_id`),
  KEY `IDX_EAV_FORM_ELEMENT_TYPE_ID` (`type_id`),
  KEY `IDX_EAV_FORM_ELEMENT_FIELDSET_ID` (`fieldset_id`),
  KEY `IDX_EAV_FORM_ELEMENT_ATTRIBUTE_ID` (`attribute_id`),
  CONSTRAINT `FK_EAV_FORM_ELEMENT_ATTRIBUTE_ID_EAV_ATTRIBUTE_ATTRIBUTE_ID` FOREIGN KEY (`attribute_id`) REFERENCES `eav_attribute` (`attribute_id`) ON DELETE CASCADE ON UPDATE CASCADE,
  CONSTRAINT `FK_EAV_FORM_ELEMENT_FIELDSET_ID_EAV_FORM_FIELDSET_FIELDSET_ID` FOREIGN KEY (`fieldset_id`) REFERENCES `eav_form_fieldset` (`fieldset_id`) ON DELETE SET NULL ON UPDATE CASCADE,
  CONSTRAINT `FK_EAV_FORM_ELEMENT_TYPE_ID_EAV_FORM_TYPE_TYPE_ID` FOREIGN KEY (`type_id`) REFERENCES `eav_form_type` (`type_id`) ON DELETE CASCADE ON UPDATE CASCADE
) ENGINE=InnoDB AUTO_INCREMENT=53 DEFAULT CHARSET=utf8 COMMENT='Eav Form Element';

--
-- Dumping data for table `eav_form_element`
--

INSERT INTO `eav_form_element` VALUES (1,1,NULL,20,0),(2,1,NULL,22,1),(3,1,NULL,24,2),(4,1,NULL,9,3),(5,1,NULL,25,4),(6,1,NULL,26,5),(7,1,NULL,28,6),(8,1,NULL,30,7),(9,1,NULL,27,8),(10,1,NULL,31,9),(11,1,NULL,32,10),(12,2,NULL,20,0),(13,2,NULL,22,1),(14,2,NULL,24,2),(15,2,NULL,9,3),(16,2,NULL,25,4),(17,2,NULL,26,5),(18,2,NULL,28,6),(19,2,NULL,30,7),(20,2,NULL,27,8),(21,2,NULL,31,9),(22,2,NULL,32,10),(23,3,NULL,20,0),(24,3,NULL,22,1),(25,3,NULL,24,2),(26,3,NULL,25,3),(27,3,NULL,26,4),(28,3,NULL,28,5),(29,3,NULL,30,6),(30,3,NULL,27,7),(31,3,NULL,31,8),(32,3,NULL,32,9),(33,4,NULL,20,0),(34,4,NULL,22,1),(35,4,NULL,24,2),(36,4,NULL,25,3),(37,4,NULL,26,4),(38,4,NULL,28,5),(39,4,NULL,30,6),(40,4,NULL,27,7),(41,4,NULL,31,8),(42,4,NULL,32,9),(43,5,1,5,0),(44,5,1,7,1),(45,5,1,9,2),(46,5,2,24,0),(47,5,2,31,1),(48,5,2,25,2),(49,5,2,26,3),(50,5,2,28,4),(51,5,2,30,5),(52,5,2,27,6);

--
-- Table structure for table `eav_form_fieldset`
--

CREATE TABLE `eav_form_fieldset` (
  `fieldset_id` smallint(5) unsigned NOT NULL AUTO_INCREMENT COMMENT 'Fieldset Id',
  `type_id` smallint(5) unsigned NOT NULL COMMENT 'Type Id',
  `code` varchar(64) NOT NULL COMMENT 'Code',
  `sort_order` int(11) NOT NULL DEFAULT '0' COMMENT 'Sort Order',
  PRIMARY KEY (`fieldset_id`),
  UNIQUE KEY `UNQ_EAV_FORM_FIELDSET_TYPE_ID_CODE` (`type_id`,`code`),
  KEY `IDX_EAV_FORM_FIELDSET_TYPE_ID` (`type_id`),
  CONSTRAINT `FK_EAV_FORM_FIELDSET_TYPE_ID_EAV_FORM_TYPE_TYPE_ID` FOREIGN KEY (`type_id`) REFERENCES `eav_form_type` (`type_id`) ON DELETE CASCADE ON UPDATE CASCADE
) ENGINE=InnoDB AUTO_INCREMENT=3 DEFAULT CHARSET=utf8 COMMENT='Eav Form Fieldset';

--
-- Dumping data for table `eav_form_fieldset`
--

INSERT INTO `eav_form_fieldset` VALUES (1,5,'general',1),(2,5,'address',2);

--
-- Table structure for table `eav_form_fieldset_label`
--

CREATE TABLE `eav_form_fieldset_label` (
  `fieldset_id` smallint(5) unsigned NOT NULL COMMENT 'Fieldset Id',
  `store_id` smallint(5) unsigned NOT NULL COMMENT 'Store Id',
  `label` varchar(255) NOT NULL COMMENT 'Label',
  PRIMARY KEY (`fieldset_id`,`store_id`),
  KEY `IDX_EAV_FORM_FIELDSET_LABEL_FIELDSET_ID` (`fieldset_id`),
  KEY `IDX_EAV_FORM_FIELDSET_LABEL_STORE_ID` (`store_id`),
  CONSTRAINT `FK_EAV_FORM_FIELDSET_LABEL_STORE_ID_CORE_STORE_STORE_ID` FOREIGN KEY (`store_id`) REFERENCES `core_store` (`store_id`) ON DELETE CASCADE ON UPDATE CASCADE,
  CONSTRAINT `FK_EAV_FORM_FSET_LBL_FSET_ID_EAV_FORM_FSET_FSET_ID` FOREIGN KEY (`fieldset_id`) REFERENCES `eav_form_fieldset` (`fieldset_id`) ON DELETE CASCADE ON UPDATE CASCADE
) ENGINE=InnoDB DEFAULT CHARSET=utf8 COMMENT='Eav Form Fieldset Label';

--
-- Dumping data for table `eav_form_fieldset_label`
--

INSERT INTO `eav_form_fieldset_label` VALUES (1,0,'Personal Information'),(2,0,'Address Information');

--
-- Table structure for table `eav_form_type`
--

CREATE TABLE `eav_form_type` (
  `type_id` smallint(5) unsigned NOT NULL AUTO_INCREMENT COMMENT 'Type Id',
  `code` varchar(64) NOT NULL COMMENT 'Code',
  `label` varchar(255) NOT NULL COMMENT 'Label',
  `is_system` smallint(5) unsigned NOT NULL DEFAULT '0' COMMENT 'Is System',
  `theme` varchar(64) DEFAULT NULL COMMENT 'Theme',
  `store_id` smallint(5) unsigned NOT NULL COMMENT 'Store Id',
  PRIMARY KEY (`type_id`),
  UNIQUE KEY `UNQ_EAV_FORM_TYPE_CODE_THEME_STORE_ID` (`code`,`theme`,`store_id`),
  KEY `IDX_EAV_FORM_TYPE_STORE_ID` (`store_id`),
  CONSTRAINT `FK_EAV_FORM_TYPE_STORE_ID_CORE_STORE_STORE_ID` FOREIGN KEY (`store_id`) REFERENCES `core_store` (`store_id`) ON DELETE CASCADE ON UPDATE CASCADE
) ENGINE=InnoDB AUTO_INCREMENT=6 DEFAULT CHARSET=utf8 COMMENT='Eav Form Type';

--
-- Dumping data for table `eav_form_type`
--

INSERT INTO `eav_form_type` VALUES (1,'checkout_onepage_register','checkout_onepage_register',1,'',0),(2,'checkout_onepage_register_guest','checkout_onepage_register_guest',1,'',0),(3,'checkout_onepage_billing_address','checkout_onepage_billing_address',1,'',0),(4,'checkout_onepage_shipping_address','checkout_onepage_shipping_address',1,'',0),(5,'checkout_multishipping_register','checkout_multishipping_register',1,'',0);

--
-- Table structure for table `eav_form_type_entity`
--

CREATE TABLE `eav_form_type_entity` (
  `type_id` smallint(5) unsigned NOT NULL COMMENT 'Type Id',
  `entity_type_id` smallint(5) unsigned NOT NULL COMMENT 'Entity Type Id',
  PRIMARY KEY (`type_id`,`entity_type_id`),
  KEY `IDX_EAV_FORM_TYPE_ENTITY_ENTITY_TYPE_ID` (`entity_type_id`),
  CONSTRAINT `FK_EAV_FORM_TYPE_ENTITY_TYPE_ID_EAV_FORM_TYPE_TYPE_ID` FOREIGN KEY (`type_id`) REFERENCES `eav_form_type` (`type_id`) ON DELETE CASCADE ON UPDATE CASCADE,
  CONSTRAINT `FK_EAV_FORM_TYPE_ENTT_ENTT_TYPE_ID_EAV_ENTT_TYPE_ENTT_TYPE_ID` FOREIGN KEY (`entity_type_id`) REFERENCES `eav_entity_type` (`entity_type_id`) ON DELETE CASCADE ON UPDATE CASCADE
) ENGINE=InnoDB DEFAULT CHARSET=utf8 COMMENT='Eav Form Type Entity';

--
-- Dumping data for table `eav_form_type_entity`
--

INSERT INTO `eav_form_type_entity` VALUES (1,1),(2,1),(5,1),(1,2),(2,2),(3,2),(4,2),(5,2);

--
-- Table structure for table `gift_message`
--

CREATE TABLE `gift_message` (
  `gift_message_id` int(10) unsigned NOT NULL AUTO_INCREMENT COMMENT 'GiftMessage Id',
  `customer_id` int(10) unsigned NOT NULL DEFAULT '0' COMMENT 'Customer id',
  `sender` varchar(255) DEFAULT NULL COMMENT 'Sender',
  `recipient` varchar(255) DEFAULT NULL COMMENT 'Recipient',
  `message` text COMMENT 'Message',
  PRIMARY KEY (`gift_message_id`)
) ENGINE=InnoDB DEFAULT CHARSET=utf8 COMMENT='Gift Message';

--
-- Dumping data for table `gift_message`
--


--
-- Table structure for table `googlecheckout_notification`
--

CREATE TABLE `googlecheckout_notification` (
  `serial_number` varchar(64) NOT NULL COMMENT 'Serial Number',
  `started_at` timestamp NULL DEFAULT NULL COMMENT 'Started At',
  `status` smallint(5) unsigned NOT NULL DEFAULT '0' COMMENT 'Status',
  PRIMARY KEY (`serial_number`)
) ENGINE=InnoDB DEFAULT CHARSET=utf8 COMMENT='Google Checkout Notification Table';

--
-- Dumping data for table `googlecheckout_notification`
--


--
-- Table structure for table `importexport_importdata`
--

CREATE TABLE `importexport_importdata` (
  `id` int(10) unsigned NOT NULL AUTO_INCREMENT COMMENT 'Id',
  `entity` varchar(50) NOT NULL COMMENT 'Entity',
  `behavior` varchar(10) NOT NULL DEFAULT 'append' COMMENT 'Behavior',
  `data` longtext COMMENT 'Data',
  PRIMARY KEY (`id`)
) ENGINE=InnoDB DEFAULT CHARSET=utf8 COMMENT='Import Data Table';

--
-- Dumping data for table `importexport_importdata`
--


--
-- Table structure for table `index_event`
--

CREATE TABLE `index_event` (
  `event_id` bigint(20) unsigned NOT NULL AUTO_INCREMENT COMMENT 'Event Id',
  `type` varchar(64) NOT NULL COMMENT 'Type',
  `entity` varchar(64) NOT NULL COMMENT 'Entity',
  `entity_pk` bigint(20) DEFAULT NULL COMMENT 'Entity Primary Key',
  `created_at` timestamp NOT NULL DEFAULT CURRENT_TIMESTAMP ON UPDATE CURRENT_TIMESTAMP COMMENT 'Creation Time',
  `old_data` mediumtext COMMENT 'Old Data',
  `new_data` mediumtext COMMENT 'New Data',
  PRIMARY KEY (`event_id`),
  UNIQUE KEY `UNQ_INDEX_EVENT_TYPE_ENTITY_ENTITY_PK` (`type`,`entity`,`entity_pk`)
) ENGINE=InnoDB AUTO_INCREMENT=4 DEFAULT CHARSET=utf8 COMMENT='Index Event';

--
-- Dumping data for table `index_event`
--

INSERT INTO `index_event` VALUES (1,'save','catalog_category',1,'2013-02-17 05:52:01',NULL,'a:5:{s:35:\"cataloginventory_stock_match_result\";b:0;s:34:\"catalog_product_price_match_result\";b:0;s:24:\"catalog_url_match_result\";b:1;s:37:\"catalog_category_product_match_result\";b:1;s:35:\"catalogsearch_fulltext_match_result\";b:1;}'),(2,'save','catalog_category',2,'2013-02-17 05:52:02',NULL,'a:5:{s:35:\"cataloginventory_stock_match_result\";b:0;s:34:\"catalog_product_price_match_result\";b:0;s:24:\"catalog_url_match_result\";b:1;s:37:\"catalog_category_product_match_result\";b:1;s:35:\"catalogsearch_fulltext_match_result\";b:1;}'),(3,'save','catalog_category',3,'2013-02-17 22:41:57',NULL,'a:5:{s:35:\"cataloginventory_stock_match_result\";b:0;s:34:\"catalog_product_price_match_result\";b:0;s:24:\"catalog_url_match_result\";b:1;s:37:\"catalog_category_product_match_result\";b:1;s:35:\"catalogsearch_fulltext_match_result\";b:1;}');

--
-- Table structure for table `index_process`
--

CREATE TABLE `index_process` (
  `process_id` int(10) unsigned NOT NULL AUTO_INCREMENT COMMENT 'Process Id',
  `indexer_code` varchar(32) NOT NULL COMMENT 'Indexer Code',
  `status` varchar(15) NOT NULL DEFAULT 'pending' COMMENT 'Status',
  `started_at` timestamp NULL DEFAULT NULL COMMENT 'Started At',
  `ended_at` timestamp NULL DEFAULT NULL COMMENT 'Ended At',
  `mode` varchar(9) NOT NULL DEFAULT 'real_time' COMMENT 'Mode',
  PRIMARY KEY (`process_id`),
  UNIQUE KEY `UNQ_INDEX_PROCESS_INDEXER_CODE` (`indexer_code`)
) ENGINE=InnoDB AUTO_INCREMENT=10 DEFAULT CHARSET=utf8 COMMENT='Index Process';

--
-- Dumping data for table `index_process`
--

INSERT INTO `index_process` VALUES (1,'catalog_product_attribute','require_reindex',NULL,NULL,'real_time'),(2,'catalog_product_price','require_reindex',NULL,NULL,'real_time'),(3,'catalog_url','require_reindex','2013-02-17 22:59:12','2013-02-17 22:59:12','real_time'),(4,'catalog_product_flat','require_reindex',NULL,NULL,'real_time'),(5,'catalog_category_flat','require_reindex',NULL,NULL,'real_time'),(6,'catalog_category_product','require_reindex','2013-02-17 22:59:12','2013-02-17 22:59:12','real_time'),(7,'catalogsearch_fulltext','require_reindex','2013-02-17 22:59:12','2013-02-17 22:59:12','real_time'),(8,'cataloginventory_stock','require_reindex',NULL,NULL,'real_time'),(9,'tag_summary','require_reindex',NULL,NULL,'real_time');

--
-- Table structure for table `index_process_event`
--

CREATE TABLE `index_process_event` (
  `process_id` int(10) unsigned NOT NULL COMMENT 'Process Id',
  `event_id` bigint(20) unsigned NOT NULL COMMENT 'Event Id',
  `status` varchar(7) NOT NULL DEFAULT 'new' COMMENT 'Status',
  PRIMARY KEY (`process_id`,`event_id`),
  KEY `IDX_INDEX_PROCESS_EVENT_EVENT_ID` (`event_id`),
  CONSTRAINT `FK_INDEX_PROCESS_EVENT_EVENT_ID_INDEX_EVENT_EVENT_ID` FOREIGN KEY (`event_id`) REFERENCES `index_event` (`event_id`) ON DELETE CASCADE ON UPDATE CASCADE,
  CONSTRAINT `FK_INDEX_PROCESS_EVENT_PROCESS_ID_INDEX_PROCESS_PROCESS_ID` FOREIGN KEY (`process_id`) REFERENCES `index_process` (`process_id`) ON DELETE CASCADE ON UPDATE CASCADE
) ENGINE=InnoDB DEFAULT CHARSET=utf8 COMMENT='Index Process Event';

--
-- Dumping data for table `index_process_event`
--


--
-- Table structure for table `log_customer`
--

CREATE TABLE `log_customer` (
  `log_id` int(10) unsigned NOT NULL AUTO_INCREMENT COMMENT 'Log ID',
  `visitor_id` bigint(20) unsigned DEFAULT NULL COMMENT 'Visitor ID',
  `customer_id` int(11) NOT NULL DEFAULT '0' COMMENT 'Customer ID',
  `login_at` timestamp NOT NULL DEFAULT CURRENT_TIMESTAMP ON UPDATE CURRENT_TIMESTAMP COMMENT 'Login Time',
  `logout_at` timestamp NULL DEFAULT NULL COMMENT 'Logout Time',
  `store_id` smallint(5) unsigned NOT NULL COMMENT 'Store ID',
  PRIMARY KEY (`log_id`),
  KEY `IDX_LOG_CUSTOMER_VISITOR_ID` (`visitor_id`)
) ENGINE=InnoDB DEFAULT CHARSET=utf8 COMMENT='Log Customers Table';

--
-- Dumping data for table `log_customer`
--


--
-- Table structure for table `log_quote`
--

CREATE TABLE `log_quote` (
  `quote_id` int(10) unsigned NOT NULL DEFAULT '0' COMMENT 'Quote ID',
  `visitor_id` bigint(20) unsigned DEFAULT NULL COMMENT 'Visitor ID',
  `created_at` timestamp NOT NULL DEFAULT CURRENT_TIMESTAMP ON UPDATE CURRENT_TIMESTAMP COMMENT 'Creation Time',
  `deleted_at` timestamp NULL DEFAULT NULL COMMENT 'Deletion Time',
  PRIMARY KEY (`quote_id`)
) ENGINE=InnoDB DEFAULT CHARSET=utf8 COMMENT='Log Quotes Table';

--
-- Dumping data for table `log_quote`
--


--
-- Table structure for table `log_summary`
--

CREATE TABLE `log_summary` (
  `summary_id` bigint(20) unsigned NOT NULL AUTO_INCREMENT COMMENT 'Summary ID',
  `store_id` smallint(5) unsigned NOT NULL COMMENT 'Store ID',
  `type_id` smallint(5) unsigned DEFAULT NULL COMMENT 'Type ID',
  `visitor_count` int(11) NOT NULL DEFAULT '0' COMMENT 'Visitor Count',
  `customer_count` int(11) NOT NULL DEFAULT '0' COMMENT 'Customer Count',
  `add_date` timestamp NOT NULL DEFAULT CURRENT_TIMESTAMP ON UPDATE CURRENT_TIMESTAMP COMMENT 'Date',
  PRIMARY KEY (`summary_id`)
) ENGINE=InnoDB DEFAULT CHARSET=utf8 COMMENT='Log Summary Table';

--
-- Dumping data for table `log_summary`
--


--
-- Table structure for table `log_summary_type`
--

CREATE TABLE `log_summary_type` (
  `type_id` smallint(5) unsigned NOT NULL AUTO_INCREMENT COMMENT 'Type ID',
  `type_code` varchar(64) DEFAULT NULL COMMENT 'Type Code',
  `period` smallint(5) unsigned NOT NULL DEFAULT '0' COMMENT 'Period',
  `period_type` varchar(6) NOT NULL DEFAULT 'MINUTE' COMMENT 'Period Type',
  PRIMARY KEY (`type_id`)
) ENGINE=InnoDB AUTO_INCREMENT=3 DEFAULT CHARSET=utf8 COMMENT='Log Summary Types Table';

--
-- Dumping data for table `log_summary_type`
--

INSERT INTO `log_summary_type` VALUES (1,'hour',1,'HOUR'),(2,'day',1,'DAY');

--
-- Table structure for table `log_url`
--

CREATE TABLE `log_url` (
  `url_id` bigint(20) unsigned NOT NULL DEFAULT '0' COMMENT 'URL ID',
  `visitor_id` bigint(20) unsigned DEFAULT NULL COMMENT 'Visitor ID',
  `visit_time` timestamp NOT NULL DEFAULT CURRENT_TIMESTAMP ON UPDATE CURRENT_TIMESTAMP COMMENT 'Visit Time',
  PRIMARY KEY (`url_id`),
  KEY `IDX_LOG_URL_VISITOR_ID` (`visitor_id`)
) ENGINE=InnoDB DEFAULT CHARSET=utf8 COMMENT='Log URL Table';

--
-- Dumping data for table `log_url`
--

INSERT INTO `log_url` VALUES (1,1,'2013-02-17 05:53:36'),(2,1,'2013-02-17 05:56:11'),(3,1,'2013-02-17 05:56:15'),(4,1,'2013-02-17 05:56:19'),(5,1,'2013-02-17 05:56:29'),(6,2,'2013-02-17 20:17:08'),(7,3,'2013-02-17 21:36:04'),(8,3,'2013-02-17 21:38:35'),(9,3,'2013-02-17 21:41:31'),(10,3,'2013-02-17 21:47:54'),(11,3,'2013-02-17 21:51:26'),(12,3,'2013-02-17 21:54:00'),(13,3,'2013-02-17 21:54:43'),(14,3,'2013-02-17 21:55:16'),(15,3,'2013-02-17 22:05:14'),(16,3,'2013-02-17 22:34:22'),(17,3,'2013-02-17 22:37:47'),(18,3,'2013-02-17 22:40:37'),(19,3,'2013-02-17 22:42:03'),(20,3,'2013-02-17 22:42:07'),(21,3,'2013-02-17 22:42:50'),(22,3,'2013-02-17 22:43:21'),(23,3,'2013-02-17 22:43:40'),(24,3,'2013-02-17 22:59:18'),(25,4,'2013-02-18 02:07:12'),(26,5,'2013-02-18 02:07:35'),(27,4,'2013-02-18 02:07:50'),(28,6,'2013-02-18 02:07:55'),(29,7,'2013-02-18 06:54:32'),(30,8,'2013-02-18 07:34:34'),(31,8,'2013-02-18 07:34:35'),(32,9,'2013-02-18 08:03:26'),(33,10,'2013-02-18 08:03:27'),(34,11,'2013-02-18 08:36:06'),(35,12,'2013-02-18 12:19:26'),(36,13,'2013-02-18 12:19:26'),(37,14,'2013-02-18 15:03:00'),(38,15,'2013-02-18 15:32:11'),(39,16,'2013-02-18 15:32:11'),(40,17,'2013-02-18 17:32:58'),(41,18,'2013-02-18 17:33:00'),(42,19,'2013-02-18 17:33:01'),(43,21,'2013-02-19 00:45:22'),(44,22,'2013-02-19 00:45:25'),(45,23,'2013-02-19 00:45:26'),(46,24,'2013-02-19 00:45:28'),(47,25,'2013-02-19 00:45:35'),(48,26,'2013-02-19 00:45:38'),(49,27,'2013-02-19 00:45:39'),(50,28,'2013-02-19 09:03:48'),(51,29,'2013-02-19 15:08:24'),(52,30,'2013-02-19 17:25:37'),(53,31,'2013-02-19 17:25:39'),(54,32,'2013-02-19 17:25:39'),(55,33,'2013-02-19 18:04:40'),(56,34,'2013-02-19 18:49:30'),(57,35,'2013-02-19 18:51:37'),(58,36,'2013-02-19 23:36:35'),(59,37,'2013-02-19 23:36:36'),(60,38,'2013-02-20 02:13:26'),(61,40,'2013-02-20 02:13:28'),(62,41,'2013-02-20 02:13:35'),(63,42,'2013-02-20 02:13:36'),(64,43,'2013-02-20 02:13:38'),(65,44,'2013-02-20 02:13:40'),(66,45,'2013-02-20 02:13:42'),(67,46,'2013-02-20 02:13:45'),(68,47,'2013-02-20 08:59:32'),(69,49,'2013-02-20 10:19:31'),(70,48,'2013-02-20 10:19:31'),(71,50,'2013-02-20 10:19:52'),(72,51,'2013-02-20 10:19:59'),(73,52,'2013-02-20 13:20:51'),(74,53,'2013-02-20 17:28:33'),(75,54,'2013-02-20 17:28:35'),(76,55,'2013-02-20 23:19:18'),(77,56,'2013-02-21 04:25:16'),(78,58,'2013-02-21 04:25:17'),(79,59,'2013-02-21 04:25:19'),(80,60,'2013-02-21 04:25:21'),(81,61,'2013-02-21 04:25:22'),(82,62,'2013-02-21 04:25:26'),(83,63,'2013-02-21 04:25:28'),(84,64,'2013-02-21 04:25:34'),(85,65,'2013-02-21 07:37:24'),(86,66,'2013-02-23 01:01:11'),(87,67,'2013-02-23 02:39:25'),(88,68,'2013-02-23 02:39:26'),(89,69,'2013-02-25 04:13:55'),(90,70,'2013-02-25 14:17:43'),(91,71,'2013-02-25 17:16:56'),(92,72,'2013-02-26 05:54:18'),(93,73,'2013-02-26 06:15:35'),(94,74,'2013-02-26 06:37:11'),(95,75,'2013-02-26 14:31:18'),(96,76,'2013-02-28 11:57:18'),(97,77,'2013-02-28 23:56:06'),(98,77,'2013-02-28 23:56:07'),(99,78,'2013-03-01 08:34:05'),(100,78,'2013-03-01 08:34:05'),(101,78,'2013-03-01 08:34:06'),(102,78,'2013-03-01 08:34:06'),(103,78,'2013-03-01 08:34:07'),(104,78,'2013-03-01 08:34:08'),(105,78,'2013-03-01 08:34:08'),(106,78,'2013-03-01 08:34:09'),(107,78,'2013-03-01 08:34:10'),(108,78,'2013-03-01 08:34:11'),(109,78,'2013-03-01 08:34:12'),(110,78,'2013-03-01 08:34:13'),(111,78,'2013-03-01 08:34:14'),(112,78,'2013-03-01 08:34:15'),(113,78,'2013-03-01 08:34:15'),(114,79,'2013-03-01 16:44:42'),(115,80,'2013-03-02 21:24:04'),(116,81,'2013-03-02 21:24:05'),(117,82,'2013-03-02 21:32:12'),(118,83,'2013-03-02 21:32:13'),(119,84,'2013-03-02 21:55:46'),(120,85,'2013-03-03 00:46:45'),(121,87,'2013-03-03 01:14:51'),(122,88,'2013-03-03 05:11:40'),(123,89,'2013-03-03 05:11:42'),(124,90,'2013-03-03 05:11:50'),(125,91,'2013-03-03 05:11:50'),(126,93,'2013-03-03 05:12:04'),(127,94,'2013-03-03 05:12:04'),(128,95,'2013-03-03 05:12:16'),(129,96,'2013-03-03 05:12:28'),(130,97,'2013-03-03 05:12:29'),(131,98,'2013-03-03 07:10:13'),(132,99,'2013-03-03 07:10:17'),(133,100,'2013-03-05 00:58:17'),(134,101,'2013-03-05 00:58:19'),(135,102,'2013-03-05 17:50:37'),(136,103,'2013-03-05 17:50:37'),(137,104,'2013-03-06 16:38:18'),(138,105,'2013-03-06 16:38:19'),(139,106,'2013-03-07 20:26:01'),(140,107,'2013-03-07 22:32:39'),(141,108,'2013-03-07 22:54:18'),(142,109,'2013-03-07 22:55:49'),(143,110,'2013-03-07 22:55:50'),(144,111,'2013-03-07 23:27:49'),(145,112,'2013-03-07 23:27:50'),(146,113,'2013-03-07 23:27:51'),(147,114,'2013-03-09 08:16:06'),(148,115,'2013-03-09 13:35:20'),(149,116,'2013-03-09 13:35:20'),(150,117,'2013-03-09 13:35:21'),(151,119,'2013-03-09 13:35:22'),(152,120,'2013-03-09 13:35:23'),(153,121,'2013-03-11 01:07:25'),(154,122,'2013-03-11 01:09:20'),(155,123,'2013-03-11 04:13:55'),(156,124,'2013-03-11 04:13:57'),(157,125,'2013-03-11 04:13:59'),(158,127,'2013-03-11 04:14:03'),(159,128,'2013-03-11 04:14:05'),(160,129,'2013-03-11 04:14:07'),(161,130,'2013-03-11 04:14:09'),(162,131,'2013-03-11 19:08:49'),(163,132,'2013-03-12 08:40:00'),(164,133,'2013-03-12 22:15:29'),(165,135,'2013-03-13 16:32:58'),(166,136,'2013-03-14 19:10:32'),(167,137,'2013-03-15 05:21:56'),(168,138,'2013-03-15 14:59:34'),(169,139,'2013-03-15 15:01:19'),(170,140,'2013-03-15 15:22:47'),(171,141,'2013-03-15 16:52:34'),(172,143,'2013-03-15 16:54:49'),(173,144,'2013-03-15 16:55:47'),(174,146,'2013-03-15 18:36:46'),(175,148,'2013-03-16 19:08:56'),(176,149,'2013-03-17 16:43:42'),(177,150,'2013-03-17 16:43:43'),(178,151,'2013-03-17 19:23:37'),(179,152,'2013-03-18 12:33:21'),(180,154,'2013-03-18 18:00:26'),(181,156,'2013-03-19 22:06:54'),(182,157,'2013-03-20 00:45:31'),(183,158,'2013-03-20 00:45:32'),(184,159,'2013-03-20 01:43:26'),(185,160,'2013-03-20 09:15:00'),(186,161,'2013-03-20 09:16:49'),(187,162,'2013-03-20 09:16:53'),(188,163,'2013-03-20 09:16:54'),(189,164,'2013-03-20 17:21:31'),(190,165,'2013-03-20 18:29:12'),(191,166,'2013-03-21 09:05:15'),(192,167,'2013-03-21 09:05:17'),(193,168,'2013-03-21 09:05:18'),(194,170,'2013-03-21 09:05:21'),(195,171,'2013-03-21 09:05:23'),(196,172,'2013-03-21 09:05:24'),(197,173,'2013-03-21 09:05:25'),(198,174,'2013-03-21 09:05:27'),(199,175,'2013-03-21 09:05:28'),(200,176,'2013-03-21 21:40:01'),(201,178,'2013-03-21 22:05:16'),(202,179,'2013-03-22 18:15:34'),(203,180,'2013-03-23 00:51:48'),(204,181,'2013-03-23 11:49:07'),(205,182,'2013-03-23 23:37:45'),(206,182,'2013-03-23 23:37:46'),(207,183,'2013-03-24 03:11:47'),(208,184,'2013-03-24 03:11:49'),(209,185,'2013-03-24 03:11:50'),(210,186,'2013-03-24 08:57:11'),(211,187,'2013-03-24 08:57:14'),(212,188,'2013-03-24 08:57:20'),(213,190,'2013-03-24 20:29:57'),(214,191,'2013-03-25 02:20:14'),(215,192,'2013-03-25 02:23:45'),(216,193,'2013-03-25 12:17:07'),(217,194,'2013-03-25 12:17:08'),(218,195,'2013-03-25 12:58:23'),(219,196,'2013-03-25 13:00:44'),(220,197,'2013-03-25 13:01:15'),(221,198,'2013-03-25 17:06:38'),(222,199,'2013-03-25 18:17:33'),(223,200,'2013-03-25 21:45:12'),(224,201,'2013-03-26 13:55:42'),(225,202,'2013-03-26 13:56:08'),(226,203,'2013-03-26 13:56:54'),(227,205,'2013-03-26 17:05:39'),(228,206,'2013-03-27 02:08:46'),(229,207,'2013-03-27 08:16:24'),(230,208,'2013-03-27 08:17:58'),(231,209,'2013-03-27 08:18:39'),(232,210,'2013-03-27 19:57:12'),(233,211,'2013-03-27 19:58:56'),(234,212,'2013-03-28 16:39:39'),(235,213,'2013-03-28 17:55:06'),(236,214,'2013-03-28 17:55:07'),(237,215,'2013-03-28 20:50:54'),(238,216,'2013-03-28 23:43:24'),(239,217,'2013-03-28 23:59:40'),(240,218,'2013-03-29 01:19:24'),(241,219,'2013-03-29 02:32:36'),(242,220,'2013-03-29 05:26:59'),(243,221,'2013-03-29 05:28:38'),(244,222,'2013-03-29 09:24:46'),(245,223,'2013-03-29 14:40:06'),(246,224,'2013-03-29 15:51:55'),(247,226,'2013-03-29 16:45:34'),(248,227,'2013-03-29 17:30:09'),(249,228,'2013-03-29 17:31:57'),(250,229,'2013-03-29 17:51:50'),(251,230,'2013-03-29 17:51:53'),(252,231,'2013-03-29 17:51:56'),(253,232,'2013-03-29 18:02:25'),(254,233,'2013-03-29 20:04:49'),(255,234,'2013-03-29 20:51:10'),(256,235,'2013-03-29 20:56:31'),(257,236,'2013-03-29 22:07:34'),(258,238,'2013-03-30 06:18:22'),(259,239,'2013-03-30 06:21:28'),(260,240,'2013-03-30 06:21:29'),(261,241,'2013-03-30 06:40:36'),(262,242,'2013-03-30 16:32:20'),(263,243,'2013-03-31 19:02:48'),(264,244,'2013-04-01 11:21:18'),(265,245,'2013-04-01 11:22:58'),(266,246,'2013-04-01 11:23:31'),(267,247,'2013-04-01 11:41:57'),(268,248,'2013-04-01 11:56:58'),(269,249,'2013-04-01 13:17:31'),(270,251,'2013-04-01 13:20:04'),(271,252,'2013-04-01 14:07:20'),(272,253,'2013-04-01 14:07:28'),(273,254,'2013-04-01 14:07:35'),(274,255,'2013-04-01 15:47:18'),(275,256,'2013-04-01 15:48:58'),(276,258,'2013-04-01 16:35:42'),(277,259,'2013-04-01 16:48:09'),(278,260,'2013-04-01 16:49:57'),(279,261,'2013-04-01 16:49:57'),(280,262,'2013-04-01 17:19:30'),(281,263,'2013-04-01 17:21:58'),(282,264,'2013-04-01 17:21:58'),(283,265,'2013-04-02 01:31:09'),(284,267,'2013-04-02 04:22:30'),(285,266,'2013-04-02 04:22:30'),(286,268,'2013-04-02 04:22:32'),(287,269,'2013-04-02 04:22:34'),(288,270,'2013-04-02 04:22:36'),(289,271,'2013-04-02 04:22:38'),(290,273,'2013-04-02 04:23:02'),(291,272,'2013-04-02 04:23:02'),(292,277,'2013-04-02 05:04:46'),(293,278,'2013-04-02 05:08:19'),(294,279,'2013-04-02 06:25:10'),(295,280,'2013-04-02 06:25:11'),(296,281,'2013-04-02 13:28:05'),(297,282,'2013-04-02 16:28:40'),(298,283,'2013-04-02 16:30:35'),(299,284,'2013-04-02 16:30:35'),(300,285,'2013-04-02 19:15:33'),(301,286,'2013-04-02 20:11:05'),(302,287,'2013-04-03 00:26:18'),(303,288,'2013-04-03 02:53:55'),(304,289,'2013-04-03 03:10:59'),(305,290,'2013-04-03 03:11:02'),(306,291,'2013-04-03 03:11:07'),(307,292,'2013-04-03 04:21:51'),(308,293,'2013-04-03 04:28:13'),(309,294,'2013-04-03 04:39:49'),(310,295,'2013-04-03 04:56:21'),(311,296,'2013-04-03 05:16:31'),(312,297,'2013-04-03 05:20:30'),(313,298,'2013-04-03 08:12:19'),(314,299,'2013-04-03 13:32:19'),(315,300,'2013-04-03 22:32:46'),(316,301,'2013-04-04 00:54:21'),(317,302,'2013-04-04 03:25:49'),(318,303,'2013-04-04 03:25:52'),(319,304,'2013-04-04 03:25:55'),(320,305,'2013-04-04 04:58:28'),(321,306,'2013-04-04 09:52:38'),(322,307,'2013-04-04 13:25:10'),(323,309,'2013-04-04 17:09:41'),(324,310,'2013-04-04 20:09:30'),(325,311,'2013-04-04 20:09:34'),(326,312,'2013-04-04 20:09:38'),(327,313,'2013-04-04 20:09:42'),(328,314,'2013-04-05 02:35:59'),(329,315,'2013-04-05 02:36:06'),(330,316,'2013-04-05 14:05:18'),(331,317,'2013-04-05 14:54:28'),(332,318,'2013-04-05 16:44:25'),(333,319,'2013-04-05 16:44:50'),(334,320,'2013-04-06 01:04:20'),(335,321,'2013-04-06 01:04:25'),(336,322,'2013-04-06 03:46:59'),(337,323,'2013-04-06 05:20:54'),(338,324,'2013-04-06 05:23:38'),(339,325,'2013-04-06 05:23:43'),(340,326,'2013-04-06 05:23:49'),(341,327,'2013-04-06 10:44:59'),(342,328,'2013-04-06 10:46:28'),(343,329,'2013-04-06 11:34:19'),(344,330,'2013-04-06 11:35:55'),(345,331,'2013-04-06 11:35:56'),(346,332,'2013-04-06 15:45:29'),(347,333,'2013-04-06 16:17:45'),(348,334,'2013-04-06 19:53:07'),(349,336,'2013-04-06 19:53:08'),(350,337,'2013-04-06 19:53:08'),(351,338,'2013-04-06 19:53:09'),(352,339,'2013-04-06 19:53:09'),(353,340,'2013-04-07 05:38:07'),(354,341,'2013-04-07 06:10:02'),(355,343,'2013-04-07 06:50:09'),(356,344,'2013-04-08 06:00:50'),(357,345,'2013-04-08 06:30:20'),(358,346,'2013-04-08 13:08:35'),(359,347,'2013-04-08 13:10:27'),(360,348,'2013-04-08 18:04:26'),(361,349,'2013-04-08 18:56:13'),(362,350,'2013-04-08 19:09:28'),(363,352,'2013-04-09 13:07:17'),(364,353,'2013-04-09 16:58:06'),(365,354,'2013-04-09 16:58:09'),(366,355,'2013-04-09 16:58:15'),(367,356,'2013-04-09 21:55:00'),(368,357,'2013-04-09 21:55:01'),(369,358,'2013-04-10 07:49:22'),(370,359,'2013-04-10 08:23:45'),(371,360,'2013-04-10 08:25:46'),(372,361,'2013-04-10 08:28:19'),(373,362,'2013-04-10 08:28:19'),(374,363,'2013-04-10 08:45:39'),(375,364,'2013-04-10 09:41:53'),(376,366,'2013-04-10 17:34:20'),(377,365,'2013-04-10 17:34:20'),(378,367,'2013-04-10 17:36:57'),(379,368,'2013-04-10 17:39:33'),(380,369,'2013-04-10 18:53:19'),(381,370,'2013-04-10 19:14:58'),(382,371,'2013-04-10 19:15:01'),(383,372,'2013-04-10 19:15:09'),(384,373,'2013-04-10 22:28:33'),(385,375,'2013-04-11 09:45:30'),(386,376,'2013-04-11 15:36:43'),(387,377,'2013-04-11 15:39:17'),(388,378,'2013-04-11 15:40:49'),(389,379,'2013-04-12 05:11:54'),(390,380,'2013-04-12 08:27:16'),(391,381,'2013-04-12 08:46:40'),(392,382,'2013-04-12 13:03:03'),(393,383,'2013-04-12 13:03:09'),(394,385,'2013-04-13 09:57:21'),(395,386,'2013-04-13 17:24:42'),(396,387,'2013-04-13 19:33:13'),(397,388,'2013-04-13 19:34:43'),(398,389,'2013-04-13 22:21:44'),(399,390,'2013-04-14 08:45:04'),(400,391,'2013-04-14 09:33:12'),(401,392,'2013-04-14 10:20:44'),(402,393,'2013-04-14 12:35:48'),(403,394,'2013-04-14 12:35:52'),(404,395,'2013-04-14 12:36:03'),(405,396,'2013-04-14 18:20:16'),(406,397,'2013-04-14 19:03:14'),(407,398,'2013-04-14 19:04:48'),(408,399,'2013-04-14 19:05:17'),(409,401,'2013-04-15 07:25:13'),(410,402,'2013-04-16 02:34:22'),(411,403,'2013-04-16 08:52:15'),(412,404,'2013-04-16 17:23:14'),(413,405,'2013-04-16 20:02:26'),(414,407,'2013-04-17 10:58:50'),(415,408,'2013-04-17 11:27:09'),(416,409,'2013-04-17 12:07:46'),(417,410,'2013-04-18 07:13:25'),(418,411,'2013-04-18 09:29:51'),(419,412,'2013-04-18 11:07:43'),(420,413,'2013-04-18 11:07:46'),(421,414,'2013-04-18 11:08:11'),(422,415,'2013-04-18 16:34:35'),(423,417,'2013-04-18 16:36:42'),(424,418,'2013-04-18 17:33:52'),(425,419,'2013-04-18 17:35:38'),(426,420,'2013-04-18 17:48:50'),(427,421,'2013-04-18 17:50:38'),(428,423,'2013-04-18 22:26:44'),(429,422,'2013-04-18 22:26:44'),(430,424,'2013-04-18 22:28:23'),(431,425,'2013-04-18 22:28:23'),(432,426,'2013-04-18 22:28:25'),(433,427,'2013-04-18 22:29:28'),(434,428,'2013-04-19 02:19:42'),(435,430,'2013-04-19 06:49:53'),(436,431,'2013-04-19 17:12:44'),(437,432,'2013-04-19 20:48:42'),(438,433,'2013-04-20 04:44:26'),(439,434,'2013-04-20 07:17:04'),(440,435,'2013-04-20 08:36:03'),(441,436,'2013-04-20 12:21:19'),(442,437,'2013-04-20 12:21:22'),(443,438,'2013-04-20 12:21:37'),(444,439,'2013-04-20 13:39:24'),(445,440,'2013-04-21 01:32:43'),(446,441,'2013-04-21 01:32:44'),(447,442,'2013-04-21 01:32:46'),(448,444,'2013-04-21 01:32:49'),(449,445,'2013-04-21 01:32:50'),(450,446,'2013-04-21 01:32:52'),(451,447,'2013-04-21 01:32:53'),(452,448,'2013-04-21 01:32:55'),(453,449,'2013-04-21 01:32:56'),(454,450,'2013-04-21 07:39:33'),(455,451,'2013-04-21 07:39:34'),(456,452,'2013-04-22 05:23:45'),(457,453,'2013-04-22 05:25:50'),(458,454,'2013-04-22 05:25:53'),(459,455,'2013-04-22 05:26:01'),(460,456,'2013-04-22 06:06:14'),(461,457,'2013-04-22 07:07:30'),(462,458,'2013-04-22 19:12:07'),(463,459,'2013-04-22 19:59:32'),(464,460,'2013-04-23 17:32:10'),(465,461,'2013-04-23 17:34:00'),(466,462,'2013-04-23 17:34:02'),(467,463,'2013-04-23 17:34:03'),(468,464,'2013-04-23 20:58:54'),(469,466,'2013-04-23 20:59:00'),(470,467,'2013-04-23 23:43:53'),(471,468,'2013-04-24 06:15:59'),(472,469,'2013-04-24 13:37:34'),(473,470,'2013-04-24 13:37:38'),(474,471,'2013-04-24 13:38:00'),(475,472,'2013-04-25 09:58:14'),(476,473,'2013-04-25 12:13:55'),(477,475,'2013-04-25 18:52:00'),(478,476,'2013-04-26 04:27:15'),(479,477,'2013-04-26 04:29:20'),(480,478,'2013-04-26 12:39:45'),(481,479,'2013-04-26 14:37:58'),(482,480,'2013-04-26 14:38:03'),(483,481,'2013-04-26 14:38:16'),(484,482,'2013-04-26 16:09:03'),(485,483,'2013-04-26 16:59:18'),(486,484,'2013-04-26 17:00:38'),(487,485,'2013-04-26 17:02:03'),(488,486,'2013-04-26 19:23:21'),(489,487,'2013-04-27 03:54:14'),(490,489,'2013-04-27 05:54:53'),(491,490,'2013-04-27 16:32:53'),(492,491,'2013-04-27 18:48:04'),(493,492,'2013-04-27 18:53:10'),(494,493,'2013-04-27 18:56:25'),(495,494,'2013-04-28 00:02:57'),(496,495,'2013-04-28 00:04:37'),(497,496,'2013-04-28 00:59:16'),(498,497,'2013-04-28 03:55:06'),(499,498,'2013-04-28 03:56:41'),(500,499,'2013-04-28 07:21:07'),(501,500,'2013-04-28 08:36:57'),(502,501,'2013-04-28 12:29:05'),(503,502,'2013-04-28 12:34:26'),(504,503,'2013-04-28 15:24:42'),(505,504,'2013-04-28 15:46:11'),(506,505,'2013-04-28 15:48:09'),(507,506,'2013-04-28 16:39:23'),(508,507,'2013-04-28 16:39:26'),(509,508,'2013-04-28 16:39:34'),(510,509,'2013-04-28 19:30:36'),(511,510,'2013-04-29 01:01:23'),(512,511,'2013-04-29 03:34:05'),(513,512,'2013-04-29 03:36:09'),(514,513,'2013-04-29 06:56:20'),(515,514,'2013-04-29 12:59:07'),(516,515,'2013-04-29 16:00:50'),(517,516,'2013-04-29 16:02:56'),(518,517,'2013-04-29 20:52:52'),(519,518,'2013-04-29 20:52:52'),(520,519,'2013-04-29 21:02:34'),(521,520,'2013-04-29 21:02:34'),(522,521,'2013-04-30 04:35:44'),(523,522,'2013-04-30 04:39:45'),(524,523,'2013-04-30 05:11:31'),(525,524,'2013-04-30 05:59:30'),(526,526,'2013-04-30 07:10:31'),(527,527,'2013-04-30 07:33:22'),(528,528,'2013-04-30 08:21:31'),(529,529,'2013-04-30 08:23:24'),(530,531,'2013-04-30 08:23:24'),(531,530,'2013-04-30 08:23:24'),(532,532,'2013-04-30 13:04:57'),(533,533,'2013-04-30 13:47:28'),(534,534,'2013-04-30 13:47:39'),(535,535,'2013-04-30 16:08:23'),(536,536,'2013-04-30 16:10:25'),(537,537,'2013-04-30 16:26:30'),(538,538,'2013-04-30 21:06:46'),(539,539,'2013-04-30 21:06:49'),(540,540,'2013-04-30 21:06:53'),(541,541,'2013-05-01 08:14:10'),(542,542,'2013-05-01 10:34:44'),(543,543,'2013-05-01 11:35:38'),(544,544,'2013-05-02 02:19:22'),(545,545,'2013-05-02 05:21:48'),(546,547,'2013-05-02 06:36:01'),(547,548,'2013-05-02 21:16:24'),(548,549,'2013-05-02 21:16:27'),(549,550,'2013-05-02 21:16:38'),(550,551,'2013-05-03 05:31:54'),(551,552,'2013-05-03 05:31:55'),(552,553,'2013-05-03 06:47:37'),(553,554,'2013-05-03 20:42:18'),(554,555,'2013-05-04 04:36:14'),(555,556,'2013-05-04 05:05:33'),(556,558,'2013-05-04 05:59:27'),(557,559,'2013-05-04 10:44:38'),(558,560,'2013-05-04 10:46:14'),(559,561,'2013-05-04 10:46:14'),(560,562,'2013-05-04 10:46:16'),(561,563,'2013-05-04 12:16:15'),(562,564,'2013-05-04 12:56:27'),(563,565,'2013-05-04 12:56:31'),(564,566,'2013-05-04 12:56:37'),(565,567,'2013-05-04 14:30:49'),(566,568,'2013-05-05 16:45:34'),(567,569,'2013-05-05 16:45:56'),(568,570,'2013-05-05 18:52:16'),(569,571,'2013-05-05 18:53:59'),(570,572,'2013-05-05 21:03:45'),(571,574,'2013-05-05 21:05:49'),(572,575,'2013-05-06 02:42:33'),(573,576,'2013-05-06 02:45:48'),(574,577,'2013-05-06 10:53:45'),(575,578,'2013-05-06 15:49:28'),(576,579,'2013-05-06 15:49:31'),(577,580,'2013-05-06 15:50:10'),(578,581,'2013-05-07 04:06:49'),(579,582,'2013-05-07 10:31:45'),(580,583,'2013-05-07 14:00:26'),(581,584,'2013-05-07 16:06:51'),(582,585,'2013-05-07 22:30:32'),(583,586,'2013-05-08 04:48:02'),(584,588,'2013-05-08 05:46:55'),(585,589,'2013-05-08 09:25:58'),(586,590,'2013-05-08 09:25:59'),(587,592,'2013-05-08 09:25:59'),(588,593,'2013-05-08 09:26:01'),(589,594,'2013-05-08 09:26:01'),(590,595,'2013-05-08 12:56:46'),(591,596,'2013-05-08 12:56:49'),(592,597,'2013-05-08 12:56:56'),(593,598,'2013-05-08 15:55:10'),(594,599,'2013-05-08 15:57:01'),(595,600,'2013-05-08 16:03:07'),(596,601,'2013-05-08 16:03:07'),(597,602,'2013-05-08 19:49:01'),(598,603,'2013-05-08 19:49:02'),(599,604,'2013-05-08 19:49:10'),(600,605,'2013-05-08 19:49:15'),(601,606,'2013-05-08 19:49:23'),(602,607,'2013-05-08 19:49:27'),(603,608,'2013-05-08 19:49:28'),(604,609,'2013-05-08 19:49:28'),(605,610,'2013-05-08 19:49:30'),(606,611,'2013-05-08 19:49:30'),(607,612,'2013-05-08 20:22:15'),(608,613,'2013-05-09 22:45:25'),(609,614,'2013-05-10 03:05:17'),(610,615,'2013-05-10 10:13:41'),(611,616,'2013-05-10 20:46:13'),(612,617,'2013-05-10 20:52:52'),(613,618,'2013-05-10 20:52:57'),(614,619,'2013-05-10 20:53:01'),(615,620,'2013-05-11 02:06:35'),(616,620,'2013-05-11 02:06:41'),(617,621,'2013-05-11 03:14:41'),(618,622,'2013-05-11 10:10:44'),(619,623,'2013-05-12 23:26:30'),(620,624,'2013-05-12 23:28:19'),(621,625,'2013-05-13 07:20:31'),(622,626,'2013-05-13 09:28:28'),(623,627,'2013-05-13 09:30:32'),(624,628,'2013-05-13 10:17:59'),(625,629,'2013-05-13 10:20:04'),(626,630,'2013-05-13 10:20:04'),(627,631,'2013-05-13 10:27:30'),(628,632,'2013-05-13 17:42:11'),(629,633,'2013-05-14 00:28:46'),(630,634,'2013-05-14 14:01:55'),(631,635,'2013-05-14 14:01:58'),(632,636,'2013-05-14 14:02:05'),(633,637,'2013-05-14 15:27:29'),(634,638,'2013-05-14 15:33:07'),(635,639,'2013-05-14 15:38:15'),(636,640,'2013-05-14 23:17:51'),(637,641,'2013-05-14 23:19:50'),(638,642,'2013-05-14 23:21:39'),(639,643,'2013-05-14 23:21:40'),(640,644,'2013-05-16 13:53:16'),(641,645,'2013-05-16 20:44:10'),(642,646,'2013-05-16 22:42:58'),(643,647,'2013-05-16 23:41:37'),(644,648,'2013-05-17 21:26:15'),(645,649,'2013-05-17 23:43:59'),(646,650,'2013-05-18 03:40:55'),(647,651,'2013-05-18 04:35:17'),(648,652,'2013-05-18 11:00:23'),(649,654,'2013-05-18 16:42:20'),(650,655,'2013-05-19 02:44:42'),(651,657,'2013-05-19 02:48:32'),(652,658,'2013-05-19 07:02:38'),(653,659,'2013-05-20 02:54:26'),(654,660,'2013-05-20 07:21:39'),(655,661,'2013-05-20 21:19:59'),(656,662,'2013-05-21 00:23:28'),(657,663,'2013-05-21 00:23:30'),(658,664,'2013-05-21 00:23:31'),(659,666,'2013-05-21 00:23:34'),(660,667,'2013-05-21 00:23:36'),(661,668,'2013-05-21 00:23:37'),(662,669,'2013-05-21 00:23:38'),(663,670,'2013-05-21 00:23:40'),(664,671,'2013-05-21 00:23:42'),(665,673,'2013-05-21 03:47:52'),(666,674,'2013-05-21 07:49:18'),(667,675,'2013-05-21 07:51:05'),(668,676,'2013-05-21 12:04:48'),(669,678,'2013-05-21 13:44:41'),(670,679,'2013-05-21 17:36:03'),(671,680,'2013-05-22 03:41:41'),(672,681,'2013-05-22 04:26:40'),(673,682,'2013-05-22 07:38:32'),(674,683,'2013-05-22 12:09:03'),(675,684,'2013-05-22 20:41:55'),(676,685,'2013-05-22 23:14:02'),(677,686,'2013-05-22 23:14:04'),(678,687,'2013-05-23 00:31:58'),(679,688,'2013-05-23 01:53:01'),(680,689,'2013-05-24 12:52:43'),(681,690,'2013-05-24 12:52:46'),(682,691,'2013-05-24 12:52:51'),(683,693,'2013-05-25 03:07:56'),(684,694,'2013-05-25 09:57:23'),(685,695,'2013-05-25 12:28:31'),(686,696,'2013-05-26 04:11:15'),(687,697,'2013-05-26 10:55:23'),(688,698,'2013-05-26 10:55:26'),(689,699,'2013-05-26 10:55:49'),(690,700,'2013-05-26 21:29:07'),(691,701,'2013-05-26 21:29:08'),(692,702,'2013-05-27 03:08:54'),(693,703,'2013-05-27 07:20:24'),(694,704,'2013-05-27 20:27:18'),(695,705,'2013-05-28 03:19:01'),(696,707,'2013-05-28 05:22:15'),(697,708,'2013-05-28 15:11:01'),(698,709,'2013-05-28 18:35:24'),(699,710,'2013-05-28 18:35:28'),(700,711,'2013-05-28 18:35:37'),(701,712,'2013-05-28 23:33:56'),(702,713,'2013-05-28 23:51:38'),(703,715,'2013-05-28 23:51:40'),(704,716,'2013-05-29 03:15:04'),(705,717,'2013-05-29 03:53:23'),(706,718,'2013-05-29 08:02:14'),(707,719,'2013-05-29 08:02:14'),(708,720,'2013-05-30 14:47:07'),(709,721,'2013-05-31 04:57:19'),(710,722,'2013-05-31 05:14:34'),(711,723,'2013-05-31 14:48:42'),(712,724,'2013-05-31 14:48:45'),(713,725,'2013-05-31 14:48:58'),(714,727,'2013-05-31 16:24:52'),(715,728,'2013-05-31 17:51:59'),(716,729,'2013-06-02 02:29:52'),(717,730,'2013-06-02 03:52:46'),(718,731,'2013-06-02 03:52:50'),(719,732,'2013-06-02 03:52:59'),(720,733,'2013-06-03 01:40:20'),(721,734,'2013-06-03 01:40:53'),(722,735,'2013-06-03 12:10:52'),(723,736,'2013-06-03 20:37:31'),(724,737,'2013-06-03 20:38:06'),(725,738,'2013-06-04 02:32:14'),(726,739,'2013-06-04 07:03:21'),(727,740,'2013-06-04 07:40:03'),(728,741,'2013-06-04 08:42:05'),(729,742,'2013-06-04 20:25:14'),(730,743,'2013-06-04 20:25:17'),(731,744,'2013-06-04 20:25:27'),(732,745,'2013-06-04 20:56:32'),(733,746,'2013-06-04 20:56:33'),(734,746,'2013-06-04 20:56:34'),(735,746,'2013-06-04 20:56:35'),(736,747,'2013-06-05 09:39:19'),(737,748,'2013-06-05 17:40:28'),(738,749,'2013-06-05 17:40:57'),(739,750,'2013-06-06 01:40:03'),(740,752,'2013-06-06 02:06:10'),(741,753,'2013-06-06 12:51:11'),(742,754,'2013-06-06 15:57:27'),(743,755,'2013-06-07 07:57:17'),(744,756,'2013-06-07 07:57:18'),(745,757,'2013-06-07 09:39:17'),(746,758,'2013-06-07 09:40:06'),(747,759,'2013-06-07 09:42:08'),(748,760,'2013-06-07 09:42:09'),(749,761,'2013-06-07 09:42:37'),(750,762,'2013-06-07 10:56:27'),(751,763,'2013-06-07 10:56:30'),(752,764,'2013-06-07 10:56:46'),(753,765,'2013-06-07 15:06:44'),(754,766,'2013-06-07 15:14:58'),(755,768,'2013-06-07 15:15:44'),(756,769,'2013-06-07 15:17:55'),(757,770,'2013-06-07 15:59:08'),(758,771,'2013-06-07 16:35:52'),(759,773,'2013-06-07 16:35:53'),(760,774,'2013-06-07 16:35:54'),(761,775,'2013-06-07 16:35:54'),(762,776,'2013-06-07 16:35:55'),(763,777,'2013-06-08 05:48:12'),(764,778,'2013-06-08 05:49:12'),(765,779,'2013-06-08 07:40:33'),(766,780,'2013-06-08 09:39:17'),(767,781,'2013-06-08 16:17:24'),(768,782,'2013-06-09 01:00:55'),(769,783,'2013-06-09 02:42:16'),(770,784,'2013-06-09 02:42:19'),(771,785,'2013-06-09 02:42:27'),(772,786,'2013-06-09 07:52:24'),(773,788,'2013-06-09 14:35:06'),(774,789,'2013-06-09 17:06:25'),(775,790,'2013-06-09 22:24:16'),(776,791,'2013-06-09 22:25:06'),(777,792,'2013-06-09 23:34:01'),(778,793,'2013-06-09 23:34:53'),(779,794,'2013-06-10 00:41:19'),(780,795,'2013-06-10 13:20:16'),(781,796,'2013-06-10 20:31:00'),(782,797,'2013-06-10 20:31:02'),(783,798,'2013-06-10 20:31:02'),(784,799,'2013-06-10 22:31:00'),(785,800,'2013-06-11 00:13:13'),(786,801,'2013-06-11 00:53:44'),(787,802,'2013-06-11 00:53:47'),(788,803,'2013-06-11 00:53:57'),(789,804,'2013-06-11 22:47:22'),(790,805,'2013-06-11 23:49:30'),(791,807,'2013-06-12 00:10:58'),(792,808,'2013-06-12 05:40:15'),(793,808,'2013-06-12 05:40:16'),(794,808,'2013-06-12 05:40:18'),(795,809,'2013-06-12 06:47:30'),(796,810,'2013-06-12 06:49:45'),(797,811,'2013-06-12 06:49:51'),(798,812,'2013-06-12 06:49:53'),(799,813,'2013-06-12 07:03:38'),(800,814,'2013-06-12 07:03:40'),(801,815,'2013-06-12 21:43:01'),(802,815,'2013-06-12 21:43:02'),(803,815,'2013-06-12 21:43:05'),(804,816,'2013-06-13 02:44:40'),(805,817,'2013-06-13 02:52:44'),(806,818,'2013-06-13 04:05:15'),(807,819,'2013-06-13 04:05:49'),(808,820,'2013-06-13 11:57:10'),(809,821,'2013-06-13 12:54:07'),(810,822,'2013-06-13 15:07:06'),(811,823,'2013-06-13 18:25:37'),(812,823,'2013-06-13 18:25:38'),(813,823,'2013-06-13 18:25:40'),(814,824,'2013-06-13 19:00:01'),(815,825,'2013-06-13 21:00:39'),(816,827,'2013-06-13 21:00:41'),(817,829,'2013-06-13 22:36:00'),(818,830,'2013-06-13 22:36:00'),(819,828,'2013-06-13 22:36:00'),(820,831,'2013-06-13 22:36:39'),(821,832,'2013-06-13 22:36:39'),(822,833,'2013-06-13 22:36:41'),(823,834,'2013-06-13 22:36:53'),(824,835,'2013-06-14 05:21:06'),(825,836,'2013-06-14 12:50:04'),(826,837,'2013-06-14 12:50:36'),(827,838,'2013-06-14 20:59:42'),(828,839,'2013-06-15 04:29:17'),(829,840,'2013-06-15 04:29:21'),(830,841,'2013-06-15 04:29:29'),(831,842,'2013-06-15 23:41:49'),(832,844,'2013-06-15 23:58:42'),(833,845,'2013-06-16 04:39:34'),(834,846,'2013-06-16 11:13:58'),(835,847,'2013-06-16 11:13:58'),(836,850,'2013-06-16 11:13:59'),(837,849,'2013-06-16 11:13:59'),(838,851,'2013-06-16 11:13:59'),(839,852,'2013-06-16 11:13:59'),(840,852,'2013-06-16 11:14:00'),(841,853,'2013-06-16 11:14:00'),(842,854,'2013-06-16 11:14:00'),(843,852,'2013-06-16 11:14:00'),(844,856,'2013-06-16 18:56:11'),(845,857,'2013-06-16 23:47:40'),(846,858,'2013-06-16 23:48:22'),(847,859,'2013-06-17 00:44:42'),(848,860,'2013-06-17 00:44:49'),(849,861,'2013-06-17 03:26:50'),(850,861,'2013-06-17 03:26:51'),(851,861,'2013-06-17 03:26:56'),(852,862,'2013-06-17 15:23:24'),(853,863,'2013-06-17 22:02:22'),(854,864,'2013-06-17 23:36:43'),(855,865,'2013-06-18 00:03:15'),(856,866,'2013-06-18 07:14:46'),(857,867,'2013-06-18 21:41:43'),(858,867,'2013-06-18 21:41:44'),(859,867,'2013-06-18 21:41:47'),(860,868,'2013-06-18 23:27:46'),(861,870,'2013-06-19 00:22:48'),(862,871,'2013-06-19 01:55:08'),(863,872,'2013-06-19 01:55:11'),(864,873,'2013-06-19 01:55:27'),(865,874,'2013-06-19 08:50:11'),(866,875,'2013-06-19 08:50:12'),(867,876,'2013-06-19 09:23:24'),(868,877,'2013-06-19 22:40:37'),(869,878,'2013-06-19 23:04:03'),(870,879,'2013-06-19 23:33:52'),(871,880,'2013-06-20 00:06:46'),(872,881,'2013-06-20 00:08:48'),(873,882,'2013-06-20 13:59:39'),(874,883,'2013-06-20 13:59:41'),(875,884,'2013-06-20 13:59:43'),(876,886,'2013-06-20 13:59:45'),(877,887,'2013-06-20 13:59:47'),(878,888,'2013-06-20 13:59:48'),(879,889,'2013-06-20 13:59:49'),(880,890,'2013-06-20 13:59:51'),(881,891,'2013-06-20 13:59:52'),(882,893,'2013-06-20 23:23:44'),(883,894,'2013-06-21 05:18:52'),(884,895,'2013-06-21 05:18:56'),(885,896,'2013-06-21 05:19:04'),(886,897,'2013-06-21 16:23:12'),(887,898,'2013-06-21 16:24:14'),(888,899,'2013-06-22 00:53:14'),(889,900,'2013-06-22 22:43:56'),(890,901,'2013-06-22 23:34:42'),(891,902,'2013-06-23 00:06:56'),(892,903,'2013-06-23 00:06:59'),(893,904,'2013-06-23 00:07:15'),(894,905,'2013-06-23 05:15:33'),(895,906,'2013-06-23 05:16:16'),(896,907,'2013-06-23 05:16:16'),(897,909,'2013-06-23 15:24:16'),(898,910,'2013-06-23 19:50:18'),(899,911,'2013-06-23 22:06:39'),(900,912,'2013-06-23 23:00:04'),(901,914,'2013-06-23 23:01:23'),(902,915,'2013-06-24 00:10:14'),(903,916,'2013-06-24 00:56:16'),(904,917,'2013-06-24 04:08:48'),(905,918,'2013-06-24 23:26:34'),(906,919,'2013-06-24 23:27:12'),(907,920,'2013-06-25 03:08:23'),(908,921,'2013-06-25 03:08:26'),(909,922,'2013-06-25 03:08:37'),(910,923,'2013-06-26 11:42:07'),(911,924,'2013-06-26 11:42:51'),(912,925,'2013-06-26 17:30:20'),(913,926,'2013-06-26 22:45:30'),(914,927,'2013-06-26 22:45:33'),(915,928,'2013-06-26 22:45:52'),(916,929,'2013-06-28 02:45:11'),(917,930,'2013-06-28 03:38:02'),(918,931,'2013-06-28 04:32:33'),(919,932,'2013-06-28 04:37:33'),(920,933,'2013-06-28 13:00:19'),(921,934,'2013-06-28 13:02:04'),(922,935,'2013-06-28 15:34:01'),(923,936,'2013-06-28 17:08:52'),(924,937,'2013-06-28 19:34:13'),(925,939,'2013-06-28 20:46:36'),(926,940,'2013-06-28 20:52:26'),(927,941,'2013-06-28 22:14:38'),(928,942,'2013-06-28 22:14:41'),(929,943,'2013-06-28 22:15:06'),(930,944,'2013-06-29 06:15:53'),(931,945,'2013-06-29 06:20:28'),(932,946,'2013-06-29 06:21:20'),(933,947,'2013-06-29 06:23:21'),(934,948,'2013-06-29 10:21:10'),(935,949,'2013-06-29 10:23:58'),(936,950,'2013-06-29 10:24:08'),(937,951,'2013-06-29 13:34:47'),(938,952,'2013-06-29 22:44:04'),(939,953,'2013-06-30 10:42:31'),(940,954,'2013-06-30 18:40:59'),(941,955,'2013-06-30 22:09:45'),(942,956,'2013-06-30 22:09:48'),(943,957,'2013-06-30 22:10:02'),(944,958,'2013-07-01 05:58:11'),(945,959,'2013-07-01 05:58:11'),(946,960,'2013-07-01 16:11:58'),(947,961,'2013-07-01 20:29:00'),(948,962,'2013-07-01 20:38:49'),(949,963,'2013-07-02 00:41:37'),(950,964,'2013-07-02 00:41:45'),(951,965,'2013-07-02 11:31:06'),(952,966,'2013-07-02 11:31:10'),(953,967,'2013-07-02 13:59:44'),(954,968,'2013-07-02 15:02:03'),(955,969,'2013-07-02 15:13:20'),(956,970,'2013-07-03 00:41:11'),(957,971,'2013-07-03 00:41:14'),(958,972,'2013-07-03 00:42:13'),(959,973,'2013-07-03 00:52:51'),(960,974,'2013-07-03 01:31:01'),(961,975,'2013-07-03 01:35:00'),(962,976,'2013-07-03 06:55:09'),(963,977,'2013-07-03 06:55:09'),(964,978,'2013-07-03 12:06:26'),(965,979,'2013-07-03 14:53:41'),(966,980,'2013-07-03 14:53:42'),(967,981,'2013-07-03 18:47:11'),(968,982,'2013-07-03 19:35:05'),(969,983,'2013-07-03 20:32:20'),(970,984,'2013-07-04 03:46:12'),(971,985,'2013-07-04 03:50:08'),(972,986,'2013-07-04 03:50:09'),(973,987,'2013-07-04 03:50:10'),(974,988,'2013-07-04 03:50:10'),(975,990,'2013-07-04 03:50:12'),(976,991,'2013-07-04 19:59:01'),(977,992,'2013-07-05 00:38:37'),(978,993,'2013-07-05 00:38:40'),(979,994,'2013-07-05 00:38:51'),(980,995,'2013-07-05 06:15:22'),(981,997,'2013-07-05 06:47:27'),(982,998,'2013-07-05 16:42:18'),(983,999,'2013-07-05 16:42:23'),(984,1000,'2013-07-05 19:11:05'),(985,1001,'2013-07-06 04:31:12'),(986,1002,'2013-07-06 08:33:13'),(987,1003,'2013-07-06 17:20:50'),(988,1004,'2013-07-06 17:33:56'),(989,1005,'2013-07-06 18:16:01'),(990,1006,'2013-07-06 19:00:56'),(991,1006,'2013-07-06 19:00:57'),(992,1007,'2013-07-06 19:23:43'),(993,1008,'2013-07-06 20:42:21'),(994,1009,'2013-07-06 20:42:24'),(995,1010,'2013-07-06 20:42:35'),(996,1011,'2013-07-07 03:51:04'),(997,1012,'2013-07-07 04:02:52'),(998,1013,'2013-07-07 09:28:15'),(999,1014,'2013-07-07 21:26:32'),(1000,1015,'2013-07-08 10:09:44'),(1001,1016,'2013-07-08 20:08:26'),(1002,1017,'2013-07-09 07:45:01'),(1003,1018,'2013-07-09 14:36:50'),(1004,1019,'2013-07-09 16:10:33'),(1005,1020,'2013-07-09 19:43:27'),(1006,1021,'2013-07-10 02:39:49'),(1007,1022,'2013-07-10 02:39:52'),(1008,1023,'2013-07-10 04:16:25'),(1009,1024,'2013-07-10 05:25:11'),(1010,1027,'2013-07-10 05:46:26'),(1011,1028,'2013-07-10 10:20:23'),(1012,1029,'2013-07-10 17:37:21'),(1013,1030,'2013-07-11 03:05:59'),(1014,1031,'2013-07-11 07:15:22'),(1015,1032,'2013-07-11 07:21:47'),(1016,1033,'2013-07-11 08:15:41'),(1017,1034,'2013-07-11 08:16:32'),(1018,1035,'2013-07-11 08:17:41'),(1019,1036,'2013-07-11 08:32:50'),(1020,1037,'2013-07-11 11:18:00'),(1021,1038,'2013-07-11 22:03:25'),(1022,1039,'2013-07-11 22:59:17'),(1023,1040,'2013-07-11 23:15:07'),(1024,1041,'2013-07-12 05:31:22'),(1025,1042,'2013-07-12 11:41:56'),(1026,1043,'2013-07-12 14:54:20'),(1027,1045,'2013-07-12 15:51:02'),(1028,1046,'2013-07-12 22:24:35'),(1029,1047,'2013-07-13 06:08:37'),(1030,1049,'2013-07-13 09:03:47'),(1031,1048,'2013-07-13 09:03:47'),(1032,1050,'2013-07-13 23:34:21'),(1033,1051,'2013-07-13 23:34:21'),(1034,1052,'2013-07-13 23:44:38'),(1035,1053,'2013-07-14 02:35:13'),(1036,1054,'2013-07-14 03:10:10'),(1037,1055,'2013-07-14 04:08:42'),(1038,1056,'2013-07-14 13:00:05'),(1039,1057,'2013-07-14 13:03:50'),(1040,1058,'2013-07-14 14:05:31'),(1041,1059,'2013-07-14 22:12:33'),(1042,1060,'2013-07-14 22:13:13'),(1043,1060,'2013-07-14 22:13:14'),(1044,1060,'2013-07-14 22:13:15'),(1045,1061,'2013-07-15 05:12:23'),(1046,1062,'2013-07-15 05:12:27'),(1047,1063,'2013-07-15 05:12:57'),(1048,1064,'2013-07-15 15:55:22'),(1049,1066,'2013-07-15 16:24:50'),(1050,1067,'2013-07-15 18:27:54'),(1051,1068,'2013-07-15 23:47:59'),(1052,1069,'2013-07-16 01:55:49'),(1053,1070,'2013-07-16 01:55:49'),(1054,1071,'2013-07-16 07:03:36'),(1055,1072,'2013-07-16 07:05:24'),(1056,1073,'2013-07-16 14:34:35'),(1057,1074,'2013-07-16 14:34:47'),(1058,1075,'2013-07-16 14:38:03'),(1059,1076,'2013-07-16 14:50:44'),(1060,1077,'2013-07-17 01:13:51'),(1061,1078,'2013-07-17 01:13:54'),(1062,1079,'2013-07-17 01:14:14'),(1063,1080,'2013-07-17 02:03:04'),(1064,1081,'2013-07-17 06:40:12'),(1065,1082,'2013-07-17 06:40:16'),(1066,1083,'2013-07-17 15:19:53'),(1067,1084,'2013-07-17 23:40:47'),(1068,1085,'2013-07-18 01:46:28'),(1069,1086,'2013-07-18 04:39:25'),(1070,1087,'2013-07-18 05:23:24'),(1071,1088,'2013-07-18 05:28:30'),(1072,1090,'2013-07-18 16:43:39'),(1073,1089,'2013-07-18 16:43:39'),(1074,1091,'2013-07-18 20:59:02'),(1075,1093,'2013-07-19 00:39:22'),(1076,1095,'2013-07-19 01:12:23'),(1077,1096,'2013-07-19 02:12:34'),(1078,1097,'2013-07-19 02:32:24'),(1079,1098,'2013-07-19 07:03:28'),(1080,1099,'2013-07-19 07:03:29'),(1081,1101,'2013-07-19 07:03:31'),(1082,1102,'2013-07-19 07:03:33'),(1083,1103,'2013-07-19 09:19:54'),(1084,1104,'2013-07-19 09:19:57'),(1085,1105,'2013-07-19 22:30:09'),(1086,1106,'2013-07-19 22:30:48'),(1087,1108,'2013-07-20 02:13:40'),(1088,1109,'2013-07-20 05:30:44'),(1089,1110,'2013-07-20 06:10:21'),(1090,1111,'2013-07-20 14:12:36'),(1091,1112,'2013-07-20 14:12:38'),(1092,1113,'2013-07-20 14:12:39'),(1093,1115,'2013-07-20 14:12:42'),(1094,1116,'2013-07-20 14:12:44'),(1095,1117,'2013-07-20 14:12:45'),(1096,1118,'2013-07-20 14:12:46'),(1097,1119,'2013-07-20 14:12:48'),(1098,1120,'2013-07-20 14:12:49'),(1099,1121,'2013-07-20 16:21:39'),(1100,1122,'2013-07-20 16:23:17'),(1101,1123,'2013-07-20 17:29:37'),(1102,1124,'2013-07-21 03:59:08'),(1103,1125,'2013-07-21 04:43:44'),(1104,1126,'2013-07-21 04:44:23'),(1105,1127,'2013-07-21 05:53:40'),(1106,1128,'2013-07-21 12:31:50'),(1107,1129,'2013-07-21 17:47:56'),(1108,1130,'2013-07-21 17:47:59'),(1109,1131,'2013-07-21 21:53:00'),(1110,1132,'2013-07-21 21:53:45'),(1111,1133,'2013-07-22 01:21:42'),(1112,1134,'2013-07-22 01:25:06'),(1113,1135,'2013-07-22 01:25:07'),(1114,1136,'2013-07-22 01:39:30'),(1115,1137,'2013-07-22 03:55:49'),(1116,1138,'2013-07-22 04:28:08'),(1117,1140,'2013-07-22 08:11:21'),(1118,1141,'2013-07-22 08:11:21'),(1119,1139,'2013-07-22 08:11:22'),(1120,1142,'2013-07-22 20:06:23'),(1121,1143,'2013-07-22 20:07:14'),(1122,1144,'2013-07-22 20:18:55'),(1123,1145,'2013-07-23 02:54:18'),(1124,1146,'2013-07-23 03:00:06'),(1125,1147,'2013-07-23 12:15:37'),(1126,1148,'2013-07-23 12:15:40'),(1127,1149,'2013-07-23 12:15:44'),(1128,1150,'2013-07-24 00:14:02'),(1129,1152,'2013-07-24 00:46:38'),(1130,1153,'2013-07-24 04:01:33'),(1131,1154,'2013-07-24 09:09:43'),(1132,1155,'2013-07-24 23:38:24'),(1133,1156,'2013-07-24 23:41:00'),(1134,1157,'2013-07-25 01:02:49'),(1135,1158,'2013-07-25 02:32:34'),(1136,1159,'2013-07-25 02:33:42'),(1137,1160,'2013-07-25 08:39:15'),(1138,1161,'2013-07-25 08:39:18'),(1139,1162,'2013-07-25 08:39:38'),(1140,1163,'2013-07-26 04:01:26'),(1141,1164,'2013-07-26 04:01:28'),(1142,1165,'2013-07-26 06:06:20'),(1143,1166,'2013-07-26 07:49:42'),(1144,1167,'2013-07-26 09:13:17'),(1145,1168,'2013-07-26 23:39:12'),(1146,1170,'2013-07-27 00:10:59'),(1147,1171,'2013-07-27 01:39:28'),(1148,1172,'2013-07-27 01:52:27'),(1149,1173,'2013-07-27 01:55:45'),(1150,1174,'2013-07-27 07:19:07'),(1151,1175,'2013-07-27 12:42:49'),(1152,1176,'2013-07-27 13:09:40'),(1153,1178,'2013-07-27 13:10:20'),(1154,1179,'2013-07-27 14:11:53'),(1155,1180,'2013-07-27 14:11:53'),(1156,1181,'2013-07-27 20:34:45'),(1157,1182,'2013-07-27 20:34:48'),(1158,1183,'2013-07-27 20:34:53'),(1159,1184,'2013-07-28 10:12:03'),(1160,1189,'2013-07-28 11:10:18'),(1161,1203,'2013-07-28 11:10:18'),(1162,1196,'2013-07-28 11:10:18'),(1163,1201,'2013-07-28 11:10:18'),(1164,1191,'2013-07-28 11:10:18'),(1165,1195,'2013-07-28 11:10:18'),(1166,1190,'2013-07-28 11:10:18'),(1167,1192,'2013-07-28 11:10:18'),(1168,1200,'2013-07-28 11:10:18'),(1169,1193,'2013-07-28 11:10:18'),(1170,1197,'2013-07-28 11:10:23'),(1171,1198,'2013-07-28 11:10:36'),(1172,1185,'2013-07-28 11:10:37'),(1173,1187,'2013-07-28 11:10:40'),(1174,1199,'2013-07-28 11:10:58'),(1175,1188,'2013-07-28 11:11:08'),(1176,1205,'2013-07-28 11:11:09'),(1177,1202,'2013-07-28 11:11:08'),(1178,1204,'2013-07-28 11:11:08'),(1179,1186,'2013-07-28 11:11:08'),(1180,1194,'2013-07-28 11:11:28'),(1181,1206,'2013-07-28 11:11:47'),(1182,1207,'2013-07-28 11:31:40'),(1183,1208,'2013-07-28 11:51:28'),(1184,1209,'2013-07-28 13:47:11'),(1185,1210,'2013-07-28 14:12:31'),(1186,1211,'2013-07-28 17:11:15'),(1187,1212,'2013-07-28 17:49:55'),(1188,1213,'2013-07-28 17:49:58'),(1189,1214,'2013-07-29 01:46:14'),(1190,1215,'2013-07-29 01:48:10'),(1191,1216,'2013-07-29 05:06:02'),(1192,1217,'2013-07-29 11:25:11'),(1193,1218,'2013-07-29 15:18:15'),(1194,1219,'2013-07-29 15:18:16'),(1195,1220,'2013-07-29 15:18:17'),(1196,1221,'2013-07-29 18:55:47'),(1197,1222,'2013-07-29 19:06:02'),(1198,1223,'2013-07-29 19:09:27'),(1199,1224,'2013-07-29 19:09:30'),(1200,1225,'2013-07-29 19:09:35'),(1201,1226,'2013-07-29 22:45:03'),(1202,1228,'2013-07-30 00:16:21'),(1203,1229,'2013-07-30 04:57:01'),(1204,1230,'2013-07-30 07:10:23'),(1205,1231,'2013-07-30 11:11:17'),(1206,1232,'2013-07-30 19:04:50'),(1207,1233,'2013-07-30 19:08:16'),(1208,1234,'2013-07-30 19:48:43'),(1209,1235,'2013-07-31 08:57:52'),(1210,1236,'2013-07-31 10:40:16'),(1211,1237,'2013-07-31 10:40:19'),(1212,1238,'2013-07-31 10:40:22'),(1213,1239,'2013-07-31 20:11:59'),(1214,1240,'2013-08-01 09:20:57'),(1215,1241,'2013-08-01 10:43:30'),(1216,1242,'2013-08-01 12:42:48'),(1217,1243,'2013-08-01 17:22:06'),(1218,1244,'2013-08-01 17:25:27'),(1219,1245,'2013-08-01 19:09:59'),(1220,1246,'2013-08-02 10:14:27'),(1221,1247,'2013-08-02 11:15:25'),(1222,1248,'2013-08-02 22:55:29'),(1223,1249,'2013-08-03 02:15:34'),(1224,1250,'2013-08-03 02:15:37'),(1225,1251,'2013-08-03 02:15:40'),(1226,1252,'2013-08-04 05:41:29'),(1227,1253,'2013-08-04 09:49:13'),(1228,1254,'2013-08-04 09:50:16'),(1229,1255,'2013-08-04 09:50:37'),(1230,1256,'2013-08-05 08:04:52'),(1231,1257,'2013-08-05 09:56:17'),(1232,1258,'2013-08-05 11:34:27'),(1233,1259,'2013-08-05 13:22:41'),(1234,1261,'2013-08-05 13:22:42'),(1235,1262,'2013-08-05 13:22:42'),(1236,1263,'2013-08-05 13:22:42'),(1237,1264,'2013-08-05 13:22:43'),(1238,1265,'2013-08-05 16:30:21'),(1239,1266,'2013-08-05 16:30:41'),(1240,1267,'2013-08-05 20:04:12'),(1241,1268,'2013-08-05 20:07:52'),(1242,1270,'2013-08-05 20:23:20'),(1243,1271,'2013-08-06 11:00:22'),(1244,1272,'2013-08-06 11:42:12'),(1245,1273,'2013-08-07 02:39:32'),(1246,1274,'2013-08-07 02:39:35'),(1247,1275,'2013-08-07 04:12:31'),(1248,1276,'2013-08-07 07:33:31'),(1249,1277,'2013-08-07 08:32:52'),(1250,1278,'2013-08-07 10:52:50'),(1251,1279,'2013-08-07 10:52:51'),(1252,1280,'2013-08-07 16:53:05'),(1253,1281,'2013-08-07 16:53:09'),(1254,1282,'2013-08-07 16:53:25'),(1255,1283,'2013-08-07 22:03:46'),(1256,1285,'2013-08-08 04:41:46'),(1257,1284,'2013-08-08 04:41:46'),(1258,1286,'2013-08-08 09:44:53'),(1259,1287,'2013-08-08 14:47:59'),(1260,1288,'2013-08-08 14:48:00'),(1261,1289,'2013-08-08 16:11:35'),(1262,1290,'2013-08-08 19:14:30'),(1263,1292,'2013-08-08 19:16:57'),(1264,1293,'2013-08-08 22:51:32'),(1265,1294,'2013-08-10 01:21:25'),(1266,1295,'2013-08-10 02:56:05'),(1267,1296,'2013-08-10 07:14:52'),(1268,1297,'2013-08-10 07:22:43'),(1269,1298,'2013-08-10 07:59:20'),(1270,1299,'2013-08-10 12:04:40'),(1271,1300,'2013-08-10 12:04:43'),(1272,1302,'2013-08-10 19:56:49'),(1273,1303,'2013-08-10 23:16:10'),(1274,1304,'2013-08-11 01:34:41'),(1275,1305,'2013-08-11 09:29:52'),(1276,1305,'2013-08-11 09:29:53'),(1277,1305,'2013-08-11 09:29:55'),(1278,1306,'2013-08-11 09:51:11'),(1279,1307,'2013-08-11 09:51:14'),(1280,1308,'2013-08-11 09:51:24'),(1281,1309,'2013-08-11 17:23:20'),(1282,1310,'2013-08-12 06:18:40'),(1283,1311,'2013-08-12 06:24:32'),(1284,1313,'2013-08-12 06:54:12'),(1285,1314,'2013-08-12 08:54:28'),(1286,1315,'2013-08-12 10:36:06'),(1287,1316,'2013-08-12 22:35:17'),(1288,1317,'2013-08-13 00:55:14'),(1289,1318,'2013-08-13 02:05:54'),(1290,1319,'2013-08-13 07:12:58'),(1291,1320,'2013-08-13 07:13:01'),(1292,1321,'2013-08-13 07:13:10'),(1293,1322,'2013-08-13 08:41:07'),(1294,1323,'2013-08-13 08:41:15'),(1295,1324,'2013-08-13 15:15:21'),(1296,1325,'2013-08-13 17:46:45'),(1297,1326,'2013-08-13 18:16:53'),(1298,1327,'2013-08-14 00:30:28'),(1299,1327,'2013-08-14 00:32:14'),(1300,1327,'2013-08-14 00:32:15'),(1301,1328,'2013-08-14 08:15:49'),(1302,1329,'2013-08-14 11:07:16'),(1303,1331,'2013-08-14 11:24:17'),(1304,1332,'2013-08-14 11:24:20'),(1305,1333,'2013-08-14 11:24:23'),(1306,1334,'2013-08-14 11:24:26'),(1307,1335,'2013-08-14 22:26:13'),(1308,1336,'2013-08-15 06:21:22'),(1309,1337,'2013-08-15 08:11:51'),(1310,1338,'2013-08-15 08:13:02'),(1311,1340,'2013-08-15 08:30:54'),(1312,1342,'2013-08-15 10:26:48'),(1313,1344,'2013-08-15 12:16:20'),(1314,1345,'2013-08-15 16:34:24'),(1315,1346,'2013-08-15 16:34:40'),(1316,1347,'2013-08-15 18:21:25'),(1317,1348,'2013-08-15 18:58:39'),(1318,1349,'2013-08-15 22:36:36'),(1319,1350,'2013-08-16 13:11:34'),(1320,1351,'2013-08-16 17:56:18'),(1321,1352,'2013-08-16 20:15:11'),(1322,1353,'2013-08-17 07:41:21'),(1323,1354,'2013-08-17 16:51:25'),(1324,1356,'2013-08-17 17:52:45'),(1325,1357,'2013-08-17 17:58:43'),(1326,1358,'2013-08-17 17:58:49'),(1327,1359,'2013-08-17 23:25:00'),(1328,1360,'2013-08-18 02:10:23'),(1329,1361,'2013-08-18 06:32:39'),(1330,1362,'2013-08-18 15:35:17'),(1331,1364,'2013-08-18 15:35:20'),(1332,1365,'2013-08-19 02:52:14'),(1333,1366,'2013-08-19 11:43:53'),(1334,1367,'2013-08-19 11:43:54'),(1335,1368,'2013-08-19 16:39:28'),(1336,1369,'2013-08-19 17:12:17'),(1337,1370,'2013-08-20 05:38:37'),(1338,1371,'2013-08-20 06:07:48'),(1339,1372,'2013-08-20 08:52:08'),(1340,1373,'2013-08-20 08:52:11'),(1341,1374,'2013-08-20 08:52:44'),(1342,1375,'2013-08-20 09:02:16'),(1343,1376,'2013-08-20 09:02:17'),(1344,1377,'2013-08-20 09:02:19'),(1345,1379,'2013-08-20 09:02:21'),(1346,1380,'2013-08-20 09:02:23'),(1347,1381,'2013-08-20 09:02:24'),(1348,1382,'2013-08-20 09:02:26'),(1349,1383,'2013-08-20 09:02:28'),(1350,1384,'2013-08-20 09:02:29'),(1351,1385,'2013-08-20 17:37:35'),(1352,1386,'2013-08-20 17:38:10'),(1353,1387,'2013-08-20 18:20:31'),(1354,1388,'2013-08-20 18:20:32'),(1355,1389,'2013-08-20 18:20:33'),(1356,1390,'2013-08-20 22:00:54'),(1357,1391,'2013-08-20 22:36:39'),(1358,1392,'2013-08-21 01:03:55'),(1359,1393,'2013-08-21 01:03:56'),(1360,1394,'2013-08-21 01:03:56'),(1361,1395,'2013-08-21 01:29:23'),(1362,1396,'2013-08-21 06:03:23'),(1363,1397,'2013-08-21 11:47:10'),(1364,1398,'2013-08-21 11:47:11'),(1365,1399,'2013-08-21 11:47:12'),(1366,1400,'2013-08-21 14:00:37'),(1367,1401,'2013-08-21 14:16:41'),(1368,1402,'2013-08-21 14:16:42'),(1369,1403,'2013-08-21 14:16:52'),(1370,1404,'2013-08-21 16:07:57'),(1371,1406,'2013-08-21 17:19:07'),(1372,1407,'2013-08-21 22:08:51'),(1373,1408,'2013-08-21 22:08:54'),(1374,1409,'2013-08-21 22:09:16'),(1375,1410,'2013-08-22 00:12:04'),(1376,1411,'2013-08-22 04:18:01'),(1377,1412,'2013-08-22 10:51:24'),(1378,1413,'2013-08-22 23:19:59'),(1379,1414,'2013-08-23 07:28:27'),(1380,1415,'2013-08-23 07:28:31'),(1381,1416,'2013-08-23 07:29:07'),(1382,1417,'2013-08-23 15:08:04'),(1383,1418,'2013-08-24 03:18:38'),(1384,1419,'2013-08-24 04:14:26'),(1385,1420,'2013-08-24 05:32:50'),(1386,1421,'2013-08-24 22:05:18'),(1387,1423,'2013-08-25 00:39:44'),(1388,1424,'2013-08-25 04:32:36'),(1389,1425,'2013-08-25 08:20:23'),(1390,1426,'2013-08-25 15:15:34'),(1391,1427,'2013-08-26 01:11:18'),(1392,1428,'2013-08-26 14:26:40'),(1393,1430,'2013-08-26 15:21:56'),(1394,1431,'2013-08-26 15:22:25'),(1395,1432,'2013-08-26 20:40:37'),(1396,1433,'2013-08-26 20:40:44'),(1397,1434,'2013-08-27 15:18:39'),(1398,1435,'2013-08-27 16:11:43'),(1399,1436,'2013-08-27 16:11:47'),(1400,1437,'2013-08-27 16:12:20'),(1401,1438,'2013-08-27 18:48:51'),(1402,1439,'2013-08-27 18:48:52'),(1403,1440,'2013-08-27 19:01:29'),(1404,1441,'2013-08-27 19:01:29'),(1405,1442,'2013-08-28 01:54:56'),(1406,1443,'2013-08-28 05:37:21'),(1407,1444,'2013-08-28 05:37:22'),(1408,1445,'2013-08-28 05:37:23'),(1409,1446,'2013-08-28 11:29:33'),(1410,1447,'2013-08-28 21:03:04'),(1411,1448,'2013-08-29 01:07:28'),(1412,1449,'2013-08-29 05:50:59'),(1413,1450,'2013-08-29 07:45:57'),(1414,1451,'2013-08-29 07:46:00'),(1415,1452,'2013-08-29 07:46:28'),(1416,1453,'2013-08-29 10:47:59'),(1417,1454,'2013-08-29 12:29:01'),(1418,1456,'2013-08-29 12:39:14'),(1419,1457,'2013-08-29 13:38:44'),(1420,1459,'2013-08-29 15:01:50'),(1421,1460,'2013-08-29 22:25:43'),(1422,1461,'2013-08-29 23:22:46'),(1423,1462,'2013-08-30 00:06:43'),(1424,1463,'2013-08-30 02:42:36'),(1425,1464,'2013-08-30 07:28:28'),(1426,1465,'2013-08-30 20:06:21'),(1427,1467,'2013-08-31 00:06:30'),(1428,1466,'2013-08-31 00:06:30'),(1429,1468,'2013-08-31 00:06:58'),(1430,1469,'2013-08-31 00:07:17'),(1431,1470,'2013-08-31 00:07:17'),(1432,1471,'2013-08-31 00:44:10'),(1433,1473,'2013-08-31 02:02:05'),(1434,1474,'2013-09-01 00:51:59'),(1435,1475,'2013-09-01 03:15:28'),(1436,1476,'2013-09-01 03:45:32'),(1437,1477,'2013-09-01 03:45:33'),(1438,1478,'2013-09-01 11:46:33'),(1439,1479,'2013-09-01 12:16:53'),(1440,1480,'2013-09-01 12:18:14'),(1441,1481,'2013-09-01 14:24:38'),(1442,1482,'2013-09-01 14:24:41'),(1443,1483,'2013-09-01 14:25:07'),(1444,1484,'2013-09-01 15:48:56'),(1445,1485,'2013-09-01 15:50:21'),(1446,1486,'2013-09-01 17:30:34'),(1447,1487,'2013-09-02 00:11:48'),(1448,1488,'2013-09-02 13:49:35'),(1449,1489,'2013-09-02 22:26:09'),(1450,1490,'2013-09-03 02:55:15'),(1451,1492,'2013-09-03 03:25:14'),(1452,1493,'2013-09-03 13:05:59'),(1453,1494,'2013-09-03 13:12:12'),(1454,1495,'2013-09-03 21:25:43'),(1455,1496,'2013-09-03 21:32:28'),(1456,1497,'2013-09-04 07:59:28'),(1457,1498,'2013-09-04 08:29:22'),(1458,1499,'2013-09-04 08:29:51'),(1459,1500,'2013-09-04 08:31:18'),(1460,1502,'2013-09-04 08:41:04'),(1461,1501,'2013-09-04 08:41:04'),(1462,1503,'2013-09-05 00:08:02'),(1463,1504,'2013-09-05 00:13:48'),(1464,1505,'2013-09-05 05:55:09'),(1465,1506,'2013-09-05 08:32:55'),(1466,1507,'2013-09-05 10:48:53'),(1467,1508,'2013-09-05 14:53:32'),(1468,1509,'2013-09-05 16:31:10'),(1469,1510,'2013-09-05 16:31:19'),(1470,1511,'2013-09-05 18:40:35'),(1471,1512,'2013-09-05 18:40:38'),(1472,1513,'2013-09-05 18:40:51'),(1473,1514,'2013-09-05 18:56:56'),(1474,1515,'2013-09-06 07:38:10'),(1475,1516,'2013-09-06 11:58:09'),(1476,1518,'2013-09-06 13:46:38'),(1477,1519,'2013-09-07 13:12:12'),(1478,1520,'2013-09-07 13:12:43'),(1479,1521,'2013-09-07 13:13:25'),(1480,1522,'2013-09-07 13:15:10'),(1481,1523,'2013-09-07 21:23:37'),(1482,1524,'2013-09-07 21:23:40'),(1483,1525,'2013-09-07 21:23:47'),(1484,1526,'2013-09-07 22:02:55'),(1485,1527,'2013-09-07 23:47:58'),(1486,1528,'2013-09-08 01:01:29'),(1487,1529,'2013-09-08 02:50:12'),(1488,1531,'2013-09-08 02:50:13'),(1489,1532,'2013-09-08 02:50:13'),(1490,1533,'2013-09-08 02:50:14'),(1491,1534,'2013-09-08 02:50:14'),(1492,1535,'2013-09-08 20:41:31'),(1493,1536,'2013-09-09 03:58:50'),(1494,1537,'2013-09-09 03:58:55'),(1495,1538,'2013-09-09 03:59:08'),(1496,1539,'2013-09-09 03:59:18'),(1497,1540,'2013-09-09 03:59:29'),(1498,1541,'2013-09-09 03:59:43'),(1499,1542,'2013-09-09 11:33:40'),(1500,1544,'2013-09-09 12:31:53'),(1501,1545,'2013-09-09 14:27:03'),(1502,1546,'2013-09-09 18:32:07'),(1503,1547,'2013-09-09 22:54:31'),(1504,1548,'2013-09-10 06:41:23'),(1505,1549,'2013-09-10 06:41:29'),(1506,1550,'2013-09-10 14:12:32'),(1507,1551,'2013-09-10 18:01:43'),(1508,1552,'2013-09-10 18:01:46'),(1509,1553,'2013-09-10 18:02:00'),(1510,1555,'2013-09-10 20:33:08'),(1511,1556,'2013-09-10 22:23:21'),(1512,1557,'2013-09-10 23:26:59'),(1513,1558,'2013-09-10 23:57:11'),(1514,1559,'2013-09-11 16:49:20'),(1515,1560,'2013-09-12 03:18:04'),(1516,1562,'2013-09-12 07:02:13'),(1517,1561,'2013-09-12 07:02:13'),(1518,1564,'2013-09-12 07:03:07'),(1519,1565,'2013-09-12 07:03:28'),(1520,1566,'2013-09-12 07:03:47'),(1521,1567,'2013-09-12 15:43:34'),(1522,1568,'2013-09-12 18:27:17'),(1523,1569,'2013-09-12 18:27:20'),(1524,1570,'2013-09-12 18:27:32'),(1525,1571,'2013-09-13 00:58:38'),(1526,1572,'2013-09-13 00:58:38'),(1527,1573,'2013-09-13 01:07:44'),(1528,1574,'2013-09-13 21:56:05'),(1529,1576,'2013-09-13 22:17:42'),(1530,1577,'2013-09-15 01:49:11'),(1531,1579,'2013-09-15 01:49:42'),(1532,1580,'2013-09-15 03:55:50'),(1533,1581,'2013-09-15 04:02:19'),(1534,1582,'2013-09-15 08:40:45'),(1535,1583,'2013-09-15 08:43:42'),(1536,1584,'2013-09-16 02:39:53'),(1537,1585,'2013-09-16 02:39:58'),(1538,1586,'2013-09-16 07:47:43'),(1539,1587,'2013-09-16 13:18:58'),(1540,1588,'2013-09-16 14:10:11'),(1541,1589,'2013-09-16 14:10:12'),(1542,1590,'2013-09-16 14:10:13'),(1543,1591,'2013-09-16 20:38:30'),(1544,1592,'2013-09-16 21:07:58'),(1545,1593,'2013-09-16 21:08:01'),(1546,1594,'2013-09-16 21:08:37'),(1547,1595,'2013-09-16 21:12:05'),(1548,1596,'2013-09-17 04:44:21'),(1549,1598,'2013-09-17 10:03:31'),(1550,1599,'2013-09-17 11:13:57'),(1551,1600,'2013-09-17 11:13:58'),(1552,1601,'2013-09-17 11:13:58'),(1553,1602,'2013-09-17 13:08:23'),(1554,1603,'2013-09-17 13:08:24'),(1555,1604,'2013-09-17 13:08:24'),(1556,1605,'2013-09-17 14:53:47'),(1557,1606,'2013-09-17 16:33:43'),(1558,1607,'2013-09-17 16:33:44'),(1559,1608,'2013-09-17 16:33:44'),(1560,1609,'2013-09-17 16:52:50'),(1561,1610,'2013-09-17 18:09:08'),(1562,1611,'2013-09-17 18:09:09'),(1563,1612,'2013-09-17 18:09:09'),(1564,1613,'2013-09-17 18:35:48'),(1565,1614,'2013-09-17 19:41:44'),(1566,1615,'2013-09-17 19:41:44'),(1567,1616,'2013-09-17 19:41:45'),(1568,1617,'2013-09-17 21:11:29'),(1569,1618,'2013-09-17 21:11:30'),(1570,1619,'2013-09-17 21:11:30'),(1571,1620,'2013-09-18 03:56:27'),(1572,1621,'2013-09-18 04:03:37'),(1573,1622,'2013-09-18 04:14:26'),(1574,1623,'2013-09-18 04:31:22'),(1575,1624,'2013-09-18 04:53:20'),(1576,1625,'2013-09-18 05:20:56'),(1577,1626,'2013-09-18 05:51:22'),(1578,1627,'2013-09-18 05:53:00'),(1579,1628,'2013-09-18 13:03:37'),(1580,1629,'2013-09-18 13:50:37'),(1581,1630,'2013-09-18 15:29:27'),(1582,1631,'2013-09-18 15:40:15'),(1583,1632,'2013-09-19 01:38:30'),(1584,1633,'2013-09-19 01:39:15'),(1585,1634,'2013-09-19 06:04:54'),(1586,1635,'2013-09-19 06:04:57'),(1587,1636,'2013-09-19 06:05:08'),(1588,1637,'2013-09-19 08:26:26'),(1589,1638,'2013-09-19 08:26:43'),(1590,1639,'2013-09-19 09:00:29'),(1591,1640,'2013-09-19 09:05:14'),(1592,1641,'2013-09-19 12:10:05'),(1593,1642,'2013-09-19 21:23:18'),(1594,1644,'2013-09-19 22:03:55'),(1595,1645,'2013-09-20 02:41:38'),(1596,1646,'2013-09-20 06:16:40'),(1597,1647,'2013-09-20 08:56:12'),(1598,1648,'2013-09-20 08:56:13'),(1599,1649,'2013-09-20 08:56:15'),(1600,1651,'2013-09-20 08:56:17'),(1601,1652,'2013-09-20 08:56:19'),(1602,1653,'2013-09-20 08:56:20'),(1603,1654,'2013-09-20 08:56:21'),(1604,1655,'2013-09-20 08:56:23'),(1605,1656,'2013-09-20 08:56:24'),(1606,1657,'2013-09-20 09:05:55'),(1607,1658,'2013-09-20 09:05:56'),(1608,1659,'2013-09-20 09:05:56'),(1609,1660,'2013-09-20 21:10:14'),(1610,1661,'2013-09-21 07:59:14'),(1611,1662,'2013-09-21 07:59:18'),(1612,1663,'2013-09-21 07:59:45'),(1613,1664,'2013-09-21 08:55:38'),(1614,1665,'2013-09-21 09:24:52'),(1615,1666,'2013-09-21 09:25:31'),(1616,1668,'2013-09-21 09:29:52'),(1617,1670,'2013-09-21 10:12:45'),(1618,1671,'2013-09-21 20:17:05'),(1619,1672,'2013-09-22 10:42:27'),(1620,1673,'2013-09-23 01:16:40'),(1621,1674,'2013-09-23 01:29:01'),(1622,1675,'2013-09-23 01:29:04'),(1623,1676,'2013-09-23 01:29:05'),(1624,1677,'2013-09-23 01:29:07'),(1625,1679,'2013-09-23 01:35:04'),(1626,1680,'2013-09-23 01:35:07'),(1627,1681,'2013-09-23 01:35:26'),(1628,1682,'2013-09-23 01:40:40'),(1629,1683,'2013-09-23 07:20:01'),(1630,1684,'2013-09-24 14:41:22'),(1631,1685,'2013-09-24 14:41:27'),(1632,1686,'2013-09-24 15:06:41'),(1633,1687,'2013-09-24 15:06:41'),(1634,1688,'2013-09-24 15:06:42'),(1635,1689,'2013-09-24 15:22:46'),(1636,1690,'2013-09-24 15:22:46'),(1637,1691,'2013-09-24 15:22:47'),(1638,1692,'2013-09-25 01:33:47'),(1639,1693,'2013-09-25 01:33:48'),(1640,1694,'2013-09-25 07:37:31'),(1641,1695,'2013-09-25 07:37:34'),(1642,1696,'2013-09-25 07:37:57'),(1643,1697,'2013-09-25 19:26:14'),(1644,1699,'2013-09-25 20:32:29'),(1645,1700,'2013-09-26 00:55:26'),(1646,1701,'2013-09-26 06:32:06'),(1647,1702,'2013-09-26 06:56:45'),(1648,1703,'2013-09-26 16:44:33'),(1649,1704,'2013-09-26 16:44:43'),(1650,1705,'2013-09-27 01:13:11'),(1651,1706,'2013-09-27 18:25:11'),(1652,1707,'2013-09-27 19:41:06'),(1653,1708,'2013-09-27 19:41:09'),(1654,1709,'2013-09-27 19:41:19'),(1655,1710,'2013-09-27 20:27:11'),(1656,1711,'2013-09-27 21:47:14'),(1657,1713,'2013-09-28 07:53:22'),(1658,1714,'2013-09-29 05:30:51'),(1659,1715,'2013-09-29 06:43:29'),(1660,1716,'2013-09-29 06:43:32'),(1661,1717,'2013-09-29 06:44:15'),(1662,1718,'2013-09-29 11:03:24'),(1663,1719,'2013-09-30 16:42:33'),(1664,1720,'2013-10-01 05:26:23'),(1665,1721,'2013-10-01 05:53:43'),(1666,1722,'2013-10-01 12:08:19'),(1667,1723,'2013-10-01 18:44:10'),(1668,1725,'2013-10-01 18:49:20'),(1669,1726,'2013-10-01 18:52:53'),(1670,1727,'2013-10-01 20:48:22'),(1671,1728,'2013-10-01 20:48:25'),(1672,1729,'2013-10-01 20:48:41'),(1673,1731,'2013-10-01 20:58:43'),(1674,1732,'2013-10-02 06:14:15'),(1675,1733,'2013-10-02 16:41:50'),(1676,1734,'2013-10-03 01:43:32'),(1677,1735,'2013-10-03 01:43:35'),(1678,1736,'2013-10-03 01:43:58'),(1679,1737,'2013-10-03 07:12:51'),(1680,1738,'2013-10-03 08:43:14'),(1681,1739,'2013-10-03 09:30:06'),(1682,1740,'2013-10-04 04:36:45'),(1683,1741,'2013-10-04 04:54:56'),(1684,1742,'2013-10-04 05:14:39'),(1685,1744,'2013-10-04 06:39:54'),(1686,1745,'2013-10-04 20:18:46'),(1687,1746,'2013-10-04 22:13:54'),(1688,1747,'2013-10-05 01:07:37'),(1689,1748,'2013-10-05 01:07:40'),(1690,1749,'2013-10-05 01:07:47'),(1691,1750,'2013-10-05 16:48:44'),(1692,1751,'2013-10-05 16:48:58'),(1693,1752,'2013-10-06 21:06:34'),(1694,1753,'2013-10-06 23:38:35'),(1695,1754,'2013-10-07 02:08:12'),(1696,1755,'2013-10-07 02:08:13'),(1697,1756,'2013-10-07 03:44:12'),(1698,1757,'2013-10-07 04:47:45'),(1699,1758,'2013-10-07 05:53:51'),(1700,1759,'2013-10-07 05:53:54'),(1701,1760,'2013-10-07 05:54:03'),(1702,1761,'2013-10-07 07:35:12'),(1703,1762,'2013-10-07 09:00:25'),(1704,1763,'2013-10-07 11:38:45'),(1705,1764,'2013-10-07 11:38:45'),(1706,1765,'2013-10-07 11:38:47'),(1707,1766,'2013-10-07 14:11:05'),(1708,1767,'2013-10-07 14:11:07'),(1709,1768,'2013-10-07 14:11:09'),(1710,1769,'2013-10-08 00:26:58'),(1711,1770,'2013-10-08 00:27:03'),(1712,1771,'2013-10-08 00:27:04'),(1713,1772,'2013-10-08 00:27:08'),(1714,1773,'2013-10-08 00:27:10'),(1715,1775,'2013-10-08 00:27:13'),(1716,1776,'2013-10-08 00:27:15'),(1717,1777,'2013-10-08 00:27:17'),(1718,1778,'2013-10-08 00:54:56'),(1719,1779,'2013-10-08 09:50:57'),(1720,1781,'2013-10-08 11:06:30'),(1721,1782,'2013-10-08 11:32:53'),(1722,1783,'2013-10-08 11:32:55'),(1723,1784,'2013-10-09 07:17:31'),(1724,1785,'2013-10-09 09:15:12'),(1725,1785,'2013-10-09 09:15:16'),(1726,1786,'2013-10-09 09:46:33'),(1727,1787,'2013-10-10 08:09:03'),(1728,1788,'2013-10-10 08:15:34'),(1729,1789,'2013-10-10 08:27:21'),(1730,1790,'2013-10-10 08:43:26'),(1731,1791,'2013-10-10 08:44:03'),(1732,1792,'2013-10-10 12:47:51'),(1733,1793,'2013-10-10 12:47:54'),(1734,1794,'2013-10-10 12:48:04'),(1735,1795,'2013-10-15 21:27:19'),(1736,1802,'2013-10-15 23:10:41'),(1737,1800,'2013-10-15 23:10:41'),(1738,1801,'2013-10-15 23:10:41'),(1739,1798,'2013-10-15 23:10:41'),(1740,1797,'2013-10-15 23:10:41'),(1741,1796,'2013-10-15 23:10:41'),(1742,1799,'2013-10-15 23:10:41'),(1743,1803,'2013-10-16 01:38:48'),(1744,1804,'2013-10-16 04:49:48'),(1745,1805,'2013-10-16 04:49:48'),(1746,1806,'2013-10-16 04:49:49'),(1747,1808,'2013-10-16 04:49:50'),(1748,1809,'2013-10-16 04:49:51'),(1749,1810,'2013-10-16 04:49:51'),(1750,1811,'2013-10-16 04:49:52'),(1751,1812,'2013-10-16 04:49:52'),(1752,1813,'2013-10-16 04:49:53'),(1753,1814,'2013-10-16 04:49:54'),(1754,1815,'2013-10-16 05:51:57'),(1755,1816,'2013-10-16 08:22:47'),(1756,1816,'2013-10-16 08:22:48'),(1757,1817,'2013-10-16 15:30:31'),(1758,1818,'2013-10-16 17:53:42'),(1759,1819,'2013-10-16 17:53:42'),(1760,1820,'2013-10-16 18:02:32'),(1761,1821,'2013-10-16 21:57:20'),(1762,1822,'2013-10-18 01:36:19'),(1763,1823,'2013-10-18 02:31:15'),(1764,1824,'2013-10-18 05:33:14'),(1765,1825,'2013-10-18 05:33:17'),(1766,1826,'2013-10-18 05:33:21'),(1767,1827,'2013-10-18 07:03:01'),(1768,1828,'2013-10-19 05:33:22'),(1769,1830,'2013-10-19 05:37:58'),(1770,1831,'2013-10-20 08:36:53'),(1771,1832,'2013-10-20 08:36:56'),(1772,1833,'2013-10-20 08:36:59'),(1773,1834,'2013-10-20 10:30:40'),(1774,1835,'2013-10-20 10:30:41'),(1775,1836,'2013-10-20 10:30:43'),(1776,1838,'2013-10-20 10:30:45'),(1777,1839,'2013-10-20 10:30:47'),(1778,1840,'2013-10-20 10:30:48'),(1779,1841,'2013-10-20 10:30:49'),(1780,1842,'2013-10-20 10:30:51'),(1781,1843,'2013-10-20 10:30:52'),(1782,1844,'2013-10-20 14:41:47'),(1783,1845,'2013-10-20 21:37:34'),(1784,1846,'2013-10-20 23:21:38'),(1785,1847,'2013-10-20 23:21:39'),(1786,1848,'2013-10-21 10:42:44'),(1787,1849,'2013-10-21 18:05:10'),(1788,1850,'2013-10-21 18:05:12'),(1789,1851,'2013-10-21 18:05:14'),(1790,1852,'2013-10-22 02:33:51'),(1791,1853,'2013-10-22 02:33:54'),(1792,1854,'2013-10-22 20:46:39'),(1793,1855,'2013-10-23 02:05:54'),(1794,1856,'2013-10-23 07:55:59'),(1795,1857,'2013-10-23 08:09:27'),(1796,1858,'2013-10-23 08:14:25'),(1797,1858,'2013-10-23 08:14:25'),(1798,1859,'2013-10-23 14:17:13'),(1799,1860,'2013-10-23 14:17:46'),(1800,1861,'2013-10-23 20:05:34'),(1801,1862,'2013-10-23 20:05:36'),(1802,1863,'2013-10-23 20:05:40'),(1803,1864,'2013-10-24 03:41:48'),(1804,1865,'2013-10-24 10:50:22'),(1805,1866,'2013-10-25 02:38:57'),(1806,1867,'2013-10-25 04:20:48'),(1807,1868,'2013-10-25 04:57:38'),(1808,1869,'2013-10-26 01:04:18'),(1809,1870,'2013-10-26 03:28:36'),(1810,1871,'2013-10-26 03:28:39'),(1811,1872,'2013-10-26 03:28:47'),(1812,1873,'2013-10-26 14:01:42'),(1813,1874,'2013-10-28 04:10:33'),(1814,1875,'2013-10-28 07:40:22'),(1815,1876,'2013-10-28 08:29:14'),(1816,1877,'2013-10-28 11:14:46'),(1817,1878,'2013-10-28 20:43:24'),(1818,1879,'2013-10-28 23:53:38'),(1819,1880,'2013-10-29 02:53:57'),(1820,1881,'2013-10-29 02:54:02'),(1821,1882,'2013-10-29 14:13:51'),(1822,1883,'2013-10-29 14:14:54'),(1823,1884,'2013-10-30 09:16:00'),(1824,1884,'2013-10-30 09:16:01'),(1825,1885,'2013-10-30 13:40:24'),(1826,1886,'2013-10-30 14:01:43'),(1827,1887,'2013-10-30 18:21:00'),(1828,1888,'2013-10-30 22:52:22'),(1829,1889,'2013-10-30 22:52:22'),(1830,1890,'2013-10-31 02:24:21'),(1831,1891,'2013-10-31 05:32:30'),(1832,1892,'2013-10-31 15:14:54'),(1833,1893,'2013-10-31 15:14:57'),(1834,1894,'2013-10-31 15:15:01'),(1835,1895,'2013-11-01 04:47:45'),(1836,1896,'2013-11-01 04:47:53'),(1837,1897,'2013-11-01 10:31:57'),(1838,1898,'2013-11-01 10:32:00'),(1839,1899,'2013-11-01 10:32:04'),(1840,1900,'2013-11-02 04:33:31'),(1841,1901,'2013-11-02 19:49:04'),(1842,1902,'2013-11-03 01:58:47'),(1843,1903,'2013-11-03 07:28:52'),(1844,1904,'2013-11-04 09:47:28'),(1845,1905,'2013-11-05 17:25:36'),(1846,1906,'2013-11-05 17:26:38'),(1847,1907,'2013-11-05 22:27:23'),(1848,1908,'2013-11-06 02:44:56'),(1849,1909,'2013-11-06 02:44:58'),(1850,1910,'2013-11-06 02:45:04'),(1851,1911,'2013-11-06 05:23:21'),(1852,1912,'2013-11-06 05:54:04'),(1853,1913,'2013-11-06 10:06:49'),(1854,1913,'2013-11-06 10:06:50'),(1855,1914,'2013-11-06 10:34:12'),(1856,1915,'2013-11-06 10:34:16'),(1857,1916,'2013-11-06 10:34:21'),(1858,1917,'2013-11-06 10:34:23'),(1859,1918,'2013-11-07 02:06:46'),(1860,1919,'2013-11-07 02:06:48'),(1861,1920,'2013-11-07 02:06:52'),(1862,1921,'2013-11-07 08:01:34'),(1863,1923,'2013-11-07 08:49:58'),(1864,1924,'2013-11-07 11:18:16'),(1865,1926,'2013-11-07 16:21:27'),(1866,1927,'2013-11-07 17:05:03'),(1867,1928,'2013-11-07 19:48:53'),(1868,1929,'2013-11-08 10:19:35'),(1869,1930,'2013-11-08 10:19:36'),(1870,1931,'2013-11-08 10:19:36'),(1871,1932,'2013-11-08 17:13:39'),(1872,1933,'2013-11-08 21:55:41'),(1873,1934,'2013-11-09 01:53:20'),(1874,1935,'2013-11-09 01:53:20'),(1875,1936,'2013-11-09 01:53:22'),(1876,1938,'2013-11-09 01:53:23'),(1877,1939,'2013-11-09 01:53:23'),(1878,1940,'2013-11-09 15:05:05'),(1879,1941,'2013-11-09 19:03:46'),(1880,1942,'2013-11-09 19:44:44'),(1881,1943,'2013-11-09 19:44:48'),(1882,1945,'2013-11-09 20:08:42'),(1883,1946,'2013-11-10 04:00:12'),(1884,1947,'2013-11-10 04:40:06'),(1885,1948,'2013-11-10 06:46:13'),(1886,1949,'2013-11-10 12:39:26'),(1887,1950,'2013-11-10 22:06:48'),(1888,1951,'2013-11-10 22:06:53'),(1889,1952,'2013-11-10 22:06:54'),(1890,1953,'2013-11-10 22:06:59'),(1891,1954,'2013-11-10 22:07:03'),(1892,1956,'2013-11-10 22:07:12'),(1893,1957,'2013-11-10 22:07:18'),(1894,1958,'2013-11-10 22:07:23'),(1895,1959,'2013-11-11 01:11:19'),(1896,1960,'2013-11-11 08:20:06'),(1897,1961,'2013-11-11 09:20:51'),(1898,1962,'2013-11-12 05:53:15'),(1899,1963,'2013-11-12 06:12:45'),(1900,1964,'2013-11-12 09:57:36'),(1901,1965,'2013-11-12 09:57:41'),(1902,1966,'2013-11-12 15:12:16'),(1903,1967,'2013-11-12 15:45:32'),(1904,1968,'2013-11-12 15:57:19'),(1905,1969,'2013-11-12 15:57:20'),(1906,1970,'2013-11-12 18:01:36'),(1907,1971,'2013-11-12 18:04:24'),(1908,1972,'2013-11-12 18:06:36'),(1909,1974,'2013-11-12 20:56:52'),(1910,1975,'2013-11-13 04:27:38'),(1911,1976,'2013-11-13 10:09:12'),(1912,1976,'2013-11-13 10:09:13'),(1913,1977,'2013-11-13 13:24:30'),(1914,1978,'2013-11-13 13:24:32'),(1915,1979,'2013-11-13 13:24:37'),(1916,1980,'2013-11-13 14:07:02'),(1917,1981,'2013-11-14 07:21:29'),(1918,1982,'2013-11-14 11:51:27'),(1919,1983,'2013-11-14 14:10:02'),(1920,1984,'2013-11-15 01:54:09'),(1921,1985,'2013-11-15 01:54:09'),(1922,1986,'2013-11-15 05:21:55'),(1923,1987,'2013-11-15 06:20:54'),(1924,1988,'2013-11-15 12:59:52'),(1925,1989,'2013-11-15 14:33:49'),(1926,1990,'2013-11-15 14:33:54'),(1927,1991,'2013-11-15 23:55:34'),(1928,1992,'2013-11-16 10:11:01'),(1929,1993,'2013-11-16 10:43:29'),(1930,1994,'2013-11-16 10:43:31'),(1931,1995,'2013-11-16 10:43:32'),(1932,1997,'2013-11-16 10:43:35'),(1933,1998,'2013-11-16 10:43:36'),(1934,1999,'2013-11-16 10:43:37'),(1935,2000,'2013-11-16 10:43:39'),(1936,2001,'2013-11-16 10:43:40'),(1937,2002,'2013-11-16 10:43:42'),(1938,2003,'2013-11-16 19:03:51'),(1939,2005,'2013-11-16 20:40:05'),(1940,2006,'2013-11-17 04:56:40'),(1941,2007,'2013-11-17 11:01:29'),(1942,2008,'2013-11-17 11:01:35'),(1943,2009,'2013-11-17 11:01:40'),(1944,2010,'2013-11-17 20:10:25'),(1945,2011,'2013-11-18 08:03:54'),(1946,2012,'2013-11-18 16:06:08'),(1947,2013,'2013-11-18 16:33:06'),(1948,2014,'2013-11-18 17:03:09'),(1949,2015,'2013-11-19 01:28:02'),(1950,2016,'2013-11-19 13:20:42'),(1951,2017,'2013-11-19 13:22:11'),(1952,2018,'2013-11-20 02:31:11'),(1953,2019,'2013-11-20 06:24:23'),(1954,2020,'2013-11-20 09:57:28'),(1955,2022,'2013-11-20 10:06:21'),(1956,2023,'2013-11-20 10:06:22'),(1957,2023,'2013-11-20 10:06:22'),(1958,2024,'2013-11-20 10:15:36'),(1959,2025,'2013-11-20 13:21:14'),(1960,2026,'2013-11-20 15:40:44'),(1961,2027,'2013-11-20 15:40:48'),(1962,2028,'2013-11-20 15:40:53'),(1963,2029,'2013-11-20 17:37:00'),(1964,2030,'2013-11-20 17:37:05'),(1965,2031,'2013-11-20 17:37:06'),(1966,2032,'2013-11-20 17:37:10'),(1967,2033,'2013-11-20 17:37:15'),(1968,2035,'2013-11-20 17:37:25'),(1969,2036,'2013-11-20 17:37:30'),(1970,2037,'2013-11-20 17:37:35'),(1971,2038,'2013-11-21 07:47:16'),(1972,2040,'2013-11-21 07:53:41'),(1973,2041,'2013-11-21 15:13:17'),(1974,2042,'2013-11-21 15:13:20'),(1975,2043,'2013-11-21 15:13:24'),(1976,2044,'2013-11-21 18:22:24'),(1977,2045,'2013-11-21 23:48:49'),(1978,2046,'2013-11-22 23:25:39'),(1979,2047,'2013-11-23 12:11:43'),(1980,2048,'2013-11-23 12:11:46'),(1981,2049,'2013-11-23 12:11:51'),(1982,2050,'2013-11-23 20:41:35'),(1983,2051,'2013-11-24 05:12:29'),(1984,2052,'2013-11-24 05:22:21'),(1985,2053,'2013-11-24 07:40:23'),(1986,2054,'2013-11-24 12:19:10'),(1987,2055,'2013-11-25 08:35:33'),(1988,2056,'2013-11-25 08:35:34'),(1989,2057,'2013-11-25 11:42:42'),(1990,2058,'2013-11-25 11:42:45'),(1991,2059,'2013-11-25 11:42:50'),(1992,2060,'2013-11-25 11:53:54'),(1993,2061,'2013-11-25 11:53:55'),(1994,2062,'2013-11-25 14:42:29'),(1995,2063,'2013-11-25 14:43:27'),(1996,2064,'2013-11-25 14:51:47'),(1997,2065,'2013-11-25 15:34:46'),(1998,2067,'2013-11-25 16:29:39'),(1999,2068,'2013-11-25 21:07:45'),(2000,2069,'2013-11-25 21:10:14'),(2001,2070,'2013-11-26 02:22:27'),(2002,2071,'2013-11-26 02:23:15'),(2003,2072,'2013-11-26 23:24:30'),(2004,2073,'2013-11-27 02:09:58'),(2005,2074,'2013-11-27 03:17:45'),(2006,2075,'2013-11-27 06:22:53'),(2007,2076,'2013-11-27 06:40:41'),(2008,2077,'2013-11-27 08:21:31'),(2009,2078,'2013-11-27 09:36:28'),(2010,2079,'2013-11-27 10:41:29'),(2011,2079,'2013-11-27 10:41:34'),(2012,2080,'2013-11-27 13:29:54'),(2013,2081,'2013-11-27 13:29:59'),(2014,2082,'2013-11-27 23:51:25'),(2015,2083,'2013-11-27 23:51:43'),(2016,2084,'2013-11-28 01:11:49'),(2017,2085,'2013-11-28 01:12:31'),(2018,2086,'2013-11-28 01:12:36'),(2019,2087,'2013-11-28 01:12:37'),(2020,2088,'2013-11-28 01:12:41'),(2021,2089,'2013-11-28 01:12:46'),(2022,2091,'2013-11-28 01:12:56'),(2023,2092,'2013-11-28 01:13:01'),(2024,2093,'2013-11-28 01:13:06'),(2025,2094,'2013-11-28 20:18:27'),(2026,2095,'2013-11-28 20:18:27'),(2027,2096,'2013-11-28 22:34:48'),(2028,2097,'2013-11-29 00:13:30'),(2029,2098,'2013-11-29 02:54:26'),(2030,2100,'2013-11-29 04:17:48'),(2031,2101,'2013-11-29 06:42:15'),(2032,2102,'2013-11-29 06:42:18'),(2033,2103,'2013-11-29 06:42:23'),(2034,2104,'2013-11-29 15:24:09'),(2035,2105,'2013-11-29 15:27:23'),(2036,2106,'2013-11-29 21:33:41'),(2037,2107,'2013-11-29 21:33:52'),(2038,2108,'2013-11-29 23:38:57'),(2039,2109,'2013-11-29 23:38:59'),(2040,2110,'2013-11-29 23:39:05'),(2041,2111,'2013-12-01 05:55:17'),(2042,2112,'2013-12-01 06:46:57'),(2043,2113,'2013-12-01 06:46:59'),(2044,2114,'2013-12-01 06:47:03'),(2045,2115,'2013-12-02 10:28:09'),(2046,2116,'2013-12-02 20:08:13'),(2047,2117,'2013-12-02 20:50:14'),(2048,2118,'2013-12-02 20:50:15'),(2049,2119,'2013-12-03 02:02:31'),(2050,2120,'2013-12-03 03:19:18'),(2051,2121,'2013-12-03 05:44:07'),(2052,2122,'2013-12-03 05:44:09'),(2053,2123,'2013-12-03 05:44:14'),(2054,2124,'2013-12-03 06:28:02'),(2055,2125,'2013-12-03 06:28:25'),(2056,2126,'2013-12-03 06:28:26'),(2057,2127,'2013-12-03 06:28:46'),(2058,2128,'2013-12-03 06:28:46'),(2059,2129,'2013-12-03 06:28:47'),(2060,2131,'2013-12-03 11:19:28'),(2061,2132,'2013-12-03 11:19:30'),(2062,2133,'2013-12-03 11:19:36'),(2063,2134,'2013-12-03 11:19:42'),(2064,2135,'2013-12-03 11:19:46'),(2065,2136,'2013-12-03 11:19:47'),(2066,2137,'2013-12-03 11:19:49'),(2067,2138,'2013-12-03 11:19:50'),(2068,2139,'2013-12-03 11:19:50'),(2069,2140,'2013-12-03 11:19:50'),(2070,2141,'2013-12-03 11:19:53'),(2071,2142,'2013-12-03 11:19:55'),(2072,2143,'2013-12-03 11:19:56'),(2073,2144,'2013-12-03 11:19:56'),(2074,2146,'2013-12-03 11:19:56'),(2075,2147,'2013-12-03 11:19:58'),(2076,2148,'2013-12-03 11:20:01'),(2077,2149,'2013-12-03 11:20:03'),(2078,2150,'2013-12-03 11:20:14'),(2079,2151,'2013-12-03 11:20:16'),(2080,2152,'2013-12-03 11:20:16'),(2081,2153,'2013-12-03 11:20:18'),(2082,2154,'2013-12-03 11:20:19'),(2083,2155,'2013-12-03 11:20:19'),(2084,2156,'2013-12-03 18:40:43'),(2085,2157,'2013-12-04 01:52:07'),(2086,2158,'2013-12-04 01:52:10'),(2087,2159,'2013-12-04 01:52:14'),(2088,2160,'2013-12-04 07:12:23'),(2089,2161,'2013-12-04 07:13:22'),(2090,2163,'2013-12-04 09:36:09'),(2091,2164,'2013-12-04 10:18:04'),(2092,2164,'2013-12-04 10:18:05'),(2093,2165,'2013-12-04 12:45:56'),(2094,2166,'2013-12-04 13:54:47'),(2095,2167,'2013-12-04 13:55:15'),(2096,2168,'2013-12-04 14:13:47'),(2097,2169,'2013-12-04 14:13:53'),(2098,2170,'2013-12-04 14:13:56'),(2099,2171,'2013-12-04 14:13:58'),(2100,2172,'2013-12-04 14:14:01'),(2101,2174,'2013-12-04 14:14:12'),(2102,2175,'2013-12-04 14:14:17'),(2103,2176,'2013-12-04 14:30:45'),(2104,2177,'2013-12-04 14:30:48'),(2105,2178,'2013-12-04 14:30:52'),(2106,2179,'2013-12-04 16:39:47'),(2107,2180,'2013-12-05 08:40:37'),(2108,2181,'2013-12-05 11:51:06'),(2109,2182,'2013-12-05 11:51:09'),(2110,2183,'2013-12-05 11:51:13'),(2111,2184,'2013-12-05 17:26:53'),(2112,2185,'2013-12-05 17:27:32'),(2113,2186,'2013-12-05 18:41:11'),(2114,2187,'2013-12-05 18:48:00'),(2115,2188,'2013-12-06 10:12:09'),(2116,2189,'2013-12-06 10:12:10'),(2117,2190,'2013-12-06 11:56:30'),(2118,2191,'2013-12-06 13:18:45'),(2119,2192,'2013-12-06 13:18:49'),(2120,2193,'2013-12-06 16:40:33'),(2121,2194,'2013-12-06 16:40:35'),(2122,2195,'2013-12-06 16:40:35'),(2123,2196,'2013-12-06 16:40:42'),(2124,2197,'2013-12-06 21:37:54'),(2125,2198,'2013-12-07 06:13:19'),(2126,2200,'2013-12-07 07:10:14'),(2127,2201,'2013-12-07 07:16:57'),(2128,2202,'2013-12-07 07:17:00'),(2129,2203,'2013-12-07 07:17:04'),(2130,2204,'2013-12-07 18:09:43'),(2131,2205,'2013-12-07 18:14:36'),(2132,2206,'2013-12-07 18:14:38'),(2133,2207,'2013-12-07 18:14:41'),(2134,2208,'2013-12-07 22:27:13'),(2135,2209,'2013-12-08 06:14:27'),(2136,2211,'2013-12-08 10:58:02'),(2137,2212,'2013-12-08 11:14:23'),(2138,2213,'2013-12-08 11:14:23'),(2139,2214,'2013-12-08 16:29:51'),(2140,2215,'2013-12-08 19:30:03'),(2141,2216,'2013-12-08 22:16:46'),(2142,2217,'2013-12-08 23:19:57'),(2143,2218,'2013-12-08 23:20:00'),(2144,2219,'2013-12-09 07:16:41'),(2145,2220,'2013-12-09 07:16:43'),(2146,2221,'2013-12-09 07:16:47'),(2147,2222,'2013-12-09 16:20:58'),(2148,2223,'2013-12-09 16:20:59'),(2149,2224,'2013-12-09 16:21:00'),(2150,2225,'2013-12-09 17:34:25'),(2151,2226,'2013-12-09 19:22:19'),(2152,2227,'2013-12-09 21:27:41'),(2153,2228,'2013-12-10 05:03:04'),(2154,2229,'2013-12-10 13:38:09'),(2155,2230,'2013-12-10 17:02:10'),(2156,2231,'2013-12-10 19:17:23'),(2157,2232,'2013-12-10 20:08:23'),(2158,2233,'2013-12-10 20:33:46'),(2159,2234,'2013-12-11 03:03:56'),(2160,2235,'2013-12-11 05:10:03'),(2161,2237,'2013-12-11 06:00:25'),(2162,2238,'2013-12-11 06:22:26'),(2163,2239,'2013-12-11 06:22:27'),(2164,2240,'2013-12-11 06:22:28'),(2165,2241,'2013-12-11 07:25:05'),(2166,2242,'2013-12-11 07:25:08'),(2167,2243,'2013-12-11 07:25:12'),(2168,2244,'2013-12-11 12:28:49'),(2169,2245,'2013-12-11 12:31:26'),(2170,2246,'2013-12-11 12:31:26'),(2171,2248,'2013-12-11 14:16:46'),(2172,2249,'2013-12-11 14:38:23'),(2173,2250,'2013-12-11 14:38:24'),(2174,2251,'2013-12-11 15:08:57'),(2175,2251,'2013-12-11 15:08:58'),(2176,2252,'2013-12-12 10:54:11'),(2177,2254,'2013-12-12 10:54:12'),(2178,2255,'2013-12-12 10:54:12'),(2179,2256,'2013-12-12 10:54:12'),(2180,2257,'2013-12-12 10:54:13'),(2181,2258,'2013-12-12 12:00:40'),(2182,2259,'2013-12-12 15:48:13'),(2183,2260,'2013-12-12 15:48:25'),(2184,2261,'2013-12-12 16:36:59'),(2185,2262,'2013-12-12 16:53:50'),(2186,2263,'2013-12-12 17:07:31'),(2187,2264,'2013-12-12 17:08:27'),(2188,2265,'2013-12-12 19:59:13'),(2189,2266,'2013-12-12 20:36:00'),(2190,2267,'2013-12-13 09:29:59'),(2191,2268,'2013-12-13 09:30:15'),(2192,2269,'2013-12-13 13:30:51'),(2193,2270,'2013-12-13 13:30:54'),(2194,2271,'2013-12-13 13:30:58'),(2195,2272,'2013-12-13 15:30:37'),(2196,2273,'2013-12-14 03:37:02'),(2197,2273,'2013-12-14 03:37:03'),(2198,2273,'2013-12-14 03:37:04'),(2199,2274,'2013-12-14 04:17:44'),(2200,2275,'2013-12-14 05:27:01'),(2201,2276,'2013-12-14 05:51:34'),(2202,2277,'2013-12-14 05:51:50'),(2203,2279,'2013-12-14 06:38:29'),(2204,2280,'2013-12-14 07:55:20'),(2205,2281,'2013-12-14 16:27:45'),(2206,2282,'2013-12-14 16:27:47'),(2207,2283,'2013-12-14 16:27:49'),(2208,2284,'2013-12-14 16:27:50'),(2209,2285,'2013-12-14 20:01:31'),(2210,2286,'2013-12-14 20:28:40'),(2211,2287,'2013-12-15 01:35:19'),(2212,2288,'2013-12-15 06:16:32'),(2213,2289,'2013-12-15 08:07:45'),(2214,2290,'2013-12-15 08:07:48'),(2215,2291,'2013-12-15 08:07:52'),(2216,2292,'2013-12-15 17:51:11'),(2217,2293,'2013-12-15 20:34:39'),(2218,2294,'2013-12-15 21:53:07'),(2219,2295,'2013-12-15 21:53:13'),(2220,2296,'2013-12-15 21:53:14'),(2221,2297,'2013-12-15 21:53:18'),(2222,2298,'2013-12-15 21:53:23'),(2223,2300,'2013-12-15 21:53:32'),(2224,2301,'2013-12-15 21:53:37'),(2225,2302,'2013-12-15 23:36:41'),(2226,2303,'2013-12-16 01:27:54'),(2227,2304,'2013-12-16 01:27:56'),(2228,2305,'2013-12-16 01:27:57'),(2229,2307,'2013-12-16 01:28:00'),(2230,2308,'2013-12-16 01:28:01'),(2231,2309,'2013-12-16 01:28:02'),(2232,2310,'2013-12-16 01:28:04'),(2233,2311,'2013-12-16 01:28:05'),(2234,2312,'2013-12-16 01:28:06'),(2235,2313,'2013-12-16 07:58:41'),(2236,2314,'2013-12-16 08:56:02'),(2237,2315,'2013-12-16 10:32:07'),(2238,2316,'2013-12-17 06:57:53'),(2239,2317,'2013-12-17 06:57:55'),(2240,2318,'2013-12-17 06:58:00'),(2241,2319,'2013-12-17 07:14:10'),(2242,2320,'2013-12-17 07:50:55'),(2243,2320,'2013-12-17 07:50:58'),(2244,2322,'2013-12-17 08:45:27'),(2245,2323,'2013-12-18 02:46:45'),(2246,2324,'2013-12-18 03:20:17'),(2247,2325,'2013-12-18 12:13:07'),(2248,2325,'2013-12-18 12:13:07'),(2249,2326,'2013-12-18 15:28:40'),(2250,2327,'2013-12-18 15:57:21'),(2251,2328,'2013-12-18 17:22:01'),(2252,2329,'2013-12-18 22:28:12'),(2253,2330,'2013-12-19 03:10:31'),(2254,2331,'2013-12-19 03:10:32'),(2255,2332,'2013-12-19 03:10:32'),(2256,2333,'2013-12-19 04:13:58'),(2257,2334,'2013-12-19 04:13:59'),(2258,2335,'2013-12-19 04:13:59'),(2259,2336,'2013-12-19 04:14:00'),(2260,2337,'2013-12-19 07:25:29'),(2261,2338,'2013-12-19 07:25:32'),(2262,2339,'2013-12-19 07:25:36'),(2263,2340,'2013-12-19 10:44:23'),(2264,2341,'2013-12-19 10:44:23'),(2265,2342,'2013-12-19 10:44:24'),(2266,2343,'2013-12-19 10:44:24'),(2267,2344,'2013-12-19 10:44:24'),(2268,2345,'2013-12-19 10:44:24'),(2269,2346,'2013-12-19 10:44:25'),(2270,2347,'2013-12-19 10:44:26'),(2271,2348,'2013-12-19 10:44:26'),(2272,2349,'2013-12-20 02:37:43'),(2273,2350,'2013-12-20 02:43:04'),(2274,2351,'2013-12-20 02:50:10'),(2275,2352,'2013-12-20 02:50:11'),(2276,2353,'2013-12-20 03:02:53'),(2277,2354,'2013-12-20 03:43:10'),(2278,2355,'2013-12-20 03:43:11'),(2279,2356,'2013-12-20 03:43:11'),(2280,2358,'2013-12-20 03:44:29'),(2281,2359,'2013-12-20 05:43:15'),(2282,2360,'2013-12-20 05:43:50'),(2283,2361,'2013-12-20 05:43:51'),(2284,2362,'2013-12-20 15:14:08'),(2285,2363,'2013-12-20 20:01:10'),(2286,2364,'2013-12-21 01:31:43'),(2287,2365,'2013-12-21 06:15:48'),(2288,2366,'2013-12-21 06:15:52'),(2289,2367,'2013-12-21 07:54:54'),(2290,2368,'2013-12-21 07:54:55'),(2291,2369,'2013-12-21 11:16:53'),(2292,2370,'2013-12-21 15:25:05'),(2293,2371,'2013-12-21 18:45:14'),(2294,2372,'2013-12-22 19:50:40'),(2295,2373,'2013-12-23 00:08:30'),(2296,2374,'2013-12-23 00:08:36'),(2297,2375,'2013-12-23 00:08:37'),(2298,2376,'2013-12-23 00:08:40'),(2299,2377,'2013-12-23 00:08:46'),(2300,2379,'2013-12-23 00:08:55'),(2301,2380,'2013-12-23 00:09:01'),(2302,2381,'2013-12-23 01:51:18'),(2303,2383,'2013-12-23 04:20:01'),(2304,2384,'2013-12-23 06:49:55'),(2305,2385,'2013-12-23 06:49:57'),(2306,2386,'2013-12-23 06:50:01'),(2307,2387,'2013-12-23 07:19:18'),(2308,2388,'2013-12-23 12:32:12'),(2309,2389,'2013-12-23 14:43:59'),(2310,2390,'2013-12-24 01:14:16'),(2311,2391,'2013-12-24 02:19:23'),(2312,2392,'2013-12-24 05:31:52'),(2313,2393,'2013-12-24 08:31:25'),(2314,2394,'2013-12-24 08:47:42'),(2315,2396,'2013-12-24 09:12:34'),(2316,2398,'2013-12-24 17:35:36'),(2317,2399,'2013-12-25 00:44:44'),(2318,2400,'2013-12-25 00:44:46'),(2319,2401,'2013-12-25 00:44:49'),(2320,2402,'2013-12-25 09:48:02'),(2321,2403,'2013-12-25 09:48:03'),(2322,2404,'2013-12-25 10:09:24'),(2323,2404,'2013-12-25 10:09:25'),(2324,2405,'2013-12-25 10:24:55'),(2325,2406,'2013-12-25 10:24:55'),(2326,2407,'2013-12-25 10:24:55'),(2327,2408,'2013-12-25 10:24:55'),(2328,2409,'2013-12-25 10:24:56'),(2329,2410,'2013-12-25 10:24:56'),(2330,2411,'2013-12-25 10:24:56'),(2331,2412,'2013-12-25 10:24:57'),(2332,2413,'2013-12-25 10:24:58'),(2333,2414,'2013-12-25 16:52:29'),(2334,2415,'2013-12-25 17:26:40'),(2335,2416,'2013-12-25 18:16:47'),(2336,2417,'2013-12-26 00:35:35'),(2337,2418,'2013-12-26 02:31:55'),(2338,2420,'2013-12-26 06:17:46'),(2339,2421,'2013-12-26 12:29:13'),(2340,2422,'2013-12-26 12:29:15'),(2341,2424,'2013-12-26 12:31:18'),(2342,2425,'2013-12-26 12:31:51'),(2343,2426,'2013-12-27 01:14:18'),(2344,2427,'2013-12-27 02:16:56'),(2345,2428,'2013-12-27 03:28:06'),(2346,2429,'2013-12-27 06:47:46'),(2347,2431,'2013-12-27 07:50:38'),(2348,2433,'2013-12-27 14:04:42'),(2349,2434,'2013-12-27 16:51:20'),(2350,2435,'2013-12-27 16:51:23'),(2351,2436,'2013-12-27 16:51:28'),(2352,2437,'2013-12-27 19:55:16'),(2353,2438,'2013-12-28 08:56:20'),(2354,2439,'2013-12-28 09:08:59'),(2355,2440,'2013-12-28 12:00:47'),(2356,2441,'2013-12-28 12:00:51'),(2357,2442,'2013-12-28 12:34:06'),(2358,2443,'2013-12-28 14:21:28'),(2359,2444,'2013-12-28 15:32:05'),(2360,2445,'2013-12-28 17:17:15'),(2361,2446,'2013-12-28 18:06:26'),(2362,2447,'2013-12-28 20:20:07'),(2363,2448,'2013-12-28 21:02:06'),(2364,2449,'2013-12-29 10:39:11'),(2365,2450,'2013-12-29 10:41:42'),(2366,2451,'2013-12-29 13:04:27'),(2367,2452,'2013-12-29 13:04:30'),(2368,2453,'2013-12-29 13:04:34'),(2369,2454,'2013-12-29 13:18:33'),(2370,2455,'2013-12-29 13:24:45'),(2371,2456,'2013-12-29 17:04:59'),(2372,2457,'2013-12-30 00:29:41'),(2373,2458,'2013-12-30 00:36:11'),(2374,2459,'2013-12-30 00:36:16'),(2375,2460,'2013-12-30 00:36:20'),(2376,2461,'2013-12-30 00:36:23'),(2377,2462,'2013-12-30 00:36:28'),(2378,2464,'2013-12-30 00:36:38'),(2379,2465,'2013-12-30 00:36:42'),(2380,2467,'2013-12-30 02:57:24'),(2381,2468,'2013-12-30 05:51:12'),(2382,2469,'2013-12-30 05:51:14'),(2383,2470,'2013-12-30 09:13:43'),(2384,2471,'2013-12-30 12:07:43'),(2385,2472,'2013-12-30 18:33:33'),(2386,2473,'2013-12-31 05:44:48'),(2387,2474,'2013-12-31 09:39:35'),(2388,2475,'2013-12-31 11:06:28'),(2389,2476,'2013-12-31 11:33:21'),(2390,2477,'2013-12-31 11:33:24'),(2391,2478,'2013-12-31 11:33:29'),(2392,2479,'2013-12-31 12:40:27'),(2393,2480,'2013-12-31 13:51:04'),(2394,2481,'2013-12-31 14:15:26'),(2395,2482,'2013-12-31 21:49:00'),(2396,2483,'2013-12-31 21:53:48'),(2397,2484,'2014-01-01 10:24:12'),(2398,2484,'2014-01-01 10:24:12'),(2399,2485,'2014-01-01 11:07:12'),(2400,2486,'2014-01-01 17:19:21'),(2401,2487,'2014-01-01 17:26:47'),(2402,2488,'2014-01-02 01:17:46'),(2403,2490,'2014-01-02 02:09:49'),(2404,2491,'2014-01-02 10:49:25'),(2405,2492,'2014-01-03 04:25:39'),(2406,2493,'2014-01-03 06:38:21'),(2407,2494,'2014-01-03 06:38:24'),(2408,2495,'2014-01-03 06:38:29'),(2409,2496,'2014-01-03 12:53:54'),(2410,2497,'2014-01-03 17:22:55'),(2411,2498,'2014-01-03 18:39:42'),(2412,2499,'2014-01-03 22:33:22'),(2413,2500,'2014-01-04 02:19:27'),(2414,2501,'2014-01-04 03:59:44'),(2415,2502,'2014-01-04 09:33:58'),(2416,2503,'2014-01-04 09:34:01'),(2417,2504,'2014-01-04 09:34:06'),(2418,2505,'2014-01-04 10:55:11'),(2419,2506,'2014-01-04 12:46:40'),(2420,2507,'2014-01-04 15:45:23'),(2421,2508,'2014-01-04 15:58:27'),(2422,2509,'2014-01-04 17:47:17'),(2423,2510,'2014-01-04 22:19:19'),(2424,2512,'2014-01-04 22:35:07'),(2425,2514,'2014-01-05 13:13:04'),(2426,2515,'2014-01-05 16:49:47'),(2427,2516,'2014-01-05 16:49:50'),(2428,2517,'2014-01-05 16:49:54'),(2429,2518,'2014-01-05 18:19:46'),(2430,2519,'2014-01-05 18:20:29'),(2431,2520,'2014-01-05 21:42:59'),(2432,2521,'2014-01-05 21:43:31'),(2433,2522,'2014-01-05 21:43:54'),(2434,2523,'2014-01-05 21:44:27'),(2435,2524,'2014-01-05 21:44:50'),(2436,2525,'2014-01-05 21:45:45'),(2437,2526,'2014-01-06 00:00:38'),(2438,2527,'2014-01-06 01:35:59'),(2439,2528,'2014-01-06 04:56:51'),(2440,2529,'2014-01-06 07:04:01'),(2441,2530,'2014-01-06 09:05:35'),(2442,2531,'2014-01-06 09:05:35'),(2443,2532,'2014-01-06 22:33:52'),(2444,2533,'2014-01-06 22:33:59'),(2445,2534,'2014-01-06 22:34:03'),(2446,2535,'2014-01-06 22:34:08'),(2447,2536,'2014-01-06 22:34:12'),(2448,2538,'2014-01-06 22:34:21'),(2449,2539,'2014-01-06 22:34:25'),(2450,2540,'2014-01-07 03:08:48'),(2451,2541,'2014-01-07 03:46:56'),(2452,2542,'2014-01-07 06:00:17'),(2453,2543,'2014-01-07 06:25:34'),(2454,2543,'2014-01-07 06:25:34'),(2455,2544,'2014-01-07 10:12:39'),(2456,2545,'2014-01-07 16:23:56'),(2457,2546,'2014-01-07 16:59:49'),(2458,2547,'2014-01-07 16:59:51'),(2459,2548,'2014-01-07 16:59:56'),(2460,2549,'2014-01-07 23:08:54'),(2461,2550,'2014-01-08 04:18:37'),(2462,2551,'2014-01-08 08:58:18'),(2463,2552,'2014-01-08 10:26:54'),(2464,2552,'2014-01-08 10:26:56'),(2465,2553,'2014-01-08 12:37:15'),(2466,2554,'2014-01-08 12:38:05'),(2467,2555,'2014-01-08 12:38:06'),(2468,2556,'2014-01-08 17:04:21'),(2469,2557,'2014-01-08 19:34:56'),(2470,2558,'2014-01-08 19:34:56'),(2471,2559,'2014-01-08 20:51:13'),(2472,2561,'2014-01-08 22:19:12'),(2473,2562,'2014-01-08 22:41:29'),(2474,2562,'2014-01-08 22:41:30'),(2475,2563,'2014-01-09 01:37:30'),(2476,2564,'2014-01-09 15:49:34'),(2477,2565,'2014-01-09 16:08:21'),(2478,2566,'2014-01-09 17:52:03'),(2479,2567,'2014-01-09 17:52:06'),(2480,2568,'2014-01-09 17:52:16'),(2481,2569,'2014-01-09 20:43:19'),(2482,2570,'2014-01-09 22:42:22'),(2483,2571,'2014-01-10 05:52:48'),(2484,2572,'2014-01-10 07:32:53'),(2485,2573,'2014-01-10 07:35:13'),(2486,2575,'2014-01-10 07:45:06'),(2487,2576,'2014-01-10 17:53:38'),(2488,2577,'2014-01-10 19:35:23'),(2489,2578,'2014-01-10 19:36:14'),(2490,2579,'2014-01-10 19:36:14'),(2491,2580,'2014-01-10 19:53:23'),(2492,2581,'2014-01-10 23:09:03'),(2493,2582,'2014-01-11 16:54:21'),(2494,2583,'2014-01-11 16:54:24'),(2495,2584,'2014-01-11 16:54:28'),(2496,2585,'2014-01-11 20:29:22'),(2497,2587,'2014-01-12 02:33:35'),(2498,2588,'2014-01-12 02:42:57'),(2499,2589,'2014-01-12 11:13:42'),(2500,2590,'2014-01-12 13:12:16'),(2501,2591,'2014-01-12 15:53:44'),(2502,2593,'2014-01-12 15:53:46'),(2503,2594,'2014-01-12 15:53:47'),(2504,2595,'2014-01-12 15:53:48'),(2505,2596,'2014-01-12 15:53:48'),(2506,2597,'2014-01-12 16:31:41'),(2507,2598,'2014-01-12 18:07:15'),(2508,2599,'2014-01-13 12:12:49'),(2509,2600,'2014-01-13 12:12:53'),(2510,2601,'2014-01-13 12:12:54'),(2511,2602,'2014-01-13 12:12:57'),(2512,2603,'2014-01-13 15:54:55'),(2513,2604,'2014-01-13 15:54:58'),(2514,2605,'2014-01-13 15:55:02'),(2515,2606,'2014-01-13 16:18:02'),(2516,2607,'2014-01-13 23:29:23'),(2517,2608,'2014-01-13 23:36:17'),(2518,2609,'2014-01-14 00:36:44'),(2519,2610,'2014-01-14 03:31:11'),(2520,2611,'2014-01-14 05:07:15'),(2521,2612,'2014-01-14 05:07:20'),(2522,2613,'2014-01-14 05:07:22'),(2523,2614,'2014-01-14 05:07:25'),(2524,2615,'2014-01-14 05:07:29'),(2525,2617,'2014-01-14 05:07:40'),(2526,2618,'2014-01-14 05:07:44'),(2527,2619,'2014-01-15 01:12:12'),(2528,2620,'2014-01-15 05:10:02'),(2529,2621,'2014-01-15 07:45:34'),(2530,2622,'2014-01-15 09:11:46'),(2531,2624,'2014-01-15 09:39:02'),(2532,2625,'2014-01-15 09:40:03'),(2533,2625,'2014-01-15 09:40:03'),(2534,2625,'2014-01-15 09:40:04'),(2535,2626,'2014-01-15 10:12:58'),(2536,2626,'2014-01-15 10:12:59'),(2537,2627,'2014-01-15 14:43:53'),(2538,2628,'2014-01-15 14:43:58'),(2539,2629,'2014-01-15 18:12:45'),(2540,2630,'2014-01-15 18:33:10'),(2541,2631,'2014-01-16 02:05:30'),(2542,2632,'2014-01-16 06:18:21'),(2543,2633,'2014-01-16 09:41:32'),(2544,2634,'2014-01-16 15:10:30'),(2545,2635,'2014-01-16 15:12:09'),(2546,2636,'2014-01-16 15:12:10'),(2547,2637,'2014-01-16 16:04:17'),(2548,2638,'2014-01-16 16:04:22'),(2549,2639,'2014-01-16 16:04:25'),(2550,2640,'2014-01-16 18:05:20'),(2551,2641,'2014-01-16 20:57:06'),(2552,2642,'2014-01-16 21:00:39'),(2553,2643,'2014-01-16 22:11:59'),(2554,2644,'2014-01-17 00:01:21'),(2555,2645,'2014-01-17 05:47:05'),(2556,2646,'2014-01-17 09:46:16'),(2557,2647,'2014-01-17 09:46:17'),(2558,2648,'2014-01-17 09:46:18'),(2559,2650,'2014-01-17 09:46:21'),(2560,2651,'2014-01-17 09:46:22'),(2561,2652,'2014-01-17 09:46:23'),(2562,2653,'2014-01-17 09:46:25'),(2563,2654,'2014-01-17 09:46:26'),(2564,2655,'2014-01-17 09:46:28'),(2565,2656,'2014-01-17 15:37:22'),(2566,2657,'2014-01-17 15:37:25'),(2567,2658,'2014-01-17 15:37:37'),(2568,2659,'2014-01-17 17:02:42'),(2569,2660,'2014-01-17 20:39:16'),(2570,2661,'2014-01-17 20:39:17'),(2571,2662,'2014-01-18 09:59:00'),(2572,2663,'2014-01-18 11:27:17'),(2573,2664,'2014-01-18 12:39:17'),(2574,2665,'2014-01-18 12:42:27'),(2575,2667,'2014-01-18 12:47:50'),(2576,2668,'2014-01-18 14:28:28'),(2577,2669,'2014-01-18 17:39:58'),(2578,2670,'2014-01-18 17:40:00'),(2579,2670,'2014-01-18 17:40:29'),(2580,2670,'2014-01-18 17:40:30'),(2581,2670,'2014-01-18 17:40:32'),(2582,2670,'2014-01-18 17:40:33'),(2583,2670,'2014-01-18 17:40:35'),(2584,2671,'2014-01-18 17:41:20'),(2585,2672,'2014-01-19 01:12:33'),(2586,2673,'2014-01-19 11:56:15'),(2587,2674,'2014-01-19 11:56:15'),(2588,2675,'2014-01-19 15:24:06'),(2589,2676,'2014-01-19 19:11:49'),(2590,2677,'2014-01-19 19:28:05'),(2591,2678,'2014-01-20 00:54:56'),(2592,2679,'2014-01-20 03:57:07'),(2593,2680,'2014-01-20 04:03:12'),(2594,2681,'2014-01-20 04:03:12'),(2595,2682,'2014-01-20 04:51:44'),(2596,2683,'2014-01-20 06:28:02'),(2597,2684,'2014-01-20 06:33:07'),(2598,2685,'2014-01-20 18:37:49'),(2599,2686,'2014-01-20 19:49:02'),(2600,2687,'2014-01-20 19:49:08'),(2601,2688,'2014-01-20 19:49:13'),(2602,2689,'2014-01-20 19:49:19'),(2603,2690,'2014-01-20 19:49:25'),(2604,2692,'2014-01-20 19:49:35'),(2605,2693,'2014-01-20 19:49:42'),(2606,2694,'2014-01-21 05:31:55'),(2607,2695,'2014-01-21 14:13:31'),(2608,2696,'2014-01-21 14:13:34'),(2609,2697,'2014-01-21 14:14:19'),(2610,2698,'2014-01-21 15:50:11'),(2611,2699,'2014-01-21 15:52:43'),(2612,2700,'2014-01-21 19:18:09'),(2613,2702,'2014-01-21 19:38:59'),(2614,2703,'2014-01-22 00:27:45'),(2615,2704,'2014-01-22 05:57:55'),(2616,2705,'2014-01-22 07:38:22'),(2617,2706,'2014-01-22 08:07:15'),(2618,2707,'2014-01-22 10:23:22'),(2619,2707,'2014-01-22 10:23:23'),(2620,2708,'2014-01-22 12:58:53'),(2621,2709,'2014-01-22 12:58:56'),(2622,2710,'2014-01-22 12:58:58'),(2623,2711,'2014-01-22 19:40:35'),(2624,2712,'2014-01-22 19:40:35'),(2625,2713,'2014-01-22 19:40:36'),(2626,2714,'2014-01-22 19:40:36'),(2627,2715,'2014-01-23 13:00:13'),(2628,2716,'2014-01-23 14:30:18'),(2629,2717,'2014-01-23 14:30:21'),(2630,2718,'2014-01-23 14:30:25'),(2631,2719,'2014-01-23 14:39:41'),(2632,2720,'2014-01-23 21:24:14'),(2633,2722,'2014-01-23 22:14:46'),(2634,2723,'2014-01-24 07:26:57'),(2635,2724,'2014-01-24 07:26:58'),(2636,2725,'2014-01-24 09:38:28'),(2637,2726,'2014-01-24 17:07:32'),(2638,2727,'2014-01-24 19:18:01'),(2639,2728,'2014-01-25 04:42:42'),(2640,2729,'2014-01-25 04:45:13'),(2641,2730,'2014-01-25 04:45:26'),(2642,2731,'2014-01-25 07:38:17'),(2643,2732,'2014-01-25 09:22:08'),(2644,2733,'2014-01-25 09:22:11'),(2645,2734,'2014-01-25 09:22:17'),(2646,2735,'2014-01-27 13:22:15'),(2647,2736,'2014-01-27 16:50:50'),(2648,2737,'2014-01-27 21:54:47'),(2649,2739,'2014-01-27 22:28:37'),(2650,2740,'2014-01-28 00:49:02'),(2651,2741,'2014-01-28 02:52:09'),(2652,2742,'2014-01-28 04:00:21'),(2653,2743,'2014-01-28 07:53:11'),(2654,2744,'2014-01-28 07:53:16'),(2655,2745,'2014-01-28 08:10:33'),(2656,2746,'2014-01-29 01:14:45'),(2657,2747,'2014-01-29 09:30:11'),(2658,2748,'2014-01-29 09:30:14'),(2659,2749,'2014-01-29 09:30:18'),(2660,2750,'2014-01-29 10:08:48'),(2661,2750,'2014-01-29 10:08:49'),(2662,2751,'2014-01-29 13:16:52'),(2663,2752,'2014-01-29 15:29:08'),(2664,2753,'2014-01-29 17:30:45'),(2665,2754,'2014-01-30 01:57:37'),(2666,2755,'2014-01-30 01:57:38'),(2667,2756,'2014-01-30 01:57:38'),(2668,2758,'2014-01-30 01:57:39'),(2669,2759,'2014-01-30 01:57:40'),(2670,2760,'2014-01-30 01:57:40'),(2671,2761,'2014-01-30 01:57:41'),(2672,2762,'2014-01-30 01:57:41'),(2673,2763,'2014-01-30 01:57:42'),(2674,2764,'2014-01-30 01:57:43'),(2675,2765,'2014-01-30 02:37:56'),(2676,2767,'2014-01-30 04:00:45'),(2677,2768,'2014-01-30 04:55:32'),(2678,2769,'2014-01-30 04:55:32'),(2679,2770,'2014-01-30 04:55:43'),(2680,2771,'2014-01-31 03:59:11'),(2681,2772,'2014-01-31 03:59:12'),(2682,2773,'2014-01-31 05:54:04'),(2683,2774,'2014-01-31 05:54:09'),(2684,2775,'2014-01-31 05:54:15'),(2685,2776,'2014-01-31 05:54:20'),(2686,2777,'2014-01-31 05:54:25'),(2687,2779,'2014-01-31 05:54:34'),(2688,2780,'2014-01-31 05:54:39'),(2689,2781,'2014-01-31 10:53:32'),(2690,2782,'2014-01-31 15:32:23'),(2691,2783,'2014-01-31 15:43:48'),(2692,2784,'2014-01-31 16:11:33'),(2693,2785,'2014-01-31 16:17:51'),(2694,2786,'2014-01-31 16:44:47'),(2695,2787,'2014-01-31 16:49:43'),(2696,2788,'2014-01-31 21:58:15'),(2697,2789,'2014-01-31 21:58:40'),(2698,2790,'2014-02-01 05:23:07'),(2699,2791,'2014-02-01 10:08:00'),(2700,2792,'2014-02-01 11:20:37'),(2701,2793,'2014-02-01 11:20:38'),(2702,2794,'2014-02-01 17:50:17'),(2703,2795,'2014-02-01 20:11:17'),(2704,2796,'2014-02-02 00:51:51'),(2705,2797,'2014-02-02 03:31:49'),(2706,2798,'2014-02-02 07:08:44'),(2707,2800,'2014-02-02 07:53:11'),(2708,2801,'2014-02-02 17:12:22'),(2709,2802,'2014-02-02 19:01:36'),(2710,2803,'2014-02-03 04:51:52'),(2711,2804,'2014-02-03 08:51:09'),(2712,2805,'2014-02-03 13:33:24'),(2713,2806,'2014-02-03 23:26:33'),(2714,2807,'2014-02-04 02:08:57'),(2715,2808,'2014-02-04 02:09:21'),(2716,2809,'2014-02-04 07:14:30'),(2717,2810,'2014-02-04 10:16:08'),(2718,2811,'2014-02-04 10:16:11'),(2719,2812,'2014-02-04 15:43:41'),(2720,2813,'2014-02-04 15:43:51'),(2721,2814,'2014-02-04 17:36:41'),(2722,2815,'2014-02-05 01:15:36'),(2723,2816,'2014-02-05 01:42:59'),(2724,2817,'2014-02-05 01:43:01'),(2725,2818,'2014-02-05 02:46:42'),(2726,2819,'2014-02-05 02:46:44'),(2727,2820,'2014-02-05 02:46:48'),(2728,2822,'2014-02-05 05:35:07'),(2729,2823,'2014-02-05 10:22:11'),(2730,2823,'2014-02-05 10:22:11'),(2731,2824,'2014-02-05 18:24:21'),(2732,2825,'2014-02-05 18:24:43'),(2733,2826,'2014-02-05 22:03:50'),(2734,2827,'2014-02-05 23:57:14'),(2735,2828,'2014-02-07 00:22:31'),(2736,2829,'2014-02-07 01:38:55'),(2737,2830,'2014-02-07 05:20:33'),(2738,2831,'2014-02-07 09:17:44'),(2739,2832,'2014-02-07 09:17:47'),(2740,2833,'2014-02-07 09:17:51'),(2741,2834,'2014-02-07 16:54:36'),(2742,2835,'2014-02-07 23:04:03'),(2743,2836,'2014-02-08 03:51:00'),(2744,2837,'2014-02-08 08:18:23'),(2745,2838,'2014-02-08 14:05:18'),(2746,2839,'2014-02-08 14:05:19'),(2747,2841,'2014-02-08 14:05:19'),(2748,2842,'2014-02-08 14:05:20'),(2749,2843,'2014-02-08 14:05:20'),(2750,2844,'2014-02-08 17:08:04'),(2751,2845,'2014-02-08 17:56:41'),(2752,2846,'2014-02-09 00:28:20'),(2753,2847,'2014-02-09 01:34:36'),(2754,2848,'2014-02-09 09:53:27'),(2755,2849,'2014-02-09 09:53:33'),(2756,2850,'2014-02-09 09:53:34'),(2757,2851,'2014-02-09 09:53:38'),(2758,2852,'2014-02-09 09:53:43'),(2759,2854,'2014-02-09 09:53:52'),(2760,2855,'2014-02-09 09:53:57'),(2761,2856,'2014-02-09 11:14:51'),(2762,2857,'2014-02-09 11:14:56'),(2763,2858,'2014-02-09 23:20:53'),(2764,2859,'2014-02-10 02:09:20'),(2765,2860,'2014-02-10 10:59:42'),(2766,2861,'2014-02-10 11:40:14'),(2767,2862,'2014-02-10 15:23:01'),(2768,2864,'2014-02-10 17:11:28'),(2769,2865,'2014-02-10 23:50:26'),(2770,2866,'2014-02-11 01:26:33'),(2771,2867,'2014-02-11 09:37:23'),(2772,2868,'2014-02-11 09:37:25'),(2773,2869,'2014-02-11 09:37:30'),(2774,2870,'2014-02-11 15:02:37'),(2775,2871,'2014-02-12 00:30:26'),(2776,2872,'2014-02-12 01:26:13'),(2777,2873,'2014-02-12 10:38:11'),(2778,2873,'2014-02-12 10:38:11'),(2779,2874,'2014-02-12 12:49:03'),(2780,2874,'2014-02-12 12:49:05'),(2781,2875,'2014-02-12 17:25:04'),(2782,2876,'2014-02-12 17:43:38'),(2783,2878,'2014-02-12 17:55:52'),(2784,2879,'2014-02-13 00:09:03'),(2785,2880,'2014-02-13 09:33:48'),(2786,2881,'2014-02-13 09:33:50'),(2787,2882,'2014-02-13 09:33:54'),(2788,2883,'2014-02-13 10:37:40'),(2789,2885,'2014-02-13 11:07:43'),(2790,2886,'2014-02-13 18:47:04'),(2791,2887,'2014-02-14 02:52:16'),(2792,2888,'2014-02-14 02:53:38'),(2793,2889,'2014-02-14 03:00:15'),(2794,2890,'2014-02-14 06:09:07'),(2795,2891,'2014-02-14 06:47:21'),(2796,2892,'2014-02-14 12:32:11'),(2797,2893,'2014-02-14 12:32:11'),(2798,2895,'2014-02-14 17:50:32'),(2799,2896,'2014-02-14 17:58:37'),(2800,2897,'2014-02-14 22:39:29'),(2801,2898,'2014-02-14 23:24:52'),(2802,2899,'2014-02-14 23:24:52'),(2803,2900,'2014-02-14 23:42:20'),(2804,2901,'2014-02-15 00:32:41'),(2805,2902,'2014-02-15 00:55:39'),(2806,2903,'2014-02-15 02:24:15'),(2807,2904,'2014-02-15 04:18:41'),(2808,2905,'2014-02-15 06:26:25'),(2809,2906,'2014-02-15 06:26:27'),(2810,2907,'2014-02-15 15:59:46'),(2811,2908,'2014-02-15 15:59:47'),(2812,2909,'2014-02-15 15:59:49'),(2813,2911,'2014-02-15 15:59:51'),(2814,2912,'2014-02-15 15:59:53'),(2815,2913,'2014-02-15 15:59:54'),(2816,2914,'2014-02-15 15:59:55'),(2817,2915,'2014-02-15 15:59:57'),(2818,2916,'2014-02-15 15:59:58'),(2819,2917,'2014-02-15 16:00:59'),(2820,2918,'2014-02-15 16:01:02'),(2821,2919,'2014-02-15 16:01:06'),(2822,2920,'2014-02-16 00:44:18'),(2823,2921,'2014-02-16 07:24:53'),(2824,2922,'2014-02-16 10:14:38'),(2825,2924,'2014-02-16 12:27:02'),(2826,2925,'2014-02-16 12:44:34'),(2827,2925,'2014-02-16 12:44:34'),(2828,2925,'2014-02-16 12:44:35'),(2829,2926,'2014-02-16 23:28:49'),(2830,2927,'2014-02-17 02:52:20'),(2831,2928,'2014-02-17 02:52:23'),(2832,2929,'2014-02-17 02:52:28'),(2833,2930,'2014-02-17 16:07:02'),(2834,2931,'2014-02-18 06:59:57'),(2835,2932,'2014-02-19 09:27:42'),(2836,2933,'2014-02-21 22:16:34'),(2837,2934,'2014-02-24 13:06:20');

--
