-- Table structure for table `report_event_types`
--

CREATE TABLE `report_event_types` (
  `event_type_id` smallint(5) unsigned NOT NULL AUTO_INCREMENT COMMENT 'Event Type Id',
  `event_name` varchar(64) NOT NULL COMMENT 'Event Name',
  `customer_login` smallint(5) unsigned NOT NULL DEFAULT '0' COMMENT 'Customer Login',
  PRIMARY KEY (`event_type_id`)
) ENGINE=InnoDB AUTO_INCREMENT=7 DEFAULT CHARSET=utf8 COMMENT='Reports Event Type Table';

--
-- Dumping data for table `report_event_types`
--

INSERT INTO `report_event_types` VALUES (1,'catalog_product_view',0),(2,'sendfriend_product',0),(3,'catalog_product_compare_add_product',0),(4,'checkout_cart_add_product',0),(5,'wishlist_add_product',0),(6,'wishlist_share',0);

--
-- Table structure for table `report_viewed_product_aggregated_daily`
--

CREATE TABLE `report_viewed_product_aggregated_daily` (
  `id` int(10) unsigned NOT NULL AUTO_INCREMENT COMMENT 'Id',
  `period` date DEFAULT NULL COMMENT 'Period',
  `store_id` smallint(5) unsigned DEFAULT NULL COMMENT 'Store Id',
  `product_id` int(10) unsigned DEFAULT NULL COMMENT 'Product Id',
  `product_name` varchar(255) DEFAULT NULL COMMENT 'Product Name',
  `product_price` decimal(12,4) NOT NULL DEFAULT '0.0000' COMMENT 'Product Price',
  `views_num` int(11) NOT NULL DEFAULT '0' COMMENT 'Number of Views',
  `rating_pos` smallint(5) unsigned NOT NULL DEFAULT '0' COMMENT 'Rating Pos',
  PRIMARY KEY (`id`),
  UNIQUE KEY `UNQ_REPORT_VIEWED_PRD_AGGRED_DAILY_PERIOD_STORE_ID_PRD_ID` (`period`,`store_id`,`product_id`),
  KEY `IDX_REPORT_VIEWED_PRODUCT_AGGREGATED_DAILY_STORE_ID` (`store_id`),
  KEY `IDX_REPORT_VIEWED_PRODUCT_AGGREGATED_DAILY_PRODUCT_ID` (`product_id`),
  CONSTRAINT `FK_REPORT_VIEWED_PRD_AGGRED_DAILY_PRD_ID_CAT_PRD_ENTT_ENTT_ID` FOREIGN KEY (`product_id`) REFERENCES `catalog_product_entity` (`entity_id`) ON DELETE CASCADE ON UPDATE CASCADE,
  CONSTRAINT `FK_REPORT_VIEWED_PRD_AGGRED_DAILY_STORE_ID_CORE_STORE_STORE_ID` FOREIGN KEY (`store_id`) REFERENCES `core_store` (`store_id`) ON DELETE CASCADE ON UPDATE CASCADE
) ENGINE=InnoDB DEFAULT CHARSET=utf8 COMMENT='Most Viewed Products Aggregated Daily';

--
-- Dumping data for table `report_viewed_product_aggregated_daily`
--


--
-- Table structure for table `report_viewed_product_aggregated_monthly`
--

CREATE TABLE `report_viewed_product_aggregated_monthly` (
  `id` int(10) unsigned NOT NULL AUTO_INCREMENT COMMENT 'Id',
  `period` date DEFAULT NULL COMMENT 'Period',
  `store_id` smallint(5) unsigned DEFAULT NULL COMMENT 'Store Id',
  `product_id` int(10) unsigned DEFAULT NULL COMMENT 'Product Id',
  `product_name` varchar(255) DEFAULT NULL COMMENT 'Product Name',
  `product_price` decimal(12,4) NOT NULL DEFAULT '0.0000' COMMENT 'Product Price',
  `views_num` int(11) NOT NULL DEFAULT '0' COMMENT 'Number of Views',
  `rating_pos` smallint(5) unsigned NOT NULL DEFAULT '0' COMMENT 'Rating Pos',
  PRIMARY KEY (`id`),
  UNIQUE KEY `UNQ_REPORT_VIEWED_PRD_AGGRED_MONTHLY_PERIOD_STORE_ID_PRD_ID` (`period`,`store_id`,`product_id`),
  KEY `IDX_REPORT_VIEWED_PRODUCT_AGGREGATED_MONTHLY_STORE_ID` (`store_id`),
  KEY `IDX_REPORT_VIEWED_PRODUCT_AGGREGATED_MONTHLY_PRODUCT_ID` (`product_id`),
  CONSTRAINT `FK_REPORT_VIEWED_PRD_AGGRED_MONTHLY_PRD_ID_CAT_PRD_ENTT_ENTT_ID` FOREIGN KEY (`product_id`) REFERENCES `catalog_product_entity` (`entity_id`) ON DELETE CASCADE ON UPDATE CASCADE,
  CONSTRAINT `FK_REPORT_VIEWED_PRD_AGGRED_MONTHLY_STORE_ID_CORE_STORE_STORE_ID` FOREIGN KEY (`store_id`) REFERENCES `core_store` (`store_id`) ON DELETE CASCADE ON UPDATE CASCADE
) ENGINE=InnoDB DEFAULT CHARSET=utf8 COMMENT='Most Viewed Products Aggregated Monthly';

--
-- Dumping data for table `report_viewed_product_aggregated_monthly`
--


--
-- Table structure for table `report_viewed_product_aggregated_yearly`
--

CREATE TABLE `report_viewed_product_aggregated_yearly` (
  `id` int(10) unsigned NOT NULL AUTO_INCREMENT COMMENT 'Id',
  `period` date DEFAULT NULL COMMENT 'Period',
  `store_id` smallint(5) unsigned DEFAULT NULL COMMENT 'Store Id',
  `product_id` int(10) unsigned DEFAULT NULL COMMENT 'Product Id',
  `product_name` varchar(255) DEFAULT NULL COMMENT 'Product Name',
  `product_price` decimal(12,4) NOT NULL DEFAULT '0.0000' COMMENT 'Product Price',
  `views_num` int(11) NOT NULL DEFAULT '0' COMMENT 'Number of Views',
  `rating_pos` smallint(5) unsigned NOT NULL DEFAULT '0' COMMENT 'Rating Pos',
  PRIMARY KEY (`id`),
  UNIQUE KEY `UNQ_REPORT_VIEWED_PRD_AGGRED_YEARLY_PERIOD_STORE_ID_PRD_ID` (`period`,`store_id`,`product_id`),
  KEY `IDX_REPORT_VIEWED_PRODUCT_AGGREGATED_YEARLY_STORE_ID` (`store_id`),
  KEY `IDX_REPORT_VIEWED_PRODUCT_AGGREGATED_YEARLY_PRODUCT_ID` (`product_id`),
  CONSTRAINT `FK_REPORT_VIEWED_PRD_AGGRED_YEARLY_PRD_ID_CAT_PRD_ENTT_ENTT_ID` FOREIGN KEY (`product_id`) REFERENCES `catalog_product_entity` (`entity_id`) ON DELETE CASCADE ON UPDATE CASCADE,
  CONSTRAINT `FK_REPORT_VIEWED_PRD_AGGRED_YEARLY_STORE_ID_CORE_STORE_STORE_ID` FOREIGN KEY (`store_id`) REFERENCES `core_store` (`store_id`) ON DELETE CASCADE ON UPDATE CASCADE
) ENGINE=InnoDB DEFAULT CHARSET=utf8 COMMENT='Most Viewed Products Aggregated Yearly';

--
-- Dumping data for table `report_viewed_product_aggregated_yearly`
--


--
-- Table structure for table `report_viewed_product_index`
--

CREATE TABLE `report_viewed_product_index` (
  `index_id` bigint(20) unsigned NOT NULL AUTO_INCREMENT COMMENT 'Index Id',
  `visitor_id` int(10) unsigned DEFAULT NULL COMMENT 'Visitor Id',
  `customer_id` int(10) unsigned DEFAULT NULL COMMENT 'Customer Id',
  `product_id` int(10) unsigned NOT NULL COMMENT 'Product Id',
  `store_id` smallint(5) unsigned DEFAULT NULL COMMENT 'Store Id',
  `added_at` timestamp NOT NULL DEFAULT CURRENT_TIMESTAMP ON UPDATE CURRENT_TIMESTAMP COMMENT 'Added At',
  PRIMARY KEY (`index_id`),
  UNIQUE KEY `UNQ_REPORT_VIEWED_PRODUCT_INDEX_VISITOR_ID_PRODUCT_ID` (`visitor_id`,`product_id`),
  UNIQUE KEY `UNQ_REPORT_VIEWED_PRODUCT_INDEX_CUSTOMER_ID_PRODUCT_ID` (`customer_id`,`product_id`),
  KEY `IDX_REPORT_VIEWED_PRODUCT_INDEX_STORE_ID` (`store_id`),
  KEY `IDX_REPORT_VIEWED_PRODUCT_INDEX_ADDED_AT` (`added_at`),
  KEY `IDX_REPORT_VIEWED_PRODUCT_INDEX_PRODUCT_ID` (`product_id`),
  CONSTRAINT `FK_REPORT_VIEWED_PRD_IDX_CSTR_ID_CSTR_ENTT_ENTT_ID` FOREIGN KEY (`customer_id`) REFERENCES `customer_entity` (`entity_id`) ON DELETE CASCADE ON UPDATE CASCADE,
  CONSTRAINT `FK_REPORT_VIEWED_PRD_IDX_PRD_ID_CAT_PRD_ENTT_ENTT_ID` FOREIGN KEY (`product_id`) REFERENCES `catalog_product_entity` (`entity_id`) ON DELETE CASCADE ON UPDATE CASCADE,
  CONSTRAINT `FK_REPORT_VIEWED_PRODUCT_INDEX_STORE_ID_CORE_STORE_STORE_ID` FOREIGN KEY (`store_id`) REFERENCES `core_store` (`store_id`) ON DELETE SET NULL ON UPDATE CASCADE
) ENGINE=InnoDB AUTO_INCREMENT=5686 DEFAULT CHARSET=utf8 COMMENT='Reports Viewed Product Index Table';

--
-- Dumping data for table `report_viewed_product_index`
--

INSERT INTO `report_viewed_product_index` VALUES (1223,2201,NULL,403,1,'2013-03-05 06:29:16'),(1224,2201,NULL,421,1,'2013-03-05 06:30:09'),(1225,2201,NULL,440,1,'2013-03-05 06:46:21'),(1226,2201,NULL,422,1,'2013-03-05 06:49:40'),(1229,2206,NULL,448,1,'2013-03-05 07:41:07'),(1230,2206,NULL,449,1,'2013-03-05 11:25:15'),(1231,2206,NULL,450,1,'2013-03-05 11:24:58'),(1239,2206,NULL,420,1,'2013-03-05 08:41:41'),(1240,2206,NULL,426,1,'2013-03-05 08:40:11'),(1241,2206,NULL,417,1,'2013-03-05 08:41:37'),(1242,2206,NULL,418,1,'2013-03-05 08:41:39'),(1243,2206,NULL,421,1,'2013-03-05 11:45:22'),(1246,2206,NULL,428,1,'2013-03-05 08:41:38'),(1248,2206,NULL,419,1,'2013-03-05 08:41:40'),(1250,2211,NULL,419,1,'2013-03-05 08:43:39'),(1253,2206,NULL,406,1,'2013-03-05 08:44:07'),(1254,2212,NULL,412,1,'2013-03-05 09:50:16'),(1257,2214,NULL,419,1,'2013-03-05 10:08:49'),(1263,2206,NULL,412,1,'2013-03-05 11:18:10'),(1264,2206,NULL,378,1,'2013-03-05 11:20:17'),(1265,2206,NULL,379,1,'2013-03-05 11:20:18'),(1266,2206,NULL,380,1,'2013-03-05 11:20:19'),(1267,2206,NULL,382,1,'2013-03-05 11:20:20'),(1268,2206,NULL,384,1,'2013-03-05 11:20:22'),(1269,2206,NULL,385,1,'2013-03-05 11:20:23'),(1270,2226,NULL,398,1,'2013-03-05 11:21:08'),(1272,2206,NULL,402,1,'2013-03-05 11:22:17'),(1278,2227,NULL,389,1,'2013-03-05 11:31:23'),(1280,2229,NULL,404,1,'2013-03-05 11:35:27'),(1281,2229,NULL,393,1,'2013-03-05 11:35:47'),(1287,2230,NULL,419,1,'2013-03-05 11:56:04'),(1288,2231,NULL,419,1,'2013-03-05 12:00:23'),(1295,2232,NULL,423,1,'2013-03-05 11:59:40'),(1318,2233,NULL,417,1,'2013-03-05 12:47:02'),(1319,2233,NULL,337,1,'2013-03-05 12:49:08'),(1320,2233,NULL,408,1,'2013-03-05 12:51:34'),(1324,2224,NULL,421,1,'2013-03-05 12:53:44'),(1392,2243,NULL,417,1,'2013-03-05 14:41:49'),(1394,2245,NULL,374,1,'2013-03-05 15:50:09'),(1395,2245,NULL,338,1,'2013-03-05 15:50:57'),(1396,2245,NULL,384,1,'2013-03-05 15:51:13'),(1397,2245,NULL,417,1,'2013-03-05 16:12:17'),(1402,2249,NULL,427,2,'2013-03-05 17:16:46'),(1403,2257,NULL,430,1,'2013-03-05 19:03:14'),(1404,2257,NULL,383,1,'2013-03-05 19:36:42'),(1405,2260,NULL,408,1,'2013-03-05 19:59:44'),(1409,2258,NULL,414,1,'2013-03-05 20:10:05'),(1410,2258,NULL,445,1,'2013-03-05 20:23:43'),(1414,2258,NULL,423,1,'2013-03-05 20:35:53'),(1415,2258,NULL,422,1,'2013-03-05 20:36:43'),(1416,2258,NULL,424,1,'2013-03-05 20:36:56'),(1417,2258,NULL,427,1,'2013-03-05 20:37:36'),(1418,2258,NULL,415,1,'2013-03-05 20:42:06'),(1419,2258,NULL,416,1,'2013-03-05 20:43:22'),(1420,2258,NULL,402,1,'2013-03-05 20:44:34'),(1421,2258,NULL,403,1,'2013-03-05 20:44:59'),(1422,2258,NULL,404,1,'2013-03-05 20:45:14'),(1423,2258,NULL,405,1,'2013-03-05 20:47:28'),(1424,2258,NULL,406,1,'2013-03-05 20:49:09'),(1425,2258,NULL,407,1,'2013-03-05 21:12:52'),(1427,2258,NULL,337,1,'2013-03-05 21:44:22'),(1428,2258,NULL,339,1,'2013-03-05 21:44:29'),(1434,2258,NULL,375,1,'2013-03-05 22:02:41'),(1435,2258,NULL,446,1,'2013-03-05 22:15:34'),(1436,2258,NULL,437,1,'2013-03-05 22:20:23'),(1438,2258,NULL,440,1,'2013-03-05 22:21:53'),(1439,2258,NULL,284,1,'2013-03-05 22:55:24'),(1440,2287,NULL,423,1,'2013-03-05 23:26:15'),(1441,2287,NULL,370,1,'2013-03-05 23:31:10'),(1443,2289,NULL,423,1,'2013-03-05 23:37:49'),(1444,2289,NULL,421,1,'2013-03-05 23:44:13'),(1445,2289,NULL,445,1,'2013-03-05 23:47:09'),(1446,2289,NULL,370,1,'2013-03-05 23:48:01'),(1447,2289,NULL,432,1,'2013-03-05 23:49:03'),(1448,2289,NULL,433,1,'2013-03-05 23:49:59'),(1449,2289,NULL,426,1,'2013-03-05 23:59:56'),(1450,2293,NULL,417,2,'2013-03-06 02:07:09'),(1462,2301,NULL,418,1,'2013-03-06 08:39:03'),(1463,2302,NULL,418,1,'2013-03-06 08:40:51'),(1465,2303,NULL,418,1,'2013-03-06 08:41:58'),(1471,2309,NULL,407,1,'2013-03-06 14:52:57'),(1472,2310,NULL,422,1,'2013-03-06 14:59:05'),(1481,2310,NULL,403,1,'2013-03-06 15:04:22'),(1483,2309,NULL,403,1,'2013-03-06 15:15:04'),(1484,2309,NULL,404,1,'2013-03-06 15:16:53'),(1485,2309,NULL,411,1,'2013-03-06 15:17:39'),(1486,2309,NULL,409,1,'2013-03-06 15:19:09'),(1487,2313,NULL,426,1,'2013-03-06 15:37:53'),(1488,2309,NULL,337,1,'2013-03-06 15:53:01'),(1490,2309,NULL,449,1,'2013-03-06 15:55:50'),(1491,2319,NULL,418,1,'2013-03-06 16:39:27'),(1492,2320,NULL,447,1,'2013-03-06 16:54:51'),(1495,2320,NULL,405,1,'2013-03-06 16:55:22'),(1496,2320,NULL,411,1,'2013-03-06 16:55:50'),(1498,2320,NULL,378,1,'2013-03-06 16:56:30'),(1499,2320,NULL,384,1,'2013-03-06 16:57:17'),(1504,2324,NULL,391,1,'2013-03-06 19:11:14'),(1505,2324,NULL,410,1,'2013-03-06 19:44:53'),(1506,2324,NULL,408,1,'2013-03-06 19:30:41'),(1507,2324,NULL,409,1,'2013-03-06 19:36:21'),(1508,2324,NULL,416,1,'2013-03-06 19:39:05'),(1510,2324,NULL,456,1,'2013-03-06 20:06:16'),(1513,2325,NULL,456,1,'2013-03-06 20:11:12'),(1514,2324,NULL,417,1,'2013-03-06 20:12:47'),(1515,2324,NULL,284,1,'2013-03-06 20:13:14'),(1516,2327,NULL,392,1,'2013-03-06 21:22:43'),(1517,2326,NULL,383,1,'2013-03-06 21:23:00'),(1518,2327,NULL,403,1,'2013-03-06 22:45:26'),(1520,2328,NULL,284,1,'2013-03-06 21:44:11'),(1521,2329,NULL,414,1,'2013-03-06 22:00:34'),(1522,2329,NULL,456,1,'2013-03-06 22:15:27'),(1523,2329,NULL,417,1,'2013-03-06 22:07:33'),(1526,2331,NULL,418,1,'2013-03-07 04:10:52'),(1527,2331,NULL,421,1,'2013-03-07 04:17:32'),(1536,2340,NULL,422,1,'2013-03-07 07:10:48'),(1545,2340,NULL,418,1,'2013-03-07 07:11:32'),(1551,2354,NULL,408,1,'2013-03-07 08:40:44'),(1552,2354,NULL,403,1,'2013-03-07 08:43:32'),(1583,2371,NULL,418,1,'2013-03-07 10:52:18'),(1584,2371,NULL,406,1,'2013-03-07 11:09:23'),(1588,2373,NULL,406,1,'2013-03-07 11:10:06'),(1590,2374,NULL,406,1,'2013-03-07 11:12:26'),(1592,2371,NULL,456,1,'2013-03-07 11:17:01'),(1594,2377,NULL,418,1,'2013-03-07 12:24:23'),(1595,2378,NULL,418,1,'2013-03-07 13:04:04'),(1599,2380,NULL,418,1,'2013-03-07 13:30:35'),(1601,2381,NULL,418,1,'2013-03-07 13:09:31'),(1602,2382,NULL,418,1,'2013-03-07 13:30:16'),(1603,2383,NULL,418,1,'2013-03-07 13:35:57'),(1616,2387,NULL,337,1,'2013-03-07 15:55:38'),(1617,2387,NULL,456,1,'2013-03-07 16:26:58'),(1618,2388,NULL,456,1,'2013-03-07 16:26:23'),(1621,2387,NULL,373,1,'2013-03-07 16:40:02'),(1622,2387,NULL,436,1,'2013-03-07 16:46:19'),(1623,2387,NULL,435,1,'2013-03-07 16:48:23'),(1624,2387,NULL,440,1,'2013-03-07 16:51:19'),(1625,2387,NULL,445,1,'2013-03-07 16:54:57'),(1626,2387,NULL,446,1,'2013-03-07 17:07:31'),(1627,2387,NULL,447,1,'2013-03-07 17:15:05'),(1630,2391,NULL,418,1,'2013-03-07 21:28:34'),(1631,2391,NULL,421,1,'2013-03-07 21:30:39'),(1632,2392,NULL,418,1,'2013-03-07 21:30:55'),(1633,2391,NULL,284,1,'2013-03-07 21:33:02'),(1634,2391,NULL,417,1,'2013-03-07 21:33:17'),(1635,2391,NULL,419,1,'2013-03-07 21:36:23'),(1636,2396,NULL,418,1,'2013-03-07 22:40:07'),(1637,2396,NULL,421,1,'2013-03-07 22:40:52'),(1638,2396,NULL,424,1,'2013-03-07 22:42:32'),(1639,2394,NULL,411,1,'2013-03-07 22:49:10'),(1640,2394,NULL,426,1,'2013-03-07 22:53:13'),(1643,2399,NULL,418,1,'2013-03-08 03:41:29'),(1644,2400,NULL,418,1,'2013-03-08 03:48:09'),(1645,2408,NULL,418,1,'2013-03-08 05:00:05'),(1647,2409,NULL,284,1,'2013-03-08 05:05:08'),(1648,2409,NULL,417,1,'2013-03-08 05:04:41'),(1650,2409,NULL,445,1,'2013-03-08 05:07:34'),(1653,2409,NULL,408,1,'2013-03-08 05:09:29'),(1654,2411,NULL,418,1,'2013-03-08 05:09:40'),(1655,2409,NULL,411,1,'2013-03-08 05:10:21'),(1656,2408,NULL,425,1,'2013-03-08 05:10:27'),(1657,2409,NULL,412,1,'2013-03-08 05:11:12'),(1658,2409,NULL,339,1,'2013-03-08 05:12:01'),(1663,2408,NULL,448,1,'2013-03-08 05:21:24'),(1675,2408,NULL,415,1,'2013-03-08 05:59:36'),(1681,2417,NULL,415,1,'2013-03-08 06:08:10'),(1689,2408,NULL,403,1,'2013-03-08 06:17:35'),(1698,2412,NULL,402,1,'2013-03-08 06:26:49'),(1699,2412,NULL,403,1,'2013-03-08 07:00:35'),(1700,2421,NULL,403,1,'2013-03-08 06:41:02'),(1702,2422,NULL,408,1,'2013-03-08 06:36:36'),(1705,2422,NULL,402,1,'2013-03-08 06:37:03'),(1708,2423,NULL,418,1,'2013-03-08 06:45:11'),(1778,2439,NULL,284,1,'2013-03-08 08:27:03'),(1781,2440,NULL,284,1,'2013-03-08 08:27:07'),(1791,2439,NULL,337,1,'2013-03-08 08:32:44'),(1792,2439,NULL,338,1,'2013-03-08 08:32:54'),(1803,2444,NULL,406,1,'2013-03-08 08:38:16'),(1811,2446,NULL,439,1,'2013-03-08 08:55:11'),(1846,2454,NULL,427,1,'2013-03-08 09:54:03'),(1859,2453,NULL,403,1,'2013-03-08 10:10:27'),(1860,2453,NULL,389,1,'2013-03-08 10:11:37'),(1862,2453,NULL,445,1,'2013-03-08 10:12:13'),(1870,2453,NULL,447,1,'2013-03-08 10:31:21'),(1871,2453,NULL,420,1,'2013-03-08 10:31:46'),(1873,2453,NULL,449,1,'2013-03-08 10:34:35'),(1891,2475,NULL,418,1,'2013-03-08 14:42:54'),(1894,2475,NULL,284,1,'2013-03-08 14:44:15'),(1895,2475,NULL,420,1,'2013-03-08 14:44:27'),(1897,2475,NULL,425,1,'2013-03-08 14:59:58'),(1898,2476,NULL,418,1,'2013-03-08 14:59:40'),(1903,2476,NULL,421,1,'2013-03-08 15:00:19'),(1906,2479,NULL,421,1,'2013-03-08 15:01:48'),(1909,2475,NULL,427,1,'2013-03-08 15:03:25'),(1916,2484,NULL,425,1,'2013-03-08 17:48:32'),(1917,2485,NULL,418,1,'2013-03-08 18:17:50'),(1918,2485,NULL,284,1,'2013-03-08 18:27:22'),(1919,2485,NULL,417,1,'2013-03-08 18:55:14'),(1923,2487,NULL,403,1,'2013-03-08 19:11:11'),(1924,2488,NULL,456,1,'2013-03-08 19:12:35'),(1925,2488,NULL,445,1,'2013-03-08 19:17:04'),(1927,2487,NULL,339,1,'2013-03-08 19:13:19'),(1928,2487,NULL,417,1,'2013-03-08 19:14:09'),(1931,2489,NULL,445,1,'2013-03-08 19:17:42'),(1932,2485,NULL,406,1,'2013-03-08 19:35:52'),(1933,2485,NULL,410,1,'2013-03-08 19:22:03'),(1934,2485,NULL,456,1,'2013-03-08 19:22:05'),(1936,2485,NULL,402,1,'2013-03-08 19:29:53'),(1937,2485,NULL,403,1,'2013-03-08 19:29:55'),(1938,2485,NULL,405,1,'2013-03-08 19:33:43'),(1940,2485,NULL,407,1,'2013-03-08 19:35:53'),(1941,2485,NULL,430,1,'2013-03-08 19:36:44'),(1942,2485,NULL,431,1,'2013-03-08 19:36:45'),(1943,2485,NULL,370,1,'2013-03-08 19:39:19'),(1944,2485,NULL,371,1,'2013-03-08 19:39:20'),(1947,2485,NULL,378,1,'2013-03-08 19:50:54'),(1948,2485,NULL,385,1,'2013-03-08 20:37:44'),(1949,2485,NULL,384,1,'2013-03-08 19:50:59'),(1950,2485,NULL,383,1,'2013-03-08 19:51:00'),(1951,2485,NULL,382,1,'2013-03-08 19:51:01'),(1952,2485,NULL,381,1,'2013-03-08 19:51:03'),(1953,2485,NULL,380,1,'2013-03-08 19:51:05'),(1954,2485,NULL,447,1,'2013-03-08 20:38:23'),(1957,2485,NULL,449,1,'2013-03-08 19:55:13'),(1958,2485,NULL,448,1,'2013-03-08 19:56:09'),(1959,2485,NULL,450,1,'2013-03-08 19:56:10'),(1961,2485,NULL,386,1,'2013-03-08 20:00:24'),(1962,2485,NULL,389,1,'2013-03-08 20:00:33'),(1963,2485,NULL,440,1,'2013-03-08 20:00:37'),(1964,2485,NULL,437,1,'2013-03-08 20:00:57'),(1965,2485,NULL,390,1,'2013-03-08 20:01:00'),(1966,2485,NULL,392,1,'2013-03-08 20:02:16'),(1967,2485,NULL,393,1,'2013-03-08 20:40:27'),(1969,2485,NULL,395,1,'2013-03-08 20:07:45'),(1970,2485,NULL,400,1,'2013-03-08 20:10:47'),(1972,2485,NULL,446,1,'2013-03-08 20:11:26'),(1975,2500,NULL,447,1,'2013-03-08 20:38:17'),(1977,2500,NULL,393,1,'2013-03-08 20:40:23'),(1979,2501,NULL,400,1,'2013-03-08 21:02:33'),(1980,2503,NULL,447,1,'2013-03-08 21:43:21'),(1981,2504,NULL,417,1,'2013-03-08 22:15:42'),(1983,2505,NULL,417,1,'2013-03-08 22:00:16'),(1984,2504,NULL,446,1,'2013-03-08 22:24:19'),(1985,2504,NULL,385,1,'2013-03-08 22:07:17'),(1986,2506,NULL,446,1,'2013-03-08 22:09:34'),(1988,2504,NULL,422,1,'2013-03-08 22:07:38'),(1989,2504,NULL,383,1,'2013-03-08 22:07:54'),(1991,2504,NULL,447,1,'2013-03-08 22:12:44'),(1994,2508,NULL,408,1,'2013-03-09 15:08:32'),(1995,2508,NULL,430,1,'2013-03-09 15:15:02'),(1996,2508,NULL,431,1,'2013-03-09 15:15:32'),(1997,2508,NULL,284,1,'2013-03-09 15:44:16'),(1999,2508,NULL,417,1,'2013-03-09 15:44:28'),(2001,2508,NULL,405,1,'2013-03-09 15:48:55'),(2002,2508,NULL,338,1,'2013-03-09 15:52:30'),(2003,2508,NULL,339,1,'2013-03-09 15:52:38'),(2004,2509,NULL,415,1,'2013-03-09 20:51:58'),(2005,2511,NULL,385,1,'2013-03-10 05:14:40'),(2006,2511,NULL,370,1,'2013-03-10 05:15:58'),(2007,2512,NULL,407,1,'2013-03-10 07:11:41'),(2008,2512,NULL,284,1,'2013-03-10 07:12:00'),(2009,2575,NULL,417,1,'2013-03-11 03:30:50'),(2010,2577,NULL,421,1,'2013-03-11 03:37:51'),(2011,2578,NULL,456,1,'2013-03-11 04:10:46'),(2014,2578,NULL,385,1,'2013-03-11 04:28:47'),(2015,2578,NULL,447,1,'2013-03-11 04:25:35'),(2020,2578,NULL,382,1,'2013-03-11 04:29:16'),(2021,2578,NULL,402,1,'2013-03-11 04:23:01'),(2022,2578,NULL,393,1,'2013-03-11 04:32:35'),(2023,2578,NULL,378,1,'2013-03-11 04:23:38'),(2025,2578,NULL,384,1,'2013-03-11 04:25:46'),(2027,2578,NULL,383,1,'2013-03-11 04:25:42'),(2033,2578,NULL,379,1,'2013-03-11 04:25:36'),(2034,2578,NULL,380,1,'2013-03-11 04:25:37'),(2035,2578,NULL,381,1,'2013-03-11 04:29:17'),(2043,2578,NULL,417,1,'2013-03-11 04:45:39'),(2046,2579,NULL,456,1,'2013-03-11 04:40:15'),(2047,2579,NULL,385,1,'2013-03-11 05:08:09'),(2050,2579,NULL,447,1,'2013-03-11 05:10:40'),(2051,2577,NULL,385,1,'2013-03-11 04:44:56'),(2052,2577,NULL,447,1,'2013-03-11 04:45:05'),(2055,2578,NULL,431,1,'2013-03-11 04:45:54'),(2057,2579,NULL,384,1,'2013-03-11 04:55:29'),(2058,2579,NULL,383,1,'2013-03-11 04:55:31'),(2059,2579,NULL,382,1,'2013-03-11 04:55:32'),(2060,2579,NULL,380,1,'2013-03-11 04:55:33'),(2061,2579,NULL,381,1,'2013-03-11 04:55:35'),(2067,2579,NULL,417,1,'2013-03-11 05:07:01'),(2070,2578,NULL,415,1,'2013-03-11 05:18:31'),(2071,2584,NULL,415,1,'2013-03-11 05:13:47'),(2072,2580,NULL,415,1,'2013-03-11 05:14:06'),(2073,2585,NULL,415,1,'2013-03-11 05:38:56'),(2077,2578,NULL,418,1,'2013-03-11 05:42:57'),(2079,2588,NULL,385,1,'2013-03-11 05:23:57'),(2080,2589,NULL,385,1,'2013-03-11 05:24:39'),(2083,2585,NULL,418,1,'2013-03-11 05:39:31'),(2084,2585,NULL,417,1,'2013-03-11 05:39:43'),(2085,2585,NULL,402,1,'2013-03-11 05:39:58'),(2087,2585,NULL,421,1,'2013-03-11 05:40:10'),(2090,2579,NULL,418,1,'2013-03-11 05:49:07'),(2093,2583,NULL,418,1,'2013-03-11 05:51:20'),(2094,2583,NULL,421,1,'2013-03-11 05:51:27'),(2095,2583,NULL,284,1,'2013-03-11 06:09:11'),(2096,2583,NULL,417,1,'2013-03-11 05:51:19'),(2098,2583,NULL,419,1,'2013-03-11 05:51:22'),(2099,2583,NULL,420,1,'2013-03-11 05:51:23'),(2101,2583,NULL,426,1,'2013-03-11 05:52:00'),(2102,2583,NULL,427,1,'2013-03-11 05:52:01'),(2103,2583,NULL,428,1,'2013-03-11 05:52:02'),(2104,2583,NULL,422,1,'2013-03-11 05:52:22'),(2105,2583,NULL,423,1,'2013-03-11 05:52:23'),(2106,2583,NULL,424,1,'2013-03-11 05:52:24'),(2107,2583,NULL,425,1,'2013-03-11 05:52:27'),(2108,2583,NULL,406,1,'2013-03-11 05:53:29'),(2109,2583,NULL,410,1,'2013-03-11 05:54:14'),(2110,2583,NULL,456,1,'2013-03-11 05:54:43'),(2111,2583,NULL,402,1,'2013-03-11 05:53:24'),(2112,2583,NULL,403,1,'2013-03-11 06:09:21'),(2113,2583,NULL,404,1,'2013-03-11 05:53:26'),(2114,2583,NULL,405,1,'2013-03-11 05:53:28'),(2116,2583,NULL,407,1,'2013-03-11 05:53:32'),(2117,2583,NULL,408,1,'2013-03-11 05:54:12'),(2118,2583,NULL,409,1,'2013-03-11 05:54:13'),(2120,2583,NULL,411,1,'2013-03-11 05:54:17'),(2121,2583,NULL,412,1,'2013-03-11 05:54:19'),(2122,2583,NULL,413,1,'2013-03-11 05:54:20'),(2123,2583,NULL,414,1,'2013-03-11 05:54:38'),(2124,2583,NULL,415,1,'2013-03-11 05:54:39'),(2125,2583,NULL,416,1,'2013-03-11 05:54:40'),(2127,2583,NULL,337,1,'2013-03-11 05:55:08'),(2128,2583,NULL,338,1,'2013-03-11 06:09:33'),(2129,2583,NULL,339,1,'2013-03-11 05:55:10'),(2138,2583,NULL,430,1,'2013-03-11 05:56:18'),(2139,2583,NULL,431,1,'2013-03-11 05:56:19'),(2140,2583,NULL,432,1,'2013-03-11 05:56:20'),(2141,2583,NULL,433,1,'2013-03-11 05:56:22'),(2142,2583,NULL,434,1,'2013-03-11 05:56:27'),(2143,2583,NULL,435,1,'2013-03-11 05:56:29'),(2144,2583,NULL,370,1,'2013-03-11 05:56:48'),(2145,2583,NULL,371,1,'2013-03-11 05:56:49'),(2146,2583,NULL,372,1,'2013-03-11 05:56:50'),(2147,2583,NULL,374,1,'2013-03-11 05:56:53'),(2148,2583,NULL,439,1,'2013-03-11 05:56:54'),(2149,2583,NULL,436,1,'2013-03-11 05:56:55'),(2150,2583,NULL,373,1,'2013-03-11 05:56:56'),(2151,2583,NULL,375,1,'2013-03-11 05:56:57'),(2155,2583,NULL,448,1,'2013-03-11 05:57:27'),(2156,2583,NULL,449,1,'2013-03-11 05:57:28'),(2158,2583,NULL,450,1,'2013-03-11 05:57:31'),(2159,2583,NULL,378,1,'2013-03-11 05:57:50'),(2162,2583,NULL,385,1,'2013-03-11 06:03:51'),(2163,2583,NULL,384,1,'2013-03-11 06:09:44'),(2164,2583,NULL,383,1,'2013-03-11 05:57:57'),(2165,2583,NULL,382,1,'2013-03-11 05:58:00'),(2166,2583,NULL,381,1,'2013-03-11 05:58:02'),(2167,2583,NULL,380,1,'2013-03-11 05:58:05'),(2168,2583,NULL,447,1,'2013-03-11 05:58:07'),(2169,2583,NULL,379,1,'2013-03-11 05:58:08'),(2171,2578,NULL,421,1,'2013-03-11 05:59:17'),(2176,2583,NULL,392,1,'2013-03-11 06:04:23'),(2177,2583,NULL,393,1,'2013-03-11 06:04:23'),(2178,2583,NULL,446,1,'2013-03-11 06:04:24'),(2179,2583,NULL,399,1,'2013-03-11 06:04:26'),(2180,2583,NULL,398,1,'2013-03-11 06:07:22'),(2181,2583,NULL,400,1,'2013-03-11 06:04:29'),(2182,2583,NULL,395,1,'2013-03-11 06:04:30'),(2183,2583,NULL,394,1,'2013-03-11 06:04:31'),(2184,2583,NULL,445,1,'2013-03-11 06:04:32'),(2185,2583,NULL,441,1,'2013-03-11 06:04:33'),(2186,2583,NULL,442,1,'2013-03-11 06:04:33'),(2187,2583,NULL,397,1,'2013-03-11 06:04:34'),(2188,2583,NULL,396,1,'2013-03-11 06:07:48'),(2191,2583,NULL,386,1,'2013-03-11 06:08:02'),(2192,2583,NULL,389,1,'2013-03-11 06:08:03'),(2193,2583,NULL,390,1,'2013-03-11 06:08:47'),(2194,2583,NULL,391,1,'2013-03-11 06:08:05'),(2195,2583,NULL,437,1,'2013-03-11 06:08:07'),(2196,2583,NULL,440,1,'2013-03-11 06:08:08'),(2202,2577,NULL,417,1,'2013-03-11 06:18:33'),(2205,2587,NULL,418,1,'2013-03-11 06:33:31'),(2213,2596,NULL,426,1,'2013-03-11 07:55:09'),(2214,2596,NULL,393,1,'2013-03-11 08:00:02'),(2215,2596,NULL,400,1,'2013-03-11 08:00:23'),(2216,2596,NULL,430,1,'2013-03-11 08:00:57'),(2220,2596,NULL,447,1,'2013-03-11 08:05:12'),(2221,2598,NULL,421,1,'2013-03-11 08:07:48'),(2224,2599,NULL,417,1,'2013-03-11 08:14:18'),(2226,2599,NULL,426,1,'2013-03-11 08:14:38'),(2227,2601,NULL,418,1,'2013-03-11 08:23:28'),(2229,2601,NULL,423,1,'2013-03-11 08:24:02'),(2352,2630,NULL,417,1,'2013-03-11 13:25:42'),(2353,2633,NULL,337,1,'2013-03-11 13:50:20'),(2354,2630,NULL,337,1,'2013-03-11 13:50:36'),(2355,2634,NULL,337,1,'2013-03-11 14:00:17'),(2356,2635,NULL,417,1,'2013-03-11 15:03:54'),(2357,2636,NULL,414,1,'2013-03-11 15:20:54'),(2358,2639,NULL,426,1,'2013-03-11 17:14:29'),(2360,2639,NULL,372,1,'2013-03-11 17:14:08'),(2364,2639,NULL,383,1,'2013-03-11 17:25:23'),(2365,2639,NULL,338,1,'2013-03-11 17:25:52'),(2366,2639,NULL,403,1,'2013-03-11 17:26:05'),(2367,2639,NULL,431,1,'2013-03-11 17:26:37'),(2368,2640,NULL,414,1,'2013-03-11 17:37:13'),(2369,2639,NULL,456,1,'2013-03-11 17:37:15'),(2370,2640,NULL,456,1,'2013-03-11 17:42:17'),(2375,2638,NULL,402,1,'2013-03-11 17:47:54'),(2378,2638,NULL,439,1,'2013-03-11 17:53:58'),(2379,2641,NULL,439,1,'2013-03-11 17:55:33'),(2380,2638,NULL,440,1,'2013-03-11 17:58:23'),(2382,2642,NULL,439,1,'2013-03-11 18:04:56'),(2383,2705,NULL,408,1,'2013-03-11 19:13:33'),(2384,2705,NULL,409,1,'2013-03-11 19:13:55'),(2386,2715,NULL,439,1,'2013-03-11 20:41:36'),(2387,2715,NULL,392,1,'2013-03-11 21:11:47'),(2388,2715,NULL,445,1,'2013-03-11 21:11:57'),(2389,2716,NULL,409,1,'2013-03-12 01:33:44'),(2390,2716,NULL,411,1,'2013-03-12 01:53:49'),(2394,2716,NULL,412,1,'2013-03-12 01:57:08'),(2396,2716,NULL,403,1,'2013-03-12 03:28:13'),(2397,2716,NULL,427,1,'2013-03-12 02:41:02'),(2398,2716,NULL,428,1,'2013-03-12 02:57:46'),(2400,2716,NULL,422,1,'2013-03-12 02:58:51'),(2401,2716,NULL,423,1,'2013-03-12 03:03:28'),(2402,2716,NULL,424,1,'2013-03-12 02:59:20'),(2403,2716,NULL,425,1,'2013-03-12 02:59:32'),(2406,2716,NULL,414,1,'2013-03-12 03:49:56'),(2407,2716,NULL,415,1,'2013-03-12 03:04:54'),(2409,2716,NULL,416,1,'2013-03-12 03:05:12'),(2410,2716,NULL,456,1,'2013-03-12 03:05:28'),(2411,2716,NULL,430,1,'2013-03-12 03:58:40'),(2412,2716,NULL,393,1,'2013-03-12 04:05:04'),(2414,2716,NULL,408,1,'2013-03-12 03:30:29'),(2416,2718,NULL,337,1,'2013-03-12 03:44:36'),(2417,2718,NULL,421,1,'2013-03-12 03:44:42'),(2418,2716,NULL,417,1,'2013-03-12 03:46:16'),(2420,2716,NULL,402,1,'2013-03-12 03:50:10'),(2421,2716,NULL,337,1,'2013-03-12 03:55:23'),(2422,2716,NULL,371,1,'2013-03-12 04:01:11'),(2424,2716,NULL,431,1,'2013-03-12 03:59:08'),(2425,2716,NULL,432,1,'2013-03-12 03:59:21'),(2429,2716,NULL,392,1,'2013-03-12 04:05:17'),(2431,2716,NULL,399,1,'2013-03-12 04:05:30'),(2440,2730,NULL,439,1,'2013-03-12 05:51:30'),(2441,2724,NULL,410,1,'2013-03-12 05:58:29'),(2443,2724,NULL,446,1,'2013-03-12 06:01:06'),(2444,2724,NULL,432,1,'2013-03-12 06:01:48'),(2445,2734,NULL,418,1,'2013-03-12 06:04:34'),(2446,2724,NULL,284,1,'2013-03-12 06:19:21'),(2447,2724,NULL,417,1,'2013-03-12 06:19:22'),(2448,2724,NULL,418,1,'2013-03-12 06:19:23'),(2449,2724,NULL,421,1,'2013-03-12 06:19:25'),(2450,2724,NULL,420,1,'2013-03-12 06:19:26'),(2451,2724,NULL,419,1,'2013-03-12 06:19:29'),(2456,2742,NULL,432,1,'2013-03-12 08:18:58'),(2484,2760,NULL,396,1,'2013-03-12 09:18:34'),(2489,2775,NULL,284,1,'2013-03-12 11:49:19'),(2490,2776,NULL,284,1,'2013-03-12 11:50:24'),(2493,2781,NULL,402,1,'2013-03-12 13:04:40'),(2494,2782,NULL,417,1,'2013-03-12 13:28:35'),(2495,2782,NULL,284,1,'2013-03-12 13:17:14'),(2503,2784,NULL,417,1,'2013-03-12 13:23:34'),(2507,2785,NULL,445,1,'2013-03-12 13:29:22'),(2508,2786,NULL,439,1,'2013-03-12 13:29:22'),(2509,2781,NULL,456,1,'2013-03-12 13:36:42'),(2510,2791,NULL,445,1,'2013-03-12 14:35:22'),(2511,2793,NULL,439,1,'2013-03-12 14:35:22'),(2512,2782,NULL,399,1,'2013-03-12 14:57:44'),(2514,2782,NULL,445,1,'2013-03-12 15:28:21'),(2515,2782,NULL,400,1,'2013-03-12 15:45:50'),(2516,2782,NULL,447,1,'2013-03-12 16:32:19'),(2517,2782,NULL,446,1,'2013-03-12 16:42:16'),(2523,2801,NULL,399,1,'2013-03-12 20:16:09'),(2524,2801,NULL,439,1,'2013-03-12 21:59:38'),(2526,2801,NULL,436,1,'2013-03-12 20:45:07'),(2531,2801,NULL,374,1,'2013-03-12 20:45:16'),(2532,2801,NULL,430,1,'2013-03-12 22:47:59'),(2533,2801,NULL,432,1,'2013-03-12 23:07:04'),(2537,2801,NULL,435,1,'2013-03-12 22:17:20'),(2541,2801,NULL,417,1,'2013-03-12 22:39:02'),(2544,2801,NULL,431,1,'2013-03-12 22:53:49'),(2547,2808,NULL,418,1,'2013-03-12 23:06:45'),(2549,2808,NULL,446,1,'2013-03-12 23:53:10'),(2556,2808,NULL,436,1,'2013-03-13 00:42:28'),(2559,2808,NULL,439,1,'2013-03-13 00:44:55'),(2562,2816,NULL,436,1,'2013-03-13 00:50:50'),(2568,2819,NULL,408,3,'2013-03-13 01:31:41'),(2569,2821,NULL,436,1,'2013-03-13 04:43:04'),(2575,2841,NULL,391,1,'2013-03-13 09:54:37'),(2577,3085,NULL,430,1,'2013-03-13 13:40:17'),(2578,5293,NULL,436,1,'2013-03-13 15:15:18'),(2581,5295,NULL,430,1,'2013-03-13 17:40:39'),(2582,5296,NULL,402,1,'2013-03-13 17:10:29'),(2584,5296,NULL,430,1,'2013-03-13 17:33:53'),(2596,5302,NULL,426,1,'2013-03-13 22:20:41'),(2599,5303,NULL,430,1,'2013-03-14 00:30:02'),(2601,5303,NULL,436,1,'2013-03-14 00:33:21'),(2602,5303,NULL,393,1,'2013-03-14 00:35:09'),(2603,5303,NULL,418,1,'2013-03-14 00:47:24'),(2604,5303,NULL,456,1,'2013-03-14 00:49:38'),(2605,5303,NULL,370,1,'2013-03-14 00:51:57'),(2607,5303,NULL,284,1,'2013-03-14 00:54:06'),(2609,5303,NULL,417,1,'2013-03-14 00:54:06'),(2610,5303,NULL,447,1,'2013-03-14 00:59:50'),(2611,5306,NULL,406,1,'2013-03-14 04:32:42'),(2621,5311,NULL,434,1,'2013-03-14 05:04:28'),(2629,5312,NULL,406,1,'2013-03-14 05:22:56'),(2659,5339,NULL,418,1,'2013-03-14 11:51:42'),(2660,5344,NULL,417,1,'2013-03-14 12:50:02'),(2661,5345,NULL,284,1,'2013-03-14 12:50:03'),(2662,5345,NULL,384,1,'2013-03-14 12:53:43'),(2663,5345,NULL,381,1,'2013-03-14 12:54:11'),(2664,5345,NULL,378,1,'2013-03-14 12:54:37'),(2665,5345,NULL,380,1,'2013-03-14 12:59:42'),(2666,5345,NULL,447,1,'2013-03-14 14:34:47'),(2667,5346,NULL,447,1,'2013-03-14 13:44:11'),(2668,5345,NULL,417,1,'2013-03-14 14:00:15'),(2671,5348,NULL,417,1,'2013-03-14 14:39:14'),(2672,5348,NULL,284,1,'2013-03-14 14:39:34'),(2673,5349,NULL,447,1,'2013-03-14 15:36:21'),(2677,5350,NULL,417,1,'2013-03-14 16:21:48'),(2678,5349,NULL,456,1,'2013-03-14 15:54:45'),(2680,5350,NULL,284,1,'2013-03-14 16:21:03'),(2684,5351,NULL,396,1,'2013-03-14 16:44:31'),(2686,5352,NULL,400,1,'2013-03-14 17:26:09'),(2688,5352,NULL,392,1,'2013-03-14 17:27:12'),(2689,5352,NULL,393,1,'2013-03-14 17:27:13'),(2690,5352,NULL,396,1,'2013-03-14 17:27:14'),(2691,5352,NULL,445,1,'2013-03-14 17:27:49'),(2692,5352,NULL,446,1,'2013-03-14 17:31:44'),(2693,5353,NULL,392,1,'2013-03-14 17:51:05'),(2694,5353,NULL,445,1,'2013-03-14 17:46:56'),(2697,5354,NULL,393,1,'2013-03-14 18:22:22'),(2698,5354,NULL,396,1,'2013-03-14 18:23:48'),(2699,5355,NULL,426,1,'2013-03-14 19:05:57'),(2700,5354,NULL,447,1,'2013-03-14 19:25:04'),(2701,5356,NULL,439,1,'2013-03-14 22:37:12'),(2703,5356,NULL,403,1,'2013-03-14 23:03:10'),(2704,5356,NULL,385,1,'2013-03-14 22:44:07'),(2705,5356,NULL,408,1,'2013-03-14 22:50:24'),(2706,5356,NULL,409,1,'2013-03-14 22:50:57'),(2709,5356,NULL,449,1,'2013-03-15 00:30:23'),(2714,5356,NULL,450,1,'2013-03-14 23:07:05'),(2715,5356,NULL,441,1,'2013-03-15 00:28:16'),(2718,5356,NULL,339,1,'2013-03-14 23:23:18'),(2735,5356,NULL,406,1,'2013-03-15 00:00:45'),(2739,5356,NULL,423,1,'2013-03-15 00:33:59'),(2741,5356,NULL,284,1,'2013-03-15 00:37:57'),(2742,5363,NULL,447,1,'2013-03-15 04:08:54'),(2744,5363,NULL,449,1,'2013-03-15 04:18:25'),(2749,5363,NULL,393,1,'2013-03-15 04:21:38'),(2750,5365,NULL,449,1,'2013-03-15 04:57:10'),(2751,5365,NULL,447,1,'2013-03-15 04:59:40'),(2755,5365,NULL,393,1,'2013-03-15 05:19:44'),(2756,5365,NULL,400,1,'2013-03-15 05:35:44'),(2758,5362,NULL,412,1,'2013-03-15 06:44:53'),(2759,5362,NULL,434,1,'2013-03-15 06:59:45'),(2760,5362,NULL,403,1,'2013-03-15 07:00:00'),(2761,5362,NULL,447,1,'2013-03-15 07:21:02'),(2762,6527,NULL,447,1,'2013-03-15 09:11:42'),(2763,6528,NULL,447,1,'2013-03-15 09:12:03'),(2765,6529,NULL,447,1,'2013-03-15 09:14:25'),(2768,6544,NULL,393,1,'2013-03-15 16:14:28'),(2770,6547,NULL,430,1,'2013-03-15 20:32:54'),(2774,6547,NULL,404,1,'2013-03-15 21:05:22'),(2781,6561,NULL,339,1,'2013-03-16 21:15:26'),(2783,6563,NULL,430,1,'2013-03-18 02:49:40'),(2790,6567,NULL,418,1,'2013-03-18 05:40:06'),(2797,6572,NULL,337,1,'2013-03-18 16:18:54'),(2800,6572,NULL,284,1,'2013-03-18 16:19:08'),(2801,6576,NULL,418,1,'2013-03-18 22:07:57'),(2803,6576,NULL,427,1,'2013-03-18 22:09:21'),(2805,6576,NULL,422,1,'2013-03-18 22:09:42'),(2806,6576,NULL,423,1,'2013-03-18 22:09:58'),(2807,6576,NULL,402,1,'2013-03-18 22:10:26'),(2808,6576,NULL,405,1,'2013-03-18 22:13:20'),(2809,6576,NULL,407,1,'2013-03-18 22:13:33'),(2812,6576,NULL,337,1,'2013-03-18 22:22:34'),(2816,6576,NULL,430,1,'2013-03-18 22:23:32'),(2817,6576,NULL,370,1,'2013-03-18 22:23:50'),(2818,6576,NULL,434,1,'2013-03-18 22:25:13'),(2820,6576,NULL,449,1,'2013-03-18 22:26:02'),(2822,6576,NULL,378,1,'2013-03-18 22:27:35'),(2824,6577,NULL,406,1,'2013-03-18 22:42:25'),(2825,6577,NULL,393,1,'2013-03-18 22:52:27'),(2827,6578,NULL,449,1,'2013-03-19 00:03:43'),(2828,6578,NULL,337,1,'2013-03-19 00:54:42'),(2829,6578,NULL,339,1,'2013-03-19 01:05:31'),(2830,6581,NULL,424,1,'2013-03-19 03:27:49'),(2831,6581,NULL,381,1,'2013-03-19 03:34:54'),(2832,6583,NULL,418,1,'2013-03-19 03:53:09'),(2834,6584,NULL,448,1,'2013-03-19 04:21:05'),(2838,6588,NULL,403,1,'2013-03-19 06:21:46'),(2839,6588,NULL,456,1,'2013-03-19 05:32:37'),(2840,6588,NULL,418,1,'2013-03-19 06:14:38'),(2842,6588,NULL,402,1,'2013-03-19 06:42:36'),(2843,6590,NULL,406,1,'2013-03-19 07:24:50'),(2844,6590,NULL,427,1,'2013-03-19 07:56:57'),(2845,6590,NULL,410,1,'2013-03-19 07:58:50'),(2846,6590,NULL,418,1,'2013-03-19 08:31:39'),(2847,6590,NULL,421,1,'2013-03-19 08:28:37'),(2854,6590,NULL,391,1,'2013-03-19 11:12:41'),(2855,6590,NULL,423,1,'2013-03-19 08:39:52'),(2856,6590,NULL,284,1,'2013-03-19 08:41:52'),(2857,6593,NULL,418,1,'2013-03-19 09:21:21'),(2858,6590,NULL,403,1,'2013-03-19 09:39:23'),(2859,6590,NULL,456,1,'2013-03-19 11:12:28'),(2861,6590,NULL,416,1,'2013-03-19 11:16:25'),(2862,6598,NULL,418,1,'2013-03-19 14:04:48'),(2882,6600,NULL,546,1,'2013-03-19 17:45:06'),(2885,6600,NULL,402,1,'2013-03-19 16:01:30'),(2886,6600,NULL,409,1,'2013-03-19 16:55:59'),(2888,6601,NULL,546,1,'2013-03-19 17:39:45'),(2889,6601,NULL,408,1,'2013-03-19 16:10:51'),(2897,6604,NULL,406,1,'2013-03-19 16:33:44'),(2904,6604,NULL,337,1,'2013-03-19 16:38:45'),(2905,6604,NULL,378,1,'2013-03-19 16:38:58'),(2906,6604,NULL,418,1,'2013-03-19 16:48:35'),(2909,6605,NULL,418,1,'2013-03-19 16:40:21'),(2911,6605,NULL,402,1,'2013-03-19 16:41:05'),(2915,6605,NULL,284,1,'2013-03-19 17:04:29'),(2920,6601,NULL,402,1,'2013-03-19 16:52:53'),(2921,6600,NULL,408,1,'2013-03-19 16:52:56'),(2923,6606,NULL,546,1,'2013-03-19 16:53:20'),(2932,6600,NULL,549,1,'2013-03-19 17:56:06'),(2937,6600,NULL,434,1,'2013-03-19 17:50:38'),(2943,6600,NULL,551,1,'2013-03-19 18:07:21'),(2946,6600,NULL,552,1,'2013-03-19 18:13:43'),(2948,6600,NULL,553,1,'2013-03-19 18:18:50'),(2950,6600,NULL,554,1,'2013-03-19 18:33:35'),(2951,6600,NULL,338,1,'2013-03-19 18:49:19'),(2952,6600,NULL,371,1,'2013-03-19 19:20:33'),(2953,6600,NULL,374,1,'2013-03-19 18:50:33'),(2955,6600,NULL,431,1,'2013-03-19 18:51:10'),(2957,6600,NULL,378,1,'2013-03-19 18:52:01'),(2958,6600,NULL,384,1,'2013-03-19 19:00:17'),(2961,6600,NULL,380,1,'2013-03-19 19:01:31'),(2962,6600,NULL,381,1,'2013-03-19 19:01:48'),(2964,6600,NULL,379,1,'2013-03-19 19:06:14'),(2966,6600,NULL,392,1,'2013-03-19 19:06:28'),(2967,6600,NULL,399,1,'2013-03-19 19:11:19'),(2970,6600,NULL,400,1,'2013-03-19 19:12:36'),(2972,6600,NULL,398,1,'2013-03-19 19:12:49'),(2973,6600,NULL,397,1,'2013-03-19 19:13:00'),(2974,6600,NULL,396,1,'2013-03-19 19:13:10'),(2975,6600,NULL,394,1,'2013-03-19 19:14:12'),(2976,6600,NULL,445,1,'2013-03-19 19:16:02'),(2977,6600,NULL,441,1,'2013-03-19 19:16:16'),(2979,6600,NULL,436,1,'2013-03-19 19:20:12'),(2982,6600,NULL,373,1,'2013-03-19 19:21:46'),(2984,6600,NULL,372,1,'2013-03-19 19:22:04'),(2985,6600,NULL,435,1,'2013-03-19 19:22:46'),(2986,6600,NULL,433,1,'2013-03-19 19:23:00'),(2988,6600,NULL,430,1,'2013-03-19 19:23:10'),(2989,6600,NULL,412,1,'2013-03-19 19:23:58'),(2990,6600,NULL,411,1,'2013-03-19 19:24:15'),(2992,6600,NULL,413,1,'2013-03-19 19:25:48'),(2993,6600,NULL,427,1,'2013-03-19 19:26:04'),(2994,6600,NULL,415,1,'2013-03-19 19:55:47'),(2995,6600,NULL,393,1,'2013-03-19 20:50:58'),(3011,6610,NULL,339,1,'2013-03-20 00:55:39'),(3012,6610,NULL,430,1,'2013-03-20 00:02:41'),(3014,6610,NULL,284,1,'2013-03-20 00:03:27'),(3015,6610,NULL,417,1,'2013-03-20 00:19:53'),(3016,6610,NULL,418,1,'2013-03-20 00:53:15'),(3020,6612,NULL,417,1,'2013-03-20 03:41:12'),(3021,6613,NULL,417,1,'2013-03-20 03:42:39'),(3022,6613,NULL,284,1,'2013-03-20 03:42:40'),(3023,6614,NULL,417,1,'2013-03-20 05:11:01'),(3024,6615,NULL,417,1,'2013-03-20 04:59:56'),(3025,6616,NULL,284,1,'2013-03-20 04:59:56'),(3027,6616,NULL,417,1,'2013-03-20 05:12:47'),(3030,6614,NULL,284,1,'2013-03-20 05:10:28'),(3034,6614,NULL,403,1,'2013-03-20 05:59:17'),(3035,6617,NULL,418,1,'2013-03-20 06:14:52'),(3036,6618,NULL,418,1,'2013-03-20 07:20:37'),(3038,6627,NULL,408,1,'2013-03-20 13:39:37'),(3039,6627,NULL,413,1,'2013-03-20 13:40:18'),(3040,6629,NULL,417,1,'2013-03-20 15:10:59'),(3041,6629,NULL,284,1,'2013-03-20 15:11:06'),(3042,6630,NULL,381,1,'2013-03-20 19:36:31'),(3043,6630,NULL,399,1,'2013-03-20 19:37:58'),(3044,6630,NULL,426,1,'2013-03-20 16:50:47'),(3048,6635,NULL,379,1,'2013-03-20 17:13:46'),(3049,6635,NULL,417,1,'2013-03-20 17:23:38'),(3050,6630,NULL,400,1,'2013-03-20 19:38:09'),(3052,6635,NULL,400,1,'2013-03-20 18:59:06'),(3055,6630,NULL,441,1,'2013-03-20 19:38:59'),(3057,6630,NULL,448,1,'2013-03-20 18:35:28'),(3058,6630,NULL,338,1,'2013-03-20 19:33:10'),(3059,6630,NULL,546,1,'2013-03-20 18:36:03'),(3060,6630,NULL,549,1,'2013-03-20 19:33:25'),(3062,6630,NULL,439,1,'2013-03-20 18:39:44'),(3069,6630,NULL,551,1,'2013-03-20 19:33:34'),(3071,6630,NULL,552,1,'2013-03-20 19:33:44'),(3072,6630,NULL,553,1,'2013-03-20 19:33:52'),(3073,6630,NULL,554,1,'2013-03-20 19:34:00'),(3074,6630,NULL,432,1,'2013-03-20 19:34:23'),(3075,6630,NULL,370,1,'2013-03-20 19:34:49'),(3076,6630,NULL,371,1,'2013-03-20 19:34:57'),(3078,6630,NULL,450,1,'2013-03-20 19:35:52'),(3079,6630,NULL,378,1,'2013-03-20 19:36:06'),(3080,6630,NULL,382,1,'2013-03-20 19:36:41'),(3081,6630,NULL,379,1,'2013-03-20 19:36:13'),(3082,6630,NULL,380,1,'2013-03-20 19:36:22'),(3085,6630,NULL,383,1,'2013-03-20 19:36:50'),(3086,6630,NULL,384,1,'2013-03-20 19:37:02'),(3087,6630,NULL,385,1,'2013-03-20 19:37:11'),(3088,6630,NULL,447,1,'2013-03-20 19:37:19'),(3089,6630,NULL,392,1,'2013-03-20 19:37:39'),(3090,6630,NULL,446,1,'2013-03-20 19:37:46'),(3093,6630,NULL,398,1,'2013-03-20 19:38:16'),(3094,6630,NULL,397,1,'2013-03-20 19:38:26'),(3095,6630,NULL,394,1,'2013-03-20 19:38:38'),(3096,6630,NULL,395,1,'2013-03-20 19:38:51'),(3098,6630,NULL,442,1,'2013-03-20 19:39:08'),(3099,6638,NULL,425,1,'2013-03-20 19:42:46'),(3100,6630,NULL,393,1,'2013-03-20 19:46:30'),(3101,6640,NULL,400,1,'2013-03-20 20:01:34'),(3102,6640,NULL,393,1,'2013-03-20 20:02:37'),(3109,6632,NULL,393,1,'2013-03-20 20:22:18'),(3113,6641,NULL,412,1,'2013-03-20 21:10:51'),(3114,6641,NULL,391,1,'2013-03-20 21:14:14'),(3117,6650,NULL,410,1,'2013-03-21 07:57:35'),(3118,6657,NULL,431,1,'2013-03-21 16:05:46'),(3119,6657,NULL,446,1,'2013-03-21 16:53:00'),(3120,6657,NULL,392,1,'2013-03-21 16:52:22'),(3121,6657,NULL,399,1,'2013-03-21 16:52:38'),(3123,6657,NULL,394,1,'2013-03-21 16:54:34'),(3124,6657,NULL,439,1,'2013-03-21 16:56:40'),(3125,6657,NULL,447,1,'2013-03-21 16:57:26'),(3126,6660,NULL,410,1,'2013-03-21 17:14:44'),(3127,6660,NULL,396,1,'2013-03-21 17:15:15'),(3128,6663,NULL,391,1,'2013-03-21 19:33:26'),(3130,6664,NULL,421,1,'2013-03-21 19:39:36'),(3131,6663,NULL,379,1,'2013-03-21 19:42:00'),(3132,6663,NULL,393,1,'2013-03-21 19:44:26'),(3133,6667,NULL,431,1,'2013-03-21 20:26:18'),(3134,6667,NULL,434,1,'2013-03-21 20:27:23'),(3135,6667,NULL,430,1,'2013-03-21 20:28:19'),(3136,6669,NULL,406,1,'2013-03-21 21:52:21'),(3137,6671,NULL,417,1,'2013-03-22 05:25:48'),(3139,6671,NULL,284,1,'2013-03-22 05:25:49'),(3140,6671,NULL,430,1,'2013-03-22 06:19:12'),(3141,6671,NULL,410,1,'2013-03-22 07:27:46'),(3148,6673,NULL,410,1,'2013-03-22 07:27:56'),(3153,6677,NULL,430,1,'2013-03-22 13:49:33'),(3154,6677,NULL,402,1,'2013-03-22 13:49:38'),(3155,6678,NULL,425,1,'2013-03-22 14:40:15'),(3156,6683,NULL,408,1,'2013-03-22 17:58:17'),(3158,7679,NULL,284,1,'2013-03-25 08:39:55'),(3159,7679,NULL,427,1,'2013-03-25 08:06:19'),(3160,7679,NULL,421,1,'2013-03-25 08:31:05'),(3163,7679,NULL,425,1,'2013-03-25 09:12:33'),(3164,7680,NULL,418,1,'2013-03-25 13:38:25'),(3168,7683,NULL,450,1,'2013-03-25 17:05:14'),(3170,7683,NULL,449,1,'2013-03-25 17:11:07'),(3175,7686,NULL,561,1,'2013-03-25 20:03:43'),(3178,7690,NULL,563,1,'2013-03-25 22:14:17'),(3181,7692,NULL,393,1,'2013-03-26 00:00:02'),(3192,7692,NULL,392,1,'2013-03-25 23:56:54'),(3198,7693,NULL,449,1,'2013-03-26 02:27:37'),(3200,7696,NULL,448,1,'2013-03-26 08:31:49'),(3201,7696,NULL,561,1,'2013-03-26 08:31:51'),(3202,7696,NULL,560,1,'2013-03-26 08:31:52'),(3203,7696,NULL,557,1,'2013-03-26 08:31:56'),(3204,7696,NULL,558,1,'2013-03-26 08:31:58'),(3205,7696,NULL,450,1,'2013-03-26 08:31:54'),(3206,7696,NULL,449,1,'2013-03-26 08:31:55'),(3207,7696,NULL,559,1,'2013-03-26 08:41:08'),(3208,7696,NULL,563,1,'2013-03-26 08:31:57'),(3223,7696,NULL,562,1,'2013-03-26 08:31:50'),(3232,7696,NULL,402,1,'2013-03-26 08:32:10'),(3234,7697,NULL,373,1,'2013-03-26 13:44:43'),(3238,7701,NULL,448,1,'2013-03-26 16:03:39'),(3239,7701,NULL,559,1,'2013-03-26 16:11:46'),(3243,7703,NULL,562,1,'2013-03-26 16:32:38'),(3246,7701,NULL,562,1,'2013-03-26 16:26:32'),(3247,7703,NULL,559,1,'2013-03-26 16:27:52'),(3249,7703,NULL,560,1,'2013-03-26 16:55:46'),(3250,7703,NULL,563,1,'2013-03-26 16:39:52'),(3251,7701,NULL,563,1,'2013-03-26 16:41:53'),(3252,7704,NULL,563,1,'2013-03-26 16:44:31'),(3254,7703,NULL,558,1,'2013-03-26 16:50:24'),(3260,7703,NULL,561,1,'2013-03-26 16:48:58'),(3262,7703,NULL,449,1,'2013-03-26 16:52:45'),(3266,7709,NULL,402,1,'2013-03-26 18:43:57'),(3268,7706,NULL,403,1,'2013-03-26 18:44:11'),(3269,7709,NULL,337,1,'2013-03-26 19:02:47'),(3270,7709,NULL,564,1,'2013-03-26 19:36:42'),(3271,7710,NULL,564,1,'2013-03-26 19:36:22'),(3273,7716,NULL,406,1,'2013-03-26 23:21:51'),(3274,7717,NULL,449,1,'2013-03-27 04:06:18'),(3275,7717,NULL,562,1,'2013-03-27 04:06:03'),(3277,7718,NULL,449,1,'2013-03-27 04:07:28'),(3278,7719,NULL,564,1,'2013-03-27 04:54:39'),(3279,7719,NULL,562,1,'2013-03-27 05:14:55'),(3280,7719,NULL,449,1,'2013-03-27 05:14:56'),(3281,7723,NULL,564,1,'2013-03-27 06:36:08'),(3283,7724,NULL,562,1,'2013-03-27 07:00:17'),(3284,7724,NULL,449,1,'2013-03-27 07:05:29'),(3285,7724,NULL,448,1,'2013-03-27 07:02:00'),(3286,7724,NULL,558,1,'2013-03-27 07:02:29'),(3287,7724,NULL,557,1,'2013-03-27 07:02:57'),(3288,7724,NULL,563,1,'2013-03-27 07:03:24'),(3291,7729,NULL,564,1,'2013-03-27 13:05:53'),(3292,7731,NULL,408,1,'2013-03-27 20:40:25'),(3293,7733,NULL,393,1,'2013-03-27 20:42:48'),(3294,7731,NULL,403,1,'2013-03-27 20:43:00'),(3295,7731,NULL,564,1,'2013-03-27 22:17:31'),(3299,7739,NULL,564,1,'2013-03-27 22:03:17'),(3300,7739,NULL,373,1,'2013-03-27 22:03:32'),(3305,7744,NULL,418,1,'2013-03-28 03:50:36'),(3308,7744,NULL,417,1,'2013-03-28 04:31:32'),(3309,7745,NULL,562,1,'2013-03-28 04:14:16'),(3310,7746,NULL,449,1,'2013-03-28 05:24:15'),(3311,7746,NULL,562,1,'2013-03-28 05:24:14'),(3313,7746,NULL,559,1,'2013-03-28 04:28:40'),(3316,7746,NULL,450,1,'2013-03-28 04:33:31'),(3322,7744,NULL,562,1,'2013-03-28 04:49:37'),(3323,7744,NULL,449,1,'2013-03-28 04:50:00'),(3324,7751,NULL,559,1,'2013-03-28 04:54:01'),(3325,7751,NULL,449,1,'2013-03-28 04:54:48'),(3328,7751,NULL,561,1,'2013-03-28 05:32:10'),(3330,7752,NULL,559,1,'2013-03-28 04:57:03'),(3331,7752,NULL,449,1,'2013-03-28 04:57:27'),(3333,7746,NULL,563,1,'2013-03-28 05:12:58'),(3338,7757,NULL,562,1,'2013-03-28 05:25:23'),(3339,7757,NULL,449,1,'2013-03-28 05:25:00'),(3340,7757,NULL,448,1,'2013-03-28 05:25:15'),(3342,7757,NULL,559,1,'2013-03-28 05:25:32'),(3344,7751,NULL,448,1,'2013-03-28 05:32:21'),(3345,7751,NULL,560,1,'2013-03-28 05:32:30'),(3346,7759,NULL,421,1,'2013-03-28 08:14:52'),(3347,7760,NULL,417,1,'2013-03-28 09:16:35'),(3357,7761,NULL,417,1,'2013-03-28 09:16:55'),(3358,7760,NULL,418,1,'2013-03-28 09:19:47'),(3361,7762,NULL,418,1,'2013-03-28 09:23:49'),(3365,7762,NULL,417,1,'2013-03-28 09:58:25'),(3370,7764,NULL,417,1,'2013-03-28 10:13:20'),(3371,7764,NULL,418,1,'2013-03-28 10:13:10'),(3378,7772,NULL,564,1,'2013-03-28 17:59:44'),(3379,7773,NULL,403,1,'2013-03-28 18:12:19'),(3382,7773,NULL,374,1,'2013-03-28 18:26:13'),(3383,NULL,30,553,1,'2013-03-28 19:46:23'),(3386,NULL,30,409,1,'2013-03-28 19:46:23'),(3387,NULL,30,421,1,'2013-03-28 19:46:23'),(3388,NULL,29,417,1,'2013-03-28 19:59:17'),(3389,NULL,28,440,1,'2013-03-28 20:01:14'),(3390,NULL,27,403,1,'2013-03-28 20:05:26'),(3391,NULL,27,414,1,'2013-03-28 20:05:26'),(3392,NULL,26,431,1,'2013-03-28 20:12:08'),(3394,NULL,26,448,1,'2013-03-28 20:12:08'),(3395,NULL,31,456,1,'2013-03-28 20:18:49'),(3397,NULL,24,403,1,'2013-03-28 20:20:53'),(3398,NULL,24,432,1,'2013-03-28 20:20:53'),(3399,7812,NULL,410,1,'2013-03-28 20:49:16'),(3405,7812,NULL,408,1,'2013-03-28 20:50:29'),(3407,7815,NULL,408,1,'2013-03-28 20:51:45'),(3408,7815,NULL,412,1,'2013-03-28 20:52:11'),(3409,7812,NULL,422,1,'2013-03-28 20:54:08'),(3411,7820,NULL,418,1,'2013-03-28 22:51:24'),(3412,7820,NULL,421,1,'2013-03-28 22:51:41'),(3413,7820,NULL,425,1,'2013-03-28 22:51:52'),(3414,7820,NULL,393,1,'2013-03-28 23:00:39'),(3424,7838,NULL,418,1,'2013-03-29 20:59:41'),(3427,7838,NULL,393,1,'2013-03-29 21:01:15'),(3428,7838,NULL,392,1,'2013-03-29 21:01:25'),(3439,7841,NULL,392,1,'2013-03-29 22:33:23'),(3440,7842,NULL,392,1,'2013-03-29 22:33:23'),(3441,7843,NULL,392,1,'2013-03-29 22:33:23'),(3442,7844,NULL,392,1,'2013-03-29 22:33:24'),(3451,7891,NULL,411,1,'2013-03-30 23:45:06'),(3452,7895,NULL,418,1,'2013-04-01 06:09:34'),(3453,7895,NULL,421,1,'2013-04-01 04:36:34'),(3454,7895,NULL,425,1,'2013-04-01 04:36:35'),(3455,7895,NULL,284,1,'2013-04-01 05:49:43'),(3463,7900,NULL,284,1,'2013-04-01 09:24:19'),(3464,7900,NULL,418,1,'2013-04-01 09:29:52'),(3465,9912,NULL,410,1,'2013-04-01 16:00:18'),(3466,9913,NULL,410,1,'2013-04-01 16:00:54'),(3469,9916,NULL,418,1,'2013-04-01 17:24:13'),(3470,9916,NULL,389,1,'2013-04-01 17:26:22'),(3473,9920,NULL,418,1,'2013-04-01 20:29:03'),(3474,9929,NULL,284,1,'2013-04-02 05:57:29'),(3475,9929,NULL,417,1,'2013-04-02 06:01:00'),(3476,9929,NULL,418,1,'2013-04-02 05:57:31'),(3479,9931,NULL,417,1,'2013-04-02 06:01:22'),(3480,9931,NULL,284,1,'2013-04-02 06:48:34'),(3481,9931,NULL,418,1,'2013-04-02 06:48:32'),(3514,9933,NULL,284,1,'2013-04-02 06:48:55'),(3515,9933,NULL,418,1,'2013-04-02 06:48:59'),(3516,9933,NULL,406,1,'2013-04-02 07:00:03'),(3517,9933,NULL,410,1,'2013-04-02 06:49:55'),(3519,9935,NULL,409,1,'2013-04-02 10:52:39'),(3520,9935,NULL,337,1,'2013-04-02 11:00:28'),(3522,9935,NULL,410,1,'2013-04-02 11:07:31'),(3523,9938,NULL,417,1,'2013-04-02 17:15:54'),(3524,9941,NULL,418,1,'2013-04-02 17:28:36'),(3527,9942,NULL,390,1,'2013-04-02 18:02:20'),(3532,9947,NULL,390,1,'2013-04-02 18:02:02'),(3537,9951,NULL,390,1,'2013-04-02 18:20:10'),(3538,9952,NULL,418,1,'2013-04-02 18:47:56'),(3539,9955,NULL,425,1,'2013-04-02 19:31:31'),(3540,9956,NULL,421,1,'2013-04-02 20:34:52'),(3545,9956,NULL,406,1,'2013-04-02 20:44:37'),(3548,9956,NULL,403,1,'2013-04-02 21:12:36'),(3549,9958,NULL,555,1,'2013-04-02 21:31:29'),(3550,9959,NULL,374,1,'2013-04-02 22:56:48'),(3551,9961,NULL,418,1,'2013-04-03 07:52:19'),(3552,9963,NULL,393,1,'2013-04-03 07:28:28'),(3553,9963,NULL,445,1,'2013-04-03 07:28:29'),(3594,9974,NULL,564,1,'2013-04-03 15:16:29'),(3598,9975,NULL,564,1,'2013-04-03 15:18:06'),(3605,9976,NULL,564,1,'2013-04-03 15:22:41'),(3606,9977,NULL,564,1,'2013-04-03 15:21:17'),(3610,9978,NULL,425,1,'2013-04-03 16:13:01'),(3611,9978,NULL,406,1,'2013-04-03 16:13:54'),(3612,9980,NULL,408,1,'2013-04-03 18:38:35'),(3614,9980,NULL,410,1,'2013-04-03 18:38:51'),(3615,9980,NULL,418,1,'2013-04-03 19:27:05'),(3617,9983,NULL,564,1,'2013-04-04 00:40:45'),(3618,9984,NULL,421,1,'2013-04-04 01:24:00'),(3619,9990,NULL,402,1,'2013-04-04 08:30:42'),(3620,9990,NULL,416,1,'2013-04-04 08:31:00'),(3621,9990,NULL,403,1,'2013-04-04 08:36:24'),(3622,9991,NULL,406,1,'2013-04-04 08:42:59'),(3623,9991,NULL,440,1,'2013-04-04 08:44:14'),(3624,9991,NULL,555,1,'2013-04-04 08:44:15'),(3628,9994,NULL,555,1,'2013-04-04 11:18:34'),(3629,9995,NULL,440,1,'2013-04-04 11:18:35'),(3630,9996,NULL,555,1,'2013-04-04 11:49:41'),(3631,9997,NULL,555,1,'2013-04-04 11:51:49'),(3632,9997,NULL,440,1,'2013-04-04 11:52:33'),(3633,9996,NULL,447,1,'2013-04-04 12:05:43'),(3634,9999,NULL,447,1,'2013-04-04 12:26:41'),(3639,10109,NULL,418,1,'2013-04-04 23:30:24'),(3640,10113,NULL,447,1,'2013-04-05 06:24:25'),(3643,10112,NULL,447,1,'2013-04-05 07:01:29'),(3651,10118,NULL,428,1,'2013-04-05 09:03:45'),(3652,10118,NULL,447,1,'2013-04-05 09:08:46'),(3654,10122,NULL,555,1,'2013-04-06 01:20:04'),(3655,10122,NULL,440,1,'2013-04-06 01:23:52'),(3659,10127,NULL,404,1,'2013-04-08 05:46:18'),(3665,10129,NULL,447,1,'2013-04-08 06:19:47'),(3666,10127,NULL,339,1,'2013-04-08 06:27:47'),(3669,10131,NULL,402,1,'2013-04-08 09:12:19'),(3670,10132,NULL,411,1,'2013-04-08 06:33:58'),(3671,10131,NULL,379,1,'2013-04-08 06:36:10'),(3672,10131,NULL,412,1,'2013-04-08 08:03:07'),(3678,10131,NULL,406,1,'2013-04-08 07:35:56'),(3680,10131,NULL,427,1,'2013-04-08 07:37:15'),(3681,10131,NULL,373,1,'2013-04-08 08:09:23'),(3687,10131,NULL,403,1,'2013-04-08 07:44:08'),(3689,10138,NULL,412,1,'2013-04-08 07:45:50'),(3701,10141,NULL,374,1,'2013-04-08 08:41:33'),(3702,10131,NULL,440,1,'2013-04-08 08:51:37'),(3706,10131,NULL,410,1,'2013-04-08 10:28:22'),(3707,10131,NULL,404,1,'2013-04-08 09:02:19'),(3717,10148,NULL,546,1,'2013-04-08 09:37:11'),(3721,10131,NULL,420,1,'2013-04-08 10:28:33'),(3722,10131,NULL,421,1,'2013-04-08 10:30:11'),(3723,10152,NULL,408,1,'2013-04-08 10:57:41'),(3724,10158,NULL,564,1,'2013-04-08 15:49:05'),(3727,10161,NULL,546,1,'2013-04-09 04:44:36'),(3730,10167,NULL,447,1,'2013-04-09 05:31:52'),(3731,10168,NULL,418,1,'2013-04-09 05:35:13'),(3732,10168,NULL,553,1,'2013-04-09 05:35:22'),(3733,10168,NULL,284,1,'2013-04-09 05:42:00'),(3735,10169,NULL,421,1,'2013-04-09 06:09:18'),(3756,10177,NULL,418,1,'2013-04-09 08:21:14'),(3758,10177,NULL,420,1,'2013-04-09 08:30:34'),(3759,10177,NULL,404,1,'2013-04-09 08:32:02'),(3760,10177,NULL,554,1,'2013-04-09 08:55:17'),(3761,10178,NULL,564,1,'2013-04-09 08:50:44'),(3765,10177,NULL,428,1,'2013-04-09 09:15:57'),(3766,10179,NULL,447,1,'2013-04-09 09:51:10'),(3776,10181,NULL,447,1,'2013-04-09 10:09:41'),(3779,10183,NULL,554,1,'2013-04-09 11:40:16'),(3782,10191,NULL,421,1,'2013-04-10 05:39:31'),(3808,10223,NULL,412,1,'2013-04-10 11:30:13'),(3809,10235,NULL,421,1,'2013-04-10 13:28:37'),(3812,10236,NULL,440,1,'2013-04-10 14:31:46'),(3857,10292,NULL,381,1,'2013-04-11 13:34:44'),(3858,10297,NULL,406,1,'2013-04-11 17:53:53'),(3867,10306,NULL,422,1,'2013-04-12 05:49:53'),(3868,10306,NULL,417,1,'2013-04-12 05:50:46'),(3870,10306,NULL,406,1,'2013-04-12 05:55:53'),(3882,10316,NULL,402,1,'2013-04-12 06:58:33'),(3883,10316,NULL,440,1,'2013-04-12 07:07:00'),(3888,10397,NULL,456,1,'2013-04-15 05:27:12'),(3928,10430,NULL,408,1,'2013-04-15 08:49:10'),(3930,10430,NULL,338,1,'2013-04-15 08:49:49'),(3935,10471,NULL,393,1,'2013-04-15 16:44:13'),(3937,10474,NULL,284,1,'2013-04-15 18:30:43'),(3938,10475,NULL,338,1,'2013-04-15 18:34:21'),(3939,10475,NULL,410,1,'2013-04-15 18:34:55'),(3940,10477,NULL,408,1,'2013-04-15 20:07:08'),(3941,10477,NULL,409,1,'2013-04-15 20:07:46'),(3943,10477,NULL,411,1,'2013-04-15 20:08:35'),(3945,10485,NULL,284,1,'2013-04-15 23:23:37'),(3946,10485,NULL,447,1,'2013-04-15 23:26:32'),(3948,10485,NULL,393,1,'2013-04-15 23:53:01'),(3970,10507,NULL,418,1,'2013-04-16 06:55:34'),(3971,10513,NULL,403,1,'2013-04-16 08:55:33'),(3972,10513,NULL,416,1,'2013-04-16 08:56:39'),(3973,10518,NULL,418,1,'2013-04-16 09:15:40'),(3974,10513,NULL,339,1,'2013-04-16 09:16:40'),(3978,10522,NULL,408,1,'2013-04-16 10:19:07'),(3994,10523,NULL,448,1,'2013-04-16 11:20:18'),(3995,10523,NULL,450,1,'2013-04-16 11:20:47'),(4002,10533,NULL,393,1,'2013-04-16 12:02:46'),(4003,10537,NULL,437,1,'2013-04-16 13:19:47'),(4004,10541,NULL,339,1,'2013-04-16 14:34:38'),(4005,10541,NULL,338,1,'2013-04-16 14:35:10'),(4006,10541,NULL,558,1,'2013-04-16 14:35:41'),(4007,10551,NULL,410,1,'2013-04-16 15:04:31'),(4008,10552,NULL,413,1,'2013-04-16 16:25:20'),(4009,10555,NULL,393,1,'2013-04-16 16:46:52'),(4010,10556,NULL,549,1,'2013-04-16 16:49:43'),(4011,10559,NULL,456,1,'2013-04-16 19:45:22'),(4012,10559,NULL,414,1,'2013-04-16 19:50:23'),(4014,10559,NULL,431,1,'2013-04-16 20:15:24'),(4016,10561,NULL,431,1,'2013-04-16 20:19:34'),(4017,10562,NULL,431,1,'2013-04-16 20:19:38'),(4018,10565,NULL,403,1,'2013-04-16 22:31:06'),(4019,10567,NULL,418,1,'2013-04-17 04:06:23'),(4059,10586,NULL,406,1,'2013-04-17 09:28:53'),(4060,10586,NULL,402,1,'2013-04-17 09:36:56'),(4061,10586,NULL,414,1,'2013-04-17 09:34:14'),(4063,10591,NULL,417,1,'2013-04-17 11:20:50'),(4064,10591,NULL,402,1,'2013-04-17 11:23:27'),(4065,10592,NULL,437,1,'2013-04-17 14:09:45'),(4066,10592,NULL,427,1,'2013-04-17 14:10:31'),(4069,10599,NULL,406,1,'2013-04-17 17:28:08'),(4070,10600,NULL,404,1,'2013-04-17 17:53:48'),(4071,10601,NULL,393,1,'2013-04-17 22:01:39'),(4072,10604,NULL,393,1,'2013-04-17 23:11:56'),(4073,10603,NULL,393,1,'2013-04-17 22:25:12'),(4075,10605,NULL,560,1,'2013-04-17 23:27:34'),(4076,10604,NULL,560,1,'2013-04-17 23:26:53'),(4078,10605,NULL,410,1,'2013-04-18 00:12:34'),(4079,10622,NULL,403,1,'2013-04-18 08:29:01'),(4080,10622,NULL,402,1,'2013-04-18 08:31:37'),(4082,10625,NULL,403,1,'2013-04-18 08:29:24'),(4085,10627,NULL,402,1,'2013-04-18 08:31:58'),(4087,10623,NULL,402,1,'2013-04-18 08:32:29'),(4096,10638,NULL,560,1,'2013-04-18 14:17:22'),(4097,10638,NULL,559,1,'2013-04-18 14:17:01'),(4099,10639,NULL,560,1,'2013-04-18 14:21:50'),(4100,10639,NULL,456,1,'2013-04-18 14:22:20'),(4109,10645,NULL,404,1,'2013-04-18 16:36:38'),(4117,10656,NULL,564,1,'2013-04-18 21:08:47'),(4118,10656,NULL,437,1,'2013-04-18 21:09:05'),(4119,10656,NULL,391,1,'2013-04-18 21:10:22'),(4121,10657,NULL,423,1,'2013-04-18 21:10:39'),(4122,10657,NULL,406,1,'2013-04-18 21:11:33'),(4123,10657,NULL,448,1,'2013-04-18 21:12:15'),(4124,10657,NULL,425,1,'2013-04-18 21:16:19'),(4125,10657,NULL,431,1,'2013-04-18 21:17:03'),(4126,10657,NULL,379,1,'2013-04-18 21:32:30'),(4127,10657,NULL,427,1,'2013-04-18 21:32:48'),(4128,10657,NULL,407,1,'2013-04-18 21:33:11'),(4129,10657,NULL,418,1,'2013-04-18 21:33:34'),(4130,10657,NULL,421,1,'2013-04-18 21:35:28'),(4132,10657,NULL,408,1,'2013-04-18 21:35:43'),(4133,10657,NULL,412,1,'2013-04-18 21:36:03'),(4134,10657,NULL,393,1,'2013-04-18 21:36:51'),(4135,10657,NULL,396,1,'2013-04-18 21:37:09'),(4136,10657,NULL,398,1,'2013-04-18 21:37:26'),(4137,10657,NULL,390,1,'2013-04-18 21:37:47'),(4138,10657,NULL,440,1,'2013-04-18 21:38:08'),(4139,10657,NULL,546,1,'2013-04-18 21:38:27'),(4140,10657,NULL,553,1,'2013-04-18 21:38:38'),(4141,10658,NULL,374,1,'2013-04-18 21:48:00'),(4142,10663,NULL,560,1,'2013-04-19 04:20:43'),(4144,10673,NULL,406,1,'2013-04-19 05:15:46'),(4145,10673,NULL,402,1,'2013-04-19 05:16:45'),(4146,10675,NULL,564,1,'2013-04-19 05:23:04'),(4147,10671,NULL,564,1,'2013-04-19 06:25:07'),(4151,10681,NULL,402,1,'2013-04-19 09:01:34'),(4157,10688,NULL,418,1,'2013-04-19 12:46:09'),(4158,10689,NULL,560,1,'2013-04-19 15:46:10'),(4160,10693,NULL,560,1,'2013-04-19 16:59:15'),(4161,10694,NULL,393,1,'2013-04-19 16:59:17'),(4162,10699,NULL,418,1,'2013-04-19 21:46:42'),(4163,10700,NULL,560,1,'2013-04-19 22:00:33'),(4164,10704,NULL,373,1,'2013-04-22 04:47:14'),(4165,10704,NULL,555,1,'2013-04-22 04:47:32'),(4166,10705,NULL,284,1,'2013-04-22 07:34:20'),(4167,10705,NULL,418,1,'2013-04-22 07:34:33'),(4168,10706,NULL,418,1,'2013-04-22 07:35:36'),(4170,10707,NULL,418,1,'2013-04-22 10:20:22'),(4171,10710,NULL,561,1,'2013-04-22 15:17:27'),(4173,10712,NULL,553,1,'2013-04-22 15:56:08'),(4174,NULL,64,417,1,'2013-04-22 17:20:15'),(4175,NULL,64,406,1,'2013-04-22 17:20:15'),(4177,10722,65,412,1,'2013-04-22 17:44:02'),(4179,10730,NULL,560,1,'2013-04-22 22:58:08'),(4180,10733,NULL,446,1,'2013-04-22 23:40:47'),(4181,10733,NULL,439,1,'2013-04-22 23:39:56'),(4182,10735,NULL,439,1,'2013-04-22 23:48:37'),(4184,10734,NULL,439,1,'2013-04-22 23:40:39'),(4186,10733,NULL,447,1,'2013-04-22 23:41:17'),(4187,10735,NULL,555,1,'2013-04-22 23:48:35'),(4188,10735,NULL,440,1,'2013-04-22 23:58:55'),(4189,10733,NULL,555,1,'2013-04-22 23:47:01'),(4190,10733,NULL,440,1,'2013-04-22 23:57:13'),(4193,10734,NULL,555,1,'2013-04-22 23:48:46'),(4194,10734,NULL,440,1,'2013-04-22 23:48:54'),(4198,10733,NULL,284,1,'2013-04-22 23:54:37'),(4199,10733,NULL,413,1,'2013-04-22 23:54:56'),(4200,10733,NULL,418,1,'2013-04-22 23:56:44'),(4204,10735,NULL,553,1,'2013-04-23 00:05:46'),(4205,10919,NULL,439,1,'2013-04-23 01:38:16'),(4217,11037,NULL,425,1,'2013-04-23 09:37:27'),(4218,11037,NULL,406,1,'2013-04-23 09:43:12'),(4219,11040,NULL,410,1,'2013-04-23 11:25:41'),(4227,11047,NULL,391,1,'2013-04-23 18:30:00'),(4230,NULL,73,402,1,'2013-04-24 03:19:13'),(4233,NULL,73,403,1,'2013-04-24 03:19:13'),(4234,NULL,73,555,1,'2013-04-24 03:19:13'),(4235,NULL,73,546,1,'2013-04-24 03:19:13'),(4236,NULL,80,414,1,'2013-04-24 03:28:42'),(4237,NULL,80,421,1,'2013-04-24 03:28:42'),(4238,NULL,80,425,1,'2013-04-24 03:28:42'),(4239,NULL,74,414,1,'2013-04-24 03:44:27'),(4240,NULL,74,431,1,'2013-04-24 03:44:27'),(4241,NULL,74,417,1,'2013-04-24 03:44:27'),(4242,NULL,74,448,1,'2013-04-24 03:44:27'),(4243,NULL,74,426,1,'2013-04-24 03:44:27'),(4245,NULL,74,402,1,'2013-04-24 03:44:27'),(4246,NULL,74,405,1,'2013-04-24 03:44:27'),(4247,NULL,77,431,1,'2013-04-24 03:46:20'),(4248,NULL,76,431,1,'2013-04-24 03:51:38'),(4250,NULL,81,431,1,'2013-04-24 03:54:52'),(4251,NULL,81,402,1,'2013-04-24 03:54:52'),(4252,NULL,76,402,1,'2013-04-24 04:05:10'),(4253,NULL,76,404,1,'2013-04-24 04:05:10'),(4254,NULL,76,546,1,'2013-04-24 04:05:10'),(4255,NULL,82,431,1,'2013-04-24 04:14:11'),(4256,NULL,64,431,1,'2013-04-24 04:24:11'),(4257,NULL,64,420,1,'2013-04-24 04:24:11'),(4264,11075,NULL,418,1,'2013-04-24 07:54:12'),(4275,NULL,84,808,NULL,'2013-04-24 14:39:51'),(4276,NULL,84,871,NULL,'2013-04-24 14:39:51'),(4277,NULL,84,875,NULL,'2013-04-24 14:39:51'),(4278,NULL,84,812,NULL,'2013-04-24 14:39:51'),(4279,11087,NULL,439,1,'2013-04-24 20:52:36'),(4280,11088,NULL,440,1,'2013-04-24 20:53:30'),(4281,11090,NULL,555,1,'2013-04-24 21:10:21'),(4282,NULL,70,546,1,'2013-04-24 22:05:24'),(4284,NULL,92,559,1,'2013-05-15 22:52:56'),(4285,NULL,92,415,1,'2013-05-15 22:52:56'),(4286,NULL,92,426,1,'2013-05-15 22:52:56'),(4289,NULL,92,421,1,'2013-05-15 22:52:56'),(4322,11108,NULL,421,1,'2013-04-25 08:08:18'),(4335,NULL,95,406,1,'2013-04-25 17:48:42'),(4337,NULL,95,427,1,'2013-04-25 17:48:42'),(4339,NULL,95,546,1,'2013-04-25 17:48:42'),(4341,NULL,95,405,1,'2013-04-25 17:48:42'),(4342,NULL,95,420,1,'2013-04-25 17:48:42'),(4343,NULL,85,870,NULL,'2013-04-25 17:59:00'),(4345,NULL,85,812,NULL,'2013-04-25 17:59:00'),(4346,NULL,85,824,NULL,'2013-04-25 17:59:00'),(4353,11125,90,546,1,'2013-04-25 18:15:40'),(4355,11125,90,432,1,'2013-04-25 18:23:09'),(4356,11125,90,448,1,'2013-04-25 18:23:36'),(4357,11127,NULL,432,1,'2013-04-25 18:30:52'),(4358,11127,NULL,448,1,'2013-04-25 18:31:29'),(4359,11133,NULL,418,1,'2013-04-26 00:37:32'),(4360,11133,NULL,554,1,'2013-04-26 00:38:24'),(4361,11134,NULL,554,1,'2013-04-26 00:40:08'),(4362,11136,NULL,554,1,'2013-04-26 00:50:14'),(4363,11140,NULL,425,1,'2013-04-26 07:45:33'),(4364,11140,NULL,426,1,'2013-04-26 07:41:05'),(4367,11144,NULL,410,1,'2013-04-26 11:12:49'),(4368,11154,NULL,402,1,'2013-04-26 17:54:46'),(4369,NULL,92,431,1,'2013-05-15 22:52:56'),(4371,NULL,92,418,1,'2013-05-15 22:52:56'),(4391,11217,NULL,418,1,'2013-04-30 06:39:06'),(4395,11219,NULL,409,1,'2013-04-30 06:42:30'),(4405,11220,NULL,418,1,'2013-04-30 08:05:04'),(4407,11223,NULL,425,1,'2013-04-30 10:00:22'),(4415,11230,NULL,564,1,'2013-04-30 21:21:16'),(4416,11230,NULL,410,1,'2013-04-30 21:21:32'),(4417,11230,NULL,409,1,'2013-04-30 21:22:51'),(4418,11232,NULL,402,1,'2013-05-01 14:25:01'),(4420,11238,NULL,403,1,'2013-05-02 03:50:01'),(4432,11254,NULL,418,1,'2013-05-02 08:44:29'),(4440,11247,NULL,412,1,'2013-05-02 08:57:17'),(4458,11258,NULL,284,1,'2013-05-02 09:33:22'),(4471,11260,NULL,339,1,'2013-05-02 10:34:33'),(4485,11262,NULL,284,1,'2013-05-02 11:04:52'),(4495,11266,NULL,418,1,'2013-05-02 12:04:14'),(4500,11270,NULL,418,1,'2013-05-02 13:31:39'),(4503,11276,NULL,372,1,'2013-05-02 17:04:15'),(4504,11278,NULL,406,1,'2013-05-02 18:14:48'),(4506,11283,NULL,418,1,'2013-05-03 03:34:53'),(4523,11289,NULL,418,1,'2013-05-03 07:23:03'),(4526,11295,NULL,432,1,'2013-05-03 07:51:42'),(4527,11295,NULL,433,1,'2013-05-03 07:55:32'),(4528,11295,NULL,440,1,'2013-05-03 09:35:22'),(4529,11295,NULL,442,1,'2013-05-03 07:57:40'),(4530,11295,NULL,447,1,'2013-05-03 08:02:10'),(4535,11295,NULL,421,1,'2013-05-03 08:12:46'),(4536,11295,NULL,445,1,'2013-05-03 08:59:56'),(4537,11301,NULL,402,1,'2013-05-03 08:16:31'),(4538,11295,NULL,448,1,'2013-05-03 08:17:45'),(4561,11304,NULL,445,1,'2013-05-03 08:59:46'),(4575,11307,NULL,402,1,'2013-05-03 09:41:12'),(4576,11307,NULL,430,1,'2013-05-03 09:41:36'),(4577,11307,NULL,437,1,'2013-05-03 09:44:59'),(4582,11307,NULL,440,1,'2013-05-03 09:45:42'),(4587,11309,NULL,442,1,'2013-05-03 10:12:30'),(4588,11310,NULL,445,1,'2013-05-03 10:12:32'),(4591,11311,NULL,440,1,'2013-05-03 10:15:05'),(4593,11313,NULL,448,1,'2013-05-03 10:25:12'),(4594,11314,NULL,432,1,'2013-05-03 10:25:14'),(4616,11323,NULL,406,1,'2013-05-03 15:06:24'),(4617,11324,NULL,560,1,'2013-05-03 15:45:45'),(4627,11327,NULL,403,1,'2013-05-03 18:07:43'),(4628,11328,NULL,418,1,'2013-05-03 18:22:07'),(4634,NULL,92,410,1,'2013-05-15 22:52:56'),(4635,11335,NULL,417,1,'2013-05-03 22:12:11'),(4636,11335,NULL,284,1,'2013-05-03 22:12:12'),(4637,11346,NULL,555,1,'2013-05-05 16:25:49'),(4639,11349,NULL,284,1,'2013-05-06 04:05:16'),(4640,11349,NULL,402,1,'2013-05-06 04:34:55'),(4641,11349,NULL,410,1,'2013-05-06 04:34:37'),(4643,11357,NULL,412,1,'2013-05-06 06:30:02'),(4644,11357,NULL,408,1,'2013-05-06 06:30:13'),(4647,NULL,95,414,1,'2013-05-06 14:54:01'),(4648,11400,95,415,1,'2013-05-06 19:49:08'),(4649,11374,NULL,554,1,'2013-05-06 14:41:23'),(4650,11382,NULL,402,1,'2013-05-06 15:24:36'),(4651,11383,NULL,402,1,'2013-05-06 15:24:57'),(4652,11391,NULL,421,1,'2013-05-06 17:11:04'),(4654,11392,NULL,402,1,'2013-05-06 17:15:35'),(4656,11411,NULL,406,1,'2013-05-06 22:49:43'),(4665,11450,NULL,418,1,'2013-05-07 05:23:06'),(4729,11504,NULL,560,1,'2013-05-07 16:04:29'),(4741,11513,NULL,417,1,'2013-05-07 18:55:55'),(4742,11513,NULL,284,1,'2013-05-07 18:55:58'),(4743,11513,NULL,560,1,'2013-05-07 19:10:00'),(4746,11507,NULL,406,1,'2013-05-07 19:36:39'),(4747,11519,NULL,403,1,'2013-05-07 21:04:03'),(4759,11535,NULL,418,1,'2013-05-08 07:04:00'),(4761,11536,NULL,410,1,'2013-05-08 07:07:58'),(4764,11535,NULL,425,1,'2013-05-08 07:16:50'),(4768,11535,NULL,403,1,'2013-05-08 08:34:21'),(4771,11556,NULL,875,1,'2013-05-08 14:30:34'),(4773,11556,NULL,284,1,'2013-05-08 15:07:22'),(4775,11556,NULL,877,1,'2013-05-08 15:36:07'),(4783,11561,NULL,560,1,'2013-05-08 19:11:34'),(4789,11572,NULL,406,1,'2013-05-09 13:09:14'),(4790,11572,NULL,417,1,'2013-05-09 13:09:30'),(4791,11577,NULL,560,1,'2013-05-09 16:36:34'),(4794,11580,NULL,875,1,'2013-05-09 17:30:42'),(4796,11583,NULL,410,1,'2013-05-09 22:24:16'),(4797,11585,NULL,446,1,'2013-05-09 23:16:23'),(4802,11604,NULL,564,1,'2013-05-10 14:07:11'),(4803,11605,NULL,564,1,'2013-05-10 14:06:05'),(4806,11611,NULL,564,1,'2013-05-10 16:13:03'),(4815,11637,NULL,564,1,'2013-05-10 19:17:38'),(4821,11654,NULL,418,1,'2013-05-10 20:16:15'),(4822,11668,NULL,417,1,'2013-05-10 20:58:12'),(4825,11675,NULL,564,1,'2013-05-10 21:03:41'),(4826,11675,NULL,423,1,'2013-05-10 21:26:36'),(4828,11691,NULL,406,1,'2013-05-10 21:51:46'),(4829,11690,NULL,418,1,'2013-05-10 21:53:52'),(4830,11692,NULL,406,1,'2013-05-10 21:52:55'),(4831,11694,NULL,406,1,'2013-05-10 21:53:45'),(4833,11699,NULL,423,1,'2013-05-10 21:56:10'),(4834,11691,NULL,374,1,'2013-05-10 21:57:56'),(4835,11691,NULL,403,1,'2013-05-10 21:58:23'),(4836,11711,NULL,418,1,'2013-05-10 21:59:42'),(4837,11714,NULL,374,1,'2013-05-10 22:03:43'),(4838,11716,NULL,403,1,'2013-05-10 22:04:03'),(4840,11726,NULL,418,1,'2013-05-10 23:41:56'),(4841,11727,NULL,418,1,'2013-05-10 23:43:42'),(4842,11728,NULL,418,1,'2013-05-10 23:53:12'),(4844,11731,NULL,418,1,'2013-05-10 23:53:51'),(4845,11729,NULL,421,1,'2013-05-10 23:54:14'),(4847,11734,NULL,421,1,'2013-05-10 23:54:52'),(4848,11735,NULL,421,1,'2013-05-10 23:54:53'),(4849,11738,NULL,418,1,'2013-05-10 23:55:09'),(4850,11739,NULL,418,1,'2013-05-10 23:55:46'),(4851,11745,NULL,421,1,'2013-05-10 23:56:44'),(4852,11746,NULL,421,1,'2013-05-10 23:56:45'),(4853,11748,NULL,423,1,'2013-05-11 00:22:54'),(4855,11765,NULL,402,1,'2013-05-11 15:28:08'),(4858,11773,NULL,402,1,'2013-05-13 01:39:30'),(4859,11778,NULL,421,1,'2013-05-13 04:31:37'),(4860,11790,NULL,549,1,'2013-05-13 13:40:29'),(4864,11790,NULL,877,1,'2013-05-13 13:39:57'),(4866,11792,NULL,421,1,'2013-05-13 13:45:20'),(4867,11797,NULL,418,1,'2013-05-13 15:21:48'),(4868,11797,NULL,403,1,'2013-05-13 15:22:36'),(4869,11797,NULL,379,1,'2013-05-13 15:22:59'),(4870,11799,NULL,418,1,'2013-05-13 15:28:34'),(4871,11799,NULL,554,1,'2013-05-13 15:29:06'),(4872,11799,NULL,402,1,'2013-05-13 15:31:36'),(4873,11800,NULL,418,1,'2013-05-13 15:32:40'),(4874,11804,NULL,549,1,'2013-05-13 18:27:17'),(4890,11818,NULL,410,1,'2013-05-14 04:05:42'),(4891,11819,NULL,410,1,'2013-05-14 04:11:38'),(4892,11825,NULL,423,1,'2013-05-14 14:25:12'),(4893,11826,NULL,561,1,'2013-05-14 16:57:07'),(4896,11828,NULL,448,1,'2013-05-14 18:01:15'),(4899,11830,NULL,448,1,'2013-05-14 18:43:22'),(4901,11828,NULL,450,1,'2013-05-14 18:52:57'),(4902,11828,NULL,557,1,'2013-05-14 18:44:47'),(4903,11830,NULL,450,1,'2013-05-14 19:02:34'),(4904,11828,NULL,558,1,'2013-05-14 18:48:33'),(4905,11828,NULL,559,1,'2013-05-14 18:45:14'),(4906,11828,NULL,560,1,'2013-05-14 18:45:15'),(4907,11830,NULL,557,1,'2013-05-14 19:02:07'),(4910,11828,NULL,561,1,'2013-05-14 18:49:21'),(4911,11828,NULL,563,1,'2013-05-14 18:49:22'),(4919,11830,NULL,425,1,'2013-05-14 19:06:34'),(4921,NULL,82,435,1,'2013-05-15 22:50:32'),(4923,NULL,82,432,1,'2013-05-15 22:50:32'),(4940,11840,NULL,422,1,'2013-05-15 00:30:31'),(4941,11840,NULL,424,1,'2013-05-14 23:49:06'),(4942,11840,NULL,423,1,'2013-05-14 23:49:08'),(4943,11840,NULL,404,1,'2013-05-15 00:19:23'),(4945,11840,NULL,408,1,'2013-05-15 00:39:34'),(4947,11843,NULL,421,1,'2013-05-15 04:29:25'),(4948,11843,NULL,420,1,'2013-05-15 04:36:12'),(4949,11844,NULL,421,1,'2013-05-15 05:05:32'),(4951,11847,NULL,406,1,'2013-05-15 06:06:06'),(4952,11847,NULL,425,1,'2013-05-15 06:06:07'),(4953,11847,NULL,418,1,'2013-05-15 06:06:08'),(4956,11850,NULL,421,1,'2013-05-15 06:26:23'),(4959,11846,NULL,402,1,'2013-05-15 06:52:03'),(4960,11846,NULL,404,1,'2013-05-15 06:56:17'),(4968,11856,NULL,410,1,'2013-05-15 09:00:58'),(4985,11865,NULL,403,1,'2013-05-15 15:04:24'),(4987,11872,NULL,402,1,'2013-05-15 15:42:47'),(4995,11877,NULL,425,1,'2013-05-15 18:07:39'),(4996,11877,NULL,405,1,'2013-05-15 18:20:44'),(5005,11889,NULL,418,1,'2013-05-15 19:06:53'),(5036,11894,NULL,445,1,'2013-05-15 20:59:43'),(5038,11894,NULL,392,1,'2013-05-15 20:21:09'),(5041,11894,NULL,393,1,'2013-05-15 20:25:45'),(5042,11894,NULL,418,1,'2013-05-15 20:56:22'),(5043,11894,NULL,406,1,'2013-05-15 20:44:29'),(5044,11891,NULL,421,1,'2013-05-15 20:53:49'),(5045,11891,NULL,418,1,'2013-05-15 21:12:00'),(5047,11891,NULL,546,1,'2013-05-15 20:57:18'),(5049,11891,NULL,553,1,'2013-05-15 20:57:29'),(5051,11891,NULL,554,1,'2013-05-15 20:57:38'),(5052,11901,NULL,418,1,'2013-05-15 20:58:58'),(5055,11900,NULL,445,1,'2013-05-15 21:00:40'),(5064,11902,NULL,418,1,'2013-05-15 21:12:22'),(5065,11893,NULL,421,1,'2013-05-15 21:18:36'),(5066,11886,NULL,418,1,'2013-05-15 21:23:33'),(5067,11886,NULL,417,1,'2013-05-15 21:23:47'),(5068,11886,NULL,877,1,'2013-05-15 21:23:53'),(5069,11886,NULL,420,1,'2013-05-15 21:23:59'),(5070,11886,NULL,419,1,'2013-05-15 21:24:07'),(5071,11893,NULL,406,1,'2013-05-15 21:24:09'),(5072,11886,NULL,426,1,'2013-05-15 21:33:40'),(5073,11886,NULL,427,1,'2013-05-15 21:39:09'),(5074,11886,NULL,373,1,'2013-05-15 21:30:30'),(5077,11886,NULL,428,1,'2013-05-15 21:32:11'),(5087,NULL,82,402,1,'2013-05-15 22:50:32'),(5088,NULL,92,430,1,'2013-05-15 22:52:56'),(5089,11906,NULL,406,1,'2013-05-15 23:04:13'),(5090,11907,NULL,418,1,'2013-05-15 23:23:17'),(5091,11908,NULL,445,1,'2013-05-15 23:44:25'),(5092,11913,NULL,427,1,'2013-05-16 01:45:53'),(5093,11913,NULL,428,1,'2013-05-16 01:46:00'),(5094,11913,NULL,422,1,'2013-05-16 01:50:53'),(5096,11913,NULL,423,1,'2013-05-16 02:33:08'),(5097,11913,NULL,402,1,'2013-05-16 02:01:07'),(5099,11913,NULL,403,1,'2013-05-16 02:33:41'),(5100,11913,NULL,409,1,'2013-05-16 02:05:51'),(5103,11913,NULL,414,1,'2013-05-16 02:11:19'),(5106,11913,NULL,337,1,'2013-05-16 02:15:51'),(5108,11913,NULL,339,1,'2013-05-16 02:16:13'),(5109,11913,NULL,546,1,'2013-05-16 02:16:29'),(5110,11913,NULL,431,1,'2013-05-16 02:17:27'),(5113,11913,NULL,370,1,'2013-05-16 02:17:51'),(5114,11913,NULL,430,1,'2013-05-16 02:27:21'),(5115,11913,NULL,432,1,'2013-05-16 02:27:10'),(5121,11913,NULL,448,1,'2013-05-16 02:29:57'),(5123,11913,NULL,393,1,'2013-05-16 02:30:13'),(5124,11913,NULL,338,1,'2013-05-16 02:34:03'),(5128,11913,NULL,384,1,'2013-05-16 02:34:17'),(5129,11913,NULL,373,1,'2013-05-16 02:37:53'),(5131,11913,NULL,421,1,'2013-05-16 02:44:58'),(5135,11913,NULL,406,1,'2013-05-16 02:45:12'),(5136,11913,NULL,410,1,'2013-05-16 02:46:40'),(5137,11913,NULL,417,1,'2013-05-16 03:12:02'),(5138,11913,NULL,426,1,'2013-05-16 03:04:50'),(5139,11913,NULL,549,1,'2013-05-16 03:06:18'),(5143,11918,NULL,417,1,'2013-05-16 05:17:19'),(5145,11918,NULL,426,1,'2013-05-16 05:20:41'),(5147,NULL,135,403,1,'2013-05-29 06:51:41'),(5148,NULL,135,404,1,'2013-05-16 04:54:00'),(5150,NULL,135,414,1,'2013-05-29 06:51:41'),(5152,NULL,135,405,1,'2013-05-29 06:51:41'),(5154,NULL,135,415,1,'2013-05-16 04:54:00'),(5155,NULL,135,412,1,'2013-05-16 04:54:00'),(5156,NULL,135,409,1,'2013-05-29 06:51:41'),(5159,NULL,135,413,1,'2013-05-16 04:54:00'),(5160,NULL,136,448,1,'2013-05-24 18:54:34'),(5164,NULL,136,560,1,'2013-05-24 18:54:34'),(5166,NULL,136,424,1,'2013-05-28 05:03:39'),(5167,NULL,136,546,1,'2013-05-24 18:54:34'),(5169,NULL,136,432,1,'2013-05-24 18:54:34'),(5186,11921,NULL,421,1,'2013-05-16 06:36:03'),(5187,11921,NULL,402,1,'2013-05-16 06:37:37'),(5190,11935,NULL,402,1,'2013-05-16 08:34:46'),(5191,11935,NULL,414,1,'2013-05-16 08:26:58'),(5192,11935,NULL,403,1,'2013-05-16 08:27:15'),(5198,11935,NULL,411,1,'2013-05-16 08:35:14'),(5202,11935,NULL,555,1,'2013-05-16 08:38:52'),(5203,11940,NULL,421,1,'2013-05-16 09:34:34'),(5206,11941,NULL,410,1,'2013-05-16 09:54:48'),(5207,11941,NULL,402,1,'2013-05-16 10:01:32'),(5211,11959,NULL,402,1,'2013-05-16 14:39:20'),(5212,11960,NULL,402,1,'2013-05-16 14:39:45'),(5213,11962,NULL,418,1,'2013-05-16 14:43:42'),(5216,11965,NULL,410,1,'2013-05-16 15:33:23'),(5217,NULL,104,877,1,'2013-05-16 16:42:21'),(5220,NULL,104,426,1,'2013-05-16 16:42:21'),(5221,11961,NULL,426,1,'2013-05-16 15:48:39'),(5223,11961,NULL,877,1,'2013-05-16 16:01:25'),(5225,11965,NULL,417,1,'2013-05-16 16:08:42'),(5228,11970,NULL,877,1,'2013-05-16 17:22:30'),(5234,NULL,136,337,1,'2013-06-18 18:15:54'),(5235,NULL,136,555,1,'2013-05-24 18:54:34'),(5236,11980,NULL,555,1,'2013-05-16 18:47:19'),(5238,NULL,136,440,1,'2013-05-25 15:20:27'),(5239,1,136,564,2,'2013-12-25 12:10:57'),(5240,NULL,136,417,1,'2013-05-24 18:54:34'),(5241,NULL,136,445,1,'2013-05-24 18:54:34'),(5242,NULL,136,446,1,'2013-05-24 18:54:34'),(5243,NULL,136,447,1,'2013-05-25 15:20:27'),(5244,NULL,136,370,1,'2013-06-18 18:15:54'),(5250,NULL,136,392,1,'2013-06-20 17:06:57'),(5252,NULL,136,393,1,'2013-06-20 17:06:57'),(5255,NULL,136,390,1,'2013-05-24 18:54:34'),(5260,NULL,103,874,NULL,'2013-05-16 20:25:27'),(5261,NULL,103,864,NULL,'2013-05-16 20:25:27'),(5263,NULL,136,430,1,'2013-05-28 06:22:42'),(5264,NULL,136,386,1,'2013-05-24 18:54:34'),(5269,NULL,136,396,1,'2013-05-24 18:54:34'),(5275,NULL,103,873,NULL,'2013-05-16 20:25:27'),(5276,NULL,136,381,1,'2013-05-24 18:54:34'),(5278,NULL,136,877,1,'2013-05-24 18:54:34'),(5282,NULL,136,419,1,'2013-05-24 18:54:34'),(5283,NULL,136,399,1,'2013-05-24 18:54:34'),(5286,NULL,136,374,1,'2013-05-28 05:03:39'),(5288,11963,97,864,NULL,'2013-05-16 20:26:02'),(5291,NULL,136,406,1,'2013-05-24 18:54:34'),(5293,11990,NULL,423,1,'2013-05-16 20:52:57'),(5294,11990,NULL,370,1,'2013-05-16 20:52:05'),(5297,11990,NULL,392,1,'2013-05-16 21:27:42'),(5299,11993,NULL,555,1,'2013-05-16 22:16:17'),(5300,11998,NULL,418,1,'2013-05-17 03:32:23'),(5301,11999,NULL,406,1,'2013-05-17 03:59:42'),(5305,12001,NULL,418,1,'2013-05-17 05:04:38'),(5306,12003,NULL,421,1,'2013-05-17 05:00:39'),(5309,12001,NULL,419,1,'2013-05-17 05:13:03'),(5310,12005,NULL,399,1,'2013-05-17 06:17:36'),(5311,12012,NULL,399,1,'2013-05-17 08:10:59'),(5312,12013,NULL,418,1,'2013-05-17 08:26:07'),(5319,12016,NULL,418,1,'2013-05-17 10:02:20'),(5320,12017,NULL,399,1,'2013-05-17 09:58:57'),(5321,12015,NULL,546,1,'2013-05-17 09:59:16'),(5325,12015,NULL,418,1,'2013-05-17 10:02:53'),(5327,12015,NULL,553,1,'2013-05-17 10:03:51'),(5328,12015,NULL,410,1,'2013-05-17 10:13:08'),(5329,12020,NULL,406,1,'2013-05-22 06:35:18'),(5330,12024,NULL,418,1,'2013-05-23 00:42:37'),(5336,12027,NULL,426,1,'2013-05-24 00:03:01'),(5337,12027,NULL,417,1,'2013-05-24 00:04:19'),(5338,12028,NULL,418,1,'2013-05-24 01:04:04'),(5347,12033,NULL,431,1,'2013-05-24 07:50:15'),(5348,NULL,136,402,1,'2013-06-18 18:15:54'),(5358,NULL,135,546,1,'2013-05-25 14:34:21'),(5359,NULL,136,418,1,'2013-05-25 15:20:27'),(5360,NULL,136,423,1,'2013-05-28 05:03:39'),(5363,NULL,100,419,1,'2013-05-28 02:02:16'),(5364,NULL,100,430,1,'2013-06-18 18:13:11'),(5365,NULL,136,372,1,'2013-05-28 04:35:31'),(5368,NULL,136,425,1,'2013-05-28 05:03:39'),(5371,NULL,136,422,1,'2013-05-28 05:03:39'),(5374,NULL,136,373,1,'2013-05-28 05:03:39'),(5376,12044,NULL,422,1,'2013-05-28 11:59:24'),(5377,NULL,136,338,1,'2013-05-28 05:03:39'),(5379,NULL,136,398,1,'2013-05-28 05:03:39'),(5380,NULL,135,373,1,'2013-05-29 06:51:41'),(5381,14514,135,370,1,'2013-06-20 17:30:13'),(5383,NULL,135,374,1,'2013-05-29 06:51:41'),(5386,NULL,135,337,1,'2013-06-20 17:10:16'),(5387,NULL,135,554,1,'2013-06-20 17:10:16'),(5388,14514,135,392,1,'2013-06-20 17:30:15'),(5391,NULL,135,423,1,'2013-05-29 06:51:41'),(5393,12046,NULL,410,1,'2013-05-28 13:39:48'),(5395,NULL,136,450,1,'2013-05-28 18:01:27'),(5399,12051,NULL,418,1,'2013-05-29 01:40:41'),(5400,12086,NULL,418,1,'2013-05-29 01:40:41'),(5401,12051,NULL,421,1,'2013-05-29 01:41:18'),(5402,12089,NULL,421,1,'2013-05-29 01:41:18'),(5403,12107,NULL,425,1,'2013-05-29 04:51:24'),(5404,12104,NULL,425,1,'2013-05-29 04:57:50'),(5413,12115,NULL,425,1,'2013-05-29 04:58:30'),(5414,12115,NULL,418,1,'2013-05-29 04:59:10'),(5415,12116,NULL,425,1,'2013-05-29 05:00:14'),(5420,NULL,100,450,1,'2013-06-18 18:13:11'),(5426,NULL,135,564,1,'2013-05-29 06:51:41'),(5427,NULL,135,435,1,'2013-05-29 06:51:41'),(5428,NULL,100,378,1,'2013-05-29 05:17:52'),(5429,NULL,100,417,1,'2013-05-29 05:17:52'),(5430,NULL,100,439,1,'2013-05-29 05:17:52'),(5431,NULL,100,564,1,'2013-05-29 05:17:52'),(5432,NULL,100,445,1,'2013-05-29 05:17:52'),(5434,NULL,100,370,1,'2013-06-18 20:48:04'),(5435,NULL,100,390,1,'2013-05-29 05:17:52'),(5437,12146,NULL,398,1,'2013-05-29 11:45:20'),(5438,NULL,100,421,1,'2013-05-29 05:17:52'),(5450,NULL,135,417,1,'2013-05-29 06:51:41'),(5457,NULL,135,450,1,'2013-05-29 06:51:41'),(5458,NULL,135,558,1,'2013-05-29 06:51:41'),(5460,NULL,135,402,1,'2013-06-20 17:10:16'),(5464,12153,NULL,406,1,'2013-05-29 22:58:17'),(5467,12153,NULL,421,1,'2013-05-29 23:09:07'),(5468,12153,NULL,378,1,'2013-05-29 23:09:37'),(5469,12153,NULL,439,1,'2013-05-29 23:09:59'),(5470,12153,NULL,564,1,'2013-05-29 23:10:17'),(5471,12153,NULL,445,1,'2013-05-29 23:11:02'),(5472,12153,NULL,450,1,'2013-05-29 23:12:46'),(5473,12153,NULL,370,1,'2013-05-29 23:14:12'),(5474,12153,NULL,390,1,'2013-05-29 23:14:35'),(5475,12153,NULL,418,1,'2013-05-29 23:16:04'),(5476,NULL,100,427,1,'2013-06-18 18:13:11'),(5478,12153,NULL,373,1,'2013-05-29 23:59:16'),(5480,12153,NULL,391,1,'2013-05-29 23:59:48'),(5484,12186,NULL,410,1,'2013-05-30 02:29:31'),(5485,12187,NULL,410,1,'2013-05-30 02:29:31'),(5486,12210,NULL,410,1,'2013-05-30 02:36:02'),(5487,12198,NULL,410,1,'2013-05-30 02:36:05'),(5489,12211,NULL,375,1,'2013-05-30 02:40:26'),(5490,12215,NULL,430,1,'2013-05-30 02:45:43'),(5494,12227,NULL,448,1,'2013-05-30 02:51:03'),(5495,12232,NULL,448,1,'2013-05-30 02:51:03'),(5497,12227,NULL,450,1,'2013-05-30 02:55:42'),(5498,12246,NULL,450,1,'2013-05-30 02:55:42'),(5500,12284,NULL,405,1,'2013-05-30 03:34:21'),(5501,12286,NULL,405,1,'2013-05-30 03:34:21'),(5502,12284,NULL,446,1,'2013-05-30 03:34:47'),(5503,12289,NULL,446,1,'2013-05-30 03:34:47'),(5504,12291,NULL,446,1,'2013-05-30 03:37:12'),(5505,12295,NULL,375,1,'2013-05-30 04:54:14'),(5506,12296,NULL,375,1,'2013-05-30 04:55:20'),(5507,12301,NULL,375,1,'2013-05-30 04:57:21'),(5508,12304,NULL,402,1,'2013-05-30 04:58:43'),(5511,12316,NULL,439,1,'2013-05-30 05:06:31'),(5514,12319,NULL,406,1,'2013-05-30 05:08:26'),(5515,12329,NULL,446,1,'2013-05-30 05:13:08'),(5519,12341,NULL,402,1,'2013-05-30 05:43:08'),(5521,12356,NULL,402,1,'2013-05-30 05:55:25'),(5523,13359,NULL,391,1,'2013-05-30 06:36:12'),(5524,13362,NULL,391,1,'2013-05-30 06:37:23'),(5525,13364,NULL,391,1,'2013-05-30 06:38:52'),(5526,13375,NULL,418,1,'2013-05-30 09:13:46'),(5527,13375,NULL,402,1,'2013-05-30 09:14:25'),(5528,13380,NULL,402,1,'2013-05-30 09:15:37'),(5529,13382,NULL,402,1,'2013-05-30 09:17:28'),(5530,13386,NULL,402,1,'2013-05-30 09:27:33'),(5533,13407,NULL,402,1,'2013-05-30 23:26:33'),(5534,13414,NULL,402,1,'2013-05-30 23:28:17'),(5535,13415,NULL,402,1,'2013-05-30 23:29:21'),(5537,14434,NULL,421,1,'2013-05-31 02:53:22'),(5538,14451,NULL,402,1,'2013-05-31 18:49:39'),(5539,14454,NULL,392,1,'2013-06-01 01:14:33'),(5540,14459,NULL,392,1,'2013-06-01 01:14:33'),(5544,NULL,100,424,1,'2013-06-18 18:13:11'),(5546,14470,NULL,418,1,'2013-06-11 23:18:07'),(5547,14470,NULL,426,1,'2013-06-11 23:19:08'),(5548,14470,NULL,423,1,'2013-06-11 23:19:22'),(5550,14470,NULL,393,1,'2013-06-11 23:46:06'),(5551,14470,NULL,392,1,'2013-06-11 23:46:18'),(5561,14477,NULL,410,1,'2013-06-12 11:34:34'),(5562,14485,NULL,421,1,'2013-06-17 09:59:57'),(5568,14494,NULL,564,1,'2013-06-18 16:48:04'),(5570,NULL,100,402,1,'2013-06-18 20:48:04'),(5571,NULL,100,554,1,'2013-06-18 20:48:04'),(5572,NULL,100,337,1,'2013-06-18 20:48:04'),(5575,NULL,136,554,1,'2013-06-18 18:15:54'),(5577,NULL,127,370,1,'2013-06-20 17:10:53'),(5578,NULL,127,402,1,'2013-06-20 17:10:53'),(5579,NULL,127,554,1,'2013-06-20 17:10:53'),(5580,NULL,127,337,1,'2013-06-20 17:10:53'),(5593,14500,NULL,564,1,'2013-06-20 05:46:22'),(5596,14505,NULL,393,1,'2013-06-20 08:47:01'),(5599,14507,NULL,564,1,'2013-06-20 08:52:30'),(5606,14506,NULL,564,1,'2013-06-20 09:00:29'),(5608,14510,NULL,393,1,'2013-06-20 10:43:33'),(5611,1,136,391,2,'2013-12-25 12:58:55'),(5614,14514,135,391,1,'2013-06-20 17:30:16'),(5616,14514,135,393,1,'2013-06-20 17:30:14'),(5618,NULL,127,391,1,'2013-06-20 17:10:53'),(5619,NULL,127,392,1,'2013-06-20 17:10:53'),(5620,NULL,127,393,1,'2013-06-20 17:10:53'),(5626,14515,NULL,392,1,'2013-06-21 17:23:01'),(5627,14517,NULL,410,1,'2013-06-24 06:37:19'),(5628,14518,NULL,417,1,'2013-06-24 08:17:17'),(5629,14518,NULL,430,1,'2013-06-24 08:16:57'),(5631,14518,NULL,437,1,'2013-06-24 08:19:50'),(5633,14527,NULL,418,1,'2013-07-16 03:01:58'),(5634,14535,NULL,421,1,'2013-12-20 12:14:33'),(5635,14535,NULL,425,1,'2013-12-20 12:28:36'),(5636,14536,NULL,437,1,'2013-12-22 21:06:19'),(5637,14537,NULL,412,1,'2013-12-23 11:46:02'),(5638,14537,NULL,406,1,'2013-12-23 12:31:57'),(5639,14531,NULL,427,1,'2013-12-23 17:52:32'),(5640,NULL,102,391,1,'2013-12-25 12:05:39'),(5643,NULL,102,427,1,'2013-12-25 12:05:39'),(5644,1,NULL,410,1,'2014-02-24 23:57:18'),(5646,7,NULL,564,1,'2014-03-07 15:11:48'),(5647,16,NULL,425,1,'2014-04-09 06:18:37'),(5648,17,NULL,406,1,'2014-04-09 06:21:44'),(5649,22,NULL,564,1,'2014-04-09 23:51:56'),(5650,23,NULL,406,1,'2014-04-10 00:53:10'),(5651,25,NULL,406,1,'2014-04-10 00:54:29'),(5652,25,NULL,456,1,'2014-04-10 00:55:48'),(5653,28,NULL,406,1,'2014-04-13 03:24:41'),(5654,29,NULL,381,1,'2014-04-14 20:34:33'),(5655,30,NULL,402,1,'2014-04-15 23:17:06'),(5658,31,NULL,417,1,'2014-04-16 18:07:15'),(5659,33,NULL,417,1,'2014-04-19 19:30:31'),(5661,33,NULL,418,1,'2014-04-19 19:23:56'),(5662,36,NULL,419,1,'2014-04-25 05:54:51'),(5663,39,NULL,417,1,'2014-04-28 23:48:58'),(5666,40,NULL,439,1,'2014-04-30 00:25:02'),(5667,40,NULL,564,1,'2014-04-30 00:37:30'),(5668,40,NULL,555,1,'2014-04-30 00:40:33'),(5669,40,NULL,549,1,'2014-04-30 00:40:53'),(5670,41,NULL,393,1,'2014-04-30 03:29:52'),(5671,42,NULL,339,1,'2014-04-30 05:21:43'),(5672,42,NULL,417,1,'2014-04-30 05:23:04'),(5673,42,NULL,432,1,'2014-04-30 05:22:50'),(5675,43,NULL,370,1,'2014-04-30 07:55:43'),(5676,43,NULL,440,1,'2014-04-30 07:57:18'),(5677,43,NULL,417,1,'2014-04-30 08:00:49'),(5678,43,NULL,564,1,'2014-04-30 08:02:57'),(5679,43,NULL,392,1,'2014-04-30 08:04:41'),(5680,43,NULL,393,1,'2014-04-30 08:05:01'),(5681,43,NULL,445,1,'2014-04-30 08:05:56'),(5682,43,NULL,558,1,'2014-04-30 08:07:53'),(5683,45,NULL,425,1,'2014-05-03 05:34:50'),(5684,1,NULL,380,1,'2014-05-07 05:20:49'),(5685,1,NULL,402,1,'2014-10-17 20:33:39');

--
-- Table structure for table `review`
--

CREATE TABLE `review` (
  `review_id` bigint(20) unsigned NOT NULL AUTO_INCREMENT COMMENT 'Review id',
  `created_at` timestamp NOT NULL DEFAULT CURRENT_TIMESTAMP ON UPDATE CURRENT_TIMESTAMP COMMENT 'Review create date',
  `entity_id` smallint(5) unsigned NOT NULL DEFAULT '0' COMMENT 'Entity id',
  `entity_pk_value` int(10) unsigned NOT NULL DEFAULT '0' COMMENT 'Product id',
  `status_id` smallint(5) unsigned NOT NULL DEFAULT '0' COMMENT 'Status code',
  PRIMARY KEY (`review_id`),
  KEY `IDX_REVIEW_ENTITY_ID` (`entity_id`),
  KEY `IDX_REVIEW_STATUS_ID` (`status_id`),
  KEY `IDX_REVIEW_ENTITY_PK_VALUE` (`entity_pk_value`),
  CONSTRAINT `FK_REVIEW_ENTITY_ID_REVIEW_ENTITY_ENTITY_ID` FOREIGN KEY (`entity_id`) REFERENCES `review_entity` (`entity_id`) ON DELETE CASCADE ON UPDATE CASCADE,
  CONSTRAINT `FK_REVIEW_STATUS_ID_REVIEW_STATUS_STATUS_ID` FOREIGN KEY (`status_id`) REFERENCES `review_status` (`status_id`) ON DELETE NO ACTION ON UPDATE NO ACTION
) ENGINE=InnoDB AUTO_INCREMENT=81 DEFAULT CHARSET=utf8 COMMENT='Review base information';

--
-- Dumping data for table `review`
--

INSERT INTO `review` VALUES (16,'2013-03-05 23:28:04',1,423,1),(17,'2013-03-05 23:29:16',1,370,1),(18,'2013-03-05 23:32:03',1,370,1),(25,'2013-03-14 17:25:39',1,400,1),(26,'2013-03-15 22:18:35',1,337,1),(34,'2013-05-16 04:44:43',1,409,1),(36,'2013-05-16 04:51:42',1,413,1),(37,'2013-05-16 04:57:35',1,560,1),(38,'2013-05-16 04:59:14',1,424,1),(39,'2013-05-16 05:01:42',1,546,1),(40,'2013-05-16 05:03:40',1,546,1),(41,'2013-05-28 11:49:31',1,425,1),(42,'2013-05-28 11:50:38',1,425,1),(43,'2013-05-28 11:52:25',1,423,1),(44,'2013-05-28 11:53:03',1,423,1),(45,'2013-05-28 11:53:50',1,423,1),(46,'2013-05-28 11:54:20',1,423,1),(47,'2013-05-28 11:55:44',1,424,1),(48,'2013-05-28 11:57:06',1,370,1),(49,'2013-05-28 11:57:55',1,373,1),(50,'2013-05-28 11:59:01',1,374,1),(51,'2013-05-28 11:59:55',1,338,1),(52,'2013-05-28 12:00:27',1,338,1),(53,'2013-05-28 12:01:23',1,337,1),(54,'2013-05-28 12:02:55',1,398,1),(55,'2013-05-28 12:03:22',1,398,1),(56,'2013-05-28 12:05:08',1,373,1),(57,'2013-05-28 12:06:16',1,373,1),(58,'2013-05-28 12:07:29',1,370,1),(59,'2013-05-28 12:08:17',1,373,1),(60,'2013-05-28 12:09:11',1,374,1),(61,'2013-05-28 12:09:51',1,373,1),(62,'2013-05-28 12:10:29',1,373,1),(63,'2013-05-28 12:11:02',1,373,1),(64,'2013-05-28 12:11:30',1,373,1),(65,'2013-05-28 12:12:14',1,374,1),(66,'2013-05-28 12:13:33',1,337,1),(67,'2013-05-28 12:14:09',1,337,1),(68,'2013-05-28 12:14:47',1,337,1),(69,'2013-05-28 12:15:07',1,337,1),(70,'2013-05-28 12:15:48',1,554,1),(71,'2013-05-28 12:16:15',1,554,1),(72,'2013-05-28 12:16:56',1,392,1),(74,'2013-05-28 12:17:47',1,392,1),(75,'2013-05-28 12:18:08',1,392,1),(76,'2013-05-28 12:18:52',1,446,1),(77,'2013-05-28 12:19:16',1,446,1),(78,'2013-05-28 12:19:44',1,446,1),(79,'2013-05-29 22:59:07',1,406,1),(80,'2013-06-18 16:40:05',1,391,1);

--
-- Table structure for table `review_detail`
--

CREATE TABLE `review_detail` (
  `detail_id` bigint(20) unsigned NOT NULL AUTO_INCREMENT COMMENT 'Review detail id',
  `review_id` bigint(20) unsigned NOT NULL DEFAULT '0' COMMENT 'Review id',
  `store_id` smallint(5) unsigned DEFAULT '0' COMMENT 'Store id',
  `title` varchar(255) NOT NULL COMMENT 'Title',
  `detail` text NOT NULL COMMENT 'Detail description',
  `nickname` varchar(128) NOT NULL COMMENT 'User nickname',
  `customer_id` int(10) unsigned DEFAULT NULL COMMENT 'Customer Id',
  PRIMARY KEY (`detail_id`),
  KEY `IDX_REVIEW_DETAIL_REVIEW_ID` (`review_id`),
  KEY `IDX_REVIEW_DETAIL_STORE_ID` (`store_id`),
  KEY `IDX_REVIEW_DETAIL_CUSTOMER_ID` (`customer_id`),
  CONSTRAINT `FK_REVIEW_DETAIL_CUSTOMER_ID_CUSTOMER_ENTITY_ENTITY_ID` FOREIGN KEY (`customer_id`) REFERENCES `customer_entity` (`entity_id`) ON DELETE SET NULL ON UPDATE CASCADE,
  CONSTRAINT `FK_REVIEW_DETAIL_REVIEW_ID_REVIEW_REVIEW_ID` FOREIGN KEY (`review_id`) REFERENCES `review` (`review_id`) ON DELETE CASCADE ON UPDATE CASCADE,
  CONSTRAINT `FK_REVIEW_DETAIL_STORE_ID_CORE_STORE_STORE_ID` FOREIGN KEY (`store_id`) REFERENCES `core_store` (`store_id`) ON DELETE SET NULL ON UPDATE CASCADE
) ENGINE=InnoDB AUTO_INCREMENT=81 DEFAULT CHARSET=utf8 COMMENT='Review detail information';

--
-- Dumping data for table `review_detail`
--

INSERT INTO `review_detail` VALUES (16,16,1,'I recommend','This maxi dress will surely be one of my favorite dresses this summer. The fit is true to size and is exactly as pictured. Looks great with flip flops and a long necklace and can def be dressed up or down depending on the occasion.','Vicky L',NULL),(17,17,1,'Cute bag. Too small.','Love it!','Nia T',NULL),(18,18,1,'Cute bag buttt to small','Blahh!!!,Smaller then I thought itd be. Why isn’t it cheaper?','Nia T',NULL),(25,25,1,'Nice color','Cool green color on this mp3 player!','musicjunkie',NULL),(26,26,1,'Great Buy','I\'m digging these glasses.','Mosses',NULL),(34,34,1,'Wished it came in XXL size too','Bought a Large size, little tight for me.','John',135),(36,36,1,'Nice Fit','Great buy! I wish they had it in black too.','John',135),(37,37,1,'I\'m a big fan','I have all the albums by Shearer\r\n','Jane',136),(38,38,1,'Fits and looks Great!','I wore this for an interview. Very comfy and looks good. Price is great too.','Jane',136),(39,39,1,'Gotta Have it! And I did!','I had been saving for this beautiful pearl necklace. I\'m glad I did. ','Jane',136),(40,40,1,'Super Comfortable','Great for running around all day. Very comfortable.','Jane',136),(41,41,1,'Great buy','This is such a gorgeous dress, not only is it versatile, its comfortable and flattering for those with curves. looks great with a little shrug too.','JanaF',136),(42,42,1,'Nice','This dress is exceptionally flattering. I’m a pear shape and love how it slims and flatters my curves. The color is beautiful. I’m sure it will travel well. It’s perfect and I highly recommend.','Lisa M',136),(43,43,1,'Nice','I love it! So comfortable. I am about 5\'5\" and it just grazes the ground if I am wearing flats. It does run a little big, so if unsure, order a size down.','Jenny E',136),(44,44,1,'Need better material','Cute dress, exacly what I was looking for, but the material is wayy too thin. This would have been perfect if it was lined or even just a heavier knit.','Erin B',136),(45,45,1,'Waiting for purchase','Beautiful dress,but too big - sent it back;you haven\'t received it? Now, I\'m worried.','Sofia S',136),(46,46,1,'Awesome love it!!!!!','SO. Flattering. This dress literally could not look better.','Sandra D',136),(47,47,1,'Like the fabric','This dress is amazing! I bought the grey in XS and the picture does not do it justice. The fit is very flattering and the seam detailing is beautiful. The material wool, but it’s very light and comfortable making it my favorite item in my closet for work!','Mari P',136),(48,48,1,'Love it','Love it.  It\'s like a wallet that I can\'t lose.','Laura B',136),(49,49,1,'Cool!','Perf. It fits all my books and laptop and I can swing it over my shoulder.','Ollie L',136),(50,50,1,'Good gift','my husband travels a lot for business, so this was a fantastic gift for him. Monogram’s a nice touch.','Cat W',136),(51,51,1,'Trendy and chic!','I bought these sunglasses after seeing some similar ones at Ray Ban. They are super cute and trendy! I get compliments all the time when wearing them!','Denise J',136),(52,52,1,'Stylish and classic','I was searching for a long time for a great pair of sunglasses and found these. They are super comfortable, stylish and simply a classic pair of chic sunglasses.','Stacy L',136),(53,53,1,'Can\'t live without them','I wanted to dislike these because I had spent so much $ on them. But then I couldn\'t live without them. They’re simply fabulous!','Stacy L',136),(54,54,1,'Amazing','The noise cancellation feature is amazing!','Olivia M',136),(55,55,1,'Too snug','The sound was excellent but it fit a bit too snugly around my ears. I wish it were adjustable','Monica M',136),(56,56,1,'Roomy','NOT ONLY DO I CARRY MY SHOES,UMBRELLA, IPAD, ETC. BUT I SOMETIMES MY POCKETBOOK IN IT TO - SO ROOMY AND LIGHT','Sam G',135),(57,57,1,'Girlfriend loves me','Nice bag!!! I bought it for my girlfriend as a gift. She loves the color and uses everyday.','Karl S',135),(58,58,1,'fast shipping','the shipping was fast. althot it turned out to be not as big as what I thought. But it was nice and the color is a little bit dark than what I thought','Richie A',135),(59,59,1,'Overall, great','It is a great looking briefcase. I have gotten several compliments. I like the fact that it stands by itself when I put it on the floor or on the desk. The only thing that I don\'t like is that it looks big, but the inside usable space is not that big. At least it is not big enough for me. Overall, it is a great piece.','Nick H',135),(60,60,1,'quality construction','Quality leather, construction and has a professional look. ','Mark C',135),(61,61,1,'Great quality','absolutely beautiful bag. Great quality leather. Sturdy, not flimsy. Not too much organization, just enough. Big enough to fit a 15.6\" laptop, maybe even bigger. I love it.','Daniel R',135),(62,62,1,'Nice, leather for a laid back guy','I bought this as a gift for my husband, and he loves it. He is a loose tie kind of guy, but dresses up for work, so this bag works well with his style either way. The leather is excellent quality.','Criss H',135),(63,63,1,'Classy','Just the right size for travel with a laptop. It is very roomy – will hold laptop, tablet, books, magazines. Kind of classy looking too.','Logan Y',135),(64,64,1,'a little heavy','love the pcokets, the organizers and how easily it attaches to my luggage. It’s a little heavy though','Darin L',135),(65,65,1,'durable','just the right wallet for guys who love simplicity. It’s a very good product, durable and very useful.','Ray C',135),(66,66,1,'classics','these are a classics and always acceptable whether skiing or beaching these work a convenient carry case and lens wipers are included what more could u ask for','Ray C',135),(67,67,1,'u won\'t be disappointed','gSunglasses are excellent functionally and stylish, U won’t be disappointed','Wagner B',135),(68,68,1,'love these!!!!!','Love these sunglasses! Can\'t wait to wear these more this summer','Mario N',135),(69,69,1,'cool sunnies','love love love these sunnies.....the color makes them extra special..','Joe S',135),(70,70,1,'price is good','It is very nice watch. It look just like picture. And the price is good with this watch.','Conrad M',135),(71,71,1,'photo doesn\'t do this camera justice','I just saw this watch at the Madison Island store before Christmas. This is an extremely impressive watch. If you\'re not impressed with the online picture, then I think you\'ll definitely be impressed when you see the real thing. It\'s a guaranteed attention getter ','Drew G',135),(72,72,1,'Love the zoom','Zoom is great on this camera!','Abe O',135),(74,74,1,'crisp pictuers, happy','took it with me on vacation. Good quality. Shutter speed could be improved, but still takes crisp pictures. Pretty good overall value.','Sean R',135),(75,75,1,'Son is Happy','This is a great camera for beginners..it’s durable. My son has been using it in his intro to photography class all  yer and its still going strong. Great buy ','William S',135),(76,76,1,'Thank you!','I just love this little device and it holds plenty of music I can travel with and share with friends. Thank you for such wonderful pricing.','Gil H',135),(77,77,1,'Good battery life','Battery life is good','John',135),(78,78,1,'Liked it, would like to have chosen color','I wasn\'t able to choose the color but other than that a good experience and very easy','John',135),(79,79,1,'Summer Blazer','Perfect Summer Blazer. I bought it for my boyfriend and he loved it!','Jessica',NULL),(80,80,1,'Great Candle Holders','Great Candle Holders','Mosses Test',NULL);

--
-- Table structure for table `review_entity`
--

CREATE TABLE `review_entity` (
  `entity_id` smallint(5) unsigned NOT NULL AUTO_INCREMENT COMMENT 'Review entity id',
  `entity_code` varchar(32) NOT NULL COMMENT 'Review entity code',
  PRIMARY KEY (`entity_id`)
) ENGINE=InnoDB AUTO_INCREMENT=4 DEFAULT CHARSET=utf8 COMMENT='Review entities';

--
-- Dumping data for table `review_entity`
--

INSERT INTO `review_entity` VALUES (1,'product'),(2,'customer'),(3,'category');

--
-- Table structure for table `review_entity_summary`
--

CREATE TABLE `review_entity_summary` (
  `primary_id` bigint(20) NOT NULL AUTO_INCREMENT COMMENT 'Summary review entity id',
  `entity_pk_value` bigint(20) NOT NULL DEFAULT '0' COMMENT 'Product id',
  `entity_type` smallint(6) NOT NULL DEFAULT '0' COMMENT 'Entity type id',
  `reviews_count` smallint(6) NOT NULL DEFAULT '0' COMMENT 'Qty of reviews',
  `rating_summary` smallint(6) NOT NULL DEFAULT '0' COMMENT 'Summarized rating',
  `store_id` smallint(5) unsigned NOT NULL DEFAULT '0' COMMENT 'Store id',
  PRIMARY KEY (`primary_id`),
  KEY `IDX_REVIEW_ENTITY_SUMMARY_STORE_ID` (`store_id`),
  CONSTRAINT `FK_REVIEW_ENTITY_SUMMARY_STORE_ID_CORE_STORE_STORE_ID` FOREIGN KEY (`store_id`) REFERENCES `core_store` (`store_id`) ON DELETE CASCADE ON UPDATE CASCADE
) ENGINE=InnoDB AUTO_INCREMENT=158 DEFAULT CHARSET=utf8 COMMENT='Review aggregates';

--
-- Dumping data for table `review_entity_summary`
--

INSERT INTO `review_entity_summary` VALUES (30,423,1,5,84,1),(31,423,1,0,0,2),(32,423,1,0,0,3),(34,370,1,4,90,1),(35,370,1,0,0,2),(36,370,1,0,0,3),(38,284,1,0,0,1),(39,284,1,0,0,2),(40,284,1,0,0,3),(47,418,1,0,0,1),(48,418,1,0,0,2),(49,418,1,0,0,3),(51,418,1,1,60,0),(56,400,1,1,100,1),(57,400,1,0,0,2),(58,400,1,0,0,3),(60,337,1,6,87,1),(61,337,1,0,0,2),(62,337,1,0,0,3),(64,337,1,6,87,0),(65,284,1,1,60,0),(66,834,1,0,0,1),(67,834,1,0,0,2),(68,834,1,0,0,3),(70,826,1,0,0,1),(71,826,1,0,0,2),(72,826,1,0,0,3),(74,826,1,1,100,0),(75,423,1,5,84,0),(76,370,1,4,90,0),(77,400,1,1,100,0),(78,409,1,1,80,1),(79,409,1,0,0,2),(80,409,1,0,0,3),(86,413,1,1,100,1),(87,413,1,0,0,2),(88,413,1,0,0,3),(90,413,1,1,100,0),(92,409,1,1,80,0),(93,560,1,1,80,1),(94,560,1,0,0,2),(95,560,1,0,0,3),(97,424,1,2,90,1),(98,424,1,0,0,2),(99,424,1,0,0,3),(101,546,1,2,83,1),(102,546,1,0,0,2),(103,546,1,0,0,3),(105,546,1,2,83,0),(106,424,1,2,90,0),(107,560,1,1,80,0),(108,425,1,2,100,1),(109,425,1,0,0,2),(110,425,1,0,0,3),(112,373,1,8,91,1),(113,373,1,0,0,2),(114,373,1,0,0,3),(116,374,1,3,78,1),(117,374,1,0,0,2),(118,374,1,0,0,3),(120,338,1,2,100,1),(121,338,1,0,0,2),(122,338,1,0,0,3),(124,398,1,2,80,1),(125,398,1,0,0,2),(126,398,1,0,0,3),(128,554,1,2,80,1),(129,554,1,0,0,2),(130,554,1,0,0,3),(132,392,1,3,82,1),(133,392,1,0,0,2),(134,392,1,0,0,3),(136,446,1,3,87,1),(137,446,1,0,0,2),(138,446,1,0,0,3),(140,425,1,2,100,0),(141,373,1,8,91,0),(142,374,1,3,78,0),(143,338,1,2,100,0),(144,398,1,2,80,0),(145,554,1,2,80,0),(146,392,1,3,82,0),(147,446,1,3,87,0),(148,406,1,1,100,1),(149,406,1,0,0,2),(150,406,1,0,0,3),(152,406,1,1,100,0),(153,391,1,1,60,1),(154,391,1,0,0,2),(155,391,1,0,0,3),(157,391,1,1,60,0);

--
-- Table structure for table `review_status`
--

CREATE TABLE `review_status` (
  `status_id` smallint(5) unsigned NOT NULL AUTO_INCREMENT COMMENT 'Status id',
  `status_code` varchar(32) NOT NULL COMMENT 'Status code',
  PRIMARY KEY (`status_id`)
) ENGINE=InnoDB AUTO_INCREMENT=4 DEFAULT CHARSET=utf8 COMMENT='Review statuses';

--
-- Dumping data for table `review_status`
--

INSERT INTO `review_status` VALUES (1,'Approved'),(2,'Pending'),(3,'Not Approved');

--
-- Table structure for table `review_store`
--

CREATE TABLE `review_store` (
  `review_id` bigint(20) unsigned NOT NULL COMMENT 'Review Id',
  `store_id` smallint(5) unsigned NOT NULL COMMENT 'Store Id',
  PRIMARY KEY (`review_id`,`store_id`),
  KEY `IDX_REVIEW_STORE_STORE_ID` (`store_id`),
  CONSTRAINT `FK_REVIEW_STORE_REVIEW_ID_REVIEW_REVIEW_ID` FOREIGN KEY (`review_id`) REFERENCES `review` (`review_id`) ON DELETE CASCADE ON UPDATE CASCADE,
  CONSTRAINT `FK_REVIEW_STORE_STORE_ID_CORE_STORE_STORE_ID` FOREIGN KEY (`store_id`) REFERENCES `core_store` (`store_id`) ON DELETE CASCADE ON UPDATE CASCADE
) ENGINE=InnoDB DEFAULT CHARSET=utf8 COMMENT='Review Store';

--
-- Dumping data for table `review_store`
--

INSERT INTO `review_store` VALUES (16,0),(17,0),(18,0),(25,0),(26,0),(34,0),(36,0),(37,0),(38,0),(39,0),(40,0),(41,0),(42,0),(43,0),(44,0),(45,0),(46,0),(47,0),(48,0),(49,0),(50,0),(51,0),(52,0),(53,0),(54,0),(55,0),(56,0),(57,0),(58,0),(59,0),(60,0),(61,0),(62,0),(63,0),(64,0),(65,0),(66,0),(67,0),(68,0),(69,0),(70,0),(71,0),(72,0),(74,0),(75,0),(76,0),(77,0),(78,0),(79,0),(80,0),(16,1),(17,1),(18,1),(25,1),(26,1),(34,1),(36,1),(37,1),(38,1),(39,1),(40,1),(41,1),(42,1),(43,1),(44,1),(45,1),(46,1),(47,1),(48,1),(49,1),(50,1),(51,1),(52,1),(53,1),(54,1),(55,1),(56,1),(57,1),(58,1),(59,1),(60,1),(61,1),(62,1),(63,1),(64,1),(65,1),(66,1),(67,1),(68,1),(69,1),(70,1),(71,1),(72,1),(74,1),(75,1),(76,1),(77,1),(78,1),(79,1),(80,1);

--
-- Table structure for table `sales_bestsellers_aggregated_daily`
--

CREATE TABLE `sales_bestsellers_aggregated_daily` (
  `id` int(10) unsigned NOT NULL AUTO_INCREMENT COMMENT 'Id',
  `period` date DEFAULT NULL COMMENT 'Period',
  `store_id` smallint(5) unsigned DEFAULT NULL COMMENT 'Store Id',
  `product_id` int(10) unsigned DEFAULT NULL COMMENT 'Product Id',
  `product_name` varchar(255) DEFAULT NULL COMMENT 'Product Name',
  `product_price` decimal(12,4) NOT NULL DEFAULT '0.0000' COMMENT 'Product Price',
  `qty_ordered` decimal(12,4) NOT NULL DEFAULT '0.0000' COMMENT 'Qty Ordered',
  `rating_pos` smallint(5) unsigned NOT NULL DEFAULT '0' COMMENT 'Rating Pos',
  PRIMARY KEY (`id`),
  UNIQUE KEY `UNQ_SALES_BESTSELLERS_AGGRED_DAILY_PERIOD_STORE_ID_PRD_ID` (`period`,`store_id`,`product_id`),
  KEY `IDX_SALES_BESTSELLERS_AGGREGATED_DAILY_STORE_ID` (`store_id`),
  KEY `IDX_SALES_BESTSELLERS_AGGREGATED_DAILY_PRODUCT_ID` (`product_id`),
  CONSTRAINT `FK_SALES_BESTSELLERS_AGGRED_DAILY_PRD_ID_CAT_PRD_ENTT_ENTT_ID` FOREIGN KEY (`product_id`) REFERENCES `catalog_product_entity` (`entity_id`) ON DELETE CASCADE ON UPDATE CASCADE,
  CONSTRAINT `FK_SALES_BESTSELLERS_AGGRED_DAILY_STORE_ID_CORE_STORE_STORE_ID` FOREIGN KEY (`store_id`) REFERENCES `core_store` (`store_id`) ON DELETE CASCADE ON UPDATE CASCADE
) ENGINE=InnoDB AUTO_INCREMENT=646 DEFAULT CHARSET=utf8 COMMENT='Sales Bestsellers Aggregated Daily';

--
-- Dumping data for table `sales_bestsellers_aggregated_daily`
--

INSERT INTO `sales_bestsellers_aggregated_daily` VALUES (1,'2013-03-12',1,341,'Barclay d\'Orsay pump, Nude',390.0000,1.0000,1),(2,'2013-03-12',1,377,'Classic Hardshell Suitcase 29\"',750.0000,1.0000,2),(3,'2013-03-12',1,441,'3-Year Warranty',75.0000,1.0000,3),(4,'2013-03-12',1,458,'Khaki Bowery Chino Pants',140.0000,1.0000,4),(7,'2013-04-11',1,284,'NoLIta Cami',150.0000,1.0000,7),(8,'2013-04-11',1,337,'Aviator Sunglasses',295.0000,10.0000,2),(9,'2013-04-11',1,338,'Jackie O Round Sunglasses',295.0000,1.0000,6),(10,'2013-04-11',1,378,'Body Wash with Lemon Flower Extract and Aloe Vera',28.0000,12.0000,1),(11,'2013-04-11',1,379,'Bath Minerals and Salt',25.0000,10.0000,3),(12,'2013-04-11',1,483,'Chelsea Tee',75.0000,10.0000,4),(13,'2013-04-11',1,547,'Pearl Strand Necklace-18\"',250.0000,10.0000,5),(16,'2013-03-12',0,341,'Barclay d\'Orsay pump, Nude',390.0000,1.0000,4),(17,'2013-03-12',0,377,'Classic Hardshell Suitcase 29\"',750.0000,1.0000,1),(18,'2013-03-12',0,441,'3-Year Warranty',75.0000,1.0000,2),(19,'2013-03-12',0,458,'Khaki Bowery Chino Pants',140.0000,1.0000,3),(22,'2013-04-11',0,284,'NoLIta Cami',150.0000,1.0000,6),(23,'2013-04-11',0,337,'Aviator Sunglasses',295.0000,10.0000,5),(24,'2013-04-11',0,338,'Jackie O Round Sunglasses',295.0000,1.0000,7),(25,'2013-04-11',0,378,'Body Wash with Lemon Flower Extract and Aloe Vera',28.0000,12.0000,1),(26,'2013-04-11',0,379,'Bath Minerals and Salt',25.0000,10.0000,2),(27,'2013-04-11',0,483,'Chelsea Tee',75.0000,10.0000,3),(28,'2013-04-11',0,547,'Pearl Strand Necklace-18\"',250.0000,10.0000,4),(31,'2013-04-12',1,498,'French Cuff Cotton Twill Oxford',190.0000,1.0000,1),(32,'2013-04-12',0,498,'French Cuff Cotton Twill Oxford',190.0000,1.0000,1),(33,'2013-03-14',1,237,'Plaid Cotton Shirt',160.0000,3.0000,1),(34,'2013-03-14',1,377,'Classic Hardshell Suitcase 29\"',750.0000,1.0000,4),(35,'2013-03-14',1,442,'5-Year Warranty',100.0000,3.0000,2),(36,'2013-03-14',1,458,'Khaki Bowery Chino Pants',140.0000,3.0000,3),(37,'2013-03-14',1,530,'TriBeCa Skinny Jean',185.0000,1.0000,5),(40,'2013-03-14',0,237,'Plaid Cotton Shirt',160.0000,3.0000,3),(41,'2013-03-14',0,377,'Classic Hardshell Suitcase 29\"',750.0000,1.0000,5),(42,'2013-03-14',0,442,'5-Year Warranty',100.0000,3.0000,1),(43,'2013-03-14',0,458,'Khaki Bowery Chino Pants',140.0000,3.0000,2),(44,'2013-03-14',0,530,'TriBeCa Skinny Jean',185.0000,1.0000,4),(47,'2013-04-17',1,294,'Elizabeth Knit Top',210.0000,5.0000,3),(49,'2013-04-17',1,547,'Pearl Strand Necklace-18\"',250.0000,3.0000,4),(50,'2013-04-17',1,554,'Swiss Movement Sports Watch',500.0000,19.0000,2),(54,'2013-04-17',0,294,'Elizabeth Knit Top',210.0000,5.0000,3),(56,'2013-04-17',0,547,'Pearl Strand Necklace-18\"',250.0000,3.0000,4),(57,'2013-04-17',0,554,'Swiss Movement Sports Watch',500.0000,19.0000,2),(61,'2013-04-22',1,284,'NoLIta Cami',150.0000,1.0000,6),(62,'2013-04-22',1,337,'Aviator Sunglasses',295.0000,1.0000,7),(63,'2013-04-22',1,373,'Broad St. Flapover Briefcase',570.0000,1.0000,1),(64,'2013-04-22',1,374,'Houston Travel Wallet',210.0000,1.0000,2),(65,'2013-04-22',1,382,'Shay Printed Pillow',210.0000,1.0000,3),(66,'2013-04-22',1,385,'Gramercy Throw',275.0000,1.0000,4),(68,'2013-04-22',0,284,'NoLIta Cami',150.0000,1.0000,7),(69,'2013-04-22',0,337,'Aviator Sunglasses',295.0000,1.0000,1),(70,'2013-04-22',0,373,'Broad St. Flapover Briefcase',570.0000,1.0000,2),(71,'2013-04-22',0,374,'Houston Travel Wallet',210.0000,1.0000,3),(72,'2013-04-22',0,382,'Shay Printed Pillow',210.0000,1.0000,4),(73,'2013-04-22',0,385,'Gramercy Throw',275.0000,1.0000,5),(137,'2013-04-23',1,231,'French Cuff Cotton Twill Oxford',190.0000,10.0000,4),(138,'2013-04-23',1,240,'Sullivan Sport Coat',510.0000,10.0000,5),(139,'2013-04-23',1,267,'Bowery Chino Pants',140.0000,3.0000,16),(140,'2013-04-23',1,268,'Bowery Chino Pants',140.0000,10.0000,7),(141,'2013-04-23',1,284,'NoLIta Cami',150.0000,5.0000,12),(142,'2013-04-23',1,285,'Tori Tank',60.0000,1.0000,19),(143,'2013-04-23',1,311,'Convertible Dress',340.0000,10.0000,9),(144,'2013-04-23',1,337,'Aviator Sunglasses',295.0000,5.0000,11),(145,'2013-04-23',1,346,'Ann Ankle Boot',470.0000,4.0000,14),(146,'2013-04-23',1,370,'Isla Crossbody Handbag',290.0000,10.0000,6),(147,'2013-04-23',1,371,'Florentine Satchel Handbag',625.0000,20.0000,2),(148,'2013-04-23',1,386,'Herald Glass Vase',110.0000,5.0000,13),(149,'2013-04-23',1,392,'Madison LX2200',425.0000,6.0000,10),(150,'2013-04-23',1,395,'8GB Memory Card',20.0000,1.0000,17),(151,'2013-04-23',1,396,'Large Camera Bag',120.0000,1.0000,18),(152,'2013-04-23',1,400,'Compact mp3 Player',40.0000,20.0000,1),(153,'2013-04-23',1,448,'A Tale of Two Cities',10.0000,12.0000,3),(154,'2013-04-23',1,498,'French Cuff Cotton Twill Oxford',190.0000,4.0000,15),(155,'2013-04-23',1,528,'TriBeCa Skinny Jean',185.0000,10.0000,8),(156,'2013-04-24',1,275,'The Essential Boot Cut Jean',140.0000,15.0000,1),(157,'2013-04-24',1,286,'Tori Tank',60.0000,3.0000,5),(158,'2013-04-24',1,294,'Elizabeth Knit Top',210.0000,6.0000,3),(159,'2013-04-24',1,311,'Convertible Dress',340.0000,5.0000,4),(160,'2013-04-24',1,312,'Convertible Dress',340.0000,2.0000,7),(161,'2013-04-24',1,346,'Ann Ankle Boot',470.0000,7.0000,2),(162,'2013-04-24',1,386,'Herald Glass Vase',110.0000,2.0000,8),(163,'2013-04-24',1,498,'French Cuff Cotton Twill Oxford',190.0000,1.0000,9),(164,'2013-04-24',1,512,'Tori Tank',60.0000,1.0000,10),(165,'2013-04-24',1,518,'Elizabeth Knit Top',210.0000,1.0000,11),(166,'2013-04-24',1,548,'Pearl Strand Necklace-24\"',250.0000,3.0000,6),(167,'2013-04-24',1,559,'If You Were by Keshco',2.0000,1.0000,12),(200,'2013-04-23',0,231,'French Cuff Cotton Twill Oxford',190.0000,10.0000,5),(201,'2013-04-23',0,240,'Sullivan Sport Coat',510.0000,10.0000,6),(202,'2013-04-23',0,267,'Bowery Chino Pants',140.0000,3.0000,16),(203,'2013-04-23',0,268,'Bowery Chino Pants',140.0000,10.0000,8),(204,'2013-04-23',0,284,'NoLIta Cami',150.0000,5.0000,12),(205,'2013-04-23',0,285,'Tori Tank',60.0000,1.0000,19),(206,'2013-04-23',0,311,'Convertible Dress',340.0000,10.0000,4),(207,'2013-04-23',0,337,'Aviator Sunglasses',295.0000,5.0000,11),(208,'2013-04-23',0,346,'Ann Ankle Boot',470.0000,4.0000,14),(209,'2013-04-23',0,370,'Isla Crossbody Handbag',290.0000,10.0000,7),(210,'2013-04-23',0,371,'Florentine Satchel Handbag',625.0000,20.0000,2),(211,'2013-04-23',0,386,'Herald Glass Vase',110.0000,5.0000,13),(212,'2013-04-23',0,392,'Madison LX2200',425.0000,6.0000,10),(213,'2013-04-23',0,395,'8GB Memory Card',20.0000,1.0000,17),(214,'2013-04-23',0,396,'Large Camera Bag',120.0000,1.0000,18),(215,'2013-04-23',0,400,'Compact mp3 Player',40.0000,20.0000,1),(216,'2013-04-23',0,448,'A Tale of Two Cities',10.0000,12.0000,3),(217,'2013-04-23',0,498,'French Cuff Cotton Twill Oxford',190.0000,4.0000,15),(218,'2013-04-23',0,528,'TriBeCa Skinny Jean',185.0000,10.0000,9),(219,'2013-04-24',0,275,'The Essential Boot Cut Jean',140.0000,15.0000,1),(220,'2013-04-24',0,286,'Tori Tank',60.0000,3.0000,6),(221,'2013-04-24',0,294,'Elizabeth Knit Top',210.0000,6.0000,3),(222,'2013-04-24',0,311,'Convertible Dress',340.0000,5.0000,5),(223,'2013-04-24',0,312,'Convertible Dress',340.0000,2.0000,9),(224,'2013-04-24',0,346,'Ann Ankle Boot',470.0000,7.0000,2),(225,'2013-04-24',0,386,'Herald Glass Vase',110.0000,2.0000,8),(226,'2013-04-24',0,498,'French Cuff Cotton Twill Oxford',190.0000,1.0000,11),(227,'2013-04-24',0,512,'Tori Tank',60.0000,1.0000,12),(228,'2013-04-24',0,518,'Elizabeth Knit Top',210.0000,1.0000,13),(229,'2013-04-24',0,548,'Pearl Strand Necklace-24\"',250.0000,3.0000,7),(230,'2013-04-24',0,559,'If You Were by Keshco',2.0000,1.0000,14),(231,'2013-04-24',0,566,'Thomas Overcoat',590.0000,1.0000,10),(232,'2013-04-24',0,590,'Draper Pant',295.0000,5.0000,4),(263,'2013-04-25',1,240,'Sullivan Sport Coat',510.0000,15.0000,3),(264,'2013-04-25',1,243,'Linen Blazer',455.0000,15.0000,4),(265,'2013-04-25',1,253,'Chelsea Tee',75.0000,1.0000,18),(266,'2013-04-25',1,284,'NoLIta Cami',150.0000,1.0000,19),(267,'2013-04-25',1,285,'Tori Tank',60.0000,26.0000,1),(268,'2013-04-25',1,287,'Tori Tank',60.0000,1.0000,16),(269,'2013-04-25',1,291,'Ludlow Oxford Top',185.0000,15.0000,2),(270,'2013-04-25',1,310,'Convertible Dress',340.0000,5.0000,12),(271,'2013-04-25',1,311,'Convertible Dress',340.0000,5.0000,13),(272,'2013-04-25',1,312,'Convertible Dress',340.0000,3.0000,14),(273,'2013-04-25',1,313,'Convertible Dress',340.0000,1.0000,20),(274,'2013-04-25',1,314,'Convertible Dress',340.0000,1.0000,15),(275,'2013-04-25',1,337,'Aviator Sunglasses',295.0000,1.0000,17),(276,'2013-04-25',1,375,'Roller Suitcase',650.0000,10.0000,7),(277,'2013-04-25',1,376,'Classic Hardshell Suitcase 21\"',650.0000,10.0000,8),(278,'2013-04-25',1,377,'Classic Hardshell Suitcase 29\"',750.0000,10.0000,9),(279,'2013-04-25',1,379,'Bath Minerals and Salt',25.0000,10.0000,10),(280,'2013-04-25',1,386,'Herald Glass Vase',110.0000,7.0000,11),(281,'2013-04-25',1,387,'Modern Murray Ceramic Vase',135.0000,10.0000,5),(282,'2013-04-25',1,388,'Modern Murray Ceramic Vase',135.0000,10.0000,6),(294,'2013-04-25',0,240,'Sullivan Sport Coat',510.0000,15.0000,3),(295,'2013-04-25',0,243,'Linen Blazer',455.0000,15.0000,4),(296,'2013-04-25',0,253,'Chelsea Tee',75.0000,1.0000,19),(297,'2013-04-25',0,284,'NoLIta Cami',150.0000,1.0000,20),(298,'2013-04-25',0,285,'Tori Tank',60.0000,26.0000,1),(299,'2013-04-25',0,287,'Tori Tank',60.0000,1.0000,17),(300,'2013-04-25',0,291,'Ludlow Oxford Top',185.0000,15.0000,2),(301,'2013-04-25',0,310,'Convertible Dress',340.0000,5.0000,12),(302,'2013-04-25',0,311,'Convertible Dress',340.0000,5.0000,13),(303,'2013-04-25',0,312,'Convertible Dress',340.0000,3.0000,14),(304,'2013-04-25',0,313,'Convertible Dress',340.0000,1.0000,15),(305,'2013-04-25',0,314,'Convertible Dress',340.0000,1.0000,16),(306,'2013-04-25',0,337,'Aviator Sunglasses',295.0000,1.0000,18),(307,'2013-04-25',0,375,'Roller Suitcase',650.0000,10.0000,7),(308,'2013-04-25',0,376,'Classic Hardshell Suitcase 21\"',650.0000,10.0000,9),(309,'2013-04-25',0,377,'Classic Hardshell Suitcase 29\"',750.0000,10.0000,10),(310,'2013-04-25',0,379,'Bath Minerals and Salt',25.0000,10.0000,5),(311,'2013-04-25',0,386,'Herald Glass Vase',110.0000,7.0000,11),(312,'2013-04-25',0,387,'Modern Murray Ceramic Vase',135.0000,10.0000,6),(313,'2013-04-25',0,388,'Modern Murray Ceramic Vase',135.0000,10.0000,8),(325,'2013-04-26',1,231,'French Cuff Cotton Twill Oxford',190.0000,1.0000,4),(326,'2013-04-26',1,249,'Chelsea Tee',75.0000,1.0000,5),(327,'2013-04-26',1,285,'Tori Tank',60.0000,4.0000,1),(328,'2013-04-26',1,312,'Convertible Dress',340.0000,1.0000,2),(329,'2013-04-26',1,528,'TriBeCa Skinny Jean',185.0000,1.0000,3),(332,'2013-04-26',0,231,'French Cuff Cotton Twill Oxford',190.0000,1.0000,3),(333,'2013-04-26',0,249,'Chelsea Tee',75.0000,1.0000,4),(334,'2013-04-26',0,285,'Tori Tank',60.0000,4.0000,1),(335,'2013-04-26',0,312,'Convertible Dress',340.0000,1.0000,5),(336,'2013-04-26',0,528,'TriBeCa Skinny Jean',185.0000,1.0000,2),(339,'2013-04-30',1,267,'Bowery Chino Pants',140.0000,2.0000,4),(340,'2013-04-30',1,286,'Tori Tank',60.0000,2.0000,6),(341,'2013-04-30',1,311,'Convertible Dress',340.0000,10.0000,1),(342,'2013-04-30',1,312,'Convertible Dress',340.0000,2.0000,9),(343,'2013-04-30',1,338,'Jackie O Round Sunglasses',295.0000,2.0000,10),(344,'2013-04-30',1,478,'Bowery Chino Pants',140.0000,4.0000,2),(345,'2013-04-30',1,484,'Chelsea Tee',75.0000,2.0000,3),(346,'2013-04-30',1,498,'French Cuff Cotton Twill Oxford',190.0000,2.0000,5),(347,'2013-04-30',1,506,'Linen Blazer',455.0000,2.0000,7),(348,'2013-04-30',1,512,'Tori Tank',60.0000,2.0000,8),(354,'2013-04-30',0,267,'Bowery Chino Pants',140.0000,2.0000,8),(355,'2013-04-30',0,286,'Tori Tank',60.0000,2.0000,10),(356,'2013-04-30',0,311,'Convertible Dress',340.0000,10.0000,1),(357,'2013-04-30',0,312,'Convertible Dress',340.0000,2.0000,5),(358,'2013-04-30',0,338,'Jackie O Round Sunglasses',295.0000,2.0000,6),(359,'2013-04-30',0,478,'Bowery Chino Pants',140.0000,4.0000,2),(360,'2013-04-30',0,484,'Chelsea Tee',75.0000,2.0000,7),(361,'2013-04-30',0,498,'French Cuff Cotton Twill Oxford',190.0000,2.0000,9),(362,'2013-04-30',0,506,'Linen Blazer',455.0000,2.0000,3),(363,'2013-04-30',0,512,'Tori Tank',60.0000,2.0000,4),(369,'2013-05-01',1,267,'Bowery Chino Pants',140.0000,1.0000,5),(370,'2013-05-01',1,286,'Tori Tank',60.0000,1.0000,7),(371,'2013-05-01',1,311,'Convertible Dress',340.0000,5.0000,1),(372,'2013-05-01',1,312,'Convertible Dress',340.0000,1.0000,10),(373,'2013-05-01',1,338,'Jackie O Round Sunglasses',295.0000,1.0000,3),(374,'2013-05-01',1,478,'Bowery Chino Pants',140.0000,2.0000,2),(375,'2013-05-01',1,484,'Chelsea Tee',75.0000,1.0000,4),(376,'2013-05-01',1,498,'French Cuff Cotton Twill Oxford',190.0000,1.0000,6),(377,'2013-05-01',1,506,'Linen Blazer',455.0000,1.0000,8),(378,'2013-05-01',1,512,'Tori Tank',60.0000,1.0000,9),(384,'2013-05-01',0,267,'Bowery Chino Pants',140.0000,1.0000,10),(385,'2013-05-01',0,286,'Tori Tank',60.0000,1.0000,4),(386,'2013-05-01',0,311,'Convertible Dress',340.0000,5.0000,1),(387,'2013-05-01',0,312,'Convertible Dress',340.0000,1.0000,7),(388,'2013-05-01',0,338,'Jackie O Round Sunglasses',295.0000,1.0000,8),(389,'2013-05-01',0,478,'Bowery Chino Pants',140.0000,2.0000,2),(390,'2013-05-01',0,484,'Chelsea Tee',75.0000,1.0000,9),(391,'2013-05-01',0,498,'French Cuff Cotton Twill Oxford',190.0000,1.0000,3),(392,'2013-05-01',0,506,'Linen Blazer',455.0000,1.0000,5),(393,'2013-05-01',0,512,'Tori Tank',60.0000,1.0000,6),(399,'2013-05-02',1,243,'Linen Blazer',455.0000,1.0000,4),(400,'2013-05-02',1,250,'Chelsea Tee',75.0000,1.0000,6),(401,'2013-05-02',1,253,'Chelsea Tee',75.0000,1.0000,8),(402,'2013-05-02',1,267,'Bowery Chino Pants',140.0000,1.0000,9),(403,'2013-05-02',1,286,'Tori Tank',60.0000,3.0000,1),(405,'2013-05-02',1,483,'Chelsea Tee',75.0000,1.0000,3),(406,'2013-05-02',1,506,'Linen Blazer',455.0000,1.0000,5),(407,'2013-05-02',1,518,'Elizabeth Knit Top',210.0000,1.0000,7),(414,'2013-05-02',0,243,'Linen Blazer',455.0000,1.0000,9),(415,'2013-05-02',0,250,'Chelsea Tee',75.0000,1.0000,3),(416,'2013-05-02',0,253,'Chelsea Tee',75.0000,1.0000,5),(417,'2013-05-02',0,267,'Bowery Chino Pants',140.0000,1.0000,6),(418,'2013-05-02',0,286,'Tori Tank',60.0000,3.0000,1),(420,'2013-05-02',0,483,'Chelsea Tee',75.0000,1.0000,8),(421,'2013-05-02',0,506,'Linen Blazer',455.0000,1.0000,2),(422,'2013-05-02',0,518,'Elizabeth Knit Top',210.0000,1.0000,4),(497,'2013-05-06',1,286,'Tori Tank',60.0000,3.0000,1),(498,'2013-05-06',1,548,'Pearl Strand Necklace-24\"',250.0000,1.0000,2),(499,'2013-05-07',1,243,'Linen Blazer',455.0000,1.0000,6),(500,'2013-05-07',1,312,'Convertible Dress',340.0000,1.0000,8),(501,'2013-05-07',1,450,'Alice in Wonderland',5.0000,2.0000,1),(504,'2013-05-07',1,503,'Plaid Cotton Shirt',160.0000,1.0000,4),(505,'2013-05-07',1,548,'Pearl Strand Necklace-24\"',250.0000,1.0000,5),(506,'2013-05-07',1,557,'Around the World in 80 Days',5.0000,1.0000,7),(512,'2013-05-06',0,286,'Tori Tank',60.0000,3.0000,1),(513,'2013-05-06',0,548,'Pearl Strand Necklace-24\"',250.0000,1.0000,2),(514,'2013-05-07',0,243,'Linen Blazer',455.0000,1.0000,3),(515,'2013-05-07',0,312,'Convertible Dress',340.0000,1.0000,5),(516,'2013-05-07',0,450,'Alice in Wonderland',5.0000,2.0000,1),(519,'2013-05-07',0,503,'Plaid Cotton Shirt',160.0000,1.0000,8),(520,'2013-05-07',0,548,'Pearl Strand Necklace-24\"',250.0000,1.0000,2),(521,'2013-05-07',0,557,'Around the World in 80 Days',5.0000,1.0000,4),(534,'2013-05-08',0,584,'Bushwick Skinny Jean',195.0000,1.0000,5),(535,'2013-05-08',0,614,'Carroll Check Dress Shirt',160.0000,1.0000,6),(536,'2013-05-08',0,676,'Grand Slim Straight Jean',225.0000,1.0000,7),(537,'2013-05-08',0,689,'Angela Wrap Dress',395.0000,1.0000,1),(538,'2013-05-08',0,749,'Mercer Loafer',310.0000,1.0000,2),(539,'2013-05-08',0,755,'Broad St Saddle Shoes',390.0000,1.0000,3),(540,'2013-05-08',0,790,'Plaza Platform',320.0000,1.0000,4),(541,'2013-05-09',1,498,'French Cuff Cotton Twill Oxford',190.0000,1.0000,1),(542,'2013-05-09',0,498,'French Cuff Cotton Twill Oxford',190.0000,1.0000,1),(543,'2013-05-03',1,284,'Black NoLIta Cami',150.0000,1.0000,18),(544,'2013-05-03',1,286,'Tori Tank',60.0000,2.0000,3),(545,'2013-05-03',1,294,'Elizabeth Knit Top',210.0000,2.0000,5),(546,'2013-05-03',1,312,'Convertible Dress',340.0000,1.0000,9),(547,'2013-05-03',1,351,'Hana Flat, Charcoal',210.0000,1.0000,11),(548,'2013-05-03',1,353,'Hana Flat, Charcoal',210.0000,1.0000,14),(549,'2013-05-03',1,372,'Flatiron Tablet Sleeve',150.0000,1.0000,17),(550,'2013-05-03',1,387,'Modern Murray Ceramic Vase',135.0000,3.0000,1),(551,'2013-05-03',1,388,'Modern Murray Ceramic Vase',135.0000,2.0000,4),(552,'2013-05-03',1,393,'Madison RX3400',715.0000,1.0000,8),(553,'2013-05-03',1,395,'8GB Memory Card',20.0000,1.0000,10),(554,'2013-05-03',1,396,'Large Camera Bag',120.0000,1.0000,13),(555,'2013-05-03',1,397,'Madison Earbuds',35.0000,1.0000,16),(556,'2013-05-03',1,399,'Madison 8GB Digital Media Player',150.0000,1.0000,19),(557,'2013-05-03',1,441,'3-Year Warranty',75.0000,1.0000,6),(558,'2013-05-03',1,442,'5-Year Warranty',100.0000,1.0000,7),(559,'2013-05-03',1,448,'A Tale of Two Cities',10.0000,3.0000,2),(560,'2013-05-03',1,483,'Chelsea Tee',75.0000,1.0000,12),(561,'2013-05-03',1,501,'Slim fit Dobby Oxford Shirt',175.0000,1.0000,15),(563,'2013-05-10',1,372,'Flatiron Tablet Sleeve',150.0000,1.0000,1),(564,'2013-05-10',1,512,'Tori Tank',60.0000,1.0000,2),(574,'2013-05-03',0,284,'Black NoLIta Cami',150.0000,1.0000,14),(575,'2013-05-03',0,286,'Tori Tank',60.0000,2.0000,3),(576,'2013-05-03',0,294,'Elizabeth Knit Top',210.0000,2.0000,5),(577,'2013-05-03',0,312,'Convertible Dress',340.0000,1.0000,19),(578,'2013-05-03',0,351,'Hana Flat, Charcoal',210.0000,1.0000,6),(579,'2013-05-03',0,353,'Hana Flat, Charcoal',210.0000,1.0000,9),(580,'2013-05-03',0,372,'Flatiron Tablet Sleeve',150.0000,1.0000,12),(581,'2013-05-03',0,387,'Modern Murray Ceramic Vase',135.0000,3.0000,1),(582,'2013-05-03',0,388,'Modern Murray Ceramic Vase',135.0000,2.0000,4),(583,'2013-05-03',0,393,'Madison RX3400',715.0000,1.0000,18),(584,'2013-05-03',0,395,'8GB Memory Card',20.0000,1.0000,20),(585,'2013-05-03',0,396,'Large Camera Bag',120.0000,1.0000,8),(586,'2013-05-03',0,397,'Madison Earbuds',35.0000,1.0000,11),(587,'2013-05-03',0,399,'Madison 8GB Digital Media Player',150.0000,1.0000,15),(588,'2013-05-03',0,441,'3-Year Warranty',75.0000,1.0000,16),(589,'2013-05-03',0,442,'5-Year Warranty',100.0000,1.0000,17),(590,'2013-05-03',0,448,'A Tale of Two Cities',10.0000,3.0000,2),(591,'2013-05-03',0,483,'Chelsea Tee',75.0000,1.0000,7),(592,'2013-05-03',0,501,'Slim fit Dobby Oxford Shirt',175.0000,1.0000,10),(593,'2013-05-03',0,695,'Jane Dress',510.0000,1.0000,13),(594,'2013-05-10',0,372,'Flatiron Tablet Sleeve',150.0000,1.0000,1),(595,'2013-05-10',0,512,'Tori Tank',60.0000,1.0000,2),(605,'2013-05-13',1,488,'Chelsea Tee',160.0000,1.0000,1),(606,'2013-05-13',0,488,'Chelsea Tee',160.0000,1.0000,1),(607,'2013-05-14',1,286,'Tori Tank',60.0000,3.0000,1),(608,'2013-05-14',1,374,'Houston Travel Wallet',210.0000,2.0000,4),(609,'2013-05-14',1,392,'Madison LX2200',425.0000,3.0000,2),(610,'2013-05-14',1,548,'Pearl Strand Necklace-24\"',250.0000,3.0000,3),(614,'2013-05-14',0,286,'Tori Tank',60.0000,3.0000,1),(615,'2013-05-14',0,374,'Houston Travel Wallet',210.0000,2.0000,4),(616,'2013-05-14',0,392,'Madison LX2200',425.0000,3.0000,2),(617,'2013-05-14',0,548,'Pearl Strand Necklace-24\"',250.0000,3.0000,3),(621,'2013-05-15',1,243,'Linen Blazer',455.0000,2.0000,2),(622,'2013-05-15',1,312,'Convertible Dress',340.0000,1.0000,7),(623,'2013-05-15',1,338,'Jackie O Round Sunglasses',295.0000,1.0000,3),(624,'2013-05-15',1,361,'Wingtip Cognac Oxford',375.0000,1.0000,4),(625,'2013-05-15',1,370,'Isla Crossbody Handbag',290.0000,1.0000,5),(626,'2013-05-15',1,548,'Pearl Strand Necklace-24\"',250.0000,2.0000,1),(627,'2013-05-15',1,551,'Pearl Stud Earrings',110.0000,1.0000,6),(628,'2013-05-15',0,243,'Linen Blazer',455.0000,2.0000,2),(629,'2013-05-15',0,312,'Convertible Dress',340.0000,1.0000,3),(630,'2013-05-15',0,338,'Jackie O Round Sunglasses',295.0000,1.0000,4),(631,'2013-05-15',0,361,'Wingtip Cognac Oxford',375.0000,1.0000,5),(632,'2013-05-15',0,370,'Isla Crossbody Handbag',290.0000,1.0000,6),(633,'2013-05-15',0,548,'Pearl Strand Necklace-24\"',250.0000,2.0000,1),(634,'2013-05-15',0,551,'Pearl Stud Earrings',110.0000,1.0000,7),(635,'2013-05-16',1,305,'Sheath',305.0000,1.0000,4),(636,'2013-05-16',1,352,'Hana Flat, Charcoal',210.0000,1.0000,1),(637,'2013-05-16',1,548,'Pearl Strand Necklace-24\"',250.0000,1.0000,2),(638,'2013-05-16',1,880,'Black Nolita Cami-Black-XS',150.0000,1.0000,3),(642,'2013-05-16',0,305,'Sheath',305.0000,1.0000,2),(643,'2013-05-16',0,352,'Hana Flat, Charcoal',210.0000,1.0000,3),(644,'2013-05-16',0,548,'Pearl Strand Necklace-24\"',250.0000,1.0000,4),(645,'2013-05-16',0,880,'Black Nolita Cami-Black-XS',150.0000,1.0000,1);

--
-- Table structure for table `sales_bestsellers_aggregated_monthly`
--

CREATE TABLE `sales_bestsellers_aggregated_monthly` (
  `id` int(10) unsigned NOT NULL AUTO_INCREMENT COMMENT 'Id',
  `period` date DEFAULT NULL COMMENT 'Period',
  `store_id` smallint(5) unsigned DEFAULT NULL COMMENT 'Store Id',
  `product_id` int(10) unsigned DEFAULT NULL COMMENT 'Product Id',
  `product_name` varchar(255) DEFAULT NULL COMMENT 'Product Name',
  `product_price` decimal(12,4) NOT NULL DEFAULT '0.0000' COMMENT 'Product Price',
  `qty_ordered` decimal(12,4) NOT NULL DEFAULT '0.0000' COMMENT 'Qty Ordered',
  `rating_pos` smallint(5) unsigned NOT NULL DEFAULT '0' COMMENT 'Rating Pos',
  PRIMARY KEY (`id`),
  UNIQUE KEY `UNQ_SALES_BESTSELLERS_AGGRED_MONTHLY_PERIOD_STORE_ID_PRD_ID` (`period`,`store_id`,`product_id`),
  KEY `IDX_SALES_BESTSELLERS_AGGREGATED_MONTHLY_STORE_ID` (`store_id`),
  KEY `IDX_SALES_BESTSELLERS_AGGREGATED_MONTHLY_PRODUCT_ID` (`product_id`),
  CONSTRAINT `FK_SALES_BESTSELLERS_AGGRED_MONTHLY_PRD_ID_CAT_PRD_ENTT_ENTT_ID` FOREIGN KEY (`product_id`) REFERENCES `catalog_product_entity` (`entity_id`) ON DELETE CASCADE ON UPDATE CASCADE,
  CONSTRAINT `FK_SALES_BESTSELLERS_AGGRED_MONTHLY_STORE_ID_CORE_STORE_STORE_ID` FOREIGN KEY (`store_id`) REFERENCES `core_store` (`store_id`) ON DELETE CASCADE ON UPDATE CASCADE
) ENGINE=InnoDB AUTO_INCREMENT=380 DEFAULT CHARSET=utf8 COMMENT='Sales Bestsellers Aggregated Monthly';

--
-- Dumping data for table `sales_bestsellers_aggregated_monthly`
--

INSERT INTO `sales_bestsellers_aggregated_monthly` VALUES (1,'2013-03-01',0,441,'3-Year Warranty',75.0000,1.0000,6),(2,'2013-03-01',0,341,'Barclay d\'Orsay pump, Nude',390.0000,1.0000,7),(4,'2013-03-01',0,458,'Khaki Bowery Chino Pants',140.0000,4.0000,1),(5,'2013-03-01',0,377,'Classic Hardshell Suitcase 29\"',750.0000,2.0000,4),(7,'2013-04-01',0,378,'Body Wash with Lemon Flower Extract and Aloe Vera',28.0000,12.0000,15),(8,'2013-04-01',0,337,'Aviator Sunglasses',295.0000,17.0000,9),(9,'2013-04-01',0,547,'Pearl Strand Necklace-18\"',250.0000,13.0000,14),(10,'2013-04-01',0,379,'Bath Minerals and Salt',25.0000,20.0000,7),(11,'2013-04-01',0,483,'Chelsea Tee',75.0000,10.0000,23),(12,'2013-04-01',0,338,'Jackie O Round Sunglasses',295.0000,3.0000,38),(13,'2013-04-01',0,284,'NoLIta Cami',150.0000,8.0000,29),(14,'2013-03-01',1,341,'Barclay d\'Orsay pump, Nude',390.0000,1.0000,6),(16,'2013-03-01',1,458,'Khaki Bowery Chino Pants',140.0000,4.0000,1),(17,'2013-03-01',1,377,'Classic Hardshell Suitcase 29\"',750.0000,2.0000,4),(19,'2013-03-01',1,441,'3-Year Warranty',75.0000,1.0000,5),(20,'2013-04-01',1,378,'Body Wash with Lemon Flower Extract and Aloe Vera',28.0000,12.0000,15),(21,'2013-04-01',1,379,'Bath Minerals and Salt',25.0000,20.0000,7),(22,'2013-04-01',1,483,'Chelsea Tee',75.0000,10.0000,28),(23,'2013-04-01',1,337,'Aviator Sunglasses',295.0000,17.0000,9),(24,'2013-04-01',1,547,'Pearl Strand Necklace-18\"',250.0000,13.0000,14),(25,'2013-04-01',1,338,'Jackie O Round Sunglasses',295.0000,3.0000,39),(26,'2013-04-01',1,284,'NoLIta Cami',150.0000,8.0000,31),(32,'2013-04-01',0,498,'French Cuff Cotton Twill Oxford',190.0000,8.0000,31),(33,'2013-04-01',1,498,'French Cuff Cotton Twill Oxford',190.0000,8.0000,29),(35,'2013-03-01',0,237,'Plaid Cotton Shirt',160.0000,3.0000,2),(36,'2013-03-01',0,442,'5-Year Warranty',100.0000,3.0000,3),(37,'2013-03-01',0,530,'TriBeCa Skinny Jean',185.0000,1.0000,5),(38,'2013-03-01',1,442,'5-Year Warranty',100.0000,3.0000,3),(39,'2013-03-01',1,237,'Plaid Cotton Shirt',160.0000,3.0000,2),(40,'2013-03-01',1,530,'TriBeCa Skinny Jean',185.0000,1.0000,7),(46,'2013-04-01',0,554,'Swiss Movement Sports Watch',500.0000,19.0000,8),(47,'2013-04-01',0,294,'Elizabeth Knit Top',210.0000,11.0000,20),(49,'2013-04-01',1,554,'Swiss Movement Sports Watch',500.0000,19.0000,8),(50,'2013-04-01',1,294,'Elizabeth Knit Top',210.0000,11.0000,19),(57,'2013-04-01',0,382,'Shay Printed Pillow',210.0000,1.0000,54),(58,'2013-04-01',0,373,'Broad St. Flapover Briefcase',570.0000,1.0000,55),(59,'2013-04-01',0,385,'Gramercy Throw',275.0000,1.0000,44),(60,'2013-04-01',0,374,'Houston Travel Wallet',210.0000,1.0000,47),(62,'2013-04-01',1,382,'Shay Printed Pillow',210.0000,1.0000,52),(63,'2013-04-01',1,373,'Broad St. Flapover Briefcase',570.0000,1.0000,54),(64,'2013-04-01',1,385,'Gramercy Throw',275.0000,1.0000,45),(65,'2013-04-01',1,374,'Houston Travel Wallet',210.0000,1.0000,47),(71,'2013-04-01',0,371,'Florentine Satchel Handbag',625.0000,20.0000,5),(72,'2013-04-01',0,400,'Compact mp3 Player',40.0000,20.0000,6),(73,'2013-04-01',0,448,'A Tale of Two Cities',10.0000,12.0000,16),(74,'2013-04-01',0,370,'Isla Crossbody Handbag',290.0000,10.0000,27),(75,'2013-04-01',0,231,'French Cuff Cotton Twill Oxford',190.0000,11.0000,17),(76,'2013-04-01',0,311,'Convertible Dress',340.0000,30.0000,3),(77,'2013-04-01',0,528,'TriBeCa Skinny Jean',185.0000,11.0000,18),(78,'2013-04-01',0,268,'Bowery Chino Pants',140.0000,10.0000,22),(79,'2013-04-01',0,240,'Sullivan Sport Coat',510.0000,25.0000,4),(80,'2013-04-01',0,392,'Madison LX2200',425.0000,6.0000,32),(81,'2013-04-01',0,386,'Herald Glass Vase',110.0000,14.0000,13),(82,'2013-04-01',0,346,'Ann Ankle Boot',470.0000,11.0000,19),(83,'2013-04-01',0,267,'Bowery Chino Pants',140.0000,5.0000,36),(84,'2013-04-01',0,396,'Large Camera Bag',120.0000,1.0000,57),(85,'2013-04-01',0,395,'8GB Memory Card',20.0000,1.0000,53),(86,'2013-04-01',0,285,'Tori Tank',60.0000,31.0000,2),(87,'2013-04-01',1,371,'Florentine Satchel Handbag',625.0000,20.0000,5),(88,'2013-04-01',1,400,'Compact mp3 Player',40.0000,20.0000,6),(89,'2013-04-01',1,448,'A Tale of Two Cities',10.0000,12.0000,16),(90,'2013-04-01',1,240,'Sullivan Sport Coat',510.0000,25.0000,4),(91,'2013-04-01',1,370,'Isla Crossbody Handbag',290.0000,10.0000,26),(92,'2013-04-01',1,231,'French Cuff Cotton Twill Oxford',190.0000,11.0000,20),(93,'2013-04-01',1,311,'Convertible Dress',340.0000,30.0000,3),(94,'2013-04-01',1,528,'TriBeCa Skinny Jean',185.0000,11.0000,17),(95,'2013-04-01',1,268,'Bowery Chino Pants',140.0000,10.0000,22),(96,'2013-04-01',1,392,'Madison LX2200',425.0000,6.0000,32),(97,'2013-04-01',1,386,'Herald Glass Vase',110.0000,14.0000,13),(98,'2013-04-01',1,346,'Ann Ankle Boot',470.0000,11.0000,18),(99,'2013-04-01',1,267,'Bowery Chino Pants',140.0000,5.0000,33),(100,'2013-04-01',1,395,'8GB Memory Card',20.0000,1.0000,48),(101,'2013-04-01',1,285,'Tori Tank',60.0000,31.0000,2),(102,'2013-04-01',1,396,'Large Camera Bag',120.0000,1.0000,53),(134,'2013-04-01',0,275,'The Essential Boot Cut Jean',140.0000,15.0000,12),(135,'2013-04-01',0,590,'Draper Pant',295.0000,5.0000,35),(136,'2013-04-01',0,286,'Tori Tank',60.0000,5.0000,33),(137,'2013-04-01',0,548,'Pearl Strand Necklace-24\"',250.0000,3.0000,39),(138,'2013-04-01',0,312,'Convertible Dress',340.0000,8.0000,30),(139,'2013-04-01',0,559,'If You Were by Keshco',2.0000,1.0000,43),(140,'2013-04-01',0,518,'Elizabeth Knit Top',210.0000,1.0000,46),(141,'2013-04-01',0,566,'Thomas Overcoat',590.0000,1.0000,49),(142,'2013-04-01',0,512,'Tori Tank',60.0000,3.0000,40),(143,'2013-04-01',1,275,'The Essential Boot Cut Jean',140.0000,15.0000,11),(144,'2013-04-01',1,548,'Pearl Strand Necklace-24\"',250.0000,3.0000,37),(145,'2013-04-01',1,286,'Tori Tank',60.0000,5.0000,34),(146,'2013-04-01',1,312,'Convertible Dress',340.0000,8.0000,30),(147,'2013-04-01',1,518,'Elizabeth Knit Top',210.0000,1.0000,44),(148,'2013-04-01',1,512,'Tori Tank',60.0000,3.0000,38),(149,'2013-04-01',1,559,'If You Were by Keshco',2.0000,1.0000,55),(165,'2013-04-01',0,291,'Ludlow Oxford Top',185.0000,15.0000,11),(166,'2013-04-01',0,243,'Linen Blazer',455.0000,15.0000,10),(167,'2013-04-01',0,387,'Modern Murray Ceramic Vase',135.0000,10.0000,21),(168,'2013-04-01',0,376,'Classic Hardshell Suitcase 21\"',650.0000,10.0000,24),(169,'2013-04-01',0,388,'Modern Murray Ceramic Vase',135.0000,10.0000,25),(170,'2013-04-01',0,377,'Classic Hardshell Suitcase 29\"',750.0000,10.0000,26),(171,'2013-04-01',0,375,'Roller Suitcase',650.0000,10.0000,28),(172,'2013-04-01',0,310,'Convertible Dress',340.0000,5.0000,34),(173,'2013-04-01',0,253,'Chelsea Tee',75.0000,1.0000,50),(174,'2013-04-01',0,314,'Convertible Dress',340.0000,1.0000,52),(175,'2013-04-01',0,287,'Tori Tank',60.0000,1.0000,56),(176,'2013-04-01',0,313,'Convertible Dress',340.0000,1.0000,45),(177,'2013-04-01',1,243,'Linen Blazer',455.0000,15.0000,10),(178,'2013-04-01',1,291,'Ludlow Oxford Top',185.0000,15.0000,12),(179,'2013-04-01',1,387,'Modern Murray Ceramic Vase',135.0000,10.0000,23),(180,'2013-04-01',1,376,'Classic Hardshell Suitcase 21\"',650.0000,10.0000,24),(181,'2013-04-01',1,388,'Modern Murray Ceramic Vase',135.0000,10.0000,25),(182,'2013-04-01',1,377,'Classic Hardshell Suitcase 29\"',750.0000,10.0000,27),(183,'2013-04-01',1,375,'Roller Suitcase',650.0000,10.0000,21),(184,'2013-04-01',1,310,'Convertible Dress',340.0000,5.0000,35),(185,'2013-04-01',1,313,'Convertible Dress',340.0000,1.0000,46),(186,'2013-04-01',1,253,'Chelsea Tee',75.0000,1.0000,50),(187,'2013-04-01',1,314,'Convertible Dress',340.0000,1.0000,51),(188,'2013-04-01',1,287,'Tori Tank',60.0000,1.0000,43),(196,'2013-04-01',0,249,'Chelsea Tee',75.0000,1.0000,48),(197,'2013-04-01',1,249,'Chelsea Tee',75.0000,1.0000,42),(202,'2013-04-01',0,478,'Bowery Chino Pants',140.0000,4.0000,37),(203,'2013-04-01',0,484,'Chelsea Tee',75.0000,2.0000,41),(204,'2013-04-01',0,506,'Linen Blazer',455.0000,2.0000,42),(205,'2013-04-01',1,478,'Bowery Chino Pants',140.0000,4.0000,36),(206,'2013-04-01',1,506,'Linen Blazer',455.0000,2.0000,41),(207,'2013-04-01',1,484,'Chelsea Tee',75.0000,2.0000,40),(209,'2013-05-01',0,311,'Convertible Dress',340.0000,5.0000,3),(210,'2013-05-01',0,478,'Bowery Chino Pants',140.0000,2.0000,14),(211,'2013-05-01',0,484,'Chelsea Tee',75.0000,1.0000,48),(212,'2013-05-01',0,338,'Jackie O Round Sunglasses',295.0000,2.0000,21),(213,'2013-05-01',0,512,'Tori Tank',60.0000,2.0000,11),(214,'2013-05-01',0,267,'Bowery Chino Pants',140.0000,2.0000,12),(215,'2013-05-01',0,498,'French Cuff Cotton Twill Oxford',190.0000,2.0000,10),(216,'2013-05-01',0,312,'Convertible Dress',340.0000,4.0000,5),(217,'2013-05-01',0,286,'Tori Tank',60.0000,12.0000,1),(218,'2013-05-01',0,506,'Linen Blazer',455.0000,2.0000,20),(219,'2013-05-01',1,311,'Convertible Dress',340.0000,5.0000,3),(220,'2013-05-01',1,478,'Bowery Chino Pants',140.0000,2.0000,11),(221,'2013-05-01',1,338,'Jackie O Round Sunglasses',295.0000,2.0000,16),(222,'2013-05-01',1,512,'Tori Tank',60.0000,2.0000,18),(223,'2013-05-01',1,498,'French Cuff Cotton Twill Oxford',190.0000,2.0000,9),(224,'2013-05-01',1,267,'Bowery Chino Pants',140.0000,2.0000,10),(225,'2013-05-01',1,312,'Convertible Dress',340.0000,4.0000,4),(226,'2013-05-01',1,506,'Linen Blazer',455.0000,2.0000,13),(227,'2013-05-01',1,286,'Tori Tank',60.0000,12.0000,1),(228,'2013-05-01',1,484,'Chelsea Tee',75.0000,1.0000,40),(240,'2013-05-01',0,243,'Linen Blazer',455.0000,4.0000,4),(241,'2013-05-01',0,518,'Elizabeth Knit Top',210.0000,1.0000,27),(243,'2013-05-01',0,250,'Chelsea Tee',75.0000,1.0000,42),(244,'2013-05-01',0,483,'Chelsea Tee',75.0000,2.0000,18),(245,'2013-05-01',0,253,'Chelsea Tee',75.0000,1.0000,54),(246,'2013-05-01',1,250,'Chelsea Tee',75.0000,1.0000,23),(247,'2013-05-01',1,483,'Chelsea Tee',75.0000,2.0000,12),(248,'2013-05-01',1,253,'Chelsea Tee',75.0000,1.0000,35),(249,'2013-05-01',1,243,'Linen Blazer',455.0000,4.0000,5),(250,'2013-05-01',1,518,'Elizabeth Knit Top',210.0000,1.0000,41),(255,'2013-05-01',0,448,'A Tale of Two Cities',10.0000,3.0000,8),(256,'2013-05-01',0,387,'Modern Murray Ceramic Vase',135.0000,3.0000,7),(257,'2013-05-01',0,294,'Elizabeth Knit Top',210.0000,2.0000,15),(258,'2013-05-01',0,388,'Modern Murray Ceramic Vase',135.0000,2.0000,16),(259,'2013-05-01',0,372,'Flatiron Tablet Sleeve',150.0000,2.0000,19),(260,'2013-05-01',0,396,'Large Camera Bag',120.0000,1.0000,51),(261,'2013-05-01',0,351,'Hana Flat, Charcoal',210.0000,1.0000,22),(262,'2013-05-01',0,393,'Madison RX3400',715.0000,1.0000,24),(263,'2013-05-01',0,441,'3-Year Warranty',75.0000,1.0000,25),(264,'2013-05-01',0,284,'Black NoLIta Cami',150.0000,1.0000,31),(265,'2013-05-01',0,397,'Madison Earbuds',35.0000,1.0000,32),(266,'2013-05-01',0,501,'Slim fit Dobby Oxford Shirt',175.0000,1.0000,34),(267,'2013-05-01',0,353,'Hana Flat, Charcoal',210.0000,1.0000,36),(268,'2013-05-01',0,395,'8GB Memory Card',20.0000,1.0000,37),(269,'2013-05-01',0,442,'5-Year Warranty',100.0000,1.0000,39),(270,'2013-05-01',0,399,'Madison 8GB Digital Media Player',150.0000,1.0000,45),(271,'2013-05-01',0,695,'Jane Dress',510.0000,1.0000,47),(272,'2013-05-01',1,448,'A Tale of Two Cities',10.0000,3.0000,6),(273,'2013-05-01',1,387,'Modern Murray Ceramic Vase',135.0000,3.0000,8),(274,'2013-05-01',1,294,'Elizabeth Knit Top',210.0000,2.0000,14),(275,'2013-05-01',1,388,'Modern Murray Ceramic Vase',135.0000,2.0000,15),(276,'2013-05-01',1,372,'Flatiron Tablet Sleeve',150.0000,2.0000,20),(277,'2013-05-01',1,396,'Large Camera Bag',120.0000,1.0000,46),(278,'2013-05-01',1,351,'Hana Flat, Charcoal',210.0000,1.0000,25),(279,'2013-05-01',1,393,'Madison RX3400',715.0000,1.0000,26),(280,'2013-05-01',1,441,'3-Year Warranty',75.0000,1.0000,28),(281,'2013-05-01',1,284,'Black NoLIta Cami',150.0000,1.0000,29),(282,'2013-05-01',1,397,'Madison Earbuds',35.0000,1.0000,32),(283,'2013-05-01',1,501,'Slim fit Dobby Oxford Shirt',175.0000,1.0000,34),(284,'2013-05-01',1,353,'Hana Flat, Charcoal',210.0000,1.0000,36),(285,'2013-05-01',1,395,'8GB Memory Card',20.0000,1.0000,38),(286,'2013-05-01',1,442,'5-Year Warranty',100.0000,1.0000,39),(287,'2013-05-01',1,399,'Madison 8GB Digital Media Player',150.0000,1.0000,43),(320,'2013-05-01',0,548,'Pearl Strand Necklace-24\"',250.0000,8.0000,2),(321,'2013-05-01',1,548,'Pearl Strand Necklace-24\"',250.0000,8.0000,2),(323,'2013-05-01',0,450,'Alice in Wonderland',5.0000,2.0000,9),(325,'2013-05-01',0,503,'Plaid Cotton Shirt',160.0000,1.0000,50),(326,'2013-05-01',0,557,'Around the World in 80 Days',5.0000,1.0000,30),(327,'2013-05-01',1,450,'Alice in Wonderland',5.0000,2.0000,21),(329,'2013-05-01',1,503,'Plaid Cotton Shirt',160.0000,1.0000,42),(330,'2013-05-01',1,557,'Around the World in 80 Days',5.0000,1.0000,27),(338,'2013-05-01',0,749,'Mercer Loafer',310.0000,1.0000,26),(339,'2013-05-01',0,676,'Grand Slim Straight Jean',225.0000,1.0000,33),(340,'2013-05-01',0,584,'Bushwick Skinny Jean',195.0000,1.0000,38),(341,'2013-05-01',0,755,'Broad St Saddle Shoes',390.0000,1.0000,40),(342,'2013-05-01',0,689,'Angela Wrap Dress',395.0000,1.0000,46),(343,'2013-05-01',0,614,'Carroll Check Dress Shirt',160.0000,1.0000,52),(344,'2013-05-01',0,790,'Plaza Platform',320.0000,1.0000,53),(357,'2013-05-01',0,488,'Chelsea Tee',160.0000,1.0000,41),(358,'2013-05-01',1,488,'Chelsea Tee',160.0000,1.0000,24),(360,'2013-05-01',0,392,'Madison LX2200',425.0000,3.0000,6),(361,'2013-05-01',0,374,'Houston Travel Wallet',210.0000,2.0000,17),(362,'2013-05-01',1,392,'Madison LX2200',425.0000,3.0000,7),(363,'2013-05-01',1,374,'Houston Travel Wallet',210.0000,2.0000,19),(367,'2013-05-01',0,551,'Pearl Stud Earrings',110.0000,1.0000,43),(368,'2013-05-01',0,361,'Wingtip Cognac Oxford',375.0000,1.0000,49),(369,'2013-05-01',0,370,'Isla Crossbody Handbag',290.0000,1.0000,28),(370,'2013-05-01',1,551,'Pearl Stud Earrings',110.0000,1.0000,30),(371,'2013-05-01',1,361,'Wingtip Cognac Oxford',375.0000,1.0000,37),(372,'2013-05-01',1,370,'Isla Crossbody Handbag',290.0000,1.0000,45),(374,'2013-05-01',0,880,'Black Nolita Cami-Black-XS',150.0000,1.0000,23),(375,'2013-05-01',0,305,'Sheath',305.0000,1.0000,29),(376,'2013-05-01',0,352,'Hana Flat, Charcoal',210.0000,1.0000,44),(377,'2013-05-01',1,305,'Sheath',305.0000,1.0000,22),(378,'2013-05-01',1,352,'Hana Flat, Charcoal',210.0000,1.0000,33),(379,'2013-05-01',1,880,'Black Nolita Cami-Black-XS',150.0000,1.0000,44);

--
-- Table structure for table `sales_bestsellers_aggregated_yearly`
--

CREATE TABLE `sales_bestsellers_aggregated_yearly` (
  `id` int(10) unsigned NOT NULL AUTO_INCREMENT COMMENT 'Id',
  `period` date DEFAULT NULL COMMENT 'Period',
  `store_id` smallint(5) unsigned DEFAULT NULL COMMENT 'Store Id',
  `product_id` int(10) unsigned DEFAULT NULL COMMENT 'Product Id',
  `product_name` varchar(255) DEFAULT NULL COMMENT 'Product Name',
  `product_price` decimal(12,4) NOT NULL DEFAULT '0.0000' COMMENT 'Product Price',
  `qty_ordered` decimal(12,4) NOT NULL DEFAULT '0.0000' COMMENT 'Qty Ordered',
  `rating_pos` smallint(5) unsigned NOT NULL DEFAULT '0' COMMENT 'Rating Pos',
  PRIMARY KEY (`id`),
  UNIQUE KEY `UNQ_SALES_BESTSELLERS_AGGRED_YEARLY_PERIOD_STORE_ID_PRD_ID` (`period`,`store_id`,`product_id`),
  KEY `IDX_SALES_BESTSELLERS_AGGREGATED_YEARLY_STORE_ID` (`store_id`),
  KEY `IDX_SALES_BESTSELLERS_AGGREGATED_YEARLY_PRODUCT_ID` (`product_id`),
  CONSTRAINT `FK_SALES_BESTSELLERS_AGGRED_YEARLY_PRD_ID_CAT_PRD_ENTT_ENTT_ID` FOREIGN KEY (`product_id`) REFERENCES `catalog_product_entity` (`entity_id`) ON DELETE CASCADE ON UPDATE CASCADE,
  CONSTRAINT `FK_SALES_BESTSELLERS_AGGRED_YEARLY_STORE_ID_CORE_STORE_STORE_ID` FOREIGN KEY (`store_id`) REFERENCES `core_store` (`store_id`) ON DELETE CASCADE ON UPDATE CASCADE
) ENGINE=InnoDB AUTO_INCREMENT=298 DEFAULT CHARSET=utf8 COMMENT='Sales Bestsellers Aggregated Yearly';

--
-- Dumping data for table `sales_bestsellers_aggregated_yearly`
--

INSERT INTO `sales_bestsellers_aggregated_yearly` VALUES (1,'2013-01-01',0,378,'Body Wash with Lemon Flower Extract and Aloe Vera',28.0000,12.0000,22),(2,'2013-01-01',0,337,'Aviator Sunglasses',295.0000,17.0000,11),(3,'2013-01-01',0,547,'Pearl Strand Necklace-18\"',250.0000,13.0000,18),(4,'2013-01-01',0,379,'Bath Minerals and Salt',25.0000,20.0000,7),(5,'2013-01-01',0,483,'Chelsea Tee',75.0000,12.0000,20),(6,'2013-01-01',0,441,'3-Year Warranty',75.0000,2.0000,50),(7,'2013-01-01',0,341,'Barclay d\'Orsay pump, Nude',390.0000,1.0000,81),(9,'2013-01-01',0,458,'Khaki Bowery Chino Pants',140.0000,4.0000,43),(10,'2013-01-01',0,338,'Jackie O Round Sunglasses',295.0000,5.0000,37),(11,'2013-01-01',0,377,'Classic Hardshell Suitcase 29\"',750.0000,12.0000,19),(12,'2013-01-01',0,284,'NoLIta Cami',150.0000,9.0000,34),(14,'2013-01-01',1,378,'Body Wash with Lemon Flower Extract and Aloe Vera',28.0000,12.0000,19),(15,'2013-01-01',1,379,'Bath Minerals and Salt',25.0000,20.0000,7),(16,'2013-01-01',1,483,'Chelsea Tee',75.0000,12.0000,23),(17,'2013-01-01',1,337,'Aviator Sunglasses',295.0000,17.0000,10),(18,'2013-01-01',1,547,'Pearl Strand Necklace-18\"',250.0000,13.0000,16),(19,'2013-01-01',1,341,'Barclay d\'Orsay pump, Nude',390.0000,1.0000,62),(21,'2013-01-01',1,458,'Khaki Bowery Chino Pants',140.0000,4.0000,41),(22,'2013-01-01',1,338,'Jackie O Round Sunglasses',295.0000,5.0000,38),(23,'2013-01-01',1,377,'Classic Hardshell Suitcase 29\"',750.0000,12.0000,22),(24,'2013-01-01',1,284,'NoLIta Cami',150.0000,9.0000,34),(26,'2013-01-01',1,441,'3-Year Warranty',75.0000,2.0000,48),(32,'2013-01-01',0,498,'French Cuff Cotton Twill Oxford',190.0000,10.0000,31),(33,'2013-01-01',1,498,'French Cuff Cotton Twill Oxford',190.0000,10.0000,31),(35,'2013-01-01',0,237,'Plaid Cotton Shirt',160.0000,3.0000,44),(36,'2013-01-01',0,442,'5-Year Warranty',100.0000,4.0000,42),(37,'2013-01-01',0,530,'TriBeCa Skinny Jean',185.0000,1.0000,56),(38,'2013-01-01',1,442,'5-Year Warranty',100.0000,4.0000,40),(39,'2013-01-01',1,237,'Plaid Cotton Shirt',160.0000,3.0000,43),(40,'2013-01-01',1,530,'TriBeCa Skinny Jean',185.0000,1.0000,73),(46,'2013-01-01',0,554,'Swiss Movement Sports Watch',500.0000,19.0000,8),(47,'2013-01-01',0,294,'Elizabeth Knit Top',210.0000,13.0000,17),(49,'2013-01-01',1,554,'Swiss Movement Sports Watch',500.0000,19.0000,9),(50,'2013-01-01',1,294,'Elizabeth Knit Top',210.0000,13.0000,17),(57,'2013-01-01',0,382,'Shay Printed Pillow',210.0000,1.0000,80),(58,'2013-01-01',0,373,'Broad St. Flapover Briefcase',570.0000,1.0000,88),(59,'2013-01-01',0,385,'Gramercy Throw',275.0000,1.0000,61),(60,'2013-01-01',0,374,'Houston Travel Wallet',210.0000,3.0000,45),(62,'2013-01-01',1,382,'Shay Printed Pillow',210.0000,1.0000,71),(63,'2013-01-01',1,373,'Broad St. Flapover Briefcase',570.0000,1.0000,76),(64,'2013-01-01',1,385,'Gramercy Throw',275.0000,1.0000,57),(65,'2013-01-01',1,374,'Houston Travel Wallet',210.0000,3.0000,44),(71,'2013-01-01',0,371,'Florentine Satchel Handbag',625.0000,20.0000,5),(72,'2013-01-01',0,400,'Compact mp3 Player',40.0000,20.0000,6),(73,'2013-01-01',0,448,'A Tale of Two Cities',10.0000,15.0000,13),(74,'2013-01-01',0,370,'Isla Crossbody Handbag',290.0000,11.0000,28),(75,'2013-01-01',0,231,'French Cuff Cotton Twill Oxford',190.0000,11.0000,24),(76,'2013-01-01',0,311,'Convertible Dress',340.0000,35.0000,2),(77,'2013-01-01',0,528,'TriBeCa Skinny Jean',185.0000,11.0000,25),(78,'2013-01-01',0,268,'Bowery Chino Pants',140.0000,10.0000,29),(79,'2013-01-01',0,240,'Sullivan Sport Coat',510.0000,25.0000,4),(80,'2013-01-01',0,392,'Madison LX2200',425.0000,9.0000,33),(81,'2013-01-01',0,386,'Herald Glass Vase',110.0000,14.0000,15),(82,'2013-01-01',0,346,'Ann Ankle Boot',470.0000,11.0000,26),(83,'2013-01-01',0,267,'Bowery Chino Pants',140.0000,7.0000,35),(84,'2013-01-01',0,396,'Large Camera Bag',120.0000,2.0000,54),(85,'2013-01-01',0,395,'8GB Memory Card',20.0000,2.0000,52),(86,'2013-01-01',0,285,'Tori Tank',60.0000,31.0000,3),(87,'2013-01-01',1,371,'Florentine Satchel Handbag',625.0000,20.0000,5),(88,'2013-01-01',1,400,'Compact mp3 Player',40.0000,20.0000,6),(89,'2013-01-01',1,448,'A Tale of Two Cities',10.0000,15.0000,14),(90,'2013-01-01',1,240,'Sullivan Sport Coat',510.0000,25.0000,4),(91,'2013-01-01',1,370,'Isla Crossbody Handbag',290.0000,11.0000,27),(92,'2013-01-01',1,231,'French Cuff Cotton Twill Oxford',190.0000,11.0000,28),(93,'2013-01-01',1,311,'Convertible Dress',340.0000,35.0000,2),(94,'2013-01-01',1,528,'TriBeCa Skinny Jean',185.0000,11.0000,24),(95,'2013-01-01',1,268,'Bowery Chino Pants',140.0000,10.0000,30),(96,'2013-01-01',1,392,'Madison LX2200',425.0000,9.0000,33),(97,'2013-01-01',1,386,'Herald Glass Vase',110.0000,14.0000,15),(98,'2013-01-01',1,346,'Ann Ankle Boot',470.0000,11.0000,25),(99,'2013-01-01',1,267,'Bowery Chino Pants',140.0000,7.0000,35),(100,'2013-01-01',1,395,'8GB Memory Card',20.0000,2.0000,51),(101,'2013-01-01',1,285,'Tori Tank',60.0000,31.0000,3),(102,'2013-01-01',1,396,'Large Camera Bag',120.0000,2.0000,53),(134,'2013-01-01',0,275,'The Essential Boot Cut Jean',140.0000,15.0000,12),(135,'2013-01-01',0,590,'Draper Pant',295.0000,5.0000,40),(136,'2013-01-01',0,286,'Tori Tank',60.0000,17.0000,10),(137,'2013-01-01',0,548,'Pearl Strand Necklace-24\"',250.0000,11.0000,27),(138,'2013-01-01',0,312,'Convertible Dress',340.0000,12.0000,21),(139,'2013-01-01',0,559,'If You Were by Keshco',2.0000,1.0000,55),(140,'2013-01-01',0,518,'Elizabeth Knit Top',210.0000,2.0000,49),(141,'2013-01-01',0,566,'Thomas Overcoat',590.0000,1.0000,71),(142,'2013-01-01',0,512,'Tori Tank',60.0000,5.0000,39),(143,'2013-01-01',1,275,'The Essential Boot Cut Jean',140.0000,15.0000,12),(144,'2013-01-01',1,548,'Pearl Strand Necklace-24\"',250.0000,11.0000,26),(145,'2013-01-01',1,286,'Tori Tank',60.0000,17.0000,11),(146,'2013-01-01',1,312,'Convertible Dress',340.0000,12.0000,20),(147,'2013-01-01',1,518,'Elizabeth Knit Top',210.0000,2.0000,47),(148,'2013-01-01',1,512,'Tori Tank',60.0000,5.0000,37),(149,'2013-01-01',1,559,'If You Were by Keshco',2.0000,1.0000,77),(165,'2013-01-01',0,243,'Linen Blazer',455.0000,19.0000,9),(166,'2013-01-01',0,291,'Ludlow Oxford Top',185.0000,15.0000,14),(167,'2013-01-01',0,387,'Modern Murray Ceramic Vase',135.0000,13.0000,16),(168,'2013-01-01',0,375,'Roller Suitcase',650.0000,10.0000,30),(169,'2013-01-01',0,388,'Modern Murray Ceramic Vase',135.0000,12.0000,23),(170,'2013-01-01',0,376,'Classic Hardshell Suitcase 21\"',650.0000,10.0000,32),(171,'2013-01-01',0,310,'Convertible Dress',340.0000,5.0000,38),(172,'2013-01-01',0,287,'Tori Tank',60.0000,1.0000,73),(173,'2013-01-01',0,313,'Convertible Dress',340.0000,1.0000,82),(174,'2013-01-01',0,253,'Chelsea Tee',75.0000,2.0000,48),(175,'2013-01-01',0,314,'Convertible Dress',340.0000,1.0000,62),(176,'2013-01-01',1,243,'Linen Blazer',455.0000,19.0000,8),(177,'2013-01-01',1,291,'Ludlow Oxford Top',185.0000,15.0000,13),(178,'2013-01-01',1,388,'Modern Murray Ceramic Vase',135.0000,12.0000,21),(179,'2013-01-01',1,376,'Classic Hardshell Suitcase 21\"',650.0000,10.0000,32),(180,'2013-01-01',1,387,'Modern Murray Ceramic Vase',135.0000,13.0000,18),(181,'2013-01-01',1,375,'Roller Suitcase',650.0000,10.0000,29),(182,'2013-01-01',1,310,'Convertible Dress',340.0000,5.0000,39),(183,'2013-01-01',1,313,'Convertible Dress',340.0000,1.0000,63),(184,'2013-01-01',1,253,'Chelsea Tee',75.0000,2.0000,52),(185,'2013-01-01',1,314,'Convertible Dress',340.0000,1.0000,70),(186,'2013-01-01',1,287,'Tori Tank',60.0000,1.0000,55),(196,'2013-01-01',0,249,'Chelsea Tee',75.0000,1.0000,74),(197,'2013-01-01',1,249,'Chelsea Tee',75.0000,1.0000,59),(202,'2013-01-01',0,478,'Bowery Chino Pants',140.0000,6.0000,36),(203,'2013-01-01',0,484,'Chelsea Tee',75.0000,3.0000,47),(204,'2013-01-01',0,506,'Linen Blazer',455.0000,4.0000,41),(205,'2013-01-01',1,478,'Bowery Chino Pants',140.0000,6.0000,36),(206,'2013-01-01',1,484,'Chelsea Tee',75.0000,3.0000,45),(207,'2013-01-01',1,506,'Linen Blazer',455.0000,4.0000,42),(210,'2013-01-01',0,250,'Chelsea Tee',75.0000,1.0000,86),(211,'2013-01-01',1,250,'Chelsea Tee',75.0000,1.0000,64),(213,'2013-01-01',0,351,'Hana Flat, Charcoal',210.0000,1.0000,83),(214,'2013-01-01',0,399,'Madison 8GB Digital Media Player',150.0000,1.0000,85),(215,'2013-01-01',0,501,'Slim fit Dobby Oxford Shirt',175.0000,1.0000,65),(216,'2013-01-01',0,393,'Madison RX3400',715.0000,1.0000,89),(217,'2013-01-01',0,353,'Hana Flat, Charcoal',210.0000,1.0000,63),(218,'2013-01-01',0,695,'Jane Dress',510.0000,1.0000,75),(219,'2013-01-01',0,397,'Madison Earbuds',35.0000,1.0000,69),(220,'2013-01-01',0,372,'Flatiron Tablet Sleeve',150.0000,2.0000,51),(221,'2013-01-01',1,393,'Madison RX3400',715.0000,1.0000,72),(222,'2013-01-01',1,353,'Hana Flat, Charcoal',210.0000,1.0000,78),(223,'2013-01-01',1,501,'Slim fit Dobby Oxford Shirt',175.0000,1.0000,79),(224,'2013-01-01',1,397,'Madison Earbuds',35.0000,1.0000,58),(225,'2013-01-01',1,372,'Flatiron Tablet Sleeve',150.0000,2.0000,50),(226,'2013-01-01',1,351,'Hana Flat, Charcoal',210.0000,1.0000,67),(227,'2013-01-01',1,399,'Madison 8GB Digital Media Player',150.0000,1.0000,68),(247,'2013-01-01',0,450,'Alice in Wonderland',5.0000,2.0000,53),(248,'2013-01-01',0,503,'Plaid Cotton Shirt',160.0000,1.0000,79),(249,'2013-01-01',0,557,'Around the World in 80 Days',5.0000,1.0000,60),(251,'2013-01-01',1,450,'Alice in Wonderland',5.0000,2.0000,49),(252,'2013-01-01',1,557,'Around the World in 80 Days',5.0000,1.0000,66),(254,'2013-01-01',1,503,'Plaid Cotton Shirt',160.0000,1.0000,56),(262,'2013-01-01',0,749,'Mercer Loafer',310.0000,1.0000,66),(263,'2013-01-01',0,676,'Grand Slim Straight Jean',225.0000,1.0000,64),(264,'2013-01-01',0,584,'Bushwick Skinny Jean',195.0000,1.0000,68),(265,'2013-01-01',0,755,'Broad St Saddle Shoes',390.0000,1.0000,78),(266,'2013-01-01',0,689,'Angela Wrap Dress',395.0000,1.0000,87),(267,'2013-01-01',0,614,'Carroll Check Dress Shirt',160.0000,1.0000,84),(268,'2013-01-01',0,790,'Plaza Platform',320.0000,1.0000,59),(281,'2013-01-01',0,488,'Chelsea Tee',160.0000,1.0000,70),(282,'2013-01-01',1,488,'Chelsea Tee',160.0000,1.0000,54),(285,'2013-01-01',0,361,'Wingtip Cognac Oxford',375.0000,1.0000,76),(286,'2013-01-01',0,551,'Pearl Stud Earrings',110.0000,1.0000,57),(287,'2013-01-01',1,361,'Wingtip Cognac Oxford',375.0000,1.0000,74),(288,'2013-01-01',1,551,'Pearl Stud Earrings',110.0000,1.0000,60),(292,'2013-01-01',0,352,'Hana Flat, Charcoal',210.0000,1.0000,58),(293,'2013-01-01',0,880,'Black Nolita Cami-Black-XS',150.0000,1.0000,72),(294,'2013-01-01',0,305,'Sheath',305.0000,1.0000,77),(295,'2013-01-01',1,880,'Black Nolita Cami-Black-XS',150.0000,1.0000,61),(296,'2013-01-01',1,305,'Sheath',305.0000,1.0000,65),(297,'2013-01-01',1,352,'Hana Flat, Charcoal',210.0000,1.0000,75);

--
-- Table structure for table `sales_billing_agreement`
--

CREATE TABLE `sales_billing_agreement` (
  `agreement_id` int(10) unsigned NOT NULL AUTO_INCREMENT COMMENT 'Agreement Id',
  `customer_id` int(10) unsigned NOT NULL COMMENT 'Customer Id',
  `method_code` varchar(32) NOT NULL COMMENT 'Method Code',
  `reference_id` varchar(32) NOT NULL COMMENT 'Reference Id',
  `status` varchar(20) NOT NULL COMMENT 'Status',
  `created_at` timestamp NOT NULL DEFAULT CURRENT_TIMESTAMP ON UPDATE CURRENT_TIMESTAMP COMMENT 'Created At',
  `updated_at` timestamp NULL DEFAULT NULL COMMENT 'Updated At',
  `store_id` smallint(5) unsigned DEFAULT NULL COMMENT 'Store Id',
  `agreement_label` varchar(255) DEFAULT NULL COMMENT 'Agreement Label',
  PRIMARY KEY (`agreement_id`),
  KEY `IDX_SALES_BILLING_AGREEMENT_CUSTOMER_ID` (`customer_id`),
  KEY `IDX_SALES_BILLING_AGREEMENT_STORE_ID` (`store_id`),
  CONSTRAINT `FK_SALES_BILLING_AGREEMENT_CUSTOMER_ID_CUSTOMER_ENTITY_ENTITY_ID` FOREIGN KEY (`customer_id`) REFERENCES `customer_entity` (`entity_id`) ON DELETE CASCADE ON UPDATE CASCADE,
  CONSTRAINT `FK_SALES_BILLING_AGREEMENT_STORE_ID_CORE_STORE_STORE_ID` FOREIGN KEY (`store_id`) REFERENCES `core_store` (`store_id`) ON DELETE SET NULL ON UPDATE CASCADE
) ENGINE=InnoDB DEFAULT CHARSET=utf8 COMMENT='Sales Billing Agreement';

--
-- Dumping data for table `sales_billing_agreement`
--


--
-- Table structure for table `sales_billing_agreement_order`
--

CREATE TABLE `sales_billing_agreement_order` (
  `agreement_id` int(10) unsigned NOT NULL COMMENT 'Agreement Id',
  `order_id` int(10) unsigned NOT NULL COMMENT 'Order Id',
  PRIMARY KEY (`agreement_id`,`order_id`),
  KEY `IDX_SALES_BILLING_AGREEMENT_ORDER_ORDER_ID` (`order_id`),
  CONSTRAINT `FK_SALES_BILLING_AGRT_ORDER_AGRT_ID_SALES_BILLING_AGRT_AGRT_ID` FOREIGN KEY (`agreement_id`) REFERENCES `sales_billing_agreement` (`agreement_id`) ON DELETE CASCADE ON UPDATE CASCADE,
  CONSTRAINT `FK_SALES_BILLING_AGRT_ORDER_ORDER_ID_SALES_FLAT_ORDER_ENTT_ID` FOREIGN KEY (`order_id`) REFERENCES `sales_flat_order` (`entity_id`) ON DELETE CASCADE ON UPDATE CASCADE
) ENGINE=InnoDB DEFAULT CHARSET=utf8 COMMENT='Sales Billing Agreement Order';

--
-- Dumping data for table `sales_billing_agreement_order`
--


--
-- Table structure for table `sales_flat_creditmemo`
--

CREATE TABLE `sales_flat_creditmemo` (
  `entity_id` int(10) unsigned NOT NULL AUTO_INCREMENT COMMENT 'Entity Id',
  `store_id` smallint(5) unsigned DEFAULT NULL COMMENT 'Store Id',
  `adjustment_positive` decimal(12,4) DEFAULT NULL COMMENT 'Adjustment Positive',
  `base_shipping_tax_amount` decimal(12,4) DEFAULT NULL COMMENT 'Base Shipping Tax Amount',
  `store_to_order_rate` decimal(12,4) DEFAULT NULL COMMENT 'Store To Order Rate',
  `base_discount_amount` decimal(12,4) DEFAULT NULL COMMENT 'Base Discount Amount',
  `base_to_order_rate` decimal(12,4) DEFAULT NULL COMMENT 'Base To Order Rate',
  `grand_total` decimal(12,4) DEFAULT NULL COMMENT 'Grand Total',
  `base_adjustment_negative` decimal(12,4) DEFAULT NULL COMMENT 'Base Adjustment Negative',
  `base_subtotal_incl_tax` decimal(12,4) DEFAULT NULL COMMENT 'Base Subtotal Incl Tax',
  `shipping_amount` decimal(12,4) DEFAULT NULL COMMENT 'Shipping Amount',
  `subtotal_incl_tax` decimal(12,4) DEFAULT NULL COMMENT 'Subtotal Incl Tax',
  `adjustment_negative` decimal(12,4) DEFAULT NULL COMMENT 'Adjustment Negative',
  `base_shipping_amount` decimal(12,4) DEFAULT NULL COMMENT 'Base Shipping Amount',
  `store_to_base_rate` decimal(12,4) DEFAULT NULL COMMENT 'Store To Base Rate',
  `base_to_global_rate` decimal(12,4) DEFAULT NULL COMMENT 'Base To Global Rate',
  `base_adjustment` decimal(12,4) DEFAULT NULL COMMENT 'Base Adjustment',
  `base_subtotal` decimal(12,4) DEFAULT NULL COMMENT 'Base Subtotal',
  `discount_amount` decimal(12,4) DEFAULT NULL COMMENT 'Discount Amount',
  `subtotal` decimal(12,4) DEFAULT NULL COMMENT 'Subtotal',
  `adjustment` decimal(12,4) DEFAULT NULL COMMENT 'Adjustment',
  `base_grand_total` decimal(12,4) DEFAULT NULL COMMENT 'Base Grand Total',
  `base_adjustment_positive` decimal(12,4) DEFAULT NULL COMMENT 'Base Adjustment Positive',
  `base_tax_amount` decimal(12,4) DEFAULT NULL COMMENT 'Base Tax Amount',
  `shipping_tax_amount` decimal(12,4) DEFAULT NULL COMMENT 'Shipping Tax Amount',
  `tax_amount` decimal(12,4) DEFAULT NULL COMMENT 'Tax Amount',
  `order_id` int(10) unsigned NOT NULL COMMENT 'Order Id',
  `email_sent` smallint(5) unsigned DEFAULT NULL COMMENT 'Email Sent',
  `creditmemo_status` int(11) DEFAULT NULL COMMENT 'Creditmemo Status',
  `state` int(11) DEFAULT NULL COMMENT 'State',
  `shipping_address_id` int(11) DEFAULT NULL COMMENT 'Shipping Address Id',
  `billing_address_id` int(11) DEFAULT NULL COMMENT 'Billing Address Id',
  `invoice_id` int(11) DEFAULT NULL COMMENT 'Invoice Id',
  `store_currency_code` varchar(3) DEFAULT NULL COMMENT 'Store Currency Code',
  `order_currency_code` varchar(3) DEFAULT NULL COMMENT 'Order Currency Code',
  `base_currency_code` varchar(3) DEFAULT NULL COMMENT 'Base Currency Code',
  `global_currency_code` varchar(3) DEFAULT NULL COMMENT 'Global Currency Code',
  `transaction_id` varchar(255) DEFAULT NULL COMMENT 'Transaction Id',
  `increment_id` varchar(50) DEFAULT NULL COMMENT 'Increment Id',
  `created_at` timestamp NULL DEFAULT NULL COMMENT 'Created At',
  `updated_at` timestamp NULL DEFAULT NULL COMMENT 'Updated At',
  `hidden_tax_amount` decimal(12,4) DEFAULT NULL COMMENT 'Hidden Tax Amount',
  `base_hidden_tax_amount` decimal(12,4) DEFAULT NULL COMMENT 'Base Hidden Tax Amount',
  `shipping_hidden_tax_amount` decimal(12,4) DEFAULT NULL COMMENT 'Shipping Hidden Tax Amount',
  `base_shipping_hidden_tax_amnt` decimal(12,4) DEFAULT NULL COMMENT 'Base Shipping Hidden Tax Amount',
  `shipping_incl_tax` decimal(12,4) DEFAULT NULL COMMENT 'Shipping Incl Tax',
  `base_shipping_incl_tax` decimal(12,4) DEFAULT NULL COMMENT 'Base Shipping Incl Tax',
  `base_customer_balance_amount` decimal(12,4) DEFAULT NULL COMMENT 'Base Customer Balance Amount',
  `customer_balance_amount` decimal(12,4) DEFAULT NULL COMMENT 'Customer Balance Amount',
  `bs_customer_bal_total_refunded` decimal(12,4) DEFAULT NULL COMMENT 'Bs Customer Bal Total Refunded',
  `customer_bal_total_refunded` decimal(12,4) DEFAULT NULL COMMENT 'Customer Bal Total Refunded',
  `base_gift_cards_amount` decimal(12,4) DEFAULT NULL COMMENT 'Base Gift Cards Amount',
  `gift_cards_amount` decimal(12,4) DEFAULT NULL COMMENT 'Gift Cards Amount',
  `gw_base_price` decimal(12,4) DEFAULT NULL COMMENT 'Gw Base Price',
  `gw_price` decimal(12,4) DEFAULT NULL COMMENT 'Gw Price',
  `gw_items_base_price` decimal(12,4) DEFAULT NULL COMMENT 'Gw Items Base Price',
  `gw_items_price` decimal(12,4) DEFAULT NULL COMMENT 'Gw Items Price',
  `gw_card_base_price` decimal(12,4) DEFAULT NULL COMMENT 'Gw Card Base Price',
  `gw_card_price` decimal(12,4) DEFAULT NULL COMMENT 'Gw Card Price',
  `gw_base_tax_amount` decimal(12,4) DEFAULT NULL COMMENT 'Gw Base Tax Amount',
  `gw_tax_amount` decimal(12,4) DEFAULT NULL COMMENT 'Gw Tax Amount',
  `gw_items_base_tax_amount` decimal(12,4) DEFAULT NULL COMMENT 'Gw Items Base Tax Amount',
  `gw_items_tax_amount` decimal(12,4) DEFAULT NULL COMMENT 'Gw Items Tax Amount',
  `gw_card_base_tax_amount` decimal(12,4) DEFAULT NULL COMMENT 'Gw Card Base Tax Amount',
  `gw_card_tax_amount` decimal(12,4) DEFAULT NULL COMMENT 'Gw Card Tax Amount',
  `base_reward_currency_amount` decimal(12,4) DEFAULT NULL COMMENT 'Base Reward Currency Amount',
  `reward_currency_amount` decimal(12,4) DEFAULT NULL COMMENT 'Reward Currency Amount',
  `reward_points_balance` int(11) DEFAULT NULL COMMENT 'Reward Points Balance',
  `reward_points_balance_refund` int(11) DEFAULT NULL COMMENT 'Reward Points Balance Refund',
  `discount_description` varchar(255) DEFAULT NULL COMMENT 'Discount Description',
  `cybersource_token` varchar(255) DEFAULT NULL COMMENT 'Cybersource Token',
  PRIMARY KEY (`entity_id`),
  UNIQUE KEY `UNQ_SALES_FLAT_CREDITMEMO_INCREMENT_ID` (`increment_id`),
  KEY `IDX_SALES_FLAT_CREDITMEMO_STORE_ID` (`store_id`),
  KEY `IDX_SALES_FLAT_CREDITMEMO_ORDER_ID` (`order_id`),
  KEY `IDX_SALES_FLAT_CREDITMEMO_CREDITMEMO_STATUS` (`creditmemo_status`),
  KEY `IDX_SALES_FLAT_CREDITMEMO_STATE` (`state`),
  KEY `IDX_SALES_FLAT_CREDITMEMO_CREATED_AT` (`created_at`),
  CONSTRAINT `FK_SALES_FLAT_CREDITMEMO_ORDER_ID_SALES_FLAT_ORDER_ENTITY_ID` FOREIGN KEY (`order_id`) REFERENCES `sales_flat_order` (`entity_id`) ON DELETE CASCADE ON UPDATE CASCADE,
  CONSTRAINT `FK_SALES_FLAT_CREDITMEMO_STORE_ID_CORE_STORE_STORE_ID` FOREIGN KEY (`store_id`) REFERENCES `core_store` (`store_id`) ON DELETE SET NULL ON UPDATE CASCADE
) ENGINE=InnoDB AUTO_INCREMENT=8 DEFAULT CHARSET=utf8 COMMENT='Sales Flat Creditmemo';

--
-- Dumping data for table `sales_flat_creditmemo`
--

INSERT INTO `sales_flat_creditmemo` VALUES (5,1,0.0000,0.0000,1.0000,-2.4200,1.0000,315.0900,0.0000,305.2000,12.5200,305.2000,0.0000,12.5200,1.0000,1.0000,0.0000,280.0000,-2.4200,280.0000,0.0000,315.0900,0.0000,24.9900,0.0000,24.9900,187,NULL,NULL,2,368,367,NULL,'USD','USD','USD','USD',NULL,'100000005','2013-05-29 13:38:28','2013-05-29 13:38:28',0.0000,0.0000,NULL,NULL,12.5200,12.5200,NULL,NULL,315.0900,315.0900,NULL,NULL,NULL,NULL,NULL,NULL,NULL,NULL,NULL,NULL,NULL,NULL,NULL,NULL,NULL,NULL,NULL,NULL,'Register10',NULL),(6,1,0.0000,0.0000,1.0000,0.0000,1.0000,134.2300,0.0000,119.2100,15.0200,119.2100,0.0000,15.0200,1.0000,1.0000,0.0000,110.0000,0.0000,110.0000,0.0000,134.2300,0.0000,9.2100,0.0000,9.2100,184,NULL,NULL,2,362,361,NULL,'USD','USD','USD','USD',NULL,'100000006','2013-05-29 13:55:47','2013-05-29 13:55:47',0.0000,0.0000,NULL,NULL,15.0200,15.0200,NULL,NULL,134.2300,134.2300,NULL,NULL,NULL,NULL,NULL,NULL,NULL,NULL,NULL,NULL,NULL,NULL,NULL,NULL,NULL,NULL,NULL,NULL,NULL,NULL),(7,1,0.0000,0.0000,1.0000,-2.4100,1.0000,302.5700,0.0000,305.2000,0.0000,305.2000,0.0000,0.0000,1.0000,1.0000,0.0000,280.0000,-2.4100,280.0000,0.0000,302.5700,0.0000,24.9800,0.0000,24.9800,187,NULL,NULL,2,368,367,NULL,'USD','USD','USD','USD',NULL,'100000007','2013-06-18 18:09:07','2013-06-18 18:09:07',0.0000,0.0000,NULL,NULL,12.5200,12.5200,NULL,NULL,302.5700,302.5700,NULL,NULL,NULL,NULL,NULL,NULL,NULL,NULL,NULL,NULL,NULL,NULL,NULL,NULL,NULL,NULL,NULL,NULL,'Register10',NULL);

--
-- Table structure for table `sales_flat_creditmemo_comment`
--

CREATE TABLE `sales_flat_creditmemo_comment` (
  `entity_id` int(10) unsigned NOT NULL AUTO_INCREMENT COMMENT 'Entity Id',
  `parent_id` int(10) unsigned NOT NULL COMMENT 'Parent Id',
  `is_customer_notified` int(11) DEFAULT NULL COMMENT 'Is Customer Notified',
  `is_visible_on_front` smallint(5) unsigned NOT NULL DEFAULT '0' COMMENT 'Is Visible On Front',
  `comment` text COMMENT 'Comment',
  `created_at` timestamp NULL DEFAULT NULL COMMENT 'Created At',
  PRIMARY KEY (`entity_id`),
  KEY `IDX_SALES_FLAT_CREDITMEMO_COMMENT_CREATED_AT` (`created_at`),
  KEY `IDX_SALES_FLAT_CREDITMEMO_COMMENT_PARENT_ID` (`parent_id`),
  CONSTRAINT `FK_B0FCB0B5467075BE63D474F2CD5F7804` FOREIGN KEY (`parent_id`) REFERENCES `sales_flat_creditmemo` (`entity_id`) ON DELETE CASCADE ON UPDATE CASCADE
) ENGINE=InnoDB DEFAULT CHARSET=utf8 COMMENT='Sales Flat Creditmemo Comment';

--
-- Dumping data for table `sales_flat_creditmemo_comment`
--


--
-- Table structure for table `sales_flat_creditmemo_grid`
--

CREATE TABLE `sales_flat_creditmemo_grid` (
  `entity_id` int(10) unsigned NOT NULL COMMENT 'Entity Id',
  `store_id` smallint(5) unsigned DEFAULT NULL COMMENT 'Store Id',
  `store_to_order_rate` decimal(12,4) DEFAULT NULL COMMENT 'Store To Order Rate',
  `base_to_order_rate` decimal(12,4) DEFAULT NULL COMMENT 'Base To Order Rate',
  `grand_total` decimal(12,4) DEFAULT NULL COMMENT 'Grand Total',
  `store_to_base_rate` decimal(12,4) DEFAULT NULL COMMENT 'Store To Base Rate',
  `base_to_global_rate` decimal(12,4) DEFAULT NULL COMMENT 'Base To Global Rate',
  `base_grand_total` decimal(12,4) DEFAULT NULL COMMENT 'Base Grand Total',
  `order_id` int(10) unsigned NOT NULL COMMENT 'Order Id',
  `creditmemo_status` int(11) DEFAULT NULL COMMENT 'Creditmemo Status',
  `state` int(11) DEFAULT NULL COMMENT 'State',
  `invoice_id` int(11) DEFAULT NULL COMMENT 'Invoice Id',
  `store_currency_code` varchar(3) DEFAULT NULL COMMENT 'Store Currency Code',
  `order_currency_code` varchar(3) DEFAULT NULL COMMENT 'Order Currency Code',
  `base_currency_code` varchar(3) DEFAULT NULL COMMENT 'Base Currency Code',
  `global_currency_code` varchar(3) DEFAULT NULL COMMENT 'Global Currency Code',
  `increment_id` varchar(50) DEFAULT NULL COMMENT 'Increment Id',
  `order_increment_id` varchar(50) DEFAULT NULL COMMENT 'Order Increment Id',
  `created_at` timestamp NULL DEFAULT NULL COMMENT 'Created At',
  `order_created_at` timestamp NULL DEFAULT NULL COMMENT 'Order Created At',
  `billing_name` varchar(255) DEFAULT NULL COMMENT 'Billing Name',
  PRIMARY KEY (`entity_id`),
  UNIQUE KEY `UNQ_SALES_FLAT_CREDITMEMO_GRID_INCREMENT_ID` (`increment_id`),
  KEY `IDX_SALES_FLAT_CREDITMEMO_GRID_STORE_ID` (`store_id`),
  KEY `IDX_SALES_FLAT_CREDITMEMO_GRID_GRAND_TOTAL` (`grand_total`),
  KEY `IDX_SALES_FLAT_CREDITMEMO_GRID_BASE_GRAND_TOTAL` (`base_grand_total`),
  KEY `IDX_SALES_FLAT_CREDITMEMO_GRID_ORDER_ID` (`order_id`),
  KEY `IDX_SALES_FLAT_CREDITMEMO_GRID_CREDITMEMO_STATUS` (`creditmemo_status`),
  KEY `IDX_SALES_FLAT_CREDITMEMO_GRID_STATE` (`state`),
  KEY `IDX_SALES_FLAT_CREDITMEMO_GRID_ORDER_INCREMENT_ID` (`order_increment_id`),
  KEY `IDX_SALES_FLAT_CREDITMEMO_GRID_CREATED_AT` (`created_at`),
  KEY `IDX_SALES_FLAT_CREDITMEMO_GRID_ORDER_CREATED_AT` (`order_created_at`),
  KEY `IDX_SALES_FLAT_CREDITMEMO_GRID_BILLING_NAME` (`billing_name`),
  CONSTRAINT `FK_78C711B225167A11CC077B03D1C8E1CC` FOREIGN KEY (`entity_id`) REFERENCES `sales_flat_creditmemo` (`entity_id`) ON DELETE CASCADE ON UPDATE CASCADE,
  CONSTRAINT `FK_SALES_FLAT_CREDITMEMO_GRID_STORE_ID_CORE_STORE_STORE_ID` FOREIGN KEY (`store_id`) REFERENCES `core_store` (`store_id`) ON DELETE SET NULL ON UPDATE CASCADE
) ENGINE=InnoDB DEFAULT CHARSET=utf8 COMMENT='Sales Flat Creditmemo Grid';

--
-- Dumping data for table `sales_flat_creditmemo_grid`
--

INSERT INTO `sales_flat_creditmemo_grid` VALUES (5,1,1.0000,1.0000,315.0900,1.0000,1.0000,315.0900,187,NULL,2,NULL,'USD','USD','USD','USD','100000005','100000206','2013-05-29 13:38:28','2013-05-29 01:28:25','John Doe'),(6,1,1.0000,1.0000,134.2300,1.0000,1.0000,134.2300,184,NULL,2,NULL,'USD','USD','USD','USD','100000006','100000203','2013-05-29 13:55:47','2013-05-28 00:07:47','Jane Smith'),(7,1,1.0000,1.0000,302.5700,1.0000,1.0000,302.5700,187,NULL,2,NULL,'USD','USD','USD','USD','100000007','100000206','2013-06-18 18:09:07','2013-05-29 01:28:25','John Doe');

--
-- Table structure for table `sales_flat_creditmemo_item`
--

CREATE TABLE `sales_flat_creditmemo_item` (
  `entity_id` int(10) unsigned NOT NULL AUTO_INCREMENT COMMENT 'Entity Id',
  `parent_id` int(10) unsigned NOT NULL COMMENT 'Parent Id',
  `base_price` decimal(12,4) DEFAULT NULL COMMENT 'Base Price',
  `tax_amount` decimal(12,4) DEFAULT NULL COMMENT 'Tax Amount',
  `base_row_total` decimal(12,4) DEFAULT NULL COMMENT 'Base Row Total',
  `discount_amount` decimal(12,4) DEFAULT NULL COMMENT 'Discount Amount',
  `row_total` decimal(12,4) DEFAULT NULL COMMENT 'Row Total',
  `base_discount_amount` decimal(12,4) DEFAULT NULL COMMENT 'Base Discount Amount',
  `price_incl_tax` decimal(12,4) DEFAULT NULL COMMENT 'Price Incl Tax',
  `base_tax_amount` decimal(12,4) DEFAULT NULL COMMENT 'Base Tax Amount',
  `base_price_incl_tax` decimal(12,4) DEFAULT NULL COMMENT 'Base Price Incl Tax',
  `qty` decimal(12,4) DEFAULT NULL COMMENT 'Qty',
  `base_cost` decimal(12,4) DEFAULT NULL COMMENT 'Base Cost',
  `price` decimal(12,4) DEFAULT NULL COMMENT 'Price',
  `base_row_total_incl_tax` decimal(12,4) DEFAULT NULL COMMENT 'Base Row Total Incl Tax',
  `row_total_incl_tax` decimal(12,4) DEFAULT NULL COMMENT 'Row Total Incl Tax',
  `product_id` int(11) DEFAULT NULL COMMENT 'Product Id',
  `order_item_id` int(11) DEFAULT NULL COMMENT 'Order Item Id',
  `additional_data` text COMMENT 'Additional Data',
  `description` text COMMENT 'Description',
  `sku` varchar(255) DEFAULT NULL COMMENT 'Sku',
  `name` varchar(255) DEFAULT NULL COMMENT 'Name',
  `hidden_tax_amount` decimal(12,4) DEFAULT NULL COMMENT 'Hidden Tax Amount',
  `base_hidden_tax_amount` decimal(12,4) DEFAULT NULL COMMENT 'Base Hidden Tax Amount',
  `weee_tax_disposition` decimal(12,4) DEFAULT NULL COMMENT 'Weee Tax Disposition',
  `weee_tax_row_disposition` decimal(12,4) DEFAULT NULL COMMENT 'Weee Tax Row Disposition',
  `base_weee_tax_disposition` decimal(12,4) DEFAULT NULL COMMENT 'Base Weee Tax Disposition',
  `base_weee_tax_row_disposition` decimal(12,4) DEFAULT NULL COMMENT 'Base Weee Tax Row Disposition',
  `weee_tax_applied` text COMMENT 'Weee Tax Applied',
  `base_weee_tax_applied_amount` decimal(12,4) DEFAULT NULL COMMENT 'Base Weee Tax Applied Amount',
  `base_weee_tax_applied_row_amnt` decimal(12,4) DEFAULT NULL COMMENT 'Base Weee Tax Applied Row Amnt',
  `weee_tax_applied_amount` decimal(12,4) DEFAULT NULL COMMENT 'Weee Tax Applied Amount',
  `weee_tax_applied_row_amount` decimal(12,4) DEFAULT NULL COMMENT 'Weee Tax Applied Row Amount',
  PRIMARY KEY (`entity_id`),
  KEY `IDX_SALES_FLAT_CREDITMEMO_ITEM_PARENT_ID` (`parent_id`),
  CONSTRAINT `FK_306DAC836C699F0B5E13BE486557AC8A` FOREIGN KEY (`parent_id`) REFERENCES `sales_flat_creditmemo` (`entity_id`) ON DELETE CASCADE ON UPDATE CASCADE
) ENGINE=InnoDB AUTO_INCREMENT=33 DEFAULT CHARSET=utf8 COMMENT='Sales Flat Creditmemo Item';

--
-- Dumping data for table `sales_flat_creditmemo_item`
--

INSERT INTO `sales_flat_creditmemo_item` VALUES (28,5,280.0000,24.9900,280.0000,2.4200,280.0000,2.4200,305.2000,24.9900,305.2000,1.0000,NULL,280.0000,305.2000,305.2000,546,566,NULL,NULL,'acj00124','Pearl Strand Necklace',0.0000,0.0000,0.0000,0.0000,0.0000,0.0000,'a:0:{}',0.0000,0.0000,0.0000,0.0000),(29,5,0.0000,NULL,NULL,NULL,NULL,NULL,NULL,NULL,NULL,1.0000,NULL,0.0000,NULL,NULL,548,567,NULL,NULL,'acj00124','Pearl Strand Necklace-24\"',NULL,NULL,0.0000,0.0000,0.0000,0.0000,'a:0:{}',0.0000,NULL,0.0000,0.0000),(30,6,110.0000,9.2100,110.0000,NULL,110.0000,NULL,119.2100,9.2100,119.2100,1.0000,NULL,110.0000,119.2100,119.2100,551,561,NULL,NULL,'acj003','Pearl Stud Earrings',0.0000,0.0000,0.0000,0.0000,0.0000,0.0000,'a:0:{}',0.0000,0.0000,0.0000,0.0000),(31,7,280.0000,24.9800,280.0000,2.4100,280.0000,2.4100,305.2000,24.9800,305.2000,1.0000,NULL,280.0000,305.2000,305.2000,546,566,NULL,NULL,'acj00124','Pearl Strand Necklace',0.0000,0.0000,0.0000,0.0000,0.0000,0.0000,'a:0:{}',0.0000,0.0000,0.0000,0.0000),(32,7,0.0000,NULL,NULL,NULL,NULL,NULL,NULL,NULL,NULL,1.0000,NULL,0.0000,NULL,NULL,548,567,NULL,NULL,'acj00124','Pearl Strand Necklace-24\"',NULL,NULL,0.0000,0.0000,0.0000,0.0000,'a:0:{}',0.0000,NULL,0.0000,0.0000);

--
-- Table structure for table `sales_flat_invoice`
--

CREATE TABLE `sales_flat_invoice` (
  `entity_id` int(10) unsigned NOT NULL AUTO_INCREMENT COMMENT 'Entity Id',
  `store_id` smallint(5) unsigned DEFAULT NULL COMMENT 'Store Id',
  `base_grand_total` decimal(12,4) DEFAULT NULL COMMENT 'Base Grand Total',
  `shipping_tax_amount` decimal(12,4) DEFAULT NULL COMMENT 'Shipping Tax Amount',
  `tax_amount` decimal(12,4) DEFAULT NULL COMMENT 'Tax Amount',
  `base_tax_amount` decimal(12,4) DEFAULT NULL COMMENT 'Base Tax Amount',
  `store_to_order_rate` decimal(12,4) DEFAULT NULL COMMENT 'Store To Order Rate',
  `base_shipping_tax_amount` decimal(12,4) DEFAULT NULL COMMENT 'Base Shipping Tax Amount',
  `base_discount_amount` decimal(12,4) DEFAULT NULL COMMENT 'Base Discount Amount',
  `base_to_order_rate` decimal(12,4) DEFAULT NULL COMMENT 'Base To Order Rate',
  `grand_total` decimal(12,4) DEFAULT NULL COMMENT 'Grand Total',
  `shipping_amount` decimal(12,4) DEFAULT NULL COMMENT 'Shipping Amount',
  `subtotal_incl_tax` decimal(12,4) DEFAULT NULL COMMENT 'Subtotal Incl Tax',
  `base_subtotal_incl_tax` decimal(12,4) DEFAULT NULL COMMENT 'Base Subtotal Incl Tax',
  `store_to_base_rate` decimal(12,4) DEFAULT NULL COMMENT 'Store To Base Rate',
  `base_shipping_amount` decimal(12,4) DEFAULT NULL COMMENT 'Base Shipping Amount',
  `total_qty` decimal(12,4) DEFAULT NULL COMMENT 'Total Qty',
  `base_to_global_rate` decimal(12,4) DEFAULT NULL COMMENT 'Base To Global Rate',
  `subtotal` decimal(12,4) DEFAULT NULL COMMENT 'Subtotal',
  `base_subtotal` decimal(12,4) DEFAULT NULL COMMENT 'Base Subtotal',
  `discount_amount` decimal(12,4) DEFAULT NULL COMMENT 'Discount Amount',
  `billing_address_id` int(11) DEFAULT NULL COMMENT 'Billing Address Id',
  `is_used_for_refund` smallint(5) unsigned DEFAULT NULL COMMENT 'Is Used For Refund',
  `order_id` int(10) unsigned NOT NULL COMMENT 'Order Id',
  `email_sent` smallint(5) unsigned DEFAULT NULL COMMENT 'Email Sent',
  `can_void_flag` smallint(5) unsigned DEFAULT NULL COMMENT 'Can Void Flag',
  `state` int(11) DEFAULT NULL COMMENT 'State',
  `shipping_address_id` int(11) DEFAULT NULL COMMENT 'Shipping Address Id',
  `store_currency_code` varchar(3) DEFAULT NULL COMMENT 'Store Currency Code',
  `transaction_id` varchar(255) DEFAULT NULL COMMENT 'Transaction Id',
  `order_currency_code` varchar(3) DEFAULT NULL COMMENT 'Order Currency Code',
  `base_currency_code` varchar(3) DEFAULT NULL COMMENT 'Base Currency Code',
  `global_currency_code` varchar(3) DEFAULT NULL COMMENT 'Global Currency Code',
  `increment_id` varchar(50) DEFAULT NULL COMMENT 'Increment Id',
  `created_at` timestamp NULL DEFAULT NULL COMMENT 'Created At',
  `updated_at` timestamp NULL DEFAULT NULL COMMENT 'Updated At',
  `hidden_tax_amount` decimal(12,4) DEFAULT NULL COMMENT 'Hidden Tax Amount',
  `base_hidden_tax_amount` decimal(12,4) DEFAULT NULL COMMENT 'Base Hidden Tax Amount',
  `shipping_hidden_tax_amount` decimal(12,4) DEFAULT NULL COMMENT 'Shipping Hidden Tax Amount',
  `base_shipping_hidden_tax_amnt` decimal(12,4) DEFAULT NULL COMMENT 'Base Shipping Hidden Tax Amount',
  `shipping_incl_tax` decimal(12,4) DEFAULT NULL COMMENT 'Shipping Incl Tax',
  `base_shipping_incl_tax` decimal(12,4) DEFAULT NULL COMMENT 'Base Shipping Incl Tax',
  `base_total_refunded` decimal(12,4) DEFAULT NULL COMMENT 'Base Total Refunded',
  `base_customer_balance_amount` decimal(12,4) DEFAULT NULL COMMENT 'Base Customer Balance Amount',
  `customer_balance_amount` decimal(12,4) DEFAULT NULL COMMENT 'Customer Balance Amount',
  `base_gift_cards_amount` decimal(12,4) DEFAULT NULL COMMENT 'Base Gift Cards Amount',
  `gift_cards_amount` decimal(12,4) DEFAULT NULL COMMENT 'Gift Cards Amount',
  `gw_base_price` decimal(12,4) DEFAULT NULL COMMENT 'Gw Base Price',
  `gw_price` decimal(12,4) DEFAULT NULL COMMENT 'Gw Price',
  `gw_items_base_price` decimal(12,4) DEFAULT NULL COMMENT 'Gw Items Base Price',
  `gw_items_price` decimal(12,4) DEFAULT NULL COMMENT 'Gw Items Price',
  `gw_card_base_price` decimal(12,4) DEFAULT NULL COMMENT 'Gw Card Base Price',
  `gw_card_price` decimal(12,4) DEFAULT NULL COMMENT 'Gw Card Price',
  `gw_base_tax_amount` decimal(12,4) DEFAULT NULL COMMENT 'Gw Base Tax Amount',
  `gw_tax_amount` decimal(12,4) DEFAULT NULL COMMENT 'Gw Tax Amount',
  `gw_items_base_tax_amount` decimal(12,4) DEFAULT NULL COMMENT 'Gw Items Base Tax Amount',
  `gw_items_tax_amount` decimal(12,4) DEFAULT NULL COMMENT 'Gw Items Tax Amount',
  `gw_card_base_tax_amount` decimal(12,4) DEFAULT NULL COMMENT 'Gw Card Base Tax Amount',
  `gw_card_tax_amount` decimal(12,4) DEFAULT NULL COMMENT 'Gw Card Tax Amount',
  `base_reward_currency_amount` decimal(12,4) DEFAULT NULL COMMENT 'Base Reward Currency Amount',
  `reward_currency_amount` decimal(12,4) DEFAULT NULL COMMENT 'Reward Currency Amount',
  `reward_points_balance` int(11) DEFAULT NULL COMMENT 'Reward Points Balance',
  `discount_description` varchar(255) DEFAULT NULL COMMENT 'Discount Description',
  `cybersource_token` varchar(255) DEFAULT NULL COMMENT 'Cybersource Token',
  PRIMARY KEY (`entity_id`),
  UNIQUE KEY `UNQ_SALES_FLAT_INVOICE_INCREMENT_ID` (`increment_id`),
  KEY `IDX_SALES_FLAT_INVOICE_STORE_ID` (`store_id`),
  KEY `IDX_SALES_FLAT_INVOICE_GRAND_TOTAL` (`grand_total`),
  KEY `IDX_SALES_FLAT_INVOICE_ORDER_ID` (`order_id`),
  KEY `IDX_SALES_FLAT_INVOICE_STATE` (`state`),
  KEY `IDX_SALES_FLAT_INVOICE_CREATED_AT` (`created_at`),
  CONSTRAINT `FK_SALES_FLAT_INVOICE_ORDER_ID_SALES_FLAT_ORDER_ENTITY_ID` FOREIGN KEY (`order_id`) REFERENCES `sales_flat_order` (`entity_id`) ON DELETE CASCADE ON UPDATE CASCADE,
  CONSTRAINT `FK_SALES_FLAT_INVOICE_STORE_ID_CORE_STORE_STORE_ID` FOREIGN KEY (`store_id`) REFERENCES `core_store` (`store_id`) ON DELETE SET NULL ON UPDATE CASCADE
) ENGINE=InnoDB AUTO_INCREMENT=43 DEFAULT CHARSET=utf8 COMMENT='Sales Flat Invoice';

--
-- Dumping data for table `sales_flat_invoice`
--

INSERT INTO `sales_flat_invoice` VALUES (4,1,170.4100,0.0000,0.0000,0.0000,1.0000,0.0000,0.0000,1.0000,170.4100,30.4100,140.0000,140.0000,1.0000,30.4100,2.0000,1.0000,140.0000,140.0000,0.0000,95,NULL,50,NULL,0,2,96,'USD',NULL,'USD','USD','USD','100000004','2013-04-04 00:23:45','2013-04-04 00:23:45',0.0000,0.0000,0.0000,NULL,30.4100,30.4100,NULL,0.0000,0.0000,0.0000,0.0000,NULL,NULL,NULL,NULL,NULL,NULL,NULL,NULL,NULL,NULL,NULL,NULL,NULL,NULL,NULL,NULL,NULL),(5,1,681.8400,0.0000,0.0000,0.0000,1.0000,0.0000,0.0000,1.0000,681.8400,21.8400,660.0000,660.0000,1.0000,21.8400,14.0000,1.0000,660.0000,660.0000,0.0000,97,NULL,51,NULL,0,2,98,'USD',NULL,'USD','USD','USD','100000005','2013-04-04 00:26:08','2013-04-04 00:26:08',0.0000,0.0000,0.0000,NULL,21.8400,21.8400,NULL,0.0000,0.0000,0.0000,0.0000,NULL,NULL,NULL,NULL,NULL,NULL,NULL,NULL,NULL,NULL,NULL,NULL,NULL,NULL,NULL,NULL,NULL),(6,1,1143.9800,0.0000,79.2000,79.2000,1.0000,0.0000,0.0000,1.0000,1143.9800,104.7800,1039.2000,1039.2000,1.0000,104.7800,6.0000,1.0000,960.0000,960.0000,0.0000,99,NULL,52,NULL,0,2,100,'USD',NULL,'USD','USD','USD','100000006','2013-04-04 00:34:58','2013-04-04 00:34:58',0.0000,0.0000,0.0000,NULL,104.7800,104.7800,NULL,0.0000,0.0000,0.0000,0.0000,NULL,NULL,NULL,NULL,NULL,NULL,NULL,NULL,NULL,NULL,NULL,NULL,NULL,NULL,NULL,NULL,NULL),(8,1,14696.2300,0.0000,1113.8800,1113.8800,1.0000,0.0000,0.0000,1.0000,14696.2300,282.3500,14413.8800,14413.8800,1.0000,282.3500,40.0000,1.0000,13300.0000,13300.0000,0.0000,107,NULL,56,NULL,0,2,108,'USD',NULL,'USD','USD','USD','100000008','2013-04-04 00:44:37','2013-04-04 00:44:37',0.0000,0.0000,0.0000,NULL,282.3500,282.3500,NULL,0.0000,0.0000,0.0000,0.0000,NULL,NULL,NULL,NULL,NULL,NULL,NULL,NULL,NULL,NULL,NULL,NULL,NULL,NULL,NULL,NULL,NULL),(9,1,505.0000,0.0000,0.0000,0.0000,1.0000,0.0000,0.0000,1.0000,505.0000,15.0000,490.0000,490.0000,1.0000,15.0000,6.0000,1.0000,490.0000,490.0000,0.0000,109,NULL,57,NULL,0,2,110,'USD',NULL,'USD','USD','USD','100000009','2013-04-04 00:50:05','2013-04-04 00:50:05',0.0000,0.0000,0.0000,NULL,15.0000,15.0000,NULL,0.0000,0.0000,0.0000,0.0000,NULL,NULL,NULL,NULL,NULL,NULL,NULL,NULL,NULL,NULL,NULL,NULL,NULL,NULL,NULL,NULL,NULL),(17,1,781.4700,0.0000,31.1300,31.1300,1.0000,0.0000,0.0000,1.0000,781.4700,35.3400,746.1300,746.1300,1.0000,35.3400,4.0000,1.0000,715.0000,715.0000,0.0000,129,NULL,67,NULL,0,2,130,'USD',NULL,'USD','USD','USD','100000017','2013-04-22 17:14:37','2013-04-22 17:14:37',0.0000,0.0000,0.0000,NULL,35.3400,35.3400,NULL,0.0000,0.0000,0.0000,0.0000,NULL,NULL,NULL,NULL,NULL,NULL,NULL,NULL,NULL,NULL,NULL,NULL,NULL,NULL,NULL,NULL,NULL),(18,1,5460.1500,0.0000,355.6000,355.6000,1.0000,0.0000,0.0000,1.0000,5460.1500,24.5500,5435.6000,5435.6000,1.0000,24.5500,24.0000,1.0000,5080.0000,5080.0000,0.0000,139,NULL,72,NULL,0,2,140,'USD',NULL,'USD','USD','USD','100000018','2013-04-24 02:31:00','2013-04-24 02:31:00',0.0000,0.0000,0.0000,NULL,24.5500,24.5500,NULL,0.0000,0.0000,0.0000,0.0000,NULL,NULL,NULL,NULL,NULL,NULL,NULL,NULL,NULL,NULL,NULL,NULL,NULL,NULL,NULL,NULL,NULL),(19,1,1403.2000,0.0000,0.0000,0.0000,1.0000,0.0000,74.7500,1.0000,1403.2000,77.9500,1400.0000,1400.0000,1.0000,77.9500,20.0000,1.0000,1400.0000,1400.0000,74.7500,151,NULL,78,NULL,0,2,152,'USD',NULL,'USD','USD','USD','100000019','2013-04-24 21:57:28','2013-04-24 21:57:28',0.0000,0.0000,0.0000,NULL,77.9500,77.9500,NULL,0.0000,0.0000,0.0000,0.0000,NULL,NULL,NULL,NULL,NULL,NULL,NULL,NULL,NULL,NULL,NULL,NULL,NULL,NULL,NULL,NULL,NULL),(21,1,14493.0000,0.0000,0.0000,0.0000,1.0000,0.0000,3604.0000,1.0000,14493.0000,77.0000,18020.0000,18020.0000,1.0000,77.0000,97.0000,1.0000,18020.0000,18020.0000,3604.0000,239,NULL,122,NULL,0,2,240,'USD',NULL,'USD','USD','USD','100000021','2013-04-25 17:42:08','2013-04-25 17:42:08',0.0000,0.0000,0.0000,NULL,77.0000,77.0000,NULL,0.0000,0.0000,0.0000,0.0000,NULL,NULL,NULL,NULL,NULL,NULL,NULL,NULL,NULL,NULL,NULL,NULL,NULL,NULL,NULL,NULL,NULL),(36,1,453.2000,0.0000,13.2000,13.2000,1.0000,0.0000,-10.0000,1.0000,453.2000,0.0000,463.2000,463.2000,1.0000,0.0000,3.0000,1.0000,450.0000,450.0000,-10.0000,351,NULL,179,NULL,0,2,352,'USD',NULL,'USD','USD','USD','100000034','2013-05-25 01:53:57','2013-05-25 01:53:57',0.0000,0.0000,0.0000,NULL,0.0000,0.0000,NULL,0.0000,0.0000,0.0000,0.0000,NULL,NULL,NULL,NULL,NULL,NULL,NULL,NULL,NULL,NULL,NULL,NULL,NULL,NULL,NULL,NULL,NULL),(37,1,1247.6400,0.0000,90.1200,90.1200,1.0000,0.0000,-15.0000,1.0000,1247.6400,12.5200,1250.1200,1250.1200,1.0000,12.5200,7.0000,1.0000,1160.0000,1160.0000,-15.0000,367,NULL,187,NULL,0,2,368,'USD',NULL,'USD','USD','USD','100000035','2013-05-29 12:38:06','2013-05-29 12:38:06',0.0000,0.0000,0.0000,NULL,12.5200,12.5200,NULL,0.0000,0.0000,0.0000,0.0000,NULL,NULL,NULL,NULL,NULL,NULL,NULL,NULL,NULL,NULL,NULL,NULL,NULL,NULL,NULL,'Register10',NULL),(38,1,447.1400,0.0000,32.6600,32.6600,1.0000,0.0000,0.0000,1.0000,447.1400,24.4800,422.6600,422.6600,1.0000,24.4800,2.0000,1.0000,390.0000,390.0000,0.0000,365,NULL,186,NULL,0,2,366,'USD',NULL,'USD','USD','USD','100000036','2013-05-29 12:38:43','2013-05-29 12:38:43',0.0000,0.0000,0.0000,NULL,24.4800,24.4800,NULL,0.0000,0.0000,0.0000,0.0000,NULL,NULL,NULL,NULL,NULL,NULL,NULL,NULL,NULL,NULL,NULL,NULL,NULL,NULL,NULL,NULL,NULL),(39,1,333.2100,0.0000,24.7100,24.7100,1.0000,0.0000,0.0000,1.0000,333.2100,13.5000,319.7100,319.7100,1.0000,13.5000,1.0000,1.0000,295.0000,295.0000,0.0000,363,NULL,185,NULL,0,2,364,'USD',NULL,'USD','USD','USD','100000037','2013-05-29 12:52:44','2013-05-29 12:52:44',0.0000,0.0000,0.0000,NULL,13.5000,13.5000,NULL,0.0000,0.0000,0.0000,0.0000,NULL,NULL,NULL,NULL,NULL,NULL,NULL,NULL,NULL,NULL,NULL,NULL,NULL,NULL,NULL,NULL,NULL),(40,1,432.2600,0.0000,32.2400,32.2400,1.0000,0.0000,0.0000,1.0000,432.2600,15.0200,417.2400,417.2400,1.0000,15.0200,3.0000,1.0000,385.0000,385.0000,0.0000,361,NULL,184,NULL,0,2,362,'USD',NULL,'USD','USD','USD','100000038','2013-05-29 12:55:33','2013-05-29 12:55:33',0.0000,0.0000,0.0000,NULL,15.0200,15.0200,NULL,0.0000,0.0000,0.0000,0.0000,NULL,NULL,NULL,NULL,NULL,NULL,NULL,NULL,NULL,NULL,NULL,NULL,NULL,NULL,NULL,NULL,NULL),(41,1,741.2000,0.0000,61.2000,61.2000,1.0000,0.0000,0.0000,1.0000,741.2000,0.0000,741.2000,741.2000,1.0000,0.0000,3.0000,1.0000,680.0000,680.0000,0.0000,369,NULL,188,NULL,0,2,370,'USD',NULL,'USD','USD','USD','100000039','2013-05-29 13:30:12','2013-05-29 13:30:12',0.0000,0.0000,0.0000,NULL,0.0000,0.0000,NULL,0.0000,0.0000,0.0000,0.0000,NULL,NULL,NULL,NULL,NULL,NULL,NULL,NULL,NULL,NULL,NULL,NULL,NULL,NULL,NULL,NULL,NULL),(42,1,7.4500,0.0000,0.4500,0.4500,1.0000,0.0000,0.0000,1.0000,7.4500,0.0000,7.4500,7.4500,1.0000,0.0000,2.0000,1.0000,7.0000,7.0000,0.0000,371,NULL,189,NULL,0,2,NULL,'USD',NULL,'USD','USD','USD','100000040','2013-05-29 13:47:56','2013-05-29 13:47:56',0.0000,0.0000,0.0000,NULL,0.0000,0.0000,NULL,0.0000,0.0000,0.0000,0.0000,NULL,NULL,NULL,NULL,NULL,NULL,NULL,NULL,NULL,NULL,NULL,NULL,NULL,NULL,NULL,NULL,NULL);

--
-- Table structure for table `sales_flat_invoice_comment`
--

CREATE TABLE `sales_flat_invoice_comment` (
  `entity_id` int(10) unsigned NOT NULL AUTO_INCREMENT COMMENT 'Entity Id',
  `parent_id` int(10) unsigned NOT NULL COMMENT 'Parent Id',
  `is_customer_notified` smallint(5) unsigned DEFAULT NULL COMMENT 'Is Customer Notified',
  `is_visible_on_front` smallint(5) unsigned NOT NULL DEFAULT '0' COMMENT 'Is Visible On Front',
  `comment` text COMMENT 'Comment',
  `created_at` timestamp NULL DEFAULT NULL COMMENT 'Created At',
  PRIMARY KEY (`entity_id`),
  KEY `IDX_SALES_FLAT_INVOICE_COMMENT_CREATED_AT` (`created_at`),
  KEY `IDX_SALES_FLAT_INVOICE_COMMENT_PARENT_ID` (`parent_id`),
  CONSTRAINT `FK_5C4B36BBE5231A76AB8018B281ED50BC` FOREIGN KEY (`parent_id`) REFERENCES `sales_flat_invoice` (`entity_id`) ON DELETE CASCADE ON UPDATE CASCADE
) ENGINE=InnoDB DEFAULT CHARSET=utf8 COMMENT='Sales Flat Invoice Comment';

--
-- Dumping data for table `sales_flat_invoice_comment`
--


--
-- Table structure for table `sales_flat_invoice_grid`
--

CREATE TABLE `sales_flat_invoice_grid` (
  `entity_id` int(10) unsigned NOT NULL COMMENT 'Entity Id',
  `store_id` smallint(5) unsigned DEFAULT NULL COMMENT 'Store Id',
  `base_grand_total` decimal(12,4) DEFAULT NULL COMMENT 'Base Grand Total',
  `grand_total` decimal(12,4) DEFAULT NULL COMMENT 'Grand Total',
  `order_id` int(10) unsigned NOT NULL COMMENT 'Order Id',
  `state` int(11) DEFAULT NULL COMMENT 'State',
  `store_currency_code` varchar(3) DEFAULT NULL COMMENT 'Store Currency Code',
  `order_currency_code` varchar(3) DEFAULT NULL COMMENT 'Order Currency Code',
  `base_currency_code` varchar(3) DEFAULT NULL COMMENT 'Base Currency Code',
  `global_currency_code` varchar(3) DEFAULT NULL COMMENT 'Global Currency Code',
  `increment_id` varchar(50) DEFAULT NULL COMMENT 'Increment Id',
  `order_increment_id` varchar(50) DEFAULT NULL COMMENT 'Order Increment Id',
  `created_at` timestamp NULL DEFAULT NULL COMMENT 'Created At',
  `order_created_at` timestamp NULL DEFAULT NULL COMMENT 'Order Created At',
  `billing_name` varchar(255) DEFAULT NULL COMMENT 'Billing Name',
  PRIMARY KEY (`entity_id`),
  UNIQUE KEY `UNQ_SALES_FLAT_INVOICE_GRID_INCREMENT_ID` (`increment_id`),
  KEY `IDX_SALES_FLAT_INVOICE_GRID_STORE_ID` (`store_id`),
  KEY `IDX_SALES_FLAT_INVOICE_GRID_GRAND_TOTAL` (`grand_total`),
  KEY `IDX_SALES_FLAT_INVOICE_GRID_ORDER_ID` (`order_id`),
  KEY `IDX_SALES_FLAT_INVOICE_GRID_STATE` (`state`),
  KEY `IDX_SALES_FLAT_INVOICE_GRID_ORDER_INCREMENT_ID` (`order_increment_id`),
  KEY `IDX_SALES_FLAT_INVOICE_GRID_CREATED_AT` (`created_at`),
  KEY `IDX_SALES_FLAT_INVOICE_GRID_ORDER_CREATED_AT` (`order_created_at`),
  KEY `IDX_SALES_FLAT_INVOICE_GRID_BILLING_NAME` (`billing_name`),
  CONSTRAINT `FK_SALES_FLAT_INVOICE_GRID_ENTT_ID_SALES_FLAT_INVOICE_ENTT_ID` FOREIGN KEY (`entity_id`) REFERENCES `sales_flat_invoice` (`entity_id`) ON DELETE CASCADE ON UPDATE CASCADE,
  CONSTRAINT `FK_SALES_FLAT_INVOICE_GRID_STORE_ID_CORE_STORE_STORE_ID` FOREIGN KEY (`store_id`) REFERENCES `core_store` (`store_id`) ON DELETE SET NULL ON UPDATE CASCADE
) ENGINE=InnoDB DEFAULT CHARSET=utf8 COMMENT='Sales Flat Invoice Grid';

--
-- Dumping data for table `sales_flat_invoice_grid`
--

INSERT INTO `sales_flat_invoice_grid` VALUES (4,1,170.4100,170.4100,50,2,'USD','USD','USD','USD','100000004','100000057-1','2013-04-04 00:23:45','2013-04-04 00:23:17','Joe Butler'),(5,1,681.8400,681.8400,51,2,'USD','USD','USD','USD','100000005','100000051-1','2013-04-04 00:26:08','2013-04-04 00:25:53','Robert Ngia'),(6,1,1143.9800,1143.9800,52,2,'USD','USD','USD','USD','100000006','100000052-1','2013-04-04 00:34:58','2013-04-04 00:34:48','Jill Moorehouse'),(8,1,14696.2300,14696.2300,56,2,'USD','USD','USD','USD','100000008','100000066','2013-04-04 00:44:37','2013-04-04 00:44:16','Mark Woodland'),(9,1,505.0000,505.0000,57,2,'USD','USD','USD','USD','100000009','100000067','2013-04-04 00:50:05','2013-04-04 00:46:06','Jack Fitz'),(17,1,781.4700,781.4700,67,2,'USD','USD','USD','USD','100000017','100000082','2013-04-22 17:14:37','2013-04-22 17:13:27','Mickey Watz'),(18,1,5460.1500,5460.1500,72,2,'USD','USD','USD','USD','100000018','100000087','2013-04-24 02:31:00','2013-04-24 02:27:51','Rack Fox'),(19,1,1403.2000,1403.2000,78,2,'USD','USD','USD','USD','100000019','100000093','2013-04-24 21:57:28','2013-04-24 03:31:09','Linda Wood'),(21,1,14493.0000,14493.0000,122,2,'USD','USD','USD','USD','100000021','100000135','2013-04-25 17:42:08','2013-04-25 17:41:25','Dong Berg'),(36,1,453.2000,453.2000,179,2,'USD','USD','USD','USD','100000034','100000199','2013-05-25 01:53:57','2013-05-25 01:42:11','Jane Doe'),(37,1,1247.6400,1247.6400,187,2,'USD','USD','USD','USD','100000035','100000206','2013-05-29 12:38:06','2013-05-29 01:28:25','John Doe'),(38,1,447.1400,447.1400,186,2,'USD','USD','USD','USD','100000036','100000205','2013-05-29 12:38:43','2013-05-28 00:10:20','Jane Smith'),(39,1,333.2100,333.2100,185,2,'USD','USD','USD','USD','100000037','100000204','2013-05-29 12:52:44','2013-05-28 00:08:58','Jane Smith'),(40,1,432.2600,432.2600,184,2,'USD','USD','USD','USD','100000038','100000203','2013-05-29 12:55:33','2013-05-28 00:07:47','Jane Smith'),(41,1,741.2000,741.2000,188,2,'USD','USD','USD','USD','100000039','100000208','2013-05-29 13:30:12','2013-05-29 13:29:44','John Doe'),(42,1,7.4500,7.4500,189,2,'USD','USD','USD','USD','100000040','100000210','2013-05-29 13:47:56','2013-05-29 13:47:04','John Doe');

--
-- Table structure for table `sales_flat_invoice_item`
--

CREATE TABLE `sales_flat_invoice_item` (
  `entity_id` int(10) unsigned NOT NULL AUTO_INCREMENT COMMENT 'Entity Id',
  `parent_id` int(10) unsigned NOT NULL COMMENT 'Parent Id',
  `base_price` decimal(12,4) DEFAULT NULL COMMENT 'Base Price',
  `tax_amount` decimal(12,4) DEFAULT NULL COMMENT 'Tax Amount',
  `base_row_total` decimal(12,4) DEFAULT NULL COMMENT 'Base Row Total',
  `discount_amount` decimal(12,4) DEFAULT NULL COMMENT 'Discount Amount',
  `row_total` decimal(12,4) DEFAULT NULL COMMENT 'Row Total',
  `base_discount_amount` decimal(12,4) DEFAULT NULL COMMENT 'Base Discount Amount',
  `price_incl_tax` decimal(12,4) DEFAULT NULL COMMENT 'Price Incl Tax',
  `base_tax_amount` decimal(12,4) DEFAULT NULL COMMENT 'Base Tax Amount',
  `base_price_incl_tax` decimal(12,4) DEFAULT NULL COMMENT 'Base Price Incl Tax',
  `qty` decimal(12,4) DEFAULT NULL COMMENT 'Qty',
  `base_cost` decimal(12,4) DEFAULT NULL COMMENT 'Base Cost',
  `price` decimal(12,4) DEFAULT NULL COMMENT 'Price',
  `base_row_total_incl_tax` decimal(12,4) DEFAULT NULL COMMENT 'Base Row Total Incl Tax',
  `row_total_incl_tax` decimal(12,4) DEFAULT NULL COMMENT 'Row Total Incl Tax',
  `product_id` int(11) DEFAULT NULL COMMENT 'Product Id',
  `order_item_id` int(11) DEFAULT NULL COMMENT 'Order Item Id',
  `additional_data` text COMMENT 'Additional Data',
  `description` text COMMENT 'Description',
  `sku` varchar(255) DEFAULT NULL COMMENT 'Sku',
  `name` varchar(255) DEFAULT NULL COMMENT 'Name',
  `hidden_tax_amount` decimal(12,4) DEFAULT NULL COMMENT 'Hidden Tax Amount',
  `base_hidden_tax_amount` decimal(12,4) DEFAULT NULL COMMENT 'Base Hidden Tax Amount',
  `base_weee_tax_applied_amount` decimal(12,4) DEFAULT NULL COMMENT 'Base Weee Tax Applied Amount',
  `base_weee_tax_applied_row_amnt` decimal(12,4) DEFAULT NULL COMMENT 'Base Weee Tax Applied Row Amnt',
  `weee_tax_applied_amount` decimal(12,4) DEFAULT NULL COMMENT 'Weee Tax Applied Amount',
  `weee_tax_applied_row_amount` decimal(12,4) DEFAULT NULL COMMENT 'Weee Tax Applied Row Amount',
  `weee_tax_applied` text COMMENT 'Weee Tax Applied',
  `weee_tax_disposition` decimal(12,4) DEFAULT NULL COMMENT 'Weee Tax Disposition',
  `weee_tax_row_disposition` decimal(12,4) DEFAULT NULL COMMENT 'Weee Tax Row Disposition',
  `base_weee_tax_disposition` decimal(12,4) DEFAULT NULL COMMENT 'Base Weee Tax Disposition',
  `base_weee_tax_row_disposition` decimal(12,4) DEFAULT NULL COMMENT 'Base Weee Tax Row Disposition',
  PRIMARY KEY (`entity_id`),
  KEY `IDX_SALES_FLAT_INVOICE_ITEM_PARENT_ID` (`parent_id`),
  CONSTRAINT `FK_SALES_FLAT_INVOICE_ITEM_PARENT_ID_SALES_FLAT_INVOICE_ENTT_ID` FOREIGN KEY (`parent_id`) REFERENCES `sales_flat_invoice` (`entity_id`) ON DELETE CASCADE ON UPDATE CASCADE
) ENGINE=InnoDB AUTO_INCREMENT=198 DEFAULT CHARSET=utf8 COMMENT='Sales Flat Invoice Item';

--
-- Dumping data for table `sales_flat_invoice_item`
--

INSERT INTO `sales_flat_invoice_item` VALUES (7,4,140.0000,0.0000,140.0000,NULL,140.0000,NULL,140.0000,0.0000,140.0000,1.0000,NULL,140.0000,140.0000,140.0000,456,135,NULL,NULL,'mpd00338','Khaki Bowery Chino Pants',0.0000,0.0000,0.0000,0.0000,0.0000,0.0000,'a:0:{}',0.0000,0.0000,0.0000,0.0000),(8,4,0.0000,NULL,NULL,NULL,NULL,NULL,NULL,NULL,NULL,1.0000,NULL,0.0000,NULL,NULL,476,136,NULL,NULL,'mpd00338','Bowery Chino Pants',NULL,NULL,0.0000,NULL,0.0000,0.0000,'a:0:{}',0.0000,0.0000,0.0000,0.0000),(9,5,75.0000,0.0000,450.0000,NULL,450.0000,NULL,75.0000,0.0000,75.0000,6.0000,NULL,75.0000,450.0000,450.0000,409,137,NULL,NULL,'mtk004','Chelsea Tee',0.0000,0.0000,0.0000,0.0000,0.0000,0.0000,'a:0:{}',0.0000,0.0000,0.0000,0.0000),(10,5,0.0000,NULL,NULL,NULL,NULL,NULL,NULL,NULL,NULL,6.0000,NULL,0.0000,NULL,NULL,253,138,NULL,NULL,'mtk004','Chelsea Tee',NULL,NULL,0.0000,NULL,0.0000,0.0000,'a:0:{}',0.0000,0.0000,0.0000,0.0000),(11,5,210.0000,0.0000,210.0000,NULL,210.0000,NULL,210.0000,0.0000,210.0000,1.0000,NULL,210.0000,210.0000,210.0000,421,139,NULL,NULL,'wbk012','Elizabeth Knit Top',0.0000,0.0000,0.0000,0.0000,0.0000,0.0000,'a:0:{}',0.0000,0.0000,0.0000,0.0000),(12,5,0.0000,NULL,NULL,NULL,NULL,NULL,NULL,NULL,NULL,1.0000,NULL,0.0000,NULL,NULL,294,140,NULL,NULL,'wbk012','Elizabeth Knit Top',NULL,NULL,0.0000,NULL,0.0000,0.0000,'a:0:{}',0.0000,0.0000,0.0000,0.0000),(13,6,210.0000,69.3000,840.0000,NULL,840.0000,NULL,227.3300,69.3000,227.3300,4.0000,NULL,210.0000,909.3000,909.3000,374,141,NULL,NULL,'abl004','Houston Travel Wallet',0.0000,0.0000,0.0000,0.0000,0.0000,0.0000,'a:0:{}',0.0000,0.0000,0.0000,0.0000),(14,6,120.0000,9.9000,120.0000,NULL,120.0000,NULL,129.9000,9.9000,129.9000,1.0000,NULL,120.0000,129.9000,129.9000,417,142,NULL,NULL,'wbk002','NoLIta Cami',0.0000,0.0000,0.0000,0.0000,0.0000,0.0000,'a:0:{}',0.0000,0.0000,0.0000,0.0000),(15,6,0.0000,NULL,NULL,NULL,NULL,NULL,NULL,NULL,NULL,1.0000,NULL,0.0000,NULL,NULL,284,143,NULL,NULL,'wbk002','NoLIta Cami',NULL,NULL,0.0000,NULL,0.0000,0.0000,'a:0:{}',0.0000,0.0000,0.0000,0.0000),(20,8,625.0000,1046.8800,12500.0000,NULL,12500.0000,NULL,677.3400,1046.8800,677.3400,20.0000,NULL,625.0000,13546.8800,13546.8800,371,155,NULL,NULL,'abl001','Florentine Satchel Handbag',0.0000,0.0000,0.0000,0.0000,0.0000,0.0000,'a:0:{}',0.0000,0.0000,0.0000,0.0000),(21,8,40.0000,66.9900,800.0000,NULL,800.0000,NULL,43.3500,66.9900,43.3500,20.0000,NULL,40.0000,866.9900,866.9900,400,156,NULL,NULL,'hde013','Compact mp3 Player',0.0000,0.0000,0.0000,0.0000,0.0000,0.0000,'a:0:{}',0.0000,0.0000,0.0000,0.0000),(22,9,140.0000,0.0000,280.0000,NULL,280.0000,NULL,140.0000,0.0000,140.0000,2.0000,NULL,140.0000,280.0000,280.0000,403,157,NULL,NULL,'msj005','Slim fit Dobby Oxford Shirt',0.0000,0.0000,0.0000,0.0000,0.0000,0.0000,'a:0:{}',0.0000,0.0000,0.0000,0.0000),(23,9,0.0000,NULL,NULL,NULL,NULL,NULL,NULL,NULL,NULL,2.0000,NULL,0.0000,NULL,NULL,236,158,NULL,NULL,'msj005','Slim fit Dobby Oxford Shirt',NULL,NULL,0.0000,NULL,0.0000,0.0000,'a:0:{}',0.0000,0.0000,0.0000,0.0000),(24,9,210.0000,0.0000,210.0000,NULL,210.0000,NULL,210.0000,0.0000,210.0000,1.0000,NULL,210.0000,210.0000,210.0000,432,159,NULL,NULL,'aws011','Hana Flat, Charcoal',0.0000,0.0000,0.0000,0.0000,0.0000,0.0000,'a:0:{}',0.0000,0.0000,0.0000,0.0000),(25,9,0.0000,NULL,NULL,NULL,NULL,NULL,NULL,NULL,NULL,1.0000,NULL,0.0000,NULL,NULL,351,160,NULL,NULL,'aws011','Hana Flat, Charcoal',NULL,NULL,0.0000,NULL,0.0000,0.0000,'a:0:{}',0.0000,0.0000,0.0000,0.0000),(47,17,120.0000,9.0000,120.0000,NULL,120.0000,NULL,129.0000,9.0000,129.0000,1.0000,NULL,120.0000,129.0000,129.0000,417,187,NULL,NULL,'wbk002','NoLIta Cami',0.0000,0.0000,0.0000,0.0000,0.0000,0.0000,'a:0:{}',0.0000,0.0000,0.0000,0.0000),(48,17,0.0000,NULL,NULL,NULL,NULL,NULL,NULL,NULL,NULL,1.0000,NULL,0.0000,NULL,NULL,284,188,NULL,NULL,'wbk002','NoLIta Cami',NULL,NULL,0.0000,NULL,0.0000,0.0000,'a:0:{}',0.0000,0.0000,0.0000,0.0000),(49,17,300.0000,0.0000,300.0000,NULL,300.0000,NULL,300.0000,0.0000,300.0000,1.0000,NULL,300.0000,300.0000,300.0000,455,189,NULL,NULL,'gif002','A $300 Virtual Gift Card',0.0000,0.0000,0.0000,0.0000,0.0000,0.0000,'a:0:{}',0.0000,0.0000,0.0000,0.0000),(50,17,295.0000,22.1300,295.0000,NULL,295.0000,NULL,317.1300,22.1300,317.1300,1.0000,NULL,295.0000,317.1300,317.1300,337,190,NULL,NULL,'ace000','Aviator Sunglasses',0.0000,0.0000,0.0000,0.0000,0.0000,0.0000,'a:0:{}',0.0000,0.0000,0.0000,0.0000),(51,18,470.0000,131.6000,1880.0000,NULL,1880.0000,NULL,502.9000,131.6000,502.9000,4.0000,NULL,470.0000,2011.6000,2011.6000,431,197,NULL,NULL,'aws006','Ann Ankle Boot',0.0000,0.0000,0.0000,0.0000,0.0000,0.0000,'a:0:{}',0.0000,0.0000,0.0000,0.0000),(52,18,0.0000,NULL,NULL,NULL,NULL,NULL,NULL,NULL,NULL,4.0000,NULL,0.0000,NULL,NULL,346,198,NULL,NULL,'aws006','Ann Ankle Boot',NULL,NULL,0.0000,NULL,0.0000,0.0000,'a:0:{}',0.0000,0.0000,0.0000,0.0000),(53,18,20.0000,7.0000,100.0000,NULL,100.0000,NULL,21.4000,7.0000,21.4000,5.0000,NULL,20.0000,107.0000,107.0000,448,199,NULL,NULL,'hbm000','A Tale of Two Cities',0.0000,0.0000,0.0000,0.0000,0.0000,0.0000,'a:0:{}',0.0000,0.0000,0.0000,0.0000),(54,18,425.0000,178.5000,2550.0000,NULL,2550.0000,NULL,454.7500,178.5000,454.7500,6.0000,NULL,425.0000,2728.5000,2728.5000,392,200,NULL,NULL,'hde001','Madison LX2200',0.0000,0.0000,0.0000,0.0000,0.0000,0.0000,'a:0:{}',0.0000,0.0000,0.0000,0.0000),(55,18,110.0000,38.5000,550.0000,NULL,550.0000,NULL,117.7000,38.5000,117.7000,5.0000,NULL,110.0000,588.5000,588.5000,386,201,NULL,NULL,'hdd000','Herald Glass Vase',0.0000,0.0000,0.0000,0.0000,0.0000,0.0000,'a:0:{}',0.0000,0.0000,0.0000,0.0000),(56,19,140.0000,0.0000,1400.0000,74.7500,1400.0000,74.7500,140.0000,0.0000,140.0000,10.0000,NULL,140.0000,1400.0000,1400.0000,414,213,NULL,NULL,'mpd004','Bowery Chino Pants',0.0000,0.0000,0.0000,0.0000,0.0000,0.0000,'a:0:{}',0.0000,0.0000,0.0000,0.0000),(57,19,0.0000,NULL,NULL,NULL,NULL,NULL,NULL,NULL,NULL,10.0000,NULL,0.0000,NULL,NULL,268,214,NULL,NULL,'mpd004','Bowery Chino Pants',NULL,NULL,0.0000,NULL,0.0000,0.0000,'a:0:{}',0.0000,0.0000,0.0000,0.0000),(64,21,455.0000,0.0000,6825.0000,1365.0000,6825.0000,1365.0000,455.0000,0.0000,455.0000,15.0000,NULL,455.0000,6825.0000,6825.0000,406,321,NULL,NULL,'msj012','Linen Blazer',0.0000,0.0000,0.0000,0.0000,0.0000,0.0000,'a:0:{}',0.0000,0.0000,0.0000,0.0000),(65,21,0.0000,NULL,NULL,NULL,NULL,NULL,NULL,NULL,NULL,15.0000,NULL,0.0000,NULL,NULL,243,322,NULL,NULL,'msj012','Linen Blazer',NULL,NULL,0.0000,NULL,0.0000,0.0000,'a:0:{}',0.0000,0.0000,0.0000,0.0000),(66,21,510.0000,0.0000,7650.0000,1530.0000,7650.0000,1530.0000,510.0000,0.0000,510.0000,15.0000,NULL,510.0000,7650.0000,7650.0000,405,323,NULL,NULL,'msj009','Sullivan Sport Coat',0.0000,0.0000,0.0000,0.0000,0.0000,0.0000,'a:0:{}',0.0000,0.0000,0.0000,0.0000),(67,21,0.0000,NULL,NULL,NULL,NULL,NULL,NULL,NULL,NULL,15.0000,NULL,0.0000,NULL,NULL,240,324,NULL,NULL,'msj009','Sullivan Sport Coat',NULL,NULL,0.0000,NULL,0.0000,0.0000,'a:0:{}',0.0000,0.0000,0.0000,0.0000),(68,21,185.0000,0.0000,2775.0000,555.0000,2775.0000,555.0000,185.0000,0.0000,185.0000,15.0000,NULL,185.0000,2775.0000,2775.0000,420,325,NULL,NULL,'wbk009','Ludlow Oxford Top',0.0000,0.0000,0.0000,0.0000,0.0000,0.0000,'a:0:{}',0.0000,0.0000,0.0000,0.0000),(69,21,0.0000,NULL,NULL,NULL,NULL,NULL,NULL,NULL,NULL,15.0000,NULL,0.0000,NULL,NULL,291,326,NULL,NULL,'wbk009','Ludlow Oxford Top',NULL,NULL,0.0000,NULL,0.0000,0.0000,'a:0:{}',0.0000,0.0000,0.0000,0.0000),(70,21,110.0000,0.0000,770.0000,154.0000,770.0000,154.0000,110.0000,0.0000,110.0000,7.0000,NULL,110.0000,770.0000,770.0000,386,327,NULL,NULL,'hdd000','Herald Glass Vase',0.0000,0.0000,0.0000,0.0000,0.0000,0.0000,'a:0:{}',0.0000,0.0000,0.0000,0.0000),(179,36,150.0000,13.2000,150.0000,3.3300,150.0000,3.3300,163.5000,13.2000,163.5000,1.0000,NULL,150.0000,163.5000,163.5000,417,538,NULL,NULL,'wbk002c-Black-S','NoLIta Cami',0.0000,0.0000,0.0000,0.0000,0.0000,0.0000,'a:0:{}',0.0000,0.0000,0.0000,0.0000),(180,36,0.0000,NULL,NULL,NULL,NULL,NULL,NULL,NULL,NULL,1.0000,NULL,0.0000,NULL,NULL,881,539,NULL,NULL,'wbk002c-Black-S','Black Nolita Cami-Black-S',NULL,NULL,0.0000,NULL,0.0000,0.0000,'a:0:{}',0.0000,0.0000,0.0000,0.0000),(181,36,300.0000,0.0000,300.0000,6.6700,300.0000,6.6700,300.0000,0.0000,300.0000,1.0000,NULL,300.0000,300.0000,300.0000,455,540,NULL,NULL,'gif002','A $300 Virtual Gift Card',0.0000,0.0000,0.0000,0.0000,0.0000,0.0000,'a:0:{}',0.0000,0.0000,0.0000,0.0000),(182,37,150.0000,0.0000,150.0000,6.2900,150.0000,6.2900,150.0000,0.0000,150.0000,1.0000,NULL,150.0000,150.0000,150.0000,454,565,NULL,NULL,'gif001','Virtual and Physical Gift Card',0.0000,0.0000,0.0000,0.0000,0.0000,0.0000,'a:0:{}',0.0000,0.0000,0.0000,0.0000),(183,37,280.0000,49.9700,560.0000,4.8300,560.0000,4.8300,305.2000,49.9700,305.2000,2.0000,NULL,280.0000,610.4000,610.4000,546,566,NULL,NULL,'acj00124','Pearl Strand Necklace',0.0000,0.0000,0.0000,0.0000,0.0000,0.0000,'a:0:{}',0.0000,0.0000,0.0000,0.0000),(184,37,0.0000,NULL,NULL,NULL,NULL,NULL,NULL,NULL,NULL,2.0000,NULL,0.0000,NULL,NULL,548,567,NULL,NULL,'acj00124','Pearl Strand Necklace-24\"',NULL,NULL,0.0000,NULL,0.0000,0.0000,'a:0:{}',0.0000,0.0000,0.0000,0.0000),(185,37,25.0000,2.2300,25.0000,0.2200,25.0000,0.2200,27.2500,2.2300,27.2500,1.0000,NULL,25.0000,27.2500,27.2500,379,568,NULL,NULL,'hdb001','Bath Minerals and Salt',0.0000,0.0000,0.0000,0.0000,0.0000,0.0000,'a:0:{}',0.0000,0.0000,0.0000,0.0000),(186,37,425.0000,37.9200,425.0000,3.6600,425.0000,3.6600,463.2500,37.9200,463.2500,1.0000,NULL,425.0000,463.2500,463.2500,392,569,NULL,NULL,'hde001','Madison LX2200',0.0000,0.0000,0.0000,0.0000,0.0000,0.0000,'a:0:{}',0.0000,0.0000,0.0000,0.0000),(187,38,390.0000,32.6600,390.0000,NULL,390.0000,NULL,422.6600,32.6600,422.6600,1.0000,NULL,390.0000,422.6600,422.6600,430,563,NULL,NULL,'aws002','Barclay d\'Orsay pump, Nude',0.0000,0.0000,0.0000,0.0000,0.0000,0.0000,'a:0:{}',0.0000,0.0000,0.0000,0.0000),(188,38,0.0000,NULL,NULL,NULL,NULL,NULL,NULL,NULL,NULL,1.0000,NULL,0.0000,NULL,NULL,342,564,NULL,NULL,'aws002','Barclay d\'Orsay pump, Nude',NULL,NULL,0.0000,NULL,0.0000,0.0000,'a:0:{}',0.0000,0.0000,0.0000,0.0000),(189,39,295.0000,24.7100,295.0000,NULL,295.0000,NULL,319.7100,24.7100,319.7100,1.0000,NULL,295.0000,319.7100,319.7100,337,562,NULL,NULL,'ace000','Aviator Sunglasses',0.0000,0.0000,0.0000,0.0000,0.0000,0.0000,'a:0:{}',0.0000,0.0000,0.0000,0.0000),(190,40,275.0000,23.0300,275.0000,NULL,275.0000,NULL,298.0300,23.0300,298.0300,1.0000,NULL,275.0000,298.0300,298.0300,419,559,NULL,NULL,'wbk006','Delancy Cardigan Sweater',0.0000,0.0000,0.0000,0.0000,0.0000,0.0000,'a:0:{}',0.0000,0.0000,0.0000,0.0000),(191,40,0.0000,NULL,NULL,NULL,NULL,NULL,NULL,NULL,NULL,1.0000,NULL,0.0000,NULL,NULL,288,560,NULL,NULL,'wbk006','Delancy Cardigan Sweater',NULL,NULL,0.0000,NULL,0.0000,0.0000,'a:0:{}',0.0000,0.0000,0.0000,0.0000),(192,40,110.0000,9.2100,110.0000,NULL,110.0000,NULL,119.2100,9.2100,119.2100,1.0000,NULL,110.0000,119.2100,119.2100,551,561,NULL,NULL,'acj003','Pearl Stud Earrings',0.0000,0.0000,0.0000,0.0000,0.0000,0.0000,'a:0:{}',0.0000,0.0000,0.0000,0.0000),(193,41,455.0000,40.9500,455.0000,NULL,455.0000,NULL,495.9500,40.9500,495.9500,1.0000,NULL,455.0000,495.9500,495.9500,406,570,NULL,NULL,'msj012','Linen Blazer',0.0000,0.0000,0.0000,0.0000,0.0000,0.0000,'a:0:{}',0.0000,0.0000,0.0000,0.0000),(194,41,0.0000,NULL,NULL,NULL,NULL,NULL,NULL,NULL,NULL,1.0000,NULL,0.0000,NULL,NULL,243,571,NULL,NULL,'msj012','Linen Blazer',NULL,NULL,0.0000,NULL,0.0000,0.0000,'a:0:{}',0.0000,0.0000,0.0000,0.0000),(195,41,225.0000,20.2500,225.0000,NULL,225.0000,NULL,245.2500,20.2500,245.2500,1.0000,NULL,225.0000,245.2500,245.2500,338,572,NULL,NULL,'ace001','Jackie O Round Sunglasses',0.0000,0.0000,0.0000,0.0000,0.0000,0.0000,'a:0:{}',0.0000,0.0000,0.0000,0.0000),(196,42,5.0000,0.4500,5.0000,NULL,5.0000,NULL,5.4500,0.4500,5.4500,1.0000,NULL,5.0000,5.4500,5.4500,450,573,NULL,NULL,'hbm003 ','Alice in Wonderland',0.0000,0.0000,0.0000,0.0000,0.0000,0.0000,'a:0:{}',0.0000,0.0000,0.0000,0.0000),(197,42,2.0000,0.0000,2.0000,NULL,2.0000,NULL,2.0000,0.0000,2.0000,1.0000,NULL,2.0000,2.0000,2.0000,558,574,NULL,NULL,'hbm005','Falling by I Am Not Lefthanded',0.0000,0.0000,0.0000,0.0000,0.0000,0.0000,'a:0:{}',0.0000,0.0000,0.0000,0.0000);

--
-- Table structure for table `sales_flat_order`
--

CREATE TABLE `sales_flat_order` (
  `entity_id` int(10) unsigned NOT NULL AUTO_INCREMENT COMMENT 'Entity Id',
  `state` varchar(32) DEFAULT NULL COMMENT 'State',
  `status` varchar(32) DEFAULT NULL COMMENT 'Status',
  `coupon_code` varchar(255) DEFAULT NULL COMMENT 'Coupon Code',
  `protect_code` varchar(255) DEFAULT NULL COMMENT 'Protect Code',
  `shipping_description` varchar(255) DEFAULT NULL COMMENT 'Shipping Description',
  `is_virtual` smallint(5) unsigned DEFAULT NULL COMMENT 'Is Virtual',
  `store_id` smallint(5) unsigned DEFAULT NULL COMMENT 'Store Id',
  `customer_id` int(10) unsigned DEFAULT NULL COMMENT 'Customer Id',
  `base_discount_amount` decimal(12,4) DEFAULT NULL COMMENT 'Base Discount Amount',
  `base_discount_canceled` decimal(12,4) DEFAULT NULL COMMENT 'Base Discount Canceled',
  `base_discount_invoiced` decimal(12,4) DEFAULT NULL COMMENT 'Base Discount Invoiced',
  `base_discount_refunded` decimal(12,4) DEFAULT NULL COMMENT 'Base Discount Refunded',
  `base_grand_total` decimal(12,4) DEFAULT NULL COMMENT 'Base Grand Total',
  `base_shipping_amount` decimal(12,4) DEFAULT NULL COMMENT 'Base Shipping Amount',
  `base_shipping_canceled` decimal(12,4) DEFAULT NULL COMMENT 'Base Shipping Canceled',
  `base_shipping_invoiced` decimal(12,4) DEFAULT NULL COMMENT 'Base Shipping Invoiced',
  `base_shipping_refunded` decimal(12,4) DEFAULT NULL COMMENT 'Base Shipping Refunded',
  `base_shipping_tax_amount` decimal(12,4) DEFAULT NULL COMMENT 'Base Shipping Tax Amount',
  `base_shipping_tax_refunded` decimal(12,4) DEFAULT NULL COMMENT 'Base Shipping Tax Refunded',
  `base_subtotal` decimal(12,4) DEFAULT NULL COMMENT 'Base Subtotal',
  `base_subtotal_canceled` decimal(12,4) DEFAULT NULL COMMENT 'Base Subtotal Canceled',
  `base_subtotal_invoiced` decimal(12,4) DEFAULT NULL COMMENT 'Base Subtotal Invoiced',
  `base_subtotal_refunded` decimal(12,4) DEFAULT NULL COMMENT 'Base Subtotal Refunded',
  `base_tax_amount` decimal(12,4) DEFAULT NULL COMMENT 'Base Tax Amount',
  `base_tax_canceled` decimal(12,4) DEFAULT NULL COMMENT 'Base Tax Canceled',
  `base_tax_invoiced` decimal(12,4) DEFAULT NULL COMMENT 'Base Tax Invoiced',
  `base_tax_refunded` decimal(12,4) DEFAULT NULL COMMENT 'Base Tax Refunded',
  `base_to_global_rate` decimal(12,4) DEFAULT NULL COMMENT 'Base To Global Rate',
  `base_to_order_rate` decimal(12,4) DEFAULT NULL COMMENT 'Base To Order Rate',
  `base_total_canceled` decimal(12,4) DEFAULT NULL COMMENT 'Base Total Canceled',
  `base_total_invoiced` decimal(12,4) DEFAULT NULL COMMENT 'Base Total Invoiced',
  `base_total_invoiced_cost` decimal(12,4) DEFAULT NULL COMMENT 'Base Total Invoiced Cost',
  `base_total_offline_refunded` decimal(12,4) DEFAULT NULL COMMENT 'Base Total Offline Refunded',
  `base_total_online_refunded` decimal(12,4) DEFAULT NULL COMMENT 'Base Total Online Refunded',
  `base_total_paid` decimal(12,4) DEFAULT NULL COMMENT 'Base Total Paid',
  `base_total_qty_ordered` decimal(12,4) DEFAULT NULL COMMENT 'Base Total Qty Ordered',
  `base_total_refunded` decimal(12,4) DEFAULT NULL COMMENT 'Base Total Refunded',
  `discount_amount` decimal(12,4) DEFAULT NULL COMMENT 'Discount Amount',
  `discount_canceled` decimal(12,4) DEFAULT NULL COMMENT 'Discount Canceled',
  `discount_invoiced` decimal(12,4) DEFAULT NULL COMMENT 'Discount Invoiced',
  `discount_refunded` decimal(12,4) DEFAULT NULL COMMENT 'Discount Refunded',
  `grand_total` decimal(12,4) DEFAULT NULL COMMENT 'Grand Total',
  `shipping_amount` decimal(12,4) DEFAULT NULL COMMENT 'Shipping Amount',
  `shipping_canceled` decimal(12,4) DEFAULT NULL COMMENT 'Shipping Canceled',
  `shipping_invoiced` decimal(12,4) DEFAULT NULL COMMENT 'Shipping Invoiced',
  `shipping_refunded` decimal(12,4) DEFAULT NULL COMMENT 'Shipping Refunded',
  `shipping_tax_amount` decimal(12,4) DEFAULT NULL COMMENT 'Shipping Tax Amount',
  `shipping_tax_refunded` decimal(12,4) DEFAULT NULL COMMENT 'Shipping Tax Refunded',
  `store_to_base_rate` decimal(12,4) DEFAULT NULL COMMENT 'Store To Base Rate',
  `store_to_order_rate` decimal(12,4) DEFAULT NULL COMMENT 'Store To Order Rate',
  `subtotal` decimal(12,4) DEFAULT NULL COMMENT 'Subtotal',
  `subtotal_canceled` decimal(12,4) DEFAULT NULL COMMENT 'Subtotal Canceled',
  `subtotal_invoiced` decimal(12,4) DEFAULT NULL COMMENT 'Subtotal Invoiced',
  `subtotal_refunded` decimal(12,4) DEFAULT NULL COMMENT 'Subtotal Refunded',
  `tax_amount` decimal(12,4) DEFAULT NULL COMMENT 'Tax Amount',
  `tax_canceled` decimal(12,4) DEFAULT NULL COMMENT 'Tax Canceled',
  `tax_invoiced` decimal(12,4) DEFAULT NULL COMMENT 'Tax Invoiced',
  `tax_refunded` decimal(12,4) DEFAULT NULL COMMENT 'Tax Refunded',
  `total_canceled` decimal(12,4) DEFAULT NULL COMMENT 'Total Canceled',
  `total_invoiced` decimal(12,4) DEFAULT NULL COMMENT 'Total Invoiced',
  `total_offline_refunded` decimal(12,4) DEFAULT NULL COMMENT 'Total Offline Refunded',
  `total_online_refunded` decimal(12,4) DEFAULT NULL COMMENT 'Total Online Refunded',
  `total_paid` decimal(12,4) DEFAULT NULL COMMENT 'Total Paid',
  `total_qty_ordered` decimal(12,4) DEFAULT NULL COMMENT 'Total Qty Ordered',
  `total_refunded` decimal(12,4) DEFAULT NULL COMMENT 'Total Refunded',
  `can_ship_partially` smallint(5) unsigned DEFAULT NULL COMMENT 'Can Ship Partially',
  `can_ship_partially_item` smallint(5) unsigned DEFAULT NULL COMMENT 'Can Ship Partially Item',
  `customer_is_guest` smallint(5) unsigned DEFAULT NULL COMMENT 'Customer Is Guest',
  `customer_note_notify` smallint(5) unsigned DEFAULT NULL COMMENT 'Customer Note Notify',
  `billing_address_id` int(11) DEFAULT NULL COMMENT 'Billing Address Id',
  `customer_group_id` smallint(6) DEFAULT NULL COMMENT 'Customer Group Id',
  `edit_increment` int(11) DEFAULT NULL COMMENT 'Edit Increment',
  `email_sent` smallint(5) unsigned DEFAULT NULL COMMENT 'Email Sent',
  `forced_shipment_with_invoice` smallint(5) unsigned DEFAULT NULL COMMENT 'Forced Do Shipment With Invoice',
  `payment_auth_expiration` int(11) DEFAULT NULL COMMENT 'Payment Authorization Expiration',
  `quote_address_id` int(11) DEFAULT NULL COMMENT 'Quote Address Id',
  `quote_id` int(11) DEFAULT NULL COMMENT 'Quote Id',
  `shipping_address_id` int(11) DEFAULT NULL COMMENT 'Shipping Address Id',
  `adjustment_negative` decimal(12,4) DEFAULT NULL COMMENT 'Adjustment Negative',
  `adjustment_positive` decimal(12,4) DEFAULT NULL COMMENT 'Adjustment Positive',
  `base_adjustment_negative` decimal(12,4) DEFAULT NULL COMMENT 'Base Adjustment Negative',
  `base_adjustment_positive` decimal(12,4) DEFAULT NULL COMMENT 'Base Adjustment Positive',
  `base_shipping_discount_amount` decimal(12,4) DEFAULT NULL COMMENT 'Base Shipping Discount Amount',
  `base_subtotal_incl_tax` decimal(12,4) DEFAULT NULL COMMENT 'Base Subtotal Incl Tax',
  `base_total_due` decimal(12,4) DEFAULT NULL COMMENT 'Base Total Due',
  `payment_authorization_amount` decimal(12,4) DEFAULT NULL COMMENT 'Payment Authorization Amount',
  `shipping_discount_amount` decimal(12,4) DEFAULT NULL COMMENT 'Shipping Discount Amount',
  `subtotal_incl_tax` decimal(12,4) DEFAULT NULL COMMENT 'Subtotal Incl Tax',
  `total_due` decimal(12,4) DEFAULT NULL COMMENT 'Total Due',
  `weight` decimal(12,4) DEFAULT NULL COMMENT 'Weight',
  `customer_dob` datetime DEFAULT NULL COMMENT 'Customer Dob',
  `increment_id` varchar(50) DEFAULT NULL COMMENT 'Increment Id',
  `applied_rule_ids` varchar(255) DEFAULT NULL COMMENT 'Applied Rule Ids',
  `base_currency_code` varchar(3) DEFAULT NULL COMMENT 'Base Currency Code',
  `customer_email` varchar(255) DEFAULT NULL COMMENT 'Customer Email',
  `customer_firstname` varchar(255) DEFAULT NULL COMMENT 'Customer Firstname',
  `customer_lastname` varchar(255) DEFAULT NULL COMMENT 'Customer Lastname',
  `customer_middlename` varchar(255) DEFAULT NULL COMMENT 'Customer Middlename',
  `customer_prefix` varchar(255) DEFAULT NULL COMMENT 'Customer Prefix',
  `customer_suffix` varchar(255) DEFAULT NULL COMMENT 'Customer Suffix',
  `customer_taxvat` varchar(255) DEFAULT NULL COMMENT 'Customer Taxvat',
  `discount_description` varchar(255) DEFAULT NULL COMMENT 'Discount Description',
  `ext_customer_id` varchar(255) DEFAULT NULL COMMENT 'Ext Customer Id',
  `ext_order_id` varchar(255) DEFAULT NULL COMMENT 'Ext Order Id',
  `global_currency_code` varchar(3) DEFAULT NULL COMMENT 'Global Currency Code',
  `hold_before_state` varchar(255) DEFAULT NULL COMMENT 'Hold Before State',
  `hold_before_status` varchar(255) DEFAULT NULL COMMENT 'Hold Before Status',
  `order_currency_code` varchar(255) DEFAULT NULL COMMENT 'Order Currency Code',
  `original_increment_id` varchar(50) DEFAULT NULL COMMENT 'Original Increment Id',
  `relation_child_id` varchar(32) DEFAULT NULL COMMENT 'Relation Child Id',
  `relation_child_real_id` varchar(32) DEFAULT NULL COMMENT 'Relation Child Real Id',
  `relation_parent_id` varchar(32) DEFAULT NULL COMMENT 'Relation Parent Id',
  `relation_parent_real_id` varchar(32) DEFAULT NULL COMMENT 'Relation Parent Real Id',
  `remote_ip` varchar(255) DEFAULT NULL COMMENT 'Remote Ip',
  `shipping_method` varchar(255) DEFAULT NULL COMMENT 'Shipping Method',
  `store_currency_code` varchar(3) DEFAULT NULL COMMENT 'Store Currency Code',
  `store_name` varchar(255) DEFAULT NULL COMMENT 'Store Name',
  `x_forwarded_for` varchar(255) DEFAULT NULL COMMENT 'X Forwarded For',
  `customer_note` text COMMENT 'Customer Note',
  `created_at` timestamp NULL DEFAULT NULL COMMENT 'Created At',
  `updated_at` timestamp NULL DEFAULT NULL COMMENT 'Updated At',
  `total_item_count` smallint(5) unsigned NOT NULL DEFAULT '0' COMMENT 'Total Item Count',
  `customer_gender` int(11) DEFAULT NULL COMMENT 'Customer Gender',
  `hidden_tax_amount` decimal(12,4) DEFAULT NULL COMMENT 'Hidden Tax Amount',
  `base_hidden_tax_amount` decimal(12,4) DEFAULT NULL COMMENT 'Base Hidden Tax Amount',
  `shipping_hidden_tax_amount` decimal(12,4) DEFAULT NULL COMMENT 'Shipping Hidden Tax Amount',
  `base_shipping_hidden_tax_amnt` decimal(12,4) DEFAULT NULL COMMENT 'Base Shipping Hidden Tax Amount',
  `hidden_tax_invoiced` decimal(12,4) DEFAULT NULL COMMENT 'Hidden Tax Invoiced',
  `base_hidden_tax_invoiced` decimal(12,4) DEFAULT NULL COMMENT 'Base Hidden Tax Invoiced',
  `hidden_tax_refunded` decimal(12,4) DEFAULT NULL COMMENT 'Hidden Tax Refunded',
  `base_hidden_tax_refunded` decimal(12,4) DEFAULT NULL COMMENT 'Base Hidden Tax Refunded',
  `shipping_incl_tax` decimal(12,4) DEFAULT NULL COMMENT 'Shipping Incl Tax',
  `base_shipping_incl_tax` decimal(12,4) DEFAULT NULL COMMENT 'Base Shipping Incl Tax',
  `coupon_rule_name` varchar(255) DEFAULT NULL COMMENT 'Coupon Sales Rule Name',
  `paypal_ipn_customer_notified` int(11) DEFAULT '0' COMMENT 'Paypal Ipn Customer Notified',
  `gift_message_id` int(11) DEFAULT NULL COMMENT 'Gift Message Id',
  `base_customer_balance_amount` decimal(12,4) DEFAULT NULL COMMENT 'Base Customer Balance Amount',
  `customer_balance_amount` decimal(12,4) DEFAULT NULL COMMENT 'Customer Balance Amount',
  `base_customer_balance_invoiced` decimal(12,4) DEFAULT NULL COMMENT 'Base Customer Balance Invoiced',
  `customer_balance_invoiced` decimal(12,4) DEFAULT NULL COMMENT 'Customer Balance Invoiced',
  `base_customer_balance_refunded` decimal(12,4) DEFAULT NULL COMMENT 'Base Customer Balance Refunded',
  `customer_balance_refunded` decimal(12,4) DEFAULT NULL COMMENT 'Customer Balance Refunded',
  `bs_customer_bal_total_refunded` decimal(12,4) DEFAULT NULL COMMENT 'Bs Customer Bal Total Refunded',
  `customer_bal_total_refunded` decimal(12,4) DEFAULT NULL COMMENT 'Customer Bal Total Refunded',
  `gift_cards` text COMMENT 'Gift Cards',
  `base_gift_cards_amount` decimal(12,4) DEFAULT NULL COMMENT 'Base Gift Cards Amount',
  `gift_cards_amount` decimal(12,4) DEFAULT NULL COMMENT 'Gift Cards Amount',
  `base_gift_cards_invoiced` decimal(12,4) DEFAULT NULL COMMENT 'Base Gift Cards Invoiced',
  `gift_cards_invoiced` decimal(12,4) DEFAULT NULL COMMENT 'Gift Cards Invoiced',
  `base_gift_cards_refunded` decimal(12,4) DEFAULT NULL COMMENT 'Base Gift Cards Refunded',
  `gift_cards_refunded` decimal(12,4) DEFAULT NULL COMMENT 'Gift Cards Refunded',
  `gw_id` int(11) DEFAULT NULL COMMENT 'Gw Id',
  `gw_allow_gift_receipt` int(11) DEFAULT NULL COMMENT 'Gw Allow Gift Receipt',
  `gw_add_card` int(11) DEFAULT NULL COMMENT 'Gw Add Card',
  `gw_base_price` decimal(12,4) DEFAULT NULL COMMENT 'Gw Base Price',
  `gw_price` decimal(12,4) DEFAULT NULL COMMENT 'Gw Price',
  `gw_items_base_price` decimal(12,4) DEFAULT NULL COMMENT 'Gw Items Base Price',
  `gw_items_price` decimal(12,4) DEFAULT NULL COMMENT 'Gw Items Price',
  `gw_card_base_price` decimal(12,4) DEFAULT NULL COMMENT 'Gw Card Base Price',
  `gw_card_price` decimal(12,4) DEFAULT NULL COMMENT 'Gw Card Price',
  `gw_base_tax_amount` decimal(12,4) DEFAULT NULL COMMENT 'Gw Base Tax Amount',
  `gw_tax_amount` decimal(12,4) DEFAULT NULL COMMENT 'Gw Tax Amount',
  `gw_items_base_tax_amount` decimal(12,4) DEFAULT NULL COMMENT 'Gw Items Base Tax Amount',
  `gw_items_tax_amount` decimal(12,4) DEFAULT NULL COMMENT 'Gw Items Tax Amount',
  `gw_card_base_tax_amount` decimal(12,4) DEFAULT NULL COMMENT 'Gw Card Base Tax Amount',
  `gw_card_tax_amount` decimal(12,4) DEFAULT NULL COMMENT 'Gw Card Tax Amount',
  `gw_base_price_invoiced` decimal(12,4) DEFAULT NULL COMMENT 'Gw Base Price Invoiced',
  `gw_price_invoiced` decimal(12,4) DEFAULT NULL COMMENT 'Gw Price Invoiced',
  `gw_items_base_price_invoiced` decimal(12,4) DEFAULT NULL COMMENT 'Gw Items Base Price Invoiced',
  `gw_items_price_invoiced` decimal(12,4) DEFAULT NULL COMMENT 'Gw Items Price Invoiced',
  `gw_card_base_price_invoiced` decimal(12,4) DEFAULT NULL COMMENT 'Gw Card Base Price Invoiced',
  `gw_card_price_invoiced` decimal(12,4) DEFAULT NULL COMMENT 'Gw Card Price Invoiced',
  `gw_base_tax_amount_invoiced` decimal(12,4) DEFAULT NULL COMMENT 'Gw Base Tax Amount Invoiced',
  `gw_tax_amount_invoiced` decimal(12,4) DEFAULT NULL COMMENT 'Gw Tax Amount Invoiced',
  `gw_items_base_tax_invoiced` decimal(12,4) DEFAULT NULL COMMENT 'Gw Items Base Tax Invoiced',
  `gw_items_tax_invoiced` decimal(12,4) DEFAULT NULL COMMENT 'Gw Items Tax Invoiced',
  `gw_card_base_tax_invoiced` decimal(12,4) DEFAULT NULL COMMENT 'Gw Card Base Tax Invoiced',
  `gw_card_tax_invoiced` decimal(12,4) DEFAULT NULL COMMENT 'Gw Card Tax Invoiced',
  `gw_base_price_refunded` decimal(12,4) DEFAULT NULL COMMENT 'Gw Base Price Refunded',
  `gw_price_refunded` decimal(12,4) DEFAULT NULL COMMENT 'Gw Price Refunded',
  `gw_items_base_price_refunded` decimal(12,4) DEFAULT NULL COMMENT 'Gw Items Base Price Refunded',
  `gw_items_price_refunded` decimal(12,4) DEFAULT NULL COMMENT 'Gw Items Price Refunded',
  `gw_card_base_price_refunded` decimal(12,4) DEFAULT NULL COMMENT 'Gw Card Base Price Refunded',
  `gw_card_price_refunded` decimal(12,4) DEFAULT NULL COMMENT 'Gw Card Price Refunded',
  `gw_base_tax_amount_refunded` decimal(12,4) DEFAULT NULL COMMENT 'Gw Base Tax Amount Refunded',
  `gw_tax_amount_refunded` decimal(12,4) DEFAULT NULL COMMENT 'Gw Tax Amount Refunded',
  `gw_items_base_tax_refunded` decimal(12,4) DEFAULT NULL COMMENT 'Gw Items Base Tax Refunded',
  `gw_items_tax_refunded` decimal(12,4) DEFAULT NULL COMMENT 'Gw Items Tax Refunded',
  `gw_card_base_tax_refunded` decimal(12,4) DEFAULT NULL COMMENT 'Gw Card Base Tax Refunded',
  `gw_card_tax_refunded` decimal(12,4) DEFAULT NULL COMMENT 'Gw Card Tax Refunded',
  `reward_points_balance` int(11) DEFAULT NULL COMMENT 'Reward Points Balance',
  `base_reward_currency_amount` decimal(12,4) DEFAULT NULL COMMENT 'Base Reward Currency Amount',
  `reward_currency_amount` decimal(12,4) DEFAULT NULL COMMENT 'Reward Currency Amount',
  `base_rwrd_crrncy_amt_invoiced` decimal(12,4) DEFAULT NULL COMMENT 'Base Rwrd Crrncy Amt Invoiced',
  `rwrd_currency_amount_invoiced` decimal(12,4) DEFAULT NULL COMMENT 'Rwrd Currency Amount Invoiced',
  `base_rwrd_crrncy_amnt_refnded` decimal(12,4) DEFAULT NULL COMMENT 'Base Rwrd Crrncy Amnt Refnded',
  `rwrd_crrncy_amnt_refunded` decimal(12,4) DEFAULT NULL COMMENT 'Rwrd Crrncy Amnt Refunded',
  `reward_points_balance_refund` int(11) DEFAULT NULL COMMENT 'Reward Points Balance Refund',
  `reward_points_balance_refunded` int(11) DEFAULT NULL COMMENT 'Reward Points Balance Refunded',
  `reward_salesrule_points` int(11) DEFAULT NULL COMMENT 'Reward Salesrule Points',
  PRIMARY KEY (`entity_id`),
  UNIQUE KEY `UNQ_SALES_FLAT_ORDER_INCREMENT_ID` (`increment_id`),
  KEY `IDX_SALES_FLAT_ORDER_STATUS` (`status`),
  KEY `IDX_SALES_FLAT_ORDER_STATE` (`state`),
  KEY `IDX_SALES_FLAT_ORDER_STORE_ID` (`store_id`),
  KEY `IDX_SALES_FLAT_ORDER_CREATED_AT` (`created_at`),
  KEY `IDX_SALES_FLAT_ORDER_CUSTOMER_ID` (`customer_id`),
  KEY `IDX_SALES_FLAT_ORDER_EXT_ORDER_ID` (`ext_order_id`),
  KEY `IDX_SALES_FLAT_ORDER_QUOTE_ID` (`quote_id`),
  KEY `IDX_SALES_FLAT_ORDER_UPDATED_AT` (`updated_at`),
  CONSTRAINT `FK_SALES_FLAT_ORDER_CUSTOMER_ID_CUSTOMER_ENTITY_ENTITY_ID` FOREIGN KEY (`customer_id`) REFERENCES `customer_entity` (`entity_id`) ON DELETE SET NULL ON UPDATE CASCADE,
  CONSTRAINT `FK_SALES_FLAT_ORDER_STORE_ID_CORE_STORE_STORE_ID` FOREIGN KEY (`store_id`) REFERENCES `core_store` (`store_id`) ON DELETE SET NULL ON UPDATE CASCADE
) ENGINE=InnoDB AUTO_INCREMENT=195 DEFAULT CHARSET=utf8 COMMENT='Sales Flat Order';

--
-- Dumping data for table `sales_flat_order`
--

INSERT INTO `sales_flat_order` VALUES (41,'new','pending',NULL,'8b86d4','United Parcel Service - Ground',0,1,NULL,0.0000,NULL,NULL,NULL,823.4500,11.5700,NULL,NULL,NULL,0.0000,NULL,750.0000,NULL,NULL,NULL,61.8800,NULL,NULL,NULL,1.0000,1.0000,NULL,NULL,NULL,NULL,NULL,NULL,NULL,NULL,0.0000,NULL,NULL,NULL,823.4500,11.5700,NULL,NULL,NULL,0.0000,NULL,1.0000,1.0000,750.0000,NULL,NULL,NULL,61.8800,NULL,NULL,NULL,NULL,NULL,NULL,NULL,NULL,1.0000,NULL,NULL,NULL,0,1,77,1,NULL,1,NULL,NULL,NULL,170,78,NULL,NULL,NULL,NULL,0.0000,811.8800,NULL,NULL,0.0000,811.8800,NULL,1.0000,NULL,'100000049',NULL,'USD','mosses@ebay.com','Mosses','Akizian',NULL,NULL,NULL,NULL,NULL,NULL,NULL,'USD',NULL,NULL,'USD',NULL,NULL,NULL,NULL,NULL,'216.113.168.131','ups_GND','USD','Main Website\nMain Website Store\nEnglish',NULL,NULL,'2013-03-15 00:01:34','2013-03-15 00:01:35',1,NULL,0.0000,0.0000,0.0000,0.0000,NULL,NULL,NULL,NULL,11.5700,11.5700,NULL,0,NULL,0.0000,0.0000,NULL,NULL,NULL,NULL,NULL,NULL,'a:0:{}',0.0000,0.0000,NULL,NULL,NULL,NULL,NULL,0,0,0.0000,0.0000,0.0000,0.0000,0.0000,0.0000,0.0000,0.0000,0.0000,0.0000,0.0000,0.0000,NULL,NULL,NULL,NULL,NULL,NULL,NULL,NULL,NULL,NULL,NULL,NULL,NULL,NULL,NULL,NULL,NULL,NULL,NULL,NULL,NULL,NULL,NULL,NULL,0,0.0000,0.0000,NULL,NULL,NULL,NULL,NULL,NULL,NULL),(42,'canceled','canceled',NULL,'5cdfa0','United Parcel Service - 3 Day Select',0,1,30,0.0000,0.0000,NULL,NULL,698.3000,38.3000,38.3000,NULL,NULL,0.0000,NULL,660.0000,660.0000,NULL,NULL,0.0000,0.0000,NULL,NULL,1.0000,1.0000,698.3000,NULL,NULL,NULL,NULL,NULL,NULL,NULL,0.0000,0.0000,NULL,NULL,698.3000,38.3000,38.3000,NULL,NULL,0.0000,NULL,1.0000,1.0000,660.0000,660.0000,NULL,NULL,0.0000,0.0000,NULL,NULL,698.3000,NULL,NULL,NULL,NULL,7.0000,NULL,NULL,NULL,0,1,79,1,1,1,NULL,NULL,NULL,220,80,NULL,NULL,NULL,NULL,0.0000,660.0000,698.3000,NULL,0.0000,660.0000,698.3000,7.0000,NULL,'100000051',NULL,'USD','robert@gmail.com','Robert','Ngia',NULL,NULL,NULL,NULL,NULL,NULL,NULL,'USD',NULL,NULL,'USD',NULL,'51','100000051-1',NULL,NULL,'8.31.244.68','ups_3DS','USD','Main Website\nMain Website Store\nEnglish',NULL,NULL,'2013-03-28 19:45:53','2013-04-04 00:25:55',2,NULL,0.0000,0.0000,0.0000,0.0000,NULL,NULL,NULL,NULL,38.3000,38.3000,NULL,0,NULL,0.0000,0.0000,NULL,NULL,NULL,NULL,NULL,NULL,'a:0:{}',0.0000,0.0000,NULL,NULL,NULL,NULL,NULL,0,0,0.0000,0.0000,0.0000,0.0000,0.0000,0.0000,0.0000,0.0000,0.0000,0.0000,0.0000,0.0000,NULL,NULL,NULL,NULL,NULL,NULL,NULL,NULL,NULL,NULL,NULL,NULL,NULL,NULL,NULL,NULL,NULL,NULL,NULL,NULL,NULL,NULL,NULL,NULL,0,0.0000,0.0000,NULL,NULL,NULL,NULL,NULL,NULL,NULL),(43,'canceled','canceled',NULL,'a3efb2','United Parcel Service - Next Day Air Early AM',0,1,29,0.0000,0.0000,NULL,NULL,1148.0800,108.8800,108.8800,NULL,NULL,0.0000,NULL,960.0000,960.0000,NULL,NULL,79.2000,79.2000,NULL,NULL,1.0000,1.0000,1148.0800,NULL,NULL,NULL,NULL,NULL,NULL,NULL,0.0000,0.0000,NULL,NULL,1148.0800,108.8800,108.8800,NULL,NULL,0.0000,NULL,1.0000,1.0000,960.0000,960.0000,NULL,NULL,79.2000,79.2000,NULL,NULL,1148.0800,NULL,NULL,NULL,NULL,5.0000,NULL,NULL,NULL,0,1,81,4,1,1,NULL,NULL,NULL,221,82,NULL,NULL,NULL,NULL,0.0000,1039.2000,1148.0800,NULL,0.0000,1039.2000,1148.0800,5.0000,NULL,'100000052',NULL,'USD','jill@gmail.com','Jill','Moorehouse',NULL,NULL,NULL,NULL,NULL,NULL,NULL,'USD',NULL,NULL,'USD',NULL,'52','100000052-1',NULL,NULL,'8.31.244.68','ups_1DM','USD','Main Website\nMain Website Store\nEnglish',NULL,NULL,'2013-03-28 19:58:37','2013-04-04 00:34:50',2,NULL,0.0000,0.0000,0.0000,0.0000,NULL,NULL,NULL,NULL,108.8800,108.8800,NULL,0,NULL,0.0000,0.0000,NULL,NULL,NULL,NULL,NULL,NULL,'a:0:{}',0.0000,0.0000,NULL,NULL,NULL,NULL,NULL,0,0,0.0000,0.0000,0.0000,0.0000,0.0000,0.0000,0.0000,0.0000,0.0000,0.0000,0.0000,0.0000,NULL,NULL,NULL,NULL,NULL,NULL,NULL,NULL,NULL,NULL,NULL,NULL,NULL,NULL,NULL,NULL,NULL,NULL,NULL,NULL,NULL,NULL,NULL,NULL,0,0.0000,0.0000,NULL,NULL,NULL,NULL,NULL,NULL,NULL),(44,'new','pending',NULL,'b272f8','United Parcel Service - Next Day Air',0,1,28,0.0000,NULL,NULL,NULL,631.4300,91.4300,NULL,NULL,NULL,0.0000,NULL,540.0000,NULL,NULL,NULL,0.0000,NULL,NULL,NULL,1.0000,1.0000,NULL,NULL,NULL,NULL,NULL,NULL,NULL,NULL,0.0000,NULL,NULL,NULL,631.4300,91.4300,NULL,NULL,NULL,0.0000,NULL,1.0000,1.0000,540.0000,NULL,NULL,NULL,0.0000,NULL,NULL,NULL,NULL,NULL,NULL,NULL,NULL,4.0000,NULL,NULL,NULL,0,1,83,4,NULL,1,NULL,NULL,NULL,222,84,NULL,NULL,NULL,NULL,0.0000,540.0000,NULL,NULL,0.0000,540.0000,NULL,4.0000,NULL,'100000053',NULL,'USD','haven@yahoo.com','Haven','Bangor',NULL,NULL,NULL,NULL,NULL,NULL,NULL,'USD',NULL,NULL,'USD',NULL,NULL,NULL,NULL,NULL,'8.31.244.68','ups_1DA','USD','Main Website\nMain Website Store\nEnglish',NULL,NULL,'2013-03-28 20:01:06','2013-03-28 20:01:06',2,NULL,0.0000,0.0000,0.0000,0.0000,NULL,NULL,NULL,NULL,91.4300,91.4300,NULL,0,NULL,0.0000,0.0000,NULL,NULL,NULL,NULL,NULL,NULL,'a:0:{}',0.0000,0.0000,NULL,NULL,NULL,NULL,NULL,0,0,0.0000,0.0000,0.0000,0.0000,0.0000,0.0000,0.0000,0.0000,0.0000,0.0000,0.0000,0.0000,NULL,NULL,NULL,NULL,NULL,NULL,NULL,NULL,NULL,NULL,NULL,NULL,NULL,NULL,NULL,NULL,NULL,NULL,NULL,NULL,NULL,NULL,NULL,NULL,0,0.0000,0.0000,NULL,NULL,NULL,NULL,NULL,NULL,NULL),(46,'new','pending',NULL,'347a76','Flat Rate - Fixed',0,1,26,0.0000,NULL,NULL,NULL,5155.0000,75.0000,NULL,NULL,NULL,0.0000,NULL,5080.0000,NULL,NULL,NULL,0.0000,NULL,NULL,NULL,1.0000,1.0000,NULL,NULL,NULL,NULL,NULL,NULL,NULL,NULL,0.0000,NULL,NULL,NULL,5155.0000,75.0000,NULL,NULL,NULL,0.0000,NULL,1.0000,1.0000,5080.0000,NULL,NULL,NULL,0.0000,NULL,NULL,NULL,NULL,NULL,NULL,NULL,NULL,20.0000,NULL,NULL,NULL,0,1,87,3,NULL,1,NULL,NULL,NULL,224,88,NULL,NULL,NULL,NULL,0.0000,5080.0000,NULL,NULL,0.0000,5080.0000,NULL,15.0000,NULL,'100000055',NULL,'USD','rack@gmail.com','Rack','Fox',NULL,NULL,NULL,NULL,NULL,NULL,NULL,'USD',NULL,NULL,'USD',NULL,NULL,NULL,NULL,NULL,'8.31.244.68','flatrate_flatrate','USD','Main Website\nMain Website Store\nEnglish',NULL,NULL,'2013-03-28 20:11:59','2013-03-28 20:11:59',4,NULL,0.0000,0.0000,0.0000,0.0000,NULL,NULL,NULL,NULL,75.0000,75.0000,NULL,0,NULL,0.0000,0.0000,NULL,NULL,NULL,NULL,NULL,NULL,'a:0:{}',0.0000,0.0000,NULL,NULL,NULL,NULL,NULL,0,0,0.0000,0.0000,0.0000,0.0000,0.0000,0.0000,0.0000,0.0000,0.0000,0.0000,0.0000,0.0000,NULL,NULL,NULL,NULL,NULL,NULL,NULL,NULL,NULL,NULL,NULL,NULL,NULL,NULL,NULL,NULL,NULL,NULL,NULL,NULL,NULL,NULL,NULL,NULL,0,0.0000,0.0000,NULL,NULL,NULL,NULL,NULL,NULL,NULL),(47,'new','pending',NULL,'093cee','United Parcel Service - Next Day Air',0,1,25,0.0000,NULL,NULL,NULL,14694.9700,281.0900,NULL,NULL,NULL,0.0000,NULL,13300.0000,NULL,NULL,NULL,1113.8800,NULL,NULL,NULL,1.0000,1.0000,NULL,NULL,NULL,NULL,NULL,NULL,NULL,NULL,0.0000,NULL,NULL,NULL,14694.9700,281.0900,NULL,NULL,NULL,0.0000,NULL,1.0000,1.0000,13300.0000,NULL,NULL,NULL,1113.8800,NULL,NULL,NULL,NULL,NULL,NULL,NULL,NULL,40.0000,NULL,NULL,NULL,0,1,89,2,NULL,1,NULL,NULL,NULL,225,90,NULL,NULL,NULL,NULL,0.0000,14413.8700,NULL,NULL,0.0000,14413.8700,NULL,40.0000,NULL,'100000056',NULL,'USD','mark@yahoo.com','Mark','Woodland',NULL,NULL,NULL,NULL,NULL,NULL,NULL,'USD',NULL,NULL,'USD',NULL,NULL,NULL,NULL,NULL,'8.31.244.68','ups_1DA','USD','Main Website\nMain Website Store\nEnglish',NULL,NULL,'2013-03-28 20:15:12','2013-03-28 20:15:12',2,NULL,0.0000,0.0000,0.0000,0.0000,NULL,NULL,NULL,NULL,281.0900,281.0900,NULL,0,NULL,0.0000,0.0000,NULL,NULL,NULL,NULL,NULL,NULL,'a:0:{}',0.0000,0.0000,NULL,NULL,NULL,NULL,NULL,0,0,0.0000,0.0000,0.0000,0.0000,0.0000,0.0000,0.0000,0.0000,0.0000,0.0000,0.0000,0.0000,NULL,NULL,NULL,NULL,NULL,NULL,NULL,NULL,NULL,NULL,NULL,NULL,NULL,NULL,NULL,NULL,NULL,NULL,NULL,NULL,NULL,NULL,NULL,NULL,0,0.0000,0.0000,NULL,NULL,NULL,NULL,NULL,NULL,NULL),(48,'canceled','canceled',NULL,'06e4d3','United Parcel Service - 2nd Day Air',0,1,31,0.0000,0.0000,NULL,NULL,170.2700,30.2700,30.2700,NULL,NULL,0.0000,NULL,140.0000,140.0000,NULL,NULL,0.0000,0.0000,NULL,NULL,1.0000,1.0000,170.2700,NULL,NULL,NULL,NULL,NULL,NULL,NULL,0.0000,0.0000,NULL,NULL,170.2700,30.2700,30.2700,NULL,NULL,0.0000,NULL,1.0000,1.0000,140.0000,140.0000,NULL,NULL,0.0000,0.0000,NULL,NULL,170.2700,NULL,NULL,NULL,NULL,1.0000,NULL,NULL,NULL,0,1,91,1,1,1,NULL,NULL,NULL,226,92,NULL,NULL,NULL,NULL,0.0000,140.0000,170.2700,NULL,0.0000,140.0000,170.2700,1.0000,NULL,'100000057',NULL,'USD','joe@gmail.com','Joe','Butler',NULL,NULL,NULL,NULL,NULL,NULL,NULL,'USD',NULL,NULL,'USD',NULL,'50','100000057-1',NULL,NULL,'8.31.244.68','ups_2DA','USD','Main Website\nMain Website Store\nEnglish',NULL,NULL,'2013-03-28 20:18:41','2013-04-04 00:23:18',1,NULL,0.0000,0.0000,0.0000,0.0000,NULL,NULL,NULL,NULL,30.2700,30.2700,NULL,0,NULL,0.0000,0.0000,NULL,NULL,NULL,NULL,NULL,NULL,'a:0:{}',0.0000,0.0000,NULL,NULL,NULL,NULL,NULL,0,0,0.0000,0.0000,0.0000,0.0000,0.0000,0.0000,0.0000,0.0000,0.0000,0.0000,0.0000,0.0000,NULL,NULL,NULL,NULL,NULL,NULL,NULL,NULL,NULL,NULL,NULL,NULL,NULL,NULL,NULL,NULL,NULL,NULL,NULL,NULL,NULL,NULL,NULL,NULL,0,0.0000,0.0000,NULL,NULL,NULL,NULL,NULL,NULL,NULL),(49,'new','pending',NULL,'24fbe7','Flat Rate - Fixed',0,1,24,0.0000,NULL,NULL,NULL,505.0000,15.0000,NULL,NULL,NULL,0.0000,NULL,490.0000,NULL,NULL,NULL,0.0000,NULL,NULL,NULL,1.0000,1.0000,NULL,NULL,NULL,NULL,NULL,NULL,NULL,NULL,0.0000,NULL,NULL,NULL,505.0000,15.0000,NULL,NULL,NULL,0.0000,NULL,1.0000,1.0000,490.0000,NULL,NULL,NULL,0.0000,NULL,NULL,NULL,NULL,NULL,NULL,NULL,NULL,3.0000,NULL,NULL,NULL,0,1,93,2,NULL,1,NULL,NULL,NULL,227,94,NULL,NULL,NULL,NULL,0.0000,490.0000,NULL,NULL,0.0000,490.0000,NULL,3.0000,NULL,'100000058',NULL,'USD','jack@gmail.com','Jack','Fitz',NULL,NULL,NULL,NULL,NULL,NULL,NULL,'USD',NULL,NULL,'USD',NULL,NULL,NULL,NULL,NULL,'8.31.244.68','flatrate_flatrate','USD','Main Website\nMain Website Store\nEnglish',NULL,NULL,'2013-03-28 20:20:46','2013-03-28 20:20:46',2,NULL,0.0000,0.0000,0.0000,0.0000,NULL,NULL,NULL,NULL,15.0000,15.0000,NULL,0,NULL,0.0000,0.0000,NULL,NULL,NULL,NULL,NULL,NULL,'a:0:{}',0.0000,0.0000,NULL,NULL,NULL,NULL,NULL,0,0,0.0000,0.0000,0.0000,0.0000,0.0000,0.0000,0.0000,0.0000,0.0000,0.0000,0.0000,0.0000,NULL,NULL,NULL,NULL,NULL,NULL,NULL,NULL,NULL,NULL,NULL,NULL,NULL,NULL,NULL,NULL,NULL,NULL,NULL,NULL,NULL,NULL,NULL,NULL,0,0.0000,0.0000,NULL,NULL,NULL,NULL,NULL,NULL,NULL),(50,'processing','processing',NULL,'304a67','United Parcel Service - 2nd Day Air',0,1,31,0.0000,NULL,0.0000,NULL,170.4100,30.4100,NULL,30.4100,NULL,0.0000,NULL,140.0000,NULL,140.0000,NULL,0.0000,NULL,0.0000,NULL,1.0000,1.0000,NULL,170.4100,0.0000,NULL,NULL,170.4100,NULL,NULL,0.0000,NULL,0.0000,NULL,170.4100,30.4100,NULL,30.4100,NULL,0.0000,NULL,1.0000,1.0000,140.0000,NULL,140.0000,NULL,0.0000,NULL,0.0000,NULL,NULL,170.4100,NULL,NULL,170.4100,1.0000,NULL,NULL,NULL,0,0,95,1,1,NULL,NULL,NULL,NULL,240,96,NULL,NULL,NULL,NULL,0.0000,140.0000,0.0000,NULL,0.0000,140.0000,0.0000,1.0000,'1991-04-03 00:00:00','100000057-1',NULL,'USD','joe@example.com','Joe','Butler',NULL,NULL,NULL,NULL,NULL,NULL,NULL,'USD',NULL,NULL,'USD','100000057',NULL,NULL,'48','100000057',NULL,'ups_2DA','USD','Main Website\nMain Website Store\nEnglish',NULL,NULL,'2013-04-04 00:23:17','2013-04-04 00:23:45',1,2,0.0000,0.0000,0.0000,0.0000,0.0000,0.0000,NULL,NULL,30.4100,30.4100,NULL,0,NULL,0.0000,0.0000,NULL,NULL,NULL,NULL,NULL,NULL,'a:0:{}',0.0000,0.0000,NULL,NULL,NULL,NULL,NULL,0,0,0.0000,0.0000,0.0000,0.0000,0.0000,0.0000,0.0000,0.0000,0.0000,0.0000,0.0000,0.0000,NULL,NULL,NULL,NULL,NULL,NULL,NULL,NULL,NULL,NULL,NULL,NULL,NULL,NULL,NULL,NULL,NULL,NULL,NULL,NULL,NULL,NULL,NULL,NULL,0,0.0000,0.0000,NULL,NULL,NULL,NULL,NULL,NULL,NULL),(51,'complete','complete',NULL,'ee0a8d','United Parcel Service - 3 Day Select',0,1,30,0.0000,NULL,0.0000,NULL,681.8400,21.8400,NULL,21.8400,NULL,0.0000,NULL,660.0000,NULL,660.0000,NULL,0.0000,NULL,0.0000,NULL,1.0000,1.0000,NULL,681.8400,0.0000,NULL,NULL,681.8400,NULL,NULL,0.0000,NULL,0.0000,NULL,681.8400,21.8400,NULL,21.8400,NULL,0.0000,NULL,1.0000,1.0000,660.0000,NULL,660.0000,NULL,0.0000,NULL,0.0000,NULL,NULL,681.8400,NULL,NULL,681.8400,7.0000,NULL,NULL,NULL,0,0,97,1,1,1,NULL,NULL,NULL,242,98,NULL,NULL,NULL,NULL,0.0000,660.0000,0.0000,NULL,0.0000,660.0000,0.0000,7.0000,'1981-04-07 00:00:00','100000051-1',NULL,'USD','robert@example.com','Robert','Ngia',NULL,NULL,NULL,NULL,NULL,NULL,NULL,'USD',NULL,NULL,'USD','100000051',NULL,NULL,'42','100000051',NULL,'ups_3DS','USD','Main Website\nMain Website Store\nEnglish',NULL,NULL,'2013-04-04 00:25:53','2013-04-04 00:26:25',2,1,0.0000,0.0000,0.0000,0.0000,0.0000,0.0000,NULL,NULL,21.8400,21.8400,NULL,0,NULL,0.0000,0.0000,NULL,NULL,NULL,NULL,NULL,NULL,'a:0:{}',0.0000,0.0000,NULL,NULL,NULL,NULL,NULL,0,0,0.0000,0.0000,0.0000,0.0000,0.0000,0.0000,0.0000,0.0000,0.0000,0.0000,0.0000,0.0000,NULL,NULL,NULL,NULL,NULL,NULL,NULL,NULL,NULL,NULL,NULL,NULL,NULL,NULL,NULL,NULL,NULL,NULL,NULL,NULL,NULL,NULL,NULL,NULL,0,0.0000,0.0000,NULL,NULL,NULL,NULL,NULL,NULL,NULL),(52,'processing','processing',NULL,'b3e274','United Parcel Service - Next Day Air Early AM',0,1,29,0.0000,NULL,0.0000,NULL,1143.9800,104.7800,NULL,104.7800,NULL,0.0000,NULL,960.0000,NULL,960.0000,NULL,79.2000,NULL,79.2000,NULL,1.0000,1.0000,NULL,1143.9800,0.0000,NULL,NULL,1143.9800,NULL,NULL,0.0000,NULL,0.0000,NULL,1143.9800,104.7800,NULL,104.7800,NULL,0.0000,NULL,1.0000,1.0000,960.0000,NULL,960.0000,NULL,79.2000,NULL,79.2000,NULL,NULL,1143.9800,NULL,NULL,1143.9800,5.0000,NULL,NULL,NULL,0,0,99,4,1,1,NULL,NULL,NULL,244,100,NULL,NULL,NULL,NULL,0.0000,1039.2000,0.0000,NULL,0.0000,1039.2000,0.0000,5.0000,'1980-01-01 00:00:00','100000052-1',NULL,'USD','jill@example.com','Jill','Moorehouse',NULL,NULL,NULL,NULL,NULL,NULL,NULL,'USD',NULL,NULL,'USD','100000052',NULL,NULL,'43','100000052',NULL,'ups_1DM','USD','Main Website\nMain Website Store\nEnglish',NULL,NULL,'2013-04-04 00:34:48','2013-04-04 00:34:58',2,2,0.0000,0.0000,0.0000,0.0000,0.0000,0.0000,NULL,NULL,104.7800,104.7800,NULL,0,NULL,0.0000,0.0000,NULL,NULL,NULL,NULL,NULL,NULL,'a:0:{}',0.0000,0.0000,NULL,NULL,NULL,NULL,NULL,0,0,0.0000,0.0000,0.0000,0.0000,0.0000,0.0000,0.0000,0.0000,0.0000,0.0000,0.0000,0.0000,NULL,NULL,NULL,NULL,NULL,NULL,NULL,NULL,NULL,NULL,NULL,NULL,NULL,NULL,NULL,NULL,NULL,NULL,NULL,NULL,NULL,NULL,NULL,NULL,0,0.0000,0.0000,NULL,NULL,NULL,NULL,NULL,NULL,NULL),(53,'new','pending',NULL,'017e5e','United Parcel Service - Next Day Air',0,1,28,0.0000,NULL,NULL,NULL,631.8400,91.8400,NULL,NULL,NULL,0.0000,NULL,540.0000,NULL,NULL,NULL,0.0000,NULL,NULL,NULL,1.0000,1.0000,NULL,NULL,NULL,NULL,NULL,NULL,NULL,NULL,0.0000,NULL,NULL,NULL,631.8400,91.8400,NULL,NULL,NULL,0.0000,NULL,1.0000,1.0000,540.0000,NULL,NULL,NULL,0.0000,NULL,NULL,NULL,NULL,NULL,NULL,NULL,NULL,4.0000,NULL,NULL,NULL,0,0,101,4,NULL,1,NULL,NULL,NULL,247,102,NULL,NULL,NULL,NULL,0.0000,540.0000,NULL,NULL,0.0000,540.0000,NULL,4.0000,'1997-04-15 00:00:00','100000063',NULL,'USD','haven@example.com','Haven','Bangor',NULL,NULL,NULL,NULL,NULL,NULL,NULL,'USD',NULL,NULL,'USD',NULL,NULL,NULL,NULL,NULL,NULL,'ups_1DA','USD','Main Website\nMain Website Store\nEnglish',NULL,NULL,'2013-04-04 00:38:27','2013-04-04 00:38:27',2,1,0.0000,0.0000,0.0000,0.0000,NULL,NULL,NULL,NULL,91.8400,91.8400,NULL,0,NULL,0.0000,0.0000,NULL,NULL,NULL,NULL,NULL,NULL,'a:0:{}',0.0000,0.0000,NULL,NULL,NULL,NULL,NULL,0,0,0.0000,0.0000,0.0000,0.0000,0.0000,0.0000,0.0000,0.0000,0.0000,0.0000,0.0000,0.0000,NULL,NULL,NULL,NULL,NULL,NULL,NULL,NULL,NULL,NULL,NULL,NULL,NULL,NULL,NULL,NULL,NULL,NULL,NULL,NULL,NULL,NULL,NULL,NULL,0,0.0000,0.0000,NULL,NULL,NULL,NULL,NULL,NULL,NULL),(55,'new','pending',NULL,'6292e5','Flat Rate - Fixed',0,1,26,0.0000,NULL,NULL,NULL,5155.0000,75.0000,NULL,NULL,NULL,0.0000,NULL,5080.0000,NULL,NULL,NULL,0.0000,NULL,NULL,NULL,1.0000,1.0000,NULL,NULL,NULL,NULL,NULL,NULL,NULL,NULL,0.0000,NULL,NULL,NULL,5155.0000,75.0000,NULL,NULL,NULL,0.0000,NULL,1.0000,1.0000,5080.0000,NULL,NULL,NULL,0.0000,NULL,NULL,NULL,NULL,NULL,NULL,NULL,NULL,20.0000,NULL,NULL,NULL,0,0,105,3,NULL,1,NULL,NULL,NULL,251,106,NULL,NULL,NULL,NULL,0.0000,5080.0000,NULL,NULL,0.0000,5080.0000,NULL,15.0000,'1968-11-11 00:00:00','100000065',NULL,'USD','rack@example.com','Rack','Fox',NULL,NULL,NULL,NULL,NULL,NULL,NULL,'USD',NULL,NULL,'USD',NULL,NULL,NULL,NULL,NULL,NULL,'flatrate_flatrate','USD','Main Website\nMain Website Store\nEnglish',NULL,NULL,'2013-04-04 00:42:22','2013-04-04 00:42:23',4,1,0.0000,0.0000,0.0000,0.0000,NULL,NULL,NULL,NULL,75.0000,75.0000,NULL,0,NULL,0.0000,0.0000,NULL,NULL,NULL,NULL,NULL,NULL,'a:0:{}',0.0000,0.0000,NULL,NULL,NULL,NULL,NULL,0,0,0.0000,0.0000,0.0000,0.0000,0.0000,0.0000,0.0000,0.0000,0.0000,0.0000,0.0000,0.0000,NULL,NULL,NULL,NULL,NULL,NULL,NULL,NULL,NULL,NULL,NULL,NULL,NULL,NULL,NULL,NULL,NULL,NULL,NULL,NULL,NULL,NULL,NULL,NULL,0,0.0000,0.0000,NULL,NULL,NULL,NULL,NULL,NULL,NULL),(56,'processing','processing',NULL,'93d7e4','United Parcel Service - Next Day Air',0,1,25,0.0000,NULL,0.0000,NULL,14696.2300,282.3500,NULL,282.3500,NULL,0.0000,NULL,13300.0000,NULL,13300.0000,NULL,1113.8800,NULL,1113.8800,NULL,1.0000,1.0000,NULL,14696.2300,0.0000,NULL,NULL,14696.2300,NULL,NULL,0.0000,NULL,0.0000,NULL,14696.2300,282.3500,NULL,282.3500,NULL,0.0000,NULL,1.0000,1.0000,13300.0000,NULL,13300.0000,NULL,1113.8800,NULL,1113.8800,NULL,NULL,14696.2300,NULL,NULL,14696.2300,40.0000,NULL,NULL,NULL,0,0,107,2,NULL,1,NULL,NULL,NULL,254,108,NULL,NULL,NULL,NULL,0.0000,14413.8700,0.0000,NULL,0.0000,14413.8700,0.0000,40.0000,'1977-10-22 00:00:00','100000066',NULL,'USD','mark@example.com','Mark','Woodland',NULL,NULL,NULL,NULL,NULL,NULL,NULL,'USD',NULL,NULL,'USD',NULL,NULL,NULL,NULL,NULL,NULL,'ups_1DA','USD','Main Website\nMain Website Store\nEnglish',NULL,NULL,'2013-04-04 00:44:16','2013-04-04 00:44:37',2,1,0.0000,0.0000,0.0000,0.0000,0.0000,0.0000,NULL,NULL,282.3500,282.3500,NULL,0,NULL,0.0000,0.0000,NULL,NULL,NULL,NULL,NULL,NULL,'a:0:{}',0.0000,0.0000,NULL,NULL,NULL,NULL,NULL,0,0,0.0000,0.0000,0.0000,0.0000,0.0000,0.0000,0.0000,0.0000,0.0000,0.0000,0.0000,0.0000,NULL,NULL,NULL,NULL,NULL,NULL,NULL,NULL,NULL,NULL,NULL,NULL,NULL,NULL,NULL,NULL,NULL,NULL,NULL,NULL,NULL,NULL,NULL,NULL,0,0.0000,0.0000,NULL,NULL,NULL,NULL,NULL,NULL,NULL),(57,'complete','complete',NULL,'f1e26b','Flat Rate - Fixed',0,1,24,0.0000,NULL,0.0000,NULL,505.0000,15.0000,NULL,15.0000,NULL,0.0000,NULL,490.0000,NULL,490.0000,NULL,0.0000,NULL,0.0000,NULL,1.0000,1.0000,NULL,505.0000,0.0000,NULL,NULL,505.0000,NULL,NULL,0.0000,NULL,0.0000,NULL,505.0000,15.0000,NULL,15.0000,NULL,0.0000,NULL,1.0000,1.0000,490.0000,NULL,490.0000,NULL,0.0000,NULL,0.0000,NULL,NULL,505.0000,NULL,NULL,505.0000,3.0000,NULL,NULL,NULL,0,0,109,2,NULL,1,NULL,NULL,NULL,256,110,NULL,NULL,NULL,NULL,0.0000,490.0000,0.0000,NULL,0.0000,490.0000,0.0000,3.0000,'2001-01-03 00:00:00','100000067',NULL,'USD','jack@example.com','Jack','Fitz',NULL,NULL,NULL,NULL,NULL,NULL,NULL,'USD',NULL,NULL,'USD',NULL,NULL,NULL,NULL,NULL,NULL,'flatrate_flatrate','USD','Main Website\nMain Website Store\nEnglish',NULL,NULL,'2013-04-04 00:46:06','2013-04-04 00:50:13',2,1,0.0000,0.0000,0.0000,0.0000,0.0000,0.0000,NULL,NULL,15.0000,15.0000,NULL,0,NULL,0.0000,0.0000,NULL,NULL,NULL,NULL,NULL,NULL,'a:0:{}',0.0000,0.0000,NULL,NULL,NULL,NULL,NULL,0,0,0.0000,0.0000,0.0000,0.0000,0.0000,0.0000,0.0000,0.0000,0.0000,0.0000,0.0000,0.0000,NULL,NULL,NULL,NULL,NULL,NULL,NULL,NULL,NULL,NULL,NULL,NULL,NULL,NULL,NULL,NULL,NULL,NULL,NULL,NULL,NULL,NULL,NULL,NULL,0,0.0000,0.0000,NULL,NULL,NULL,NULL,NULL,NULL,NULL),(66,'new','pending','GEN25OFF','d81240','United Parcel Service - Next Day Air Early AM',0,1,59,-121.2500,NULL,NULL,NULL,466.3800,66.2500,NULL,NULL,NULL,0.0000,NULL,485.0000,NULL,NULL,NULL,36.3800,NULL,NULL,NULL,1.0000,1.0000,NULL,NULL,NULL,NULL,NULL,NULL,NULL,NULL,-121.2500,NULL,NULL,NULL,466.3800,66.2500,NULL,NULL,NULL,0.0000,NULL,1.0000,1.0000,485.0000,NULL,NULL,NULL,36.3800,NULL,NULL,NULL,NULL,NULL,NULL,NULL,NULL,2.0000,NULL,NULL,NULL,0,1,127,1,NULL,1,NULL,NULL,NULL,351,128,NULL,NULL,NULL,NULL,0.0000,521.3800,NULL,NULL,0.0000,521.3800,NULL,2.0000,'1997-07-14 00:00:00','100000081','28,29','USD','chris@example.com','Chris','Fox',NULL,NULL,NULL,NULL,'GEN25OFF',NULL,NULL,'USD',NULL,NULL,'USD',NULL,NULL,NULL,NULL,NULL,'8.31.244.68','ups_1DM','USD','Main Website\nMain Website Store\nEnglish',NULL,NULL,'2013-04-22 16:43:08','2013-04-22 16:43:09',2,1,0.0000,0.0000,0.0000,0.0000,NULL,NULL,NULL,NULL,66.2500,66.2500,'Provide 25% off on the product',0,NULL,0.0000,0.0000,NULL,NULL,NULL,NULL,NULL,NULL,'a:0:{}',0.0000,0.0000,NULL,NULL,NULL,NULL,NULL,0,0,0.0000,0.0000,0.0000,0.0000,0.0000,0.0000,0.0000,0.0000,0.0000,0.0000,0.0000,0.0000,NULL,NULL,NULL,NULL,NULL,NULL,NULL,NULL,NULL,NULL,NULL,NULL,NULL,NULL,NULL,NULL,NULL,NULL,NULL,NULL,NULL,NULL,NULL,NULL,0,0.0000,0.0000,NULL,NULL,NULL,NULL,NULL,NULL,NULL),(67,'processing','processing',NULL,'d5019f','United Parcel Service - 2nd Day Air',0,1,64,0.0000,NULL,0.0000,NULL,781.4700,35.3400,NULL,35.3400,NULL,0.0000,NULL,715.0000,NULL,715.0000,NULL,31.1300,NULL,31.1300,NULL,1.0000,1.0000,NULL,781.4700,0.0000,NULL,NULL,781.4700,NULL,NULL,0.0000,NULL,0.0000,NULL,781.4700,35.3400,NULL,35.3400,NULL,0.0000,NULL,1.0000,1.0000,715.0000,NULL,715.0000,NULL,31.1300,NULL,31.1300,NULL,NULL,781.4700,NULL,NULL,781.4700,3.0000,NULL,NULL,NULL,0,0,129,1,NULL,1,NULL,NULL,NULL,352,130,NULL,NULL,NULL,NULL,0.0000,746.1300,0.0000,NULL,0.0000,746.1300,0.0000,2.0000,'1975-03-23 00:00:00','100000082','29','USD','mickey@example.com','Mickey','Watz',NULL,NULL,NULL,NULL,NULL,NULL,NULL,'USD',NULL,NULL,'USD',NULL,NULL,NULL,NULL,NULL,'8.31.244.68','ups_2DA','USD','Main Website\nMain Website Store\nEnglish',NULL,NULL,'2013-04-22 17:13:27','2013-04-22 17:14:37',3,2,0.0000,0.0000,0.0000,0.0000,0.0000,0.0000,NULL,NULL,35.3400,35.3400,NULL,0,NULL,0.0000,0.0000,NULL,NULL,NULL,NULL,NULL,NULL,'a:0:{}',0.0000,0.0000,NULL,NULL,NULL,NULL,NULL,0,0,0.0000,0.0000,0.0000,0.0000,0.0000,0.0000,0.0000,0.0000,0.0000,0.0000,0.0000,0.0000,NULL,NULL,NULL,NULL,NULL,NULL,NULL,NULL,NULL,NULL,NULL,NULL,NULL,NULL,NULL,NULL,NULL,NULL,NULL,NULL,NULL,NULL,NULL,NULL,0,0.0000,0.0000,NULL,NULL,NULL,NULL,NULL,NULL,NULL),(68,'new','pending','VIP25OFF','531303','United Parcel Service - Ground',0,1,65,-25.0000,NULL,NULL,NULL,580.1000,15.2200,NULL,NULL,NULL,0.0000,NULL,550.0000,NULL,NULL,NULL,39.8800,NULL,NULL,NULL,1.0000,1.0000,NULL,NULL,NULL,NULL,NULL,NULL,NULL,NULL,-25.0000,NULL,NULL,NULL,580.1000,15.2200,NULL,NULL,NULL,0.0000,NULL,1.0000,1.0000,550.0000,NULL,NULL,NULL,39.8800,NULL,NULL,NULL,NULL,NULL,NULL,NULL,NULL,2.0000,NULL,NULL,NULL,0,1,131,4,NULL,1,NULL,NULL,NULL,354,132,NULL,NULL,NULL,NULL,0.0000,589.8800,NULL,NULL,0.0000,589.8800,NULL,2.0000,'1980-01-01 00:00:00','100000083','24','USD','tay@example.com','Tay','Ray',NULL,NULL,NULL,NULL,'VIP25OFF',NULL,NULL,'USD',NULL,NULL,'USD',NULL,NULL,NULL,NULL,NULL,'8.31.244.68','ups_GND','USD','Main Website\nMain Website Store\nEnglish',NULL,NULL,'2013-04-22 17:48:29','2013-04-22 17:48:29',2,1,0.0000,0.0000,0.0000,0.0000,NULL,NULL,NULL,NULL,15.2200,15.2200,'Provide $25 off on whole shopping cart.',0,NULL,0.0000,0.0000,NULL,NULL,NULL,NULL,NULL,NULL,'a:0:{}',0.0000,0.0000,NULL,NULL,NULL,NULL,NULL,0,0,0.0000,0.0000,0.0000,0.0000,0.0000,0.0000,0.0000,0.0000,0.0000,0.0000,0.0000,0.0000,NULL,NULL,NULL,NULL,NULL,NULL,NULL,NULL,NULL,NULL,NULL,NULL,NULL,NULL,NULL,NULL,NULL,NULL,NULL,NULL,NULL,NULL,NULL,NULL,0,0.0000,0.0000,NULL,NULL,NULL,NULL,NULL,NULL,NULL),(72,'processing','processing',NULL,'8c9543','United Parcel Service - Ground',0,1,26,0.0000,NULL,0.0000,NULL,5460.1500,24.5500,NULL,24.5500,NULL,0.0000,NULL,5080.0000,NULL,5080.0000,NULL,355.6000,NULL,355.6000,NULL,1.0000,1.0000,NULL,5460.1500,0.0000,NULL,NULL,5460.1500,NULL,NULL,0.0000,NULL,0.0000,NULL,5460.1500,24.5500,NULL,24.5500,NULL,0.0000,NULL,1.0000,1.0000,5080.0000,NULL,5080.0000,NULL,355.6000,NULL,355.6000,NULL,NULL,5460.1500,NULL,NULL,5460.1500,20.0000,NULL,NULL,NULL,0,0,139,3,NULL,1,NULL,NULL,NULL,361,140,NULL,NULL,NULL,NULL,0.0000,5435.6000,0.0000,NULL,0.0000,5435.6000,0.0000,15.0000,'1968-11-11 00:00:00','100000087',NULL,'USD','rack@example.com','Rack','Fox',NULL,NULL,NULL,NULL,NULL,NULL,NULL,'USD',NULL,NULL,'USD',NULL,NULL,NULL,NULL,NULL,NULL,'ups_GND','USD','Main Website\nMain Website Store\nEnglish',NULL,NULL,'2013-04-24 02:27:51','2013-04-24 02:31:00',4,1,0.0000,0.0000,0.0000,0.0000,0.0000,0.0000,NULL,NULL,24.5500,24.5500,NULL,0,NULL,0.0000,0.0000,NULL,NULL,NULL,NULL,NULL,NULL,'a:0:{}',0.0000,0.0000,NULL,NULL,NULL,NULL,NULL,0,0,0.0000,0.0000,0.0000,0.0000,0.0000,0.0000,0.0000,0.0000,0.0000,0.0000,0.0000,0.0000,NULL,NULL,NULL,NULL,NULL,NULL,NULL,NULL,NULL,NULL,NULL,NULL,NULL,NULL,NULL,NULL,NULL,NULL,NULL,NULL,NULL,NULL,NULL,NULL,0,0.0000,0.0000,NULL,NULL,NULL,NULL,NULL,NULL,NULL),(73,'processing','processing',NULL,'8049f5','United Parcel Service - Next Day Air',0,1,25,0.0000,NULL,NULL,NULL,13582.3500,282.3500,NULL,NULL,NULL,0.0000,NULL,13300.0000,NULL,NULL,NULL,0.0000,NULL,NULL,NULL,1.0000,1.0000,NULL,NULL,NULL,NULL,NULL,NULL,NULL,NULL,0.0000,NULL,NULL,NULL,13582.3500,282.3500,NULL,NULL,NULL,0.0000,NULL,1.0000,1.0000,13300.0000,NULL,NULL,NULL,0.0000,NULL,NULL,NULL,NULL,NULL,NULL,NULL,NULL,40.0000,NULL,NULL,NULL,0,0,141,2,NULL,1,NULL,NULL,NULL,362,142,NULL,NULL,NULL,NULL,0.0000,13300.0000,13582.3500,NULL,0.0000,13300.0000,13582.3500,40.0000,'1977-10-22 00:00:00','100000088',NULL,'USD','mark@example.com','Mark','Woodland',NULL,NULL,NULL,NULL,NULL,NULL,NULL,'USD',NULL,NULL,'USD',NULL,NULL,NULL,NULL,NULL,NULL,'ups_1DA','USD','Main Website\nMain Website Store\nEnglish',NULL,NULL,'2013-04-24 02:34:44','2013-04-24 02:36:09',2,1,0.0000,0.0000,0.0000,0.0000,NULL,NULL,NULL,NULL,282.3500,282.3500,NULL,0,NULL,0.0000,0.0000,NULL,NULL,NULL,NULL,NULL,NULL,'a:0:{}',0.0000,0.0000,NULL,NULL,NULL,NULL,NULL,0,0,0.0000,0.0000,0.0000,0.0000,0.0000,0.0000,0.0000,0.0000,0.0000,0.0000,0.0000,0.0000,NULL,NULL,NULL,NULL,NULL,NULL,NULL,NULL,NULL,NULL,NULL,NULL,NULL,NULL,NULL,NULL,NULL,NULL,NULL,NULL,NULL,NULL,NULL,NULL,0,0.0000,0.0000,NULL,NULL,NULL,NULL,NULL,NULL,NULL),(74,'new','pending',NULL,'d85318','United Parcel Service - Worldwide Expedited',0,1,73,-24.0000,NULL,NULL,NULL,309.4600,93.4600,NULL,NULL,NULL,0.0000,NULL,240.0000,NULL,NULL,NULL,0.0000,NULL,NULL,NULL,1.0000,1.0000,NULL,NULL,NULL,NULL,NULL,NULL,NULL,NULL,-24.0000,NULL,NULL,NULL,309.4600,93.4600,NULL,NULL,NULL,0.0000,NULL,1.0000,1.0000,240.0000,NULL,NULL,NULL,0.0000,NULL,NULL,NULL,NULL,NULL,NULL,NULL,NULL,2.0000,NULL,NULL,NULL,0,1,143,3,NULL,1,NULL,NULL,NULL,363,144,NULL,NULL,NULL,NULL,0.0000,240.0000,NULL,NULL,0.0000,240.0000,NULL,2.0000,'1984-04-23 00:00:00','100000089','12','USD','donald@example.com','Donald','Hertz',NULL,NULL,NULL,NULL,NULL,NULL,NULL,'USD',NULL,NULL,'USD',NULL,NULL,NULL,NULL,NULL,'24.186.110.187','ups_XPD','USD','Main Website\nMain Website Store\nEnglish',NULL,NULL,'2013-04-24 03:04:25','2013-04-24 03:04:25',1,1,0.0000,0.0000,0.0000,0.0000,NULL,NULL,NULL,NULL,93.4600,93.4600,NULL,0,NULL,0.0000,0.0000,NULL,NULL,NULL,NULL,NULL,NULL,'a:0:{}',0.0000,0.0000,NULL,NULL,NULL,NULL,NULL,0,0,0.0000,0.0000,0.0000,0.0000,0.0000,0.0000,0.0000,0.0000,0.0000,0.0000,0.0000,0.0000,NULL,NULL,NULL,NULL,NULL,NULL,NULL,NULL,NULL,NULL,NULL,NULL,NULL,NULL,NULL,NULL,NULL,NULL,NULL,NULL,NULL,NULL,NULL,NULL,0,0.0000,0.0000,NULL,NULL,NULL,NULL,NULL,NULL,2),(75,'new','pending','RTL45OFF','9f21ac','United Parcel Service - Worldwide Express Saver',0,1,73,-45.0000,NULL,NULL,NULL,1017.5100,162.5100,NULL,NULL,NULL,0.0000,NULL,900.0000,NULL,NULL,NULL,0.0000,NULL,NULL,NULL,1.0000,1.0000,NULL,NULL,NULL,NULL,NULL,NULL,NULL,NULL,-45.0000,NULL,NULL,NULL,1017.5100,162.5100,NULL,NULL,NULL,0.0000,NULL,1.0000,1.0000,900.0000,NULL,NULL,NULL,0.0000,NULL,NULL,NULL,NULL,NULL,NULL,NULL,NULL,6.0000,NULL,NULL,NULL,0,1,145,3,NULL,1,NULL,NULL,NULL,364,146,NULL,NULL,NULL,NULL,0.0000,900.0000,NULL,NULL,0.0000,900.0000,NULL,6.0000,'1984-04-23 00:00:00','100000090','13','USD','donald@example.com','Donald','Hertz',NULL,NULL,NULL,NULL,'RTL45OFF',NULL,NULL,'USD',NULL,NULL,'USD',NULL,NULL,NULL,NULL,NULL,'24.186.110.187','ups_WXS','USD','Main Website\nMain Website Store\nEnglish',NULL,NULL,'2013-04-24 03:16:31','2013-04-24 03:16:31',3,1,0.0000,0.0000,0.0000,0.0000,NULL,NULL,NULL,NULL,162.5100,162.5100,'$45 fixed amount discount on the whole cart.',0,NULL,0.0000,0.0000,NULL,NULL,NULL,NULL,NULL,NULL,'a:0:{}',0.0000,0.0000,NULL,NULL,NULL,NULL,NULL,0,0,0.0000,0.0000,0.0000,0.0000,0.0000,0.0000,0.0000,0.0000,0.0000,0.0000,0.0000,0.0000,NULL,NULL,NULL,NULL,NULL,NULL,NULL,NULL,NULL,NULL,NULL,NULL,NULL,NULL,NULL,NULL,NULL,NULL,NULL,NULL,NULL,NULL,NULL,NULL,0,0.0000,0.0000,NULL,NULL,NULL,NULL,NULL,NULL,NULL),(76,'new','pending',NULL,'482708','United Parcel Service - Ground',0,1,80,0.0000,NULL,NULL,NULL,449.4000,0.0000,NULL,NULL,NULL,0.0000,NULL,420.0000,NULL,NULL,NULL,29.4000,NULL,NULL,NULL,1.0000,1.0000,NULL,NULL,NULL,NULL,NULL,NULL,NULL,NULL,0.0000,NULL,NULL,NULL,449.4000,0.0000,NULL,NULL,NULL,0.0000,NULL,1.0000,1.0000,420.0000,NULL,NULL,NULL,29.4000,NULL,NULL,NULL,NULL,NULL,NULL,NULL,NULL,3.0000,NULL,NULL,NULL,0,1,147,3,NULL,1,NULL,NULL,NULL,366,148,NULL,NULL,NULL,NULL,0.0000,449.4000,NULL,NULL,0.0000,449.4000,NULL,3.0000,'1977-04-03 00:00:00','100000091','14','USD','albert@example.com','Albert','Einstein',NULL,NULL,NULL,NULL,NULL,NULL,NULL,'USD',NULL,NULL,'USD',NULL,NULL,NULL,NULL,NULL,'24.186.110.187','ups_GND','USD','Main Website\nMain Website Store\nEnglish',NULL,NULL,'2013-04-24 03:24:59','2013-04-24 03:24:59',1,1,0.0000,0.0000,0.0000,0.0000,NULL,NULL,NULL,NULL,0.0000,0.0000,NULL,0,NULL,0.0000,0.0000,NULL,NULL,NULL,NULL,NULL,NULL,'a:0:{}',0.0000,0.0000,NULL,NULL,NULL,NULL,NULL,0,0,0.0000,0.0000,0.0000,0.0000,0.0000,0.0000,0.0000,0.0000,0.0000,0.0000,0.0000,0.0000,NULL,NULL,NULL,NULL,NULL,NULL,NULL,NULL,NULL,NULL,NULL,NULL,NULL,NULL,NULL,NULL,NULL,NULL,NULL,NULL,NULL,NULL,NULL,NULL,0,0.0000,0.0000,NULL,NULL,NULL,NULL,NULL,NULL,NULL),(77,'new','pending','RTL25OFF','8fd0b3','United Parcel Service - Ground',0,1,80,-850.0000,NULL,NULL,NULL,2788.0000,0.0000,NULL,NULL,NULL,0.0000,NULL,3400.0000,NULL,NULL,NULL,238.0000,NULL,NULL,NULL,1.0000,1.0000,NULL,NULL,NULL,NULL,NULL,NULL,NULL,NULL,-850.0000,NULL,NULL,NULL,2788.0000,0.0000,NULL,NULL,NULL,0.0000,NULL,1.0000,1.0000,3400.0000,NULL,NULL,NULL,238.0000,NULL,NULL,NULL,NULL,NULL,NULL,NULL,NULL,10.0000,NULL,NULL,NULL,0,1,149,3,NULL,1,NULL,NULL,NULL,367,150,NULL,NULL,NULL,NULL,0.0000,3638.0000,NULL,NULL,0.0000,3638.0000,NULL,10.0000,'1977-04-03 00:00:00','100000092','14,15','USD','albert@example.com','Albert','Einstein',NULL,NULL,NULL,NULL,'RTL25OFF',NULL,NULL,'USD',NULL,NULL,'USD',NULL,NULL,NULL,NULL,NULL,'24.186.110.187','ups_GND','USD','Main Website\nMain Website Store\nEnglish',NULL,NULL,'2013-04-24 03:27:45','2013-04-24 03:27:46',1,1,0.0000,0.0000,0.0000,0.0000,NULL,NULL,NULL,NULL,0.0000,0.0000,'Provide 25% off on the product price discount ',0,NULL,0.0000,0.0000,NULL,NULL,NULL,NULL,NULL,NULL,'a:0:{}',0.0000,0.0000,NULL,NULL,NULL,NULL,NULL,0,0,0.0000,0.0000,0.0000,0.0000,0.0000,0.0000,0.0000,0.0000,0.0000,0.0000,0.0000,0.0000,NULL,NULL,NULL,NULL,NULL,NULL,NULL,NULL,NULL,NULL,NULL,NULL,NULL,NULL,NULL,NULL,NULL,NULL,NULL,NULL,NULL,NULL,NULL,NULL,0,0.0000,0.0000,NULL,NULL,NULL,NULL,NULL,NULL,NULL),(78,'processing','processing',NULL,'cad162','United Parcel Service - 2nd Day Air',0,1,74,-74.7500,NULL,74.7500,NULL,1403.2000,77.9500,NULL,77.9500,NULL,0.0000,NULL,1400.0000,NULL,1400.0000,NULL,0.0000,NULL,0.0000,NULL,1.0000,1.0000,NULL,1403.2000,0.0000,NULL,NULL,1403.2000,NULL,NULL,-74.7500,NULL,74.7500,NULL,1403.2000,77.9500,NULL,77.9500,NULL,0.0000,NULL,1.0000,1.0000,1400.0000,NULL,1400.0000,NULL,0.0000,NULL,0.0000,NULL,NULL,1403.2000,NULL,NULL,1403.2000,10.0000,NULL,NULL,NULL,0,0,151,2,NULL,1,NULL,NULL,NULL,368,152,NULL,NULL,NULL,NULL,0.0000,1400.0000,0.0000,NULL,0.0000,1400.0000,0.0000,10.0000,'1989-05-05 00:00:00','100000093','6,19','USD','linda@example.com','Linda','Wood',NULL,NULL,NULL,NULL,NULL,NULL,NULL,'USD',NULL,NULL,'USD',NULL,NULL,NULL,NULL,NULL,'24.186.110.187','ups_2DA','USD','Main Website\nMain Website Store\nEnglish',NULL,NULL,'2013-04-24 03:31:09','2013-04-24 21:57:28',1,2,0.0000,0.0000,0.0000,0.0000,0.0000,0.0000,NULL,NULL,77.9500,77.9500,NULL,0,NULL,0.0000,0.0000,NULL,NULL,NULL,NULL,NULL,NULL,'a:0:{}',0.0000,0.0000,NULL,NULL,NULL,NULL,NULL,0,0,0.0000,0.0000,0.0000,0.0000,0.0000,0.0000,0.0000,0.0000,0.0000,0.0000,0.0000,0.0000,NULL,NULL,NULL,NULL,NULL,NULL,NULL,NULL,NULL,NULL,NULL,NULL,NULL,NULL,NULL,NULL,NULL,NULL,NULL,NULL,NULL,NULL,NULL,NULL,0,0.0000,0.0000,NULL,NULL,NULL,NULL,NULL,NULL,NULL),(79,'new','pending','WHL20OFF','9e821a','United Parcel Service - Next Day Air',0,1,74,-2673.0000,NULL,NULL,NULL,11009.1300,317.1300,NULL,NULL,NULL,0.0000,NULL,13365.0000,NULL,NULL,NULL,0.0000,NULL,NULL,NULL,1.0000,1.0000,NULL,NULL,NULL,NULL,NULL,NULL,NULL,NULL,-2673.0000,NULL,NULL,NULL,11009.1300,317.1300,NULL,NULL,NULL,0.0000,NULL,1.0000,1.0000,13365.0000,NULL,NULL,NULL,0.0000,NULL,NULL,NULL,NULL,NULL,NULL,NULL,NULL,52.0000,NULL,NULL,NULL,0,1,153,2,NULL,1,NULL,NULL,NULL,369,154,NULL,NULL,NULL,NULL,0.0000,13365.0000,NULL,NULL,0.0000,13365.0000,NULL,45.0000,'1989-05-05 00:00:00','100000094','16','USD','linda@example.com','Linda','Wood',NULL,NULL,NULL,NULL,NULL,NULL,NULL,'USD',NULL,NULL,'USD',NULL,NULL,NULL,NULL,NULL,'24.186.110.187','ups_1DA','USD','Main Website\nMain Website Store\nEnglish',NULL,NULL,'2013-04-24 03:41:34','2013-04-24 03:41:34',6,2,0.0000,0.0000,0.0000,0.0000,NULL,NULL,NULL,NULL,317.1300,317.1300,'provide 20% off on the product discount and 4 reward points',0,NULL,0.0000,0.0000,NULL,NULL,NULL,NULL,NULL,NULL,'a:0:{}',0.0000,0.0000,NULL,NULL,NULL,NULL,NULL,0,0,0.0000,0.0000,0.0000,0.0000,0.0000,0.0000,0.0000,0.0000,0.0000,0.0000,0.0000,0.0000,NULL,NULL,NULL,NULL,NULL,NULL,NULL,NULL,NULL,NULL,NULL,NULL,NULL,NULL,NULL,NULL,NULL,NULL,NULL,NULL,NULL,NULL,NULL,NULL,0,0.0000,0.0000,NULL,NULL,NULL,NULL,NULL,NULL,4),(80,'new','pending',NULL,'2824f2','United Parcel Service - Ground',0,1,82,0.0000,NULL,NULL,NULL,3795.3100,22.0600,NULL,NULL,NULL,0.0000,NULL,3510.0000,NULL,NULL,NULL,263.2500,NULL,NULL,NULL,1.0000,1.0000,NULL,NULL,NULL,NULL,NULL,NULL,NULL,NULL,0.0000,NULL,NULL,NULL,3795.3100,22.0600,NULL,NULL,NULL,0.0000,NULL,1.0000,1.0000,3510.0000,NULL,NULL,NULL,263.2500,NULL,NULL,NULL,NULL,NULL,NULL,NULL,NULL,9.0000,NULL,NULL,NULL,0,1,155,1,NULL,1,NULL,NULL,NULL,374,156,NULL,NULL,NULL,NULL,0.0000,3773.2500,NULL,NULL,0.0000,3773.2500,NULL,9.0000,NULL,'100000095',NULL,'USD','gogi@example.com','Gogi','Cooper',NULL,NULL,NULL,NULL,NULL,NULL,NULL,'USD',NULL,NULL,'USD',NULL,NULL,NULL,NULL,NULL,'24.186.110.187','ups_GND','USD','Main Website\nMain Website Store\nEnglish',NULL,NULL,'2013-04-24 04:12:51','2013-04-24 04:12:51',2,NULL,0.0000,0.0000,0.0000,0.0000,NULL,NULL,NULL,NULL,22.0600,22.0600,NULL,0,NULL,0.0000,0.0000,NULL,NULL,NULL,NULL,NULL,NULL,'a:0:{}',0.0000,0.0000,NULL,NULL,NULL,NULL,NULL,0,0,0.0000,0.0000,0.0000,0.0000,0.0000,0.0000,0.0000,0.0000,0.0000,0.0000,0.0000,0.0000,NULL,NULL,NULL,NULL,NULL,NULL,NULL,NULL,NULL,NULL,NULL,NULL,NULL,NULL,NULL,NULL,NULL,NULL,NULL,NULL,NULL,NULL,NULL,NULL,0,0.0000,0.0000,NULL,NULL,NULL,NULL,NULL,NULL,NULL),(95,'holded','holded',NULL,'0d082c','United Parcel Service - Next Day Air Early AM',0,NULL,84,-10.0000,NULL,NULL,NULL,724.6200,103.3200,NULL,NULL,NULL,0.0000,NULL,590.0000,NULL,NULL,NULL,41.3000,NULL,NULL,NULL,1.0000,1.0000,NULL,NULL,NULL,NULL,NULL,NULL,NULL,NULL,-10.0000,NULL,NULL,NULL,724.6200,103.3200,NULL,NULL,NULL,0.0000,NULL,1.0000,1.0000,590.0000,NULL,NULL,NULL,41.3000,NULL,NULL,NULL,NULL,NULL,NULL,NULL,NULL,1.0000,NULL,NULL,NULL,0,1,185,5,NULL,1,NULL,NULL,NULL,390,186,NULL,NULL,NULL,NULL,0.0000,631.3000,724.6200,NULL,0.0000,631.3000,724.6200,1.0000,'1985-06-10 00:00:00','400000001','25','USD','pearl@example.com','Pearl','Glory',NULL,NULL,NULL,NULL,NULL,NULL,NULL,'USD','new','pending','USD',NULL,NULL,NULL,NULL,NULL,'24.186.110.187','ups_1DM','USD','Private Sales Website\nPrivate Sales Store\nPrivate Sales View',NULL,NULL,'2013-04-24 14:21:49','2013-04-24 21:54:36',1,2,0.0000,0.0000,0.0000,0.0000,NULL,NULL,NULL,NULL,103.3200,103.3200,NULL,0,NULL,0.0000,0.0000,NULL,NULL,NULL,NULL,NULL,NULL,'a:0:{}',0.0000,0.0000,NULL,NULL,NULL,NULL,NULL,NULL,NULL,0.0000,0.0000,0.0000,0.0000,0.0000,0.0000,0.0000,0.0000,0.0000,0.0000,0.0000,0.0000,NULL,NULL,NULL,NULL,NULL,NULL,NULL,NULL,NULL,NULL,NULL,NULL,NULL,NULL,NULL,NULL,NULL,NULL,NULL,NULL,NULL,NULL,NULL,NULL,0,0.0000,0.0000,NULL,NULL,NULL,NULL,NULL,NULL,NULL),(96,'processing','processing',NULL,'79a1e0','United Parcel Service - 3 Day Select',0,NULL,84,-50.0000,NULL,NULL,NULL,1566.1100,37.8600,NULL,NULL,NULL,0.0000,NULL,1475.0000,NULL,NULL,NULL,103.2500,NULL,NULL,NULL,1.0000,1.0000,NULL,NULL,NULL,NULL,NULL,NULL,NULL,NULL,-50.0000,NULL,NULL,NULL,1566.1100,37.8600,NULL,NULL,NULL,0.0000,NULL,1.0000,1.0000,1475.0000,NULL,NULL,NULL,103.2500,NULL,NULL,NULL,NULL,NULL,NULL,NULL,NULL,5.0000,NULL,NULL,NULL,0,0,187,5,NULL,1,NULL,NULL,NULL,391,188,NULL,NULL,NULL,NULL,0.0000,1578.2500,1566.1100,NULL,0.0000,1578.2500,1566.1100,5.0000,'1985-06-10 00:00:00','400000002','25','USD','pearl@example.com','Pearl','Glory',NULL,NULL,NULL,NULL,NULL,NULL,NULL,'USD',NULL,NULL,'USD',NULL,NULL,NULL,NULL,NULL,'24.186.110.187','ups_3DS','USD','Private Sales Website\nPrivate Sales Store\nPrivate Sales View',NULL,NULL,'2013-04-24 14:32:54','2013-04-24 14:33:27',1,2,0.0000,0.0000,0.0000,0.0000,NULL,NULL,NULL,NULL,37.8600,37.8600,NULL,0,NULL,0.0000,0.0000,NULL,NULL,NULL,NULL,NULL,NULL,'a:0:{}',0.0000,0.0000,NULL,NULL,NULL,NULL,NULL,NULL,NULL,0.0000,0.0000,0.0000,0.0000,0.0000,0.0000,0.0000,0.0000,0.0000,0.0000,0.0000,0.0000,NULL,NULL,NULL,NULL,NULL,NULL,NULL,NULL,NULL,NULL,NULL,NULL,NULL,NULL,NULL,NULL,NULL,NULL,NULL,NULL,NULL,NULL,NULL,NULL,0,0.0000,0.0000,NULL,NULL,NULL,NULL,NULL,NULL,NULL),(98,'processing','processing',NULL,'91505a','United Parcel Service - 2nd Day Air',0,1,92,0.0000,NULL,NULL,NULL,3499.1700,126.6700,NULL,NULL,NULL,0.0000,NULL,3152.0000,NULL,NULL,NULL,220.5000,NULL,NULL,NULL,1.0000,1.0000,NULL,NULL,NULL,NULL,NULL,NULL,NULL,NULL,0.0000,NULL,NULL,NULL,3499.1700,126.6700,NULL,NULL,NULL,0.0000,NULL,1.0000,1.0000,3152.0000,NULL,NULL,NULL,220.5000,NULL,NULL,NULL,NULL,NULL,NULL,NULL,NULL,21.0000,NULL,NULL,NULL,0,0,191,3,NULL,1,NULL,NULL,NULL,395,192,NULL,NULL,NULL,NULL,0.0000,3372.5000,3499.1700,NULL,0.0000,3372.5000,3499.1700,20.0000,'1986-06-02 00:00:00','100000111',NULL,'USD','kip@example.com','Kip','Chee',NULL,NULL,NULL,NULL,NULL,NULL,NULL,'USD',NULL,NULL,'USD',NULL,NULL,NULL,NULL,NULL,'24.186.110.187','ups_2DA','USD','Main Website\nMain Website Store\nEnglish',NULL,NULL,'2013-04-24 22:10:44','2013-04-24 22:11:17',3,1,0.0000,0.0000,0.0000,0.0000,NULL,NULL,NULL,NULL,126.6700,126.6700,NULL,0,NULL,0.0000,0.0000,NULL,NULL,NULL,NULL,NULL,NULL,'a:0:{}',0.0000,0.0000,NULL,NULL,NULL,NULL,NULL,0,0,0.0000,0.0000,0.0000,0.0000,0.0000,0.0000,0.0000,0.0000,0.0000,0.0000,0.0000,0.0000,NULL,NULL,NULL,NULL,NULL,NULL,NULL,NULL,NULL,NULL,NULL,NULL,NULL,NULL,NULL,NULL,NULL,NULL,NULL,NULL,NULL,NULL,NULL,NULL,0,0.0000,0.0000,NULL,NULL,NULL,NULL,NULL,NULL,NULL),(122,'complete','complete','WHL20OFF','a0f162','United Parcel Service - Ground',0,1,95,-3604.0000,NULL,3604.0000,NULL,14493.0000,77.0000,NULL,77.0000,NULL,0.0000,NULL,18020.0000,NULL,18020.0000,NULL,0.0000,NULL,0.0000,NULL,1.0000,1.0000,NULL,14493.0000,0.0000,NULL,NULL,14493.0000,NULL,NULL,-3604.0000,NULL,3604.0000,NULL,14493.0000,77.0000,NULL,77.0000,NULL,0.0000,NULL,1.0000,1.0000,18020.0000,NULL,18020.0000,NULL,0.0000,NULL,0.0000,NULL,NULL,14493.0000,NULL,NULL,14493.0000,52.0000,NULL,NULL,NULL,0,0,239,2,NULL,1,NULL,NULL,NULL,421,240,NULL,NULL,NULL,NULL,0.0000,18020.0000,0.0000,NULL,0.0000,18020.0000,0.0000,52.0000,'1990-09-13 00:00:00','100000135','16','USD','dong@example.com','Dong','Berg',NULL,NULL,NULL,NULL,'WHL20OFF',NULL,NULL,'USD',NULL,NULL,'USD',NULL,NULL,NULL,NULL,NULL,'8.31.244.68','ups_GND','USD','Main Website\nMain Website Store\nEnglish',NULL,NULL,'2013-04-25 17:41:25','2013-04-25 17:42:34',4,1,0.0000,0.0000,0.0000,0.0000,0.0000,0.0000,NULL,NULL,77.0000,77.0000,'provide 20% off on the product discount and 4 reward points',0,NULL,0.0000,0.0000,NULL,NULL,NULL,NULL,NULL,NULL,'a:0:{}',0.0000,0.0000,NULL,NULL,NULL,NULL,NULL,0,0,0.0000,0.0000,0.0000,0.0000,0.0000,0.0000,0.0000,0.0000,0.0000,0.0000,0.0000,0.0000,NULL,NULL,NULL,NULL,NULL,NULL,NULL,NULL,NULL,NULL,NULL,NULL,NULL,NULL,NULL,NULL,NULL,NULL,NULL,NULL,NULL,NULL,NULL,NULL,0,0.0000,0.0000,NULL,NULL,NULL,NULL,NULL,NULL,4),(179,'complete','complete',NULL,'5cefc2','United Parcel Service - Ground',0,1,136,-10.0000,NULL,-10.0000,NULL,453.2000,0.0000,NULL,0.0000,NULL,0.0000,NULL,450.0000,NULL,450.0000,NULL,13.2000,NULL,13.2000,NULL,1.0000,1.0000,NULL,453.2000,0.0000,NULL,NULL,453.2000,NULL,NULL,-10.0000,NULL,-10.0000,NULL,453.2000,0.0000,NULL,0.0000,NULL,0.0000,NULL,1.0000,1.0000,450.0000,NULL,450.0000,NULL,13.2000,NULL,13.2000,NULL,NULL,453.2000,NULL,NULL,453.2000,2.0000,NULL,NULL,NULL,0,0,351,1,NULL,1,NULL,NULL,NULL,597,352,NULL,NULL,NULL,NULL,0.0000,463.5000,0.0000,NULL,0.0000,463.5000,0.0000,1.0000,NULL,'100000199','11,29','USD','janedoe@magento.com','Jane','Doe',NULL,NULL,NULL,NULL,NULL,NULL,NULL,'USD',NULL,NULL,'USD',NULL,NULL,NULL,NULL,NULL,'74.68.114.135','ups_GND','USD','Main Website\nMadison Island\nEnglish',NULL,NULL,'2013-05-25 01:42:11','2013-06-18 18:14:07',2,NULL,0.0000,0.0000,0.0000,0.0000,0.0000,0.0000,NULL,NULL,0.0000,0.0000,NULL,0,NULL,0.0000,0.0000,NULL,NULL,NULL,NULL,NULL,NULL,'a:0:{}',0.0000,0.0000,NULL,NULL,NULL,NULL,NULL,0,0,0.0000,0.0000,0.0000,0.0000,0.0000,0.0000,0.0000,0.0000,0.0000,0.0000,0.0000,0.0000,NULL,NULL,NULL,NULL,NULL,NULL,NULL,NULL,NULL,NULL,NULL,NULL,NULL,NULL,NULL,NULL,NULL,NULL,NULL,NULL,NULL,NULL,NULL,NULL,0,0.0000,0.0000,NULL,NULL,NULL,NULL,NULL,NULL,NULL),(180,'new','pending',NULL,'4b2dd1','United Parcel Service - Ground',0,1,135,-10.0000,NULL,NULL,NULL,599.2500,0.0000,NULL,NULL,NULL,0.0000,NULL,835.0000,NULL,NULL,NULL,74.2500,NULL,NULL,NULL,1.0000,1.0000,NULL,NULL,NULL,NULL,NULL,NULL,NULL,NULL,-10.0000,NULL,NULL,NULL,599.2500,0.0000,NULL,NULL,NULL,0.0000,NULL,1.0000,1.0000,835.0000,NULL,NULL,NULL,74.2500,NULL,NULL,NULL,NULL,NULL,NULL,NULL,NULL,2.0000,NULL,NULL,NULL,0,1,353,1,NULL,1,NULL,NULL,NULL,577,354,NULL,NULL,NULL,NULL,0.0000,910.1500,NULL,NULL,0.0000,910.1500,NULL,2.0000,NULL,'100000200','11,29','USD','johndoe@magento.com','John','Doe',NULL,NULL,NULL,NULL,NULL,NULL,NULL,'USD',NULL,NULL,'USD',NULL,NULL,NULL,NULL,NULL,'74.68.114.135','ups_GND','USD','Main Website\nMadison Island\nEnglish',NULL,NULL,'2013-05-25 01:58:37','2013-05-25 01:58:38',2,1,0.0000,0.0000,0.0000,0.0000,NULL,NULL,NULL,NULL,0.0000,0.0000,NULL,0,NULL,0.0000,0.0000,NULL,NULL,NULL,NULL,NULL,NULL,'a:1:{i:0;a:5:{s:1:\"i\";s:2:\"58\";s:1:\"c\";s:12:\"20IRHQMGHAB6\";s:1:\"a\";d:300;s:2:\"ba\";d:300;s:10:\"authorized\";d:300;}}',300.0000,300.0000,NULL,NULL,NULL,NULL,NULL,0,0,0.0000,0.0000,0.0000,0.0000,0.0000,0.0000,0.0000,0.0000,0.0000,0.0000,0.0000,0.0000,NULL,NULL,NULL,NULL,NULL,NULL,NULL,NULL,NULL,NULL,NULL,NULL,NULL,NULL,NULL,NULL,NULL,NULL,NULL,NULL,NULL,NULL,NULL,NULL,0,0.0000,0.0000,NULL,NULL,NULL,NULL,NULL,NULL,NULL),(181,'new','pending',NULL,'13520d','United Parcel Service - Ground',0,1,136,0.0000,NULL,NULL,NULL,387.2700,12.3100,NULL,NULL,NULL,0.0000,NULL,344.0000,NULL,NULL,NULL,30.9600,NULL,NULL,NULL,1.0000,1.0000,NULL,NULL,NULL,NULL,NULL,NULL,NULL,NULL,0.0000,NULL,NULL,NULL,387.2700,12.3100,NULL,NULL,NULL,0.0000,NULL,1.0000,1.0000,344.0000,NULL,NULL,NULL,30.9600,NULL,NULL,NULL,NULL,NULL,NULL,NULL,NULL,3.0000,NULL,NULL,NULL,0,1,355,1,NULL,1,NULL,NULL,NULL,619,356,NULL,NULL,NULL,NULL,0.0000,374.9600,NULL,NULL,0.0000,374.9600,NULL,3.0000,NULL,'100000201',NULL,'USD','janedoe@magento.com','Jane','Doe',NULL,NULL,NULL,NULL,NULL,NULL,NULL,'USD',NULL,NULL,'USD',NULL,NULL,NULL,NULL,NULL,'198.228.200.167','ups_GND','USD','Main Website\nMadison Island\nEnglish',NULL,NULL,'2013-05-25 21:37:05','2013-05-25 21:37:06',2,NULL,0.0000,0.0000,0.0000,0.0000,NULL,NULL,NULL,NULL,12.3100,12.3100,NULL,0,NULL,0.0000,0.0000,NULL,NULL,NULL,NULL,NULL,NULL,'a:0:{}',0.0000,0.0000,NULL,NULL,NULL,NULL,NULL,0,0,0.0000,0.0000,0.0000,0.0000,0.0000,0.0000,0.0000,0.0000,0.0000,0.0000,0.0000,0.0000,NULL,NULL,NULL,NULL,NULL,NULL,NULL,NULL,NULL,NULL,NULL,NULL,NULL,NULL,NULL,NULL,NULL,NULL,NULL,NULL,NULL,NULL,NULL,NULL,0,0.0000,0.0000,NULL,NULL,NULL,NULL,NULL,NULL,NULL),(183,'new','pending',NULL,'6bfc42','United Parcel Service - Ground',0,1,136,0.0000,NULL,NULL,NULL,950.2000,0.0000,NULL,NULL,NULL,0.0000,NULL,780.0000,NULL,NULL,NULL,70.2000,NULL,NULL,NULL,1.0000,1.0000,NULL,NULL,NULL,NULL,NULL,NULL,NULL,NULL,0.0000,NULL,NULL,NULL,950.2000,0.0000,NULL,NULL,NULL,0.0000,NULL,1.0000,1.0000,780.0000,NULL,NULL,NULL,70.2000,NULL,NULL,NULL,NULL,NULL,NULL,NULL,NULL,4.0000,NULL,NULL,NULL,0,1,359,1,NULL,1,NULL,NULL,NULL,620,360,NULL,NULL,NULL,NULL,0.0000,850.2000,NULL,NULL,0.0000,850.2000,NULL,5.0000,NULL,'100000202','29','USD','janedoe@magento.com','Jane','Doe',NULL,NULL,NULL,NULL,NULL,NULL,NULL,'USD',NULL,NULL,'USD',NULL,NULL,NULL,NULL,NULL,'198.228.200.167','ups_GND','USD','Main Website\nMadison Island\nEnglish',NULL,NULL,'2013-05-25 21:43:25','2013-05-25 21:43:26',4,NULL,0.0000,0.0000,0.0000,0.0000,NULL,NULL,NULL,NULL,0.0000,0.0000,NULL,0,16,0.0000,0.0000,NULL,NULL,NULL,NULL,NULL,NULL,'a:0:{}',0.0000,0.0000,NULL,NULL,NULL,NULL,1,1,0,100.0000,100.0000,0.0000,0.0000,0.0000,0.0000,0.0000,0.0000,0.0000,0.0000,0.0000,0.0000,NULL,NULL,NULL,NULL,NULL,NULL,NULL,NULL,NULL,NULL,NULL,NULL,NULL,NULL,NULL,NULL,NULL,NULL,NULL,NULL,NULL,NULL,NULL,NULL,0,0.0000,0.0000,NULL,NULL,NULL,NULL,NULL,NULL,NULL),(184,'complete','complete',NULL,'16948d','United Parcel Service - Ground',0,1,100,0.0000,NULL,0.0000,0.0000,432.2600,15.0200,NULL,15.0200,15.0200,0.0000,0.0000,385.0000,NULL,385.0000,110.0000,32.2400,NULL,32.2400,9.2100,1.0000,1.0000,NULL,432.2600,0.0000,134.2300,NULL,432.2600,NULL,134.2300,0.0000,NULL,0.0000,0.0000,432.2600,15.0200,NULL,15.0200,15.0200,0.0000,0.0000,1.0000,1.0000,385.0000,NULL,385.0000,110.0000,32.2400,NULL,32.2400,9.2100,NULL,432.2600,134.2300,NULL,432.2600,2.0000,134.2300,NULL,NULL,0,0,361,4,NULL,1,NULL,NULL,NULL,622,362,0.0000,0.0000,0.0000,0.0000,0.0000,417.2400,0.0000,NULL,0.0000,417.2400,0.0000,1.2500,'1983-10-13 00:00:00','100000203','23','USD','janesmith@example.com','Jane','Smith',NULL,NULL,NULL,NULL,NULL,NULL,NULL,'USD',NULL,NULL,'USD',NULL,NULL,NULL,NULL,NULL,'142.136.216.131','ups_GND','USD','Main Website\nMadison Island\nEnglish',NULL,NULL,'2013-05-28 00:07:47','2013-05-29 13:55:48',2,2,0.0000,0.0000,0.0000,0.0000,0.0000,0.0000,0.0000,0.0000,15.0200,15.0200,NULL,0,NULL,0.0000,0.0000,NULL,NULL,NULL,NULL,134.2300,134.2300,'a:0:{}',0.0000,0.0000,NULL,NULL,NULL,NULL,NULL,0,0,0.0000,0.0000,0.0000,0.0000,0.0000,0.0000,0.0000,0.0000,0.0000,0.0000,0.0000,0.0000,NULL,NULL,NULL,NULL,NULL,NULL,NULL,NULL,NULL,NULL,NULL,NULL,NULL,NULL,NULL,NULL,NULL,NULL,NULL,NULL,NULL,NULL,NULL,NULL,0,0.0000,0.0000,NULL,NULL,NULL,NULL,NULL,NULL,NULL),(185,'processing','processing',NULL,'e87d96','United Parcel Service - Ground',0,1,100,0.0000,NULL,0.0000,NULL,333.2100,13.5000,NULL,13.5000,NULL,0.0000,NULL,295.0000,NULL,295.0000,NULL,24.7100,NULL,24.7100,NULL,1.0000,1.0000,NULL,333.2100,0.0000,NULL,NULL,333.2100,NULL,NULL,0.0000,NULL,0.0000,NULL,333.2100,13.5000,NULL,13.5000,NULL,0.0000,NULL,1.0000,1.0000,295.0000,NULL,295.0000,NULL,24.7100,NULL,24.7100,NULL,NULL,333.2100,NULL,NULL,333.2100,1.0000,NULL,NULL,NULL,0,0,363,4,NULL,1,NULL,NULL,NULL,623,364,NULL,NULL,NULL,NULL,0.0000,319.7100,0.0000,NULL,0.0000,319.7100,0.0000,1.0000,'1983-10-13 00:00:00','100000204',NULL,'USD','janesmith@example.com','Jane','Smith',NULL,NULL,NULL,NULL,NULL,NULL,NULL,'USD',NULL,NULL,'USD',NULL,NULL,NULL,NULL,NULL,'142.136.216.131','ups_GND','USD','Main Website\nMadison Island\nEnglish',NULL,NULL,'2013-05-28 00:08:58','2013-05-29 12:52:44',1,2,0.0000,0.0000,0.0000,0.0000,0.0000,0.0000,NULL,NULL,13.5000,13.5000,NULL,0,NULL,0.0000,0.0000,NULL,NULL,NULL,NULL,NULL,NULL,'a:0:{}',0.0000,0.0000,NULL,NULL,NULL,NULL,NULL,0,0,0.0000,0.0000,0.0000,0.0000,0.0000,0.0000,0.0000,0.0000,0.0000,0.0000,0.0000,0.0000,NULL,NULL,NULL,NULL,NULL,NULL,NULL,NULL,NULL,NULL,NULL,NULL,NULL,NULL,NULL,NULL,NULL,NULL,NULL,NULL,NULL,NULL,NULL,NULL,0,0.0000,0.0000,NULL,NULL,NULL,NULL,NULL,NULL,NULL),(186,'complete','complete',NULL,'53ebbe','United Parcel Service - 3 Day Select',0,1,100,0.0000,NULL,0.0000,NULL,447.1400,24.4800,NULL,24.4800,NULL,0.0000,NULL,390.0000,NULL,390.0000,NULL,32.6600,NULL,32.6600,NULL,1.0000,1.0000,NULL,447.1400,0.0000,NULL,NULL,447.1400,NULL,NULL,0.0000,NULL,0.0000,NULL,447.1400,24.4800,NULL,24.4800,NULL,0.0000,NULL,1.0000,1.0000,390.0000,NULL,390.0000,NULL,32.6600,NULL,32.6600,NULL,NULL,447.1400,NULL,NULL,447.1400,1.0000,NULL,NULL,NULL,0,0,365,4,NULL,1,NULL,NULL,NULL,624,366,NULL,NULL,NULL,NULL,0.0000,422.6600,0.0000,NULL,0.0000,422.6600,0.0000,1.0000,'1983-10-13 00:00:00','100000205',NULL,'USD','janesmith@example.com','Jane','Smith',NULL,NULL,NULL,NULL,NULL,NULL,NULL,'USD',NULL,NULL,'USD',NULL,NULL,NULL,NULL,NULL,'142.136.216.131','ups_3DS','USD','Main Website\nMadison Island\nEnglish',NULL,NULL,'2013-05-28 00:10:20','2013-06-18 18:12:29',1,2,0.0000,0.0000,0.0000,0.0000,0.0000,0.0000,NULL,NULL,24.4800,24.4800,NULL,0,NULL,0.0000,0.0000,NULL,NULL,NULL,NULL,NULL,NULL,'a:0:{}',0.0000,0.0000,NULL,NULL,NULL,NULL,NULL,0,0,0.0000,0.0000,0.0000,0.0000,0.0000,0.0000,0.0000,0.0000,0.0000,0.0000,0.0000,0.0000,NULL,NULL,NULL,NULL,NULL,NULL,NULL,NULL,NULL,NULL,NULL,NULL,NULL,NULL,NULL,NULL,NULL,NULL,NULL,NULL,NULL,NULL,NULL,NULL,0,0.0000,0.0000,NULL,NULL,NULL,NULL,NULL,NULL,NULL),(187,'complete','complete','Register10','ba604a','United Parcel Service - Ground',0,1,135,-15.0000,NULL,-15.0000,-4.8300,1247.6400,12.5200,NULL,12.5200,12.5200,0.0000,0.0000,1160.0000,NULL,1160.0000,560.0000,90.1200,NULL,90.1200,49.9700,1.0000,1.0000,NULL,1247.6400,0.0000,617.6600,NULL,1247.6400,NULL,617.6600,-15.0000,NULL,-15.0000,-4.8300,1247.6400,12.5200,NULL,12.5200,12.5200,0.0000,0.0000,1.0000,1.0000,1160.0000,NULL,1160.0000,560.0000,90.1200,NULL,90.1200,49.9700,NULL,1247.6400,617.6600,NULL,1247.6400,5.0000,617.6600,NULL,NULL,0,0,367,1,NULL,1,NULL,NULL,NULL,618,368,0.0000,0.0000,0.0000,0.0000,0.0000,1250.9000,0.0000,NULL,0.0000,1250.9000,0.0000,4.0000,NULL,'100000206','8,11','USD','johndoe@example.com','John','Doe',NULL,NULL,NULL,NULL,'Register10',NULL,NULL,'USD',NULL,NULL,'USD',NULL,NULL,NULL,NULL,NULL,'216.113.168.131','ups_GND','USD','Main Website\nMadison Island\nEnglish',NULL,NULL,'2013-05-29 01:28:25','2013-06-18 18:09:07',4,1,0.0000,0.0000,0.0000,0.0000,0.0000,0.0000,0.0000,0.0000,12.5200,12.5200,'Get $25 off order total on order over $200',0,NULL,0.0000,0.0000,NULL,NULL,NULL,NULL,617.6600,617.6600,'a:0:{}',0.0000,0.0000,NULL,NULL,NULL,NULL,NULL,0,0,0.0000,0.0000,0.0000,0.0000,0.0000,0.0000,0.0000,0.0000,0.0000,0.0000,0.0000,0.0000,NULL,NULL,NULL,NULL,NULL,NULL,NULL,NULL,NULL,NULL,NULL,NULL,NULL,NULL,NULL,NULL,NULL,NULL,NULL,NULL,NULL,NULL,NULL,NULL,0,0.0000,0.0000,NULL,NULL,NULL,NULL,NULL,NULL,NULL),(188,'processing','processing',NULL,'9f962f','United Parcel Service - Ground',0,1,135,0.0000,NULL,0.0000,NULL,741.2000,0.0000,NULL,0.0000,NULL,0.0000,NULL,680.0000,NULL,680.0000,NULL,61.2000,NULL,61.2000,NULL,1.0000,1.0000,NULL,741.2000,0.0000,NULL,NULL,741.2000,NULL,NULL,0.0000,NULL,0.0000,NULL,741.2000,0.0000,NULL,0.0000,NULL,0.0000,NULL,1.0000,1.0000,680.0000,NULL,680.0000,NULL,61.2000,NULL,61.2000,NULL,NULL,741.2000,NULL,NULL,741.2000,2.0000,NULL,NULL,NULL,0,0,369,1,NULL,1,NULL,NULL,NULL,637,370,NULL,NULL,NULL,NULL,0.0000,741.2000,0.0000,NULL,0.0000,741.2000,0.0000,2.0000,NULL,'100000208','29','USD','johndoe@example.com','John','Doe',NULL,NULL,NULL,NULL,NULL,NULL,NULL,'USD',NULL,NULL,'USD',NULL,NULL,NULL,NULL,NULL,'142.136.216.131','ups_GND','USD','Main Website\nMadison Island\nEnglish',NULL,NULL,'2013-05-29 13:29:44','2013-05-29 13:30:27',2,1,0.0000,0.0000,0.0000,0.0000,0.0000,0.0000,NULL,NULL,0.0000,0.0000,NULL,0,NULL,0.0000,0.0000,NULL,NULL,NULL,NULL,NULL,NULL,'a:0:{}',0.0000,0.0000,NULL,NULL,NULL,NULL,NULL,0,0,0.0000,0.0000,0.0000,0.0000,0.0000,0.0000,0.0000,0.0000,0.0000,0.0000,0.0000,0.0000,NULL,NULL,NULL,NULL,NULL,NULL,NULL,NULL,NULL,NULL,NULL,NULL,NULL,NULL,NULL,NULL,NULL,NULL,NULL,NULL,NULL,NULL,NULL,NULL,0,0.0000,0.0000,NULL,NULL,NULL,NULL,NULL,NULL,NULL),(189,'complete','complete',NULL,'ccea73',NULL,1,1,135,0.0000,NULL,0.0000,NULL,7.4500,0.0000,NULL,0.0000,NULL,0.0000,NULL,7.0000,NULL,7.0000,NULL,0.4500,NULL,0.4500,NULL,1.0000,1.0000,NULL,7.4500,0.0000,NULL,NULL,7.4500,NULL,NULL,0.0000,NULL,0.0000,NULL,7.4500,0.0000,NULL,0.0000,NULL,0.0000,NULL,1.0000,1.0000,7.0000,NULL,7.0000,NULL,0.4500,NULL,0.4500,NULL,NULL,7.4500,NULL,NULL,7.4500,2.0000,NULL,NULL,NULL,0,0,371,1,NULL,1,NULL,NULL,NULL,639,NULL,NULL,NULL,NULL,NULL,0.0000,7.4500,0.0000,NULL,0.0000,7.4500,0.0000,0.0000,NULL,'100000210',NULL,'USD','johndoe@example.com','John','Doe',NULL,NULL,NULL,NULL,NULL,NULL,NULL,'USD',NULL,NULL,'USD',NULL,NULL,NULL,NULL,NULL,'142.136.216.131',NULL,'USD','Main Website\nMadison Island\nEnglish',NULL,NULL,'2013-05-29 13:47:04','2013-05-29 13:47:56',2,1,0.0000,0.0000,0.0000,0.0000,0.0000,0.0000,NULL,NULL,0.0000,0.0000,NULL,0,NULL,0.0000,0.0000,NULL,NULL,NULL,NULL,NULL,NULL,'a:0:{}',0.0000,0.0000,NULL,NULL,NULL,NULL,NULL,NULL,NULL,NULL,NULL,NULL,NULL,NULL,NULL,NULL,NULL,NULL,NULL,NULL,NULL,NULL,NULL,NULL,NULL,NULL,NULL,NULL,NULL,NULL,NULL,NULL,NULL,NULL,NULL,NULL,NULL,NULL,NULL,NULL,NULL,NULL,NULL,NULL,NULL,0,0.0000,0.0000,NULL,NULL,NULL,NULL,NULL,NULL,NULL),(190,'new','pending',NULL,'36f726','United Parcel Service - Ground',0,1,135,-5.0000,NULL,NULL,NULL,595.4500,0.0000,NULL,NULL,NULL,0.0000,NULL,555.0000,NULL,NULL,NULL,45.4500,NULL,NULL,NULL,1.0000,1.0000,NULL,NULL,NULL,NULL,NULL,NULL,NULL,NULL,-5.0000,NULL,NULL,NULL,595.4500,0.0000,NULL,NULL,NULL,0.0000,NULL,1.0000,1.0000,555.0000,NULL,NULL,NULL,45.4500,NULL,NULL,NULL,NULL,NULL,NULL,NULL,NULL,7.0000,NULL,NULL,NULL,0,1,372,1,NULL,1,NULL,NULL,NULL,641,373,NULL,NULL,NULL,NULL,0.0000,600.4500,NULL,NULL,0.0000,600.4500,NULL,6.2500,NULL,'100000211','29,8','USD','johndoe@example.com','John','Doe',NULL,NULL,NULL,NULL,NULL,NULL,NULL,'USD',NULL,NULL,'USD',NULL,NULL,NULL,NULL,NULL,'216.113.168.131','ups_GND','USD','Main Website\nMadison Island\nEnglish',NULL,NULL,'2013-05-30 02:55:38','2013-05-30 02:55:39',5,1,0.0000,0.0000,0.0000,0.0000,NULL,NULL,NULL,NULL,0.0000,0.0000,NULL,0,NULL,0.0000,0.0000,NULL,NULL,NULL,NULL,NULL,NULL,'a:0:{}',0.0000,0.0000,NULL,NULL,NULL,NULL,NULL,0,0,0.0000,0.0000,0.0000,0.0000,0.0000,0.0000,0.0000,0.0000,0.0000,0.0000,0.0000,0.0000,NULL,NULL,NULL,NULL,NULL,NULL,NULL,NULL,NULL,NULL,NULL,NULL,NULL,NULL,NULL,NULL,NULL,NULL,NULL,NULL,NULL,NULL,NULL,NULL,0,0.0000,0.0000,NULL,NULL,NULL,NULL,NULL,NULL,NULL),(191,'canceled','canceled',NULL,'f18152','Free Shipping - Free',0,1,NULL,0.0000,0.0000,NULL,NULL,372.3800,0.0000,0.0000,NULL,NULL,0.0000,NULL,360.0000,360.0000,NULL,NULL,12.3800,12.3800,NULL,NULL,1.0000,1.0000,372.3800,NULL,NULL,NULL,NULL,NULL,NULL,NULL,0.0000,0.0000,NULL,NULL,372.3800,0.0000,0.0000,NULL,NULL,0.0000,NULL,1.0000,1.0000,360.0000,360.0000,NULL,NULL,12.3800,12.3800,NULL,NULL,372.3800,NULL,NULL,NULL,NULL,2.0000,NULL,NULL,NULL,1,1,374,0,NULL,NULL,NULL,NULL,NULL,675,375,NULL,NULL,NULL,NULL,0.0000,372.3800,372.3800,NULL,0.0000,372.3800,372.3800,2.0000,NULL,'145000002',NULL,'USD','jsmith@example.com','Jay','Smith',NULL,NULL,NULL,NULL,NULL,NULL,NULL,'USD',NULL,NULL,'USD',NULL,NULL,NULL,NULL,NULL,'216.113.168.130','freeshipping_freeshipping','USD','Main Website\nMadison Island\nEnglish',NULL,NULL,'2014-04-30 05:40:36','2014-04-30 05:40:53',2,NULL,0.0000,0.0000,0.0000,0.0000,NULL,NULL,NULL,NULL,0.0000,0.0000,NULL,0,NULL,NULL,NULL,NULL,NULL,NULL,NULL,NULL,NULL,NULL,NULL,NULL,NULL,NULL,NULL,NULL,NULL,NULL,NULL,NULL,NULL,NULL,NULL,NULL,NULL,NULL,NULL,NULL,NULL,NULL,NULL,NULL,NULL,NULL,NULL,NULL,NULL,NULL,NULL,NULL,NULL,NULL,NULL,NULL,NULL,NULL,NULL,NULL,NULL,NULL,NULL,NULL,NULL,NULL,NULL,NULL,NULL,NULL,NULL,NULL,NULL,NULL,NULL,NULL,NULL),(192,'new','pending',NULL,'24d802','Free Shipping - Free',0,1,NULL,0.0000,NULL,NULL,NULL,372.3800,0.0000,NULL,NULL,NULL,0.0000,NULL,360.0000,NULL,NULL,NULL,12.3800,NULL,NULL,NULL,1.0000,1.0000,NULL,NULL,NULL,NULL,NULL,NULL,NULL,NULL,0.0000,NULL,NULL,NULL,372.3800,0.0000,NULL,NULL,NULL,0.0000,NULL,1.0000,1.0000,360.0000,NULL,NULL,NULL,12.3800,NULL,NULL,NULL,NULL,NULL,NULL,NULL,NULL,2.0000,NULL,NULL,NULL,1,1,376,0,NULL,1,NULL,NULL,NULL,675,377,NULL,NULL,NULL,NULL,0.0000,372.3800,NULL,NULL,0.0000,372.3800,NULL,2.0000,NULL,'145000003',NULL,'USD','jj@example.com','Jay','Smith',NULL,NULL,NULL,NULL,NULL,NULL,NULL,'USD',NULL,NULL,'USD',NULL,NULL,NULL,NULL,NULL,'216.113.168.130','freeshipping_freeshipping','USD','Main Website\nMadison Island\nEnglish',NULL,NULL,'2014-04-30 05:42:28','2014-04-30 05:42:28',2,NULL,0.0000,0.0000,0.0000,0.0000,NULL,NULL,NULL,NULL,0.0000,0.0000,NULL,0,NULL,NULL,NULL,NULL,NULL,NULL,NULL,NULL,NULL,NULL,NULL,NULL,NULL,NULL,NULL,NULL,NULL,NULL,NULL,NULL,NULL,NULL,NULL,NULL,NULL,NULL,NULL,NULL,NULL,NULL,NULL,NULL,NULL,NULL,NULL,NULL,NULL,NULL,NULL,NULL,NULL,NULL,NULL,NULL,NULL,NULL,NULL,NULL,NULL,NULL,NULL,NULL,NULL,NULL,NULL,NULL,NULL,NULL,NULL,NULL,NULL,NULL,NULL,NULL,NULL),(193,'canceled','canceled',NULL,'9cba81','Free Shipping - Free',0,1,136,0.0000,0.0000,NULL,NULL,975.5500,0.0000,0.0000,NULL,NULL,0.0000,NULL,895.0000,895.0000,NULL,NULL,80.5500,80.5500,NULL,NULL,1.0000,1.0000,975.5500,NULL,NULL,NULL,NULL,NULL,NULL,NULL,0.0000,0.0000,NULL,NULL,975.5500,0.0000,0.0000,NULL,NULL,0.0000,NULL,1.0000,1.0000,895.0000,895.0000,NULL,NULL,80.5500,80.5500,NULL,NULL,975.5500,NULL,NULL,NULL,NULL,3.0000,NULL,NULL,NULL,0,1,378,1,1,1,NULL,NULL,NULL,678,379,NULL,NULL,NULL,NULL,0.0000,975.5500,975.5500,NULL,0.0000,975.5500,975.5500,3.0000,NULL,'145000004','29,38','USD','janedoe@example.com','Jane','Doe',NULL,NULL,NULL,NULL,NULL,NULL,NULL,'USD',NULL,NULL,'USD',NULL,'194','145000004-1',NULL,NULL,NULL,'freeshipping_freeshipping','USD','Main Website\nMadison Island\nEnglish',NULL,'This order was taken by phone and entered from the admin','2014-05-03 21:19:24','2014-05-03 21:36:48',3,NULL,0.0000,0.0000,0.0000,0.0000,NULL,NULL,NULL,NULL,0.0000,0.0000,NULL,0,NULL,NULL,NULL,NULL,NULL,NULL,NULL,NULL,NULL,NULL,NULL,NULL,NULL,NULL,NULL,NULL,NULL,NULL,NULL,NULL,NULL,NULL,NULL,NULL,NULL,NULL,NULL,NULL,NULL,NULL,NULL,NULL,NULL,NULL,NULL,NULL,NULL,NULL,NULL,NULL,NULL,NULL,NULL,NULL,NULL,NULL,NULL,NULL,NULL,NULL,NULL,NULL,NULL,NULL,NULL,NULL,NULL,NULL,NULL,NULL,NULL,NULL,NULL,NULL,NULL),(194,'canceled','canceled',NULL,'0a94c8','Free Shipping - Free',0,1,136,0.0000,0.0000,NULL,NULL,975.5500,0.0000,0.0000,NULL,NULL,0.0000,NULL,895.0000,895.0000,NULL,NULL,80.5500,80.5500,NULL,NULL,1.0000,1.0000,975.5500,NULL,NULL,NULL,NULL,NULL,NULL,NULL,0.0000,0.0000,NULL,NULL,975.5500,0.0000,0.0000,NULL,NULL,0.0000,NULL,1.0000,1.0000,895.0000,895.0000,NULL,NULL,80.5500,80.5500,NULL,NULL,975.5500,NULL,NULL,NULL,NULL,3.0000,NULL,NULL,NULL,0,0,380,1,1,1,NULL,NULL,NULL,679,381,NULL,NULL,NULL,NULL,0.0000,975.5500,975.5500,NULL,0.0000,975.5500,975.5500,3.0000,NULL,'145000004-1','29,38','USD','janedoe@example.com','Jane','Doe',NULL,NULL,NULL,NULL,NULL,NULL,NULL,'USD',NULL,NULL,'USD','145000004',NULL,NULL,'193','145000004',NULL,'freeshipping_freeshipping','USD','Main Website\nMadison Island\nEnglish',NULL,NULL,'2014-05-03 21:36:47','2014-05-03 21:42:40',3,NULL,0.0000,0.0000,0.0000,0.0000,NULL,NULL,NULL,NULL,0.0000,0.0000,NULL,0,NULL,NULL,NULL,NULL,NULL,NULL,NULL,NULL,NULL,NULL,NULL,NULL,NULL,NULL,NULL,NULL,NULL,NULL,NULL,NULL,NULL,NULL,NULL,NULL,NULL,NULL,NULL,NULL,NULL,NULL,NULL,NULL,NULL,NULL,NULL,NULL,NULL,NULL,NULL,NULL,NULL,NULL,NULL,NULL,NULL,NULL,NULL,NULL,NULL,NULL,NULL,NULL,NULL,NULL,NULL,NULL,NULL,NULL,NULL,NULL,NULL,NULL,NULL,NULL,NULL);

--
