--
-- Host: localhost    Database: store
-- ------------------------------------------------------


--
-- Table structure for table `admin_assert`
--

CREATE TABLE `admin_assert` (
  `assert_id` int(10) unsigned NOT NULL AUTO_INCREMENT COMMENT 'Assert ID',
  `assert_type` varchar(20) DEFAULT NULL COMMENT 'Assert Type',
  `assert_data` text COMMENT 'Assert Data',
  PRIMARY KEY (`assert_id`)
) ENGINE=InnoDB DEFAULT CHARSET=utf8 COMMENT='Admin Assert Table';

--
-- Dumping data for table `admin_assert`
--


--
-- Table structure for table `admin_role`
--

CREATE TABLE `admin_role` (
  `role_id` int(10) unsigned NOT NULL AUTO_INCREMENT COMMENT 'Role ID',
  `parent_id` int(10) unsigned NOT NULL DEFAULT '0' COMMENT 'Parent Role ID',
  `tree_level` smallint(5) unsigned NOT NULL DEFAULT '0' COMMENT 'Role Tree Level',
  `sort_order` smallint(5) unsigned NOT NULL DEFAULT '0' COMMENT 'Role Sort Order',
  `role_type` varchar(1) NOT NULL DEFAULT '0' COMMENT 'Role Type',
  `user_id` int(10) unsigned NOT NULL DEFAULT '0' COMMENT 'User ID',
  `role_name` varchar(50) DEFAULT NULL COMMENT 'Role Name',
  `gws_is_all` int(11) NOT NULL DEFAULT '1' COMMENT 'Yes/No Flag',
  `gws_websites` varchar(255) DEFAULT NULL COMMENT 'Comma-separated Website Ids',
  `gws_store_groups` varchar(255) DEFAULT NULL COMMENT 'Comma-separated Store Groups Ids',
  PRIMARY KEY (`role_id`),
  KEY `IDX_ADMIN_ROLE_PARENT_ID_SORT_ORDER` (`parent_id`,`sort_order`),
  KEY `IDX_ADMIN_ROLE_TREE_LEVEL` (`tree_level`)
) ENGINE=InnoDB AUTO_INCREMENT=29 DEFAULT CHARSET=utf8 COMMENT='Admin Role Table';

--
-- Dumping data for table `admin_role`
--

INSERT INTO `admin_role` VALUES (1,0,1,1,'G',0,'Administrators',1,NULL,NULL),(25,1,2,0,'U',3,'test',1,NULL,NULL),(26,1,2,0,'U',4,'test',1,NULL,NULL),(27,1,2,0,'U',5,'test',1,NULL,NULL),(28,1,2,0,'U',6,'Javier',1,NULL,NULL);

--
-- Table structure for table `admin_rule`
--

CREATE TABLE `admin_rule` (
  `rule_id` int(10) unsigned NOT NULL AUTO_INCREMENT COMMENT 'Rule ID',
  `role_id` int(10) unsigned NOT NULL DEFAULT '0' COMMENT 'Role ID',
  `resource_id` varchar(255) DEFAULT NULL COMMENT 'Resource ID',
  `privileges` varchar(20) DEFAULT NULL COMMENT 'Privileges',
  `assert_id` int(10) unsigned NOT NULL DEFAULT '0' COMMENT 'Assert ID',
  `role_type` varchar(1) DEFAULT NULL COMMENT 'Role Type',
  `permission` varchar(10) DEFAULT NULL COMMENT 'Permission',
  PRIMARY KEY (`rule_id`),
  KEY `IDX_ADMIN_RULE_RESOURCE_ID_ROLE_ID` (`resource_id`,`role_id`),
  KEY `IDX_ADMIN_RULE_ROLE_ID_RESOURCE_ID` (`role_id`,`resource_id`),
  CONSTRAINT `FK_ADMIN_RULE_ROLE_ID_ADMIN_ROLE_ROLE_ID` FOREIGN KEY (`role_id`) REFERENCES `admin_role` (`role_id`) ON DELETE CASCADE ON UPDATE CASCADE
) ENGINE=InnoDB AUTO_INCREMENT=2 DEFAULT CHARSET=utf8 COMMENT='Admin Rule Table';

--
-- Dumping data for table `admin_rule`
--

INSERT INTO `admin_rule` VALUES (1,1,'all',NULL,0,'G','allow');

--
-- Table structure for table `admin_user`
--

CREATE TABLE `admin_user` (
  `user_id` int(10) unsigned NOT NULL AUTO_INCREMENT COMMENT 'User ID',
  `firstname` varchar(32) DEFAULT NULL COMMENT 'User First Name',
  `lastname` varchar(32) DEFAULT NULL COMMENT 'User Last Name',
  `email` varchar(128) DEFAULT NULL COMMENT 'User Email',
  `username` varchar(40) DEFAULT NULL COMMENT 'User Login',
  `password` varchar(100) DEFAULT NULL COMMENT 'User Password',
  `created` timestamp NOT NULL DEFAULT CURRENT_TIMESTAMP ON UPDATE CURRENT_TIMESTAMP COMMENT 'User Created Time',
  `modified` timestamp NULL DEFAULT NULL COMMENT 'User Modified Time',
  `logdate` timestamp NULL DEFAULT NULL COMMENT 'User Last Login Time',
  `lognum` smallint(5) unsigned NOT NULL DEFAULT '0' COMMENT 'User Login Number',
  `reload_acl_flag` smallint(6) NOT NULL DEFAULT '0' COMMENT 'Reload ACL',
  `is_active` smallint(6) NOT NULL DEFAULT '1' COMMENT 'User Is Active',
  `extra` text COMMENT 'User Extra Data',
  `rp_token` text COMMENT 'Reset Password Link Token',
  `rp_token_created_at` timestamp NULL DEFAULT NULL COMMENT 'Reset Password Link Token Creation Date',
  `failures_num` smallint(6) DEFAULT '0' COMMENT 'Failure Number',
  `first_failure` timestamp NULL DEFAULT NULL COMMENT 'First Failure',
  `lock_expires` timestamp NULL DEFAULT NULL COMMENT 'Expiration Lock Dates',
  PRIMARY KEY (`user_id`),
  UNIQUE KEY `UNQ_ADMIN_USER_USERNAME` (`username`)
) ENGINE=InnoDB AUTO_INCREMENT=7 DEFAULT CHARSET=utf8 COMMENT='Admin User Table';

--
-- Dumping data for table `admin_user`
--

INSERT INTO `admin_user` VALUES (6,'Javier','Figueroa','javi@backroompr.com','figue','0327ad2e9c818e8e1e240beb7a4d7ade:gfaQp9mgUc4cfHzUcYKT8rQ5faYg6F48','2014-10-17 16:30:26','2014-10-17 20:18:00','2014-10-17 20:19:20',1,0,1,'a:1:{s:11:\"configState\";a:27:{s:15:\"general_country\";s:1:\"0\";s:14:\"general_region\";s:1:\"0\";s:14:\"general_locale\";s:1:\"0\";s:25:\"general_store_information\";s:1:\"1\";s:14:\"design_package\";s:1:\"0\";s:12:\"design_theme\";s:1:\"0\";s:11:\"design_head\";s:1:\"1\";s:13:\"design_header\";s:1:\"1\";s:13:\"design_footer\";s:1:\"1\";s:16:\"design_watermark\";s:1:\"0\";s:17:\"design_pagination\";s:1:\"0\";s:12:\"design_email\";s:1:\"0\";s:25:\"trans_email_ident_general\";s:1:\"1\";s:23:\"trans_email_ident_sales\";s:1:\"1\";s:25:\"trans_email_ident_support\";s:1:\"1\";s:25:\"trans_email_ident_custom1\";s:1:\"1\";s:25:\"trans_email_ident_custom2\";s:1:\"0\";s:17:\"contacts_contacts\";s:1:\"0\";s:14:\"contacts_email\";s:1:\"1\";s:22:\"customer_account_share\";s:1:\"0\";s:25:\"customer_online_customers\";s:1:\"0\";s:23:\"customer_create_account\";s:1:\"1\";s:17:\"customer_password\";s:1:\"0\";s:16:\"customer_address\";s:1:\"0\";s:16:\"customer_startup\";s:1:\"0\";s:26:\"customer_address_templates\";s:1:\"0\";s:16:\"customer_captcha\";s:1:\"0\";}}',NULL,NULL,0,NULL,NULL);

--
-- Table structure for table `adminnotification_inbox`
--

CREATE TABLE `adminnotification_inbox` (
  `notification_id` int(10) unsigned NOT NULL AUTO_INCREMENT COMMENT 'Notification id',
  `severity` smallint(5) unsigned NOT NULL DEFAULT '0' COMMENT 'Problem type',
  `date_added` timestamp NOT NULL DEFAULT CURRENT_TIMESTAMP ON UPDATE CURRENT_TIMESTAMP COMMENT 'Create date',
  `title` varchar(255) NOT NULL COMMENT 'Title',
  `description` text COMMENT 'Description',
  `url` varchar(255) DEFAULT NULL COMMENT 'Url',
  `is_read` smallint(5) unsigned NOT NULL DEFAULT '0' COMMENT 'Flag if notification read',
  `is_remove` smallint(5) unsigned NOT NULL DEFAULT '0' COMMENT 'Flag if notification might be removed',
  PRIMARY KEY (`notification_id`),
  KEY `IDX_ADMINNOTIFICATION_INBOX_SEVERITY` (`severity`),
  KEY `IDX_ADMINNOTIFICATION_INBOX_IS_READ` (`is_read`),
  KEY `IDX_ADMINNOTIFICATION_INBOX_IS_REMOVE` (`is_remove`)
) ENGINE=InnoDB AUTO_INCREMENT=406 DEFAULT CHARSET=utf8 COMMENT='Adminnotification Inbox';

--
-- Dumping data for table `adminnotification_inbox`
--

INSERT INTO `adminnotification_inbox` VALUES (242,4,'2008-07-25 02:24:40','Magento 1.1 Production Version Now Available','We are thrilled to announce the availability of the production release of Magento 1.1. Read more about the release in the Magento Blog.','http://www.magentocommerce.com/blog/comments/magento-11-is-here-1/',0,0),(243,4,'2008-08-02 02:30:16','Updated iPhone Theme is now available','Updated iPhone theme for Magento 1.1 is now available on Magento Connect and for upgrade through your Magento Connect Manager.','http://www.magentocommerce.com/blog/comments/updated-iphone-theme-for-magento-11-is-now-available/',0,0),(244,3,'2008-08-02 02:40:27','Magento version 1.1.2 is now available','Magento version 1.1.2 is now available for download and upgrade.','http://www.magentocommerce.com/blog/comments/magento-version-112-is-now-available/',0,0),(245,3,'2008-08-13 18:51:46','Magento version 1.1.3 is now available','Magento version 1.1.3 is now available','http://www.magentocommerce.com/blog/comments/magento-version-113-is-now-available/',0,0),(246,1,'2008-09-02 22:10:31','Magento Version 1.1.4 Security Update Now Available','Magento 1.1.4 Security Update Now Available. If you are using Magento version 1.1.x, we highly recommend upgrading to this version as soon as possible.','http://www.magentocommerce.com/blog/comments/magento-version-114-security-update/',0,0),(247,3,'2008-09-15 23:09:54','Magento version 1.1.5 Now Available','Magento version 1.1.5 Now Available.\n\nThis release includes many bug fixes, a new category manager and a new skin for the default Magento theme.','http://www.magentocommerce.com/blog/comments/magento-version-115-now-available/',0,0),(248,3,'2008-09-17 21:18:35','Magento version 1.1.6 Now Available','Magento version 1.1.6 Now Available.\n\nThis version includes bug fixes for Magento 1.1.x that are listed in the release notes section.','http://www.magentocommerce.com/blog/comments/magento-version-116-now-available/',0,0),(249,4,'2008-11-08 02:46:42','Reminder: Change Magento`s default phone numbers and callouts before site launch','Before launching your Magento store, please remember to change Magento`s default phone numbers that appear in email templates, callouts, templates, etc.','',0,0),(250,3,'2008-11-20 04:31:12','Magento version 1.1.7 Now Available','Magento version 1.1.7 Now Available.\n\nThis version includes over 350 issue resolutions for Magento 1.1.x that are listed in the release notes section, and new functionality that includes:\n\n-Google Website Optimizer integration\n-Google Base integration\n-Scheduled DB logs cleaning option','http://www.magentocommerce.com/blog/comments/magento-version-117-now-available/',0,0),(251,3,'2008-11-27 00:24:50','Magento Version 1.1.8 Now Available','Magento version 1.1.8 now available.\n\nThis version includes some issue resolutions for Magento 1.1.x that are listed in the release notes section.','http://www.magentocommerce.com/blog/comments/magento-version-118-now-available/',0,0),(252,3,'2008-12-30 10:45:59','Magento version 1.2.0 is now available for download and upgrade','We are extremely happy to announce the availability of Magento version 1.2.0 for download and upgrade.\n\nThis version includes numerous issue resolutions for Magento version 1.1.x and some highly requested new features such as:\n\n    * Support for Downloadable/Digital Products. \n    * Added Layered Navigation to site search result page.\n    * Improved site search to utilize MySQL fulltext search\n    * Added support for fixed-taxes on product level.\n    * Upgraded Zend Framework to the latest stable version 1.7.2','http://www.magentocommerce.com/blog/comments/magento-version-120-is-now-available/',0,0),(253,2,'2008-12-31 00:59:22','Magento version 1.2.0.1 now available','Magento version 1.2.0.1 now available.This version includes some issue resolutions for Magento 1.2.x that are listed in the release notes section.','http://www.magentocommerce.com/blog/comments/magento-version-1201-available/',0,0),(254,2,'2009-01-12 23:41:49','Magento version 1.2.0.2 now available','Magento version 1.2.0.2 is now available for download and upgrade. This version includes an issue resolutions for Magento version 1.2.0.x as listed in the release notes.','http://www.magentocommerce.com/blog/comments/magento-version-1202-now-available/',0,0),(255,3,'2009-01-24 03:25:56','Magento version 1.2.0.3 now available','Magento version 1.2.0.3 is now available for download and upgrade. This version includes issue resolutions for Magento version 1.2.0.x as listed in the release notes.','http://www.magentocommerce.com/blog/comments/magento-version-1203-now-available/',0,0),(256,3,'2009-02-03 00:57:00','Magento version 1.2.1 is now available for download and upgrade','We are happy to announce the availability of Magento version 1.2.1 for download and upgrade.\n\nThis version includes some issue resolutions for Magento version 1.2.x. A full list of items included in this release can be found on the release notes page.','http://www.magentocommerce.com/blog/comments/magento-version-121-now-available/',0,0),(257,3,'2009-02-24 03:45:47','Magento version 1.2.1.1 now available','Magento version 1.2.1.1 now available.This version includes some issue resolutions for Magento 1.2.x that are listed in the release notes section.','http://www.magentocommerce.com/blog/comments/magento-version-1211-now-available/',0,0),(258,3,'2009-02-27 04:39:24','CSRF Attack Prevention','We have just posted a blog entry about a hypothetical CSRF attack on a Magento admin panel. Please read the post to find out if your Magento installation is at risk at http://www.magentocommerce.com/blog/comments/csrf-vulnerabilities-in-web-application-and-how-to-avoid-them-in-magento/','http://www.magentocommerce.com/blog/comments/csrf-vulnerabilities-in-web-application-and-how-to-avoid-them-in-magento/',0,0),(259,2,'2009-03-04 02:03:58','Magento version 1.2.1.2 now available','Magento version 1.2.1.2 is now available for download and upgrade.\nThis version includes some updates to improve admin security as described in the release notes page.','http://www.magentocommerce.com/blog/comments/magento-version-1212-now-available/',0,0),(260,3,'2009-03-31 03:22:40','Magento version 1.3.0 now available','Magento version 1.3.0 is now available for download and upgrade. This version includes numerous issue resolutions for Magento version 1.2.x and new features as described on the release notes page.','http://www.magentocommerce.com/blog/comments/magento-version-130-is-now-available/',0,0),(261,3,'2009-04-18 05:06:02','Magento version 1.3.1 now available','Magento version 1.3.1 is now available for download and upgrade. This version includes some issue resolutions for Magento version 1.3.x and new features such as Checkout By Amazon and Amazon Flexible Payment. To see a full list of updates please check the release notes page.','http://www.magentocommerce.com/blog/comments/magento-version-131-now-available/',0,0),(262,3,'2009-05-19 23:31:21','Magento version 1.3.1.1 now available','Magento version 1.3.1.1 is now available for download and upgrade. This version includes some issue resolutions for Magento version 1.3.x and a security update for Magento installations that run on multiple domains or sub-domains. If you are running Magento with multiple domains or sub-domains we highly recommend upgrading to this version.','http://www.magentocommerce.com/blog/comments/magento-version-1311-now-available/',0,0),(263,3,'2009-05-29 23:54:06','Magento version 1.3.2 now available','This version includes some improvements and issue resolutions for version 1.3.x that are listed on the release notes page. also included is a Beta version of the Compile module.','http://www.magentocommerce.com/blog/comments/magento-version-132-now-available/',0,0),(264,3,'2009-06-01 20:32:52','Magento version 1.3.2.1 now available','Magento version 1.3.2.1 now available for download and upgrade.\n\nThis release solves an issue for users running Magento with PHP 5.2.0, and changes to index.php to support the new Compiler Module.','http://www.magentocommerce.com/blog/comments/magento-version-1321-now-available/',0,0),(265,3,'2009-07-02 02:21:44','Magento version 1.3.2.2 now available','Magento version 1.3.2.2 is now available for download and upgrade.\n\nThis release includes issue resolution for Magento version 1.3.x. To see a full list of changes please visit the release notes page http://www.magentocommerce.com/download/release_notes.','http://www.magentocommerce.com/blog/comments/magento-version-1322-now-available/',0,0),(266,3,'2009-07-23 07:48:54','Magento version 1.3.2.3 now available','Magento version 1.3.2.3 is now available for download and upgrade.\n\nThis release includes issue resolution for Magento version 1.3.x. We recommend to upgrade to this version if PayPal payment modules are in use. To see a full list of changes please visit the release notes page http://www.magentocommerce.com/download/release_notes.','http://www.magentocommerce.com/blog/comments/magento-version-1323-now-available/',0,0),(267,4,'2009-08-28 19:26:28','PayPal is updating Payflow Pro and Website Payments Pro (Payflow Edition) UK.','If you are using Payflow Pro and/or Website Payments Pro (Payflow Edition) UK.  payment methods, you will need to update the URL‘s in your Magento Administrator Panel in order to process transactions after September 1, 2009. Full details are available here: http://www.magentocommerce.com/wiki/paypal_payflow_changes','http://www.magentocommerce.com/wiki/paypal_payflow_changes',0,0),(268,2,'2009-09-23 21:16:49','Magento Version 1.3.2.4 Security Update','Magento Version 1.3.2.4 is now available. This version includes a security updates for Magento 1.3.x that solves possible XSS vulnerability issue on customer registration page and is available through SVN, Download Page and through the Magento Connect Manager.','http://www.magentocommerce.com/blog/comments/magento-version-1324-security-update/',0,0),(269,4,'2009-09-25 15:57:54','Magento Preview Version 1.4.0.0-alpha2 is now available','We are happy to announce the availability of Magento Preview Version 1.4.0.0-alpha2 for download.\nAs this is a preview version it is NOT recommended in any way to be used in a production environment.','http://www.magentocommerce.com/blog/comments/magento-preview-version-1400-alpha2-now-available/',0,0),(270,4,'2009-10-07 01:55:40','Magento Preview Version 1.4.0.0-alpha3 is now available','We are happy to announce the availability of Magento Preview Version 1.4.0.0-alpha3 for download.\nAs this is a preview version it is NOT recommended in any way to be used in a production environment.','http://www.magentocommerce.com/blog/comments/magento-preview-version-1400-alpha3-now-available/',0,0),(271,4,'2009-12-09 02:30:36','Magento Preview Version 1.4.0.0-beta1 is now available','We are happy to announce the availability of Magento Preview Version 1.4.0.0-beta1 for download.\nAs this is a preview version it is NOT recommended in any way to be used in a production environment.','http://www.magentocommerce.com/blog/comments/magento-preview-version-1400-beta1-now-available/',0,0),(272,4,'2009-12-31 12:22:12','Magento Preview Version 1.4.0.0-rc1 is now available','We are happy to announce the availability of Magento Preview Version 1.4.0.0-rc1 for download.\nAs this is a preview version it is NOT recommended in any way to be used in a production environment.','http://www.magentocommerce.com/blog/comments/magento-preview-version-1400-rc1-now-available/',0,0),(273,4,'2010-02-13 06:39:53','Magento CE Version 1.4.0.0 Stable is now available','We are excited to announce the availability of Magento CE Version 1.4.0.0 Stable for upgrade and download.','http://bit.ly/c53rpK',0,0),(274,3,'2010-02-20 05:39:36','Magento CE Version 1.4.0.1 Stable is now available','Magento CE 1.4.0.1 Stable is now available for upgrade and download.','http://www.magentocommerce.com/blog/comments/magento-ce-version-1401-stable-now-available/',0,0),(275,4,'2010-04-23 21:09:03','Magento Version CE 1.3.3.0 Stable - Now Available With Support for 3-D Secure','Based on community requests, we are excited to announce the release of Magento CE 1.3.3.0-Stable with support for 3-D Secure. This release is intended for Magento merchants using version 1.3.x, who want to add support for 3-D Secure.','http://www.magentocommerce.com/blog/comments/magento-version-ce-1330-stable-now-available-with-support-for-3-d-secure/',0,0),(276,4,'2010-05-31 18:20:21','Announcing the Launch of Magento Mobile','The Magento team is pleased to announce the launch of Magento mobile, a new product that will allow Magento merchants to easily create branded, native mobile storefront applications that are deeply integrated with Magento’s market-leading eCommerce platform. The product includes a new administrative manager, a native iPhone app that is fully customizable, and a service where Magento manages the submission and maintenance process for the iTunes App Store.\n\nLearn more by visiting the Magento mobile product page and sign-up to be the first to launch a native mobile commerce app, fully integrated with Magento.','http://www.magentocommerce.com/product/mobile',0,0),(277,4,'2010-06-10 21:08:08','Magento CE Version 1.4.1.0 Stable is now available','We are excited to announce the availability of Magento CE Version 1.4.1.0 Stable for upgrade and download. Some of the highlights of this release include: Enhanced PayPal integration (more info to follow), Change of Database structure of the Sales module to no longer use EAV, and much more.','http://www.magentocommerce.com/blog/comments/magento-ce-version-1410-stable-now-available/',0,0),(278,4,'2010-07-26 22:37:34','Magento CE Version 1.4.1.1 Stable is now available','We are excited to announce the availability of Magento CE Version 1.4.1.1 Stable for download and upgrade.','http://www.magentocommerce.com/blog/comments/magento-ce-version-1411-stable-now-available/',0,0),(279,4,'2010-07-28 06:12:12','Magento CE Version 1.4.2.0-beta1 Preview Release Now Available','This release gives a preview of the new Magento Connect Manager.','http://www.magentocommerce.com/blog/comments/magento-preview-version-1420-beta1-now-available/',0,0),(280,4,'2010-07-28 21:15:01','Magento CE Version 1.4.1.1 Patch Available','As some users experienced issues with upgrading to CE 1.4.1.1 through PEAR channels we provided a patch for it that is available on our blog http://www.magentocommerce.com/blog/comments/magento-ce-version-1411-stable-patch/','http://www.magentocommerce.com/blog/comments/magento-ce-version-1411-stable-patch/',0,0),(281,4,'2010-10-12 01:13:25','Magento Mobile is now live!','Magento Mobile is now live! Signup today to have your own native iPhone mobile-shopping app in iTunes for the holiday season! Learn more at http://www.magentomobile.com/','http://www.magentomobile.com/',0,0),(282,4,'2010-11-09 00:52:06','Magento CE Version 1.4.2.0-RC1 Preview Release Now Available','We are happy to announce the availability of Magento Preview Version 1.4.2.0-RC1 for download.','http://www.magentocommerce.com/blog/comments/magento-preview-version-1420-rc1-now-available/',0,0),(283,4,'2010-12-02 23:33:00','Magento CE Version 1.4.2.0-RC2 Preview Release Now Available','We are happy to announce the availability of Magento Preview Version 1.4.2.0-RC2 for download.','http://www.magentocommerce.com/blog/comments/magento-preview-version-1420-rc2-now-available/',0,0),(284,4,'2010-12-09 01:29:55','Magento CE Version 1.4.2.0 Stable is now available','We are excited to announce the availability of Magento CE Version 1.4.2.0 Stable for download and upgrade.','http://www.magentocommerce.com/blog/comments/magento-ce-version-1420-stable-now-available/',0,0),(285,4,'2010-12-18 02:23:55','Magento Preview Version CE 1.5.0.0-alpha1 is now available','We are happy to announce the availability of Magento Preview Version CE 1.5.0.0-alpha1 for download.\nAs this is a preview version it is NOT recommended in any way to be used in a production environment.','http://www.magentocommerce.com/blog/comments/magento-preview-version-ce-1500-alpha1-now-available/',0,0),(286,4,'2010-12-30 02:51:08','Magento Preview Version CE 1.5.0.0-alpha2 is now available','We are happy to announce the availability of Magento Preview Version CE 1.5.0.0-alpha2 for download.\nAs this is a preview version it is NOT recommended in any way to be used in a production environment.','http://www.magentocommerce.com/blog/comments/magento-preview-version-ce-1500-alpha2-now-available/',0,0),(287,4,'2011-01-14 03:35:36','Magento Preview Version CE 1.5.0.0-beta1 is now available','We are happy to announce the availability of Magento Preview Version CE 1.5.0.0-beta1 for download.\nAs this is a preview version it is NOT recommended in any way to be used in a production environment.','http://www.magentocommerce.com/blog/comments/magento-preview-version-ce-1500-beta1-now-available/',0,0),(288,4,'2011-01-22 00:19:09','Magento Preview Version CE 1.5.0.0-beta2 is now available','We are happy to announce the availability of Magento Preview Version CE 1.5.0.0-beta2 for download.\nAs this is a preview version it is NOT recommended in any way to be used in a production environment.','http://www.magentocommerce.com/blog/comments/magento-preview-version-ce-1500-beta2-now-available/',0,0),(289,4,'2011-01-28 00:27:57','Magento Preview Version CE 1.5.0.0-rc1 is now available','We are happy to announce the availability of Magento Preview Version CE 1.5.0.0-rc1 for download.\nAs this is a preview version it is NOT recommended in any way to be used in a production environment.','http://www.magentocommerce.com/blog/comments/magento-preview-version-ce-1500-rc1-now-available/',0,0),(290,4,'2011-02-04 00:56:33','Magento Preview Version CE 1.5.0.0-rc2 is now available','We are happy to announce the availability of Magento Preview Version CE 1.5.0.0-rc2 for download.\nAs this is a preview version it is NOT recommended in any way to be used in a production environment.','http://www.magentocommerce.com/blog/comments/magento-preview-version-ce-1500-rc2-now-available/',0,0),(291,4,'2011-02-08 22:43:23','Magento CE Version 1.5.0.0 Stable is now available','We are excited to announce the availability of Magento CE Version 1.5.0.0 Stable for download and upgrade.','http://www.magentocommerce.com/blog/comments/magento-community-professional-and-enterprise-editions-releases-now-availab/',0,0),(292,4,'2011-02-10 02:42:57','Magento CE 1.5.0.1 stable Now Available','We are excited to announce the availability of Magento CE Version 1.5.0.1 Stable for download and upgrade.','http://www.magentocommerce.com/blog/comments/magento-ce-1501-stable-now-available/',0,0),(293,4,'2011-03-18 22:15:45','Magento CE 1.5.1.0-beta1 Now Available','We are happy to announce the availability of Magento Preview Version CE 1.5.1.0-beta1 for download and upgrade.','http://www.magentocommerce.com/blog/comments/magento-preview-version-ce-1510-beta1-now-available/',0,0),(294,4,'2011-03-31 19:43:02','Magento CE 1.5.1.0-rc1 Now Available','We are happy to announce the availability of Magento Preview Version CE 1.5.1.0-rc1 for download and upgrade.','http://www.magentocommerce.com/blog/comments/magento-preview-version-ce-1510-rc1-now-available/',0,0),(295,4,'2011-04-26 20:21:07','Magento CE 1.5.1.0-stable Now Available','We are excited to announce the availability of Magento CE Version 1.5.1.0 Stable for download and upgrade.','http://www.magentocommerce.com/blog/comments/magento-ce-version-1510-stable-now-available/',0,0),(296,4,'2011-05-26 20:33:23','Magento Preview Version CE 1.6.0.0-alpha1 is now available','We are happy to announce the availability of Magento Preview Version CE 1.6.0.0-alpha1 for download.\nAs this is a preview version it is NOT recommended in any way to be used in a production environment.','http://www.magentocommerce.com/blog/comments/magento-preview-version-ce-1600-alpha1-now-available/',0,0),(297,4,'2011-06-15 19:12:08','Magento Preview Version CE 1.6.0.0-beta1 is now available','We are happy to announce the availability of Magento Preview Version CE 1.6.0.0-beta1for download.\nAs this is a preview version it is NOT recommended in any way to be used in a production environment.','http://www.magentocommerce.com/blog/comments/magento-preview-version-ce-1600-beta1-now-available/',0,0),(298,4,'2011-06-30 20:03:58','Magento Preview Version CE 1.6.0.0-rc1 is now available','We are happy to announce the availability of Magento Preview Version CE 1.6.0.0-rc1 for download.\nAs this is a preview version it is NOT recommended in any way to be used in a production environment.','http://www.magentocommerce.com/blog/comments/magento-preview-version-ce-1600-rc1-now-available/',0,0),(299,4,'2011-07-11 20:07:39','Magento Preview Version CE 1.6.0.0-rc2 is now available','We are happy to announce the availability of Magento Preview Version CE 1.6.0.0-rc2 for download.\nAs this is a preview version it is NOT recommended in any way to be used in a production environment.','http://www.magentocommerce.com/blog/comments/magento-preview-version-ce-1600-rc2-now-available/',0,0),(300,4,'2011-08-19 18:58:31','Magento CE 1.6.0.0-stable Now Available','We are excited to announce the availability of Magento CE Version 1.6.0.0 Stable for download and upgrade.','http://www.magentocommerce.com/blog/comments/magento-ce-version-1600-stable-now-available/',0,0),(301,4,'2011-09-17 02:31:26','Magento Preview Version CE 1.6.1.0-beta1 is now available','We are happy to announce the availability of Magento Preview Version CE 1.6.1.0-beta1 for download.\nAs this is a preview version it is NOT recommended in any way to be used in a production environment.','http://www.magentocommerce.com/blog/comments/magento-preview-version-ce-1610-beta1-now-available/',0,0),(302,4,'2011-09-29 16:44:10','Magento Preview Version CE 1.6.1.0-rc1 is now available','We are happy to announce the availability of Magento Preview Version CE 1.6.1.0-rc1 for download.\nAs this is a preview version it is NOT recommended in any way to be used in a production environment.','http://www.magentocommerce.com/blog/comments/magento-preview-version-ce-1610-rc1-now-available/',0,0),(303,4,'2011-10-19 18:50:05','Magento CE 1.6.1.0-stable Now Available','We are excited to announce the availability of Magento CE Version 1.6.1.0 Stable for download and upgrade.','http://www.magentocommerce.com/blog/comments/magento-ce-version-1610-stable-now-available/',0,0),(304,4,'2011-12-30 20:39:35','Magento Preview Version CE 1.7.0.0-alpha1 is now available','We are happy to announce the availability of Magento Preview Version CE 1.7.0.0-alpha1 for download.\nAs this is a preview version it is NOT recommended in any way to be used in a production environment.','http://www.magentocommerce.com/blog/comments/magento-preview-version-ce-1700-alpha1-now-available/',0,0),(305,4,'2012-01-11 20:24:20','Magento CE 1.6.2.0-stable Now Available','We are excited to announce the availability of Magento CE Version 1.6.2.0 Stable for download and upgrade.','http://www.magentocommerce.com/blog/comments/magento-ce-version-1620-stable-now-available/',0,0),(306,4,'2012-03-02 22:54:12','Magento Preview Version CE 1.7.0.0-beta1 is now available','We are happy to announce the availability of Magento Preview Version CE 1.7.0.0-beta1 for download.\nAs this is a preview version it is NOT recommended in any way to be used in a production environment.','http://www.magentocommerce.com/blog/comments/magento-preview-version-ce-1700-beta1-now-available/',0,0),(307,4,'2012-04-23 11:02:40','Magento Community Preview Version CE 1.7.0.0-RC1 has been released!','Learn more about the exciting new features and updates in this release and how you can take it for a test drive. As this is a preview version, we need to stress that it\'s likely unstable and that we DON\'T recommend that you use it in any production environment just yet.','http://www.magentocommerce.com/blog/comments/magento-preview-version-ce-1700-rc1-now-available/',0,0),(308,4,'2012-05-11 06:46:54','Magento Community 1.7 and Magento Enterprise 1.12 now available!','Learn more about the exciting new features and updates in these releases.','http://www.magentocommerce.com/blog/comments/magento-enterprise-112-and-community-17-now-available/',0,0),(309,4,'2012-06-20 15:54:07','Magento Community Edition 1.7.0.1 now available! ','We have just released an updated version of Magento Community Edition, version 1.7.0.1. This update delivers new, minor functionality and fixes for some potential security vulnerabilities.','http://www.magentocommerce.com/blog/comments/magento-community-edition-1701-released/',0,0),(310,4,'2012-07-05 16:21:43','Important Security Update - Zend Platform Vulnerability','We have recently learned of a serious vulnerability in the Zend platform on which Magento is built. Learn more and access a patch that addresses this issue. ','http://www.magentocommerce.com/blog/comments/important-security-update-zend-platform-vulnerability/',0,0),(311,4,'2012-11-19 18:27:42','Wrap up more holiday sales with financing','Give your customers up to 6 months financing. You get paid right away with Bill Me Later, a PayPal service. It’s a great way to extend financing in time for the holidays. Learn More.','http://www.magentocommerce.com/paypal/billmelater?utm_source=CEMessaging&utm_medium=copy&utm_content=sixmonths&utm_campaign=BML',0,0),(312,4,'2012-12-07 09:22:30','Increase Your Sales With PayPal','Magento merchants using PayPal Express Checkout can help increase their sales on average 18%. It is one simple thing you can do right now to help boost your sales. Learn more.','http://www.magentocommerce.com/add-paypal?utm_source=CEModule&utm_medium=copy&utm_content=18&utm_campaign=choosepaypal',0,0),(313,4,'2013-01-15 20:02:07','Imagine 2013 Registration is Now Open!','Join 1500 merchants, partners, developers and enthusiasts from 35+ countries around the world for Magento’s premier global conference! Collaborate, learn, network and get inspired by the future of eCommerce. Tickets will sell out fast! April 8th – 10th in Las Vegas.','https://registration.imagineecommerce.com/',0,0),(314,4,'2013-02-12 15:53:42','Get More eCommerce Power with Magento Enterprise','Limited time offer: Get a free, customized evaluation of your Community Edition site from a Magento Solution Partner. This evaluation gives you a clear look at the numerous benefits you can achieve by upgrading to Enterprise Edition. ','http://www.magentocommerce.com/community-to-enterprise?utm_source=CEMM&utm_medium=copy&utm_campaign=CE2EE',0,0),(315,2,'2013-09-27 14:28:13','Magento Community Edition 1.8.0.0 - now available for download!','Get tax, security, performance, and many other improvements. \n\nLearn more at http://www.magentocommerce.com/blog/comments/magento-community-edition-one-eight-now-available/ ','http://www.magentocommerce.com/blog/comments/magento-community-edition-one-eight-now-available/',0,0),(316,4,'2013-12-11 13:35:06','Magento Community Edition 1.8.1.0 is here!','This new version offers significant tax calculation, product quality, and security enhancements. Be sure to carefully review the upgrade instructions before starting. More information is available at http://www.magentocommerce.com/blog/comments/magento-community-edition-1810-is-here/','http://www.magentocommerce.com/blog/comments/magento-community-edition-1810-is-here/',0,0),(317,4,'2013-12-12 21:24:39','Important Magento Community Edition Patch','A security patch is available for Magento Community Edition 1.4.0.0 through 1.7.0.2; the issue has been fixed in Magento Community Edition 1.8.0.0 and later. It resolves a vulnerability discovered through our quarterly penetration testing process and has not been reported by merchants. We encourage all merchants to apply the patch in their next regularly scheduled maintenance cycle. The patch is available at http://www.magentocommerce.com/download in the Magento Community Edition Patches section.','http://www.magentocommerce.com/download',0,0),(318,4,'2008-11-08 02:46:42','Reminder: Change Magento`s default phone numbers and callouts before site launch','Before launching your Magento store, please remember to change Magento`s default phone numbers that appear in email templates, callouts, templates, etc.','',0,0),(319,4,'2008-11-08 02:46:42','Reminder: Change Magento`s default phone numbers and callouts before site launch','Before launching your Magento store, please remember to change Magento`s default phone numbers that appear in email templates, callouts, templates, etc.','',0,0),(320,4,'2008-11-08 02:46:42','Reminder: Change Magento`s default phone numbers and callouts before site launch','Before launching your Magento store, please remember to change Magento`s default phone numbers that appear in email templates, callouts, templates, etc.','',0,0),(321,4,'2008-11-08 02:46:42','Reminder: Change Magento`s default phone numbers and callouts before site launch','Before launching your Magento store, please remember to change Magento`s default phone numbers that appear in email templates, callouts, templates, etc.','',0,0),(322,4,'2008-11-08 02:46:42','Reminder: Change Magento`s default phone numbers and callouts before site launch','Before launching your Magento store, please remember to change Magento`s default phone numbers that appear in email templates, callouts, templates, etc.','',0,0),(323,4,'2008-11-08 02:46:42','Reminder: Change Magento`s default phone numbers and callouts before site launch','Before launching your Magento store, please remember to change Magento`s default phone numbers that appear in email templates, callouts, templates, etc.','',0,0),(324,4,'2008-11-08 02:46:42','Reminder: Change Magento`s default phone numbers and callouts before site launch','Before launching your Magento store, please remember to change Magento`s default phone numbers that appear in email templates, callouts, templates, etc.','',0,0),(325,4,'2008-11-08 02:46:42','Reminder: Change Magento`s default phone numbers and callouts before site launch','Before launching your Magento store, please remember to change Magento`s default phone numbers that appear in email templates, callouts, templates, etc.','',0,0),(326,4,'2014-01-21 16:34:48','PHP 5.4 Patch Now Available','Magento is advancing its platform and making development more efficient by adding support for PHP 5.4. Patches are available for download at www.magentocommerce.com/download and you can learn more about this update in our blog post at http://www.magentocommerce.com/blog/comments/magento-now-supports-php-54 .','http://www.magentocommerce.com/blog/comments/magento-now-supports-php-54',0,0),(327,4,'2014-02-03 14:14:54','Imagine 2014 Registration is Open','Register today to join us May 12-14 at the Hard Rock Hotel in Las Vegas for Imagine 2014, Magento\'s annual conference.\n\nEarly-bird registration pricing ends February 17 so don’t delay!\n\nhttp://www.imagineecommerce.com?utm_source=magento&utm_medium=cerss&utm_campaign=registrationopen\n\n','http://www.imagineecommerce.com?utm_source=magento&utm_medium=cerss&utm_campaign=registrationopen',1,0),(328,4,'2008-11-08 02:46:42','Reminder: Change Magento`s default phone numbers and callouts before site launch','Before launching your Magento store, please remember to change Magento`s default phone numbers that appear in email templates, callouts, templates, etc.','',0,0),(329,4,'2008-11-08 02:46:42','Reminder: Change Magento`s default phone numbers and callouts before site launch','Before launching your Magento store, please remember to change Magento`s default phone numbers that appear in email templates, callouts, templates, etc.','',0,0),(330,4,'2008-11-08 02:46:42','Reminder: Change Magento`s default phone numbers and callouts before site launch','Before launching your Magento store, please remember to change Magento`s default phone numbers that appear in email templates, callouts, templates, etc.','',0,0),(331,4,'2008-11-08 02:46:42','Reminder: Change Magento`s default phone numbers and callouts before site launch','Before launching your Magento store, please remember to change Magento`s default phone numbers that appear in email templates, callouts, templates, etc.','',0,0),(332,4,'2008-11-08 02:46:42','Reminder: Change Magento`s default phone numbers and callouts before site launch','Before launching your Magento store, please remember to change Magento`s default phone numbers that appear in email templates, callouts, templates, etc.','',0,0),(333,4,'2008-11-08 02:46:42','Reminder: Change Magento`s default phone numbers and callouts before site launch','Before launching your Magento store, please remember to change Magento`s default phone numbers that appear in email templates, callouts, templates, etc.','',0,0),(334,4,'2008-11-08 02:46:42','Reminder: Change Magento`s default phone numbers and callouts before site launch','Before launching your Magento store, please remember to change Magento`s default phone numbers that appear in email templates, callouts, templates, etc.','',0,0),(335,4,'2008-11-08 02:46:42','Reminder: Change Magento`s default phone numbers and callouts before site launch','Before launching your Magento store, please remember to change Magento`s default phone numbers that appear in email templates, callouts, templates, etc.','',0,0),(336,4,'2014-02-20 15:51:46','Discover Card Validation Patch Available','A patch that resolves an issue with validating Discover credit cards is now available for download at http://www.magentocommerce.com/download. More information on the patch is available in the Magento Knowledge Base at http://www.magentocommerce.com/knowledge-base/entry/discover-card-validation','http://www.magentocommerce.com/knowledge-base/entry/discover-card-validation ',1,0),(337,4,'2008-11-08 02:46:42','Reminder: Change Magento`s default phone numbers and callouts before site launch','Before launching your Magento store, please remember to change Magento`s default phone numbers that appear in email templates, callouts, templates, etc.','',0,0),(338,4,'2008-11-08 12:46:42','Reminder: Change Magento`s default phone numbers and callouts before site launch','Before launching your Magento store, please remember to change Magento`s default phone numbers that appear in email templates, callouts, templates, etc.','',0,0),(339,4,'2008-11-08 12:46:42','Reminder: Change Magento`s default phone numbers and callouts before site launch','Before launching your Magento store, please remember to change Magento`s default phone numbers that appear in email templates, callouts, templates, etc.','',0,0),(340,4,'2014-03-04 23:12:26','Learn How to Quickly Increase Sales on Your Site','Adding the PayPal Express Checkout button to your checkout page can help increase sales 18% on average. It’s fast and easy and you can do it right now to boost sales. Express Checkout is already seamlessly integrated into Community Edition.','http://magento.com/paypal/CE_Express_Checkout_NA?utm_source=messagemodule&utm_medium=message&utm_campaign=Ceexpresscheckout',1,0),(341,4,'2008-11-08 12:46:42','Reminder: Change Magento`s default phone numbers and callouts before site launch','Before launching your Magento store, please remember to change Magento`s default phone numbers that appear in email templates, callouts, templates, etc.','',0,0),(342,4,'2008-11-08 12:46:42','Reminder: Change Magento`s default phone numbers and callouts before site launch','Before launching your Magento store, please remember to change Magento`s default phone numbers that appear in email templates, callouts, templates, etc.','',0,0),(343,4,'2008-11-08 12:46:42','Reminder: Change Magento`s default phone numbers and callouts before site launch','Before launching your Magento store, please remember to change Magento`s default phone numbers that appear in email templates, callouts, templates, etc.','',0,0),(344,4,'2008-11-08 12:46:42','Reminder: Change Magento`s default phone numbers and callouts before site launch','Before launching your Magento store, please remember to change Magento`s default phone numbers that appear in email templates, callouts, templates, etc.','',0,0),(345,4,'2008-11-08 12:46:42','Reminder: Change Magento`s default phone numbers and callouts before site launch','Before launching your Magento store, please remember to change Magento`s default phone numbers that appear in email templates, callouts, templates, etc.','',0,0),(346,4,'2008-11-08 12:46:42','Reminder: Change Magento`s default phone numbers and callouts before site launch','Before launching your Magento store, please remember to change Magento`s default phone numbers that appear in email templates, callouts, templates, etc.','',0,0),(347,4,'2008-11-08 12:46:42','Reminder: Change Magento`s default phone numbers and callouts before site launch','Before launching your Magento store, please remember to change Magento`s default phone numbers that appear in email templates, callouts, templates, etc.','',0,0),(348,4,'2008-11-08 12:46:42','Reminder: Change Magento`s default phone numbers and callouts before site launch','Before launching your Magento store, please remember to change Magento`s default phone numbers that appear in email templates, callouts, templates, etc.','',0,0),(349,4,'2008-11-08 12:46:42','Reminder: Change Magento`s default phone numbers and callouts before site launch','Before launching your Magento store, please remember to change Magento`s default phone numbers that appear in email templates, callouts, templates, etc.','',0,0),(350,4,'2008-11-08 12:46:42','Reminder: Change Magento`s default phone numbers and callouts before site launch','Before launching your Magento store, please remember to change Magento`s default phone numbers that appear in email templates, callouts, templates, etc.','',0,0),(351,4,'2008-11-08 12:46:42','Reminder: Change Magento`s default phone numbers and callouts before site launch','Before launching your Magento store, please remember to change Magento`s default phone numbers that appear in email templates, callouts, templates, etc.','',0,0),(352,4,'2008-11-08 12:46:42','Reminder: Change Magento`s default phone numbers and callouts before site launch','Before launching your Magento store, please remember to change Magento`s default phone numbers that appear in email templates, callouts, templates, etc.','',0,0),(353,4,'2008-11-08 12:46:42','Reminder: Change Magento`s default phone numbers and callouts before site launch','Before launching your Magento store, please remember to change Magento`s default phone numbers that appear in email templates, callouts, templates, etc.','',0,0),(354,4,'2008-11-08 12:46:42','Reminder: Change Magento`s default phone numbers and callouts before site launch','Before launching your Magento store, please remember to change Magento`s default phone numbers that appear in email templates, callouts, templates, etc.','',0,0),(355,4,'2008-11-08 12:46:42','Reminder: Change Magento`s default phone numbers and callouts before site launch','Before launching your Magento store, please remember to change Magento`s default phone numbers that appear in email templates, callouts, templates, etc.','',0,0),(356,4,'2008-11-08 12:46:42','Reminder: Change Magento`s default phone numbers and callouts before site launch','Before launching your Magento store, please remember to change Magento`s default phone numbers that appear in email templates, callouts, templates, etc.','',0,0),(357,4,'2008-11-08 12:46:42','Reminder: Change Magento`s default phone numbers and callouts before site launch','Before launching your Magento store, please remember to change Magento`s default phone numbers that appear in email templates, callouts, templates, etc.','',0,0),(358,4,'2008-11-08 12:46:42','Reminder: Change Magento`s default phone numbers and callouts before site launch','Before launching your Magento store, please remember to change Magento`s default phone numbers that appear in email templates, callouts, templates, etc.','',0,0),(359,4,'2008-11-08 12:46:42','Reminder: Change Magento`s default phone numbers and callouts before site launch','Before launching your Magento store, please remember to change Magento`s default phone numbers that appear in email templates, callouts, templates, etc.','',0,0),(360,4,'2008-11-08 12:46:42','Reminder: Change Magento`s default phone numbers and callouts before site launch','Before launching your Magento store, please remember to change Magento`s default phone numbers that appear in email templates, callouts, templates, etc.','',0,0),(361,4,'2008-11-08 12:46:42','Reminder: Change Magento`s default phone numbers and callouts before site launch','Before launching your Magento store, please remember to change Magento`s default phone numbers that appear in email templates, callouts, templates, etc.','',0,0),(362,4,'2008-11-08 12:46:42','Reminder: Change Magento`s default phone numbers and callouts before site launch','Before launching your Magento store, please remember to change Magento`s default phone numbers that appear in email templates, callouts, templates, etc.','',0,0),(363,4,'2008-11-08 12:46:42','Reminder: Change Magento`s default phone numbers and callouts before site launch','Before launching your Magento store, please remember to change Magento`s default phone numbers that appear in email templates, callouts, templates, etc.','',0,0),(364,4,'2008-11-08 12:46:42','Reminder: Change Magento`s default phone numbers and callouts before site launch','Before launching your Magento store, please remember to change Magento`s default phone numbers that appear in email templates, callouts, templates, etc.','',0,0),(365,4,'2008-11-08 12:46:42','Reminder: Change Magento`s default phone numbers and callouts before site launch','Before launching your Magento store, please remember to change Magento`s default phone numbers that appear in email templates, callouts, templates, etc.','',0,0),(366,4,'2008-11-08 12:46:42','Reminder: Change Magento`s default phone numbers and callouts before site launch','Before launching your Magento store, please remember to change Magento`s default phone numbers that appear in email templates, callouts, templates, etc.','',0,0),(367,4,'2008-11-08 12:46:42','Reminder: Change Magento`s default phone numbers and callouts before site launch','Before launching your Magento store, please remember to change Magento`s default phone numbers that appear in email templates, callouts, templates, etc.','',0,0),(368,4,'2008-11-08 12:46:42','Reminder: Change Magento`s default phone numbers and callouts before site launch','Before launching your Magento store, please remember to change Magento`s default phone numbers that appear in email templates, callouts, templates, etc.','',0,0),(369,4,'2008-11-08 12:46:42','Reminder: Change Magento`s default phone numbers and callouts before site launch','Before launching your Magento store, please remember to change Magento`s default phone numbers that appear in email templates, callouts, templates, etc.','',0,0),(370,4,'2008-11-08 12:46:42','Reminder: Change Magento`s default phone numbers and callouts before site launch','Before launching your Magento store, please remember to change Magento`s default phone numbers that appear in email templates, callouts, templates, etc.','',0,0),(371,4,'2008-11-08 12:46:42','Reminder: Change Magento`s default phone numbers and callouts before site launch','Before launching your Magento store, please remember to change Magento`s default phone numbers that appear in email templates, callouts, templates, etc.','',0,0),(372,4,'2008-11-08 12:46:42','Reminder: Change Magento`s default phone numbers and callouts before site launch','Before launching your Magento store, please remember to change Magento`s default phone numbers that appear in email templates, callouts, templates, etc.','',0,0),(373,4,'2008-11-08 12:46:42','Reminder: Change Magento`s default phone numbers and callouts before site launch','Before launching your Magento store, please remember to change Magento`s default phone numbers that appear in email templates, callouts, templates, etc.','',0,0),(374,4,'2008-11-08 12:46:42','Reminder: Change Magento`s default phone numbers and callouts before site launch','Before launching your Magento store, please remember to change Magento`s default phone numbers that appear in email templates, callouts, templates, etc.','',0,0),(375,4,'2008-11-08 12:46:42','Reminder: Change Magento`s default phone numbers and callouts before site launch','Before launching your Magento store, please remember to change Magento`s default phone numbers that appear in email templates, callouts, templates, etc.','',0,0),(376,4,'2008-11-08 12:46:42','Reminder: Change Magento`s default phone numbers and callouts before site launch','Before launching your Magento store, please remember to change Magento`s default phone numbers that appear in email templates, callouts, templates, etc.','',0,0),(377,4,'2008-11-08 12:46:42','Reminder: Change Magento`s default phone numbers and callouts before site launch','Before launching your Magento store, please remember to change Magento`s default phone numbers that appear in email templates, callouts, templates, etc.','',0,0),(378,4,'2008-11-08 12:46:42','Reminder: Change Magento`s default phone numbers and callouts before site launch','Before launching your Magento store, please remember to change Magento`s default phone numbers that appear in email templates, callouts, templates, etc.','',0,0),(379,4,'2008-11-08 12:46:42','Reminder: Change Magento`s default phone numbers and callouts before site launch','Before launching your Magento store, please remember to change Magento`s default phone numbers that appear in email templates, callouts, templates, etc.','',0,0),(380,4,'2008-11-08 12:46:42','Reminder: Change Magento`s default phone numbers and callouts before site launch','Before launching your Magento store, please remember to change Magento`s default phone numbers that appear in email templates, callouts, templates, etc.','',0,0),(381,4,'2008-11-08 12:46:42','Reminder: Change Magento`s default phone numbers and callouts before site launch','Before launching your Magento store, please remember to change Magento`s default phone numbers that appear in email templates, callouts, templates, etc.','',0,0),(382,4,'2008-11-08 12:46:42','Reminder: Change Magento`s default phone numbers and callouts before site launch','Before launching your Magento store, please remember to change Magento`s default phone numbers that appear in email templates, callouts, templates, etc.','',0,0),(383,4,'2008-11-08 12:46:42','Reminder: Change Magento`s default phone numbers and callouts before site launch','Before launching your Magento store, please remember to change Magento`s default phone numbers that appear in email templates, callouts, templates, etc.','',0,0),(384,4,'2008-11-08 12:46:42','Reminder: Change Magento`s default phone numbers and callouts before site launch','Before launching your Magento store, please remember to change Magento`s default phone numbers that appear in email templates, callouts, templates, etc.','',0,0),(385,4,'2008-11-08 12:46:42','Reminder: Change Magento`s default phone numbers and callouts before site launch','Before launching your Magento store, please remember to change Magento`s default phone numbers that appear in email templates, callouts, templates, etc.','',0,0),(386,4,'2008-11-08 12:46:42','Reminder: Change Magento`s default phone numbers and callouts before site launch','Before launching your Magento store, please remember to change Magento`s default phone numbers that appear in email templates, callouts, templates, etc.','',0,0),(387,4,'2008-11-08 12:46:42','Reminder: Change Magento`s default phone numbers and callouts before site launch','Before launching your Magento store, please remember to change Magento`s default phone numbers that appear in email templates, callouts, templates, etc.','',0,0),(388,4,'2008-11-08 12:46:42','Reminder: Change Magento`s default phone numbers and callouts before site launch','Before launching your Magento store, please remember to change Magento`s default phone numbers that appear in email templates, callouts, templates, etc.','',0,0),(389,4,'2008-11-08 12:46:42','Reminder: Change Magento`s default phone numbers and callouts before site launch','Before launching your Magento store, please remember to change Magento`s default phone numbers that appear in email templates, callouts, templates, etc.','',0,0),(390,4,'2008-11-08 12:46:42','Reminder: Change Magento`s default phone numbers and callouts before site launch','Before launching your Magento store, please remember to change Magento`s default phone numbers that appear in email templates, callouts, templates, etc.','',0,0),(391,4,'2008-11-08 12:46:42','Reminder: Change Magento`s default phone numbers and callouts before site launch','Before launching your Magento store, please remember to change Magento`s default phone numbers that appear in email templates, callouts, templates, etc.','',0,0),(392,4,'2008-11-08 12:46:42','Reminder: Change Magento`s default phone numbers and callouts before site launch','Before launching your Magento store, please remember to change Magento`s default phone numbers that appear in email templates, callouts, templates, etc.','',0,0),(393,4,'2008-11-08 12:46:42','Reminder: Change Magento`s default phone numbers and callouts before site launch','Before launching your Magento store, please remember to change Magento`s default phone numbers that appear in email templates, callouts, templates, etc.','',0,0),(394,4,'2008-11-08 12:46:42','Reminder: Change Magento`s default phone numbers and callouts before site launch','Before launching your Magento store, please remember to change Magento`s default phone numbers that appear in email templates, callouts, templates, etc.','',0,0),(395,4,'2008-11-08 02:46:42','Reminder: Change Magento`s default phone numbers and callouts before site launch','Before launching your Magento store, please remember to change Magento`s default phone numbers that appear in email templates, callouts, templates, etc.','',0,0),(396,4,'2008-11-08 02:46:42','Reminder: Change Magento`s default phone numbers and callouts before site launch','Before launching your Magento store, please remember to change Magento`s default phone numbers that appear in email templates, callouts, templates, etc.','',0,0),(397,4,'2008-11-08 02:46:42','Reminder: Change Magento`s default phone numbers and callouts before site launch','Before launching your Magento store, please remember to change Magento`s default phone numbers that appear in email templates, callouts, templates, etc.','',0,0),(398,4,'2008-11-08 02:46:42','Reminder: Change Magento`s default phone numbers and callouts before site launch','Before launching your Magento store, please remember to change Magento`s default phone numbers that appear in email templates, callouts, templates, etc.','',0,0),(399,4,'2008-11-08 02:46:42','Reminder: Change Magento`s default phone numbers and callouts before site launch','Before launching your Magento store, please remember to change Magento`s default phone numbers that appear in email templates, callouts, templates, etc.','',0,0),(400,4,'2008-11-08 02:46:42','Reminder: Change Magento`s default phone numbers and callouts before site launch','Before launching your Magento store, please remember to change Magento`s default phone numbers that appear in email templates, callouts, templates, etc.','',0,0),(401,4,'2008-11-08 02:46:42','Reminder: Change Magento`s default phone numbers and callouts before site launch','Before launching your Magento store, please remember to change Magento`s default phone numbers that appear in email templates, callouts, templates, etc.','',0,0),(402,4,'2008-11-08 02:46:42','Reminder: Change Magento`s default phone numbers and callouts before site launch','Before launching your Magento store, please remember to change Magento`s default phone numbers that appear in email templates, callouts, templates, etc.','',0,0),(403,4,'2008-11-08 09:46:42','Reminder: Change Magento`s default phone numbers and callouts before site launch','Before launching your Magento store, please remember to change Magento`s default phone numbers that appear in email templates, callouts, templates, etc.','',0,0),(404,4,'2014-05-13 20:46:11','Magento Community Edition 1.9 is now available!','It accelerates your entry into the mobile commerce space by slashing the time and cost of getting a mobile device-friendly responsive site.  And a new Bill Me Later payment option helps boost your sales. Visit http://magento.com/blog/magento-news/magento-enables-responsive-sites-half-time to learn more.','http://magento.com/blog/magento-news/magento-enables-responsive-sites-half-time',0,0),(405,4,'2014-10-08 08:55:06','It’s still not too late: Boost your 2014 Holiday sales today.','See results in as little as one week with eBay Enterprise Display and 2 business days with eBay Enterprise Affiliate. DID YOU KNOW: Get access to over 128 million highly qualified shoppers on eBay.com with eBay Enterprise Display. And the average retail client using product retargeting sees a $10 to $1 ROI on retargeting spend during Q4. With the eBay Enterprise Affiliate Network, get access to over 200,000 active network publishers across 30+ verticals, and only pay when a customer makes a purchase (Affiliate Network is only available in the U.S. & Canada).  GET STARTED TODAY by visiting www.ebayenterprise.com/turbochargesales','http://www.ebayenterprise.com/turbochargesales',0,0);

--
-- Table structure for table `api2_acl_attribute`
--

CREATE TABLE `api2_acl_attribute` (
  `entity_id` int(10) unsigned NOT NULL AUTO_INCREMENT COMMENT 'Entity ID',
  `user_type` varchar(20) NOT NULL COMMENT 'Type of user',
  `resource_id` varchar(255) NOT NULL COMMENT 'Resource ID',
  `operation` varchar(20) NOT NULL COMMENT 'Operation',
  `allowed_attributes` text COMMENT 'Allowed attributes',
  PRIMARY KEY (`entity_id`),
  UNIQUE KEY `UNQ_API2_ACL_ATTRIBUTE_USER_TYPE_RESOURCE_ID_OPERATION` (`user_type`,`resource_id`,`operation`),
  KEY `IDX_API2_ACL_ATTRIBUTE_USER_TYPE` (`user_type`)
) ENGINE=InnoDB DEFAULT CHARSET=utf8 COMMENT='Api2 Filter ACL Attributes';

--
-- Dumping data for table `api2_acl_attribute`
--


--
-- Table structure for table `api2_acl_role`
--

CREATE TABLE `api2_acl_role` (
  `entity_id` int(10) unsigned NOT NULL AUTO_INCREMENT COMMENT 'Entity ID',
  `created_at` timestamp NOT NULL DEFAULT CURRENT_TIMESTAMP COMMENT 'Created At',
  `updated_at` timestamp NULL DEFAULT NULL COMMENT 'Updated At',
  `role_name` varchar(255) NOT NULL COMMENT 'Name of role',
  PRIMARY KEY (`entity_id`),
  KEY `IDX_API2_ACL_ROLE_CREATED_AT` (`created_at`),
  KEY `IDX_API2_ACL_ROLE_UPDATED_AT` (`updated_at`)
) ENGINE=InnoDB AUTO_INCREMENT=3 DEFAULT CHARSET=utf8 COMMENT='Api2 Global ACL Roles';

--
-- Dumping data for table `api2_acl_role`
--

INSERT INTO `api2_acl_role` VALUES (1,'2013-01-14 10:12:41',NULL,'Guest'),(2,'2013-01-14 10:12:41',NULL,'Customer');

--
-- Table structure for table `api2_acl_rule`
--

CREATE TABLE `api2_acl_rule` (
  `entity_id` int(10) unsigned NOT NULL AUTO_INCREMENT COMMENT 'Entity ID',
  `role_id` int(10) unsigned NOT NULL COMMENT 'Role ID',
  `resource_id` varchar(255) NOT NULL COMMENT 'Resource ID',
  `privilege` varchar(20) DEFAULT NULL COMMENT 'ACL Privilege',
  PRIMARY KEY (`entity_id`),
  UNIQUE KEY `UNQ_API2_ACL_RULE_ROLE_ID_RESOURCE_ID_PRIVILEGE` (`role_id`,`resource_id`,`privilege`),
  CONSTRAINT `FK_API2_ACL_RULE_ROLE_ID_API2_ACL_ROLE_ENTITY_ID` FOREIGN KEY (`role_id`) REFERENCES `api2_acl_role` (`entity_id`) ON DELETE CASCADE ON UPDATE CASCADE
) ENGINE=InnoDB DEFAULT CHARSET=utf8 COMMENT='Api2 Global ACL Rules';

--
-- Dumping data for table `api2_acl_rule`
--


--
-- Table structure for table `api2_acl_user`
--

CREATE TABLE `api2_acl_user` (
  `admin_id` int(10) unsigned NOT NULL COMMENT 'Admin ID',
  `role_id` int(10) unsigned NOT NULL COMMENT 'Role ID',
  UNIQUE KEY `UNQ_API2_ACL_USER_ADMIN_ID` (`admin_id`),
  KEY `FK_API2_ACL_USER_ROLE_ID_API2_ACL_ROLE_ENTITY_ID` (`role_id`),
  CONSTRAINT `FK_API2_ACL_USER_ADMIN_ID_ADMIN_USER_USER_ID` FOREIGN KEY (`admin_id`) REFERENCES `admin_user` (`user_id`) ON DELETE CASCADE ON UPDATE CASCADE,
  CONSTRAINT `FK_API2_ACL_USER_ROLE_ID_API2_ACL_ROLE_ENTITY_ID` FOREIGN KEY (`role_id`) REFERENCES `api2_acl_role` (`entity_id`) ON DELETE CASCADE ON UPDATE CASCADE
) ENGINE=InnoDB DEFAULT CHARSET=utf8 COMMENT='Api2 Global ACL Users';

--
-- Dumping data for table `api2_acl_user`
--


--
-- Table structure for table `api_assert`
--

CREATE TABLE `api_assert` (
  `assert_id` int(10) unsigned NOT NULL AUTO_INCREMENT COMMENT 'Assert id',
  `assert_type` varchar(20) DEFAULT NULL COMMENT 'Assert type',
  `assert_data` text COMMENT 'Assert additional data',
  PRIMARY KEY (`assert_id`)
) ENGINE=InnoDB DEFAULT CHARSET=utf8 COMMENT='Api ACL Asserts';

--
-- Dumping data for table `api_assert`
--


--
-- Table structure for table `api_role`
--

CREATE TABLE `api_role` (
  `role_id` int(10) unsigned NOT NULL AUTO_INCREMENT COMMENT 'Role id',
  `parent_id` int(10) unsigned NOT NULL DEFAULT '0' COMMENT 'Parent role id',
  `tree_level` smallint(5) unsigned NOT NULL DEFAULT '0' COMMENT 'Role level in tree',
  `sort_order` smallint(5) unsigned NOT NULL DEFAULT '0' COMMENT 'Sort order to display on admin area',
  `role_type` varchar(1) NOT NULL DEFAULT '0' COMMENT 'Role type',
  `user_id` int(10) unsigned NOT NULL DEFAULT '0' COMMENT 'User id',
  `role_name` varchar(50) DEFAULT NULL COMMENT 'Role name',
  PRIMARY KEY (`role_id`),
  KEY `IDX_API_ROLE_PARENT_ID_SORT_ORDER` (`parent_id`,`sort_order`),
  KEY `IDX_API_ROLE_TREE_LEVEL` (`tree_level`)
) ENGINE=InnoDB DEFAULT CHARSET=utf8 COMMENT='Api ACL Roles';

--
-- Dumping data for table `api_role`
--


--
-- Table structure for table `api_rule`
--

CREATE TABLE `api_rule` (
  `rule_id` int(10) unsigned NOT NULL AUTO_INCREMENT COMMENT 'Api rule Id',
  `role_id` int(10) unsigned NOT NULL DEFAULT '0' COMMENT 'Api role Id',
  `resource_id` varchar(255) DEFAULT NULL COMMENT 'Module code',
  `api_privileges` varchar(20) DEFAULT NULL COMMENT 'Privileges',
  `assert_id` int(10) unsigned NOT NULL DEFAULT '0' COMMENT 'Assert id',
  `role_type` varchar(1) DEFAULT NULL COMMENT 'Role type',
  `api_permission` varchar(10) DEFAULT NULL COMMENT 'Permission',
  PRIMARY KEY (`rule_id`),
  KEY `IDX_API_RULE_RESOURCE_ID_ROLE_ID` (`resource_id`,`role_id`),
  KEY `IDX_API_RULE_ROLE_ID_RESOURCE_ID` (`role_id`,`resource_id`),
  CONSTRAINT `FK_API_RULE_ROLE_ID_API_ROLE_ROLE_ID` FOREIGN KEY (`role_id`) REFERENCES `api_role` (`role_id`) ON DELETE CASCADE ON UPDATE CASCADE
) ENGINE=InnoDB DEFAULT CHARSET=utf8 COMMENT='Api ACL Rules';

--
-- Dumping data for table `api_rule`
--


--
-- Table structure for table `api_session`
--

CREATE TABLE `api_session` (
  `user_id` int(10) unsigned NOT NULL COMMENT 'User id',
  `logdate` timestamp NOT NULL DEFAULT CURRENT_TIMESTAMP ON UPDATE CURRENT_TIMESTAMP COMMENT 'Login date',
  `sessid` varchar(40) DEFAULT NULL COMMENT 'Sessioin id',
  KEY `IDX_API_SESSION_USER_ID` (`user_id`),
  KEY `IDX_API_SESSION_SESSID` (`sessid`),
  CONSTRAINT `FK_API_SESSION_USER_ID_API_USER_USER_ID` FOREIGN KEY (`user_id`) REFERENCES `api_user` (`user_id`) ON DELETE CASCADE ON UPDATE CASCADE
) ENGINE=InnoDB DEFAULT CHARSET=utf8 COMMENT='Api Sessions';

--
-- Dumping data for table `api_session`
--


--
-- Table structure for table `api_user`
--

CREATE TABLE `api_user` (
  `user_id` int(10) unsigned NOT NULL AUTO_INCREMENT COMMENT 'User id',
  `firstname` varchar(32) DEFAULT NULL COMMENT 'First name',
  `lastname` varchar(32) DEFAULT NULL COMMENT 'Last name',
  `email` varchar(128) DEFAULT NULL COMMENT 'Email',
  `username` varchar(40) DEFAULT NULL COMMENT 'Nickname',
  `api_key` varchar(100) DEFAULT NULL COMMENT 'Api key',
  `created` timestamp NOT NULL DEFAULT CURRENT_TIMESTAMP ON UPDATE CURRENT_TIMESTAMP COMMENT 'User record create date',
  `modified` timestamp NULL DEFAULT NULL COMMENT 'User record modify date',
  `lognum` smallint(5) unsigned NOT NULL DEFAULT '0' COMMENT 'Quantity of log ins',
  `reload_acl_flag` smallint(6) NOT NULL DEFAULT '0' COMMENT 'Refresh ACL flag',
  `is_active` smallint(6) NOT NULL DEFAULT '1' COMMENT 'Account status',
  PRIMARY KEY (`user_id`)
) ENGINE=InnoDB DEFAULT CHARSET=utf8 COMMENT='Api Users';

--
-- Dumping data for table `api_user`
--


--
-- Table structure for table `captcha_log`
--

CREATE TABLE `captcha_log` (
  `type` varchar(32) NOT NULL COMMENT 'Type',
  `value` varchar(32) NOT NULL COMMENT 'Value',
  `count` int(10) unsigned NOT NULL DEFAULT '0' COMMENT 'Count',
  `updated_at` timestamp NULL DEFAULT NULL COMMENT 'Update Time',
  PRIMARY KEY (`type`,`value`)
) ENGINE=InnoDB DEFAULT CHARSET=utf8 COMMENT='Count Login Attempts';

--
-- Dumping data for table `captcha_log`
--


--
-- Table structure for table `catalog_category_anc_categs_index_idx`
--

CREATE TABLE `catalog_category_anc_categs_index_idx` (
  `category_id` int(10) unsigned NOT NULL DEFAULT '0' COMMENT 'Category ID',
  `path` varchar(255) DEFAULT NULL COMMENT 'Path',
  KEY `IDX_CATALOG_CATEGORY_ANC_CATEGS_INDEX_IDX_CATEGORY_ID` (`category_id`),
  KEY `IDX_CATALOG_CATEGORY_ANC_CATEGS_INDEX_IDX_PATH_CATEGORY_ID` (`path`,`category_id`)
) ENGINE=InnoDB DEFAULT CHARSET=utf8 COMMENT='Catalog Category Anchor Indexer Index Table';

--
-- Dumping data for table `catalog_category_anc_categs_index_idx`
--


--
-- Table structure for table `catalog_category_anc_categs_index_tmp`
--

CREATE TABLE `catalog_category_anc_categs_index_tmp` (
  `category_id` int(10) unsigned NOT NULL DEFAULT '0' COMMENT 'Category ID',
  `path` varchar(255) DEFAULT NULL COMMENT 'Path',
  KEY `IDX_CATALOG_CATEGORY_ANC_CATEGS_INDEX_TMP_CATEGORY_ID` (`category_id`),
  KEY `IDX_CATALOG_CATEGORY_ANC_CATEGS_INDEX_TMP_PATH_CATEGORY_ID` (`path`,`category_id`)
) ENGINE=MEMORY DEFAULT CHARSET=utf8 COMMENT='Catalog Category Anchor Indexer Temp Table';

--
-- Dumping data for table `catalog_category_anc_categs_index_tmp`
--


--
-- Table structure for table `catalog_category_anc_products_index_idx`
--

CREATE TABLE `catalog_category_anc_products_index_idx` (
  `category_id` int(10) unsigned NOT NULL DEFAULT '0' COMMENT 'Category ID',
  `product_id` int(10) unsigned NOT NULL DEFAULT '0' COMMENT 'Product ID',
  `position` int(10) unsigned DEFAULT NULL COMMENT 'Position',
  KEY `IDX_CAT_CTGR_ANC_PRDS_IDX_IDX_CTGR_ID_PRD_ID_POSITION` (`category_id`,`product_id`,`position`)
) ENGINE=InnoDB DEFAULT CHARSET=utf8 COMMENT='Catalog Category Anchor Product Indexer Index Table';

--
-- Dumping data for table `catalog_category_anc_products_index_idx`
--


--
-- Table structure for table `catalog_category_anc_products_index_tmp`
--

CREATE TABLE `catalog_category_anc_products_index_tmp` (
  `category_id` int(10) unsigned NOT NULL DEFAULT '0' COMMENT 'Category ID',
  `product_id` int(10) unsigned NOT NULL DEFAULT '0' COMMENT 'Product ID',
  `position` int(10) unsigned DEFAULT NULL COMMENT 'Position',
  KEY `IDX_CAT_CTGR_ANC_PRDS_IDX_TMP_CTGR_ID_PRD_ID_POSITION` (`category_id`,`product_id`,`position`)
) ENGINE=MEMORY DEFAULT CHARSET=utf8 COMMENT='Catalog Category Anchor Product Indexer Temp Table';

--
-- Dumping data for table `catalog_category_anc_products_index_tmp`
--


--
-- Table structure for table `catalog_category_entity`
--

CREATE TABLE `catalog_category_entity` (
  `entity_id` int(10) unsigned NOT NULL AUTO_INCREMENT COMMENT 'Entity ID',
  `entity_type_id` smallint(5) unsigned NOT NULL DEFAULT '0' COMMENT 'Entity Type ID',
  `attribute_set_id` smallint(5) unsigned NOT NULL DEFAULT '0' COMMENT 'Attriute Set ID',
  `parent_id` int(10) unsigned NOT NULL DEFAULT '0' COMMENT 'Parent Category ID',
  `created_at` timestamp NULL DEFAULT NULL COMMENT 'Creation Time',
  `updated_at` timestamp NULL DEFAULT NULL COMMENT 'Update Time',
  `path` varchar(255) NOT NULL COMMENT 'Tree Path',
  `position` int(11) NOT NULL COMMENT 'Position',
  `level` int(11) NOT NULL DEFAULT '0' COMMENT 'Tree Level',
  `children_count` int(11) NOT NULL COMMENT 'Child Count',
  PRIMARY KEY (`entity_id`),
  KEY `IDX_CATALOG_CATEGORY_ENTITY_LEVEL` (`level`),
  KEY `IDX_CATALOG_CATEGORY_ENTITY_PATH_ENTITY_ID` (`path`,`entity_id`)
) ENGINE=InnoDB AUTO_INCREMENT=41 DEFAULT CHARSET=utf8 COMMENT='Catalog Category Table';

--
-- Dumping data for table `catalog_category_entity`
--

INSERT INTO `catalog_category_entity` VALUES (1,3,0,0,'2013-01-14 10:12:53','2013-01-14 10:12:53','1',0,0,28),(2,3,3,1,'2013-01-14 10:12:53','2013-05-15 22:43:57','1/2',1,1,27),(4,3,3,2,'2013-01-25 10:43:31','2013-05-15 22:50:23','1/2/4',2,2,4),(5,3,3,2,'2013-01-25 10:44:47','2013-05-08 05:20:07','1/2/5',3,2,5),(6,3,3,2,'2013-01-25 10:47:41','2013-12-25 12:28:34','1/2/6',4,2,4),(7,3,3,2,'2013-01-25 10:49:05','2013-05-08 05:26:34','1/2/7',5,2,4),(8,3,3,2,'2013-01-25 10:49:50','2013-05-15 22:49:33','1/2/8',6,2,4),(9,3,3,2,'2013-01-25 10:50:47','2013-05-10 17:17:59','1/2/9',7,2,0),(10,3,3,4,'2013-01-25 10:56:08','2014-03-07 15:01:55','1/2/4/10',1,3,0),(11,3,3,4,'2013-01-25 10:57:32','2013-05-15 22:51:02','1/2/4/11',2,3,0),(12,3,3,4,'2013-01-25 10:58:32','2013-05-06 04:11:20','1/2/4/12',3,3,0),(13,3,3,4,'2013-01-25 10:59:21','2013-03-05 04:45:24','1/2/4/13',4,3,0),(14,3,3,5,'2013-01-25 11:01:03','2013-05-06 04:12:42','1/2/5/14',1,3,0),(15,3,3,5,'2013-01-25 11:01:28','2013-04-17 22:21:20','1/2/5/15',2,3,0),(16,3,3,5,'2013-01-25 11:03:19','2013-04-16 08:52:47','1/2/5/16',3,3,0),(17,3,3,5,'2013-01-25 11:03:48','2013-03-05 07:15:31','1/2/5/17',4,3,0),(18,3,3,6,'2013-01-25 11:04:27','2013-03-05 07:16:27','1/2/6/18',1,3,0),(19,3,3,6,'2013-01-25 11:05:03','2013-03-05 07:16:42','1/2/6/19',2,3,0),(20,3,3,6,'2013-01-25 11:06:05','2013-05-08 05:21:45','1/2/6/20',3,3,0),(21,3,3,6,'2013-01-25 11:07:12','2013-03-05 07:17:10','1/2/6/21',4,3,0),(22,3,3,7,'2013-01-25 11:07:52','2013-05-16 20:06:14','1/2/7/22',1,3,0),(23,3,3,7,'2013-01-25 11:08:31','2013-03-05 07:17:38','1/2/7/23',2,3,0),(24,3,3,7,'2013-01-25 11:08:54','2013-03-08 19:27:16','1/2/7/24',3,3,0),(25,3,3,7,'2013-01-25 11:10:06','2013-03-29 22:54:12','1/2/7/25',4,3,0),(26,3,3,8,'2013-01-25 11:10:39','2013-05-06 04:17:00','1/2/8/26',1,3,0),(27,3,3,8,'2013-01-25 11:11:07','2013-05-06 04:17:12','1/2/8/27',2,3,0),(28,3,3,8,'2013-01-25 11:11:31','2013-05-06 04:17:24','1/2/8/28',3,3,0),(29,3,3,8,'2013-01-25 11:12:07','2013-05-06 04:17:34','1/2/8/29',4,3,0),(40,3,3,5,'2013-03-12 03:18:58','2013-03-12 03:18:58','1/2/5/40',5,3,0);

--
-- Table structure for table `catalog_category_entity_datetime`
--

CREATE TABLE `catalog_category_entity_datetime` (
  `value_id` int(11) NOT NULL AUTO_INCREMENT COMMENT 'Value ID',
  `entity_type_id` smallint(5) unsigned NOT NULL DEFAULT '0' COMMENT 'Entity Type ID',
  `attribute_id` smallint(5) unsigned NOT NULL DEFAULT '0' COMMENT 'Attribute ID',
  `store_id` smallint(5) unsigned NOT NULL DEFAULT '0' COMMENT 'Store ID',
  `entity_id` int(10) unsigned NOT NULL DEFAULT '0' COMMENT 'Entity ID',
  `value` datetime DEFAULT NULL COMMENT 'Value',
  PRIMARY KEY (`value_id`),
  UNIQUE KEY `UNQ_CAT_CTGR_ENTT_DTIME_ENTT_TYPE_ID_ENTT_ID_ATTR_ID_STORE_ID` (`entity_type_id`,`entity_id`,`attribute_id`,`store_id`),
  KEY `IDX_CATALOG_CATEGORY_ENTITY_DATETIME_ENTITY_ID` (`entity_id`),
  KEY `IDX_CATALOG_CATEGORY_ENTITY_DATETIME_ATTRIBUTE_ID` (`attribute_id`),
  KEY `IDX_CATALOG_CATEGORY_ENTITY_DATETIME_STORE_ID` (`store_id`),
  CONSTRAINT `FK_CATALOG_CATEGORY_ENTITY_DATETIME_STORE_ID_CORE_STORE_STORE_ID` FOREIGN KEY (`store_id`) REFERENCES `core_store` (`store_id`) ON DELETE CASCADE ON UPDATE CASCADE,
  CONSTRAINT `FK_CAT_CTGR_ENTT_DTIME_ATTR_ID_EAV_ATTR_ATTR_ID` FOREIGN KEY (`attribute_id`) REFERENCES `eav_attribute` (`attribute_id`) ON DELETE CASCADE ON UPDATE CASCADE,
  CONSTRAINT `FK_CAT_CTGR_ENTT_DTIME_ENTT_ID_CAT_CTGR_ENTT_ENTT_ID` FOREIGN KEY (`entity_id`) REFERENCES `catalog_category_entity` (`entity_id`) ON DELETE CASCADE ON UPDATE CASCADE
) ENGINE=InnoDB AUTO_INCREMENT=261 DEFAULT CHARSET=utf8 COMMENT='Catalog Category Datetime Attribute Backend Table';

--
-- Dumping data for table `catalog_category_entity_datetime`
--

INSERT INTO `catalog_category_entity_datetime` VALUES (3,3,59,0,4,NULL),(4,3,60,0,4,NULL),(5,3,59,0,5,NULL),(6,3,60,0,5,NULL),(7,3,59,0,6,NULL),(8,3,60,0,6,NULL),(9,3,59,0,7,NULL),(10,3,60,0,7,NULL),(11,3,59,0,8,NULL),(12,3,60,0,8,NULL),(13,3,59,0,9,NULL),(14,3,60,0,9,NULL),(15,3,59,0,10,NULL),(16,3,60,0,10,NULL),(17,3,59,0,11,NULL),(18,3,60,0,11,NULL),(19,3,59,0,12,NULL),(20,3,60,0,12,NULL),(21,3,59,0,13,NULL),(22,3,60,0,13,NULL),(23,3,59,0,14,NULL),(24,3,60,0,14,NULL),(25,3,59,0,15,NULL),(26,3,60,0,15,NULL),(27,3,59,0,16,NULL),(28,3,60,0,16,NULL),(29,3,59,0,17,NULL),(30,3,60,0,17,NULL),(31,3,59,0,18,NULL),(32,3,60,0,18,NULL),(33,3,59,0,19,NULL),(34,3,60,0,19,NULL),(35,3,59,0,20,NULL),(36,3,60,0,20,NULL),(37,3,59,0,21,NULL),(38,3,60,0,21,NULL),(39,3,59,0,22,NULL),(40,3,60,0,22,NULL),(41,3,59,0,23,NULL),(42,3,60,0,23,NULL),(43,3,59,0,24,NULL),(44,3,60,0,24,NULL),(45,3,59,0,25,NULL),(46,3,60,0,25,NULL),(47,3,59,0,26,NULL),(48,3,60,0,26,NULL),(49,3,59,0,27,NULL),(50,3,60,0,27,NULL),(51,3,59,0,28,NULL),(52,3,60,0,28,NULL),(53,3,59,0,29,NULL),(54,3,60,0,29,NULL),(99,3,59,0,2,NULL),(100,3,60,0,2,NULL),(259,3,59,0,40,NULL),(260,3,60,0,40,NULL);

--
-- Table structure for table `catalog_category_entity_decimal`
--

CREATE TABLE `catalog_category_entity_decimal` (
  `value_id` int(11) NOT NULL AUTO_INCREMENT COMMENT 'Value ID',
  `entity_type_id` smallint(5) unsigned NOT NULL DEFAULT '0' COMMENT 'Entity Type ID',
  `attribute_id` smallint(5) unsigned NOT NULL DEFAULT '0' COMMENT 'Attribute ID',
  `store_id` smallint(5) unsigned NOT NULL DEFAULT '0' COMMENT 'Store ID',
  `entity_id` int(10) unsigned NOT NULL DEFAULT '0' COMMENT 'Entity ID',
  `value` decimal(12,4) DEFAULT NULL COMMENT 'Value',
  PRIMARY KEY (`value_id`),
  UNIQUE KEY `UNQ_CAT_CTGR_ENTT_DEC_ENTT_TYPE_ID_ENTT_ID_ATTR_ID_STORE_ID` (`entity_type_id`,`entity_id`,`attribute_id`,`store_id`),
  KEY `IDX_CATALOG_CATEGORY_ENTITY_DECIMAL_ENTITY_ID` (`entity_id`),
  KEY `IDX_CATALOG_CATEGORY_ENTITY_DECIMAL_ATTRIBUTE_ID` (`attribute_id`),
  KEY `IDX_CATALOG_CATEGORY_ENTITY_DECIMAL_STORE_ID` (`store_id`),
  CONSTRAINT `FK_CATALOG_CATEGORY_ENTITY_DECIMAL_STORE_ID_CORE_STORE_STORE_ID` FOREIGN KEY (`store_id`) REFERENCES `core_store` (`store_id`) ON DELETE CASCADE ON UPDATE CASCADE,
  CONSTRAINT `FK_CAT_CTGR_ENTT_DEC_ATTR_ID_EAV_ATTR_ATTR_ID` FOREIGN KEY (`attribute_id`) REFERENCES `eav_attribute` (`attribute_id`) ON DELETE CASCADE ON UPDATE CASCADE,
  CONSTRAINT `FK_CAT_CTGR_ENTT_DEC_ENTT_ID_CAT_CTGR_ENTT_ENTT_ID` FOREIGN KEY (`entity_id`) REFERENCES `catalog_category_entity` (`entity_id`) ON DELETE CASCADE ON UPDATE CASCADE
) ENGINE=InnoDB AUTO_INCREMENT=40 DEFAULT CHARSET=utf8 COMMENT='Catalog Category Decimal Attribute Backend Table';

--
-- Dumping data for table `catalog_category_entity_decimal`
--

INSERT INTO `catalog_category_entity_decimal` VALUES (2,3,70,0,4,NULL),(3,3,70,0,5,NULL),(4,3,70,0,6,NULL),(5,3,70,0,7,NULL),(6,3,70,0,8,NULL),(7,3,70,0,9,NULL),(8,3,70,0,10,NULL),(9,3,70,0,11,NULL),(10,3,70,0,12,NULL),(11,3,70,0,13,NULL),(12,3,70,0,14,NULL),(13,3,70,0,15,NULL),(14,3,70,0,16,NULL),(15,3,70,0,17,NULL),(16,3,70,0,18,NULL),(17,3,70,0,19,NULL),(18,3,70,0,20,NULL),(19,3,70,0,21,NULL),(20,3,70,0,22,NULL),(21,3,70,0,23,NULL),(22,3,70,0,24,NULL),(23,3,70,0,25,NULL),(24,3,70,0,26,NULL),(25,3,70,0,27,NULL),(26,3,70,0,28,NULL),(27,3,70,0,29,NULL),(35,3,70,0,2,NULL),(39,3,70,0,40,NULL);

--
-- Table structure for table `catalog_category_entity_int`
--

CREATE TABLE `catalog_category_entity_int` (
  `value_id` int(11) NOT NULL AUTO_INCREMENT COMMENT 'Value ID',
  `entity_type_id` smallint(5) unsigned NOT NULL DEFAULT '0' COMMENT 'Entity Type ID',
  `attribute_id` smallint(5) unsigned NOT NULL DEFAULT '0' COMMENT 'Attribute ID',
  `store_id` smallint(5) unsigned NOT NULL DEFAULT '0' COMMENT 'Store ID',
  `entity_id` int(10) unsigned NOT NULL DEFAULT '0' COMMENT 'Entity ID',
  `value` int(11) DEFAULT NULL COMMENT 'Value',
  PRIMARY KEY (`value_id`),
  UNIQUE KEY `UNQ_CAT_CTGR_ENTT_INT_ENTT_TYPE_ID_ENTT_ID_ATTR_ID_STORE_ID` (`entity_type_id`,`entity_id`,`attribute_id`,`store_id`),
  KEY `IDX_CATALOG_CATEGORY_ENTITY_INT_ENTITY_ID` (`entity_id`),
  KEY `IDX_CATALOG_CATEGORY_ENTITY_INT_ATTRIBUTE_ID` (`attribute_id`),
  KEY `IDX_CATALOG_CATEGORY_ENTITY_INT_STORE_ID` (`store_id`),
  CONSTRAINT `FK_CATALOG_CATEGORY_ENTITY_INT_STORE_ID_CORE_STORE_STORE_ID` FOREIGN KEY (`store_id`) REFERENCES `core_store` (`store_id`) ON DELETE CASCADE ON UPDATE CASCADE,
  CONSTRAINT `FK_CAT_CTGR_ENTT_INT_ATTR_ID_EAV_ATTR_ATTR_ID` FOREIGN KEY (`attribute_id`) REFERENCES `eav_attribute` (`attribute_id`) ON DELETE CASCADE ON UPDATE CASCADE,
  CONSTRAINT `FK_CAT_CTGR_ENTT_INT_ENTT_ID_CAT_CTGR_ENTT_ENTT_ID` FOREIGN KEY (`entity_id`) REFERENCES `catalog_category_entity` (`entity_id`) ON DELETE CASCADE ON UPDATE CASCADE
) ENGINE=InnoDB AUTO_INCREMENT=330 DEFAULT CHARSET=utf8 COMMENT='Catalog Category Integer Attribute Backend Table';

--
-- Dumping data for table `catalog_category_entity_int`
--

INSERT INTO `catalog_category_entity_int` VALUES (1,3,67,0,1,1),(2,3,67,1,1,1),(3,3,42,0,2,1),(4,3,67,0,2,1),(5,3,42,1,2,1),(6,3,67,1,2,1),(13,3,42,0,4,1),(14,3,67,0,4,1),(15,3,50,0,4,27),(16,3,51,0,4,1),(17,3,68,0,4,0),(18,3,69,0,4,0),(19,3,42,0,5,1),(20,3,67,0,5,1),(21,3,50,0,5,24),(22,3,51,0,5,1),(23,3,68,0,5,0),(24,3,69,0,5,0),(25,3,42,0,6,1),(26,3,67,0,6,1),(27,3,50,0,6,17),(28,3,51,0,6,1),(29,3,68,0,6,0),(30,3,69,0,6,0),(31,3,42,0,7,1),(32,3,67,0,7,1),(33,3,50,0,7,21),(34,3,51,0,7,1),(35,3,68,0,7,0),(36,3,69,0,7,0),(37,3,42,0,8,1),(38,3,67,0,8,1),(39,3,50,0,8,NULL),(40,3,51,0,8,1),(41,3,68,0,8,0),(42,3,69,0,8,0),(43,3,42,0,9,1),(44,3,67,0,9,1),(45,3,50,0,9,31),(46,3,51,0,9,1),(47,3,68,0,9,0),(48,3,69,0,9,0),(49,3,42,0,10,1),(50,3,67,0,10,1),(51,3,50,0,10,NULL),(52,3,51,0,10,1),(53,3,68,0,10,0),(54,3,69,0,10,0),(55,3,42,0,11,1),(56,3,67,0,11,1),(57,3,50,0,11,NULL),(58,3,51,0,11,1),(59,3,68,0,11,0),(60,3,69,0,11,0),(61,3,42,0,12,1),(62,3,67,0,12,1),(63,3,50,0,12,NULL),(64,3,51,0,12,1),(65,3,68,0,12,0),(66,3,69,0,12,0),(67,3,42,0,13,1),(68,3,67,0,13,1),(69,3,50,0,13,NULL),(70,3,51,0,13,1),(71,3,68,0,13,0),(72,3,69,0,13,0),(73,3,42,0,14,1),(74,3,67,0,14,1),(75,3,50,0,14,NULL),(76,3,51,0,14,1),(77,3,68,0,14,0),(78,3,69,0,14,0),(79,3,42,0,15,1),(80,3,67,0,15,1),(81,3,50,0,15,NULL),(82,3,51,0,15,1),(83,3,68,0,15,0),(84,3,69,0,15,0),(85,3,42,0,16,1),(86,3,67,0,16,1),(87,3,50,0,16,NULL),(88,3,51,0,16,1),(89,3,68,0,16,0),(90,3,69,0,16,0),(91,3,42,0,17,1),(92,3,67,0,17,1),(93,3,50,0,17,NULL),(94,3,51,0,17,1),(95,3,68,0,17,0),(96,3,69,0,17,0),(97,3,42,0,18,1),(98,3,67,0,18,1),(99,3,50,0,18,NULL),(100,3,51,0,18,1),(101,3,68,0,18,0),(102,3,69,0,18,0),(103,3,42,0,19,1),(104,3,67,0,19,1),(105,3,50,0,19,NULL),(106,3,51,0,19,1),(107,3,68,0,19,0),(108,3,69,0,19,0),(109,3,42,0,20,1),(110,3,67,0,20,1),(111,3,50,0,20,NULL),(112,3,51,0,20,1),(113,3,68,0,20,0),(114,3,69,0,20,0),(115,3,42,0,21,1),(116,3,67,0,21,1),(117,3,50,0,21,NULL),(118,3,51,0,21,1),(119,3,68,0,21,0),(120,3,69,0,21,0),(121,3,42,0,22,1),(122,3,67,0,22,1),(123,3,50,0,22,NULL),(124,3,51,0,22,1),(125,3,68,0,22,0),(126,3,69,0,22,0),(127,3,42,0,23,1),(128,3,67,0,23,1),(129,3,50,0,23,NULL),(130,3,51,0,23,1),(131,3,68,0,23,0),(132,3,69,0,23,0),(133,3,42,0,24,1),(134,3,67,0,24,1),(135,3,50,0,24,NULL),(136,3,51,0,24,1),(137,3,68,0,24,0),(138,3,69,0,24,0),(139,3,42,0,25,1),(140,3,67,0,25,1),(141,3,50,0,25,NULL),(142,3,51,0,25,1),(143,3,68,0,25,0),(144,3,69,0,25,0),(145,3,42,0,26,1),(146,3,67,0,26,1),(147,3,50,0,26,NULL),(148,3,51,0,26,1),(149,3,68,0,26,0),(150,3,69,0,26,0),(151,3,42,0,27,1),(152,3,67,0,27,1),(153,3,50,0,27,NULL),(154,3,51,0,27,1),(155,3,68,0,27,0),(156,3,69,0,27,0),(157,3,42,0,28,1),(158,3,67,0,28,1),(159,3,50,0,28,NULL),(160,3,51,0,28,1),(161,3,68,0,28,0),(162,3,69,0,28,0),(163,3,42,0,29,1),(164,3,67,0,29,1),(165,3,50,0,29,NULL),(166,3,51,0,29,1),(167,3,68,0,29,0),(168,3,69,0,29,0),(226,3,50,0,2,19),(227,3,51,0,2,0),(228,3,69,0,2,0),(324,3,42,0,40,1),(325,3,67,0,40,1),(326,3,50,0,40,NULL),(327,3,51,0,40,0),(328,3,68,0,40,0),(329,3,69,0,40,0);

--
-- Table structure for table `catalog_category_entity_text`
--

CREATE TABLE `catalog_category_entity_text` (
  `value_id` int(11) NOT NULL AUTO_INCREMENT COMMENT 'Value ID',
  `entity_type_id` smallint(5) unsigned NOT NULL DEFAULT '0' COMMENT 'Entity Type ID',
  `attribute_id` smallint(5) unsigned NOT NULL DEFAULT '0' COMMENT 'Attribute ID',
  `store_id` smallint(5) unsigned NOT NULL DEFAULT '0' COMMENT 'Store ID',
  `entity_id` int(10) unsigned NOT NULL DEFAULT '0' COMMENT 'Entity ID',
  `value` text COMMENT 'Value',
  PRIMARY KEY (`value_id`),
  UNIQUE KEY `UNQ_CAT_CTGR_ENTT_TEXT_ENTT_TYPE_ID_ENTT_ID_ATTR_ID_STORE_ID` (`entity_type_id`,`entity_id`,`attribute_id`,`store_id`),
  KEY `IDX_CATALOG_CATEGORY_ENTITY_TEXT_ENTITY_ID` (`entity_id`),
  KEY `IDX_CATALOG_CATEGORY_ENTITY_TEXT_ATTRIBUTE_ID` (`attribute_id`),
  KEY `IDX_CATALOG_CATEGORY_ENTITY_TEXT_STORE_ID` (`store_id`),
  CONSTRAINT `FK_CATALOG_CATEGORY_ENTITY_TEXT_STORE_ID_CORE_STORE_STORE_ID` FOREIGN KEY (`store_id`) REFERENCES `core_store` (`store_id`) ON DELETE CASCADE ON UPDATE CASCADE,
  CONSTRAINT `FK_CAT_CTGR_ENTT_TEXT_ATTR_ID_EAV_ATTR_ATTR_ID` FOREIGN KEY (`attribute_id`) REFERENCES `eav_attribute` (`attribute_id`) ON DELETE CASCADE ON UPDATE CASCADE,
  CONSTRAINT `FK_CAT_CTGR_ENTT_TEXT_ENTT_ID_CAT_CTGR_ENTT_ENTT_ID` FOREIGN KEY (`entity_id`) REFERENCES `catalog_category_entity` (`entity_id`) ON DELETE CASCADE ON UPDATE CASCADE
) ENGINE=InnoDB AUTO_INCREMENT=655 DEFAULT CHARSET=utf8 COMMENT='Catalog Category Text Attribute Backend Table';

--
-- Dumping data for table `catalog_category_entity_text`
--

INSERT INTO `catalog_category_entity_text` VALUES (1,3,65,0,1,NULL),(2,3,65,1,1,NULL),(3,3,65,0,2,NULL),(10,3,44,0,4,NULL),(11,3,47,0,4,NULL),(12,3,48,0,4,NULL),(13,3,62,0,4,'<reference>\r\n<remove name=\"right.poll\"/>\r\n</reference>'),(14,3,65,0,4,NULL),(15,3,44,0,5,NULL),(16,3,47,0,5,NULL),(17,3,48,0,5,NULL),(18,3,62,0,5,NULL),(19,3,65,0,5,NULL),(20,3,44,0,6,NULL),(21,3,47,0,6,NULL),(22,3,48,0,6,NULL),(23,3,62,0,6,NULL),(24,3,65,0,6,NULL),(25,3,44,0,7,NULL),(26,3,47,0,7,NULL),(27,3,48,0,7,NULL),(28,3,62,0,7,NULL),(29,3,65,0,7,NULL),(30,3,44,0,8,NULL),(31,3,47,0,8,NULL),(32,3,48,0,8,NULL),(33,3,62,0,8,'<reference>\r\n<remove name=\"right.poll\"/>\r\n</reference>'),(34,3,65,0,8,NULL),(35,3,44,0,9,NULL),(36,3,47,0,9,NULL),(37,3,48,0,9,NULL),(38,3,62,0,9,NULL),(39,3,65,0,9,NULL),(40,3,44,0,10,NULL),(41,3,47,0,10,NULL),(42,3,48,0,10,NULL),(43,3,62,0,10,NULL),(44,3,65,0,10,NULL),(45,3,44,0,11,NULL),(46,3,47,0,11,NULL),(47,3,48,0,11,NULL),(48,3,62,0,11,NULL),(49,3,65,0,11,NULL),(50,3,44,0,12,NULL),(51,3,47,0,12,NULL),(52,3,48,0,12,NULL),(53,3,62,0,12,NULL),(54,3,65,0,12,NULL),(55,3,44,0,13,NULL),(56,3,47,0,13,NULL),(57,3,48,0,13,NULL),(58,3,62,0,13,NULL),(59,3,65,0,13,NULL),(60,3,44,0,14,NULL),(61,3,47,0,14,NULL),(62,3,48,0,14,NULL),(63,3,62,0,14,NULL),(64,3,65,0,14,NULL),(65,3,44,0,15,NULL),(66,3,47,0,15,NULL),(67,3,48,0,15,NULL),(68,3,62,0,15,NULL),(69,3,65,0,15,NULL),(70,3,44,0,16,NULL),(71,3,47,0,16,NULL),(72,3,48,0,16,NULL),(73,3,62,0,16,NULL),(74,3,65,0,16,NULL),(75,3,44,0,17,NULL),(76,3,47,0,17,NULL),(77,3,48,0,17,NULL),(78,3,62,0,17,NULL),(79,3,65,0,17,NULL),(80,3,44,0,18,NULL),(81,3,47,0,18,NULL),(82,3,48,0,18,NULL),(83,3,62,0,18,NULL),(84,3,65,0,18,NULL),(85,3,44,0,19,NULL),(86,3,47,0,19,NULL),(87,3,48,0,19,NULL),(88,3,62,0,19,NULL),(89,3,65,0,19,NULL),(90,3,44,0,20,NULL),(91,3,47,0,20,NULL),(92,3,48,0,20,NULL),(93,3,62,0,20,NULL),(94,3,65,0,20,NULL),(95,3,44,0,21,NULL),(96,3,47,0,21,NULL),(97,3,48,0,21,NULL),(98,3,62,0,21,NULL),(99,3,65,0,21,NULL),(100,3,44,0,22,NULL),(101,3,47,0,22,NULL),(102,3,48,0,22,NULL),(103,3,62,0,22,NULL),(104,3,65,0,22,NULL),(105,3,44,0,23,NULL),(106,3,47,0,23,NULL),(107,3,48,0,23,NULL),(108,3,62,0,23,NULL),(109,3,65,0,23,NULL),(110,3,44,0,24,NULL),(111,3,47,0,24,NULL),(112,3,48,0,24,NULL),(113,3,62,0,24,NULL),(114,3,65,0,24,NULL),(115,3,44,0,25,NULL),(116,3,47,0,25,NULL),(117,3,48,0,25,NULL),(118,3,62,0,25,NULL),(119,3,65,0,25,NULL),(120,3,44,0,26,NULL),(121,3,47,0,26,NULL),(122,3,48,0,26,NULL),(123,3,62,0,26,NULL),(124,3,65,0,26,NULL),(125,3,44,0,27,NULL),(126,3,47,0,27,NULL),(127,3,48,0,27,NULL),(128,3,62,0,27,NULL),(129,3,65,0,27,NULL),(130,3,44,0,28,NULL),(131,3,47,0,28,NULL),(132,3,48,0,28,NULL),(133,3,62,0,28,NULL),(134,3,65,0,28,NULL),(135,3,44,0,29,NULL),(136,3,47,0,29,NULL),(137,3,48,0,29,NULL),(138,3,62,0,29,NULL),(139,3,65,0,29,NULL),(250,3,44,0,2,NULL),(251,3,47,0,2,NULL),(252,3,48,0,2,NULL),(253,3,62,0,2,NULL),(650,3,44,0,40,NULL),(651,3,47,0,40,NULL),(652,3,48,0,40,NULL),(653,3,62,0,40,NULL),(654,3,65,0,40,NULL);

--
-- Table structure for table `catalog_category_entity_varchar`
--

CREATE TABLE `catalog_category_entity_varchar` (
  `value_id` int(11) NOT NULL AUTO_INCREMENT COMMENT 'Value ID',
  `entity_type_id` smallint(5) unsigned NOT NULL DEFAULT '0' COMMENT 'Entity Type ID',
  `attribute_id` smallint(5) unsigned NOT NULL DEFAULT '0' COMMENT 'Attribute ID',
  `store_id` smallint(5) unsigned NOT NULL DEFAULT '0' COMMENT 'Store ID',
  `entity_id` int(10) unsigned NOT NULL DEFAULT '0' COMMENT 'Entity ID',
  `value` varchar(255) DEFAULT NULL COMMENT 'Value',
  PRIMARY KEY (`value_id`),
  UNIQUE KEY `UNQ_CAT_CTGR_ENTT_VCHR_ENTT_TYPE_ID_ENTT_ID_ATTR_ID_STORE_ID` (`entity_type_id`,`entity_id`,`attribute_id`,`store_id`),
  KEY `IDX_CATALOG_CATEGORY_ENTITY_VARCHAR_ENTITY_ID` (`entity_id`),
  KEY `IDX_CATALOG_CATEGORY_ENTITY_VARCHAR_ATTRIBUTE_ID` (`attribute_id`),
  KEY `IDX_CATALOG_CATEGORY_ENTITY_VARCHAR_STORE_ID` (`store_id`),
  CONSTRAINT `FK_CATALOG_CATEGORY_ENTITY_VARCHAR_STORE_ID_CORE_STORE_STORE_ID` FOREIGN KEY (`store_id`) REFERENCES `core_store` (`store_id`) ON DELETE CASCADE ON UPDATE CASCADE,
  CONSTRAINT `FK_CAT_CTGR_ENTT_VCHR_ATTR_ID_EAV_ATTR_ATTR_ID` FOREIGN KEY (`attribute_id`) REFERENCES `eav_attribute` (`attribute_id`) ON DELETE CASCADE ON UPDATE CASCADE,
  CONSTRAINT `FK_CAT_CTGR_ENTT_VCHR_ENTT_ID_CAT_CTGR_ENTT_ENTT_ID` FOREIGN KEY (`entity_id`) REFERENCES `catalog_category_entity` (`entity_id`) ON DELETE CASCADE ON UPDATE CASCADE
) ENGINE=InnoDB AUTO_INCREMENT=1046 DEFAULT CHARSET=utf8 COMMENT='Catalog Category Varchar Attribute Backend Table';

--
-- Dumping data for table `catalog_category_entity_varchar`
--

INSERT INTO `catalog_category_entity_varchar` VALUES (1,3,41,0,1,'Root Catalog'),(2,3,41,1,1,'Root Catalog'),(3,3,43,1,1,'root-catalog'),(4,3,41,0,2,'Default Category'),(5,3,41,1,2,'Default Category'),(7,3,43,1,2,'default-category'),(16,3,41,0,4,'Women'),(17,3,43,0,4,'women'),(18,3,46,0,4,NULL),(19,3,49,0,4,'PAGE'),(20,3,58,0,4,NULL),(21,3,61,0,4,'one_column'),(22,3,57,1,4,'women.html'),(23,3,57,0,4,'women.html'),(24,3,41,0,5,'Men'),(25,3,43,0,5,'men'),(26,3,46,0,5,NULL),(27,3,49,0,5,'PAGE'),(28,3,58,0,5,NULL),(29,3,61,0,5,'one_column'),(30,3,57,1,5,'men.html'),(31,3,57,0,5,'men.html'),(32,3,41,0,6,'Accessories'),(33,3,43,0,6,'accessories'),(34,3,46,0,6,NULL),(35,3,49,0,6,'PAGE'),(36,3,58,0,6,NULL),(37,3,61,0,6,'one_column'),(38,3,57,1,6,'accessories.html'),(39,3,57,0,6,'accessories.html'),(40,3,41,0,7,'Home & Decor'),(41,3,43,0,7,'home-decor'),(42,3,46,0,7,NULL),(43,3,49,0,7,'PAGE'),(44,3,58,0,7,NULL),(45,3,61,0,7,'one_column'),(46,3,57,1,7,'home-decor.html'),(47,3,57,0,7,'home-decor.html'),(48,3,41,0,8,'Sale'),(49,3,43,0,8,'sale'),(50,3,46,0,8,NULL),(51,3,49,0,8,'PRODUCTS'),(52,3,58,0,8,NULL),(53,3,61,0,8,'three_columns'),(54,3,57,1,8,'sale.html'),(55,3,57,0,8,'sale.html'),(56,3,41,0,9,'VIP'),(57,3,43,0,9,'vip'),(58,3,46,0,9,NULL),(59,3,49,0,9,'PRODUCTS_AND_PAGE'),(60,3,58,0,9,NULL),(61,3,61,0,9,'three_columns'),(62,3,57,1,9,'vip.html'),(63,3,57,0,9,'vip.html'),(64,3,41,0,10,'New Arrivals'),(65,3,43,0,10,'new-arrivals'),(66,3,46,0,10,NULL),(67,3,49,0,10,'PRODUCTS'),(68,3,58,0,10,NULL),(69,3,61,0,10,'three_columns'),(70,3,57,1,10,'women/new-arrivals.html'),(71,3,57,0,10,'women/new-arrivals.html'),(72,3,41,0,11,'Tops & Blouses'),(73,3,43,0,11,'tops-blouses'),(74,3,46,0,11,NULL),(75,3,49,0,11,'PRODUCTS'),(76,3,58,0,11,NULL),(77,3,61,0,11,'three_columns'),(78,3,57,1,11,'women/tops-blouses.html'),(79,3,57,0,11,'women/tops-blouses.html'),(80,3,41,0,12,'Pants & Denim'),(81,3,43,0,12,'pants-denim'),(82,3,46,0,12,NULL),(83,3,49,0,12,'PRODUCTS'),(84,3,58,0,12,NULL),(85,3,61,0,12,'three_columns'),(86,3,57,1,12,'women/pants-denim.html'),(87,3,57,0,12,'women/pants-denim.html'),(88,3,41,0,13,'Dresses & Skirts'),(89,3,43,0,13,'dresses-skirts'),(90,3,46,0,13,NULL),(91,3,49,0,13,'PRODUCTS'),(92,3,58,0,13,NULL),(93,3,61,0,13,'three_columns'),(94,3,57,1,13,'women/dresses-skirts.html'),(95,3,57,0,13,'women/dresses-skirts.html'),(96,3,41,0,14,'New Arrivals'),(97,3,43,0,14,'new-arrivals'),(98,3,46,0,14,NULL),(99,3,49,0,14,'PRODUCTS'),(100,3,58,0,14,NULL),(101,3,61,0,14,'three_columns'),(102,3,57,1,14,'men/new-arrivals.html'),(103,3,57,0,14,'men/new-arrivals.html'),(104,3,41,0,15,'Shirts'),(105,3,43,0,15,'shirts'),(106,3,46,0,15,NULL),(107,3,49,0,15,'PRODUCTS'),(108,3,58,0,15,NULL),(109,3,61,0,15,'two_columns_left'),(110,3,57,1,15,'men/shirts.html'),(111,3,57,0,15,'men/shirts.html'),(112,3,41,0,16,'Tees, Knits and Polos'),(113,3,43,0,16,'tees-knits-and-polos'),(114,3,46,0,16,NULL),(115,3,49,0,16,'PRODUCTS'),(116,3,58,0,16,NULL),(117,3,61,0,16,'one_column'),(118,3,57,1,16,'men/tees-knits-and-polos.html'),(119,3,57,0,16,'men/tees-knits-and-polos.html'),(120,3,41,0,17,'Pants & Denim'),(121,3,43,0,17,'pants-denim'),(122,3,46,0,17,NULL),(123,3,49,0,17,'PRODUCTS'),(124,3,58,0,17,NULL),(125,3,61,0,17,'three_columns'),(126,3,57,1,17,'men/pants-denim.html'),(127,3,57,0,17,'men/pants-denim.html'),(128,3,41,0,18,'Eyewear'),(129,3,43,0,18,'eyewear'),(130,3,46,0,18,NULL),(131,3,49,0,18,'PRODUCTS'),(132,3,58,0,18,NULL),(133,3,61,0,18,'three_columns'),(134,3,57,1,18,'accessories/eyewear.html'),(135,3,57,0,18,'accessories/eyewear.html'),(136,3,41,0,19,'Jewelry'),(137,3,43,0,19,'jewelry'),(138,3,46,0,19,NULL),(139,3,49,0,19,'PRODUCTS'),(140,3,58,0,19,NULL),(141,3,61,0,19,'three_columns'),(142,3,57,1,19,'accessories/jewelry.html'),(143,3,57,0,19,'accessories/jewelry.html'),(144,3,41,0,20,'Shoes'),(145,3,43,0,20,'shoes'),(146,3,46,0,20,NULL),(147,3,49,0,20,'PRODUCTS'),(148,3,58,0,20,NULL),(149,3,61,0,20,'three_columns'),(150,3,57,1,20,'accessories/shoes.html'),(151,3,57,0,20,'accessories/shoes.html'),(152,3,41,0,21,'Bags & Luggage'),(153,3,43,0,21,'bags-luggage'),(154,3,46,0,21,NULL),(155,3,49,0,21,'PRODUCTS'),(156,3,58,0,21,NULL),(157,3,61,0,21,'three_columns'),(158,3,57,1,21,'accessories/bags-luggage.html'),(159,3,57,0,21,'accessories/bags-luggage.html'),(160,3,41,0,22,'Books & Music'),(161,3,43,0,22,'books-music'),(162,3,46,0,22,NULL),(163,3,49,0,22,'PRODUCTS'),(164,3,58,0,22,NULL),(165,3,61,0,22,'two_columns_right'),(166,3,57,1,22,'home-decor/books-music.html'),(167,3,57,0,22,'home-decor/books-music.html'),(168,3,41,0,23,'Bed & Bath'),(169,3,43,0,23,'bed-bath'),(170,3,46,0,23,NULL),(171,3,49,0,23,'PRODUCTS'),(172,3,58,0,23,NULL),(173,3,61,0,23,'three_columns'),(174,3,57,1,23,'home-decor/bed-bath.html'),(175,3,57,0,23,'home-decor/bed-bath.html'),(176,3,41,0,24,'Electronics'),(177,3,43,0,24,'electronics'),(178,3,46,0,24,NULL),(179,3,49,0,24,'PRODUCTS'),(180,3,58,0,24,NULL),(181,3,61,0,24,'three_columns'),(182,3,57,1,24,'home-decor/electronics.html'),(183,3,57,0,24,'home-decor/electronics.html'),(184,3,41,0,25,'Decorative Accents'),(185,3,43,0,25,'decorative-accents'),(186,3,46,0,25,NULL),(187,3,49,0,25,'PRODUCTS'),(188,3,58,0,25,NULL),(189,3,61,0,25,'three_columns'),(190,3,57,1,25,'home-decor/decorative-accents.html'),(191,3,57,0,25,'home-decor/decorative-accents.html'),(192,3,41,0,26,'Women'),(193,3,43,0,26,'women'),(194,3,46,0,26,NULL),(195,3,49,0,26,'PRODUCTS'),(196,3,58,0,26,NULL),(197,3,61,0,26,'three_columns'),(198,3,57,1,26,'sale/women.html'),(199,3,57,0,26,'sale/women.html'),(200,3,41,0,27,'Men'),(201,3,43,0,27,'men'),(202,3,46,0,27,NULL),(203,3,49,0,27,'PRODUCTS'),(204,3,58,0,27,NULL),(205,3,61,0,27,'three_columns'),(206,3,57,1,27,'sale/men.html'),(207,3,57,0,27,'sale/men.html'),(208,3,41,0,28,'Accessories'),(209,3,43,0,28,'accessories'),(210,3,46,0,28,NULL),(211,3,49,0,28,'PRODUCTS'),(212,3,58,0,28,NULL),(213,3,61,0,28,'three_columns'),(214,3,57,1,28,'sale/accessories.html'),(215,3,57,0,28,'sale/accessories.html'),(216,3,41,0,29,'Home & Decor'),(217,3,43,0,29,'home-decor'),(218,3,46,0,29,NULL),(219,3,49,0,29,'PRODUCTS'),(220,3,58,0,29,NULL),(221,3,61,0,29,'three_columns'),(222,3,57,1,29,'sale/home-decor.html'),(223,3,57,0,29,'sale/home-decor.html'),(324,3,46,0,2,NULL),(325,3,58,0,2,NULL),(326,3,61,0,2,NULL),(327,3,49,0,2,'PRODUCTS_AND_PAGE'),(428,3,45,0,4,NULL),(432,3,45,0,5,NULL),(435,3,45,0,8,NULL),(438,3,45,0,9,NULL),(442,3,45,0,10,'plp-w-newarrivals_1.jpg'),(446,3,45,0,14,'plp-m-newarrivals.jpg'),(449,3,133,0,11,NULL),(452,3,133,0,12,NULL),(455,3,133,0,13,NULL),(471,3,45,0,11,'plp-w-blouses.jpg'),(475,3,45,0,12,NULL),(479,3,45,0,13,NULL),(483,3,45,0,18,'plp-eye.jpg'),(487,3,45,0,19,NULL),(491,3,45,0,20,'plp-shoes.jpg'),(495,3,45,0,21,NULL),(498,3,45,0,15,NULL),(502,3,45,0,16,NULL),(506,3,45,0,17,NULL),(510,3,45,0,22,NULL),(514,3,45,0,23,NULL),(518,3,45,0,24,NULL),(522,3,45,0,25,NULL),(526,3,45,0,26,NULL),(530,3,45,0,27,NULL),(534,3,45,0,28,NULL),(538,3,45,0,29,NULL),(541,3,45,0,6,NULL),(737,3,41,0,40,'Blazers'),(738,3,43,0,40,'blazers'),(739,3,46,0,40,NULL),(740,3,49,0,40,'PRODUCTS'),(741,3,58,0,40,NULL),(742,3,61,0,40,NULL),(743,3,57,1,40,'men/blazers.html'),(744,3,57,0,40,'men/blazers.html'),(1045,3,57,2,6,'accessories.html');

--
-- Table structure for table `catalog_category_flat_store_1`
--

CREATE TABLE `catalog_category_flat_store_1` (
  `entity_id` int(10) unsigned NOT NULL COMMENT 'entity_id',
  `parent_id` int(10) unsigned NOT NULL DEFAULT '0' COMMENT 'parent_id',
  `created_at` timestamp NULL DEFAULT NULL COMMENT 'created_at',
  `updated_at` timestamp NULL DEFAULT NULL COMMENT 'updated_at',
  `path` varchar(255) NOT NULL DEFAULT '' COMMENT 'path',
  `position` int(11) NOT NULL COMMENT 'position',
  `level` int(11) NOT NULL DEFAULT '0' COMMENT 'level',
  `children_count` int(11) NOT NULL COMMENT 'children_count',
  `store_id` smallint(5) unsigned NOT NULL DEFAULT '0' COMMENT 'Store Id',
  `all_children` text COMMENT 'All Children',
  `available_sort_by` text COMMENT 'Available Product Listing Sort By',
  `children` text COMMENT 'Children',
  `custom_apply_to_products` int(11) DEFAULT NULL COMMENT 'Apply To Products',
  `custom_design` varchar(255) DEFAULT NULL COMMENT 'Custom Design',
  `custom_design_from` datetime DEFAULT NULL COMMENT 'Active From',
  `custom_design_to` datetime DEFAULT NULL COMMENT 'Active To',
  `custom_layout_update` text COMMENT 'Custom Layout Update',
  `custom_use_parent_settings` int(11) DEFAULT NULL COMMENT 'Use Parent Category Settings',
  `default_sort_by` varchar(255) DEFAULT NULL COMMENT 'Default Product Listing Sort By',
  `description` text COMMENT 'Description',
  `display_mode` varchar(255) DEFAULT NULL COMMENT 'Display Mode',
  `filter_price_range` decimal(12,4) DEFAULT NULL COMMENT 'Layered Navigation Price Step',
  `image` varchar(255) DEFAULT NULL COMMENT 'Image',
  `include_in_menu` int(11) DEFAULT NULL COMMENT 'Include in Navigation Menu',
  `is_active` int(11) DEFAULT NULL COMMENT 'Is Active',
  `is_anchor` int(11) DEFAULT NULL COMMENT 'Is Anchor',
  `landing_page` int(11) DEFAULT NULL COMMENT 'CMS Block',
  `meta_description` text COMMENT 'Meta Description',
  `meta_keywords` text COMMENT 'Meta Keywords',
  `meta_title` varchar(255) DEFAULT NULL COMMENT 'Page Title',
  `name` varchar(255) DEFAULT NULL COMMENT 'Name',
  `page_layout` varchar(255) DEFAULT NULL COMMENT 'Page Layout',
  `path_in_store` text COMMENT 'Path In Store',
  `thumbnail` varchar(255) DEFAULT NULL COMMENT 'Thumbnail Image',
  `url_key` varchar(255) DEFAULT NULL COMMENT 'URL Key',
  `url_path` varchar(255) DEFAULT NULL COMMENT 'Url Path',
  PRIMARY KEY (`entity_id`),
  KEY `IDX_CATALOG_CATEGORY_FLAT_STORE_1_STORE_ID` (`store_id`),
  KEY `IDX_CATALOG_CATEGORY_FLAT_STORE_1_PATH` (`path`),
  KEY `IDX_CATALOG_CATEGORY_FLAT_STORE_1_LEVEL` (`level`),
  CONSTRAINT `FK_CATALOG_CATEGORY_FLAT_STORE_1_STORE_ID_CORE_STORE_STORE_ID` FOREIGN KEY (`store_id`) REFERENCES `core_store` (`store_id`) ON DELETE CASCADE ON UPDATE CASCADE,
  CONSTRAINT `FK_CAT_CTGR_FLAT_STORE_1_ENTT_ID_CAT_CTGR_ENTT_ENTT_ID` FOREIGN KEY (`entity_id`) REFERENCES `catalog_category_entity` (`entity_id`) ON DELETE CASCADE ON UPDATE CASCADE
) ENGINE=InnoDB DEFAULT CHARSET=utf8 COMMENT='Catalog Category Flat (Store 1)';

--
-- Dumping data for table `catalog_category_flat_store_1`
--

INSERT INTO `catalog_category_flat_store_1` VALUES (1,0,'2013-01-14 10:12:53','2013-01-14 10:12:53','1',0,0,41,1,NULL,NULL,NULL,NULL,NULL,NULL,NULL,NULL,NULL,NULL,NULL,NULL,NULL,NULL,1,NULL,NULL,NULL,NULL,NULL,NULL,'Root Catalog',NULL,NULL,NULL,NULL,NULL),(2,1,'2013-01-14 10:12:53','2013-02-18 13:23:53','1/2',1,1,28,1,NULL,NULL,NULL,0,NULL,NULL,NULL,NULL,NULL,NULL,NULL,'PRODUCTS_AND_PAGE',NULL,NULL,1,1,0,19,NULL,NULL,NULL,'Default Category',NULL,NULL,NULL,NULL,NULL),(4,2,'2013-01-25 10:43:31','2013-03-05 10:58:58','1/2/4',2,2,4,1,NULL,NULL,NULL,0,NULL,NULL,NULL,NULL,0,NULL,NULL,'PAGE',NULL,NULL,1,1,1,27,NULL,NULL,NULL,'Women','one_column',NULL,NULL,'women','women.html'),(5,2,'2013-01-25 10:44:47','2013-03-05 10:15:15','1/2/5',3,2,5,1,NULL,NULL,NULL,0,NULL,NULL,NULL,NULL,0,NULL,NULL,'PAGE',NULL,NULL,1,1,1,24,NULL,NULL,NULL,'Men','one_column',NULL,NULL,'men','men.html'),(6,2,'2013-01-25 10:47:41','2013-03-05 04:32:02','1/2/6',4,2,4,1,NULL,NULL,NULL,0,NULL,NULL,NULL,NULL,0,NULL,NULL,'PAGE',NULL,NULL,1,1,1,17,NULL,NULL,NULL,'Accessories','one_column',NULL,NULL,'accessories','accessories.html'),(7,2,'2013-01-25 10:49:05','2013-03-05 06:42:34','1/2/7',5,2,4,1,NULL,NULL,NULL,0,NULL,NULL,NULL,NULL,0,NULL,NULL,'PAGE',NULL,NULL,1,1,1,21,NULL,NULL,NULL,'Home & Decor','one_column',NULL,NULL,'home-decor','home-decor.html'),(8,2,'2013-01-25 10:49:50','2013-03-05 04:50:27','1/2/8',6,2,4,1,NULL,NULL,NULL,0,NULL,NULL,NULL,NULL,0,NULL,NULL,'PRODUCTS',NULL,NULL,1,1,1,NULL,NULL,NULL,NULL,'Sale','three_columns',NULL,NULL,'sale','sale.html'),(9,2,'2013-01-25 10:50:47','2013-03-27 22:07:01','1/2/9',7,2,0,1,NULL,NULL,NULL,0,NULL,NULL,NULL,NULL,0,NULL,NULL,'PRODUCTS_AND_PAGE',NULL,NULL,1,1,1,31,NULL,NULL,NULL,'VIP','three_columns',NULL,NULL,'vip','vip.html'),(10,4,'2013-01-25 10:56:08','2013-03-05 07:14:20','1/2/4/10',1,3,0,1,NULL,NULL,NULL,0,NULL,NULL,NULL,NULL,0,NULL,NULL,'PRODUCTS',NULL,'plp-w-newarrivals.jpg',1,1,1,NULL,NULL,NULL,NULL,'New Arrivals','three_columns',NULL,NULL,'new-arrivals','women/new-arrivals.html'),(11,4,'2013-01-25 10:57:32','2013-03-05 07:19:44','1/2/4/11',2,3,0,1,NULL,NULL,NULL,0,NULL,NULL,NULL,NULL,0,NULL,NULL,'PRODUCTS',NULL,'plp-w-blouses.jpg',1,1,1,NULL,NULL,NULL,NULL,'Tops & Blouses','three_columns',NULL,NULL,'tops-blouses','women/tops-blouses.html'),(12,4,'2013-01-25 10:58:32','2013-03-05 07:13:20','1/2/4/12',3,3,0,1,NULL,NULL,NULL,0,NULL,NULL,NULL,NULL,0,NULL,NULL,'PRODUCTS',NULL,NULL,1,1,1,NULL,NULL,NULL,NULL,'Pants & Denim','three_columns',NULL,NULL,'pants-denim','women/pants-denim.html'),(13,4,'2013-01-25 10:59:21','2013-03-05 04:45:24','1/2/4/13',4,3,0,1,NULL,NULL,NULL,0,NULL,NULL,NULL,NULL,0,NULL,NULL,'PRODUCTS',NULL,NULL,1,1,1,NULL,NULL,NULL,NULL,'Dresses & Skirts','three_columns',NULL,NULL,'dresses-skirts','women/dresses-skirts.html'),(14,5,'2013-01-25 11:01:03','2013-03-05 07:14:56','1/2/5/14',1,3,0,1,NULL,NULL,NULL,0,NULL,NULL,NULL,NULL,0,NULL,NULL,'PRODUCTS',NULL,'plp-m-newarrivals.jpg',1,1,1,NULL,NULL,NULL,NULL,'New Arrivals','three_columns',NULL,NULL,'new-arrivals','men/new-arrivals.html'),(15,5,'2013-01-25 11:01:28','2013-03-12 03:19:26','1/2/5/15',2,3,0,1,NULL,NULL,NULL,0,NULL,NULL,NULL,NULL,0,NULL,NULL,'PRODUCTS',NULL,NULL,1,1,1,NULL,NULL,NULL,NULL,'Shirts','three_columns',NULL,NULL,'shirts','men/shirts.html'),(16,5,'2013-01-25 11:03:19','2013-03-08 18:09:27','1/2/5/16',3,3,0,1,NULL,NULL,NULL,0,NULL,NULL,NULL,NULL,0,NULL,NULL,'PRODUCTS',NULL,NULL,1,1,1,NULL,NULL,NULL,NULL,'Tees, Knits and Polos','three_columns',NULL,NULL,'tees-knits-and-polos','men/tees-knits-and-polos.html'),(17,5,'2013-01-25 11:03:48','2013-03-05 07:15:31','1/2/5/17',4,3,0,1,NULL,NULL,NULL,0,NULL,NULL,NULL,NULL,0,NULL,NULL,'PRODUCTS',NULL,NULL,1,1,1,NULL,NULL,NULL,NULL,'Pants & Denim','three_columns',NULL,NULL,'pants-denim','men/pants-denim.html'),(18,6,'2013-01-25 11:04:27','2013-03-05 07:16:27','1/2/6/18',1,3,0,1,NULL,NULL,NULL,0,NULL,NULL,NULL,NULL,0,NULL,NULL,'PRODUCTS',NULL,'plp-eye.jpg',1,1,1,NULL,NULL,NULL,NULL,'Eyewear','three_columns',NULL,NULL,'eyewear','accessories/eyewear.html'),(19,6,'2013-01-25 11:05:03','2013-03-05 07:16:42','1/2/6/19',2,3,0,1,NULL,NULL,NULL,0,NULL,NULL,NULL,NULL,0,NULL,NULL,'PRODUCTS',NULL,NULL,1,1,1,NULL,NULL,NULL,NULL,'Jewelry','three_columns',NULL,NULL,'jewelry','accessories/jewelry.html'),(20,6,'2013-01-25 11:06:05','2013-03-05 07:16:58','1/2/6/20',3,3,0,1,NULL,NULL,NULL,0,NULL,NULL,NULL,NULL,0,NULL,NULL,'PRODUCTS',NULL,'plp-shoes.jpg',1,1,1,NULL,NULL,NULL,NULL,'Shoes','three_columns',NULL,NULL,'shoes','accessories/shoes.html'),(21,6,'2013-01-25 11:07:12','2013-03-05 07:17:10','1/2/6/21',4,3,0,1,NULL,NULL,NULL,0,NULL,NULL,NULL,NULL,0,NULL,NULL,'PRODUCTS',NULL,NULL,1,1,1,NULL,NULL,NULL,NULL,'Bags & Luggage','three_columns',NULL,NULL,'bags-luggage','accessories/bags-luggage.html'),(22,7,'2013-01-25 11:07:52','2013-03-05 07:17:28','1/2/7/22',1,3,0,1,NULL,NULL,NULL,0,NULL,NULL,NULL,NULL,0,NULL,NULL,'PRODUCTS',NULL,NULL,1,1,1,NULL,NULL,NULL,NULL,'Books & Music','three_columns',NULL,NULL,'books-music','home-decor/books-music.html'),(23,7,'2013-01-25 11:08:31','2013-03-05 07:17:38','1/2/7/23',2,3,0,1,NULL,NULL,NULL,0,NULL,NULL,NULL,NULL,0,NULL,NULL,'PRODUCTS',NULL,NULL,1,1,1,NULL,NULL,NULL,NULL,'Bed & Bath','three_columns',NULL,NULL,'bed-bath','home-decor/bed-bath.html'),(24,7,'2013-01-25 11:08:54','2013-03-08 19:27:16','1/2/7/24',3,3,0,1,NULL,NULL,NULL,0,NULL,NULL,NULL,NULL,0,NULL,NULL,'PRODUCTS',NULL,NULL,1,1,1,NULL,NULL,NULL,NULL,'Electronics','three_columns',NULL,NULL,'electronics','home-decor/electronics.html'),(25,7,'2013-01-25 11:10:06','2013-03-29 22:54:12','1/2/7/25',4,3,0,1,NULL,NULL,NULL,0,NULL,NULL,NULL,NULL,0,NULL,NULL,'PRODUCTS',NULL,NULL,1,1,1,NULL,NULL,NULL,NULL,'Decorative Accents','three_columns',NULL,NULL,'decorative-accents','home-decor/decorative-accents.html'),(26,8,'2013-01-25 11:10:39','2013-03-05 07:18:17','1/2/8/26',1,3,0,1,NULL,NULL,NULL,0,NULL,NULL,NULL,NULL,0,NULL,NULL,'PRODUCTS',NULL,NULL,1,1,1,NULL,NULL,NULL,NULL,'Women','three_columns',NULL,NULL,'women','sale/women.html'),(27,8,'2013-01-25 11:11:07','2013-03-05 07:18:26','1/2/8/27',2,3,0,1,NULL,NULL,NULL,0,NULL,NULL,NULL,NULL,0,NULL,NULL,'PRODUCTS',NULL,NULL,1,1,1,NULL,NULL,NULL,NULL,'Men','three_columns',NULL,NULL,'men','sale/men.html'),(28,8,'2013-01-25 11:11:31','2013-03-05 07:18:34','1/2/8/28',3,3,0,1,NULL,NULL,NULL,0,NULL,NULL,NULL,NULL,0,NULL,NULL,'PRODUCTS',NULL,NULL,1,1,1,NULL,NULL,NULL,NULL,'Accessories','three_columns',NULL,NULL,'accessories','sale/accessories.html'),(29,8,'2013-01-25 11:12:07','2013-03-05 07:18:41','1/2/8/29',4,3,0,1,NULL,NULL,NULL,0,NULL,NULL,NULL,NULL,0,NULL,NULL,'PRODUCTS',NULL,NULL,1,1,1,NULL,NULL,NULL,NULL,'Home & Decor','three_columns',NULL,NULL,'home-decor','sale/home-decor.html'),(40,5,'2013-03-12 03:18:58','2013-03-12 03:18:58','1/2/5/40',5,3,0,1,NULL,NULL,NULL,0,NULL,NULL,NULL,NULL,0,NULL,NULL,'PRODUCTS',NULL,NULL,1,1,0,NULL,NULL,NULL,NULL,'Blazers',NULL,NULL,NULL,'blazers','men/blazers.html');

--
-- Table structure for table `catalog_category_flat_store_2`
--

CREATE TABLE `catalog_category_flat_store_2` (
  `entity_id` int(10) unsigned NOT NULL COMMENT 'entity_id',
  `parent_id` int(10) unsigned NOT NULL DEFAULT '0' COMMENT 'parent_id',
  `created_at` timestamp NULL DEFAULT NULL COMMENT 'created_at',
  `updated_at` timestamp NULL DEFAULT NULL COMMENT 'updated_at',
  `path` varchar(255) NOT NULL DEFAULT '' COMMENT 'path',
  `position` int(11) NOT NULL COMMENT 'position',
  `level` int(11) NOT NULL DEFAULT '0' COMMENT 'level',
  `children_count` int(11) NOT NULL COMMENT 'children_count',
  `store_id` smallint(5) unsigned NOT NULL DEFAULT '0' COMMENT 'Store Id',
  `all_children` text COMMENT 'All Children',
  `available_sort_by` text COMMENT 'Available Product Listing Sort By',
  `children` text COMMENT 'Children',
  `custom_apply_to_products` int(11) DEFAULT NULL COMMENT 'Apply To Products',
  `custom_design` varchar(255) DEFAULT NULL COMMENT 'Custom Design',
  `custom_design_from` datetime DEFAULT NULL COMMENT 'Active From',
  `custom_design_to` datetime DEFAULT NULL COMMENT 'Active To',
  `custom_layout_update` text COMMENT 'Custom Layout Update',
  `custom_use_parent_settings` int(11) DEFAULT NULL COMMENT 'Use Parent Category Settings',
  `default_sort_by` varchar(255) DEFAULT NULL COMMENT 'Default Product Listing Sort By',
  `description` text COMMENT 'Description',
  `display_mode` varchar(255) DEFAULT NULL COMMENT 'Display Mode',
  `filter_price_range` decimal(12,4) DEFAULT NULL COMMENT 'Layered Navigation Price Step',
  `image` varchar(255) DEFAULT NULL COMMENT 'Image',
  `include_in_menu` int(11) DEFAULT NULL COMMENT 'Include in Navigation Menu',
  `is_active` int(11) DEFAULT NULL COMMENT 'Is Active',
  `is_anchor` int(11) DEFAULT NULL COMMENT 'Is Anchor',
  `landing_page` int(11) DEFAULT NULL COMMENT 'CMS Block',
  `meta_description` text COMMENT 'Meta Description',
  `meta_keywords` text COMMENT 'Meta Keywords',
  `meta_title` varchar(255) DEFAULT NULL COMMENT 'Page Title',
  `name` varchar(255) DEFAULT NULL COMMENT 'Name',
  `page_layout` varchar(255) DEFAULT NULL COMMENT 'Page Layout',
  `path_in_store` text COMMENT 'Path In Store',
  `thumbnail` varchar(255) DEFAULT NULL COMMENT 'Thumbnail Image',
  `url_key` varchar(255) DEFAULT NULL COMMENT 'URL Key',
  `url_path` varchar(255) DEFAULT NULL COMMENT 'Url Path',
  PRIMARY KEY (`entity_id`),
  KEY `IDX_CATALOG_CATEGORY_FLAT_STORE_2_STORE_ID` (`store_id`),
  KEY `IDX_CATALOG_CATEGORY_FLAT_STORE_2_PATH` (`path`),
  KEY `IDX_CATALOG_CATEGORY_FLAT_STORE_2_LEVEL` (`level`),
  CONSTRAINT `FK_CATALOG_CATEGORY_FLAT_STORE_2_STORE_ID_CORE_STORE_STORE_ID` FOREIGN KEY (`store_id`) REFERENCES `core_store` (`store_id`) ON DELETE CASCADE ON UPDATE CASCADE,
  CONSTRAINT `FK_CAT_CTGR_FLAT_STORE_2_ENTT_ID_CAT_CTGR_ENTT_ENTT_ID` FOREIGN KEY (`entity_id`) REFERENCES `catalog_category_entity` (`entity_id`) ON DELETE CASCADE ON UPDATE CASCADE
) ENGINE=InnoDB DEFAULT CHARSET=utf8 COMMENT='Catalog Category Flat (Store 2)';

--
-- Dumping data for table `catalog_category_flat_store_2`
--

INSERT INTO `catalog_category_flat_store_2` VALUES (1,0,'2013-01-14 10:12:53','2013-01-14 10:12:53','1',0,0,41,2,NULL,NULL,NULL,NULL,NULL,NULL,NULL,NULL,NULL,NULL,NULL,NULL,NULL,NULL,1,NULL,NULL,NULL,NULL,NULL,NULL,'Root Catalog',NULL,NULL,NULL,NULL,NULL),(2,1,'2013-01-14 10:12:53','2013-02-18 13:23:53','1/2',1,1,28,2,NULL,NULL,NULL,0,NULL,NULL,NULL,NULL,NULL,NULL,NULL,'PRODUCTS_AND_PAGE',NULL,NULL,1,1,0,19,NULL,NULL,NULL,'Default Category',NULL,NULL,NULL,NULL,NULL),(4,2,'2013-01-25 10:43:31','2013-03-05 10:58:58','1/2/4',2,2,4,2,NULL,NULL,NULL,0,NULL,NULL,NULL,NULL,0,NULL,NULL,'PAGE',NULL,NULL,1,1,1,27,NULL,NULL,NULL,'Women','one_column',NULL,NULL,'women','women.html'),(5,2,'2013-01-25 10:44:47','2013-03-05 10:15:15','1/2/5',3,2,5,2,NULL,NULL,NULL,0,NULL,NULL,NULL,NULL,0,NULL,NULL,'PAGE',NULL,NULL,1,1,1,24,NULL,NULL,NULL,'Men','one_column',NULL,NULL,'men','men.html'),(6,2,'2013-01-25 10:47:41','2013-03-05 04:32:02','1/2/6',4,2,4,2,NULL,NULL,NULL,0,NULL,NULL,NULL,NULL,0,NULL,NULL,'PAGE',NULL,NULL,1,1,1,17,NULL,NULL,NULL,'Accessories','one_column',NULL,NULL,'accessories','accessories.html'),(7,2,'2013-01-25 10:49:05','2013-03-05 06:42:34','1/2/7',5,2,4,2,NULL,NULL,NULL,0,NULL,NULL,NULL,NULL,0,NULL,NULL,'PAGE',NULL,NULL,1,1,1,21,NULL,NULL,NULL,'Home & Decor','one_column',NULL,NULL,'home-decor','home-decor.html'),(8,2,'2013-01-25 10:49:50','2013-03-05 04:50:27','1/2/8',6,2,4,2,NULL,NULL,NULL,0,NULL,NULL,NULL,NULL,0,NULL,NULL,'PRODUCTS',NULL,NULL,1,1,1,NULL,NULL,NULL,NULL,'Sale','three_columns',NULL,NULL,'sale','sale.html'),(9,2,'2013-01-25 10:50:47','2013-03-27 22:07:01','1/2/9',7,2,0,2,NULL,NULL,NULL,0,NULL,NULL,NULL,NULL,0,NULL,NULL,'PRODUCTS_AND_PAGE',NULL,NULL,1,1,1,31,NULL,NULL,NULL,'VIP','three_columns',NULL,NULL,'vip','vip.html'),(10,4,'2013-01-25 10:56:08','2013-03-05 07:14:20','1/2/4/10',1,3,0,2,NULL,NULL,NULL,0,NULL,NULL,NULL,NULL,0,NULL,NULL,'PRODUCTS',NULL,'plp-w-newarrivals.jpg',1,1,1,NULL,NULL,NULL,NULL,'New Arrivals','three_columns',NULL,NULL,'new-arrivals','women/new-arrivals.html'),(11,4,'2013-01-25 10:57:32','2013-03-05 07:19:44','1/2/4/11',2,3,0,2,NULL,NULL,NULL,0,NULL,NULL,NULL,NULL,0,NULL,NULL,'PRODUCTS',NULL,'plp-w-blouses.jpg',1,1,1,NULL,NULL,NULL,NULL,'Tops & Blouses','three_columns',NULL,NULL,'tops-blouses','women/tops-blouses.html'),(12,4,'2013-01-25 10:58:32','2013-03-05 07:13:20','1/2/4/12',3,3,0,2,NULL,NULL,NULL,0,NULL,NULL,NULL,NULL,0,NULL,NULL,'PRODUCTS',NULL,NULL,1,1,1,NULL,NULL,NULL,NULL,'Pants & Denim','three_columns',NULL,NULL,'pants-denim','women/pants-denim.html'),(13,4,'2013-01-25 10:59:21','2013-03-05 04:45:24','1/2/4/13',4,3,0,2,NULL,NULL,NULL,0,NULL,NULL,NULL,NULL,0,NULL,NULL,'PRODUCTS',NULL,NULL,1,1,1,NULL,NULL,NULL,NULL,'Dresses & Skirts','three_columns',NULL,NULL,'dresses-skirts','women/dresses-skirts.html'),(14,5,'2013-01-25 11:01:03','2013-03-05 07:14:56','1/2/5/14',1,3,0,2,NULL,NULL,NULL,0,NULL,NULL,NULL,NULL,0,NULL,NULL,'PRODUCTS',NULL,'plp-m-newarrivals.jpg',1,1,1,NULL,NULL,NULL,NULL,'New Arrivals','three_columns',NULL,NULL,'new-arrivals','men/new-arrivals.html'),(15,5,'2013-01-25 11:01:28','2013-03-12 03:19:26','1/2/5/15',2,3,0,2,NULL,NULL,NULL,0,NULL,NULL,NULL,NULL,0,NULL,NULL,'PRODUCTS',NULL,NULL,1,1,1,NULL,NULL,NULL,NULL,'Shirts','three_columns',NULL,NULL,'shirts','men/shirts.html'),(16,5,'2013-01-25 11:03:19','2013-03-08 18:09:27','1/2/5/16',3,3,0,2,NULL,NULL,NULL,0,NULL,NULL,NULL,NULL,0,NULL,NULL,'PRODUCTS',NULL,NULL,1,1,1,NULL,NULL,NULL,NULL,'Tees, Knits and Polos','three_columns',NULL,NULL,'tees-knits-and-polos','men/tees-knits-and-polos.html'),(17,5,'2013-01-25 11:03:48','2013-03-05 07:15:31','1/2/5/17',4,3,0,2,NULL,NULL,NULL,0,NULL,NULL,NULL,NULL,0,NULL,NULL,'PRODUCTS',NULL,NULL,1,1,1,NULL,NULL,NULL,NULL,'Pants & Denim','three_columns',NULL,NULL,'pants-denim','men/pants-denim.html'),(18,6,'2013-01-25 11:04:27','2013-03-05 07:16:27','1/2/6/18',1,3,0,2,NULL,NULL,NULL,0,NULL,NULL,NULL,NULL,0,NULL,NULL,'PRODUCTS',NULL,'plp-eye.jpg',1,1,1,NULL,NULL,NULL,NULL,'Eyewear','three_columns',NULL,NULL,'eyewear','accessories/eyewear.html'),(19,6,'2013-01-25 11:05:03','2013-03-05 07:16:42','1/2/6/19',2,3,0,2,NULL,NULL,NULL,0,NULL,NULL,NULL,NULL,0,NULL,NULL,'PRODUCTS',NULL,NULL,1,1,1,NULL,NULL,NULL,NULL,'Jewelry','three_columns',NULL,NULL,'jewelry','accessories/jewelry.html'),(20,6,'2013-01-25 11:06:05','2013-03-05 07:16:58','1/2/6/20',3,3,0,2,NULL,NULL,NULL,0,NULL,NULL,NULL,NULL,0,NULL,NULL,'PRODUCTS',NULL,'plp-shoes.jpg',1,1,1,NULL,NULL,NULL,NULL,'Shoes','three_columns',NULL,NULL,'shoes','accessories/shoes.html'),(21,6,'2013-01-25 11:07:12','2013-03-05 07:17:10','1/2/6/21',4,3,0,2,NULL,NULL,NULL,0,NULL,NULL,NULL,NULL,0,NULL,NULL,'PRODUCTS',NULL,NULL,1,1,1,NULL,NULL,NULL,NULL,'Bags & Luggage','three_columns',NULL,NULL,'bags-luggage','accessories/bags-luggage.html'),(22,7,'2013-01-25 11:07:52','2013-03-05 07:17:28','1/2/7/22',1,3,0,2,NULL,NULL,NULL,0,NULL,NULL,NULL,NULL,0,NULL,NULL,'PRODUCTS',NULL,NULL,1,1,1,NULL,NULL,NULL,NULL,'Books & Music','three_columns',NULL,NULL,'books-music','home-decor/books-music.html'),(23,7,'2013-01-25 11:08:31','2013-03-05 07:17:38','1/2/7/23',2,3,0,2,NULL,NULL,NULL,0,NULL,NULL,NULL,NULL,0,NULL,NULL,'PRODUCTS',NULL,NULL,1,1,1,NULL,NULL,NULL,NULL,'Bed & Bath','three_columns',NULL,NULL,'bed-bath','home-decor/bed-bath.html'),(24,7,'2013-01-25 11:08:54','2013-03-08 19:27:16','1/2/7/24',3,3,0,2,NULL,NULL,NULL,0,NULL,NULL,NULL,NULL,0,NULL,NULL,'PRODUCTS',NULL,NULL,1,1,1,NULL,NULL,NULL,NULL,'Electronics','three_columns',NULL,NULL,'electronics','home-decor/electronics.html'),(25,7,'2013-01-25 11:10:06','2013-03-29 22:54:12','1/2/7/25',4,3,0,2,NULL,NULL,NULL,0,NULL,NULL,NULL,NULL,0,NULL,NULL,'PRODUCTS',NULL,NULL,1,1,1,NULL,NULL,NULL,NULL,'Decorative Accents','three_columns',NULL,NULL,'decorative-accents','home-decor/decorative-accents.html'),(26,8,'2013-01-25 11:10:39','2013-03-05 07:18:17','1/2/8/26',1,3,0,2,NULL,NULL,NULL,0,NULL,NULL,NULL,NULL,0,NULL,NULL,'PRODUCTS',NULL,NULL,1,1,1,NULL,NULL,NULL,NULL,'Women','three_columns',NULL,NULL,'women','sale/women.html'),(27,8,'2013-01-25 11:11:07','2013-03-05 07:18:26','1/2/8/27',2,3,0,2,NULL,NULL,NULL,0,NULL,NULL,NULL,NULL,0,NULL,NULL,'PRODUCTS',NULL,NULL,1,1,1,NULL,NULL,NULL,NULL,'Men','three_columns',NULL,NULL,'men','sale/men.html'),(28,8,'2013-01-25 11:11:31','2013-03-05 07:18:34','1/2/8/28',3,3,0,2,NULL,NULL,NULL,0,NULL,NULL,NULL,NULL,0,NULL,NULL,'PRODUCTS',NULL,NULL,1,1,1,NULL,NULL,NULL,NULL,'Accessories','three_columns',NULL,NULL,'accessories','sale/accessories.html'),(29,8,'2013-01-25 11:12:07','2013-03-05 07:18:41','1/2/8/29',4,3,0,2,NULL,NULL,NULL,0,NULL,NULL,NULL,NULL,0,NULL,NULL,'PRODUCTS',NULL,NULL,1,1,1,NULL,NULL,NULL,NULL,'Home & Decor','three_columns',NULL,NULL,'home-decor','sale/home-decor.html'),(40,5,'2013-03-12 03:18:58','2013-03-12 03:18:58','1/2/5/40',5,3,0,2,NULL,NULL,NULL,0,NULL,NULL,NULL,NULL,0,NULL,NULL,'PRODUCTS',NULL,NULL,1,1,0,NULL,NULL,NULL,NULL,'Blazers',NULL,NULL,NULL,'blazers','men/blazers.html');

--
-- Table structure for table `catalog_category_flat_store_3`
--

CREATE TABLE `catalog_category_flat_store_3` (
  `entity_id` int(10) unsigned NOT NULL COMMENT 'entity_id',
  `parent_id` int(10) unsigned NOT NULL DEFAULT '0' COMMENT 'parent_id',
  `created_at` timestamp NULL DEFAULT NULL COMMENT 'created_at',
  `updated_at` timestamp NULL DEFAULT NULL COMMENT 'updated_at',
  `path` varchar(255) NOT NULL DEFAULT '' COMMENT 'path',
  `position` int(11) NOT NULL COMMENT 'position',
  `level` int(11) NOT NULL DEFAULT '0' COMMENT 'level',
  `children_count` int(11) NOT NULL COMMENT 'children_count',
  `store_id` smallint(5) unsigned NOT NULL DEFAULT '0' COMMENT 'Store Id',
  `all_children` text COMMENT 'All Children',
  `available_sort_by` text COMMENT 'Available Product Listing Sort By',
  `children` text COMMENT 'Children',
  `custom_apply_to_products` int(11) DEFAULT NULL COMMENT 'Apply To Products',
  `custom_design` varchar(255) DEFAULT NULL COMMENT 'Custom Design',
  `custom_design_from` datetime DEFAULT NULL COMMENT 'Active From',
  `custom_design_to` datetime DEFAULT NULL COMMENT 'Active To',
  `custom_layout_update` text COMMENT 'Custom Layout Update',
  `custom_use_parent_settings` int(11) DEFAULT NULL COMMENT 'Use Parent Category Settings',
  `default_sort_by` varchar(255) DEFAULT NULL COMMENT 'Default Product Listing Sort By',
  `description` text COMMENT 'Description',
  `display_mode` varchar(255) DEFAULT NULL COMMENT 'Display Mode',
  `filter_price_range` decimal(12,4) DEFAULT NULL COMMENT 'Layered Navigation Price Step',
  `image` varchar(255) DEFAULT NULL COMMENT 'Image',
  `include_in_menu` int(11) DEFAULT NULL COMMENT 'Include in Navigation Menu',
  `is_active` int(11) DEFAULT NULL COMMENT 'Is Active',
  `is_anchor` int(11) DEFAULT NULL COMMENT 'Is Anchor',
  `landing_page` int(11) DEFAULT NULL COMMENT 'CMS Block',
  `meta_description` text COMMENT 'Meta Description',
  `meta_keywords` text COMMENT 'Meta Keywords',
  `meta_title` varchar(255) DEFAULT NULL COMMENT 'Page Title',
  `name` varchar(255) DEFAULT NULL COMMENT 'Name',
  `page_layout` varchar(255) DEFAULT NULL COMMENT 'Page Layout',
  `path_in_store` text COMMENT 'Path In Store',
  `thumbnail` varchar(255) DEFAULT NULL COMMENT 'Thumbnail Image',
  `url_key` varchar(255) DEFAULT NULL COMMENT 'URL Key',
  `url_path` varchar(255) DEFAULT NULL COMMENT 'Url Path',
  PRIMARY KEY (`entity_id`),
  KEY `IDX_CATALOG_CATEGORY_FLAT_STORE_3_STORE_ID` (`store_id`),
  KEY `IDX_CATALOG_CATEGORY_FLAT_STORE_3_PATH` (`path`),
  KEY `IDX_CATALOG_CATEGORY_FLAT_STORE_3_LEVEL` (`level`),
  CONSTRAINT `FK_CATALOG_CATEGORY_FLAT_STORE_3_STORE_ID_CORE_STORE_STORE_ID` FOREIGN KEY (`store_id`) REFERENCES `core_store` (`store_id`) ON DELETE CASCADE ON UPDATE CASCADE,
  CONSTRAINT `FK_CAT_CTGR_FLAT_STORE_3_ENTT_ID_CAT_CTGR_ENTT_ENTT_ID` FOREIGN KEY (`entity_id`) REFERENCES `catalog_category_entity` (`entity_id`) ON DELETE CASCADE ON UPDATE CASCADE
) ENGINE=InnoDB DEFAULT CHARSET=utf8 COMMENT='Catalog Category Flat (Store 3)';

--
-- Dumping data for table `catalog_category_flat_store_3`
--

INSERT INTO `catalog_category_flat_store_3` VALUES (1,0,'2013-01-14 10:12:53','2013-01-14 10:12:53','1',0,0,41,3,NULL,NULL,NULL,NULL,NULL,NULL,NULL,NULL,NULL,NULL,NULL,NULL,NULL,NULL,1,NULL,NULL,NULL,NULL,NULL,NULL,'Root Catalog',NULL,NULL,NULL,NULL,NULL),(2,1,'2013-01-14 10:12:53','2013-02-18 13:23:53','1/2',1,1,28,3,NULL,NULL,NULL,0,NULL,NULL,NULL,NULL,NULL,NULL,NULL,'PRODUCTS_AND_PAGE',NULL,NULL,1,1,0,19,NULL,NULL,NULL,'Default Category',NULL,NULL,NULL,NULL,NULL),(4,2,'2013-01-25 10:43:31','2013-03-05 10:58:58','1/2/4',2,2,4,3,NULL,NULL,NULL,0,NULL,NULL,NULL,NULL,0,NULL,NULL,'PAGE',NULL,NULL,1,1,1,27,NULL,NULL,NULL,'Women','one_column',NULL,NULL,'women','women.html'),(5,2,'2013-01-25 10:44:47','2013-03-05 10:15:15','1/2/5',3,2,5,3,NULL,NULL,NULL,0,NULL,NULL,NULL,NULL,0,NULL,NULL,'PAGE',NULL,NULL,1,1,1,24,NULL,NULL,NULL,'Men','one_column',NULL,NULL,'men','men.html'),(6,2,'2013-01-25 10:47:41','2013-03-05 04:32:02','1/2/6',4,2,4,3,NULL,NULL,NULL,0,NULL,NULL,NULL,NULL,0,NULL,NULL,'PAGE',NULL,NULL,1,1,1,17,NULL,NULL,NULL,'Accessories','one_column',NULL,NULL,'accessories','accessories.html'),(7,2,'2013-01-25 10:49:05','2013-03-05 06:42:34','1/2/7',5,2,4,3,NULL,NULL,NULL,0,NULL,NULL,NULL,NULL,0,NULL,NULL,'PAGE',NULL,NULL,1,1,1,21,NULL,NULL,NULL,'Home & Decor','one_column',NULL,NULL,'home-decor','home-decor.html'),(8,2,'2013-01-25 10:49:50','2013-03-05 04:50:27','1/2/8',6,2,4,3,NULL,NULL,NULL,0,NULL,NULL,NULL,NULL,0,NULL,NULL,'PRODUCTS',NULL,NULL,1,1,1,NULL,NULL,NULL,NULL,'Sale','three_columns',NULL,NULL,'sale','sale.html'),(9,2,'2013-01-25 10:50:47','2013-03-27 22:07:01','1/2/9',7,2,0,3,NULL,NULL,NULL,0,NULL,NULL,NULL,NULL,0,NULL,NULL,'PRODUCTS_AND_PAGE',NULL,NULL,1,1,1,31,NULL,NULL,NULL,'VIP','three_columns',NULL,NULL,'vip','vip.html'),(10,4,'2013-01-25 10:56:08','2013-03-05 07:14:20','1/2/4/10',1,3,0,3,NULL,NULL,NULL,0,NULL,NULL,NULL,NULL,0,NULL,NULL,'PRODUCTS',NULL,'plp-w-newarrivals.jpg',1,1,1,NULL,NULL,NULL,NULL,'New Arrivals','three_columns',NULL,NULL,'new-arrivals','women/new-arrivals.html'),(11,4,'2013-01-25 10:57:32','2013-03-05 07:19:44','1/2/4/11',2,3,0,3,NULL,NULL,NULL,0,NULL,NULL,NULL,NULL,0,NULL,NULL,'PRODUCTS',NULL,'plp-w-blouses.jpg',1,1,1,NULL,NULL,NULL,NULL,'Tops & Blouses','three_columns',NULL,NULL,'tops-blouses','women/tops-blouses.html'),(12,4,'2013-01-25 10:58:32','2013-03-05 07:13:20','1/2/4/12',3,3,0,3,NULL,NULL,NULL,0,NULL,NULL,NULL,NULL,0,NULL,NULL,'PRODUCTS',NULL,NULL,1,1,1,NULL,NULL,NULL,NULL,'Pants & Denim','three_columns',NULL,NULL,'pants-denim','women/pants-denim.html'),(13,4,'2013-01-25 10:59:21','2013-03-05 04:45:24','1/2/4/13',4,3,0,3,NULL,NULL,NULL,0,NULL,NULL,NULL,NULL,0,NULL,NULL,'PRODUCTS',NULL,NULL,1,1,1,NULL,NULL,NULL,NULL,'Dresses & Skirts','three_columns',NULL,NULL,'dresses-skirts','women/dresses-skirts.html'),(14,5,'2013-01-25 11:01:03','2013-03-05 07:14:56','1/2/5/14',1,3,0,3,NULL,NULL,NULL,0,NULL,NULL,NULL,NULL,0,NULL,NULL,'PRODUCTS',NULL,'plp-m-newarrivals.jpg',1,1,1,NULL,NULL,NULL,NULL,'New Arrivals','three_columns',NULL,NULL,'new-arrivals','men/new-arrivals.html'),(15,5,'2013-01-25 11:01:28','2013-03-12 03:19:26','1/2/5/15',2,3,0,3,NULL,NULL,NULL,0,NULL,NULL,NULL,NULL,0,NULL,NULL,'PRODUCTS',NULL,NULL,1,1,1,NULL,NULL,NULL,NULL,'Shirts','three_columns',NULL,NULL,'shirts','men/shirts.html'),(16,5,'2013-01-25 11:03:19','2013-03-08 18:09:27','1/2/5/16',3,3,0,3,NULL,NULL,NULL,0,NULL,NULL,NULL,NULL,0,NULL,NULL,'PRODUCTS',NULL,NULL,1,1,1,NULL,NULL,NULL,NULL,'Tees, Knits and Polos','three_columns',NULL,NULL,'tees-knits-and-polos','men/tees-knits-and-polos.html'),(17,5,'2013-01-25 11:03:48','2013-03-05 07:15:31','1/2/5/17',4,3,0,3,NULL,NULL,NULL,0,NULL,NULL,NULL,NULL,0,NULL,NULL,'PRODUCTS',NULL,NULL,1,1,1,NULL,NULL,NULL,NULL,'Pants & Denim','three_columns',NULL,NULL,'pants-denim','men/pants-denim.html'),(18,6,'2013-01-25 11:04:27','2013-03-05 07:16:27','1/2/6/18',1,3,0,3,NULL,NULL,NULL,0,NULL,NULL,NULL,NULL,0,NULL,NULL,'PRODUCTS',NULL,'plp-eye.jpg',1,1,1,NULL,NULL,NULL,NULL,'Eyewear','three_columns',NULL,NULL,'eyewear','accessories/eyewear.html'),(19,6,'2013-01-25 11:05:03','2013-03-05 07:16:42','1/2/6/19',2,3,0,3,NULL,NULL,NULL,0,NULL,NULL,NULL,NULL,0,NULL,NULL,'PRODUCTS',NULL,NULL,1,1,1,NULL,NULL,NULL,NULL,'Jewelry','three_columns',NULL,NULL,'jewelry','accessories/jewelry.html'),(20,6,'2013-01-25 11:06:05','2013-03-05 07:16:58','1/2/6/20',3,3,0,3,NULL,NULL,NULL,0,NULL,NULL,NULL,NULL,0,NULL,NULL,'PRODUCTS',NULL,'plp-shoes.jpg',1,1,1,NULL,NULL,NULL,NULL,'Shoes','three_columns',NULL,NULL,'shoes','accessories/shoes.html'),(21,6,'2013-01-25 11:07:12','2013-03-05 07:17:10','1/2/6/21',4,3,0,3,NULL,NULL,NULL,0,NULL,NULL,NULL,NULL,0,NULL,NULL,'PRODUCTS',NULL,NULL,1,1,1,NULL,NULL,NULL,NULL,'Bags & Luggage','three_columns',NULL,NULL,'bags-luggage','accessories/bags-luggage.html'),(22,7,'2013-01-25 11:07:52','2013-03-05 07:17:28','1/2/7/22',1,3,0,3,NULL,NULL,NULL,0,NULL,NULL,NULL,NULL,0,NULL,NULL,'PRODUCTS',NULL,NULL,1,1,1,NULL,NULL,NULL,NULL,'Books & Music','three_columns',NULL,NULL,'books-music','home-decor/books-music.html'),(23,7,'2013-01-25 11:08:31','2013-03-05 07:17:38','1/2/7/23',2,3,0,3,NULL,NULL,NULL,0,NULL,NULL,NULL,NULL,0,NULL,NULL,'PRODUCTS',NULL,NULL,1,1,1,NULL,NULL,NULL,NULL,'Bed & Bath','three_columns',NULL,NULL,'bed-bath','home-decor/bed-bath.html'),(24,7,'2013-01-25 11:08:54','2013-03-08 19:27:16','1/2/7/24',3,3,0,3,NULL,NULL,NULL,0,NULL,NULL,NULL,NULL,0,NULL,NULL,'PRODUCTS',NULL,NULL,1,1,1,NULL,NULL,NULL,NULL,'Electronics','three_columns',NULL,NULL,'electronics','home-decor/electronics.html'),(25,7,'2013-01-25 11:10:06','2013-03-29 22:54:12','1/2/7/25',4,3,0,3,NULL,NULL,NULL,0,NULL,NULL,NULL,NULL,0,NULL,NULL,'PRODUCTS',NULL,NULL,1,1,1,NULL,NULL,NULL,NULL,'Decorative Accents','three_columns',NULL,NULL,'decorative-accents','home-decor/decorative-accents.html'),(26,8,'2013-01-25 11:10:39','2013-03-05 07:18:17','1/2/8/26',1,3,0,3,NULL,NULL,NULL,0,NULL,NULL,NULL,NULL,0,NULL,NULL,'PRODUCTS',NULL,NULL,1,1,1,NULL,NULL,NULL,NULL,'Women','three_columns',NULL,NULL,'women','sale/women.html'),(27,8,'2013-01-25 11:11:07','2013-03-05 07:18:26','1/2/8/27',2,3,0,3,NULL,NULL,NULL,0,NULL,NULL,NULL,NULL,0,NULL,NULL,'PRODUCTS',NULL,NULL,1,1,1,NULL,NULL,NULL,NULL,'Men','three_columns',NULL,NULL,'men','sale/men.html'),(28,8,'2013-01-25 11:11:31','2013-03-05 07:18:34','1/2/8/28',3,3,0,3,NULL,NULL,NULL,0,NULL,NULL,NULL,NULL,0,NULL,NULL,'PRODUCTS',NULL,NULL,1,1,1,NULL,NULL,NULL,NULL,'Accessories','three_columns',NULL,NULL,'accessories','sale/accessories.html'),(29,8,'2013-01-25 11:12:07','2013-03-05 07:18:41','1/2/8/29',4,3,0,3,NULL,NULL,NULL,0,NULL,NULL,NULL,NULL,0,NULL,NULL,'PRODUCTS',NULL,NULL,1,1,1,NULL,NULL,NULL,NULL,'Home & Decor','three_columns',NULL,NULL,'home-decor','sale/home-decor.html'),(40,5,'2013-03-12 03:18:58','2013-03-12 03:18:58','1/2/5/40',5,3,0,3,NULL,NULL,NULL,0,NULL,NULL,NULL,NULL,0,NULL,NULL,'PRODUCTS',NULL,NULL,1,1,0,NULL,NULL,NULL,NULL,'Blazers',NULL,NULL,NULL,'blazers','men/blazers.html');

--
-- Table structure for table `catalog_category_flat_store_4`
--

CREATE TABLE `catalog_category_flat_store_4` (
  `entity_id` int(10) unsigned NOT NULL COMMENT 'entity_id',
  `parent_id` int(10) unsigned NOT NULL DEFAULT '0' COMMENT 'parent_id',
  `created_at` timestamp NULL DEFAULT NULL COMMENT 'created_at',
  `updated_at` timestamp NULL DEFAULT NULL COMMENT 'updated_at',
  `path` varchar(255) NOT NULL DEFAULT '' COMMENT 'path',
  `position` int(11) NOT NULL COMMENT 'position',
  `level` int(11) NOT NULL DEFAULT '0' COMMENT 'level',
  `children_count` int(11) NOT NULL COMMENT 'children_count',
  `store_id` smallint(5) unsigned NOT NULL DEFAULT '0' COMMENT 'Store Id',
  `all_children` text COMMENT 'All Children',
  `available_sort_by` text COMMENT 'Available Product Listing Sort By',
  `children` text COMMENT 'Children',
  `custom_apply_to_products` int(11) DEFAULT NULL COMMENT 'Apply To Products',
  `custom_design` varchar(255) DEFAULT NULL COMMENT 'Custom Design',
  `custom_design_from` datetime DEFAULT NULL COMMENT 'Active From',
  `custom_design_to` datetime DEFAULT NULL COMMENT 'Active To',
  `custom_layout_update` text COMMENT 'Custom Layout Update',
  `custom_use_parent_settings` int(11) DEFAULT NULL COMMENT 'Use Parent Category Settings',
  `default_sort_by` varchar(255) DEFAULT NULL COMMENT 'Default Product Listing Sort By',
  `description` text COMMENT 'Description',
  `display_mode` varchar(255) DEFAULT NULL COMMENT 'Display Mode',
  `filter_price_range` decimal(12,4) DEFAULT NULL COMMENT 'Layered Navigation Price Step',
  `image` varchar(255) DEFAULT NULL COMMENT 'Image',
  `include_in_menu` int(11) DEFAULT NULL COMMENT 'Include in Navigation Menu',
  `is_active` int(11) DEFAULT NULL COMMENT 'Is Active',
  `is_anchor` int(11) DEFAULT NULL COMMENT 'Is Anchor',
  `landing_page` int(11) DEFAULT NULL COMMENT 'CMS Block',
  `meta_description` text COMMENT 'Meta Description',
  `meta_keywords` text COMMENT 'Meta Keywords',
  `meta_title` varchar(255) DEFAULT NULL COMMENT 'Page Title',
  `name` varchar(255) DEFAULT NULL COMMENT 'Name',
  `page_layout` varchar(255) DEFAULT NULL COMMENT 'Page Layout',
  `path_in_store` text COMMENT 'Path In Store',
  `thumbnail` varchar(255) DEFAULT NULL COMMENT 'Thumbnail Image',
  `url_key` varchar(255) DEFAULT NULL COMMENT 'URL Key',
  `url_path` varchar(255) DEFAULT NULL COMMENT 'Url Path',
  PRIMARY KEY (`entity_id`),
  KEY `IDX_CATALOG_CATEGORY_FLAT_STORE_4_STORE_ID` (`store_id`),
  KEY `IDX_CATALOG_CATEGORY_FLAT_STORE_4_PATH` (`path`),
  KEY `IDX_CATALOG_CATEGORY_FLAT_STORE_4_LEVEL` (`level`),
  CONSTRAINT `FK_CATALOG_CATEGORY_FLAT_STORE_4_STORE_ID_CORE_STORE_STORE_ID` FOREIGN KEY (`store_id`) REFERENCES `core_store` (`store_id`) ON DELETE CASCADE ON UPDATE CASCADE,
  CONSTRAINT `FK_CAT_CTGR_FLAT_STORE_4_ENTT_ID_CAT_CTGR_ENTT_ENTT_ID` FOREIGN KEY (`entity_id`) REFERENCES `catalog_category_entity` (`entity_id`) ON DELETE CASCADE ON UPDATE CASCADE
) ENGINE=InnoDB DEFAULT CHARSET=utf8 COMMENT='Catalog Category Flat (Store 4)';

--
-- Dumping data for table `catalog_category_flat_store_4`
--


--
-- Table structure for table `catalog_category_product`
--

CREATE TABLE `catalog_category_product` (
  `category_id` int(10) unsigned NOT NULL DEFAULT '0' COMMENT 'Category ID',
  `product_id` int(10) unsigned NOT NULL DEFAULT '0' COMMENT 'Product ID',
  `position` int(11) NOT NULL DEFAULT '0' COMMENT 'Position',
  PRIMARY KEY (`category_id`,`product_id`),
  KEY `IDX_CATALOG_CATEGORY_PRODUCT_PRODUCT_ID` (`product_id`),
  CONSTRAINT `FK_CAT_CTGR_PRD_CTGR_ID_CAT_CTGR_ENTT_ENTT_ID` FOREIGN KEY (`category_id`) REFERENCES `catalog_category_entity` (`entity_id`) ON DELETE CASCADE ON UPDATE CASCADE,
  CONSTRAINT `FK_CAT_CTGR_PRD_PRD_ID_CAT_PRD_ENTT_ENTT_ID` FOREIGN KEY (`product_id`) REFERENCES `catalog_product_entity` (`entity_id`) ON DELETE CASCADE ON UPDATE CASCADE
) ENGINE=InnoDB DEFAULT CHARSET=utf8 COMMENT='Catalog Product To Category Linkage Table';

--
-- Dumping data for table `catalog_category_product`
--

INSERT INTO `catalog_category_product` VALUES (2,564,1),(4,284,1),(4,418,1),(4,428,1),(4,883,1),(5,406,1),(5,414,1),(5,456,1),(7,447,1),(8,284,1),(9,391,1),(9,393,1),(9,412,1),(9,427,1),(9,437,1),(9,448,1),(10,285,1),(10,286,1),(10,287,1),(10,294,1),(10,295,1),(10,296,1),(10,325,1),(10,326,1),(10,327,1),(10,328,1),(10,329,1),(10,418,1),(10,421,1),(10,425,1),(11,282,1),(11,283,1),(11,284,1),(11,285,1),(11,286,1),(11,287,1),(11,288,1),(11,289,1),(11,290,1),(11,291,1),(11,292,1),(11,293,1),(11,294,1),(11,295,1),(11,296,1),(11,417,1),(11,418,1),(11,419,1),(11,420,1),(11,421,1),(11,877,1),(12,325,1),(12,326,1),(12,327,1),(12,328,1),(12,329,1),(12,426,1),(12,427,1),(12,428,1),(13,297,1),(13,298,1),(13,299,1),(13,300,1),(13,301,1),(13,302,1),(13,303,1),(13,304,1),(13,305,1),(13,306,1),(13,307,1),(13,308,1),(13,309,1),(13,310,1),(13,311,1),(13,312,1),(13,313,1),(13,314,1),(13,422,1),(13,423,1),(13,424,1),(13,425,1),(14,240,1),(14,241,1),(14,242,1),(14,258,1),(14,259,1),(14,260,1),(14,406,1),(14,410,1),(14,456,1),(15,231,1),(15,232,1),(15,233,1),(15,234,1),(15,235,1),(15,236,1),(15,237,1),(15,238,1),(15,239,1),(15,402,1),(15,403,1),(15,404,1),(16,249,1),(16,250,1),(16,251,1),(16,252,1),(16,253,1),(16,254,1),(16,255,1),(16,256,1),(16,257,1),(16,258,1),(16,259,1),(16,260,1),(16,261,1),(16,262,1),(16,263,1),(16,408,1),(16,409,1),(16,410,1),(16,411,1),(16,412,1),(16,413,1),(17,267,1),(17,268,1),(17,269,1),(17,270,1),(17,271,1),(17,272,1),(17,273,1),(17,274,1),(17,275,1),(17,276,1),(17,277,1),(17,278,1),(17,279,1),(17,280,1),(17,281,1),(17,414,1),(17,415,1),(17,416,1),(17,456,1),(18,337,1),(18,338,1),(18,339,1),(19,546,1),(19,549,1),(19,551,1),(19,552,1),(19,553,1),(19,554,1),(19,555,1),(20,340,1),(20,341,1),(20,342,1),(20,343,1),(20,344,1),(20,345,1),(20,346,1),(20,347,1),(20,348,1),(20,349,1),(20,350,1),(20,351,1),(20,352,1),(20,353,1),(20,354,1),(20,355,1),(20,356,1),(20,357,1),(20,358,1),(20,359,1),(20,360,1),(20,361,1),(20,362,1),(20,363,1),(20,364,1),(20,365,1),(20,366,1),(20,367,1),(20,368,1),(20,369,1),(20,430,1),(20,431,1),(20,432,1),(20,433,1),(20,434,1),(20,435,1),(20,874,1),(20,875,1),(21,370,1),(21,371,1),(21,372,1),(21,373,1),(21,374,1),(21,375,1),(21,376,1),(21,377,1),(21,436,1),(21,439,1),(22,448,1),(22,449,1),(22,450,1),(22,557,1),(22,558,1),(22,559,1),(22,560,1),(22,561,1),(22,562,1),(22,563,1),(23,378,1),(23,379,1),(23,380,1),(23,381,1),(23,382,1),(23,383,1),(23,384,1),(23,385,1),(23,447,1),(24,392,1),(24,393,1),(24,394,8),(24,395,8),(24,396,7),(24,397,6),(24,398,6),(24,399,3),(24,400,3),(24,441,10),(24,442,10),(24,445,9),(24,446,1),(25,386,1),(25,387,1),(25,388,1),(25,389,1),(25,390,1),(25,391,1),(25,437,1),(25,440,1),(26,423,1),(26,874,1),(27,237,1),(27,238,1),(27,239,1),(27,403,1),(28,338,1),(29,384,1),(40,240,0),(40,241,0),(40,242,0),(40,243,0),(40,244,0),(40,245,0),(40,246,0),(40,247,0),(40,248,0),(40,405,0),(40,406,0),(40,407,0),(40,504,0),(40,505,0),(40,506,0),(40,507,0),(40,508,0),(40,509,0);

--
-- Table structure for table `catalog_category_product_index`
--

CREATE TABLE `catalog_category_product_index` (
  `category_id` int(10) unsigned NOT NULL DEFAULT '0' COMMENT 'Category ID',
  `product_id` int(10) unsigned NOT NULL DEFAULT '0' COMMENT 'Product ID',
  `position` int(11) DEFAULT NULL COMMENT 'Position',
  `is_parent` smallint(5) unsigned NOT NULL DEFAULT '0' COMMENT 'Is Parent',
  `store_id` smallint(5) unsigned NOT NULL DEFAULT '0' COMMENT 'Store ID',
  `visibility` smallint(5) unsigned NOT NULL COMMENT 'Visibility',
  PRIMARY KEY (`category_id`,`product_id`,`store_id`),
  KEY `IDX_CAT_CTGR_PRD_IDX_PRD_ID_STORE_ID_CTGR_ID_VISIBILITY` (`product_id`,`store_id`,`category_id`,`visibility`),
  KEY `15D3C269665C74C2219037D534F4B0DC` (`store_id`,`category_id`,`visibility`,`is_parent`,`position`),
  CONSTRAINT `FK_CATALOG_CATEGORY_PRODUCT_INDEX_STORE_ID_CORE_STORE_STORE_ID` FOREIGN KEY (`store_id`) REFERENCES `core_store` (`store_id`) ON DELETE CASCADE ON UPDATE CASCADE,
  CONSTRAINT `FK_CAT_CTGR_PRD_IDX_CTGR_ID_CAT_CTGR_ENTT_ENTT_ID` FOREIGN KEY (`category_id`) REFERENCES `catalog_category_entity` (`entity_id`) ON DELETE CASCADE ON UPDATE CASCADE,
  CONSTRAINT `FK_CAT_CTGR_PRD_IDX_PRD_ID_CAT_PRD_ENTT_ENTT_ID` FOREIGN KEY (`product_id`) REFERENCES `catalog_product_entity` (`entity_id`) ON DELETE CASCADE ON UPDATE CASCADE
) ENGINE=InnoDB DEFAULT CHARSET=utf8 COMMENT='Catalog Category Product Index';

--
-- Dumping data for table `catalog_category_product_index`
--

INSERT INTO `catalog_category_product_index` VALUES (2,240,20007,0,1,1),(2,241,20007,0,1,1),(2,242,20007,0,1,1),(2,258,20007,0,1,1),(2,259,20007,0,1,1),(2,260,20007,0,1,1),(2,285,20007,0,1,1),(2,286,20007,0,1,1),(2,287,20007,0,1,1),(2,294,20007,0,1,1),(2,295,20007,0,1,1),(2,296,20007,0,1,1),(2,325,20007,0,1,1),(2,326,20007,0,1,1),(2,327,20007,0,1,1),(2,328,20007,0,1,1),(2,329,20007,0,1,1),(2,284,30007,0,1,1),(2,231,30010,0,1,1),(2,232,30010,0,1,1),(2,233,30010,0,1,1),(2,234,30010,0,1,1),(2,235,30010,0,1,1),(2,236,30010,0,1,1),(2,237,30010,0,1,1),(2,238,30010,0,1,1),(2,239,30010,0,1,1),(2,282,30010,0,1,1),(2,283,30010,0,1,1),(2,288,30010,0,1,1),(2,289,30010,0,1,1),(2,290,30010,0,1,1),(2,291,30010,0,1,1),(2,292,30010,0,1,1),(2,293,30010,0,1,1),(2,249,40013,0,1,1),(2,250,40013,0,1,1),(2,251,40013,0,1,1),(2,252,40013,0,1,1),(2,253,40013,0,1,1),(2,254,40013,0,1,1),(2,255,40013,0,1,1),(2,256,40013,0,1,1),(2,257,40013,0,1,1),(2,261,40013,0,1,1),(2,262,40013,0,1,1),(2,263,40013,0,1,1),(2,340,40013,0,1,1),(2,341,40013,0,1,1),(2,342,40013,0,1,1),(2,343,40013,0,1,1),(2,344,40013,0,1,1),(2,345,40013,0,1,1),(2,346,40013,0,1,1),(2,347,40013,0,1,1),(2,348,40013,0,1,1),(2,349,40013,0,1,1),(2,350,40013,0,1,1),(2,351,40013,0,1,1),(2,352,40013,0,1,1),(2,353,40013,0,1,1),(2,354,40013,0,1,1),(2,355,40013,0,1,1),(2,356,40013,0,1,1),(2,357,40013,0,1,1),(2,358,40013,0,1,1),(2,359,40013,0,1,1),(2,360,40013,0,1,1),(2,361,40013,0,1,1),(2,362,40013,0,1,1),(2,363,40013,0,1,1),(2,364,40013,0,1,1),(2,365,40013,0,1,1),(2,366,40013,0,1,1),(2,367,40013,0,1,1),(2,368,40013,0,1,1),(2,369,40013,0,1,1),(2,267,50016,0,1,1),(2,268,50016,0,1,1),(2,269,50016,0,1,1),(2,270,50016,0,1,1),(2,271,50016,0,1,1),(2,272,50016,0,1,1),(2,273,50016,0,1,1),(2,274,50016,0,1,1),(2,275,50016,0,1,1),(2,276,50016,0,1,1),(2,277,50016,0,1,1),(2,278,50016,0,1,1),(2,279,50016,0,1,1),(2,280,50016,0,1,1),(2,281,50016,0,1,1),(2,297,50016,0,1,1),(2,298,50016,0,1,1),(2,299,50016,0,1,1),(2,300,50016,0,1,1),(2,301,50016,0,1,1),(2,302,50016,0,1,1),(2,303,50016,0,1,1),(2,304,50016,0,1,1),(2,305,50016,0,1,1),(2,306,50016,0,1,1),(2,307,50016,0,1,1),(2,308,50016,0,1,1),(2,309,50016,0,1,1),(2,310,50016,0,1,1),(2,311,50016,0,1,1),(2,312,50016,0,1,1),(2,313,50016,0,1,1),(2,314,50016,0,1,1),(2,376,50016,0,1,1),(2,377,50016,0,1,1),(2,387,50016,0,1,1),(2,388,50016,0,1,1),(2,243,60018,0,1,1),(2,244,60018,0,1,1),(2,245,60018,0,1,1),(2,246,60018,0,1,1),(2,247,60018,0,1,1),(2,248,60018,0,1,1),(2,504,60018,0,1,1),(2,505,60018,0,1,1),(2,506,60018,0,1,1),(2,507,60018,0,1,1),(2,508,60018,0,1,1),(2,509,60018,0,1,1),(2,457,0,1,1,1),(2,458,0,1,1,1),(2,459,0,1,1,1),(2,475,0,1,1,1),(2,476,0,1,1,1),(2,477,0,1,1,1),(2,478,0,1,1,1),(2,479,0,1,1,1),(2,480,0,1,1,1),(2,481,0,1,1,1),(2,482,0,1,1,1),(2,483,0,1,1,1),(2,484,0,1,1,1),(2,485,0,1,1,1),(2,486,0,1,1,1),(2,487,0,1,1,1),(2,488,0,1,1,1),(2,489,0,1,1,1),(2,490,0,1,1,1),(2,491,0,1,1,1),(2,492,0,1,1,1),(2,493,0,1,1,1),(2,494,0,1,1,1),(2,495,0,1,1,1),(2,496,0,1,1,1),(2,497,0,1,1,1),(2,498,0,1,1,1),(2,499,0,1,1,1),(2,500,0,1,1,1),(2,501,0,1,1,1),(2,502,0,1,1,1),(2,503,0,1,1,1),(2,510,0,1,1,1),(2,511,0,1,1,1),(2,512,0,1,1,1),(2,513,0,1,1,1),(2,514,0,1,1,1),(2,515,0,1,1,1),(2,516,0,1,1,1),(2,517,0,1,1,1),(2,518,0,1,1,1),(2,519,0,1,1,1),(2,520,0,1,1,1),(2,521,0,1,1,1),(2,522,0,1,1,1),(2,523,0,1,1,1),(2,524,0,1,1,1),(2,525,0,1,1,1),(2,526,0,1,1,1),(2,527,0,1,1,1),(2,528,0,1,1,1),(2,529,0,1,1,1),(2,530,0,1,1,1),(2,531,0,1,1,1),(2,532,0,1,1,1),(2,533,0,1,1,1),(2,534,0,1,1,1),(2,535,0,1,1,1),(2,536,0,1,1,1),(2,537,0,1,1,1),(2,538,0,1,1,1),(2,539,0,1,1,1),(2,540,0,1,1,1),(2,541,0,1,1,1),(2,547,0,1,1,1),(2,548,0,1,1,1),(2,878,0,1,1,1),(2,879,0,1,1,1),(2,880,0,1,1,1),(2,881,0,1,1,1),(2,564,1,1,1,2),(2,337,20007,0,1,4),(2,338,20007,0,1,4),(2,339,20007,0,1,4),(2,406,20007,0,1,4),(2,410,20007,0,1,4),(2,418,20007,0,1,4),(2,421,20007,0,1,4),(2,423,20007,0,1,4),(2,425,20007,0,1,4),(2,448,20007,0,1,4),(2,450,20007,0,1,4),(2,456,20007,0,1,4),(2,557,20007,0,1,4),(2,558,20007,0,1,4),(2,559,20007,0,1,4),(2,560,20007,0,1,4),(2,561,20007,0,1,4),(2,563,20007,0,1,4),(2,874,20007,0,1,4),(2,428,30007,0,1,4),(2,378,30010,0,1,4),(2,379,30010,0,1,4),(2,380,30010,0,1,4),(2,381,30010,0,1,4),(2,382,30010,0,1,4),(2,383,30010,0,1,4),(2,384,30010,0,1,4),(2,385,30010,0,1,4),(2,402,30010,0,1,4),(2,403,30010,0,1,4),(2,404,30010,0,1,4),(2,417,30010,0,1,4),(2,419,30010,0,1,4),(2,420,30010,0,1,4),(2,447,30010,0,1,4),(2,546,30010,0,1,4),(2,549,30010,0,1,4),(2,551,30010,0,1,4),(2,552,30010,0,1,4),(2,553,30010,0,1,4),(2,554,30010,0,1,4),(2,555,30010,0,1,4),(2,877,30010,0,1,4),(2,414,40009,0,1,4),(2,392,40013,0,1,4),(2,393,40013,0,1,4),(2,408,40013,0,1,4),(2,409,40013,0,1,4),(2,411,40013,0,1,4),(2,412,40013,0,1,4),(2,413,40013,0,1,4),(2,426,40013,0,1,4),(2,427,40013,0,1,4),(2,430,40013,0,1,4),(2,431,40013,0,1,4),(2,432,40013,0,1,4),(2,433,40013,0,1,4),(2,434,40013,0,1,4),(2,435,40013,0,1,4),(2,446,40013,0,1,4),(2,875,40013,0,1,4),(2,399,40015,0,1,4),(2,400,40015,0,1,4),(2,397,40018,0,1,4),(2,398,40018,0,1,4),(2,396,40019,0,1,4),(2,394,40020,0,1,4),(2,395,40020,0,1,4),(2,445,40021,0,1,4),(2,441,40022,0,1,4),(2,442,40022,0,1,4),(2,370,50016,0,1,4),(2,371,50016,0,1,4),(2,372,50016,0,1,4),(2,373,50016,0,1,4),(2,374,50016,0,1,4),(2,375,50016,0,1,4),(2,386,50016,0,1,4),(2,389,50016,0,1,4),(2,390,50016,0,1,4),(2,391,50016,0,1,4),(2,415,50016,0,1,4),(2,416,50016,0,1,4),(2,422,50016,0,1,4),(2,424,50016,0,1,4),(2,436,50016,0,1,4),(2,437,50016,0,1,4),(2,439,50016,0,1,4),(2,440,50016,0,1,4),(2,405,60018,0,1,4),(2,407,60018,0,1,4),(2,883,90001,0,1,4),(4,285,20007,0,1,1),(4,286,20007,0,1,1),(4,287,20007,0,1,1),(4,294,20007,0,1,1),(4,295,20007,0,1,1),(4,296,20007,0,1,1),(4,325,20007,0,1,1),(4,326,20007,0,1,1),(4,327,20007,0,1,1),(4,328,20007,0,1,1),(4,329,20007,0,1,1),(4,282,30010,0,1,1),(4,283,30010,0,1,1),(4,288,30010,0,1,1),(4,289,30010,0,1,1),(4,290,30010,0,1,1),(4,291,30010,0,1,1),(4,292,30010,0,1,1),(4,293,30010,0,1,1),(4,297,50016,0,1,1),(4,298,50016,0,1,1),(4,299,50016,0,1,1),(4,300,50016,0,1,1),(4,301,50016,0,1,1),(4,302,50016,0,1,1),(4,303,50016,0,1,1),(4,304,50016,0,1,1),(4,305,50016,0,1,1),(4,306,50016,0,1,1),(4,307,50016,0,1,1),(4,308,50016,0,1,1),(4,309,50016,0,1,1),(4,310,50016,0,1,1),(4,311,50016,0,1,1),(4,312,50016,0,1,1),(4,313,50016,0,1,1),(4,314,50016,0,1,1),(4,284,1,1,1,1),(4,421,20007,0,1,4),(4,425,20007,0,1,4),(4,417,30010,0,1,4),(4,419,30010,0,1,4),(4,420,30010,0,1,4),(4,877,30010,0,1,4),(4,426,40013,0,1,4),(4,427,40013,0,1,4),(4,422,50016,0,1,4),(4,423,50016,0,1,4),(4,424,50016,0,1,4),(4,418,1,1,1,4),(4,428,1,1,1,4),(4,883,1,1,1,4),(5,240,20007,0,1,1),(5,241,20007,0,1,1),(5,242,20007,0,1,1),(5,258,20007,0,1,1),(5,259,20007,0,1,1),(5,260,20007,0,1,1),(5,231,30010,0,1,1),(5,232,30010,0,1,1),(5,233,30010,0,1,1),(5,234,30010,0,1,1),(5,235,30010,0,1,1),(5,236,30010,0,1,1),(5,237,30010,0,1,1),(5,238,30010,0,1,1),(5,239,30010,0,1,1),(5,249,40013,0,1,1),(5,250,40013,0,1,1),(5,251,40013,0,1,1),(5,252,40013,0,1,1),(5,253,40013,0,1,1),(5,254,40013,0,1,1),(5,255,40013,0,1,1),(5,256,40013,0,1,1),(5,257,40013,0,1,1),(5,261,40013,0,1,1),(5,262,40013,0,1,1),(5,263,40013,0,1,1),(5,267,50016,0,1,1),(5,268,50016,0,1,1),(5,269,50016,0,1,1),(5,270,50016,0,1,1),(5,271,50016,0,1,1),(5,272,50016,0,1,1),(5,273,50016,0,1,1),(5,274,50016,0,1,1),(5,275,50016,0,1,1),(5,276,50016,0,1,1),(5,277,50016,0,1,1),(5,278,50016,0,1,1),(5,279,50016,0,1,1),(5,280,50016,0,1,1),(5,281,50016,0,1,1),(5,243,60018,0,1,1),(5,244,60018,0,1,1),(5,245,60018,0,1,1),(5,246,60018,0,1,1),(5,247,60018,0,1,1),(5,248,60018,0,1,1),(5,504,60018,0,1,1),(5,505,60018,0,1,1),(5,506,60018,0,1,1),(5,507,60018,0,1,1),(5,508,60018,0,1,1),(5,509,60018,0,1,1),(5,410,20007,0,1,4),(5,402,30010,0,1,4),(5,403,30010,0,1,4),(5,404,30010,0,1,4),(5,408,40013,0,1,4),(5,409,40013,0,1,4),(5,411,40013,0,1,4),(5,412,40013,0,1,4),(5,413,40013,0,1,4),(5,415,50016,0,1,4),(5,416,50016,0,1,4),(5,405,60018,0,1,4),(5,407,60018,0,1,4),(5,406,1,1,1,4),(5,414,1,1,1,4),(5,456,1,1,1,4),(6,340,40013,0,1,1),(6,341,40013,0,1,1),(6,342,40013,0,1,1),(6,343,40013,0,1,1),(6,344,40013,0,1,1),(6,345,40013,0,1,1),(6,346,40013,0,1,1),(6,347,40013,0,1,1),(6,348,40013,0,1,1),(6,349,40013,0,1,1),(6,350,40013,0,1,1),(6,351,40013,0,1,1),(6,352,40013,0,1,1),(6,353,40013,0,1,1),(6,354,40013,0,1,1),(6,355,40013,0,1,1),(6,356,40013,0,1,1),(6,357,40013,0,1,1),(6,358,40013,0,1,1),(6,359,40013,0,1,1),(6,360,40013,0,1,1),(6,361,40013,0,1,1),(6,362,40013,0,1,1),(6,363,40013,0,1,1),(6,364,40013,0,1,1),(6,365,40013,0,1,1),(6,366,40013,0,1,1),(6,367,40013,0,1,1),(6,368,40013,0,1,1),(6,369,40013,0,1,1),(6,376,50016,0,1,1),(6,377,50016,0,1,1),(6,337,20007,0,1,4),(6,338,20007,0,1,4),(6,339,20007,0,1,4),(6,546,30010,0,1,4),(6,549,30010,0,1,4),(6,551,30010,0,1,4),(6,552,30010,0,1,4),(6,553,30010,0,1,4),(6,554,30010,0,1,4),(6,555,30010,0,1,4),(6,430,40013,0,1,4),(6,431,40013,0,1,4),(6,432,40013,0,1,4),(6,433,40013,0,1,4),(6,434,40013,0,1,4),(6,435,40013,0,1,4),(6,874,40013,0,1,4),(6,875,40013,0,1,4),(6,370,50016,0,1,4),(6,371,50016,0,1,4),(6,372,50016,0,1,4),(6,373,50016,0,1,4),(6,374,50016,0,1,4),(6,375,50016,0,1,4),(6,436,50016,0,1,4),(6,439,50016,0,1,4),(7,387,50016,0,1,1),(7,388,50016,0,1,1),(7,448,20007,0,1,4),(7,450,20007,0,1,4),(7,557,20007,0,1,4),(7,558,20007,0,1,4),(7,559,20007,0,1,4),(7,560,20007,0,1,4),(7,561,20007,0,1,4),(7,563,20007,0,1,4),(7,378,30010,0,1,4),(7,379,30010,0,1,4),(7,380,30010,0,1,4),(7,381,30010,0,1,4),(7,382,30010,0,1,4),(7,383,30010,0,1,4),(7,384,30010,0,1,4),(7,385,30010,0,1,4),(7,392,40013,0,1,4),(7,393,40013,0,1,4),(7,446,40013,0,1,4),(7,399,40015,0,1,4),(7,400,40015,0,1,4),(7,397,40018,0,1,4),(7,398,40018,0,1,4),(7,396,40019,0,1,4),(7,394,40020,0,1,4),(7,395,40020,0,1,4),(7,445,40021,0,1,4),(7,441,40022,0,1,4),(7,442,40022,0,1,4),(7,386,50016,0,1,4),(7,389,50016,0,1,4),(7,390,50016,0,1,4),(7,391,50016,0,1,4),(7,437,50016,0,1,4),(7,440,50016,0,1,4),(7,447,1,1,1,4),(8,237,30010,0,1,1),(8,238,30010,0,1,1),(8,239,30010,0,1,1),(8,284,1,1,1,1),(8,423,20007,0,1,4),(8,874,20007,0,1,4),(8,403,30010,0,1,4),(8,338,40013,0,1,4),(8,384,50016,0,1,4),(9,391,1,1,1,4),(9,393,1,1,1,4),(9,412,1,1,1,4),(9,427,1,1,1,4),(9,437,1,1,1,4),(9,448,1,1,1,4),(10,285,1,1,1,1),(10,286,1,1,1,1),(10,287,1,1,1,1),(10,294,1,1,1,1),(10,295,1,1,1,1),(10,296,1,1,1,1),(10,325,1,1,1,1),(10,326,1,1,1,1),(10,327,1,1,1,1),(10,328,1,1,1,1),(10,329,1,1,1,1),(10,418,1,1,1,4),(10,421,1,1,1,4),(10,425,1,1,1,4),(11,282,1,1,1,1),(11,283,1,1,1,1),(11,284,1,1,1,1),(11,285,1,1,1,1),(11,286,1,1,1,1),(11,287,1,1,1,1),(11,288,1,1,1,1),(11,289,1,1,1,1),(11,290,1,1,1,1),(11,291,1,1,1,1),(11,292,1,1,1,1),(11,293,1,1,1,1),(11,294,1,1,1,1),(11,295,1,1,1,1),(11,296,1,1,1,1),(11,417,1,1,1,4),(11,418,1,1,1,4),(11,419,1,1,1,4),(11,420,1,1,1,4),(11,421,1,1,1,4),(11,877,1,1,1,4),(12,325,1,1,1,1),(12,326,1,1,1,1),(12,327,1,1,1,1),(12,328,1,1,1,1),(12,329,1,1,1,1),(12,426,1,1,1,4),(12,427,1,1,1,4),(12,428,1,1,1,4),(13,297,1,1,1,1),(13,298,1,1,1,1),(13,299,1,1,1,1),(13,300,1,1,1,1),(13,301,1,1,1,1),(13,302,1,1,1,1),(13,303,1,1,1,1),(13,304,1,1,1,1),(13,305,1,1,1,1),(13,306,1,1,1,1),(13,307,1,1,1,1),(13,308,1,1,1,1),(13,309,1,1,1,1),(13,310,1,1,1,1),(13,311,1,1,1,1),(13,312,1,1,1,1),(13,313,1,1,1,1),(13,314,1,1,1,1),(13,422,1,1,1,4),(13,423,1,1,1,4),(13,424,1,1,1,4),(13,425,1,1,1,4),(14,240,1,1,1,1),(14,241,1,1,1,1),(14,242,1,1,1,1),(14,258,1,1,1,1),(14,259,1,1,1,1),(14,260,1,1,1,1),(14,406,1,1,1,4),(14,410,1,1,1,4),(14,456,1,1,1,4),(15,231,1,1,1,1),(15,232,1,1,1,1),(15,233,1,1,1,1),(15,234,1,1,1,1),(15,235,1,1,1,1),(15,236,1,1,1,1),(15,237,1,1,1,1),(15,238,1,1,1,1),(15,239,1,1,1,1),(15,402,1,1,1,4),(15,403,1,1,1,4),(15,404,1,1,1,4),(16,249,1,1,1,1),(16,250,1,1,1,1),(16,251,1,1,1,1),(16,252,1,1,1,1),(16,253,1,1,1,1),(16,254,1,1,1,1),(16,255,1,1,1,1),(16,256,1,1,1,1),(16,257,1,1,1,1),(16,258,1,1,1,1),(16,259,1,1,1,1),(16,260,1,1,1,1),(16,261,1,1,1,1),(16,262,1,1,1,1),(16,263,1,1,1,1),(16,408,1,1,1,4),(16,409,1,1,1,4),(16,410,1,1,1,4),(16,411,1,1,1,4),(16,412,1,1,1,4),(16,413,1,1,1,4),(17,267,1,1,1,1),(17,268,1,1,1,1),(17,269,1,1,1,1),(17,270,1,1,1,1),(17,271,1,1,1,1),(17,272,1,1,1,1),(17,273,1,1,1,1),(17,274,1,1,1,1),(17,275,1,1,1,1),(17,276,1,1,1,1),(17,277,1,1,1,1),(17,278,1,1,1,1),(17,279,1,1,1,1),(17,280,1,1,1,1),(17,281,1,1,1,1),(17,414,1,1,1,4),(17,415,1,1,1,4),(17,416,1,1,1,4),(17,456,1,1,1,4),(18,337,1,1,1,4),(18,338,1,1,1,4),(18,339,1,1,1,4),(19,546,1,1,1,4),(19,549,1,1,1,4),(19,551,1,1,1,4),(19,552,1,1,1,4),(19,553,1,1,1,4),(19,554,1,1,1,4),(19,555,1,1,1,4),(20,340,1,1,1,1),(20,341,1,1,1,1),(20,342,1,1,1,1),(20,343,1,1,1,1),(20,344,1,1,1,1),(20,345,1,1,1,1),(20,346,1,1,1,1),(20,347,1,1,1,1),(20,348,1,1,1,1),(20,349,1,1,1,1),(20,350,1,1,1,1),(20,351,1,1,1,1),(20,352,1,1,1,1),(20,353,1,1,1,1),(20,354,1,1,1,1),(20,355,1,1,1,1),(20,356,1,1,1,1),(20,357,1,1,1,1),(20,358,1,1,1,1),(20,359,1,1,1,1),(20,360,1,1,1,1),(20,361,1,1,1,1),(20,362,1,1,1,1),(20,363,1,1,1,1),(20,364,1,1,1,1),(20,365,1,1,1,1),(20,366,1,1,1,1),(20,367,1,1,1,1),(20,368,1,1,1,1),(20,369,1,1,1,1),(20,430,1,1,1,4),(20,431,1,1,1,4),(20,432,1,1,1,4),(20,433,1,1,1,4),(20,434,1,1,1,4),(20,435,1,1,1,4),(20,874,1,1,1,4),(20,875,1,1,1,4),(21,376,1,1,1,1),(21,377,1,1,1,1),(21,370,1,1,1,4),(21,371,1,1,1,4),(21,372,1,1,1,4),(21,373,1,1,1,4),(21,374,1,1,1,4),(21,375,1,1,1,4),(21,436,1,1,1,4),(21,439,1,1,1,4),(22,448,1,1,1,4),(22,450,1,1,1,4),(22,557,1,1,1,4),(22,558,1,1,1,4),(22,559,1,1,1,4),(22,560,1,1,1,4),(22,561,1,1,1,4),(22,563,1,1,1,4),(23,378,1,1,1,4),(23,379,1,1,1,4),(23,380,1,1,1,4),(23,381,1,1,1,4),(23,382,1,1,1,4),(23,383,1,1,1,4),(23,384,1,1,1,4),(23,385,1,1,1,4),(23,447,1,1,1,4),(24,392,1,1,1,4),(24,393,1,1,1,4),(24,446,1,1,1,4),(24,399,3,1,1,4),(24,400,3,1,1,4),(24,397,6,1,1,4),(24,398,6,1,1,4),(24,396,7,1,1,4),(24,394,8,1,1,4),(24,395,8,1,1,4),(24,445,9,1,1,4),(24,441,10,1,1,4),(24,442,10,1,1,4),(25,387,1,1,1,1),(25,388,1,1,1,1),(25,386,1,1,1,4),(25,389,1,1,1,4),(25,390,1,1,1,4),(25,391,1,1,1,4),(25,437,1,1,1,4),(25,440,1,1,1,4),(26,423,1,1,1,4),(26,874,1,1,1,4),(27,237,1,1,1,1),(27,238,1,1,1,1),(27,239,1,1,1,1),(27,403,1,1,1,4),(28,338,1,1,1,4),(29,384,1,1,1,4),(40,240,0,1,1,1),(40,241,0,1,1,1),(40,242,0,1,1,1),(40,243,0,1,1,1),(40,244,0,1,1,1),(40,245,0,1,1,1),(40,246,0,1,1,1),(40,247,0,1,1,1),(40,248,0,1,1,1),(40,504,0,1,1,1),(40,505,0,1,1,1),(40,506,0,1,1,1),(40,507,0,1,1,1),(40,508,0,1,1,1),(40,509,0,1,1,1),(40,405,0,1,1,4),(40,406,0,1,1,4),(40,407,0,1,1,4),(2,240,20007,0,2,1),(2,241,20007,0,2,1),(2,242,20007,0,2,1),(2,258,20007,0,2,1),(2,259,20007,0,2,1),(2,260,20007,0,2,1),(2,285,20007,0,2,1),(2,286,20007,0,2,1),(2,287,20007,0,2,1),(2,294,20007,0,2,1),(2,295,20007,0,2,1),(2,296,20007,0,2,1),(2,325,20007,0,2,1),(2,326,20007,0,2,1),(2,327,20007,0,2,1),(2,328,20007,0,2,1),(2,329,20007,0,2,1),(2,284,30007,0,2,1),(2,231,30010,0,2,1),(2,232,30010,0,2,1),(2,233,30010,0,2,1),(2,234,30010,0,2,1),(2,235,30010,0,2,1),(2,236,30010,0,2,1),(2,237,30010,0,2,1),(2,238,30010,0,2,1),(2,239,30010,0,2,1),(2,282,30010,0,2,1),(2,283,30010,0,2,1),(2,288,30010,0,2,1),(2,289,30010,0,2,1),(2,290,30010,0,2,1),(2,291,30010,0,2,1),(2,292,30010,0,2,1),(2,293,30010,0,2,1),(2,249,40013,0,2,1),(2,250,40013,0,2,1),(2,251,40013,0,2,1),(2,252,40013,0,2,1),(2,253,40013,0,2,1),(2,254,40013,0,2,1),(2,255,40013,0,2,1),(2,256,40013,0,2,1),(2,257,40013,0,2,1),(2,261,40013,0,2,1),(2,262,40013,0,2,1),(2,263,40013,0,2,1),(2,340,40013,0,2,1),(2,341,40013,0,2,1),(2,342,40013,0,2,1),(2,343,40013,0,2,1),(2,344,40013,0,2,1),(2,345,40013,0,2,1),(2,346,40013,0,2,1),(2,347,40013,0,2,1),(2,348,40013,0,2,1),(2,349,40013,0,2,1),(2,350,40013,0,2,1),(2,351,40013,0,2,1),(2,352,40013,0,2,1),(2,353,40013,0,2,1),(2,354,40013,0,2,1),(2,355,40013,0,2,1),(2,356,40013,0,2,1),(2,357,40013,0,2,1),(2,358,40013,0,2,1),(2,359,40013,0,2,1),(2,360,40013,0,2,1),(2,361,40013,0,2,1),(2,362,40013,0,2,1),(2,363,40013,0,2,1),(2,364,40013,0,2,1),(2,365,40013,0,2,1),(2,366,40013,0,2,1),(2,367,40013,0,2,1),(2,368,40013,0,2,1),(2,369,40013,0,2,1),(2,267,50016,0,2,1),(2,268,50016,0,2,1),(2,269,50016,0,2,1),(2,270,50016,0,2,1),(2,271,50016,0,2,1),(2,272,50016,0,2,1),(2,273,50016,0,2,1),(2,274,50016,0,2,1),(2,275,50016,0,2,1),(2,276,50016,0,2,1),(2,277,50016,0,2,1),(2,278,50016,0,2,1),(2,279,50016,0,2,1),(2,280,50016,0,2,1),(2,281,50016,0,2,1),(2,297,50016,0,2,1),(2,298,50016,0,2,1),(2,299,50016,0,2,1),(2,300,50016,0,2,1),(2,301,50016,0,2,1),(2,302,50016,0,2,1),(2,303,50016,0,2,1),(2,304,50016,0,2,1),(2,305,50016,0,2,1),(2,306,50016,0,2,1),(2,307,50016,0,2,1),(2,308,50016,0,2,1),(2,309,50016,0,2,1),(2,310,50016,0,2,1),(2,311,50016,0,2,1),(2,312,50016,0,2,1),(2,313,50016,0,2,1),(2,314,50016,0,2,1),(2,376,50016,0,2,1),(2,377,50016,0,2,1),(2,387,50016,0,2,1),(2,388,50016,0,2,1),(2,243,60018,0,2,1),(2,244,60018,0,2,1),(2,245,60018,0,2,1),(2,246,60018,0,2,1),(2,247,60018,0,2,1),(2,248,60018,0,2,1),(2,504,60018,0,2,1),(2,505,60018,0,2,1),(2,506,60018,0,2,1),(2,507,60018,0,2,1),(2,508,60018,0,2,1),(2,509,60018,0,2,1),(2,457,0,1,2,1),(2,458,0,1,2,1),(2,459,0,1,2,1),(2,475,0,1,2,1),(2,476,0,1,2,1),(2,477,0,1,2,1),(2,478,0,1,2,1),(2,479,0,1,2,1),(2,480,0,1,2,1),(2,481,0,1,2,1),(2,482,0,1,2,1),(2,483,0,1,2,1),(2,484,0,1,2,1),(2,485,0,1,2,1),(2,486,0,1,2,1),(2,487,0,1,2,1),(2,488,0,1,2,1),(2,489,0,1,2,1),(2,490,0,1,2,1),(2,491,0,1,2,1),(2,492,0,1,2,1),(2,493,0,1,2,1),(2,494,0,1,2,1),(2,495,0,1,2,1),(2,496,0,1,2,1),(2,497,0,1,2,1),(2,498,0,1,2,1),(2,499,0,1,2,1),(2,500,0,1,2,1),(2,501,0,1,2,1),(2,502,0,1,2,1),(2,503,0,1,2,1),(2,510,0,1,2,1),(2,511,0,1,2,1),(2,512,0,1,2,1),(2,513,0,1,2,1),(2,514,0,1,2,1),(2,515,0,1,2,1),(2,516,0,1,2,1),(2,517,0,1,2,1),(2,518,0,1,2,1),(2,519,0,1,2,1),(2,520,0,1,2,1),(2,521,0,1,2,1),(2,522,0,1,2,1),(2,523,0,1,2,1),(2,524,0,1,2,1),(2,525,0,1,2,1),(2,526,0,1,2,1),(2,527,0,1,2,1),(2,528,0,1,2,1),(2,529,0,1,2,1),(2,530,0,1,2,1),(2,531,0,1,2,1),(2,532,0,1,2,1),(2,533,0,1,2,1),(2,534,0,1,2,1),(2,535,0,1,2,1),(2,536,0,1,2,1),(2,537,0,1,2,1),(2,538,0,1,2,1),(2,539,0,1,2,1),(2,540,0,1,2,1),(2,541,0,1,2,1),(2,547,0,1,2,1),(2,548,0,1,2,1),(2,878,0,1,2,1),(2,879,0,1,2,1),(2,880,0,1,2,1),(2,881,0,1,2,1),(2,564,1,1,2,2),(2,337,20007,0,2,4),(2,338,20007,0,2,4),(2,339,20007,0,2,4),(2,406,20007,0,2,4),(2,410,20007,0,2,4),(2,418,20007,0,2,4),(2,421,20007,0,2,4),(2,423,20007,0,2,4),(2,425,20007,0,2,4),(2,448,20007,0,2,4),(2,450,20007,0,2,4),(2,456,20007,0,2,4),(2,557,20007,0,2,4),(2,558,20007,0,2,4),(2,559,20007,0,2,4),(2,560,20007,0,2,4),(2,561,20007,0,2,4),(2,563,20007,0,2,4),(2,874,20007,0,2,4),(2,428,30007,0,2,4),(2,378,30010,0,2,4),(2,379,30010,0,2,4),(2,380,30010,0,2,4),(2,381,30010,0,2,4),(2,382,30010,0,2,4),(2,383,30010,0,2,4),(2,384,30010,0,2,4),(2,385,30010,0,2,4),(2,402,30010,0,2,4),(2,403,30010,0,2,4),(2,404,30010,0,2,4),(2,417,30010,0,2,4),(2,419,30010,0,2,4),(2,420,30010,0,2,4),(2,447,30010,0,2,4),(2,546,30010,0,2,4),(2,549,30010,0,2,4),(2,551,30010,0,2,4),(2,552,30010,0,2,4),(2,553,30010,0,2,4),(2,554,30010,0,2,4),(2,555,30010,0,2,4),(2,877,30010,0,2,4),(2,414,40009,0,2,4),(2,392,40013,0,2,4),(2,393,40013,0,2,4),(2,408,40013,0,2,4),(2,409,40013,0,2,4),(2,411,40013,0,2,4),(2,412,40013,0,2,4),(2,413,40013,0,2,4),(2,426,40013,0,2,4),(2,427,40013,0,2,4),(2,430,40013,0,2,4),(2,431,40013,0,2,4),(2,432,40013,0,2,4),(2,433,40013,0,2,4),(2,434,40013,0,2,4),(2,435,40013,0,2,4),(2,446,40013,0,2,4),(2,875,40013,0,2,4),(2,399,40015,0,2,4),(2,400,40015,0,2,4),(2,397,40018,0,2,4),(2,398,40018,0,2,4),(2,396,40019,0,2,4),(2,394,40020,0,2,4),(2,395,40020,0,2,4),(2,445,40021,0,2,4),(2,441,40022,0,2,4),(2,442,40022,0,2,4),(2,370,50016,0,2,4),(2,371,50016,0,2,4),(2,372,50016,0,2,4),(2,373,50016,0,2,4),(2,374,50016,0,2,4),(2,375,50016,0,2,4),(2,386,50016,0,2,4),(2,389,50016,0,2,4),(2,390,50016,0,2,4),(2,391,50016,0,2,4),(2,415,50016,0,2,4),(2,416,50016,0,2,4),(2,422,50016,0,2,4),(2,424,50016,0,2,4),(2,436,50016,0,2,4),(2,437,50016,0,2,4),(2,439,50016,0,2,4),(2,440,50016,0,2,4),(2,405,60018,0,2,4),(2,407,60018,0,2,4),(2,883,90001,0,2,4),(4,285,20007,0,2,1),(4,286,20007,0,2,1),(4,287,20007,0,2,1),(4,294,20007,0,2,1),(4,295,20007,0,2,1),(4,296,20007,0,2,1),(4,325,20007,0,2,1),(4,326,20007,0,2,1),(4,327,20007,0,2,1),(4,328,20007,0,2,1),(4,329,20007,0,2,1),(4,282,30010,0,2,1),(4,283,30010,0,2,1),(4,288,30010,0,2,1),(4,289,30010,0,2,1),(4,290,30010,0,2,1),(4,291,30010,0,2,1),(4,292,30010,0,2,1),(4,293,30010,0,2,1),(4,297,50016,0,2,1),(4,298,50016,0,2,1),(4,299,50016,0,2,1),(4,300,50016,0,2,1),(4,301,50016,0,2,1),(4,302,50016,0,2,1),(4,303,50016,0,2,1),(4,304,50016,0,2,1),(4,305,50016,0,2,1),(4,306,50016,0,2,1),(4,307,50016,0,2,1),(4,308,50016,0,2,1),(4,309,50016,0,2,1),(4,310,50016,0,2,1),(4,311,50016,0,2,1),(4,312,50016,0,2,1),(4,313,50016,0,2,1),(4,314,50016,0,2,1),(4,284,1,1,2,1),(4,421,20007,0,2,4),(4,425,20007,0,2,4),(4,417,30010,0,2,4),(4,419,30010,0,2,4),(4,420,30010,0,2,4),(4,877,30010,0,2,4),(4,426,40013,0,2,4),(4,427,40013,0,2,4),(4,422,50016,0,2,4),(4,423,50016,0,2,4),(4,424,50016,0,2,4),(4,418,1,1,2,4),(4,428,1,1,2,4),(4,883,1,1,2,4),(5,240,20007,0,2,1),(5,241,20007,0,2,1),(5,242,20007,0,2,1),(5,258,20007,0,2,1),(5,259,20007,0,2,1),(5,260,20007,0,2,1),(5,231,30010,0,2,1),(5,232,30010,0,2,1),(5,233,30010,0,2,1),(5,234,30010,0,2,1),(5,235,30010,0,2,1),(5,236,30010,0,2,1),(5,237,30010,0,2,1),(5,238,30010,0,2,1),(5,239,30010,0,2,1),(5,249,40013,0,2,1),(5,250,40013,0,2,1),(5,251,40013,0,2,1),(5,252,40013,0,2,1),(5,253,40013,0,2,1),(5,254,40013,0,2,1),(5,255,40013,0,2,1),(5,256,40013,0,2,1),(5,257,40013,0,2,1),(5,261,40013,0,2,1),(5,262,40013,0,2,1),(5,263,40013,0,2,1),(5,267,50016,0,2,1),(5,268,50016,0,2,1),(5,269,50016,0,2,1),(5,270,50016,0,2,1),(5,271,50016,0,2,1),(5,272,50016,0,2,1),(5,273,50016,0,2,1),(5,274,50016,0,2,1),(5,275,50016,0,2,1),(5,276,50016,0,2,1),(5,277,50016,0,2,1),(5,278,50016,0,2,1),(5,279,50016,0,2,1),(5,280,50016,0,2,1),(5,281,50016,0,2,1),(5,243,60018,0,2,1),(5,244,60018,0,2,1),(5,245,60018,0,2,1),(5,246,60018,0,2,1),(5,247,60018,0,2,1),(5,248,60018,0,2,1),(5,504,60018,0,2,1),(5,505,60018,0,2,1),(5,506,60018,0,2,1),(5,507,60018,0,2,1),(5,508,60018,0,2,1),(5,509,60018,0,2,1),(5,410,20007,0,2,4),(5,402,30010,0,2,4),(5,403,30010,0,2,4),(5,404,30010,0,2,4),(5,408,40013,0,2,4),(5,409,40013,0,2,4),(5,411,40013,0,2,4),(5,412,40013,0,2,4),(5,413,40013,0,2,4),(5,415,50016,0,2,4),(5,416,50016,0,2,4),(5,405,60018,0,2,4),(5,407,60018,0,2,4),(5,406,1,1,2,4),(5,414,1,1,2,4),(5,456,1,1,2,4),(6,340,40013,0,2,1),(6,341,40013,0,2,1),(6,342,40013,0,2,1),(6,343,40013,0,2,1),(6,344,40013,0,2,1),(6,345,40013,0,2,1),(6,346,40013,0,2,1),(6,347,40013,0,2,1),(6,348,40013,0,2,1),(6,349,40013,0,2,1),(6,350,40013,0,2,1),(6,351,40013,0,2,1),(6,352,40013,0,2,1),(6,353,40013,0,2,1),(6,354,40013,0,2,1),(6,355,40013,0,2,1),(6,356,40013,0,2,1),(6,357,40013,0,2,1),(6,358,40013,0,2,1),(6,359,40013,0,2,1),(6,360,40013,0,2,1),(6,361,40013,0,2,1),(6,362,40013,0,2,1),(6,363,40013,0,2,1),(6,364,40013,0,2,1),(6,365,40013,0,2,1),(6,366,40013,0,2,1),(6,367,40013,0,2,1),(6,368,40013,0,2,1),(6,369,40013,0,2,1),(6,376,50016,0,2,1),(6,377,50016,0,2,1),(6,337,20007,0,2,4),(6,338,20007,0,2,4),(6,339,20007,0,2,4),(6,546,30010,0,2,4),(6,549,30010,0,2,4),(6,551,30010,0,2,4),(6,552,30010,0,2,4),(6,553,30010,0,2,4),(6,554,30010,0,2,4),(6,555,30010,0,2,4),(6,430,40013,0,2,4),(6,431,40013,0,2,4),(6,432,40013,0,2,4),(6,433,40013,0,2,4),(6,434,40013,0,2,4),(6,435,40013,0,2,4),(6,874,40013,0,2,4),(6,875,40013,0,2,4),(6,370,50016,0,2,4),(6,371,50016,0,2,4),(6,372,50016,0,2,4),(6,373,50016,0,2,4),(6,374,50016,0,2,4),(6,375,50016,0,2,4),(6,436,50016,0,2,4),(6,439,50016,0,2,4),(7,387,50016,0,2,1),(7,388,50016,0,2,1),(7,448,20007,0,2,4),(7,450,20007,0,2,4),(7,557,20007,0,2,4),(7,558,20007,0,2,4),(7,559,20007,0,2,4),(7,560,20007,0,2,4),(7,561,20007,0,2,4),(7,563,20007,0,2,4),(7,378,30010,0,2,4),(7,379,30010,0,2,4),(7,380,30010,0,2,4),(7,381,30010,0,2,4),(7,382,30010,0,2,4),(7,383,30010,0,2,4),(7,384,30010,0,2,4),(7,385,30010,0,2,4),(7,392,40013,0,2,4),(7,393,40013,0,2,4),(7,446,40013,0,2,4),(7,399,40015,0,2,4),(7,400,40015,0,2,4),(7,397,40018,0,2,4),(7,398,40018,0,2,4),(7,396,40019,0,2,4),(7,394,40020,0,2,4),(7,395,40020,0,2,4),(7,445,40021,0,2,4),(7,441,40022,0,2,4),(7,442,40022,0,2,4),(7,386,50016,0,2,4),(7,389,50016,0,2,4),(7,390,50016,0,2,4),(7,391,50016,0,2,4),(7,437,50016,0,2,4),(7,440,50016,0,2,4),(7,447,1,1,2,4),(8,237,30010,0,2,1),(8,238,30010,0,2,1),(8,239,30010,0,2,1),(8,284,1,1,2,1),(8,423,20007,0,2,4),(8,874,20007,0,2,4),(8,403,30010,0,2,4),(8,338,40013,0,2,4),(8,384,50016,0,2,4),(9,391,1,1,2,4),(9,393,1,1,2,4),(9,412,1,1,2,4),(9,427,1,1,2,4),(9,437,1,1,2,4),(9,448,1,1,2,4),(10,285,1,1,2,1),(10,286,1,1,2,1),(10,287,1,1,2,1),(10,294,1,1,2,1),(10,295,1,1,2,1),(10,296,1,1,2,1),(10,325,1,1,2,1),(10,326,1,1,2,1),(10,327,1,1,2,1),(10,328,1,1,2,1),(10,329,1,1,2,1),(10,418,1,1,2,4),(10,421,1,1,2,4),(10,425,1,1,2,4),(11,282,1,1,2,1),(11,283,1,1,2,1),(11,284,1,1,2,1),(11,285,1,1,2,1),(11,286,1,1,2,1),(11,287,1,1,2,1),(11,288,1,1,2,1),(11,289,1,1,2,1),(11,290,1,1,2,1),(11,291,1,1,2,1),(11,292,1,1,2,1),(11,293,1,1,2,1),(11,294,1,1,2,1),(11,295,1,1,2,1),(11,296,1,1,2,1),(11,417,1,1,2,4),(11,418,1,1,2,4),(11,419,1,1,2,4),(11,420,1,1,2,4),(11,421,1,1,2,4),(11,877,1,1,2,4),(12,325,1,1,2,1),(12,326,1,1,2,1),(12,327,1,1,2,1),(12,328,1,1,2,1),(12,329,1,1,2,1),(12,426,1,1,2,4),(12,427,1,1,2,4),(12,428,1,1,2,4),(13,297,1,1,2,1),(13,298,1,1,2,1),(13,299,1,1,2,1),(13,300,1,1,2,1),(13,301,1,1,2,1),(13,302,1,1,2,1),(13,303,1,1,2,1),(13,304,1,1,2,1),(13,305,1,1,2,1),(13,306,1,1,2,1),(13,307,1,1,2,1),(13,308,1,1,2,1),(13,309,1,1,2,1),(13,310,1,1,2,1),(13,311,1,1,2,1),(13,312,1,1,2,1),(13,313,1,1,2,1),(13,314,1,1,2,1),(13,422,1,1,2,4),(13,423,1,1,2,4),(13,424,1,1,2,4),(13,425,1,1,2,4),(14,240,1,1,2,1),(14,241,1,1,2,1),(14,242,1,1,2,1),(14,258,1,1,2,1),(14,259,1,1,2,1),(14,260,1,1,2,1),(14,406,1,1,2,4),(14,410,1,1,2,4),(14,456,1,1,2,4),(15,231,1,1,2,1),(15,232,1,1,2,1),(15,233,1,1,2,1),(15,234,1,1,2,1),(15,235,1,1,2,1),(15,236,1,1,2,1),(15,237,1,1,2,1),(15,238,1,1,2,1),(15,239,1,1,2,1),(15,402,1,1,2,4),(15,403,1,1,2,4),(15,404,1,1,2,4),(16,249,1,1,2,1),(16,250,1,1,2,1),(16,251,1,1,2,1),(16,252,1,1,2,1),(16,253,1,1,2,1),(16,254,1,1,2,1),(16,255,1,1,2,1),(16,256,1,1,2,1),(16,257,1,1,2,1),(16,258,1,1,2,1),(16,259,1,1,2,1),(16,260,1,1,2,1),(16,261,1,1,2,1),(16,262,1,1,2,1),(16,263,1,1,2,1),(16,408,1,1,2,4),(16,409,1,1,2,4),(16,410,1,1,2,4),(16,411,1,1,2,4),(16,412,1,1,2,4),(16,413,1,1,2,4),(17,267,1,1,2,1),(17,268,1,1,2,1),(17,269,1,1,2,1),(17,270,1,1,2,1),(17,271,1,1,2,1),(17,272,1,1,2,1),(17,273,1,1,2,1),(17,274,1,1,2,1),(17,275,1,1,2,1),(17,276,1,1,2,1),(17,277,1,1,2,1),(17,278,1,1,2,1),(17,279,1,1,2,1),(17,280,1,1,2,1),(17,281,1,1,2,1),(17,414,1,1,2,4),(17,415,1,1,2,4),(17,416,1,1,2,4),(17,456,1,1,2,4),(18,337,1,1,2,4),(18,338,1,1,2,4),(18,339,1,1,2,4),(19,546,1,1,2,4),(19,549,1,1,2,4),(19,551,1,1,2,4),(19,552,1,1,2,4),(19,553,1,1,2,4),(19,554,1,1,2,4),(19,555,1,1,2,4),(20,340,1,1,2,1),(20,341,1,1,2,1),(20,342,1,1,2,1),(20,343,1,1,2,1),(20,344,1,1,2,1),(20,345,1,1,2,1),(20,346,1,1,2,1),(20,347,1,1,2,1),(20,348,1,1,2,1),(20,349,1,1,2,1),(20,350,1,1,2,1),(20,351,1,1,2,1),(20,352,1,1,2,1),(20,353,1,1,2,1),(20,354,1,1,2,1),(20,355,1,1,2,1),(20,356,1,1,2,1),(20,357,1,1,2,1),(20,358,1,1,2,1),(20,359,1,1,2,1),(20,360,1,1,2,1),(20,361,1,1,2,1),(20,362,1,1,2,1),(20,363,1,1,2,1),(20,364,1,1,2,1),(20,365,1,1,2,1),(20,366,1,1,2,1),(20,367,1,1,2,1),(20,368,1,1,2,1),(20,369,1,1,2,1),(20,430,1,1,2,4),(20,431,1,1,2,4),(20,432,1,1,2,4),(20,433,1,1,2,4),(20,434,1,1,2,4),(20,435,1,1,2,4),(20,874,1,1,2,4),(20,875,1,1,2,4),(21,376,1,1,2,1),(21,377,1,1,2,1),(21,370,1,1,2,4),(21,371,1,1,2,4),(21,372,1,1,2,4),(21,373,1,1,2,4),(21,374,1,1,2,4),(21,375,1,1,2,4),(21,436,1,1,2,4),(21,439,1,1,2,4),(22,448,1,1,2,4),(22,450,1,1,2,4),(22,557,1,1,2,4),(22,558,1,1,2,4),(22,559,1,1,2,4),(22,560,1,1,2,4),(22,561,1,1,2,4),(22,563,1,1,2,4),(23,378,1,1,2,4),(23,379,1,1,2,4),(23,380,1,1,2,4),(23,381,1,1,2,4),(23,382,1,1,2,4),(23,383,1,1,2,4),(23,384,1,1,2,4),(23,385,1,1,2,4),(23,447,1,1,2,4),(24,392,1,1,2,4),(24,393,1,1,2,4),(24,446,1,1,2,4),(24,399,3,1,2,4),(24,400,3,1,2,4),(24,397,6,1,2,4),(24,398,6,1,2,4),(24,396,7,1,2,4),(24,394,8,1,2,4),(24,395,8,1,2,4),(24,445,9,1,2,4),(24,441,10,1,2,4),(24,442,10,1,2,4),(25,387,1,1,2,1),(25,388,1,1,2,1),(25,386,1,1,2,4),(25,389,1,1,2,4),(25,390,1,1,2,4),(25,391,1,1,2,4),(25,437,1,1,2,4),(25,440,1,1,2,4),(26,423,1,1,2,4),(26,874,1,1,2,4),(27,237,1,1,2,1),(27,238,1,1,2,1),(27,239,1,1,2,1),(27,403,1,1,2,4),(28,338,1,1,2,4),(29,384,1,1,2,4),(40,240,0,1,2,1),(40,241,0,1,2,1),(40,242,0,1,2,1),(40,243,0,1,2,1),(40,244,0,1,2,1),(40,245,0,1,2,1),(40,246,0,1,2,1),(40,247,0,1,2,1),(40,248,0,1,2,1),(40,504,0,1,2,1),(40,505,0,1,2,1),(40,506,0,1,2,1),(40,507,0,1,2,1),(40,508,0,1,2,1),(40,509,0,1,2,1),(40,405,0,1,2,4),(40,406,0,1,2,4),(40,407,0,1,2,4),(2,240,20007,0,3,1),(2,241,20007,0,3,1),(2,242,20007,0,3,1),(2,258,20007,0,3,1),(2,259,20007,0,3,1),(2,260,20007,0,3,1),(2,285,20007,0,3,1),(2,286,20007,0,3,1),(2,287,20007,0,3,1),(2,294,20007,0,3,1),(2,295,20007,0,3,1),(2,296,20007,0,3,1),(2,325,20007,0,3,1),(2,326,20007,0,3,1),(2,327,20007,0,3,1),(2,328,20007,0,3,1),(2,329,20007,0,3,1),(2,284,30007,0,3,1),(2,231,30010,0,3,1),(2,232,30010,0,3,1),(2,233,30010,0,3,1),(2,234,30010,0,3,1),(2,235,30010,0,3,1),(2,236,30010,0,3,1),(2,237,30010,0,3,1),(2,238,30010,0,3,1),(2,239,30010,0,3,1),(2,282,30010,0,3,1),(2,283,30010,0,3,1),(2,288,30010,0,3,1),(2,289,30010,0,3,1),(2,290,30010,0,3,1),(2,291,30010,0,3,1),(2,292,30010,0,3,1),(2,293,30010,0,3,1),(2,249,40013,0,3,1),(2,250,40013,0,3,1),(2,251,40013,0,3,1),(2,252,40013,0,3,1),(2,253,40013,0,3,1),(2,254,40013,0,3,1),(2,255,40013,0,3,1),(2,256,40013,0,3,1),(2,257,40013,0,3,1),(2,261,40013,0,3,1),(2,262,40013,0,3,1),(2,263,40013,0,3,1),(2,340,40013,0,3,1),(2,341,40013,0,3,1),(2,342,40013,0,3,1),(2,343,40013,0,3,1),(2,344,40013,0,3,1),(2,345,40013,0,3,1),(2,346,40013,0,3,1),(2,347,40013,0,3,1),(2,348,40013,0,3,1),(2,349,40013,0,3,1),(2,350,40013,0,3,1),(2,351,40013,0,3,1),(2,352,40013,0,3,1),(2,353,40013,0,3,1),(2,354,40013,0,3,1),(2,355,40013,0,3,1),(2,356,40013,0,3,1),(2,357,40013,0,3,1),(2,358,40013,0,3,1),(2,359,40013,0,3,1),(2,360,40013,0,3,1),(2,361,40013,0,3,1),(2,362,40013,0,3,1),(2,363,40013,0,3,1),(2,364,40013,0,3,1),(2,365,40013,0,3,1),(2,366,40013,0,3,1),(2,367,40013,0,3,1),(2,368,40013,0,3,1),(2,369,40013,0,3,1),(2,267,50016,0,3,1),(2,268,50016,0,3,1),(2,269,50016,0,3,1),(2,270,50016,0,3,1),(2,271,50016,0,3,1),(2,272,50016,0,3,1),(2,273,50016,0,3,1),(2,274,50016,0,3,1),(2,275,50016,0,3,1),(2,276,50016,0,3,1),(2,277,50016,0,3,1),(2,278,50016,0,3,1),(2,279,50016,0,3,1),(2,280,50016,0,3,1),(2,281,50016,0,3,1),(2,297,50016,0,3,1),(2,298,50016,0,3,1),(2,299,50016,0,3,1),(2,300,50016,0,3,1),(2,301,50016,0,3,1),(2,302,50016,0,3,1),(2,303,50016,0,3,1),(2,304,50016,0,3,1),(2,305,50016,0,3,1),(2,306,50016,0,3,1),(2,307,50016,0,3,1),(2,308,50016,0,3,1),(2,309,50016,0,3,1),(2,310,50016,0,3,1),(2,311,50016,0,3,1),(2,312,50016,0,3,1),(2,313,50016,0,3,1),(2,314,50016,0,3,1),(2,376,50016,0,3,1),(2,377,50016,0,3,1),(2,387,50016,0,3,1),(2,388,50016,0,3,1),(2,243,60018,0,3,1),(2,244,60018,0,3,1),(2,245,60018,0,3,1),(2,246,60018,0,3,1),(2,247,60018,0,3,1),(2,248,60018,0,3,1),(2,504,60018,0,3,1),(2,505,60018,0,3,1),(2,506,60018,0,3,1),(2,507,60018,0,3,1),(2,508,60018,0,3,1),(2,509,60018,0,3,1),(2,457,0,1,3,1),(2,458,0,1,3,1),(2,459,0,1,3,1),(2,475,0,1,3,1),(2,476,0,1,3,1),(2,477,0,1,3,1),(2,478,0,1,3,1),(2,479,0,1,3,1),(2,480,0,1,3,1),(2,481,0,1,3,1),(2,482,0,1,3,1),(2,483,0,1,3,1),(2,484,0,1,3,1),(2,485,0,1,3,1),(2,486,0,1,3,1),(2,487,0,1,3,1),(2,488,0,1,3,1),(2,489,0,1,3,1),(2,490,0,1,3,1),(2,491,0,1,3,1),(2,492,0,1,3,1),(2,493,0,1,3,1),(2,494,0,1,3,1),(2,495,0,1,3,1),(2,496,0,1,3,1),(2,497,0,1,3,1),(2,498,0,1,3,1),(2,499,0,1,3,1),(2,500,0,1,3,1),(2,501,0,1,3,1),(2,502,0,1,3,1),(2,503,0,1,3,1),(2,510,0,1,3,1),(2,511,0,1,3,1),(2,512,0,1,3,1),(2,513,0,1,3,1),(2,514,0,1,3,1),(2,515,0,1,3,1),(2,516,0,1,3,1),(2,517,0,1,3,1),(2,518,0,1,3,1),(2,519,0,1,3,1),(2,520,0,1,3,1),(2,521,0,1,3,1),(2,522,0,1,3,1),(2,523,0,1,3,1),(2,524,0,1,3,1),(2,525,0,1,3,1),(2,526,0,1,3,1),(2,527,0,1,3,1),(2,528,0,1,3,1),(2,529,0,1,3,1),(2,530,0,1,3,1),(2,531,0,1,3,1),(2,532,0,1,3,1),(2,533,0,1,3,1),(2,534,0,1,3,1),(2,535,0,1,3,1),(2,536,0,1,3,1),(2,537,0,1,3,1),(2,538,0,1,3,1),(2,539,0,1,3,1),(2,540,0,1,3,1),(2,541,0,1,3,1),(2,547,0,1,3,1),(2,548,0,1,3,1),(2,878,0,1,3,1),(2,879,0,1,3,1),(2,880,0,1,3,1),(2,881,0,1,3,1),(2,564,1,1,3,2),(2,337,20007,0,3,4),(2,338,20007,0,3,4),(2,339,20007,0,3,4),(2,406,20007,0,3,4),(2,410,20007,0,3,4),(2,418,20007,0,3,4),(2,421,20007,0,3,4),(2,423,20007,0,3,4),(2,425,20007,0,3,4),(2,448,20007,0,3,4),(2,450,20007,0,3,4),(2,456,20007,0,3,4),(2,557,20007,0,3,4),(2,558,20007,0,3,4),(2,559,20007,0,3,4),(2,560,20007,0,3,4),(2,561,20007,0,3,4),(2,563,20007,0,3,4),(2,874,20007,0,3,4),(2,428,30007,0,3,4),(2,378,30010,0,3,4),(2,379,30010,0,3,4),(2,380,30010,0,3,4),(2,381,30010,0,3,4),(2,382,30010,0,3,4),(2,383,30010,0,3,4),(2,384,30010,0,3,4),(2,385,30010,0,3,4),(2,402,30010,0,3,4),(2,403,30010,0,3,4),(2,404,30010,0,3,4),(2,417,30010,0,3,4),(2,419,30010,0,3,4),(2,420,30010,0,3,4),(2,447,30010,0,3,4),(2,546,30010,0,3,4),(2,549,30010,0,3,4),(2,551,30010,0,3,4),(2,552,30010,0,3,4),(2,553,30010,0,3,4),(2,554,30010,0,3,4),(2,555,30010,0,3,4),(2,877,30010,0,3,4),(2,414,40009,0,3,4),(2,392,40013,0,3,4),(2,393,40013,0,3,4),(2,408,40013,0,3,4),(2,409,40013,0,3,4),(2,411,40013,0,3,4),(2,412,40013,0,3,4),(2,413,40013,0,3,4),(2,426,40013,0,3,4),(2,427,40013,0,3,4),(2,430,40013,0,3,4),(2,431,40013,0,3,4),(2,432,40013,0,3,4),(2,433,40013,0,3,4),(2,434,40013,0,3,4),(2,435,40013,0,3,4),(2,446,40013,0,3,4),(2,875,40013,0,3,4),(2,399,40015,0,3,4),(2,400,40015,0,3,4),(2,397,40018,0,3,4),(2,398,40018,0,3,4),(2,396,40019,0,3,4),(2,394,40020,0,3,4),(2,395,40020,0,3,4),(2,445,40021,0,3,4),(2,441,40022,0,3,4),(2,442,40022,0,3,4),(2,370,50016,0,3,4),(2,371,50016,0,3,4),(2,372,50016,0,3,4),(2,373,50016,0,3,4),(2,374,50016,0,3,4),(2,375,50016,0,3,4),(2,386,50016,0,3,4),(2,389,50016,0,3,4),(2,390,50016,0,3,4),(2,391,50016,0,3,4),(2,415,50016,0,3,4),(2,416,50016,0,3,4),(2,422,50016,0,3,4),(2,424,50016,0,3,4),(2,436,50016,0,3,4),(2,437,50016,0,3,4),(2,439,50016,0,3,4),(2,440,50016,0,3,4),(2,405,60018,0,3,4),(2,407,60018,0,3,4),(2,883,90001,0,3,4),(4,285,20007,0,3,1),(4,286,20007,0,3,1),(4,287,20007,0,3,1),(4,294,20007,0,3,1),(4,295,20007,0,3,1),(4,296,20007,0,3,1),(4,325,20007,0,3,1),(4,326,20007,0,3,1),(4,327,20007,0,3,1),(4,328,20007,0,3,1),(4,329,20007,0,3,1),(4,282,30010,0,3,1),(4,283,30010,0,3,1),(4,288,30010,0,3,1),(4,289,30010,0,3,1),(4,290,30010,0,3,1),(4,291,30010,0,3,1),(4,292,30010,0,3,1),(4,293,30010,0,3,1),(4,297,50016,0,3,1),(4,298,50016,0,3,1),(4,299,50016,0,3,1),(4,300,50016,0,3,1),(4,301,50016,0,3,1),(4,302,50016,0,3,1),(4,303,50016,0,3,1),(4,304,50016,0,3,1),(4,305,50016,0,3,1),(4,306,50016,0,3,1),(4,307,50016,0,3,1),(4,308,50016,0,3,1),(4,309,50016,0,3,1),(4,310,50016,0,3,1),(4,311,50016,0,3,1),(4,312,50016,0,3,1),(4,313,50016,0,3,1),(4,314,50016,0,3,1),(4,284,1,1,3,1),(4,421,20007,0,3,4),(4,425,20007,0,3,4),(4,417,30010,0,3,4),(4,419,30010,0,3,4),(4,420,30010,0,3,4),(4,877,30010,0,3,4),(4,426,40013,0,3,4),(4,427,40013,0,3,4),(4,422,50016,0,3,4),(4,423,50016,0,3,4),(4,424,50016,0,3,4),(4,418,1,1,3,4),(4,428,1,1,3,4),(4,883,1,1,3,4),(5,240,20007,0,3,1),(5,241,20007,0,3,1),(5,242,20007,0,3,1),(5,258,20007,0,3,1),(5,259,20007,0,3,1),(5,260,20007,0,3,1),(5,231,30010,0,3,1),(5,232,30010,0,3,1),(5,233,30010,0,3,1),(5,234,30010,0,3,1),(5,235,30010,0,3,1),(5,236,30010,0,3,1),(5,237,30010,0,3,1),(5,238,30010,0,3,1),(5,239,30010,0,3,1),(5,249,40013,0,3,1),(5,250,40013,0,3,1),(5,251,40013,0,3,1),(5,252,40013,0,3,1),(5,253,40013,0,3,1),(5,254,40013,0,3,1),(5,255,40013,0,3,1),(5,256,40013,0,3,1),(5,257,40013,0,3,1),(5,261,40013,0,3,1),(5,262,40013,0,3,1),(5,263,40013,0,3,1),(5,267,50016,0,3,1),(5,268,50016,0,3,1),(5,269,50016,0,3,1),(5,270,50016,0,3,1),(5,271,50016,0,3,1),(5,272,50016,0,3,1),(5,273,50016,0,3,1),(5,274,50016,0,3,1),(5,275,50016,0,3,1),(5,276,50016,0,3,1),(5,277,50016,0,3,1),(5,278,50016,0,3,1),(5,279,50016,0,3,1),(5,280,50016,0,3,1),(5,281,50016,0,3,1),(5,243,60018,0,3,1),(5,244,60018,0,3,1),(5,245,60018,0,3,1),(5,246,60018,0,3,1),(5,247,60018,0,3,1),(5,248,60018,0,3,1),(5,504,60018,0,3,1),(5,505,60018,0,3,1),(5,506,60018,0,3,1),(5,507,60018,0,3,1),(5,508,60018,0,3,1),(5,509,60018,0,3,1),(5,410,20007,0,3,4),(5,402,30010,0,3,4),(5,403,30010,0,3,4),(5,404,30010,0,3,4),(5,408,40013,0,3,4),(5,409,40013,0,3,4),(5,411,40013,0,3,4),(5,412,40013,0,3,4),(5,413,40013,0,3,4),(5,415,50016,0,3,4),(5,416,50016,0,3,4),(5,405,60018,0,3,4),(5,407,60018,0,3,4),(5,406,1,1,3,4),(5,414,1,1,3,4),(5,456,1,1,3,4),(6,340,40013,0,3,1),(6,341,40013,0,3,1),(6,342,40013,0,3,1),(6,343,40013,0,3,1),(6,344,40013,0,3,1),(6,345,40013,0,3,1),(6,346,40013,0,3,1),(6,347,40013,0,3,1),(6,348,40013,0,3,1),(6,349,40013,0,3,1),(6,350,40013,0,3,1),(6,351,40013,0,3,1),(6,352,40013,0,3,1),(6,353,40013,0,3,1),(6,354,40013,0,3,1),(6,355,40013,0,3,1),(6,356,40013,0,3,1),(6,357,40013,0,3,1),(6,358,40013,0,3,1),(6,359,40013,0,3,1),(6,360,40013,0,3,1),(6,361,40013,0,3,1),(6,362,40013,0,3,1),(6,363,40013,0,3,1),(6,364,40013,0,3,1),(6,365,40013,0,3,1),(6,366,40013,0,3,1),(6,367,40013,0,3,1),(6,368,40013,0,3,1),(6,369,40013,0,3,1),(6,376,50016,0,3,1),(6,377,50016,0,3,1),(6,337,20007,0,3,4),(6,338,20007,0,3,4),(6,339,20007,0,3,4),(6,546,30010,0,3,4),(6,549,30010,0,3,4),(6,551,30010,0,3,4),(6,552,30010,0,3,4),(6,553,30010,0,3,4),(6,554,30010,0,3,4),(6,555,30010,0,3,4),(6,430,40013,0,3,4),(6,431,40013,0,3,4),(6,432,40013,0,3,4),(6,433,40013,0,3,4),(6,434,40013,0,3,4),(6,435,40013,0,3,4),(6,874,40013,0,3,4),(6,875,40013,0,3,4),(6,370,50016,0,3,4),(6,371,50016,0,3,4),(6,372,50016,0,3,4),(6,373,50016,0,3,4),(6,374,50016,0,3,4),(6,375,50016,0,3,4),(6,436,50016,0,3,4),(6,439,50016,0,3,4),(7,387,50016,0,3,1),(7,388,50016,0,3,1),(7,448,20007,0,3,4),(7,450,20007,0,3,4),(7,557,20007,0,3,4),(7,558,20007,0,3,4),(7,559,20007,0,3,4),(7,560,20007,0,3,4),(7,561,20007,0,3,4),(7,563,20007,0,3,4),(7,378,30010,0,3,4),(7,379,30010,0,3,4),(7,380,30010,0,3,4),(7,381,30010,0,3,4),(7,382,30010,0,3,4),(7,383,30010,0,3,4),(7,384,30010,0,3,4),(7,385,30010,0,3,4),(7,392,40013,0,3,4),(7,393,40013,0,3,4),(7,446,40013,0,3,4),(7,399,40015,0,3,4),(7,400,40015,0,3,4),(7,397,40018,0,3,4),(7,398,40018,0,3,4),(7,396,40019,0,3,4),(7,394,40020,0,3,4),(7,395,40020,0,3,4),(7,445,40021,0,3,4),(7,441,40022,0,3,4),(7,442,40022,0,3,4),(7,386,50016,0,3,4),(7,389,50016,0,3,4),(7,390,50016,0,3,4),(7,391,50016,0,3,4),(7,437,50016,0,3,4),(7,440,50016,0,3,4),(7,447,1,1,3,4),(8,237,30010,0,3,1),(8,238,30010,0,3,1),(8,239,30010,0,3,1),(8,284,1,1,3,1),(8,423,20007,0,3,4),(8,874,20007,0,3,4),(8,403,30010,0,3,4),(8,338,40013,0,3,4),(8,384,50016,0,3,4),(9,391,1,1,3,4),(9,393,1,1,3,4),(9,412,1,1,3,4),(9,427,1,1,3,4),(9,437,1,1,3,4),(9,448,1,1,3,4),(10,285,1,1,3,1),(10,286,1,1,3,1),(10,287,1,1,3,1),(10,294,1,1,3,1),(10,295,1,1,3,1),(10,296,1,1,3,1),(10,325,1,1,3,1),(10,326,1,1,3,1),(10,327,1,1,3,1),(10,328,1,1,3,1),(10,329,1,1,3,1),(10,418,1,1,3,4),(10,421,1,1,3,4),(10,425,1,1,3,4),(11,282,1,1,3,1),(11,283,1,1,3,1),(11,284,1,1,3,1),(11,285,1,1,3,1),(11,286,1,1,3,1),(11,287,1,1,3,1),(11,288,1,1,3,1),(11,289,1,1,3,1),(11,290,1,1,3,1),(11,291,1,1,3,1),(11,292,1,1,3,1),(11,293,1,1,3,1),(11,294,1,1,3,1),(11,295,1,1,3,1),(11,296,1,1,3,1),(11,417,1,1,3,4),(11,418,1,1,3,4),(11,419,1,1,3,4),(11,420,1,1,3,4),(11,421,1,1,3,4),(11,877,1,1,3,4),(12,325,1,1,3,1),(12,326,1,1,3,1),(12,327,1,1,3,1),(12,328,1,1,3,1),(12,329,1,1,3,1),(12,426,1,1,3,4),(12,427,1,1,3,4),(12,428,1,1,3,4),(13,297,1,1,3,1),(13,298,1,1,3,1),(13,299,1,1,3,1),(13,300,1,1,3,1),(13,301,1,1,3,1),(13,302,1,1,3,1),(13,303,1,1,3,1),(13,304,1,1,3,1),(13,305,1,1,3,1),(13,306,1,1,3,1),(13,307,1,1,3,1),(13,308,1,1,3,1),(13,309,1,1,3,1),(13,310,1,1,3,1),(13,311,1,1,3,1),(13,312,1,1,3,1),(13,313,1,1,3,1),(13,314,1,1,3,1),(13,422,1,1,3,4),(13,423,1,1,3,4),(13,424,1,1,3,4),(13,425,1,1,3,4),(14,240,1,1,3,1),(14,241,1,1,3,1),(14,242,1,1,3,1),(14,258,1,1,3,1),(14,259,1,1,3,1),(14,260,1,1,3,1),(14,406,1,1,3,4),(14,410,1,1,3,4),(14,456,1,1,3,4),(15,231,1,1,3,1),(15,232,1,1,3,1),(15,233,1,1,3,1),(15,234,1,1,3,1),(15,235,1,1,3,1),(15,236,1,1,3,1),(15,237,1,1,3,1),(15,238,1,1,3,1),(15,239,1,1,3,1),(15,402,1,1,3,4),(15,403,1,1,3,4),(15,404,1,1,3,4),(16,249,1,1,3,1),(16,250,1,1,3,1),(16,251,1,1,3,1),(16,252,1,1,3,1),(16,253,1,1,3,1),(16,254,1,1,3,1),(16,255,1,1,3,1),(16,256,1,1,3,1),(16,257,1,1,3,1),(16,258,1,1,3,1),(16,259,1,1,3,1),(16,260,1,1,3,1),(16,261,1,1,3,1),(16,262,1,1,3,1),(16,263,1,1,3,1),(16,408,1,1,3,4),(16,409,1,1,3,4),(16,410,1,1,3,4),(16,411,1,1,3,4),(16,412,1,1,3,4),(16,413,1,1,3,4),(17,267,1,1,3,1),(17,268,1,1,3,1),(17,269,1,1,3,1),(17,270,1,1,3,1),(17,271,1,1,3,1),(17,272,1,1,3,1),(17,273,1,1,3,1),(17,274,1,1,3,1),(17,275,1,1,3,1),(17,276,1,1,3,1),(17,277,1,1,3,1),(17,278,1,1,3,1),(17,279,1,1,3,1),(17,280,1,1,3,1),(17,281,1,1,3,1),(17,414,1,1,3,4),(17,415,1,1,3,4),(17,416,1,1,3,4),(17,456,1,1,3,4),(18,337,1,1,3,4),(18,338,1,1,3,4),(18,339,1,1,3,4),(19,546,1,1,3,4),(19,549,1,1,3,4),(19,551,1,1,3,4),(19,552,1,1,3,4),(19,553,1,1,3,4),(19,554,1,1,3,4),(19,555,1,1,3,4),(20,340,1,1,3,1),(20,341,1,1,3,1),(20,342,1,1,3,1),(20,343,1,1,3,1),(20,344,1,1,3,1),(20,345,1,1,3,1),(20,346,1,1,3,1),(20,347,1,1,3,1),(20,348,1,1,3,1),(20,349,1,1,3,1),(20,350,1,1,3,1),(20,351,1,1,3,1),(20,352,1,1,3,1),(20,353,1,1,3,1),(20,354,1,1,3,1),(20,355,1,1,3,1),(20,356,1,1,3,1),(20,357,1,1,3,1),(20,358,1,1,3,1),(20,359,1,1,3,1),(20,360,1,1,3,1),(20,361,1,1,3,1),(20,362,1,1,3,1),(20,363,1,1,3,1),(20,364,1,1,3,1),(20,365,1,1,3,1),(20,366,1,1,3,1),(20,367,1,1,3,1),(20,368,1,1,3,1),(20,369,1,1,3,1),(20,430,1,1,3,4),(20,431,1,1,3,4),(20,432,1,1,3,4),(20,433,1,1,3,4),(20,434,1,1,3,4),(20,435,1,1,3,4),(20,874,1,1,3,4),(20,875,1,1,3,4),(21,376,1,1,3,1),(21,377,1,1,3,1),(21,370,1,1,3,4),(21,371,1,1,3,4),(21,372,1,1,3,4),(21,373,1,1,3,4),(21,374,1,1,3,4),(21,375,1,1,3,4),(21,436,1,1,3,4),(21,439,1,1,3,4),(22,448,1,1,3,4),(22,450,1,1,3,4),(22,557,1,1,3,4),(22,558,1,1,3,4),(22,559,1,1,3,4),(22,560,1,1,3,4),(22,561,1,1,3,4),(22,563,1,1,3,4),(23,378,1,1,3,4),(23,379,1,1,3,4),(23,380,1,1,3,4),(23,381,1,1,3,4),(23,382,1,1,3,4),(23,383,1,1,3,4),(23,384,1,1,3,4),(23,385,1,1,3,4),(23,447,1,1,3,4),(24,392,1,1,3,4),(24,393,1,1,3,4),(24,446,1,1,3,4),(24,399,3,1,3,4),(24,400,3,1,3,4),(24,397,6,1,3,4),(24,398,6,1,3,4),(24,396,7,1,3,4),(24,394,8,1,3,4),(24,395,8,1,3,4),(24,445,9,1,3,4),(24,441,10,1,3,4),(24,442,10,1,3,4),(25,387,1,1,3,1),(25,388,1,1,3,1),(25,386,1,1,3,4),(25,389,1,1,3,4),(25,390,1,1,3,4),(25,391,1,1,3,4),(25,437,1,1,3,4),(25,440,1,1,3,4),(26,423,1,1,3,4),(26,874,1,1,3,4),(27,237,1,1,3,1),(27,238,1,1,3,1),(27,239,1,1,3,1),(27,403,1,1,3,4),(28,338,1,1,3,4),(29,384,1,1,3,4),(40,240,0,1,3,1),(40,241,0,1,3,1),(40,242,0,1,3,1),(40,243,0,1,3,1),(40,244,0,1,3,1),(40,245,0,1,3,1),(40,246,0,1,3,1),(40,247,0,1,3,1),(40,248,0,1,3,1),(40,504,0,1,3,1),(40,505,0,1,3,1),(40,506,0,1,3,1),(40,507,0,1,3,1),(40,508,0,1,3,1),(40,509,0,1,3,1),(40,405,0,1,3,4),(40,406,0,1,3,4),(40,407,0,1,3,4);

--
-- Table structure for table `catalog_category_product_index_enbl_idx`
--

CREATE TABLE `catalog_category_product_index_enbl_idx` (
  `product_id` int(10) unsigned NOT NULL DEFAULT '0' COMMENT 'Product ID',
  `visibility` int(10) unsigned NOT NULL DEFAULT '0' COMMENT 'Visibility',
  KEY `IDX_CAT_CTGR_PRD_IDX_ENBL_IDX_PRD_ID_VISIBILITY` (`product_id`,`visibility`)
) ENGINE=InnoDB DEFAULT CHARSET=utf8 COMMENT='Catalog Category Product Enabled Indexer Index Table';

--
-- Dumping data for table `catalog_category_product_index_enbl_idx`
--


--
-- Table structure for table `catalog_category_product_index_enbl_tmp`
--

CREATE TABLE `catalog_category_product_index_enbl_tmp` (
  `product_id` int(10) unsigned NOT NULL DEFAULT '0' COMMENT 'Product ID',
  `visibility` int(10) unsigned NOT NULL DEFAULT '0' COMMENT 'Visibility',
  KEY `IDX_CAT_CTGR_PRD_IDX_ENBL_TMP_PRD_ID_VISIBILITY` (`product_id`,`visibility`)
) ENGINE=MEMORY DEFAULT CHARSET=utf8 COMMENT='Catalog Category Product Enabled Indexer Temp Table';

--
-- Dumping data for table `catalog_category_product_index_enbl_tmp`
--


--
-- Table structure for table `catalog_category_product_index_idx`
--

CREATE TABLE `catalog_category_product_index_idx` (
  `category_id` int(10) unsigned NOT NULL DEFAULT '0' COMMENT 'Category ID',
  `product_id` int(10) unsigned NOT NULL DEFAULT '0' COMMENT 'Product ID',
  `position` int(11) NOT NULL DEFAULT '0' COMMENT 'Position',
  `is_parent` smallint(5) unsigned NOT NULL DEFAULT '0' COMMENT 'Is Parent',
  `store_id` smallint(5) unsigned NOT NULL DEFAULT '0' COMMENT 'Store ID',
  `visibility` smallint(5) unsigned NOT NULL COMMENT 'Visibility',
  KEY `IDX_CAT_CTGR_PRD_IDX_IDX_PRD_ID_CTGR_ID_STORE_ID` (`product_id`,`category_id`,`store_id`)
) ENGINE=InnoDB DEFAULT CHARSET=utf8 COMMENT='Catalog Category Product Indexer Index Table';

--
-- Dumping data for table `catalog_category_product_index_idx`
--


--
-- Table structure for table `catalog_compare_item`
--

CREATE TABLE `catalog_compare_item` (
  `catalog_compare_item_id` int(10) unsigned NOT NULL AUTO_INCREMENT COMMENT 'Compare Item ID',
  `visitor_id` int(10) unsigned NOT NULL DEFAULT '0' COMMENT 'Visitor ID',
  `customer_id` int(10) unsigned DEFAULT NULL COMMENT 'Customer ID',
  `product_id` int(10) unsigned NOT NULL DEFAULT '0' COMMENT 'Product ID',
  `store_id` smallint(5) unsigned DEFAULT NULL COMMENT 'Store ID',
  PRIMARY KEY (`catalog_compare_item_id`),
  KEY `IDX_CATALOG_COMPARE_ITEM_CUSTOMER_ID` (`customer_id`),
  KEY `IDX_CATALOG_COMPARE_ITEM_PRODUCT_ID` (`product_id`),
  KEY `IDX_CATALOG_COMPARE_ITEM_VISITOR_ID_PRODUCT_ID` (`visitor_id`,`product_id`),
  KEY `IDX_CATALOG_COMPARE_ITEM_CUSTOMER_ID_PRODUCT_ID` (`customer_id`,`product_id`),
  KEY `IDX_CATALOG_COMPARE_ITEM_STORE_ID` (`store_id`),
  CONSTRAINT `FK_CATALOG_COMPARE_ITEM_CUSTOMER_ID_CUSTOMER_ENTITY_ENTITY_ID` FOREIGN KEY (`customer_id`) REFERENCES `customer_entity` (`entity_id`) ON DELETE CASCADE ON UPDATE CASCADE,
  CONSTRAINT `FK_CATALOG_COMPARE_ITEM_STORE_ID_CORE_STORE_STORE_ID` FOREIGN KEY (`store_id`) REFERENCES `core_store` (`store_id`) ON DELETE SET NULL ON UPDATE CASCADE,
  CONSTRAINT `FK_CAT_CMP_ITEM_PRD_ID_CAT_PRD_ENTT_ENTT_ID` FOREIGN KEY (`product_id`) REFERENCES `catalog_product_entity` (`entity_id`) ON DELETE CASCADE ON UPDATE CASCADE
) ENGINE=InnoDB AUTO_INCREMENT=137 DEFAULT CHARSET=utf8 COMMENT='Catalog Compare Table';

--
-- Dumping data for table `catalog_compare_item`
--

INSERT INTO `catalog_compare_item` VALUES (38,2212,NULL,421,1),(43,2331,NULL,426,1),(49,2340,NULL,423,1),(50,2354,NULL,417,1),(51,2354,NULL,284,1),(53,2371,NULL,418,1),(54,2371,NULL,421,1),(58,2487,NULL,403,1),(59,2578,NULL,415,1),(60,2578,NULL,284,1),(61,2578,NULL,417,1),(64,5349,NULL,447,1),(65,5349,NULL,338,1),(68,6577,NULL,392,1),(69,6577,NULL,393,1),(70,6577,NULL,446,1),(71,6577,NULL,398,1),(72,6577,NULL,399,1),(73,6577,NULL,396,1),(75,6583,NULL,392,1),(79,6585,NULL,386,1),(80,6595,NULL,393,1),(81,6595,NULL,400,1),(82,6595,NULL,394,1),(83,6595,NULL,392,1),(84,6600,NULL,546,1),(85,6605,NULL,392,1),(86,6605,NULL,393,1),(87,6605,NULL,405,1),(88,6610,NULL,417,1),(89,6610,NULL,421,1),(91,7715,NULL,410,1),(92,9956,NULL,421,1),(93,9956,NULL,549,1),(94,9956,NULL,546,1),(95,10139,NULL,427,1),(96,10430,NULL,410,1),(120,11668,NULL,417,1),(121,11755,NULL,338,1),(122,11797,NULL,433,1),(125,11894,NULL,445,1),(126,12215,NULL,430,1),(127,12186,NULL,406,1),(128,12186,NULL,456,1),(129,12223,NULL,406,1),(130,12223,NULL,456,1),(131,12243,NULL,406,1),(132,12243,NULL,456,1),(133,14477,NULL,410,1),(134,36,NULL,877,1),(135,36,NULL,421,1),(136,36,NULL,419,1);

--
-- Table structure for table `catalog_eav_attribute`
--

CREATE TABLE `catalog_eav_attribute` (
  `attribute_id` smallint(5) unsigned NOT NULL COMMENT 'Attribute ID',
  `frontend_input_renderer` varchar(255) DEFAULT NULL COMMENT 'Frontend Input Renderer',
  `is_global` smallint(5) unsigned NOT NULL DEFAULT '1' COMMENT 'Is Global',
  `is_visible` smallint(5) unsigned NOT NULL DEFAULT '1' COMMENT 'Is Visible',
  `is_searchable` smallint(5) unsigned NOT NULL DEFAULT '0' COMMENT 'Is Searchable',
  `is_filterable` smallint(5) unsigned NOT NULL DEFAULT '0' COMMENT 'Is Filterable',
  `is_comparable` smallint(5) unsigned NOT NULL DEFAULT '0' COMMENT 'Is Comparable',
  `is_visible_on_front` smallint(5) unsigned NOT NULL DEFAULT '0' COMMENT 'Is Visible On Front',
  `is_html_allowed_on_front` smallint(5) unsigned NOT NULL DEFAULT '0' COMMENT 'Is HTML Allowed On Front',
  `is_used_for_price_rules` smallint(5) unsigned NOT NULL DEFAULT '0' COMMENT 'Is Used For Price Rules',
  `is_filterable_in_search` smallint(5) unsigned NOT NULL DEFAULT '0' COMMENT 'Is Filterable In Search',
  `used_in_product_listing` smallint(5) unsigned NOT NULL DEFAULT '0' COMMENT 'Is Used In Product Listing',
  `used_for_sort_by` smallint(5) unsigned NOT NULL DEFAULT '0' COMMENT 'Is Used For Sorting',
  `is_configurable` smallint(5) unsigned NOT NULL DEFAULT '1' COMMENT 'Is Configurable',
  `apply_to` varchar(255) DEFAULT NULL COMMENT 'Apply To',
  `is_visible_in_advanced_search` smallint(5) unsigned NOT NULL DEFAULT '0' COMMENT 'Is Visible In Advanced Search',
  `position` int(11) NOT NULL DEFAULT '0' COMMENT 'Position',
  `is_wysiwyg_enabled` smallint(5) unsigned NOT NULL DEFAULT '0' COMMENT 'Is WYSIWYG Enabled',
  `is_used_for_promo_rules` smallint(5) unsigned NOT NULL DEFAULT '0' COMMENT 'Is Used For Promo Rules',
  `search_weight` smallint(5) unsigned NOT NULL DEFAULT '1' COMMENT 'Search Weight',
  PRIMARY KEY (`attribute_id`),
  KEY `IDX_CATALOG_EAV_ATTRIBUTE_USED_FOR_SORT_BY` (`used_for_sort_by`),
  KEY `IDX_CATALOG_EAV_ATTRIBUTE_USED_IN_PRODUCT_LISTING` (`used_in_product_listing`),
  CONSTRAINT `FK_CATALOG_EAV_ATTRIBUTE_ATTRIBUTE_ID_EAV_ATTRIBUTE_ATTRIBUTE_ID` FOREIGN KEY (`attribute_id`) REFERENCES `eav_attribute` (`attribute_id`) ON DELETE CASCADE ON UPDATE CASCADE
) ENGINE=InnoDB DEFAULT CHARSET=utf8 COMMENT='Catalog EAV Attribute Table';

--
-- Dumping data for table `catalog_eav_attribute`
--

INSERT INTO `catalog_eav_attribute` VALUES (41,NULL,0,1,0,0,0,0,0,0,0,0,0,1,NULL,0,0,0,0,1),(42,NULL,0,1,0,0,0,0,0,0,0,0,0,1,NULL,0,0,0,0,1),(43,NULL,0,1,0,0,0,0,0,0,0,0,0,1,NULL,0,0,0,0,1),(44,NULL,0,1,0,0,0,0,1,0,0,0,0,1,NULL,0,0,1,0,1),(45,NULL,0,1,0,0,0,0,0,0,0,0,0,1,NULL,0,0,0,0,1),(46,NULL,0,1,0,0,0,0,0,0,0,0,0,1,NULL,0,0,0,0,1),(47,NULL,0,1,0,0,0,0,0,0,0,0,0,1,NULL,0,0,0,0,1),(48,NULL,0,1,0,0,0,0,0,0,0,0,0,1,NULL,0,0,0,0,1),(49,NULL,0,1,0,0,0,0,0,0,0,0,0,1,NULL,0,0,0,0,1),(50,NULL,0,1,0,0,0,0,0,0,0,0,0,1,NULL,0,0,0,0,1),(51,NULL,1,1,0,0,0,0,0,0,0,0,0,1,NULL,0,0,0,0,1),(52,NULL,1,0,0,0,0,0,0,0,0,0,0,1,NULL,0,0,0,0,1),(53,NULL,1,0,0,0,0,0,0,0,0,0,0,1,NULL,0,0,0,0,1),(54,NULL,1,0,0,0,0,0,0,0,0,0,0,1,NULL,0,0,0,0,1),(55,NULL,1,0,0,0,0,0,0,0,0,0,0,1,NULL,0,0,0,0,1),(56,NULL,1,0,0,0,0,0,0,0,0,0,0,1,NULL,0,0,0,0,1),(57,NULL,0,0,0,0,0,0,0,0,0,0,0,1,NULL,0,0,0,0,1),(58,NULL,0,1,0,0,0,0,0,0,0,0,0,1,NULL,0,0,0,0,1),(59,NULL,0,1,0,0,0,0,0,0,0,0,0,1,NULL,0,0,0,0,1),(60,NULL,0,1,0,0,0,0,0,0,0,0,0,1,NULL,0,0,0,0,1),(61,NULL,0,1,0,0,0,0,0,0,0,0,0,1,NULL,0,0,0,0,1),(62,NULL,0,1,0,0,0,0,0,0,0,0,0,1,NULL,0,0,0,0,1),(63,NULL,1,0,0,0,0,0,0,0,0,0,0,1,NULL,0,0,0,0,1),(64,NULL,1,0,0,0,0,0,0,0,0,0,0,1,NULL,0,0,0,0,1),(65,'adminhtml/catalog_category_helper_sortby_available',0,1,0,0,0,0,0,0,0,0,0,1,NULL,0,0,0,0,1),(66,'adminhtml/catalog_category_helper_sortby_default',0,1,0,0,0,0,0,0,0,0,0,1,NULL,0,0,0,0,1),(67,NULL,0,1,0,0,0,0,0,0,0,0,0,1,NULL,0,0,0,0,1),(68,NULL,0,1,0,0,0,0,0,0,0,0,0,1,NULL,0,0,0,0,1),(69,NULL,0,1,0,0,0,0,0,0,0,0,0,1,NULL,0,0,0,0,1),(70,'adminhtml/catalog_category_helper_pricestep',0,1,0,0,0,0,0,0,0,0,0,1,NULL,0,0,0,0,1),(71,NULL,0,1,1,0,0,0,0,0,0,1,1,1,NULL,1,0,0,1,1),(72,NULL,0,1,1,0,1,0,1,0,0,0,0,1,NULL,1,0,1,0,1),(73,NULL,0,1,1,0,1,0,1,0,0,1,0,1,NULL,0,0,1,0,1),(74,NULL,1,1,1,0,1,0,0,0,0,0,0,1,NULL,0,0,0,1,1),(75,NULL,2,1,1,1,0,0,0,0,0,1,1,1,'simple,configurable,virtual,bundle,downloadable',1,0,0,1,1),(76,NULL,2,1,0,0,0,0,0,0,0,1,0,1,'simple,configurable,virtual,bundle,downloadable',0,0,0,1,1),(77,NULL,2,1,0,0,0,0,0,0,0,1,0,1,'simple,configurable,virtual,bundle,downloadable',0,0,0,0,1),(78,NULL,2,1,0,0,0,0,0,0,0,1,0,1,'simple,configurable,virtual,bundle,downloadable',0,0,0,0,1),(79,NULL,2,1,0,0,0,0,0,0,0,0,0,1,'virtual,downloadable',0,0,0,0,1),(80,NULL,1,1,0,0,0,0,0,0,0,0,0,1,'simple,giftcard,bundle',0,0,0,0,1),(81,NULL,1,1,1,1,1,0,0,0,0,0,0,1,'simple',1,0,0,0,1),(82,NULL,0,1,0,0,0,0,0,0,0,0,0,1,NULL,0,0,0,0,1),(83,NULL,0,1,0,0,0,0,0,0,0,0,0,1,NULL,0,0,0,0,1),(84,NULL,0,1,0,0,0,0,0,0,0,0,0,1,NULL,0,0,0,0,1),(85,NULL,0,1,0,0,0,0,0,0,0,0,0,1,NULL,0,0,0,0,1),(86,NULL,0,1,0,0,0,0,0,0,0,1,0,1,NULL,0,0,0,0,1),(87,NULL,0,1,0,0,0,0,0,0,0,1,0,1,NULL,0,0,0,0,1),(88,NULL,1,1,0,0,0,0,0,0,0,0,0,1,NULL,0,0,0,0,1),(89,NULL,1,0,0,0,0,0,0,0,0,0,0,1,NULL,0,0,0,0,1),(90,NULL,2,1,0,0,0,0,0,0,0,0,0,1,'simple,configurable,virtual,bundle,downloadable',0,0,0,0,1),(91,NULL,2,1,0,0,0,0,0,0,0,0,0,1,'simple,configurable,virtual,bundle,downloadable',0,0,0,0,1),(92,NULL,1,1,1,1,1,1,0,0,0,0,0,1,'simple,configurable',1,0,0,0,1),(93,NULL,2,1,0,0,0,0,0,0,0,1,0,1,NULL,0,0,0,0,1),(94,NULL,2,1,0,0,0,0,0,0,0,1,0,1,NULL,0,0,0,0,1),(95,NULL,1,1,0,0,0,0,0,0,0,0,0,1,NULL,0,0,0,0,1),(96,NULL,2,1,1,0,0,0,0,0,0,1,0,1,NULL,0,0,0,0,1),(97,NULL,0,1,0,0,0,0,0,0,0,1,0,1,NULL,0,0,0,0,1),(98,NULL,0,0,0,0,0,0,0,0,0,0,0,1,NULL,0,0,0,0,1),(99,NULL,0,0,0,0,0,0,0,0,0,0,0,1,'simple,configurable,virtual,bundle,downloadable',0,0,0,0,1),(100,NULL,1,1,0,0,0,0,0,0,0,0,0,0,'simple,virtual',0,0,0,0,1),(101,NULL,1,1,0,0,0,0,0,0,0,0,0,0,'simple,virtual',0,0,0,0,1),(102,NULL,0,1,0,0,0,0,0,0,0,0,0,1,NULL,0,0,0,0,1),(103,NULL,0,1,0,0,0,0,0,0,0,0,0,1,NULL,0,0,0,0,1),(104,NULL,0,1,0,0,0,0,0,0,0,0,0,1,NULL,0,0,0,0,1),(105,NULL,0,1,0,0,0,0,0,0,0,0,0,1,NULL,0,0,0,0,1),(106,NULL,0,1,0,0,0,0,0,0,0,0,0,1,NULL,0,0,0,0,1),(107,NULL,0,1,0,0,0,0,0,0,0,0,0,1,NULL,0,0,0,0,1),(108,NULL,1,0,0,0,0,0,0,0,0,0,0,1,NULL,0,0,0,0,1),(109,NULL,0,1,0,0,0,0,0,0,0,0,0,1,NULL,0,0,0,0,1),(110,NULL,1,0,0,0,0,0,0,0,0,1,0,1,NULL,0,0,0,0,1),(111,NULL,1,0,0,0,0,0,0,0,0,0,0,1,NULL,0,0,0,0,1),(112,NULL,0,0,0,0,0,0,0,0,0,1,0,0,NULL,0,0,0,0,1),(113,NULL,0,0,0,0,0,0,0,0,0,1,0,0,NULL,0,0,0,0,1),(114,NULL,0,0,0,0,0,0,0,0,0,1,0,0,NULL,0,0,0,0,1),(115,NULL,1,0,0,0,0,0,0,0,0,0,0,1,NULL,0,0,0,0,1),(116,NULL,1,0,0,0,0,0,0,0,0,0,0,1,NULL,0,0,0,0,1),(117,NULL,2,1,0,0,0,0,0,0,0,0,0,0,'simple,configurable,bundle,grouped',0,0,0,0,1),(118,'adminhtml/catalog_product_helper_form_msrp_enabled',2,1,0,0,0,0,0,0,0,1,0,1,'simple,bundle,configurable,virtual,downloadable',0,0,0,0,1),(119,'adminhtml/catalog_product_helper_form_msrp_price',2,1,0,0,0,0,0,0,0,1,0,1,'simple,bundle,configurable,virtual,downloadable',0,0,0,0,1),(120,NULL,2,1,0,0,0,0,0,0,0,1,0,1,'simple,bundle,configurable,virtual,downloadable',0,0,0,0,1),(121,NULL,1,1,0,0,0,0,0,0,0,0,0,0,NULL,0,0,0,0,1),(122,NULL,2,1,1,0,0,0,0,0,0,1,0,1,'simple,configurable,virtual,bundle,downloadable',0,0,0,0,1),(123,'giftmessage/adminhtml_product_helper_form_config',1,1,0,0,0,0,0,0,0,0,0,0,NULL,0,0,0,0,1),(124,NULL,1,0,0,0,0,0,0,0,0,1,0,0,'bundle',0,0,0,0,1),(125,NULL,1,0,0,0,0,0,0,0,0,0,0,0,'bundle',0,0,0,0,1),(126,NULL,1,0,0,0,0,0,0,0,0,1,0,0,'bundle',0,0,0,0,1),(127,NULL,1,1,0,0,0,0,0,0,0,1,0,0,'bundle',0,0,0,0,1),(128,NULL,1,0,0,0,0,0,0,0,0,1,0,0,'bundle',0,0,0,0,1),(129,NULL,1,0,0,0,0,0,0,0,0,1,0,0,'downloadable',0,0,0,0,1),(130,NULL,0,0,0,0,0,0,0,0,0,0,0,0,'downloadable',0,0,0,0,1),(131,NULL,0,0,0,0,0,0,0,0,0,0,0,0,'downloadable',0,0,0,0,1),(132,NULL,1,0,0,0,0,0,0,0,0,1,0,0,'downloadable',0,0,0,0,1),(133,NULL,0,1,0,0,0,0,0,0,0,0,0,1,NULL,0,0,0,0,1),(136,NULL,2,1,0,0,0,0,0,0,0,1,0,0,'giftcard',0,0,0,0,1),(137,NULL,2,1,0,0,0,0,0,0,0,1,0,0,'giftcard',0,0,0,0,1),(139,NULL,2,0,0,0,0,0,0,0,0,0,0,0,'giftcard',0,0,0,0,1),(140,NULL,2,0,0,0,0,0,0,0,0,0,0,0,'giftcard',0,0,0,0,1),(141,NULL,2,0,0,0,0,0,0,0,0,0,0,0,'giftcard',0,0,0,0,1),(142,NULL,2,0,0,0,0,0,0,0,0,0,0,0,'giftcard',0,0,0,0,1),(143,NULL,0,0,0,0,0,0,0,0,0,0,0,0,'giftcard',0,0,0,0,1),(144,NULL,0,0,0,0,0,0,0,0,0,0,0,0,'giftcard',0,0,0,0,1),(145,NULL,0,0,0,0,0,0,0,0,0,0,0,0,'giftcard',0,0,0,0,1),(146,NULL,0,0,0,0,0,0,0,0,0,0,0,0,'giftcard',0,0,0,0,1),(147,NULL,1,1,0,0,0,0,0,0,0,0,0,1,NULL,0,0,0,0,1),(148,NULL,2,1,0,0,0,0,0,0,0,0,0,1,'simple,configurable,bundle,giftcard',0,0,0,0,1),(164,NULL,2,0,0,0,0,0,0,0,0,0,0,0,'simple,configurable,grouped,bundle',0,0,0,0,1),(175,NULL,1,1,1,1,0,1,1,0,0,0,0,0,'simple,grouped,configurable',0,0,0,1,1),(176,NULL,1,1,1,1,0,1,1,0,0,0,0,0,'simple,grouped,configurable',0,0,0,1,1),(177,NULL,1,1,1,1,0,1,1,0,0,0,0,1,'simple,configurable',0,0,0,0,1),(178,NULL,1,1,1,1,0,0,1,0,0,0,0,0,'simple,grouped,configurable',0,0,0,0,1),(179,NULL,0,1,1,1,0,0,1,0,0,0,0,0,'simple,grouped,configurable',0,0,0,0,1),(180,NULL,1,1,1,1,0,1,1,0,0,0,0,1,'simple',1,0,0,0,1),(181,NULL,1,1,1,1,0,1,1,0,0,0,0,0,'simple',0,0,0,0,1),(182,NULL,1,1,1,1,0,1,1,0,0,0,0,0,'simple',0,0,0,0,1),(183,NULL,1,1,1,0,0,1,1,0,0,0,0,0,'simple,configurable',0,0,0,0,1),(184,NULL,1,1,1,1,0,1,1,0,0,0,0,0,'simple,grouped,configurable',1,0,0,1,1),(185,NULL,1,1,0,0,0,1,1,0,0,0,0,0,'simple,grouped,configurable',0,0,0,0,1),(186,NULL,1,1,0,1,0,1,1,0,0,0,0,1,'simple',0,0,0,0,1),(187,NULL,1,1,1,1,0,0,1,0,0,0,0,0,'simple,grouped,configurable',0,0,0,1,1),(188,NULL,1,1,0,0,0,0,1,0,0,0,0,0,'simple,grouped,configurable',0,0,0,0,1),(189,NULL,1,1,0,1,0,1,1,0,0,0,0,1,'simple,grouped,configurable',0,0,0,0,1),(190,NULL,1,1,1,0,0,0,1,0,0,0,0,1,'simple,grouped,configurable',0,0,0,0,1),(191,NULL,1,1,1,0,0,0,1,0,0,0,0,0,'simple,grouped,configurable',0,0,0,0,1),(192,NULL,1,1,1,1,0,0,1,0,0,0,0,0,'simple,grouped,configurable',0,0,0,0,1),(193,NULL,1,1,1,1,0,1,1,0,0,0,0,0,'simple',0,0,0,1,1),(194,NULL,1,1,1,1,0,0,1,0,0,0,0,1,'simple,grouped,configurable',0,0,0,0,1),(195,NULL,1,1,1,0,0,0,1,0,0,0,0,0,'simple,grouped,configurable,bundle',0,0,0,0,1),(196,NULL,1,1,1,0,0,0,1,0,0,0,0,1,'simple,grouped,configurable,bundle',0,0,0,0,1),(197,NULL,1,1,1,1,0,1,1,0,0,0,0,0,'simple,grouped,configurable',0,0,0,0,1),(198,NULL,1,1,0,1,0,1,1,0,0,0,0,0,NULL,0,0,0,0,1),(199,NULL,1,1,1,1,0,1,1,0,0,0,0,0,'simple,grouped,configurable,bundle',0,0,0,0,1),(200,NULL,1,1,1,1,0,0,1,0,0,0,0,0,'simple,grouped,configurable,bundle',0,0,0,1,1),(201,NULL,1,1,1,1,0,1,1,0,0,0,0,0,'simple,downloadable',0,0,0,0,1),(202,NULL,1,1,1,0,0,1,1,0,0,0,0,0,'simple,downloadable',0,0,0,0,1),(203,NULL,1,1,1,0,0,1,1,0,0,0,0,0,'simple,downloadable',0,0,0,0,1),(204,NULL,1,1,1,0,0,0,1,0,0,0,0,0,'simple,grouped,configurable',0,0,0,0,1),(205,NULL,1,1,1,0,0,0,1,0,0,0,0,0,'simple,grouped,configurable',0,0,0,1,1),(206,NULL,1,1,1,0,0,0,1,0,0,0,0,0,'simple,grouped,configurable,bundle',0,0,0,0,1),(207,NULL,0,1,1,0,0,1,1,0,0,0,0,0,'simple,grouped,configurable',0,0,0,0,1),(208,NULL,0,1,1,0,0,1,1,0,0,0,0,0,NULL,0,0,0,0,1),(209,NULL,1,1,1,1,0,0,1,0,0,0,0,1,'simple,configurable',0,0,0,1,1);

--
-- Table structure for table `catalog_product_bundle_option`
--

CREATE TABLE `catalog_product_bundle_option` (
  `option_id` int(10) unsigned NOT NULL AUTO_INCREMENT COMMENT 'Option Id',
  `parent_id` int(10) unsigned NOT NULL COMMENT 'Parent Id',
  `required` smallint(5) unsigned NOT NULL DEFAULT '0' COMMENT 'Required',
  `position` int(10) unsigned NOT NULL DEFAULT '0' COMMENT 'Position',
  `type` varchar(255) DEFAULT NULL COMMENT 'Type',
  PRIMARY KEY (`option_id`),
  KEY `IDX_CATALOG_PRODUCT_BUNDLE_OPTION_PARENT_ID` (`parent_id`),
  CONSTRAINT `FK_CAT_PRD_BNDL_OPT_PARENT_ID_CAT_PRD_ENTT_ENTT_ID` FOREIGN KEY (`parent_id`) REFERENCES `catalog_product_entity` (`entity_id`) ON DELETE CASCADE ON UPDATE CASCADE
) ENGINE=InnoDB AUTO_INCREMENT=25 DEFAULT CHARSET=utf8 COMMENT='Catalog Product Bundle Option';

--
-- Dumping data for table `catalog_product_bundle_option`
--

INSERT INTO `catalog_product_bundle_option` VALUES (17,445,0,4,'select'),(18,445,0,2,'select'),(19,445,1,3,'select'),(20,445,1,1,'select'),(21,446,1,1,'select'),(22,446,1,2,'select'),(23,447,1,2,'select'),(24,447,1,1,'select');

--
-- Table structure for table `catalog_product_bundle_option_value`
--

CREATE TABLE `catalog_product_bundle_option_value` (
  `value_id` int(10) unsigned NOT NULL AUTO_INCREMENT COMMENT 'Value Id',
  `option_id` int(10) unsigned NOT NULL COMMENT 'Option Id',
  `store_id` smallint(5) unsigned NOT NULL COMMENT 'Store Id',
  `title` varchar(255) DEFAULT NULL COMMENT 'Title',
  PRIMARY KEY (`value_id`),
  UNIQUE KEY `UNQ_CATALOG_PRODUCT_BUNDLE_OPTION_VALUE_OPTION_ID_STORE_ID` (`option_id`,`store_id`),
  CONSTRAINT `FK_CAT_PRD_BNDL_OPT_VAL_OPT_ID_CAT_PRD_BNDL_OPT_OPT_ID` FOREIGN KEY (`option_id`) REFERENCES `catalog_product_bundle_option` (`option_id`) ON DELETE CASCADE ON UPDATE CASCADE
) ENGINE=InnoDB AUTO_INCREMENT=64 DEFAULT CHARSET=utf8 COMMENT='Catalog Product Bundle Option Value';

--
-- Dumping data for table `catalog_product_bundle_option_value`
--

INSERT INTO `catalog_product_bundle_option_value` VALUES (43,21,0,'Media Player'),(44,22,0,'Audio Output'),(51,20,0,'Camera'),(52,18,0,'Case'),(53,19,0,'Memory'),(54,17,0,'Warranty'),(62,24,0,'Accent Pillow'),(63,23,0,'Decorative Throw');

--
-- Table structure for table `catalog_product_bundle_price_index`
--

CREATE TABLE `catalog_product_bundle_price_index` (
  `entity_id` int(10) unsigned NOT NULL COMMENT 'Entity Id',
  `website_id` smallint(5) unsigned NOT NULL COMMENT 'Website Id',
  `customer_group_id` smallint(5) unsigned NOT NULL COMMENT 'Customer Group Id',
  `min_price` decimal(12,4) NOT NULL COMMENT 'Min Price',
  `max_price` decimal(12,4) NOT NULL COMMENT 'Max Price',
  PRIMARY KEY (`entity_id`,`website_id`,`customer_group_id`),
  KEY `IDX_CATALOG_PRODUCT_BUNDLE_PRICE_INDEX_WEBSITE_ID` (`website_id`),
  KEY `IDX_CATALOG_PRODUCT_BUNDLE_PRICE_INDEX_CUSTOMER_GROUP_ID` (`customer_group_id`),
  CONSTRAINT `FK_CAT_PRD_BNDL_PRICE_IDX_CSTR_GROUP_ID_CSTR_GROUP_CSTR_GROUP_ID` FOREIGN KEY (`customer_group_id`) REFERENCES `customer_group` (`customer_group_id`) ON DELETE CASCADE ON UPDATE CASCADE,
  CONSTRAINT `FK_CAT_PRD_BNDL_PRICE_IDX_ENTT_ID_CAT_PRD_ENTT_ENTT_ID` FOREIGN KEY (`entity_id`) REFERENCES `catalog_product_entity` (`entity_id`) ON DELETE CASCADE ON UPDATE CASCADE,
  CONSTRAINT `FK_CAT_PRD_BNDL_PRICE_IDX_WS_ID_CORE_WS_WS_ID` FOREIGN KEY (`website_id`) REFERENCES `core_website` (`website_id`) ON DELETE CASCADE ON UPDATE CASCADE
) ENGINE=InnoDB DEFAULT CHARSET=utf8 COMMENT='Catalog Product Bundle Price Index';

--
-- Dumping data for table `catalog_product_bundle_price_index`
--


--
-- Table structure for table `catalog_product_bundle_selection`
--

CREATE TABLE `catalog_product_bundle_selection` (
  `selection_id` int(10) unsigned NOT NULL AUTO_INCREMENT COMMENT 'Selection Id',
  `option_id` int(10) unsigned NOT NULL COMMENT 'Option Id',
  `parent_product_id` int(10) unsigned NOT NULL COMMENT 'Parent Product Id',
  `product_id` int(10) unsigned NOT NULL COMMENT 'Product Id',
  `position` int(10) unsigned NOT NULL DEFAULT '0' COMMENT 'Position',
  `is_default` smallint(5) unsigned NOT NULL DEFAULT '0' COMMENT 'Is Default',
  `selection_price_type` smallint(5) unsigned NOT NULL DEFAULT '0' COMMENT 'Selection Price Type',
  `selection_price_value` decimal(12,4) NOT NULL DEFAULT '0.0000' COMMENT 'Selection Price Value',
  `selection_qty` decimal(12,4) DEFAULT NULL COMMENT 'Selection Qty',
  `selection_can_change_qty` smallint(6) NOT NULL DEFAULT '0' COMMENT 'Selection Can Change Qty',
  PRIMARY KEY (`selection_id`),
  KEY `IDX_CATALOG_PRODUCT_BUNDLE_SELECTION_OPTION_ID` (`option_id`),
  KEY `IDX_CATALOG_PRODUCT_BUNDLE_SELECTION_PRODUCT_ID` (`product_id`),
  CONSTRAINT `FK_CAT_PRD_BNDL_SELECTION_OPT_ID_CAT_PRD_BNDL_OPT_OPT_ID` FOREIGN KEY (`option_id`) REFERENCES `catalog_product_bundle_option` (`option_id`) ON DELETE CASCADE ON UPDATE CASCADE,
  CONSTRAINT `FK_CAT_PRD_BNDL_SELECTION_PRD_ID_CAT_PRD_ENTT_ENTT_ID` FOREIGN KEY (`product_id`) REFERENCES `catalog_product_entity` (`entity_id`) ON DELETE CASCADE ON UPDATE CASCADE
) ENGINE=InnoDB AUTO_INCREMENT=116 DEFAULT CHARSET=utf8 COMMENT='Catalog Product Bundle Selection';

--
-- Dumping data for table `catalog_product_bundle_selection`
--

INSERT INTO `catalog_product_bundle_selection` VALUES (77,17,445,441,6,0,0,0.0000,1.0000,1),(78,17,445,442,7,0,0,0.0000,1.0000,1),(79,18,445,396,3,0,0,0.0000,1.0000,1),(80,19,445,394,4,0,0,0.0000,1.0000,1),(81,19,445,395,5,0,0,0.0000,1.0000,1),(82,20,445,392,1,0,0,0.0000,1.0000,1),(83,20,445,393,2,0,0,0.0000,1.0000,1),(84,21,446,399,0,0,0,0.0000,1.0000,1),(85,21,446,400,0,0,0,0.0000,1.0000,1),(86,22,446,397,0,0,0,0.0000,1.0000,1),(87,22,446,398,0,0,0,0.0000,1.0000,1),(88,23,447,383,0,0,0,0.0000,1.0000,1),(89,23,447,384,0,0,0,0.0000,1.0000,1),(91,24,447,381,0,0,0,0.0000,1.0000,1),(92,24,447,382,0,0,0,0.0000,1.0000,1),(115,23,447,385,0,0,0,0.0000,1.0000,1);

--
-- Table structure for table `catalog_product_bundle_selection_price`
--

CREATE TABLE `catalog_product_bundle_selection_price` (
  `selection_id` int(10) unsigned NOT NULL COMMENT 'Selection Id',
  `website_id` smallint(5) unsigned NOT NULL COMMENT 'Website Id',
  `selection_price_type` smallint(5) unsigned NOT NULL DEFAULT '0' COMMENT 'Selection Price Type',
  `selection_price_value` decimal(12,4) NOT NULL DEFAULT '0.0000' COMMENT 'Selection Price Value',
  PRIMARY KEY (`selection_id`,`website_id`),
  KEY `IDX_CATALOG_PRODUCT_BUNDLE_SELECTION_PRICE_WEBSITE_ID` (`website_id`),
  CONSTRAINT `FK_CAT_PRD_BNDL_SELECTION_PRICE_WS_ID_CORE_WS_WS_ID` FOREIGN KEY (`website_id`) REFERENCES `core_website` (`website_id`) ON DELETE CASCADE ON UPDATE CASCADE,
  CONSTRAINT `FK_DCF37523AA05D770A70AA4ED7C2616E4` FOREIGN KEY (`selection_id`) REFERENCES `catalog_product_bundle_selection` (`selection_id`) ON DELETE CASCADE ON UPDATE CASCADE
) ENGINE=InnoDB DEFAULT CHARSET=utf8 COMMENT='Catalog Product Bundle Selection Price';

--
-- Dumping data for table `catalog_product_bundle_selection_price`
--


--
-- Table structure for table `catalog_product_bundle_stock_index`
--

CREATE TABLE `catalog_product_bundle_stock_index` (
  `entity_id` int(10) unsigned NOT NULL COMMENT 'Entity Id',
  `website_id` smallint(5) unsigned NOT NULL COMMENT 'Website Id',
  `stock_id` smallint(5) unsigned NOT NULL COMMENT 'Stock Id',
  `option_id` int(10) unsigned NOT NULL DEFAULT '0' COMMENT 'Option Id',
  `stock_status` smallint(6) DEFAULT '0' COMMENT 'Stock Status',
  PRIMARY KEY (`entity_id`,`website_id`,`stock_id`,`option_id`)
) ENGINE=InnoDB DEFAULT CHARSET=utf8 COMMENT='Catalog Product Bundle Stock Index';

--
-- Dumping data for table `catalog_product_bundle_stock_index`
--


--
-- Table structure for table `catalog_product_enabled_index`
--

CREATE TABLE `catalog_product_enabled_index` (
  `product_id` int(10) unsigned NOT NULL DEFAULT '0' COMMENT 'Product ID',
  `store_id` smallint(5) unsigned NOT NULL DEFAULT '0' COMMENT 'Store ID',
  `visibility` smallint(5) unsigned NOT NULL DEFAULT '0' COMMENT 'Visibility',
  PRIMARY KEY (`product_id`,`store_id`),
  KEY `IDX_CATALOG_PRODUCT_ENABLED_INDEX_STORE_ID` (`store_id`),
  CONSTRAINT `FK_CATALOG_PRODUCT_ENABLED_INDEX_STORE_ID_CORE_STORE_STORE_ID` FOREIGN KEY (`store_id`) REFERENCES `core_store` (`store_id`) ON DELETE CASCADE ON UPDATE CASCADE,
  CONSTRAINT `FK_CAT_PRD_ENABLED_IDX_PRD_ID_CAT_PRD_ENTT_ENTT_ID` FOREIGN KEY (`product_id`) REFERENCES `catalog_product_entity` (`entity_id`) ON DELETE CASCADE ON UPDATE CASCADE
) ENGINE=InnoDB DEFAULT CHARSET=utf8 COMMENT='Catalog Product Visibility Index Table';

--
-- Dumping data for table `catalog_product_enabled_index`
--

INSERT INTO `catalog_product_enabled_index` VALUES (402,1,4),(402,2,4),(402,3,4),(403,1,4),(403,2,4),(403,3,4),(404,1,4),(404,2,4),(404,3,4),(405,1,4),(405,2,4),(405,3,4),(406,1,4),(406,2,4),(406,3,4),(407,1,4),(407,2,4),(407,3,4),(408,1,4),(408,2,4),(408,3,4),(409,1,4),(409,2,4),(409,3,4),(410,1,4),(410,2,4),(410,3,4),(411,1,4),(411,2,4),(411,3,4),(412,1,4),(412,2,4),(412,3,4),(413,1,4),(413,2,4),(413,3,4),(414,1,4),(414,2,4),(414,3,4),(415,1,4),(415,2,4),(415,3,4),(416,1,4),(416,2,4),(416,3,4),(417,1,4),(417,2,4),(417,3,4),(418,1,4),(418,2,4),(418,3,4),(419,1,4),(419,2,4),(419,3,4),(420,1,4),(420,2,4),(420,3,4),(421,1,4),(421,2,4),(421,3,4),(422,1,4),(422,2,4),(422,3,4),(423,1,4),(423,2,4),(423,3,4),(424,1,4),(424,2,4),(424,3,4),(425,1,4),(425,2,4),(425,3,4),(426,1,4),(426,2,4),(426,3,4),(427,1,4),(427,2,4),(427,3,4),(428,1,4),(428,2,4),(428,3,4),(430,1,4),(430,2,4),(430,3,4),(431,1,4),(431,2,4),(431,3,4),(432,1,4),(432,2,4),(432,3,4),(433,1,4),(433,2,4),(433,3,4),(434,1,4),(434,2,4),(434,3,4),(435,1,4),(435,2,4),(435,3,4),(436,1,4),(436,2,4),(436,3,4),(437,1,4),(437,2,4),(437,3,4),(439,1,4),(439,2,4),(439,3,4),(440,1,4),(440,2,4),(440,3,4);

--
-- Table structure for table `catalog_product_entity`
--

CREATE TABLE `catalog_product_entity` (
  `entity_id` int(10) unsigned NOT NULL AUTO_INCREMENT COMMENT 'Entity ID',
  `entity_type_id` smallint(5) unsigned NOT NULL DEFAULT '0' COMMENT 'Entity Type ID',
  `attribute_set_id` smallint(5) unsigned NOT NULL DEFAULT '0' COMMENT 'Attribute Set ID',
  `type_id` varchar(32) NOT NULL DEFAULT 'simple' COMMENT 'Type ID',
  `sku` varchar(64) DEFAULT NULL COMMENT 'SKU',
  `has_options` smallint(6) NOT NULL DEFAULT '0' COMMENT 'Has Options',
  `required_options` smallint(5) unsigned NOT NULL DEFAULT '0' COMMENT 'Required Options',
  `created_at` timestamp NULL DEFAULT NULL COMMENT 'Creation Time',
  `updated_at` timestamp NULL DEFAULT NULL COMMENT 'Update Time',
  PRIMARY KEY (`entity_id`),
  KEY `IDX_CATALOG_PRODUCT_ENTITY_ENTITY_TYPE_ID` (`entity_type_id`),
  KEY `IDX_CATALOG_PRODUCT_ENTITY_ATTRIBUTE_SET_ID` (`attribute_set_id`),
  KEY `IDX_CATALOG_PRODUCT_ENTITY_SKU` (`sku`),
  CONSTRAINT `FK_CAT_PRD_ENTT_ATTR_SET_ID_EAV_ATTR_SET_ATTR_SET_ID` FOREIGN KEY (`attribute_set_id`) REFERENCES `eav_attribute_set` (`attribute_set_id`) ON DELETE CASCADE ON UPDATE CASCADE,
  CONSTRAINT `FK_CAT_PRD_ENTT_ENTT_TYPE_ID_EAV_ENTT_TYPE_ENTT_TYPE_ID` FOREIGN KEY (`entity_type_id`) REFERENCES `eav_entity_type` (`entity_type_id`) ON DELETE CASCADE ON UPDATE CASCADE
) ENGINE=InnoDB AUTO_INCREMENT=888 DEFAULT CHARSET=utf8 COMMENT='Catalog Product Table';

--
-- Dumping data for table `catalog_product_entity`
--

INSERT INTO `catalog_product_entity` VALUES (231,4,13,'simple','msj000',0,0,'2013-03-05 05:48:12','2013-03-05 08:27:15'),(232,4,13,'simple','msj001',0,0,'2013-03-05 05:48:13','2013-03-05 08:27:15'),(233,4,13,'simple','msj002',0,0,'2013-03-05 05:48:13','2013-03-05 08:27:15'),(234,4,13,'simple','msj003',0,0,'2013-03-05 05:48:13','2013-03-05 08:27:15'),(235,4,13,'simple','msj004',0,0,'2013-03-05 05:48:13','2013-03-05 08:27:15'),(236,4,13,'simple','msj005',0,0,'2013-03-05 05:48:13','2013-03-05 08:27:15'),(237,4,13,'simple','msj006',0,0,'2013-03-05 05:48:13','2014-03-08 06:36:36'),(238,4,13,'simple','msj007',0,0,'2013-03-05 05:48:13','2014-03-08 06:38:22'),(239,4,13,'simple','msj008',0,0,'2013-03-05 05:48:13','2014-03-08 06:39:03'),(240,4,13,'simple','msj009',0,0,'2013-03-05 05:48:13','2014-03-08 06:42:59'),(241,4,13,'simple','msj010',0,0,'2013-03-05 05:48:13','2014-03-08 06:43:22'),(242,4,13,'simple','msj011',0,0,'2013-03-05 05:48:13','2014-03-08 06:43:53'),(243,4,13,'simple','msj012',0,0,'2013-03-05 05:48:13','2013-03-05 08:27:15'),(244,4,13,'simple','msj013',0,0,'2013-03-05 05:48:13','2013-03-05 08:27:15'),(245,4,13,'simple','msj014',0,0,'2013-03-05 05:48:13','2013-03-05 08:27:15'),(246,4,13,'simple','msj015',0,0,'2013-03-05 05:48:13','2014-03-08 06:47:56'),(247,4,13,'simple','msj016',0,0,'2013-03-05 05:48:13','2014-03-08 06:48:20'),(248,4,13,'simple','msj017',0,0,'2013-03-05 05:48:13','2014-03-08 06:48:41'),(249,4,13,'simple','mtk000',0,0,'2013-03-05 05:48:13','2014-03-08 06:58:09'),(250,4,13,'simple','mtk001',0,0,'2013-03-05 05:48:13','2014-03-08 06:59:32'),(251,4,13,'simple','mtk002',0,0,'2013-03-05 05:48:13','2014-03-08 07:04:27'),(252,4,13,'simple','mtk003',0,0,'2013-03-05 05:48:13','2014-03-08 07:05:29'),(253,4,13,'simple','mtk004',0,0,'2013-03-05 05:48:13','2014-03-08 07:09:39'),(254,4,13,'simple','mtk005',0,0,'2013-03-05 05:48:13','2014-03-08 07:10:02'),(255,4,13,'simple','mtk006',0,0,'2013-03-05 05:48:13','2014-03-08 07:17:54'),(256,4,13,'simple','mtk007',0,0,'2013-03-05 05:48:13','2014-03-08 07:18:15'),(257,4,13,'simple','mtk008',0,0,'2013-03-05 05:48:13','2014-03-08 07:18:39'),(258,4,13,'simple','mtk009',0,0,'2013-03-05 05:48:13','2014-03-08 07:22:10'),(259,4,13,'simple','mtk010',0,0,'2013-03-05 05:48:13','2014-03-08 07:22:33'),(260,4,13,'simple','mtk011',0,0,'2013-03-05 05:48:13','2014-03-08 07:22:59'),(261,4,13,'simple','mtk012',0,0,'2013-03-05 05:48:13','2014-03-08 07:29:36'),(262,4,13,'simple','mtk013',0,0,'2013-03-05 05:48:13','2014-03-08 07:29:12'),(263,4,13,'simple','mtk014',0,0,'2013-03-05 05:48:13','2014-03-08 07:28:42'),(267,4,13,'simple','mpd003',0,0,'2013-03-05 05:48:14','2014-03-08 07:38:23'),(268,4,13,'simple','mpd004',0,0,'2013-03-05 05:48:14','2014-03-08 07:40:15'),(269,4,13,'simple','mpd005',0,0,'2013-03-05 05:48:14','2014-03-08 07:41:01'),(270,4,13,'simple','mpd006',0,0,'2013-03-05 05:48:14','2013-03-11 05:19:24'),(271,4,13,'simple','mpd007',0,0,'2013-03-05 05:48:14','2013-03-11 05:19:55'),(272,4,13,'simple','mpd008',0,0,'2013-03-05 05:48:14','2013-03-11 05:20:15'),(273,4,13,'simple','mpd009',0,0,'2013-03-05 05:48:14','2013-03-11 05:20:35'),(274,4,13,'simple','mpd010',0,0,'2013-03-05 05:48:14','2013-03-11 05:22:36'),(275,4,13,'simple','mpd011',0,0,'2013-03-05 05:48:14','2013-03-11 05:23:23'),(276,4,13,'simple','mpd012',0,0,'2013-03-05 05:48:14','2014-03-08 07:58:12'),(277,4,13,'simple','mpd013',0,0,'2013-03-05 05:48:14','2014-03-08 07:58:35'),(278,4,13,'simple','mpd014',0,0,'2013-03-05 05:48:14','2014-03-08 07:58:57'),(279,4,13,'simple','mpd015',0,0,'2013-03-05 05:48:14','2014-03-08 07:59:18'),(280,4,13,'simple','mpd016',0,0,'2013-03-05 05:48:14','2014-03-08 07:59:41'),(281,4,13,'simple','mpd017',0,0,'2013-03-05 05:48:14','2014-03-08 08:00:04'),(282,4,13,'simple','wbk000',0,0,'2013-03-05 05:48:14','2014-03-07 15:25:34'),(283,4,13,'simple','wbk001',0,0,'2013-03-05 05:48:14','2014-03-07 15:26:42'),(284,4,13,'simple','wbk002L',0,0,'2013-03-05 05:48:14','2013-05-10 21:17:59'),(285,4,13,'simple','wbk003',0,0,'2013-03-05 05:48:14','2014-03-08 08:05:08'),(286,4,13,'simple','wbk004',0,0,'2013-03-05 05:48:14','2014-03-08 08:05:35'),(287,4,13,'simple','wbk005',0,0,'2013-03-05 05:48:14','2014-03-08 08:06:01'),(288,4,13,'simple','wbk006',0,0,'2013-03-05 05:48:14','2014-03-08 08:57:21'),(289,4,13,'simple','wbk007',0,0,'2013-03-05 05:48:14','2014-03-08 08:57:33'),(290,4,13,'simple','wbk008',0,0,'2013-03-05 05:48:14','2014-03-08 08:57:43'),(291,4,13,'simple','wbk009',0,0,'2013-03-05 05:48:14','2014-03-08 08:11:19'),(292,4,13,'simple','wbk010',0,0,'2013-03-05 05:48:14','2014-03-08 08:11:44'),(293,4,13,'simple','wbk011',0,0,'2013-03-05 05:48:14','2014-03-08 08:12:03'),(294,4,13,'simple','wbk012',0,0,'2013-03-05 05:48:14','2014-03-08 08:21:33'),(295,4,13,'simple','wbk013',0,0,'2013-03-05 05:48:14','2014-03-08 08:17:50'),(296,4,13,'simple','wbk014',0,0,'2013-03-05 05:48:14','2014-03-08 08:18:12'),(297,4,13,'simple','wsd000',0,0,'2013-03-05 05:48:15','2014-03-08 08:24:58'),(298,4,13,'simple','wsd001',0,0,'2013-03-05 05:48:15','2014-03-08 08:25:20'),(299,4,13,'simple','wsd002',0,0,'2013-03-05 05:48:15','2014-03-08 08:26:15'),(300,4,13,'simple','wsd003',0,0,'2013-03-05 05:48:15','2014-03-08 08:26:35'),(301,4,13,'simple','wsd004',0,0,'2013-03-05 05:48:15','2014-03-08 08:26:55'),(302,4,13,'simple','wsd005',0,0,'2013-03-05 05:48:15','2013-05-10 21:22:33'),(303,4,13,'simple','wsd006',0,0,'2013-03-05 05:48:15','2013-05-10 21:22:09'),(304,4,13,'simple','wsd007',0,0,'2013-03-05 05:48:15','2013-05-10 21:21:35'),(305,4,13,'simple','wsd008',0,0,'2013-03-05 05:48:15','2013-03-05 08:27:15'),(306,4,13,'simple','wsd009',0,0,'2013-03-05 05:48:15','2013-03-05 08:27:15'),(307,4,13,'simple','wsd010',0,0,'2013-03-05 05:48:15','2013-03-05 08:27:15'),(308,4,13,'simple','wsd011',0,0,'2013-03-05 05:48:15','2013-03-05 08:27:15'),(309,4,13,'simple','wsd012',0,0,'2013-03-05 05:48:15','2013-03-20 16:46:51'),(310,4,13,'simple','wsd013',0,0,'2013-03-05 05:48:15','2014-03-08 08:29:51'),(311,4,13,'simple','wsd014',0,0,'2013-03-05 05:48:15','2014-03-08 08:30:13'),(312,4,13,'simple','wsd015',0,0,'2013-03-05 05:48:15','2014-03-08 08:30:33'),(313,4,13,'simple','wsd016',0,0,'2013-03-05 05:48:15','2014-03-08 08:30:57'),(314,4,13,'simple','wsd017',0,0,'2013-03-05 05:48:15','2014-03-08 08:31:20'),(325,4,13,'simple','wpd010',0,0,'2013-03-05 05:48:16','2014-03-08 08:40:35'),(326,4,13,'simple','wpd011',0,0,'2013-03-05 05:48:16','2013-03-11 05:32:11'),(327,4,13,'simple','wpd012',0,0,'2013-03-05 05:48:16','2013-03-11 05:32:33'),(328,4,13,'simple','wpd013',0,0,'2013-03-05 05:48:16','2013-03-11 05:33:00'),(329,4,13,'simple','wpd014',0,0,'2013-03-05 05:48:16','2013-03-11 05:33:20'),(337,4,11,'simple','ace000',0,0,'2013-03-05 05:48:17','2013-03-20 16:45:10'),(338,4,11,'simple','ace001',0,0,'2013-03-05 05:48:17','2013-03-20 16:45:30'),(339,4,11,'simple','ace002',0,0,'2013-03-05 05:48:17','2013-03-20 16:45:49'),(340,4,18,'simple','aws000',0,0,'2013-03-05 05:48:17','2013-03-12 22:45:20'),(341,4,18,'simple','aws001',0,0,'2013-03-05 05:48:17','2013-03-12 22:45:36'),(342,4,18,'simple','aws002',0,0,'2013-03-05 05:48:17','2013-03-12 22:46:59'),(343,4,18,'simple','aws003',0,0,'2013-03-05 05:48:17','2013-03-12 22:47:17'),(344,4,18,'simple','aws004',0,0,'2013-03-05 05:48:17','2013-03-12 22:47:36'),(345,4,18,'simple','aws005',0,0,'2013-03-05 05:48:17','2013-03-12 22:51:43'),(346,4,18,'simple','aws006',0,0,'2013-03-05 05:48:17','2013-03-12 22:52:22'),(347,4,18,'simple','aws007',0,0,'2013-03-05 05:48:17','2013-03-12 22:52:38'),(348,4,18,'simple','aws008',0,0,'2013-03-05 05:48:17','2013-03-12 22:52:55'),(349,4,18,'simple','aws009',0,0,'2013-03-05 05:48:17','2013-03-12 22:53:19'),(350,4,18,'simple','aws010',0,0,'2013-03-05 05:48:17','2014-03-08 08:45:33'),(351,4,18,'simple','aws011',0,0,'2013-03-05 05:48:17','2014-03-08 08:45:59'),(352,4,18,'simple','aws012',0,0,'2013-03-05 05:48:17','2014-03-08 08:46:16'),(353,4,18,'simple','aws013',0,0,'2013-03-05 05:48:17','2014-03-08 08:46:33'),(354,4,18,'simple','aws014',0,0,'2013-03-05 05:48:17','2014-03-08 08:46:51'),(355,4,18,'simple','ams000',0,0,'2013-03-05 05:48:17','2013-03-05 21:43:01'),(356,4,18,'simple','ams001',0,0,'2013-03-05 05:48:17','2013-03-05 21:43:33'),(357,4,18,'simple','ams002',0,0,'2013-03-05 05:48:17','2013-03-05 21:43:48'),(358,4,18,'simple','ams003',0,0,'2013-03-05 05:48:17','2013-03-05 21:42:46'),(359,4,18,'simple','ams004',0,0,'2013-03-05 05:48:17','2013-03-05 21:43:18'),(360,4,18,'simple','ams005',0,0,'2013-03-05 05:48:17','2013-03-05 08:27:15'),(361,4,18,'simple','ams006',0,0,'2013-03-05 05:48:18','2013-03-05 08:27:15'),(362,4,18,'simple','ams007',0,0,'2013-03-05 05:48:18','2013-03-05 08:27:15'),(363,4,18,'simple','ams008',0,0,'2013-03-05 05:48:18','2013-03-05 08:27:15'),(364,4,18,'simple','ams009',0,0,'2013-03-05 05:48:18','2013-03-05 08:27:15'),(365,4,18,'simple','ams010',0,0,'2013-03-05 05:48:18','2013-03-05 08:27:15'),(366,4,18,'simple','ams011',0,0,'2013-03-05 05:48:18','2013-03-05 08:27:15'),(367,4,18,'simple','ams012',0,0,'2013-03-05 05:48:18','2013-03-05 08:27:15'),(368,4,18,'simple','ams013',0,0,'2013-03-05 05:48:18','2013-03-05 08:27:15'),(369,4,18,'simple','ams014',0,0,'2013-03-05 05:48:18','2013-03-05 08:27:15'),(370,4,11,'simple','abl000',1,1,'2013-03-05 05:48:18','2013-05-16 19:18:08'),(371,4,11,'simple','abl001',0,0,'2013-03-05 05:48:18','2013-03-20 17:03:48'),(372,4,11,'simple','abl002',0,0,'2013-03-05 05:48:18','2013-03-20 17:03:32'),(373,4,11,'simple','abl003',0,0,'2013-03-05 05:48:18','2013-05-29 23:58:47'),(374,4,11,'simple','abl004',0,0,'2013-03-05 05:48:18','2013-05-30 00:01:22'),(375,4,11,'simple','abl005',0,0,'2013-03-05 05:48:18','2013-03-20 17:05:26'),(376,4,11,'simple','abl006',0,0,'2013-03-05 05:48:18','2013-03-19 19:19:49'),(377,4,11,'simple','abl007',0,0,'2013-03-05 05:48:19','2013-03-19 19:19:31'),(378,4,16,'simple','hdb000',0,0,'2013-03-05 05:48:19','2013-03-20 16:46:06'),(379,4,16,'simple','hdb001',0,0,'2013-03-05 05:48:19','2013-03-20 17:16:34'),(380,4,16,'simple','hdb002',0,0,'2013-03-05 05:48:19','2013-03-20 16:46:25'),(381,4,16,'simple','hdb005',0,0,'2013-03-05 05:48:19','2013-05-16 20:17:56'),(382,4,16,'simple','hdb006',0,0,'2013-03-05 05:48:19','2013-03-20 18:18:01'),(383,4,16,'simple','hdb007',0,0,'2013-03-05 05:48:19','2013-03-20 17:16:45'),(384,4,16,'simple','hdb008',0,0,'2013-03-05 05:48:19','2013-04-09 04:32:00'),(385,4,16,'simple','hdb009',0,0,'2013-03-05 05:48:19','2013-03-20 18:19:33'),(386,4,16,'simple','hdd000',0,0,'2013-03-05 05:48:19','2013-05-16 20:13:36'),(387,4,16,'simple','hdd001',0,0,'2013-03-05 05:48:19','2013-03-26 16:41:05'),(388,4,16,'simple','hdd002',0,0,'2013-03-05 05:48:19','2013-03-26 16:41:20'),(389,4,16,'simple','hdd004',0,0,'2013-03-05 05:48:20','2013-03-20 18:18:24'),(390,4,16,'simple','hdd005',0,0,'2013-03-05 05:48:20','2013-05-16 19:32:30'),(391,4,16,'simple','hdd006',0,0,'2013-03-05 05:48:20','2013-03-26 16:39:42'),(392,4,14,'simple','hde001',0,0,'2013-03-05 05:48:20','2013-05-16 21:19:59'),(393,4,14,'simple','hde003',0,0,'2013-03-05 05:48:20','2013-05-30 00:02:17'),(394,4,14,'simple','hde004',0,0,'2013-03-05 05:48:20','2013-03-20 18:20:41'),(395,4,14,'simple','hde005',0,0,'2013-03-05 05:48:20','2013-03-20 18:29:38'),(396,4,14,'simple','hde006',0,0,'2013-03-05 05:48:20','2013-05-16 20:15:59'),(397,4,14,'simple','hde010',0,0,'2013-03-05 05:48:20','2013-03-20 17:13:43'),(398,4,14,'simple','hde011',0,0,'2013-03-05 05:48:20','2013-03-20 17:14:09'),(399,4,14,'simple','hde012',0,0,'2013-03-05 05:48:20','2013-03-20 18:30:05'),(400,4,14,'simple','hde013',0,0,'2013-03-05 05:48:20','2013-03-20 19:32:50'),(402,4,13,'configurable','msj000c',1,1,'2013-03-05 06:25:10','2013-03-20 16:58:34'),(403,4,13,'configurable','msj003c',1,1,'2013-03-05 06:25:10','2013-03-20 16:58:55'),(404,4,13,'configurable','msj006c',1,1,'2013-03-05 06:25:10','2013-03-20 16:59:32'),(405,4,13,'configurable','msj009c',1,1,'2013-03-05 06:25:10','2013-03-20 19:26:44'),(406,4,13,'configurable','msj012c',1,1,'2013-03-05 06:25:10','2013-03-18 22:12:44'),(407,4,13,'configurable','msj015c',1,1,'2013-03-05 06:25:10','2013-03-20 19:26:22'),(408,4,13,'configurable','mtk000c',1,1,'2013-03-05 06:25:10','2013-03-20 18:47:44'),(409,4,13,'configurable','mtk002c',1,1,'2013-03-05 06:25:10','2013-03-20 18:47:32'),(410,4,13,'configurable','mtk004c',1,1,'2013-03-05 06:25:10','2013-05-16 06:03:20'),(411,4,13,'configurable','mtk006c',1,1,'2013-03-05 06:25:10','2013-03-20 17:00:07'),(412,4,13,'configurable','mtk009c',1,1,'2013-03-05 06:25:11','2013-04-15 06:01:58'),(413,4,13,'configurable','mtk012c',1,1,'2013-03-05 06:25:11','2013-03-20 17:01:11'),(414,4,13,'configurable','mpd003c',1,1,'2013-03-05 06:25:11','2013-03-20 18:48:14'),(415,4,13,'configurable','mpd006c',1,1,'2013-03-05 06:25:11','2013-03-20 18:49:04'),(416,4,13,'configurable','mpd012c',1,1,'2013-03-05 06:25:11','2013-03-20 18:48:46'),(417,4,13,'configurable','wbk000c',1,1,'2013-03-05 06:25:11','2013-05-08 19:21:08'),(418,4,13,'configurable','wbk003c',1,1,'2013-03-05 06:25:11','2013-04-15 10:21:11'),(419,4,13,'configurable','wbk006c',1,1,'2013-03-05 06:25:11','2013-03-20 16:48:57'),(420,4,13,'configurable','wbk009c',1,1,'2013-03-05 06:25:11','2013-03-20 16:49:20'),(421,4,13,'configurable','wbk012c',1,1,'2013-03-05 06:25:11','2013-04-15 07:59:03'),(422,4,13,'configurable','wsd000c',1,1,'2013-03-05 06:25:11','2013-03-20 16:57:33'),(423,4,13,'configurable','wsd005c',1,1,'2013-03-05 06:25:11','2013-05-14 14:30:53'),(424,4,13,'configurable','wsd008c',1,1,'2013-03-05 06:25:11','2013-03-20 16:46:38'),(425,4,13,'configurable','wsd013c',1,1,'2013-03-05 06:25:12','2013-03-20 16:42:29'),(426,4,13,'configurable','wpd000c',1,1,'2013-03-05 06:25:12','2013-03-20 16:50:21'),(427,4,13,'configurable','wpd005c',1,1,'2013-03-05 06:25:12','2013-03-26 16:40:22'),(428,4,13,'configurable','wpd010c',1,1,'2013-03-05 06:25:12','2013-03-20 16:56:57'),(430,4,18,'configurable','aws000c',1,1,'2013-03-05 06:25:12','2013-03-20 18:45:14'),(431,4,18,'configurable','aws005c',1,1,'2013-03-05 06:25:12','2013-03-20 18:45:01'),(432,4,18,'configurable','aws010c',1,1,'2013-03-05 06:25:12','2013-05-14 19:17:59'),(433,4,18,'configurable','ams000c',1,1,'2013-03-05 06:25:12','2013-03-20 18:44:36'),(434,4,18,'configurable','ams005c',1,1,'2013-03-05 06:25:12','2013-03-20 18:44:21'),(435,4,18,'configurable','ams010c',1,1,'2013-03-05 06:25:12','2013-03-20 18:44:03'),(436,4,11,'configurable','abl006c',1,1,'2013-03-05 06:25:13','2013-03-20 19:00:15'),(437,4,16,'configurable','hdd001c',1,1,'2013-03-05 06:25:13','2013-04-15 16:30:23'),(439,4,11,'grouped','abl008',0,0,'2013-03-05 06:44:27','2013-03-20 17:04:35'),(440,4,16,'grouped','hdd003',0,0,'2013-03-05 06:44:27','2013-05-07 05:18:08'),(441,4,14,'virtual','hde007',0,0,'2013-03-05 06:51:40','2013-03-20 18:20:55'),(442,4,14,'virtual','hde008',0,0,'2013-03-05 06:51:40','2013-03-20 18:21:45'),(445,4,14,'bundle','hde009',1,1,'2013-03-05 06:59:03','2013-03-20 17:02:13'),(446,4,14,'bundle','hde014',1,1,'2013-03-05 07:04:13','2013-03-20 17:14:44'),(447,4,16,'bundle','hdb010',1,1,'2013-03-05 07:10:53','2013-03-20 18:17:25'),(448,4,10,'downloadable','hbm000',1,1,'2013-03-05 07:25:06','2013-05-30 00:03:58'),(449,4,10,'downloadable','hbm002',1,1,'2013-03-05 07:28:03','2013-05-14 18:47:30'),(450,4,10,'downloadable','hbm003 ',1,1,'2013-03-05 07:31:11','2013-05-14 19:00:28'),(456,4,13,'configurable','mpd000c',1,1,'2013-03-05 20:06:20','2013-04-16 06:06:08'),(457,4,13,'simple','mpd000',0,0,'2013-03-05 21:29:32','2014-03-08 07:43:11'),(458,4,13,'simple','mpd001',0,0,'2013-03-05 21:29:55','2014-03-08 07:43:29'),(459,4,13,'simple','mpd002',0,0,'2013-03-05 21:30:14','2013-04-16 06:04:57'),(475,4,13,'simple','mpd00336',0,0,'2013-03-11 15:30:19','2014-03-08 07:41:23'),(476,4,13,'simple','mpd00338',0,0,'2013-03-11 15:30:50','2014-03-08 07:41:49'),(477,4,13,'simple','mpd00331',0,0,'2013-03-11 15:40:43','2014-03-08 07:42:16'),(478,4,13,'simple','mpd00328',0,0,'2013-03-11 15:41:04','2014-03-08 07:42:34'),(479,4,13,'simple','mpd00028',0,0,'2013-03-11 17:23:59','2014-03-08 07:44:13'),(480,4,13,'simple','mpd00031',0,0,'2013-03-11 17:24:18','2014-03-08 07:45:16'),(481,4,13,'simple','mpd00036',0,0,'2013-03-11 17:24:32','2014-03-08 07:45:48'),(482,4,13,'simple','mpd00038',0,0,'2013-03-11 17:24:45','2014-03-08 07:46:09'),(483,4,13,'simple','mtk004xs',0,0,'2013-03-11 17:50:01','2014-03-08 07:10:19'),(484,4,13,'simple','mtk004m',0,0,'2013-03-11 17:50:25','2014-03-08 07:10:36'),(485,4,13,'simple','mtk002s',0,0,'2013-03-11 18:34:54','2014-03-08 07:11:59'),(486,4,13,'simple','mtk002xs',0,0,'2013-03-11 18:35:35','2014-03-08 07:12:22'),(487,4,13,'simple','mtk002xl',0,0,'2013-03-11 18:39:40','2014-03-08 07:12:43'),(488,4,13,'simple','mtk004xl',0,0,'2013-03-11 19:01:42','2014-03-08 07:10:54'),(489,4,13,'simple','mtk000l',0,0,'2013-03-11 19:06:02','2014-03-08 07:13:12'),(490,4,13,'simple','mtk000xl',0,0,'2013-03-11 19:06:18','2014-03-08 07:13:33'),(491,4,13,'simple','mtk000xs',0,0,'2013-03-11 19:06:35','2014-03-08 07:14:02'),(492,4,13,'simple','mtk006xs',0,0,'2013-03-12 01:47:52','2014-03-08 07:19:00'),(493,4,13,'simple','mtk006xl',0,0,'2013-03-12 01:48:10','2014-03-08 07:19:21'),(494,4,13,'simple','mtk009xs',0,0,'2013-03-12 01:55:25','2014-03-08 07:23:19'),(495,4,13,'simple','mtk009xl',0,0,'2013-03-12 01:55:44','2014-03-08 07:23:39'),(496,4,13,'simple','mtk012xs',0,0,'2013-03-12 01:58:12','2014-03-08 07:30:07'),(497,4,13,'simple','mtk012xl',0,0,'2013-03-12 01:58:29','2014-03-08 07:30:26'),(498,4,13,'simple','msj000xs',0,0,'2013-03-12 02:12:19','2014-03-08 08:53:09'),(499,4,13,'simple','msj000xl',0,0,'2013-03-12 02:12:34','2014-03-08 08:53:31'),(500,4,13,'simple','msj003xs',0,0,'2013-03-12 02:15:50','2013-03-12 02:16:50'),(501,4,13,'simple','msj003xl',0,0,'2013-03-12 02:16:14','2013-03-12 02:16:32'),(502,4,13,'simple','msj006xl',0,0,'2013-03-12 02:18:09','2014-03-08 06:39:26'),(503,4,13,'simple','msj006xs',0,0,'2013-03-12 02:18:30','2014-03-08 06:39:47'),(504,4,13,'simple','msj009xs',0,0,'2013-03-12 02:20:58','2014-03-08 06:44:13'),(505,4,13,'simple','msj009xl',0,0,'2013-03-12 02:21:12','2014-03-08 06:44:33'),(506,4,13,'simple','msj012xs',0,0,'2013-03-12 02:23:11','2014-03-08 08:55:12'),(507,4,13,'simple','msj012xl',0,0,'2013-03-12 02:23:24','2014-03-08 08:55:31'),(508,4,13,'simple','msj015xs',0,0,'2013-03-12 02:25:14','2014-03-08 06:49:06'),(509,4,13,'simple','msj015xl',0,0,'2013-03-12 02:25:29','2014-03-08 06:49:53'),(510,4,13,'simple','wbk000xs',0,0,'2013-03-12 02:29:50','2014-03-07 15:27:43'),(511,4,13,'simple','wbk000xl',0,0,'2013-03-12 02:30:06','2014-03-07 15:36:42'),(512,4,13,'simple','wbk003xs',0,0,'2013-03-12 02:32:00','2014-03-08 08:06:21'),(513,4,13,'simple','wbk003xl',0,0,'2013-03-12 02:32:14','2014-03-08 08:06:47'),(514,4,13,'simple','wbk006xs',0,0,'2013-03-12 02:34:11','2014-03-08 08:58:09'),(515,4,13,'simple','wbk006xl',0,0,'2013-03-12 02:34:23','2014-03-08 08:58:30'),(516,4,13,'simple','wbk009xs',0,0,'2013-03-12 02:36:17','2014-03-08 08:12:23'),(517,4,13,'simple','wbk009xl',0,0,'2013-03-12 02:36:29','2014-03-08 08:12:50'),(518,4,13,'simple','wbk012xs',0,0,'2013-03-12 02:38:52','2014-03-08 08:22:04'),(519,4,13,'simple','wbk012xl',0,0,'2013-03-12 02:39:04','2014-03-08 08:22:26'),(520,4,13,'simple','wpd00526',0,0,'2013-03-12 02:42:04','2014-03-09 11:54:54'),(521,4,13,'simple','wpd00527',0,0,'2013-03-12 02:42:16','2014-03-09 11:55:41'),(522,4,13,'simple','wpd00528',0,0,'2013-03-12 02:42:28','2014-03-09 12:30:09'),(523,4,13,'simple','wpd00529',0,0,'2013-03-12 02:42:39','2014-03-09 12:30:31'),(524,4,13,'simple','wpd00530',0,0,'2013-03-12 02:42:50','2014-03-09 12:30:49'),(525,4,13,'simple','wpd00531',0,0,'2013-03-12 02:42:59','2014-03-09 12:32:47'),(526,4,13,'simple','wpd00532',0,0,'2013-03-12 02:43:10','2014-03-09 12:33:08'),(527,4,13,'simple','wpd00026',0,0,'2013-03-12 02:44:17','2014-03-09 12:38:51'),(528,4,13,'simple','wpd00027',0,0,'2013-03-12 02:44:29','2014-03-09 12:39:07'),(529,4,13,'simple','wpd00028',0,0,'2013-03-12 02:44:42','2014-03-09 12:39:26'),(530,4,13,'simple','wpd00029',0,0,'2013-03-12 02:44:52','2014-03-09 12:39:43'),(531,4,13,'simple','wpd00030',0,0,'2013-03-12 02:45:05','2014-03-09 12:40:04'),(532,4,13,'simple','wpd00031',0,0,'2013-03-12 02:45:16','2014-03-09 12:40:30'),(533,4,13,'simple','wpd00032',0,0,'2013-03-12 02:45:27','2014-03-09 12:40:47'),(534,4,13,'simple','wpd01010',0,0,'2013-03-12 02:53:37','2014-03-08 08:40:53'),(535,4,13,'simple','wpd0108',0,0,'2013-03-12 02:53:58','2014-03-08 08:41:06'),(536,4,13,'simple','wpd0106',0,0,'2013-03-12 02:54:22','2014-03-08 08:41:19'),(537,4,13,'simple','wpd0104',0,0,'2013-03-12 02:54:39','2014-03-08 08:41:38'),(538,4,13,'simple','wpd01012',0,0,'2013-03-12 02:55:08','2014-03-08 08:41:57'),(539,4,13,'simple','wsd005xs',0,0,'2013-03-12 03:01:42','2014-03-09 12:42:38'),(540,4,13,'simple','wsd005xl',0,0,'2013-03-12 03:02:00','2014-03-09 12:42:56'),(541,4,11,'simple','abl009',0,0,'2013-03-12 20:33:31','2013-03-19 19:18:49'),(542,4,4,'virtual','vip000',0,0,'2013-03-12 23:30:50','2013-03-12 23:32:06'),(546,4,17,'configurable','acj001c',1,1,'2013-03-19 15:51:18','2013-03-19 16:56:27'),(547,4,17,'simple','acj00118',0,0,'2013-03-19 15:59:21','2014-03-09 12:45:21'),(548,4,17,'simple','acj00124',0,0,'2013-03-19 15:59:37','2014-03-09 12:45:43'),(549,4,17,'simple','acj0006s',0,0,'2013-03-19 17:40:40','2013-05-13 13:39:16'),(551,4,17,'simple','acj003',0,0,'2013-03-19 18:03:10','2013-03-20 18:36:49'),(552,4,17,'simple','acj004',0,0,'2013-03-19 18:10:45','2013-03-20 18:37:03'),(553,4,17,'simple','acj000',0,0,'2013-03-19 18:16:45','2013-03-28 18:42:32'),(554,4,17,'simple','acj005',0,0,'2013-03-19 18:32:13','2013-04-16 06:01:28'),(555,4,17,'grouped','acj007',0,0,'2013-03-19 18:37:46','2013-03-19 22:36:21'),(557,4,10,'downloadable','hbm001',1,1,'2013-03-25 16:07:06','2013-05-14 18:47:02'),(558,4,10,'downloadable','hbm005',1,0,'2013-03-25 19:06:32','2013-05-14 18:49:42'),(559,4,10,'downloadable','hbm006',1,1,'2013-03-25 19:21:40','2013-05-14 18:51:55'),(560,4,10,'downloadable','hbm007',1,1,'2013-03-25 19:37:53','2013-05-14 18:52:18'),(561,4,10,'downloadable','hbm008',1,1,'2013-03-25 19:47:45','2013-03-27 03:57:11'),(562,4,10,'downloadable','hbm009',1,1,'2013-03-25 20:02:07','2013-04-25 18:50:09'),(563,4,10,'downloadable','hbm010',1,1,'2013-03-25 20:20:16','2013-04-03 07:43:49'),(564,4,4,'virtual','mem000',1,1,'2013-03-26 14:00:31','2013-06-20 09:00:03'),(566,4,13,'simple','Pmo000xs',0,0,'2013-04-18 08:13:45','2013-04-18 08:37:43'),(567,4,13,'simple','Pmo000s',0,0,'2013-04-18 08:35:30','2013-04-18 08:37:43'),(568,4,13,'simple','Pmo000m',0,0,'2013-04-18 08:35:30','2013-04-18 08:37:43'),(569,4,13,'simple','Pmo000l',0,0,'2013-04-18 08:35:30','2013-04-18 08:37:43'),(570,4,13,'simple','Pmo000xl',0,0,'2013-04-18 08:35:30','2013-04-18 08:37:43'),(571,4,13,'simple','Pmo001xs',0,0,'2013-04-18 08:35:30','2013-04-18 08:37:43'),(572,4,13,'simple','Pmo001s',0,0,'2013-04-18 08:35:30','2013-04-18 08:37:43'),(573,4,13,'simple','Pmo001m',0,0,'2013-04-18 08:35:30','2013-04-18 08:37:43'),(574,4,13,'simple','Pmo001l',0,0,'2013-04-18 08:35:30','2013-04-18 08:37:43'),(575,4,13,'simple','Pmo001xl',0,0,'2013-04-18 08:35:30','2013-04-18 08:37:43'),(576,4,13,'simple','Pmo002xs',0,0,'2013-04-18 08:35:30','2013-04-18 08:37:43'),(577,4,13,'simple','Pmo002s',0,0,'2013-04-18 08:35:31','2013-04-18 08:37:43'),(578,4,13,'simple','Pmo002m',0,0,'2013-04-18 08:35:31','2013-04-18 08:37:43'),(579,4,13,'simple','Pmo002l',0,0,'2013-04-18 08:35:31','2013-04-18 08:37:43'),(580,4,13,'simple','Pmo002xl',0,0,'2013-04-18 08:35:31','2013-04-18 08:37:43'),(581,4,13,'simple','Pmp00028',0,0,'2013-04-18 08:35:31','2013-04-18 08:37:43'),(582,4,13,'simple','Pmp00030',0,0,'2013-04-18 08:35:31','2013-04-18 08:37:43'),(583,4,13,'simple','Pmp00031',0,0,'2013-04-18 08:35:31','2013-04-18 08:37:43'),(584,4,13,'simple','Pmp00032',0,0,'2013-04-18 08:35:31','2013-04-18 08:37:43'),(585,4,13,'simple','Pmp00034',0,0,'2013-04-18 08:35:31','2013-04-18 08:37:43'),(586,4,13,'simple','Pmp00036',0,0,'2013-04-18 08:35:31','2013-04-18 08:37:43'),(587,4,13,'simple','Pmp00038',0,0,'2013-04-18 08:35:31','2013-04-18 08:37:43'),(588,4,13,'simple','Pmp00128',0,0,'2013-04-18 08:35:31','2013-04-18 08:37:43'),(589,4,13,'simple','Pmp00130',0,0,'2013-04-18 08:35:31','2013-04-18 08:37:44'),(590,4,13,'simple','Pmp00131',0,0,'2013-04-18 08:35:31','2013-04-18 08:37:44'),(591,4,13,'simple','Pmp00132',0,0,'2013-04-18 08:35:31','2013-04-18 08:37:44'),(592,4,13,'simple','Pmp00134',0,0,'2013-04-18 08:35:31','2013-04-18 08:37:44'),(593,4,13,'simple','Pmp00136',0,0,'2013-04-18 08:35:31','2013-04-18 08:37:44'),(594,4,13,'simple','Pmp00138',0,0,'2013-04-18 08:35:31','2013-04-18 08:37:44'),(595,4,13,'simple','Pmp00228',0,0,'2013-04-18 08:35:31','2013-04-18 08:37:44'),(596,4,13,'simple','Pmp00230',0,0,'2013-04-18 08:35:31','2013-04-18 08:37:44'),(597,4,13,'simple','Pmp00231',0,0,'2013-04-18 08:35:31','2013-04-18 08:37:44'),(598,4,13,'simple','Pmp00232',0,0,'2013-04-18 08:35:31','2013-04-18 08:37:44'),(599,4,13,'simple','Pmp00234',0,0,'2013-04-18 08:35:31','2013-04-18 08:37:44'),(600,4,13,'simple','Pmp00236',0,0,'2013-04-18 08:35:31','2013-04-18 08:37:44'),(601,4,13,'simple','Pmp00238',0,0,'2013-04-18 08:35:31','2013-04-18 08:37:44'),(602,4,13,'simple','Pms000xs',0,0,'2013-04-18 08:35:31','2013-04-18 08:37:44'),(603,4,13,'simple','Pms000s',0,0,'2013-04-18 08:35:32','2013-04-18 08:37:44'),(604,4,13,'simple','Pms000m',0,0,'2013-04-18 08:35:32','2013-04-18 08:37:44'),(605,4,13,'simple','Pms000l',0,0,'2013-04-18 08:35:32','2013-04-18 08:37:44'),(606,4,13,'simple','Pms000xl',0,0,'2013-04-18 08:35:32','2013-04-18 08:37:44'),(607,4,13,'simple','Pms002xs',0,0,'2013-04-18 08:35:32','2013-04-18 08:37:44'),(608,4,13,'simple','Pms002s',0,0,'2013-04-18 08:35:32','2013-04-18 08:37:44'),(609,4,13,'simple','Pms002m',0,0,'2013-04-18 08:35:32','2013-04-18 08:37:44'),(610,4,13,'simple','Pms002l',0,0,'2013-04-18 08:35:32','2013-04-18 08:37:44'),(611,4,13,'simple','Pms002xl',0,0,'2013-04-18 08:35:32','2013-04-18 08:37:44'),(612,4,13,'simple','Pms003xs',0,0,'2013-04-18 08:35:32','2013-04-18 08:37:44'),(613,4,13,'simple','Pms003s',0,0,'2013-04-18 08:35:32','2013-04-18 08:37:45'),(614,4,13,'simple','Pms003m',0,0,'2013-04-18 08:35:32','2013-04-18 08:37:45'),(615,4,13,'simple','Pms003l',0,0,'2013-04-18 08:35:32','2013-04-18 08:37:45'),(616,4,13,'simple','Pms003xl',0,0,'2013-04-18 08:35:32','2013-04-18 08:37:45'),(617,4,13,'simple','Pms004xs',0,0,'2013-04-18 08:35:32','2013-04-18 08:37:45'),(618,4,13,'simple','Pms004s',0,0,'2013-04-18 08:35:32','2013-04-18 08:37:45'),(619,4,13,'simple','Pms004m',0,0,'2013-04-18 08:35:32','2013-04-18 08:37:45'),(620,4,13,'simple','Pms004l',0,0,'2013-04-18 08:35:32','2013-04-18 08:37:45'),(621,4,13,'simple','Pms004xl',0,0,'2013-04-18 08:35:32','2013-04-18 08:37:45'),(622,4,13,'simple','Pms005xs',0,0,'2013-04-18 08:35:32','2013-04-18 08:37:45'),(623,4,13,'simple','Pms005s',0,0,'2013-04-18 08:35:32','2013-04-18 08:37:45'),(624,4,13,'simple','Pms005m',0,0,'2013-04-18 08:35:32','2013-04-18 08:37:45'),(625,4,13,'simple','Pms005l',0,0,'2013-04-18 08:35:32','2013-04-18 08:37:45'),(626,4,13,'simple','Pms005xl',0,0,'2013-04-18 08:35:32','2013-04-18 08:37:45'),(627,4,13,'simple','Pmtk000xs',0,0,'2013-04-18 08:35:32','2013-04-18 08:37:45'),(628,4,13,'simple','Pmtk000s',0,0,'2013-04-18 08:35:32','2013-04-18 08:37:45'),(629,4,13,'simple','Pmtk000m',0,0,'2013-04-18 08:35:32','2013-04-18 08:37:45'),(630,4,13,'simple','Pmtk000l',0,0,'2013-04-18 08:35:32','2014-03-09 12:51:46'),(631,4,13,'simple','Pmtk000xl',0,0,'2013-04-18 08:35:33','2013-04-18 08:37:45'),(632,4,13,'simple','Pmtk001xs',0,0,'2013-04-18 08:35:33','2013-04-18 08:37:45'),(633,4,13,'simple','Pmtk001s',0,0,'2013-04-18 08:35:33','2013-04-18 08:37:46'),(634,4,13,'simple','Pmtk001m',0,0,'2013-04-18 08:35:33','2013-04-18 08:37:46'),(635,4,13,'simple','Pmtk001l',0,0,'2013-04-18 08:35:33','2013-04-18 08:37:46'),(636,4,13,'simple','Pmtk001xl',0,0,'2013-04-18 08:35:33','2013-04-18 08:37:46'),(637,4,13,'simple','Pmtk004xs',0,0,'2013-04-18 08:35:33','2013-04-18 08:37:46'),(638,4,13,'simple','Pmtk004s',0,0,'2013-04-18 08:35:33','2013-04-18 08:37:46'),(639,4,13,'simple','Pmtk004m',0,0,'2013-04-18 08:35:33','2013-04-18 08:37:46'),(640,4,13,'simple','Pmtk004l',0,0,'2013-04-18 08:35:33','2013-04-18 08:37:46'),(641,4,13,'simple','Pmtk004xl',0,0,'2013-04-18 08:35:33','2013-04-18 08:37:46'),(642,4,13,'simple','Pmtk005xs',0,0,'2013-04-18 08:35:33','2014-03-09 12:52:07'),(643,4,13,'simple','Pmtk005s',0,0,'2013-04-18 08:35:33','2013-04-18 08:37:46'),(644,4,13,'simple','Pmtk005m',0,0,'2013-04-18 08:35:33','2013-04-18 08:37:46'),(645,4,13,'simple','Pmtk005l',0,0,'2013-04-18 08:35:33','2013-04-18 08:37:46'),(646,4,13,'simple','Pmtk005xl',0,0,'2013-04-18 08:35:33','2013-04-18 08:37:46'),(647,4,13,'simple','Pmtk006xs',0,0,'2013-04-18 08:35:33','2013-04-18 08:37:46'),(648,4,13,'simple','Pmtk006s',0,0,'2013-04-18 08:35:33','2013-04-18 08:37:46'),(649,4,13,'simple','Pmtk006m',0,0,'2013-04-18 08:35:33','2013-04-18 08:37:46'),(650,4,13,'simple','Pmtk006l',0,0,'2013-04-18 08:35:33','2013-04-18 08:37:46'),(651,4,13,'simple','Pmtk006xl',0,0,'2013-04-18 08:35:33','2013-04-18 08:37:46'),(652,4,13,'simple','Pwb00026',0,0,'2013-04-18 08:35:33','2013-04-18 08:37:46'),(653,4,13,'simple','Pwb00027',0,0,'2013-04-18 08:35:33','2013-04-18 08:37:46'),(654,4,13,'simple','Pwb00028',0,0,'2013-04-18 08:35:33','2013-04-18 08:37:46'),(655,4,13,'simple','Pwb00029',0,0,'2013-04-18 08:35:33','2013-04-18 08:37:46'),(656,4,13,'simple','Pwb00030',0,0,'2013-04-18 08:35:33','2013-04-18 08:37:46'),(657,4,13,'simple','Pwb00031',0,0,'2013-04-18 08:35:33','2013-04-18 08:37:46'),(658,4,13,'simple','Pwb00032',0,0,'2013-04-18 08:35:33','2013-04-18 08:37:46'),(659,4,13,'simple','Pwb00126',0,0,'2013-04-18 08:35:33','2013-04-18 08:37:46'),(660,4,13,'simple','Pwb00127',0,0,'2013-04-18 08:35:33','2013-04-18 08:37:46'),(661,4,13,'simple','Pwb00128',0,0,'2013-04-18 08:35:33','2013-04-18 08:37:46'),(662,4,13,'simple','Pwb00129',0,0,'2013-04-18 08:35:33','2013-04-18 08:37:46'),(663,4,13,'simple','Pwb00130',0,0,'2013-04-18 08:35:33','2013-04-18 08:37:46'),(664,4,13,'simple','Pwb00131',0,0,'2013-04-18 08:35:33','2013-04-18 08:37:46'),(665,4,13,'simple','Pwb00132',0,0,'2013-04-18 08:35:34','2013-04-18 08:37:47'),(666,4,13,'simple','Pwb0030',0,0,'2013-04-18 08:35:34','2013-04-18 08:37:47'),(667,4,13,'simple','Pwb0032',0,0,'2013-04-18 08:35:34','2013-04-18 08:37:47'),(668,4,13,'simple','Pwb0034',0,0,'2013-04-18 08:35:34','2013-04-18 08:37:47'),(669,4,13,'simple','Pwb0036',0,0,'2013-04-18 08:35:34','2013-04-18 08:37:47'),(670,4,13,'simple','Pwb0038',0,0,'2013-04-18 08:35:34','2013-04-18 08:37:47'),(671,4,13,'simple','Pwb00310',0,0,'2013-04-18 08:35:34','2013-04-18 08:37:47'),(672,4,13,'simple','Pwb00312',0,0,'2013-04-18 08:35:34','2013-04-18 08:37:47'),(673,4,13,'simple','Pwb00526',0,0,'2013-04-18 08:35:34','2014-03-09 12:56:50'),(674,4,13,'simple','Pwb00527',0,0,'2013-04-18 08:35:34','2014-03-09 12:57:14'),(675,4,13,'simple','Pwb00528',0,0,'2013-04-18 08:35:34','2014-03-09 12:57:35'),(676,4,13,'simple','Pwb00529',0,0,'2013-04-18 08:35:34','2014-03-09 12:57:57'),(677,4,13,'simple','Pwb00530',0,0,'2013-04-18 08:35:34','2014-03-09 12:58:29'),(678,4,13,'simple','Pwb00531',0,0,'2013-04-18 08:35:34','2014-03-09 12:58:52'),(679,4,13,'simple','Pwb00532',0,0,'2013-04-18 08:35:34','2014-03-09 12:59:14'),(680,4,13,'simple','Pwb00626',0,0,'2013-04-18 08:35:34','2013-04-18 08:37:47'),(681,4,13,'simple','Pwb00627',0,0,'2013-04-18 08:35:34','2013-04-18 08:37:47'),(682,4,13,'simple','Pwb00628',0,0,'2013-04-18 08:35:34','2013-04-18 08:37:47'),(683,4,13,'simple','Pwb00629',0,0,'2013-04-18 08:35:34','2013-04-18 08:37:47'),(684,4,13,'simple','Pwb00630',0,0,'2013-04-18 08:35:34','2013-04-18 08:37:47'),(685,4,13,'simple','Pwb00631',0,0,'2013-04-18 08:35:34','2013-04-18 08:37:47'),(686,4,13,'simple','Pwb00632',0,0,'2013-04-18 08:35:34','2013-04-18 08:37:47'),(687,4,13,'simple','Pwd0000',0,0,'2013-04-18 08:35:34','2013-04-18 08:37:47'),(688,4,13,'simple','Pwd0002',0,0,'2013-04-18 08:35:34','2013-04-18 08:37:47'),(689,4,13,'simple','Pwd0004',0,0,'2013-04-18 08:35:34','2013-04-18 08:37:47'),(690,4,13,'simple','Pwd0006',0,0,'2013-04-18 08:35:34','2013-04-18 08:37:47'),(691,4,13,'simple','Pwd0008',0,0,'2013-04-18 08:35:34','2013-04-18 08:37:47'),(692,4,13,'simple','Pwd00010',0,0,'2013-04-18 08:35:34','2013-04-18 08:37:47'),(693,4,13,'simple','Pwd00012',0,0,'2013-04-18 08:35:34','2013-04-18 08:37:47'),(694,4,13,'simple','Pwd0010',0,0,'2013-04-18 08:35:34','2013-04-18 08:37:47'),(695,4,13,'simple','Pwd0012',0,0,'2013-04-18 08:35:34','2013-04-18 08:37:47'),(696,4,13,'simple','Pwd0014',0,0,'2013-04-18 08:35:34','2013-04-18 08:37:47'),(697,4,13,'simple','Pwd0016',0,0,'2013-04-18 08:35:34','2013-04-18 08:37:47'),(698,4,13,'simple','Pwd0018',0,0,'2013-04-18 08:35:35','2013-04-18 08:37:48'),(699,4,13,'simple','Pwd00110',0,0,'2013-04-18 08:35:35','2013-04-18 08:37:48'),(700,4,13,'simple','Pwd00112',0,0,'2013-04-18 08:35:35','2013-04-18 08:37:48'),(701,4,13,'simple','Pwd0020',0,0,'2013-04-18 08:35:35','2013-04-18 08:37:48'),(702,4,13,'simple','Pwd0022',0,0,'2013-04-18 08:35:35','2013-04-18 08:37:48'),(703,4,13,'simple','Pwd0024',0,0,'2013-04-18 08:35:35','2013-04-18 08:37:48'),(704,4,13,'simple','Pwd0026',0,0,'2013-04-18 08:35:35','2013-04-18 08:37:48'),(705,4,13,'simple','Pwd0028',0,0,'2013-04-18 08:35:35','2013-04-18 08:37:48'),(706,4,13,'simple','Pwd00210',0,0,'2013-04-18 08:35:35','2013-04-18 08:37:48'),(707,4,13,'simple','Pwd00212',0,0,'2013-04-18 08:35:35','2013-04-18 08:37:48'),(708,4,13,'simple','Pwt000xs',0,0,'2013-04-18 08:35:35','2013-04-18 08:37:48'),(709,4,13,'simple','Pwt000s',0,0,'2013-04-18 08:35:35','2013-04-18 08:37:48'),(710,4,13,'simple','Pwt000m',0,0,'2013-04-18 08:35:35','2013-04-18 08:37:48'),(711,4,13,'simple','Pwt000l',0,0,'2013-04-18 08:35:35','2013-04-18 08:37:48'),(712,4,13,'simple','Pwt000xl',0,0,'2013-04-18 08:35:35','2013-04-18 08:37:48'),(713,4,13,'simple','Pwt001xs',0,0,'2013-04-18 08:35:35','2013-04-18 08:37:48'),(714,4,13,'simple','Pwt001s',0,0,'2013-04-18 08:35:35','2013-04-18 08:37:48'),(715,4,13,'simple','Pwt001m',0,0,'2013-04-18 08:35:35','2013-04-18 08:37:48'),(716,4,13,'simple','Pwt001l',0,0,'2013-04-18 08:35:35','2013-04-18 08:37:48'),(717,4,13,'simple','Pwt001xl',0,0,'2013-04-18 08:35:35','2013-04-18 08:37:48'),(718,4,13,'simple','Pwt002xs',0,0,'2013-04-18 08:35:35','2013-04-18 08:37:48'),(719,4,13,'simple','Pwt002s',0,0,'2013-04-18 08:35:35','2013-04-18 08:37:48'),(720,4,13,'simple','Pwt002m',0,0,'2013-04-18 08:35:35','2013-04-18 08:37:48'),(721,4,13,'simple','Pwt002l',0,0,'2013-04-18 08:35:35','2013-04-18 08:37:48'),(722,4,13,'simple','Pwt002xl',0,0,'2013-04-18 08:35:35','2013-04-18 08:37:48'),(723,4,13,'simple','Pwt003xs',0,0,'2013-04-18 08:35:35','2013-04-18 08:37:48'),(724,4,13,'simple','Pwt003s',0,0,'2013-04-18 08:35:35','2013-04-18 08:37:48'),(725,4,13,'simple','Pwt003m',0,0,'2013-04-18 08:35:35','2013-04-18 08:37:48'),(726,4,13,'simple','Pwt003l',0,0,'2013-04-18 08:35:35','2013-04-18 08:37:48'),(727,4,13,'simple','Pwt003xl',0,0,'2013-04-18 08:35:35','2013-04-18 08:37:48'),(728,4,13,'simple','Pwt004xs',0,0,'2013-04-18 08:35:35','2013-04-18 08:37:48'),(729,4,13,'simple','Pwt004s',0,0,'2013-04-18 08:35:35','2013-04-18 08:37:48'),(730,4,13,'simple','Pwt004m',0,0,'2013-04-18 08:35:35','2013-04-18 08:37:48'),(731,4,13,'simple','Pwt004l',0,0,'2013-04-18 08:35:35','2013-04-18 08:37:48'),(732,4,13,'simple','Pwt004xl',0,0,'2013-04-18 08:35:35','2013-04-18 08:37:48'),(733,4,13,'simple','Pwt005xs',0,0,'2013-04-18 08:35:36','2013-04-18 08:37:49'),(734,4,13,'simple','Pwt005s',0,0,'2013-04-18 08:35:36','2013-04-18 08:37:49'),(735,4,13,'simple','Pwt005m',0,0,'2013-04-18 08:35:36','2013-04-18 08:37:49'),(736,4,13,'simple','Pwt005l',0,0,'2013-04-18 08:35:36','2013-04-18 08:37:49'),(737,4,13,'simple','Pwt005xl',0,0,'2013-04-18 08:35:36','2013-04-18 08:37:49'),(738,4,13,'simple','Pwt006xs',0,0,'2013-04-18 08:35:36','2013-04-18 08:37:49'),(739,4,13,'simple','Pwt006s',0,0,'2013-04-18 08:35:36','2013-04-18 08:37:49'),(740,4,13,'simple','Pwt006m',0,0,'2013-04-18 08:35:36','2013-04-18 08:37:49'),(741,4,13,'simple','Pwt006l',0,0,'2013-04-18 08:35:36','2013-04-18 08:37:49'),(742,4,13,'simple','Pwt006xl',0,0,'2013-04-18 08:35:36','2013-04-18 08:37:49'),(743,4,13,'simple','Pwt007xs',0,0,'2013-04-18 08:35:36','2013-04-18 08:37:49'),(744,4,13,'simple','Pwt007s',0,0,'2013-04-18 08:35:36','2013-04-18 08:37:49'),(745,4,13,'simple','Pwt007m',0,0,'2013-04-18 08:35:36','2013-04-18 08:37:49'),(746,4,13,'simple','Pwt007l',0,0,'2013-04-18 08:35:36','2013-04-18 08:37:49'),(747,4,13,'simple','Pwt007xl',0,0,'2013-04-18 08:35:36','2013-04-18 08:37:49'),(748,4,18,'simple','shm0008',0,0,'2013-04-18 08:35:36','2013-04-23 04:48:47'),(749,4,18,'simple','shm0009',0,0,'2013-04-18 08:35:36','2013-04-23 04:48:47'),(750,4,18,'simple','shm00010',0,0,'2013-04-18 08:35:36','2013-04-23 04:48:47'),(751,4,18,'simple','shm00011',0,0,'2013-04-18 08:35:36','2013-04-23 04:48:47'),(752,4,18,'simple','shm00012',0,0,'2013-04-18 08:35:36','2013-04-23 04:48:47'),(753,4,18,'simple','shm0018',0,0,'2013-04-18 08:35:36','2013-04-23 04:48:47'),(754,4,18,'simple','shm0019',0,0,'2013-04-18 08:35:36','2013-04-23 04:48:47'),(755,4,18,'simple','shm00110',0,0,'2013-04-18 08:35:36','2013-04-23 04:48:47'),(756,4,18,'simple','shm00111',0,0,'2013-04-18 08:35:36','2013-04-23 04:48:47'),(757,4,18,'simple','shm00112',0,0,'2013-04-18 08:35:36','2013-04-23 04:48:47'),(758,4,18,'simple','shm0028',0,0,'2013-04-18 08:35:36','2013-04-23 04:48:47'),(759,4,18,'simple','shm0029',0,0,'2013-04-18 08:35:36','2013-04-23 04:48:47'),(760,4,18,'simple','shm00210',0,0,'2013-04-18 08:35:36','2013-04-23 04:48:47'),(761,4,18,'simple','shm00211',0,0,'2013-04-18 08:35:36','2013-04-23 04:48:47'),(762,4,18,'simple','shm00212',0,0,'2013-04-18 08:35:36','2013-04-23 04:48:47'),(763,4,18,'simple','shm0038',0,0,'2013-04-18 08:35:36','2014-03-09 13:03:23'),(764,4,18,'simple','shm0039',0,0,'2013-04-18 08:35:36','2014-03-09 13:03:50'),(765,4,18,'simple','shm00310',0,0,'2013-04-18 08:35:36','2014-03-09 13:04:13'),(766,4,18,'simple','shm00311',0,0,'2013-04-18 08:35:36','2014-03-09 13:04:35'),(767,4,18,'simple','shm00312',0,0,'2013-04-18 08:35:36','2014-03-09 13:04:59'),(768,4,18,'simple','shm0048',0,0,'2013-04-18 08:35:36','2013-04-23 04:48:47'),(769,4,18,'simple','shm0049',0,0,'2013-04-18 08:35:36','2013-04-19 06:06:28'),(770,4,18,'simple','shm00410',0,0,'2013-04-18 08:35:36','2013-04-23 04:48:47'),(771,4,18,'simple','shm00411',0,0,'2013-04-18 08:35:36','2013-04-23 04:48:47'),(772,4,18,'simple','shm00412',0,0,'2013-04-18 08:35:36','2013-04-23 04:48:47'),(773,4,18,'simple','shm0058',0,0,'2013-04-18 08:35:36','2013-04-23 04:48:47'),(774,4,18,'simple','shm0059',0,0,'2013-04-18 08:35:36','2013-04-23 04:48:47'),(775,4,18,'simple','shm00510',0,0,'2013-04-18 08:35:37','2013-04-23 04:48:47'),(776,4,18,'simple','shm00511',0,0,'2013-04-18 08:35:37','2013-04-23 04:48:47'),(777,4,18,'simple','shm00512',0,0,'2013-04-18 08:35:37','2013-04-23 04:48:47'),(778,4,18,'simple','shw0006',0,0,'2013-04-18 08:35:37','2013-04-23 04:48:47'),(779,4,18,'simple','shw0007',0,0,'2013-04-18 08:35:37','2013-04-23 04:48:47'),(780,4,18,'simple','shw0008',0,0,'2013-04-18 08:35:37','2013-04-23 04:48:47'),(781,4,18,'simple','shw0009',0,0,'2013-04-18 08:35:37','2013-04-23 04:48:47'),(782,4,18,'simple','shw00010',0,0,'2013-04-18 08:35:37','2013-04-23 04:48:47'),(783,4,18,'simple','shw0016',0,0,'2013-04-18 08:35:37','2013-04-23 04:48:47'),(784,4,18,'simple','shw0017',0,0,'2013-04-18 08:35:37','2013-04-23 04:48:47'),(785,4,18,'simple','shw0018',0,0,'2013-04-18 08:35:37','2013-04-23 04:48:47'),(786,4,18,'simple','shw0019',0,0,'2013-04-18 08:35:37','2013-04-23 04:48:47'),(787,4,18,'simple','shw00110',0,0,'2013-04-18 08:35:37','2013-04-23 04:48:47'),(788,4,18,'simple','shw0026',0,0,'2013-04-18 08:35:37','2013-04-23 04:48:47'),(789,4,18,'simple','shw0027',0,0,'2013-04-18 08:35:37','2013-04-23 04:48:47'),(790,4,18,'simple','shw0028',0,0,'2013-04-18 08:35:37','2013-04-23 04:48:47'),(791,4,18,'simple','shw0029',0,0,'2013-04-18 08:35:37','2013-04-23 04:48:47'),(792,4,18,'simple','shw00210',0,0,'2013-04-18 08:35:37','2013-04-23 04:48:47'),(793,4,18,'simple','shw0036',0,0,'2013-04-18 08:35:37','2013-04-23 04:48:47'),(794,4,18,'simple','shw0037',0,0,'2013-04-18 08:35:37','2013-04-23 04:48:47'),(795,4,18,'simple','shw0038',0,0,'2013-04-18 08:35:37','2013-04-23 04:48:47'),(796,4,18,'simple','shw0039',0,0,'2013-04-18 08:35:37','2013-04-23 04:48:47'),(797,4,18,'simple','shw00310',0,0,'2013-04-18 08:35:37','2013-04-23 04:48:47'),(798,4,18,'simple','shw0046',0,0,'2013-04-18 08:35:37','2013-04-23 04:48:48'),(799,4,18,'simple','shw0047',0,0,'2013-04-18 08:35:37','2013-04-23 04:48:48'),(800,4,18,'simple','shw0048',0,0,'2013-04-18 08:35:37','2013-04-23 04:48:48'),(801,4,18,'simple','shw0049',0,0,'2013-04-18 08:35:37','2013-04-23 04:48:48'),(802,4,18,'simple','shw00410',0,0,'2013-04-18 08:35:37','2013-04-23 04:48:48'),(803,4,18,'simple','shw0056',0,0,'2013-04-18 08:35:37','2013-04-23 04:48:48'),(804,4,18,'simple','shw0057',0,0,'2013-04-18 08:35:37','2013-04-23 04:48:48'),(805,4,18,'simple','shw0058',0,0,'2013-04-18 08:35:37','2013-04-23 04:48:48'),(806,4,18,'simple','shw0059',0,0,'2013-04-18 08:35:37','2013-04-23 04:48:48'),(807,4,18,'simple','shw00510',0,0,'2013-04-18 08:35:37','2013-04-23 04:48:48'),(808,4,13,'configurable','Pmo000',1,1,'2013-04-19 06:07:14','2013-05-07 19:41:47'),(809,4,13,'configurable','Pmo001',0,0,'2013-04-19 06:07:14','2013-04-23 05:25:36'),(810,4,13,'configurable','Pmo002',0,0,'2013-04-19 06:07:14','2013-04-23 05:25:36'),(811,4,13,'configurable','Pmp000',1,1,'2013-04-19 06:07:14','2013-05-03 16:40:08'),(812,4,13,'configurable','Pmp001',0,0,'2013-04-19 06:07:14','2013-04-23 05:25:36'),(813,4,13,'configurable','Pmp002',0,0,'2013-04-19 06:07:14','2013-04-23 05:25:36'),(814,4,13,'configurable','Pms000',0,0,'2013-04-19 06:07:14','2013-04-23 05:25:36'),(815,4,13,'configurable','Pms002',0,0,'2013-04-19 06:07:14','2013-04-23 05:25:36'),(816,4,13,'configurable','Pms003',0,0,'2013-04-19 06:07:15','2013-04-23 05:25:36'),(817,4,13,'configurable','Pms004',0,0,'2013-04-19 06:07:15','2013-04-23 05:25:36'),(818,4,13,'configurable','Pms005',0,0,'2013-04-19 06:07:15','2013-04-23 05:25:36'),(819,4,13,'configurable','Pmtk000',0,0,'2013-04-19 06:07:15','2013-04-23 05:25:37'),(820,4,13,'configurable','Pmtk004',0,0,'2013-04-19 06:07:15','2013-04-23 05:25:37'),(821,4,13,'configurable','Pmtk005',1,1,'2013-04-19 06:07:15','2014-03-09 12:52:19'),(822,4,13,'configurable','Pmtk006',0,0,'2013-04-19 06:07:15','2013-04-23 05:25:37'),(823,4,13,'configurable','Pwb000',1,1,'2013-04-19 06:07:15','2013-05-03 17:40:55'),(824,4,13,'configurable','Pwb001',0,0,'2013-04-19 06:07:15','2013-04-23 05:25:37'),(825,4,13,'configurable','Pwb003',0,0,'2013-04-19 06:07:15','2013-04-23 05:25:37'),(826,4,13,'configurable','Pwb005',1,1,'2013-04-19 06:07:16','2013-05-03 17:02:40'),(827,4,13,'configurable','Pwb006',0,0,'2013-04-19 06:07:16','2013-04-23 05:25:38'),(828,4,13,'configurable','Pwd000',0,0,'2013-04-19 06:07:16','2013-04-23 05:25:38'),(829,4,13,'configurable','Pwd001',0,0,'2013-04-19 06:07:16','2013-04-23 05:25:38'),(830,4,13,'configurable','Pwd002',0,0,'2013-04-19 06:07:16','2013-04-23 05:25:38'),(831,4,13,'configurable','Pwt000',0,0,'2013-04-19 06:07:16','2013-04-23 05:25:38'),(832,4,13,'configurable','Pwt001',0,0,'2013-04-19 06:07:16','2013-04-23 05:25:38'),(833,4,13,'configurable','Pwt002',1,1,'2013-04-19 06:07:16','2013-05-07 16:57:57'),(834,4,13,'configurable','Pwt003',0,0,'2013-04-19 06:07:17','2013-04-23 05:25:38'),(835,4,13,'configurable','Pwt004',0,0,'2013-04-19 06:07:17','2013-04-23 05:25:38'),(836,4,13,'configurable','Pwt005',0,0,'2013-04-19 06:07:17','2013-04-23 05:25:38'),(837,4,13,'configurable','Pwt006',1,1,'2013-04-19 06:07:17','2013-05-07 17:09:52'),(838,4,13,'configurable','Pwt007',0,0,'2013-04-19 06:07:17','2013-04-23 05:25:39'),(863,4,18,'simple','shm009',0,0,'2013-04-23 04:48:47','2013-04-23 04:48:47'),(864,4,18,'configurable','shm000',1,1,'2013-04-23 04:58:55','2013-05-07 17:33:36'),(865,4,18,'configurable','shm001',1,1,'2013-04-23 04:58:55','2013-05-07 17:32:55'),(866,4,18,'configurable','shm002',1,1,'2013-04-23 04:58:55','2013-05-07 17:29:46'),(867,4,18,'configurable','shm003',1,1,'2013-04-23 04:58:55','2013-05-07 17:32:18'),(868,4,18,'configurable','shm004',1,1,'2013-04-23 04:58:55','2013-05-07 17:36:31'),(869,4,18,'configurable','shm005',1,1,'2013-04-23 04:58:55','2013-05-07 17:28:10'),(870,4,18,'configurable','shw000',1,1,'2013-04-23 04:58:55','2013-05-07 17:27:07'),(871,4,18,'configurable','shw001',1,1,'2013-04-23 04:58:55','2013-05-07 17:27:27'),(872,4,18,'configurable','shw002',1,1,'2013-04-23 04:58:55','2013-05-07 17:26:44'),(873,4,18,'configurable','shw003',1,1,'2013-04-23 04:58:55','2013-05-14 18:59:30'),(874,4,18,'configurable','shw004',1,1,'2013-04-23 04:58:55','2013-05-14 20:15:32'),(875,4,18,'configurable','shw005',1,1,'2013-04-23 04:58:55','2013-05-14 19:11:52'),(877,4,13,'configurable','wbk002c',1,1,'2013-05-08 15:10:35','2013-05-16 20:20:12'),(878,4,13,'simple','wbk002M',0,0,'2013-05-08 15:11:59','2014-03-07 15:38:43'),(879,4,13,'simple','wbk000c-Pink-L',0,0,'2013-05-08 19:18:12','2014-03-07 15:37:34'),(880,4,13,'simple','wbk002c-Black-XS',0,0,'2013-05-08 19:20:04','2014-03-07 15:39:44'),(881,4,13,'simple','wbk002c-Black-S',0,0,'2013-05-08 19:20:17','2014-03-07 15:40:41'),(882,4,4,'grouped','ABC 123',0,0,'2014-04-30 19:18:28','2014-04-30 19:35:23'),(883,4,20,'configurable','ABC 456',1,1,'2014-04-30 19:59:57','2014-04-30 20:38:11'),(884,4,20,'simple','ABC 456-Black-6',0,0,'2014-04-30 20:15:24','2014-04-30 20:15:24'),(885,4,20,'simple','ABC 456-Black-8',0,0,'2014-04-30 20:15:44','2014-04-30 20:15:44'),(886,4,20,'simple','ABC 456-Black-10',0,0,'2014-04-30 20:15:57','2014-04-30 20:15:57'),(887,4,4,'bundle','ABC 234',0,0,'2014-04-30 23:24:01','2014-04-30 23:25:44');

--
