-- Table structure for table `log_visitor_online`
--

CREATE TABLE `log_visitor_online` (
  `visitor_id` bigint(20) unsigned NOT NULL AUTO_INCREMENT COMMENT 'Visitor ID',
  `visitor_type` varchar(1) NOT NULL COMMENT 'Visitor Type',
  `remote_addr` bigint(20) NOT NULL COMMENT 'Remote Address',
  `first_visit_at` timestamp NULL DEFAULT NULL COMMENT 'First Visit Time',
  `last_visit_at` timestamp NULL DEFAULT NULL COMMENT 'Last Visit Time',
  `customer_id` int(10) unsigned DEFAULT NULL COMMENT 'Customer ID',
  `last_url` varchar(255) DEFAULT NULL COMMENT 'Last URL',
  PRIMARY KEY (`visitor_id`),
  KEY `IDX_LOG_VISITOR_ONLINE_VISITOR_TYPE` (`visitor_type`),
  KEY `IDX_LOG_VISITOR_ONLINE_FIRST_VISIT_AT_LAST_VISIT_AT` (`first_visit_at`,`last_visit_at`),
  KEY `IDX_LOG_VISITOR_ONLINE_CUSTOMER_ID` (`customer_id`)
) ENGINE=InnoDB DEFAULT CHARSET=utf8 COMMENT='Log Visitor Online Table';

--
-- Dumping data for table `log_visitor_online`
--


--
-- Table structure for table `newsletter_problem`
--

CREATE TABLE `newsletter_problem` (
  `problem_id` int(10) unsigned NOT NULL AUTO_INCREMENT COMMENT 'Problem Id',
  `subscriber_id` int(10) unsigned DEFAULT NULL COMMENT 'Subscriber Id',
  `queue_id` int(10) unsigned NOT NULL DEFAULT '0' COMMENT 'Queue Id',
  `problem_error_code` int(10) unsigned DEFAULT '0' COMMENT 'Problem Error Code',
  `problem_error_text` varchar(200) DEFAULT NULL COMMENT 'Problem Error Text',
  PRIMARY KEY (`problem_id`),
  KEY `IDX_NEWSLETTER_PROBLEM_SUBSCRIBER_ID` (`subscriber_id`),
  KEY `IDX_NEWSLETTER_PROBLEM_QUEUE_ID` (`queue_id`),
  CONSTRAINT `FK_NEWSLETTER_PROBLEM_QUEUE_ID_NEWSLETTER_QUEUE_QUEUE_ID` FOREIGN KEY (`queue_id`) REFERENCES `newsletter_queue` (`queue_id`) ON DELETE CASCADE ON UPDATE CASCADE,
  CONSTRAINT `FK_NLTTR_PROBLEM_SUBSCRIBER_ID_NLTTR_SUBSCRIBER_SUBSCRIBER_ID` FOREIGN KEY (`subscriber_id`) REFERENCES `newsletter_subscriber` (`subscriber_id`) ON DELETE CASCADE ON UPDATE CASCADE
) ENGINE=InnoDB DEFAULT CHARSET=utf8 COMMENT='Newsletter Problems';

--
-- Dumping data for table `newsletter_problem`
--


--
-- Table structure for table `newsletter_queue`
--

CREATE TABLE `newsletter_queue` (
  `queue_id` int(10) unsigned NOT NULL AUTO_INCREMENT COMMENT 'Queue Id',
  `template_id` int(10) unsigned NOT NULL DEFAULT '0' COMMENT 'Template Id',
  `newsletter_type` int(11) DEFAULT NULL COMMENT 'Newsletter Type',
  `newsletter_text` text COMMENT 'Newsletter Text',
  `newsletter_styles` text COMMENT 'Newsletter Styles',
  `newsletter_subject` varchar(200) DEFAULT NULL COMMENT 'Newsletter Subject',
  `newsletter_sender_name` varchar(200) DEFAULT NULL COMMENT 'Newsletter Sender Name',
  `newsletter_sender_email` varchar(200) DEFAULT NULL COMMENT 'Newsletter Sender Email',
  `queue_status` int(10) unsigned NOT NULL DEFAULT '0' COMMENT 'Queue Status',
  `queue_start_at` timestamp NULL DEFAULT NULL COMMENT 'Queue Start At',
  `queue_finish_at` timestamp NULL DEFAULT NULL COMMENT 'Queue Finish At',
  PRIMARY KEY (`queue_id`),
  KEY `IDX_NEWSLETTER_QUEUE_TEMPLATE_ID` (`template_id`),
  CONSTRAINT `FK_NEWSLETTER_QUEUE_TEMPLATE_ID_NEWSLETTER_TEMPLATE_TEMPLATE_ID` FOREIGN KEY (`template_id`) REFERENCES `newsletter_template` (`template_id`) ON DELETE CASCADE ON UPDATE CASCADE
) ENGINE=InnoDB DEFAULT CHARSET=utf8 COMMENT='Newsletter Queue';

--
-- Dumping data for table `newsletter_queue`
--


--
-- Table structure for table `newsletter_queue_link`
--

CREATE TABLE `newsletter_queue_link` (
  `queue_link_id` int(10) unsigned NOT NULL AUTO_INCREMENT COMMENT 'Queue Link Id',
  `queue_id` int(10) unsigned NOT NULL DEFAULT '0' COMMENT 'Queue Id',
  `subscriber_id` int(10) unsigned NOT NULL DEFAULT '0' COMMENT 'Subscriber Id',
  `letter_sent_at` timestamp NULL DEFAULT NULL COMMENT 'Letter Sent At',
  PRIMARY KEY (`queue_link_id`),
  KEY `IDX_NEWSLETTER_QUEUE_LINK_SUBSCRIBER_ID` (`subscriber_id`),
  KEY `IDX_NEWSLETTER_QUEUE_LINK_QUEUE_ID` (`queue_id`),
  KEY `IDX_NEWSLETTER_QUEUE_LINK_QUEUE_ID_LETTER_SENT_AT` (`queue_id`,`letter_sent_at`),
  CONSTRAINT `FK_NEWSLETTER_QUEUE_LINK_QUEUE_ID_NEWSLETTER_QUEUE_QUEUE_ID` FOREIGN KEY (`queue_id`) REFERENCES `newsletter_queue` (`queue_id`) ON DELETE CASCADE ON UPDATE CASCADE,
  CONSTRAINT `FK_NLTTR_QUEUE_LNK_SUBSCRIBER_ID_NLTTR_SUBSCRIBER_SUBSCRIBER_ID` FOREIGN KEY (`subscriber_id`) REFERENCES `newsletter_subscriber` (`subscriber_id`) ON DELETE CASCADE ON UPDATE CASCADE
) ENGINE=InnoDB DEFAULT CHARSET=utf8 COMMENT='Newsletter Queue Link';

--
-- Dumping data for table `newsletter_queue_link`
--


--
-- Table structure for table `newsletter_queue_store_link`
--

CREATE TABLE `newsletter_queue_store_link` (
  `queue_id` int(10) unsigned NOT NULL DEFAULT '0' COMMENT 'Queue Id',
  `store_id` smallint(5) unsigned NOT NULL DEFAULT '0' COMMENT 'Store Id',
  PRIMARY KEY (`queue_id`,`store_id`),
  KEY `IDX_NEWSLETTER_QUEUE_STORE_LINK_STORE_ID` (`store_id`),
  CONSTRAINT `FK_NEWSLETTER_QUEUE_STORE_LINK_STORE_ID_CORE_STORE_STORE_ID` FOREIGN KEY (`store_id`) REFERENCES `core_store` (`store_id`) ON DELETE CASCADE ON UPDATE CASCADE,
  CONSTRAINT `FK_NLTTR_QUEUE_STORE_LNK_QUEUE_ID_NLTTR_QUEUE_QUEUE_ID` FOREIGN KEY (`queue_id`) REFERENCES `newsletter_queue` (`queue_id`) ON DELETE CASCADE ON UPDATE CASCADE
) ENGINE=InnoDB DEFAULT CHARSET=utf8 COMMENT='Newsletter Queue Store Link';

--
-- Dumping data for table `newsletter_queue_store_link`
--


--
-- Table structure for table `newsletter_template`
--

CREATE TABLE `newsletter_template` (
  `template_id` int(10) unsigned NOT NULL AUTO_INCREMENT COMMENT 'Template Id',
  `template_code` varchar(150) DEFAULT NULL COMMENT 'Template Code',
  `template_text` text COMMENT 'Template Text',
  `template_text_preprocessed` text COMMENT 'Template Text Preprocessed',
  `template_styles` text COMMENT 'Template Styles',
  `template_type` int(10) unsigned DEFAULT NULL COMMENT 'Template Type',
  `template_subject` varchar(200) DEFAULT NULL COMMENT 'Template Subject',
  `template_sender_name` varchar(200) DEFAULT NULL COMMENT 'Template Sender Name',
  `template_sender_email` varchar(200) DEFAULT NULL COMMENT 'Template Sender Email',
  `template_actual` smallint(5) unsigned DEFAULT '1' COMMENT 'Template Actual',
  `added_at` timestamp NULL DEFAULT NULL COMMENT 'Added At',
  `modified_at` timestamp NULL DEFAULT NULL COMMENT 'Modified At',
  PRIMARY KEY (`template_id`),
  KEY `IDX_NEWSLETTER_TEMPLATE_TEMPLATE_ACTUAL` (`template_actual`),
  KEY `IDX_NEWSLETTER_TEMPLATE_ADDED_AT` (`added_at`),
  KEY `IDX_NEWSLETTER_TEMPLATE_MODIFIED_AT` (`modified_at`)
) ENGINE=InnoDB DEFAULT CHARSET=utf8 COMMENT='Newsletter Template';

--
-- Dumping data for table `newsletter_template`
--


--
-- Table structure for table `oauth_consumer`
--

CREATE TABLE `oauth_consumer` (
  `entity_id` int(10) unsigned NOT NULL AUTO_INCREMENT COMMENT 'Entity Id',
  `created_at` timestamp NOT NULL DEFAULT CURRENT_TIMESTAMP COMMENT 'Created At',
  `updated_at` timestamp NULL DEFAULT NULL COMMENT 'Updated At',
  `name` varchar(255) NOT NULL COMMENT 'Name of consumer',
  `key` varchar(32) NOT NULL COMMENT 'Key code',
  `secret` varchar(32) NOT NULL COMMENT 'Secret code',
  `callback_url` varchar(255) DEFAULT NULL COMMENT 'Callback URL',
  `rejected_callback_url` varchar(255) NOT NULL COMMENT 'Rejected callback URL',
  PRIMARY KEY (`entity_id`),
  UNIQUE KEY `UNQ_OAUTH_CONSUMER_KEY` (`key`),
  UNIQUE KEY `UNQ_OAUTH_CONSUMER_SECRET` (`secret`),
  KEY `IDX_OAUTH_CONSUMER_CREATED_AT` (`created_at`),
  KEY `IDX_OAUTH_CONSUMER_UPDATED_AT` (`updated_at`)
) ENGINE=InnoDB DEFAULT CHARSET=utf8 COMMENT='OAuth Consumers';

--
-- Dumping data for table `oauth_consumer`
--


--
-- Table structure for table `oauth_nonce`
--

CREATE TABLE `oauth_nonce` (
  `nonce` varchar(32) NOT NULL COMMENT 'Nonce String',
  `timestamp` int(10) unsigned NOT NULL COMMENT 'Nonce Timestamp',
  UNIQUE KEY `UNQ_OAUTH_NONCE_NONCE` (`nonce`)
) ENGINE=MyISAM DEFAULT CHARSET=utf8 COMMENT='oauth_nonce';

--
-- Dumping data for table `oauth_nonce`
--


--
-- Table structure for table `oauth_token`
--

CREATE TABLE `oauth_token` (
  `entity_id` int(10) unsigned NOT NULL AUTO_INCREMENT COMMENT 'Entity ID',
  `consumer_id` int(10) unsigned NOT NULL COMMENT 'Consumer ID',
  `admin_id` int(10) unsigned DEFAULT NULL COMMENT 'Admin user ID',
  `customer_id` int(10) unsigned DEFAULT NULL COMMENT 'Customer user ID',
  `type` varchar(16) NOT NULL COMMENT 'Token Type',
  `token` varchar(32) NOT NULL COMMENT 'Token',
  `secret` varchar(32) NOT NULL COMMENT 'Token Secret',
  `verifier` varchar(32) DEFAULT NULL COMMENT 'Token Verifier',
  `callback_url` varchar(255) NOT NULL COMMENT 'Token Callback URL',
  `revoked` smallint(5) unsigned NOT NULL DEFAULT '0' COMMENT 'Is Token revoked',
  `authorized` smallint(5) unsigned NOT NULL DEFAULT '0' COMMENT 'Is Token authorized',
  `created_at` timestamp NOT NULL DEFAULT CURRENT_TIMESTAMP COMMENT 'Token creation timestamp',
  PRIMARY KEY (`entity_id`),
  UNIQUE KEY `UNQ_OAUTH_TOKEN_TOKEN` (`token`),
  KEY `IDX_OAUTH_TOKEN_CONSUMER_ID` (`consumer_id`),
  KEY `FK_OAUTH_TOKEN_ADMIN_ID_ADMIN_USER_USER_ID` (`admin_id`),
  KEY `FK_OAUTH_TOKEN_CUSTOMER_ID_CUSTOMER_ENTITY_ENTITY_ID` (`customer_id`),
  CONSTRAINT `FK_OAUTH_TOKEN_ADMIN_ID_ADMIN_USER_USER_ID` FOREIGN KEY (`admin_id`) REFERENCES `admin_user` (`user_id`) ON DELETE CASCADE ON UPDATE CASCADE,
  CONSTRAINT `FK_OAUTH_TOKEN_CONSUMER_ID_OAUTH_CONSUMER_ENTITY_ID` FOREIGN KEY (`consumer_id`) REFERENCES `oauth_consumer` (`entity_id`) ON DELETE CASCADE ON UPDATE CASCADE,
  CONSTRAINT `FK_OAUTH_TOKEN_CUSTOMER_ID_CUSTOMER_ENTITY_ENTITY_ID` FOREIGN KEY (`customer_id`) REFERENCES `customer_entity` (`entity_id`) ON DELETE CASCADE ON UPDATE CASCADE
) ENGINE=InnoDB DEFAULT CHARSET=utf8 COMMENT='OAuth Tokens';

--
-- Dumping data for table `oauth_token`
--


--
-- Table structure for table `paypal_cert`
--

CREATE TABLE `paypal_cert` (
  `cert_id` smallint(5) unsigned NOT NULL AUTO_INCREMENT COMMENT 'Cert Id',
  `website_id` smallint(5) unsigned NOT NULL DEFAULT '0' COMMENT 'Website Id',
  `content` text COMMENT 'Content',
  `updated_at` timestamp NULL DEFAULT NULL COMMENT 'Updated At',
  PRIMARY KEY (`cert_id`),
  KEY `IDX_PAYPAL_CERT_WEBSITE_ID` (`website_id`),
  CONSTRAINT `FK_PAYPAL_CERT_WEBSITE_ID_CORE_WEBSITE_WEBSITE_ID` FOREIGN KEY (`website_id`) REFERENCES `core_website` (`website_id`) ON DELETE CASCADE ON UPDATE CASCADE
) ENGINE=InnoDB DEFAULT CHARSET=utf8 COMMENT='Paypal Certificate Table';

--
-- Dumping data for table `paypal_cert`
--


--
-- Table structure for table `paypal_payment_transaction`
--

CREATE TABLE `paypal_payment_transaction` (
  `transaction_id` int(10) unsigned NOT NULL AUTO_INCREMENT COMMENT 'Entity Id',
  `txn_id` varchar(100) DEFAULT NULL COMMENT 'Txn Id',
  `additional_information` blob COMMENT 'Additional Information',
  `created_at` timestamp NULL DEFAULT NULL COMMENT 'Created At',
  PRIMARY KEY (`transaction_id`),
  UNIQUE KEY `UNQ_PAYPAL_PAYMENT_TRANSACTION_TXN_ID` (`txn_id`)
) ENGINE=InnoDB DEFAULT CHARSET=utf8 COMMENT='PayPal Payflow Link Payment Transaction';

--
-- Dumping data for table `paypal_payment_transaction`
--


--
-- Table structure for table `paypal_settlement_report`
--

CREATE TABLE `paypal_settlement_report` (
  `report_id` int(10) unsigned NOT NULL AUTO_INCREMENT COMMENT 'Report Id',
  `report_date` timestamp NULL DEFAULT NULL COMMENT 'Report Date',
  `account_id` varchar(64) DEFAULT NULL COMMENT 'Account Id',
  `filename` varchar(24) DEFAULT NULL COMMENT 'Filename',
  `last_modified` timestamp NULL DEFAULT NULL COMMENT 'Last Modified',
  PRIMARY KEY (`report_id`),
  UNIQUE KEY `UNQ_PAYPAL_SETTLEMENT_REPORT_REPORT_DATE_ACCOUNT_ID` (`report_date`,`account_id`)
) ENGINE=InnoDB DEFAULT CHARSET=utf8 COMMENT='Paypal Settlement Report Table';

--
-- Dumping data for table `paypal_settlement_report`
--


--
-- Table structure for table `paypal_settlement_report_row`
--

CREATE TABLE `paypal_settlement_report_row` (
  `row_id` int(10) unsigned NOT NULL AUTO_INCREMENT COMMENT 'Row Id',
  `report_id` int(10) unsigned NOT NULL COMMENT 'Report Id',
  `transaction_id` varchar(19) DEFAULT NULL COMMENT 'Transaction Id',
  `invoice_id` varchar(127) DEFAULT NULL COMMENT 'Invoice Id',
  `paypal_reference_id` varchar(19) DEFAULT NULL COMMENT 'Paypal Reference Id',
  `paypal_reference_id_type` varchar(3) DEFAULT NULL COMMENT 'Paypal Reference Id Type',
  `transaction_event_code` varchar(5) DEFAULT NULL COMMENT 'Transaction Event Code',
  `transaction_initiation_date` timestamp NULL DEFAULT NULL COMMENT 'Transaction Initiation Date',
  `transaction_completion_date` timestamp NULL DEFAULT NULL COMMENT 'Transaction Completion Date',
  `transaction_debit_or_credit` varchar(2) NOT NULL DEFAULT 'CR' COMMENT 'Transaction Debit Or Credit',
  `gross_transaction_amount` decimal(20,6) NOT NULL DEFAULT '0.000000' COMMENT 'Gross Transaction Amount',
  `gross_transaction_currency` varchar(3) DEFAULT '' COMMENT 'Gross Transaction Currency',
  `fee_debit_or_credit` varchar(2) DEFAULT NULL COMMENT 'Fee Debit Or Credit',
  `fee_amount` decimal(20,6) NOT NULL DEFAULT '0.000000' COMMENT 'Fee Amount',
  `fee_currency` varchar(3) DEFAULT NULL COMMENT 'Fee Currency',
  `custom_field` varchar(255) DEFAULT NULL COMMENT 'Custom Field',
  `consumer_id` varchar(127) DEFAULT NULL COMMENT 'Consumer Id',
  `payment_tracking_id` varchar(255) DEFAULT NULL COMMENT 'Payment Tracking ID',
  PRIMARY KEY (`row_id`),
  KEY `IDX_PAYPAL_SETTLEMENT_REPORT_ROW_REPORT_ID` (`report_id`),
  CONSTRAINT `FK_E183E488F593E0DE10C6EBFFEBAC9B55` FOREIGN KEY (`report_id`) REFERENCES `paypal_settlement_report` (`report_id`) ON DELETE CASCADE ON UPDATE CASCADE
) ENGINE=InnoDB DEFAULT CHARSET=utf8 COMMENT='Paypal Settlement Report Row Table';

--
-- Dumping data for table `paypal_settlement_report_row`
--


--
-- Table structure for table `persistent_session`
--

CREATE TABLE `persistent_session` (
  `persistent_id` int(10) unsigned NOT NULL AUTO_INCREMENT COMMENT 'Session id',
  `key` varchar(50) NOT NULL COMMENT 'Unique cookie key',
  `customer_id` int(10) unsigned DEFAULT NULL COMMENT 'Customer id',
  `website_id` smallint(5) unsigned NOT NULL DEFAULT '0' COMMENT 'Website ID',
  `info` text COMMENT 'Session Data',
  `updated_at` timestamp NULL DEFAULT NULL COMMENT 'Updated At',
  PRIMARY KEY (`persistent_id`),
  UNIQUE KEY `IDX_PERSISTENT_SESSION_KEY` (`key`),
  UNIQUE KEY `IDX_PERSISTENT_SESSION_CUSTOMER_ID` (`customer_id`),
  KEY `IDX_PERSISTENT_SESSION_UPDATED_AT` (`updated_at`),
  KEY `FK_PERSISTENT_SESSION_WEBSITE_ID_CORE_WEBSITE_WEBSITE_ID` (`website_id`),
  CONSTRAINT `FK_PERSISTENT_SESSION_CUSTOMER_ID_CUSTOMER_ENTITY_ENTITY_ID` FOREIGN KEY (`customer_id`) REFERENCES `customer_entity` (`entity_id`) ON DELETE CASCADE ON UPDATE NO ACTION,
  CONSTRAINT `FK_PERSISTENT_SESSION_WEBSITE_ID_CORE_WEBSITE_WEBSITE_ID` FOREIGN KEY (`website_id`) REFERENCES `core_website` (`website_id`) ON DELETE CASCADE ON UPDATE NO ACTION
) ENGINE=InnoDB DEFAULT CHARSET=utf8 COMMENT='Persistent Session';

--
-- Dumping data for table `persistent_session`
--


--
-- Table structure for table `poll`
--

CREATE TABLE `poll` (
  `poll_id` int(10) unsigned NOT NULL AUTO_INCREMENT COMMENT 'Poll Id',
  `poll_title` varchar(255) DEFAULT NULL COMMENT 'Poll title',
  `votes_count` int(10) unsigned NOT NULL DEFAULT '0' COMMENT 'Votes Count',
  `store_id` smallint(5) unsigned NOT NULL DEFAULT '0' COMMENT 'Store id',
  `date_posted` timestamp NOT NULL DEFAULT CURRENT_TIMESTAMP ON UPDATE CURRENT_TIMESTAMP COMMENT 'Date posted',
  `date_closed` timestamp NULL DEFAULT NULL COMMENT 'Date closed',
  `active` smallint(6) NOT NULL DEFAULT '1' COMMENT 'Is active',
  `closed` smallint(6) NOT NULL DEFAULT '0' COMMENT 'Is closed',
  `answers_display` smallint(6) DEFAULT NULL COMMENT 'Answers display',
  PRIMARY KEY (`poll_id`),
  KEY `IDX_POLL_STORE_ID` (`store_id`),
  CONSTRAINT `FK_POLL_STORE_ID_CORE_STORE_STORE_ID` FOREIGN KEY (`store_id`) REFERENCES `core_store` (`store_id`) ON DELETE CASCADE ON UPDATE CASCADE
) ENGINE=InnoDB AUTO_INCREMENT=3 DEFAULT CHARSET=utf8 COMMENT='Poll';

--
-- Dumping data for table `poll`
--

INSERT INTO `poll` VALUES (1,'What is your favorite color',7,1,'2007-06-15 23:17:49','2007-08-31 11:41:32',1,1,NULL),(2,'What is your favorite Magento feature?',4708,0,'2007-08-31 11:41:20',NULL,1,0,NULL);

--
-- Table structure for table `poll_answer`
--

CREATE TABLE `poll_answer` (
  `answer_id` int(10) unsigned NOT NULL AUTO_INCREMENT COMMENT 'Answer Id',
  `poll_id` int(10) unsigned NOT NULL DEFAULT '0' COMMENT 'Poll Id',
  `answer_title` varchar(255) DEFAULT NULL COMMENT 'Answer title',
  `votes_count` int(10) unsigned NOT NULL DEFAULT '0' COMMENT 'Votes Count',
  `answer_order` smallint(6) NOT NULL DEFAULT '0' COMMENT 'Answers display',
  PRIMARY KEY (`answer_id`),
  KEY `IDX_POLL_ANSWER_POLL_ID` (`poll_id`),
  CONSTRAINT `FK_POLL_ANSWER_POLL_ID_POLL_POLL_ID` FOREIGN KEY (`poll_id`) REFERENCES `poll` (`poll_id`) ON DELETE CASCADE ON UPDATE CASCADE
) ENGINE=InnoDB AUTO_INCREMENT=9 DEFAULT CHARSET=utf8 COMMENT='Poll Answers';

--
-- Dumping data for table `poll_answer`
--

INSERT INTO `poll_answer` VALUES (1,1,'Green',0,0),(2,1,'Red',0,0),(3,1,'Black',2,0),(4,1,'Magenta',5,0),(5,2,'Layered Navigation',1889,0),(6,2,'Price Rules',1340,0),(7,2,'Category Management',724,0),(8,2,'Compare Products',762,0);

--
-- Table structure for table `poll_store`
--

CREATE TABLE `poll_store` (
  `poll_id` int(10) unsigned NOT NULL DEFAULT '0' COMMENT 'Poll Id',
  `store_id` smallint(5) unsigned NOT NULL DEFAULT '0' COMMENT 'Store id',
  PRIMARY KEY (`poll_id`,`store_id`),
  KEY `IDX_POLL_STORE_STORE_ID` (`store_id`),
  CONSTRAINT `FK_POLL_STORE_POLL_ID_POLL_POLL_ID` FOREIGN KEY (`poll_id`) REFERENCES `poll` (`poll_id`) ON DELETE CASCADE ON UPDATE CASCADE,
  CONSTRAINT `FK_POLL_STORE_STORE_ID_CORE_STORE_STORE_ID` FOREIGN KEY (`store_id`) REFERENCES `core_store` (`store_id`) ON DELETE CASCADE ON UPDATE CASCADE
) ENGINE=InnoDB DEFAULT CHARSET=utf8 COMMENT='Poll Store';

--
-- Dumping data for table `poll_store`
--

INSERT INTO `poll_store` VALUES (2,1),(2,2),(2,3);

--
-- Table structure for table `poll_vote`
--

CREATE TABLE `poll_vote` (
  `vote_id` int(10) unsigned NOT NULL AUTO_INCREMENT COMMENT 'Vote Id',
  `poll_id` int(10) unsigned NOT NULL DEFAULT '0' COMMENT 'Poll Id',
  `poll_answer_id` int(10) unsigned NOT NULL DEFAULT '0' COMMENT 'Poll answer id',
  `ip_address` bigint(20) DEFAULT NULL COMMENT 'Poll answer id',
  `customer_id` int(11) DEFAULT NULL COMMENT 'Customer id',
  `vote_time` timestamp NULL DEFAULT NULL COMMENT 'Date closed',
  PRIMARY KEY (`vote_id`),
  KEY `IDX_POLL_VOTE_POLL_ANSWER_ID` (`poll_answer_id`),
  CONSTRAINT `FK_POLL_VOTE_POLL_ANSWER_ID_POLL_ANSWER_ANSWER_ID` FOREIGN KEY (`poll_answer_id`) REFERENCES `poll_answer` (`answer_id`) ON DELETE CASCADE ON UPDATE CASCADE
) ENGINE=InnoDB DEFAULT CHARSET=utf8 COMMENT='Poll Vote';

--
-- Dumping data for table `poll_vote`
--


--
-- Table structure for table `product_alert_price`
--

CREATE TABLE `product_alert_price` (
  `alert_price_id` int(10) unsigned NOT NULL AUTO_INCREMENT COMMENT 'Product alert price id',
  `customer_id` int(10) unsigned NOT NULL DEFAULT '0' COMMENT 'Customer id',
  `product_id` int(10) unsigned NOT NULL DEFAULT '0' COMMENT 'Product id',
  `price` decimal(12,4) NOT NULL DEFAULT '0.0000' COMMENT 'Price amount',
  `website_id` smallint(5) unsigned NOT NULL DEFAULT '0' COMMENT 'Website id',
  `add_date` timestamp NOT NULL DEFAULT CURRENT_TIMESTAMP ON UPDATE CURRENT_TIMESTAMP COMMENT 'Product alert add date',
  `last_send_date` timestamp NULL DEFAULT NULL COMMENT 'Product alert last send date',
  `send_count` smallint(5) unsigned NOT NULL DEFAULT '0' COMMENT 'Product alert send count',
  `status` smallint(5) unsigned NOT NULL DEFAULT '0' COMMENT 'Product alert status',
  PRIMARY KEY (`alert_price_id`),
  KEY `IDX_PRODUCT_ALERT_PRICE_CUSTOMER_ID` (`customer_id`),
  KEY `IDX_PRODUCT_ALERT_PRICE_PRODUCT_ID` (`product_id`),
  KEY `IDX_PRODUCT_ALERT_PRICE_WEBSITE_ID` (`website_id`),
  CONSTRAINT `FK_PRD_ALERT_PRICE_PRD_ID_CAT_PRD_ENTT_ENTT_ID` FOREIGN KEY (`product_id`) REFERENCES `catalog_product_entity` (`entity_id`) ON DELETE CASCADE ON UPDATE CASCADE,
  CONSTRAINT `FK_PRODUCT_ALERT_PRICE_CUSTOMER_ID_CUSTOMER_ENTITY_ENTITY_ID` FOREIGN KEY (`customer_id`) REFERENCES `customer_entity` (`entity_id`) ON DELETE CASCADE ON UPDATE CASCADE,
  CONSTRAINT `FK_PRODUCT_ALERT_PRICE_WEBSITE_ID_CORE_WEBSITE_WEBSITE_ID` FOREIGN KEY (`website_id`) REFERENCES `core_website` (`website_id`) ON DELETE CASCADE ON UPDATE CASCADE
) ENGINE=InnoDB DEFAULT CHARSET=utf8 COMMENT='Product Alert Price';

--
-- Dumping data for table `product_alert_price`
--


--
-- Table structure for table `product_alert_stock`
--

CREATE TABLE `product_alert_stock` (
  `alert_stock_id` int(10) unsigned NOT NULL AUTO_INCREMENT COMMENT 'Product alert stock id',
  `customer_id` int(10) unsigned NOT NULL DEFAULT '0' COMMENT 'Customer id',
  `product_id` int(10) unsigned NOT NULL DEFAULT '0' COMMENT 'Product id',
  `website_id` smallint(5) unsigned NOT NULL DEFAULT '0' COMMENT 'Website id',
  `add_date` timestamp NOT NULL DEFAULT CURRENT_TIMESTAMP ON UPDATE CURRENT_TIMESTAMP COMMENT 'Product alert add date',
  `send_date` timestamp NULL DEFAULT NULL COMMENT 'Product alert send date',
  `send_count` smallint(5) unsigned NOT NULL DEFAULT '0' COMMENT 'Send Count',
  `status` smallint(5) unsigned NOT NULL DEFAULT '0' COMMENT 'Product alert status',
  PRIMARY KEY (`alert_stock_id`),
  KEY `IDX_PRODUCT_ALERT_STOCK_CUSTOMER_ID` (`customer_id`),
  KEY `IDX_PRODUCT_ALERT_STOCK_PRODUCT_ID` (`product_id`),
  KEY `IDX_PRODUCT_ALERT_STOCK_WEBSITE_ID` (`website_id`),
  CONSTRAINT `FK_PRD_ALERT_STOCK_PRD_ID_CAT_PRD_ENTT_ENTT_ID` FOREIGN KEY (`product_id`) REFERENCES `catalog_product_entity` (`entity_id`) ON DELETE CASCADE ON UPDATE CASCADE,
  CONSTRAINT `FK_PRODUCT_ALERT_STOCK_CUSTOMER_ID_CUSTOMER_ENTITY_ENTITY_ID` FOREIGN KEY (`customer_id`) REFERENCES `customer_entity` (`entity_id`) ON DELETE CASCADE ON UPDATE CASCADE,
  CONSTRAINT `FK_PRODUCT_ALERT_STOCK_WEBSITE_ID_CORE_WEBSITE_WEBSITE_ID` FOREIGN KEY (`website_id`) REFERENCES `core_website` (`website_id`) ON DELETE CASCADE ON UPDATE CASCADE
) ENGINE=InnoDB DEFAULT CHARSET=utf8 COMMENT='Product Alert Stock';

--
-- Dumping data for table `product_alert_stock`
--


--
-- Table structure for table `rating`
--

CREATE TABLE `rating` (
  `rating_id` smallint(5) unsigned NOT NULL AUTO_INCREMENT COMMENT 'Rating Id',
  `entity_id` smallint(5) unsigned NOT NULL DEFAULT '0' COMMENT 'Entity Id',
  `rating_code` varchar(64) NOT NULL COMMENT 'Rating Code',
  `position` smallint(5) unsigned NOT NULL DEFAULT '0' COMMENT 'Rating Position On Frontend',
  PRIMARY KEY (`rating_id`),
  UNIQUE KEY `UNQ_RATING_RATING_CODE` (`rating_code`),
  KEY `IDX_RATING_ENTITY_ID` (`entity_id`),
  CONSTRAINT `FK_RATING_ENTITY_ID_RATING_ENTITY_ENTITY_ID` FOREIGN KEY (`entity_id`) REFERENCES `rating_entity` (`entity_id`) ON DELETE CASCADE ON UPDATE CASCADE
) ENGINE=InnoDB AUTO_INCREMENT=4 DEFAULT CHARSET=utf8 COMMENT='Ratings';

--
-- Dumping data for table `rating`
--

INSERT INTO `rating` VALUES (1,1,'Quality',0),(2,1,'Value',0),(3,1,'Price',0);

--
-- Table structure for table `rating_entity`
--

CREATE TABLE `rating_entity` (
  `entity_id` smallint(5) unsigned NOT NULL AUTO_INCREMENT COMMENT 'Entity Id',
  `entity_code` varchar(64) NOT NULL COMMENT 'Entity Code',
  PRIMARY KEY (`entity_id`),
  UNIQUE KEY `UNQ_RATING_ENTITY_ENTITY_CODE` (`entity_code`)
) ENGINE=InnoDB AUTO_INCREMENT=4 DEFAULT CHARSET=utf8 COMMENT='Rating entities';

--
-- Dumping data for table `rating_entity`
--

INSERT INTO `rating_entity` VALUES (1,'product'),(2,'product_review'),(3,'review');

--
-- Table structure for table `rating_option`
--

CREATE TABLE `rating_option` (
  `option_id` int(10) unsigned NOT NULL AUTO_INCREMENT COMMENT 'Rating Option Id',
  `rating_id` smallint(5) unsigned NOT NULL DEFAULT '0' COMMENT 'Rating Id',
  `code` varchar(32) NOT NULL COMMENT 'Rating Option Code',
  `value` smallint(5) unsigned NOT NULL DEFAULT '0' COMMENT 'Rating Option Value',
  `position` smallint(5) unsigned NOT NULL DEFAULT '0' COMMENT 'Ration option position on frontend',
  PRIMARY KEY (`option_id`),
  KEY `IDX_RATING_OPTION_RATING_ID` (`rating_id`),
  CONSTRAINT `FK_RATING_OPTION_RATING_ID_RATING_RATING_ID` FOREIGN KEY (`rating_id`) REFERENCES `rating` (`rating_id`) ON DELETE CASCADE ON UPDATE CASCADE
) ENGINE=InnoDB AUTO_INCREMENT=16 DEFAULT CHARSET=utf8 COMMENT='Rating options';

--
-- Dumping data for table `rating_option`
--

INSERT INTO `rating_option` VALUES (1,1,'1',1,1),(2,1,'2',2,2),(3,1,'3',3,3),(4,1,'4',4,4),(5,1,'5',5,5),(6,2,'1',1,1),(7,2,'2',2,2),(8,2,'3',3,3),(9,2,'4',4,4),(10,2,'5',5,5),(11,3,'1',1,1),(12,3,'2',2,2),(13,3,'3',3,3),(14,3,'4',4,4),(15,3,'5',5,5);

--
-- Table structure for table `rating_option_vote`
--

CREATE TABLE `rating_option_vote` (
  `vote_id` bigint(20) unsigned NOT NULL AUTO_INCREMENT COMMENT 'Vote id',
  `option_id` int(10) unsigned NOT NULL DEFAULT '0' COMMENT 'Vote option id',
  `remote_ip` varchar(16) NOT NULL COMMENT 'Customer IP',
  `remote_ip_long` bigint(20) NOT NULL DEFAULT '0' COMMENT 'Customer IP converted to long integer format',
  `customer_id` int(10) unsigned DEFAULT '0' COMMENT 'Customer Id',
  `entity_pk_value` bigint(20) unsigned NOT NULL DEFAULT '0' COMMENT 'Product id',
  `rating_id` smallint(5) unsigned NOT NULL DEFAULT '0' COMMENT 'Rating id',
  `review_id` bigint(20) unsigned DEFAULT NULL COMMENT 'Review id',
  `percent` smallint(6) NOT NULL DEFAULT '0' COMMENT 'Percent amount',
  `value` smallint(6) NOT NULL DEFAULT '0' COMMENT 'Vote option value',
  PRIMARY KEY (`vote_id`),
  KEY `IDX_RATING_OPTION_VOTE_OPTION_ID` (`option_id`),
  KEY `FK_RATING_OPTION_VOTE_REVIEW_ID_REVIEW_REVIEW_ID` (`review_id`),
  CONSTRAINT `FK_RATING_OPTION_VOTE_OPTION_ID_RATING_OPTION_OPTION_ID` FOREIGN KEY (`option_id`) REFERENCES `rating_option` (`option_id`) ON DELETE CASCADE ON UPDATE CASCADE,
  CONSTRAINT `FK_RATING_OPTION_VOTE_REVIEW_ID_REVIEW_REVIEW_ID` FOREIGN KEY (`review_id`) REFERENCES `review` (`review_id`) ON DELETE CASCADE ON UPDATE CASCADE
) ENGINE=InnoDB AUTO_INCREMENT=506 DEFAULT CHARSET=utf8 COMMENT='Rating option values';

--
-- Dumping data for table `rating_option_vote`
--

INSERT INTO `rating_option_vote` VALUES (332,4,'31.6.71.136',520505224,NULL,167,1,115,80,4),(333,12,'31.6.71.136',520505224,NULL,167,3,115,40,2),(334,8,'31.6.71.136',520505224,NULL,167,2,115,60,3),(335,4,'31.6.71.136',520505224,NULL,167,1,116,80,4),(336,12,'31.6.71.136',520505224,NULL,167,3,116,40,2),(337,8,'31.6.71.136',520505224,NULL,167,2,116,60,3),(338,2,'203.172.222.214',-877863210,NULL,167,1,117,40,2),(339,14,'203.172.222.214',-877863210,NULL,167,3,117,80,4),(340,7,'203.172.222.214',-877863210,NULL,167,2,117,40,2),(341,4,'91.121.170.197',1534700229,NULL,167,1,118,80,4),(342,12,'91.121.170.197',1534700229,NULL,167,3,118,40,2),(343,9,'91.121.170.197',1534700229,NULL,167,2,118,80,4),(344,4,'91.121.170.197',1534700229,NULL,167,1,119,80,4),(345,12,'91.121.170.197',1534700229,NULL,167,3,119,40,2),(346,9,'91.121.170.197',1534700229,NULL,167,2,119,80,4),(347,4,'91.121.170.197',1534700229,NULL,167,1,120,80,4),(348,12,'91.121.170.197',1534700229,NULL,167,3,120,40,2),(349,9,'91.121.170.197',1534700229,NULL,167,2,120,80,4),(350,4,'91.121.170.197',1534700229,NULL,167,1,121,80,4),(351,12,'91.121.170.197',1534700229,NULL,167,3,121,40,2),(352,9,'91.121.170.197',1534700229,NULL,167,2,121,80,4),(353,4,'91.121.170.197',1534700229,NULL,167,1,122,80,4),(354,12,'91.121.170.197',1534700229,NULL,167,3,122,40,2),(355,9,'91.121.170.197',1534700229,NULL,167,2,122,80,4),(356,3,'91.121.170.197',1534700229,NULL,167,1,123,60,3),(357,14,'91.121.170.197',1534700229,NULL,167,3,123,80,4),(358,7,'91.121.170.197',1534700229,NULL,167,2,123,40,2),(359,3,'91.121.170.197',1534700229,NULL,167,1,124,60,3),(360,14,'91.121.170.197',1534700229,NULL,167,3,124,80,4),(361,7,'91.121.170.197',1534700229,NULL,167,2,124,40,2),(362,3,'91.121.170.197',1534700229,NULL,167,1,125,60,3),(363,14,'91.121.170.197',1534700229,NULL,167,3,125,80,4),(364,7,'91.121.170.197',1534700229,NULL,167,2,125,40,2),(365,3,'91.121.170.197',1534700229,NULL,167,1,126,60,3),(366,14,'91.121.170.197',1534700229,NULL,167,3,126,80,4),(367,7,'91.121.170.197',1534700229,NULL,167,2,126,40,2),(368,3,'91.121.170.197',1534700229,NULL,167,1,127,60,3),(369,14,'91.121.170.197',1534700229,NULL,167,3,127,80,4),(370,7,'91.121.170.197',1534700229,NULL,167,2,127,40,2),(371,4,'91.121.170.197',1534700229,NULL,167,1,128,80,4),(372,14,'91.121.170.197',1534700229,NULL,167,3,128,80,4),(373,8,'91.121.170.197',1534700229,NULL,167,2,128,60,3),(374,4,'91.121.170.197',1534700229,NULL,167,1,129,80,4),(375,14,'91.121.170.197',1534700229,NULL,167,3,129,80,4),(376,8,'91.121.170.197',1534700229,NULL,167,2,129,60,3),(377,4,'91.121.170.197',1534700229,NULL,167,1,130,80,4),(378,14,'91.121.170.197',1534700229,NULL,167,3,130,80,4),(379,8,'91.121.170.197',1534700229,NULL,167,2,130,60,3),(380,4,'91.121.170.197',1534700229,NULL,167,1,131,80,4),(381,14,'91.121.170.197',1534700229,NULL,167,3,131,80,4),(382,8,'91.121.170.197',1534700229,NULL,167,2,131,60,3),(383,4,'91.121.170.197',1534700229,NULL,167,1,132,80,4),(384,14,'91.121.170.197',1534700229,NULL,167,3,132,80,4),(385,8,'91.121.170.197',1534700229,NULL,167,2,132,60,3),(386,2,'93.115.94.85',1567841877,NULL,167,1,133,40,2),(387,13,'93.115.94.85',1567841877,NULL,167,3,133,60,3),(388,7,'93.115.94.85',1567841877,NULL,167,2,133,40,2),(389,2,'93.115.94.85',1567841877,NULL,167,1,134,40,2),(390,13,'93.115.94.85',1567841877,NULL,167,3,134,60,3),(391,7,'93.115.94.85',1567841877,NULL,167,2,134,40,2),(392,2,'93.115.94.85',1567841877,NULL,167,1,135,40,2),(393,13,'93.115.94.85',1567841877,NULL,167,3,135,60,3),(394,7,'93.115.94.85',1567841877,NULL,167,2,135,40,2),(395,2,'93.115.94.85',1567841877,NULL,167,1,136,40,2),(396,13,'93.115.94.85',1567841877,NULL,167,3,136,60,3),(397,7,'93.115.94.85',1567841877,NULL,167,2,136,40,2),(398,2,'93.115.94.85',1567841877,NULL,167,1,137,40,2),(399,13,'93.115.94.85',1567841877,NULL,167,3,137,60,3),(400,7,'93.115.94.85',1567841877,NULL,167,2,137,40,2),(401,3,'91.121.170.197',1534700229,NULL,167,1,138,60,3),(402,12,'91.121.170.197',1534700229,NULL,167,3,138,40,2),(403,9,'91.121.170.197',1534700229,NULL,167,2,138,80,4),(404,3,'91.121.170.197',1534700229,NULL,167,1,139,60,3),(405,12,'91.121.170.197',1534700229,NULL,167,3,139,40,2),(406,9,'91.121.170.197',1534700229,NULL,167,2,139,80,4),(407,3,'91.121.170.197',1534700229,NULL,167,1,140,60,3),(408,12,'91.121.170.197',1534700229,NULL,167,3,140,40,2),(409,9,'91.121.170.197',1534700229,NULL,167,2,140,80,4),(410,3,'91.121.170.197',1534700229,NULL,167,1,141,60,3),(411,12,'91.121.170.197',1534700229,NULL,167,3,141,40,2),(412,9,'91.121.170.197',1534700229,NULL,167,2,141,80,4),(413,3,'91.121.170.197',1534700229,NULL,167,1,142,60,3),(414,12,'91.121.170.197',1534700229,NULL,167,3,142,40,2),(415,9,'91.121.170.197',1534700229,NULL,167,2,142,80,4),(416,3,'37.187.142.194',633048770,NULL,167,1,143,60,3),(417,12,'37.187.142.194',633048770,NULL,167,3,143,40,2),(418,8,'37.187.142.194',633048770,NULL,167,2,143,60,3),(419,3,'37.187.142.194',633048770,NULL,167,1,144,60,3),(420,12,'37.187.142.194',633048770,NULL,167,3,144,40,2),(421,8,'37.187.142.194',633048770,NULL,167,2,144,60,3),(422,3,'37.187.142.194',633048770,NULL,167,1,145,60,3),(423,12,'37.187.142.194',633048770,NULL,167,3,145,40,2),(424,8,'37.187.142.194',633048770,NULL,167,2,145,60,3),(425,3,'37.187.142.194',633048770,NULL,167,1,146,60,3),(426,12,'37.187.142.194',633048770,NULL,167,3,146,40,2),(427,8,'37.187.142.194',633048770,NULL,167,2,146,60,3),(428,3,'37.187.142.194',633048770,NULL,167,1,147,60,3),(429,12,'37.187.142.194',633048770,NULL,167,3,147,40,2),(430,8,'37.187.142.194',633048770,NULL,167,2,147,60,3),(431,4,'62.210.142.7',1053986311,NULL,167,1,148,80,4),(432,12,'62.210.142.7',1053986311,NULL,167,3,148,40,2),(433,7,'62.210.142.7',1053986311,NULL,167,2,148,40,2),(434,4,'62.210.142.7',1053986311,NULL,167,1,149,80,4),(435,12,'62.210.142.7',1053986311,NULL,167,3,149,40,2),(436,7,'62.210.142.7',1053986311,NULL,167,2,149,40,2),(437,4,'62.210.142.7',1053986311,NULL,167,1,150,80,4),(438,12,'62.210.142.7',1053986311,NULL,167,3,150,40,2),(439,7,'62.210.142.7',1053986311,NULL,167,2,150,40,2),(440,4,'62.210.142.7',1053986311,NULL,167,1,151,80,4),(441,12,'62.210.142.7',1053986311,NULL,167,3,151,40,2),(442,7,'62.210.142.7',1053986311,NULL,167,2,151,40,2),(443,4,'62.210.142.7',1053986311,NULL,167,1,152,80,4),(444,12,'62.210.142.7',1053986311,NULL,167,3,152,40,2),(445,7,'62.210.142.7',1053986311,NULL,167,2,152,40,2),(446,3,'62.210.122.209',1053981393,NULL,167,1,153,60,3),(447,14,'62.210.122.209',1053981393,NULL,167,3,153,80,4),(448,8,'62.210.122.209',1053981393,NULL,167,2,153,60,3),(449,3,'62.210.122.209',1053981393,NULL,167,1,154,60,3),(450,14,'62.210.122.209',1053981393,NULL,167,3,154,80,4),(451,8,'62.210.122.209',1053981393,NULL,167,2,154,60,3),(452,3,'62.210.122.209',1053981393,NULL,167,1,155,60,3),(453,14,'62.210.122.209',1053981393,NULL,167,3,155,80,4),(454,8,'62.210.122.209',1053981393,NULL,167,2,155,60,3),(455,3,'62.210.122.209',1053981393,NULL,167,1,156,60,3),(456,14,'62.210.122.209',1053981393,NULL,167,3,156,80,4),(457,8,'62.210.122.209',1053981393,NULL,167,2,156,60,3),(458,3,'62.210.122.209',1053981393,NULL,167,1,157,60,3),(459,14,'62.210.122.209',1053981393,NULL,167,3,157,80,4),(460,8,'62.210.122.209',1053981393,NULL,167,2,157,60,3),(461,3,'192.99.4.25',-1067252711,NULL,167,1,158,60,3),(462,14,'192.99.4.25',-1067252711,NULL,167,3,158,80,4),(463,9,'192.99.4.25',-1067252711,NULL,167,2,158,80,4),(464,3,'192.99.4.25',-1067252711,NULL,167,1,159,60,3),(465,14,'192.99.4.25',-1067252711,NULL,167,3,159,80,4),(466,9,'192.99.4.25',-1067252711,NULL,167,2,159,80,4),(467,3,'192.99.4.25',-1067252711,NULL,167,1,160,60,3),(468,14,'192.99.4.25',-1067252711,NULL,167,3,160,80,4),(469,9,'192.99.4.25',-1067252711,NULL,167,2,160,80,4),(470,3,'192.99.4.25',-1067252711,NULL,167,1,161,60,3),(471,14,'192.99.4.25',-1067252711,NULL,167,3,161,80,4),(472,9,'192.99.4.25',-1067252711,NULL,167,2,161,80,4),(473,3,'192.99.4.25',-1067252711,NULL,167,1,162,60,3),(474,14,'192.99.4.25',-1067252711,NULL,167,3,162,80,4),(475,9,'192.99.4.25',-1067252711,NULL,167,2,162,80,4),(476,2,'94.23.233.204',1578625484,NULL,167,1,163,40,2),(477,13,'94.23.233.204',1578625484,NULL,167,3,163,60,3),(478,9,'94.23.233.204',1578625484,NULL,167,2,163,80,4),(479,2,'94.23.233.204',1578625484,NULL,167,1,164,40,2),(480,13,'94.23.233.204',1578625484,NULL,167,3,164,60,3),(481,9,'94.23.233.204',1578625484,NULL,167,2,164,80,4),(482,2,'94.23.233.204',1578625484,NULL,167,1,165,40,2),(483,13,'94.23.233.204',1578625484,NULL,167,3,165,60,3),(484,9,'94.23.233.204',1578625484,NULL,167,2,165,80,4),(485,2,'94.23.233.204',1578625484,NULL,167,1,166,40,2),(486,13,'94.23.233.204',1578625484,NULL,167,3,166,60,3),(487,9,'94.23.233.204',1578625484,NULL,167,2,166,80,4),(488,2,'94.23.233.204',1578625484,NULL,167,1,167,40,2),(489,13,'94.23.233.204',1578625484,NULL,167,3,167,60,3),(490,9,'94.23.233.204',1578625484,NULL,167,2,167,80,4),(491,2,'91.121.170.197',1534700229,NULL,167,1,168,40,2),(492,12,'91.121.170.197',1534700229,NULL,167,3,168,40,2),(493,8,'91.121.170.197',1534700229,NULL,167,2,168,60,3),(494,2,'91.121.170.197',1534700229,NULL,167,1,169,40,2),(495,12,'91.121.170.197',1534700229,NULL,167,3,169,40,2),(496,8,'91.121.170.197',1534700229,NULL,167,2,169,60,3),(497,2,'91.121.170.197',1534700229,NULL,167,1,170,40,2),(498,12,'91.121.170.197',1534700229,NULL,167,3,170,40,2),(499,8,'91.121.170.197',1534700229,NULL,167,2,170,60,3),(500,2,'91.121.170.197',1534700229,NULL,167,1,171,40,2),(501,12,'91.121.170.197',1534700229,NULL,167,3,171,40,2),(502,8,'91.121.170.197',1534700229,NULL,167,2,171,60,3),(503,2,'91.121.170.197',1534700229,NULL,167,1,172,40,2),(504,12,'91.121.170.197',1534700229,NULL,167,3,172,40,2),(505,8,'91.121.170.197',1534700229,NULL,167,2,172,60,3);

--
-- Table structure for table `rating_option_vote_aggregated`
--

CREATE TABLE `rating_option_vote_aggregated` (
  `primary_id` int(11) NOT NULL AUTO_INCREMENT COMMENT 'Vote aggregation id',
  `rating_id` smallint(5) unsigned NOT NULL DEFAULT '0' COMMENT 'Rating id',
  `entity_pk_value` bigint(20) unsigned NOT NULL DEFAULT '0' COMMENT 'Product id',
  `vote_count` int(10) unsigned NOT NULL DEFAULT '0' COMMENT 'Vote dty',
  `vote_value_sum` int(10) unsigned NOT NULL DEFAULT '0' COMMENT 'General vote sum',
  `percent` smallint(6) NOT NULL DEFAULT '0' COMMENT 'Vote percent',
  `percent_approved` smallint(6) DEFAULT '0' COMMENT 'Vote percent approved by admin',
  `store_id` smallint(5) unsigned NOT NULL DEFAULT '0' COMMENT 'Store Id',
  PRIMARY KEY (`primary_id`),
  KEY `IDX_RATING_OPTION_VOTE_AGGREGATED_RATING_ID` (`rating_id`),
  KEY `IDX_RATING_OPTION_VOTE_AGGREGATED_STORE_ID` (`store_id`),
  CONSTRAINT `FK_RATING_OPTION_VOTE_AGGREGATED_RATING_ID_RATING_RATING_ID` FOREIGN KEY (`rating_id`) REFERENCES `rating` (`rating_id`) ON DELETE CASCADE ON UPDATE CASCADE,
  CONSTRAINT `FK_RATING_OPTION_VOTE_AGGREGATED_STORE_ID_CORE_STORE_STORE_ID` FOREIGN KEY (`store_id`) REFERENCES `core_store` (`store_id`) ON DELETE CASCADE ON UPDATE CASCADE
) ENGINE=InnoDB AUTO_INCREMENT=205 DEFAULT CHARSET=utf8 COMMENT='Rating vote aggregated';

--
-- Dumping data for table `rating_option_vote_aggregated`
--

INSERT INTO `rating_option_vote_aggregated` VALUES (199,1,167,58,175,60,0,0),(200,1,167,58,175,60,0,1),(201,3,167,58,168,58,0,0),(202,3,167,58,168,58,0,1),(203,2,167,58,178,61,0,0),(204,2,167,58,178,61,0,1);

--
-- Table structure for table `rating_store`
--

CREATE TABLE `rating_store` (
  `rating_id` smallint(5) unsigned NOT NULL DEFAULT '0' COMMENT 'Rating id',
  `store_id` smallint(5) unsigned NOT NULL DEFAULT '0' COMMENT 'Store id',
  PRIMARY KEY (`rating_id`,`store_id`),
  KEY `IDX_RATING_STORE_STORE_ID` (`store_id`),
  CONSTRAINT `FK_RATING_STORE_RATING_ID_RATING_RATING_ID` FOREIGN KEY (`rating_id`) REFERENCES `rating` (`rating_id`) ON DELETE CASCADE ON UPDATE NO ACTION,
  CONSTRAINT `FK_RATING_STORE_STORE_ID_CORE_STORE_STORE_ID` FOREIGN KEY (`store_id`) REFERENCES `core_store` (`store_id`) ON DELETE CASCADE ON UPDATE CASCADE
) ENGINE=InnoDB DEFAULT CHARSET=utf8 COMMENT='Rating Store';

--
-- Dumping data for table `rating_store`
--

INSERT INTO `rating_store` VALUES (1,0),(2,0),(3,0),(1,1),(2,1),(3,1),(1,2),(2,2),(3,2),(1,3),(2,3),(3,3);

--
-- Table structure for table `rating_title`
--

CREATE TABLE `rating_title` (
  `rating_id` smallint(5) unsigned NOT NULL DEFAULT '0' COMMENT 'Rating Id',
  `store_id` smallint(5) unsigned NOT NULL DEFAULT '0' COMMENT 'Store Id',
  `value` varchar(255) NOT NULL COMMENT 'Rating Label',
  PRIMARY KEY (`rating_id`,`store_id`),
  KEY `IDX_RATING_TITLE_STORE_ID` (`store_id`),
  CONSTRAINT `FK_RATING_TITLE_RATING_ID_RATING_RATING_ID` FOREIGN KEY (`rating_id`) REFERENCES `rating` (`rating_id`) ON DELETE CASCADE ON UPDATE CASCADE,
  CONSTRAINT `FK_RATING_TITLE_STORE_ID_CORE_STORE_STORE_ID` FOREIGN KEY (`store_id`) REFERENCES `core_store` (`store_id`) ON DELETE CASCADE ON UPDATE CASCADE
) ENGINE=InnoDB DEFAULT CHARSET=utf8 COMMENT='Rating Title';

--
-- Dumping data for table `rating_title`
--


--
-- Table structure for table `report_compared_product_index`
--

CREATE TABLE `report_compared_product_index` (
  `index_id` bigint(20) unsigned NOT NULL AUTO_INCREMENT COMMENT 'Index Id',
  `visitor_id` int(10) unsigned DEFAULT NULL COMMENT 'Visitor Id',
  `customer_id` int(10) unsigned DEFAULT NULL COMMENT 'Customer Id',
  `product_id` int(10) unsigned NOT NULL COMMENT 'Product Id',
  `store_id` smallint(5) unsigned DEFAULT NULL COMMENT 'Store Id',
  `added_at` timestamp NOT NULL DEFAULT CURRENT_TIMESTAMP ON UPDATE CURRENT_TIMESTAMP COMMENT 'Added At',
  PRIMARY KEY (`index_id`),
  UNIQUE KEY `UNQ_REPORT_COMPARED_PRODUCT_INDEX_VISITOR_ID_PRODUCT_ID` (`visitor_id`,`product_id`),
  UNIQUE KEY `UNQ_REPORT_COMPARED_PRODUCT_INDEX_CUSTOMER_ID_PRODUCT_ID` (`customer_id`,`product_id`),
  KEY `IDX_REPORT_COMPARED_PRODUCT_INDEX_STORE_ID` (`store_id`),
  KEY `IDX_REPORT_COMPARED_PRODUCT_INDEX_ADDED_AT` (`added_at`),
  KEY `IDX_REPORT_COMPARED_PRODUCT_INDEX_PRODUCT_ID` (`product_id`),
  CONSTRAINT `FK_REPORT_CMPD_PRD_IDX_CSTR_ID_CSTR_ENTT_ENTT_ID` FOREIGN KEY (`customer_id`) REFERENCES `customer_entity` (`entity_id`) ON DELETE CASCADE ON UPDATE CASCADE,
  CONSTRAINT `FK_REPORT_CMPD_PRD_IDX_PRD_ID_CAT_PRD_ENTT_ENTT_ID` FOREIGN KEY (`product_id`) REFERENCES `catalog_product_entity` (`entity_id`) ON DELETE CASCADE ON UPDATE CASCADE,
  CONSTRAINT `FK_REPORT_COMPARED_PRODUCT_INDEX_STORE_ID_CORE_STORE_STORE_ID` FOREIGN KEY (`store_id`) REFERENCES `core_store` (`store_id`) ON DELETE SET NULL ON UPDATE CASCADE
) ENGINE=InnoDB AUTO_INCREMENT=5 DEFAULT CHARSET=utf8 COMMENT='Reports Compared Product Index Table';

--
-- Dumping data for table `report_compared_product_index`
--

INSERT INTO `report_compared_product_index` VALUES (1,3293,NULL,167,1,'2014-02-13 22:57:50'),(2,3392,NULL,167,1,'2014-02-22 22:08:49'),(3,9321,NULL,167,1,'2014-12-24 12:07:37'),(4,11425,NULL,167,1,'2015-01-31 15:37:19');

--
-- Table structure for table `report_event`
--

CREATE TABLE `report_event` (
  `event_id` bigint(20) unsigned NOT NULL AUTO_INCREMENT COMMENT 'Event Id',
  `logged_at` timestamp NOT NULL DEFAULT CURRENT_TIMESTAMP ON UPDATE CURRENT_TIMESTAMP COMMENT 'Logged At',
  `event_type_id` smallint(5) unsigned NOT NULL DEFAULT '0' COMMENT 'Event Type Id',
  `object_id` int(10) unsigned NOT NULL DEFAULT '0' COMMENT 'Object Id',
  `subject_id` int(10) unsigned NOT NULL DEFAULT '0' COMMENT 'Subject Id',
  `subtype` smallint(5) unsigned NOT NULL DEFAULT '0' COMMENT 'Subtype',
  `store_id` smallint(5) unsigned NOT NULL COMMENT 'Store Id',
  PRIMARY KEY (`event_id`),
  KEY `IDX_REPORT_EVENT_EVENT_TYPE_ID` (`event_type_id`),
  KEY `IDX_REPORT_EVENT_SUBJECT_ID` (`subject_id`),
  KEY `IDX_REPORT_EVENT_OBJECT_ID` (`object_id`),
  KEY `IDX_REPORT_EVENT_SUBTYPE` (`subtype`),
  KEY `IDX_REPORT_EVENT_STORE_ID` (`store_id`),
  CONSTRAINT `FK_REPORT_EVENT_EVENT_TYPE_ID_REPORT_EVENT_TYPES_EVENT_TYPE_ID` FOREIGN KEY (`event_type_id`) REFERENCES `report_event_types` (`event_type_id`) ON DELETE CASCADE ON UPDATE CASCADE,
  CONSTRAINT `FK_REPORT_EVENT_STORE_ID_CORE_STORE_STORE_ID` FOREIGN KEY (`store_id`) REFERENCES `core_store` (`store_id`) ON DELETE CASCADE ON UPDATE CASCADE
) ENGINE=InnoDB AUTO_INCREMENT=479 DEFAULT CHARSET=utf8 COMMENT='Reports Event Table';

--
-- Dumping data for table `report_event`
--

INSERT INTO `report_event` VALUES (1,'2011-10-24 17:29:36',1,27,2,1,1),(2,'2011-10-24 17:30:03',1,27,2,1,1),(3,'2011-10-24 17:30:30',1,135,2,1,1),(4,'2013-06-01 18:07:59',4,167,113,1,1),(5,'2013-06-01 19:33:31',1,167,124,1,1),(6,'2013-06-01 19:36:27',1,167,124,1,1),(7,'2013-06-01 20:50:57',1,167,113,1,1),(8,'2013-06-01 20:51:29',1,167,113,1,1),(9,'2013-06-01 22:25:25',1,167,113,1,1),(10,'2013-06-01 23:09:39',1,167,125,1,1),(11,'2013-06-01 23:18:47',4,167,126,1,1),(12,'2013-06-02 06:29:00',1,167,0,1,1),(13,'2013-06-03 01:44:00',1,167,128,1,1),(14,'2013-06-03 01:44:35',4,167,128,1,1),(15,'2013-06-03 11:27:27',1,167,0,1,1),(16,'2013-06-06 22:44:02',1,167,159,1,1),(17,'2013-06-07 22:41:02',1,167,196,1,1),(18,'2013-06-07 22:41:29',1,167,197,1,1),(19,'2013-06-09 04:03:43',1,167,213,1,1),(20,'2013-06-14 02:50:04',1,167,227,1,1),(21,'2013-06-16 06:11:55',1,167,252,1,1),(22,'2013-07-03 23:39:59',1,167,443,1,1),(23,'2013-07-13 06:07:09',1,167,592,1,1),(24,'2013-07-16 03:59:53',1,167,669,1,1),(25,'2013-07-18 19:05:58',1,167,704,1,1),(26,'2013-07-18 19:06:04',1,167,705,1,1),(27,'2013-07-18 19:06:09',1,167,706,1,1),(28,'2013-07-18 19:06:35',1,167,707,1,1),(29,'2013-07-18 19:06:40',1,167,708,1,1),(30,'2013-07-18 19:06:46',1,167,709,1,1),(31,'2013-07-18 19:06:51',1,167,710,1,1),(32,'2013-07-18 19:06:56',1,167,711,1,1),(33,'2013-07-25 03:03:30',1,167,0,1,1),(34,'2013-07-25 03:12:27',1,167,0,1,1),(35,'2013-07-25 03:14:44',1,167,0,1,1),(36,'2013-07-27 00:09:26',1,167,0,1,1),(37,'2013-08-01 20:04:39',1,167,0,1,1),(38,'2013-08-01 20:07:19',1,167,0,1,1),(39,'2013-08-04 20:43:07',1,167,0,1,1),(40,'2013-08-07 08:38:49',1,167,875,1,1),(41,'2013-08-08 09:13:16',1,167,900,1,1),(42,'2013-08-11 05:58:03',1,167,954,1,1),(43,'2013-08-11 05:59:41',1,167,954,1,1),(44,'2013-08-11 05:59:47',1,167,954,1,1),(45,'2013-08-11 07:53:20',1,167,956,1,1),(46,'2013-08-16 01:59:02',1,167,998,1,1),(47,'2013-08-17 18:22:07',1,167,1017,1,1),(48,'2013-08-19 16:42:52',1,167,0,1,1),(49,'2013-08-19 17:38:44',1,167,0,1,1),(50,'2013-08-29 22:08:40',1,167,0,1,1),(51,'2013-08-30 04:05:14',1,167,0,1,1),(52,'2013-08-30 21:25:05',1,167,0,1,1),(53,'2013-09-03 01:02:35',1,167,0,1,1),(54,'2013-09-05 18:55:05',1,167,0,1,1),(55,'2013-09-16 00:11:44',1,167,1201,1,1),(56,'2013-09-16 13:44:20',1,167,1213,1,1),(57,'2013-09-19 10:48:26',1,167,1246,1,1),(58,'2013-09-19 10:50:03',1,167,1292,1,1),(59,'2013-09-22 22:35:44',1,167,0,1,1),(60,'2013-09-25 15:30:46',1,167,1375,1,1),(61,'2013-10-07 00:30:04',1,167,1477,1,1),(62,'2013-10-09 09:01:42',4,167,1512,1,1),(63,'2013-10-16 08:12:36',4,167,1532,1,1),(64,'2013-10-18 20:53:48',1,167,1551,1,1),(65,'2013-10-19 14:41:43',1,167,1559,1,1),(66,'2013-10-23 08:15:45',4,167,1593,1,1),(67,'2013-10-24 02:33:46',1,167,1597,1,1),(68,'2013-10-30 09:13:34',4,167,1665,1,1),(69,'2013-11-06 10:17:44',4,167,1712,1,1),(70,'2013-11-08 22:45:53',1,167,0,1,1),(71,'2013-11-09 13:42:12',1,167,1755,1,1),(72,'2013-11-09 13:43:07',1,167,1765,1,1),(73,'2013-11-12 17:43:25',1,167,1810,1,1),(74,'2013-11-13 10:12:54',4,167,1818,1,1),(75,'2013-11-19 07:27:17',1,167,1882,1,1),(76,'2013-11-19 07:28:11',1,167,1892,1,1),(77,'2013-11-20 10:15:46',4,167,1906,1,1),(78,'2013-11-21 16:51:34',4,167,1913,1,1),(79,'2013-11-21 16:55:47',1,167,1914,1,1),(80,'2013-11-26 07:01:47',1,167,1957,1,1),(81,'2013-11-26 07:02:42',1,167,1967,1,1),(82,'2013-11-27 10:19:20',4,167,1983,1,1),(83,'2013-11-30 16:12:42',1,167,2004,1,1),(84,'2013-11-30 16:12:42',1,167,2004,1,1),(85,'2013-12-03 09:36:38',1,167,2041,1,1),(86,'2013-12-03 09:37:22',1,167,2050,1,1),(87,'2013-12-04 10:09:47',1,167,0,1,1),(88,'2013-12-04 10:20:46',4,167,2067,1,1),(89,'2013-12-06 00:00:31',1,167,2077,1,1),(90,'2013-12-07 02:00:26',1,167,2104,1,1),(91,'2013-12-10 04:02:51',1,167,2139,1,1),(92,'2013-12-11 15:01:33',4,167,2171,1,1),(93,'2013-12-12 06:43:22',1,167,2191,1,1),(94,'2013-12-12 06:44:08',1,167,2200,1,1),(95,'2013-12-12 08:12:37',1,167,2225,1,1),(96,'2013-12-16 13:35:23',1,167,0,1,1),(97,'2013-12-18 07:34:32',1,167,2290,1,1),(98,'2013-12-18 12:19:23',4,167,2313,1,1),(99,'2013-12-23 12:43:15',1,167,0,1,1),(100,'2013-12-23 16:55:22',1,167,2367,1,1),(101,'2013-12-24 20:45:00',1,167,0,1,1),(102,'2013-12-25 10:08:28',4,167,2377,1,1),(103,'2013-12-25 21:37:31',1,167,2399,1,1),(104,'2013-12-25 21:38:26',1,167,2408,1,1),(105,'2013-12-26 09:49:58',1,167,2421,1,1),(106,'2013-12-27 07:42:20',1,167,0,1,1),(107,'2013-12-28 13:55:35',1,167,2450,1,1),(108,'2014-01-01 10:05:30',4,167,2475,1,1),(109,'2014-01-03 05:09:29',1,167,2511,1,1),(110,'2014-01-03 05:10:14',1,167,2520,1,1),(111,'2014-01-08 10:22:03',4,167,2604,1,1),(112,'2014-01-09 08:14:10',1,167,0,1,1),(113,'2014-01-10 14:23:57',1,167,2646,1,1),(114,'2014-01-10 14:24:51',1,167,2655,1,1),(115,'2014-01-12 22:41:37',1,167,0,1,1),(116,'2014-01-14 08:36:17',1,167,0,1,1),(117,'2014-01-14 11:47:36',1,167,2713,1,1),(118,'2014-01-15 10:07:47',4,167,2722,1,1),(119,'2014-01-17 21:48:37',1,167,2763,1,1),(120,'2014-01-17 21:49:22',1,167,2772,1,1),(121,'2014-01-19 11:29:20',1,167,2793,1,1),(122,'2014-01-22 10:06:48',4,167,2860,1,1),(123,'2014-01-23 09:06:57',1,167,0,1,1),(124,'2014-01-24 04:42:47',1,167,2880,1,1),(125,'2014-01-25 00:38:28',1,167,2909,1,1),(126,'2014-01-25 00:39:13',1,167,2918,1,1),(127,'2014-01-25 04:34:37',1,167,2943,1,1),(128,'2014-01-29 10:14:38',4,167,3007,1,1),(129,'2014-02-02 23:50:37',1,167,3068,1,1),(130,'2014-02-05 10:25:21',4,167,3084,1,1),(131,'2014-02-05 10:30:29',1,167,3085,1,1),(132,'2014-02-06 02:40:46',1,167,0,1,1),(133,'2014-02-06 12:56:56',1,167,3111,1,1),(134,'2014-02-06 12:57:40',1,167,3120,1,1),(135,'2014-02-08 16:37:04',1,167,0,1,1),(136,'2014-02-11 20:55:38',1,167,3185,1,1),(137,'2014-02-11 20:57:24',1,167,3238,1,1),(138,'2014-02-11 22:46:57',1,167,0,1,1),(139,'2014-02-12 10:50:05',4,167,3257,1,1),(140,'2014-02-12 11:53:28',1,167,3272,1,1),(141,'2014-02-12 12:54:39',4,167,3277,1,1),(142,'2014-02-13 22:57:47',1,167,3293,1,1),(143,'2014-02-13 22:57:50',3,167,3293,1,1),(144,'2014-02-13 22:57:50',1,167,3293,1,1),(145,'2014-02-16 21:02:20',1,167,3329,1,1),(146,'2014-02-19 10:27:06',4,167,3352,1,1),(147,'2014-02-22 17:45:05',1,167,0,1,1),(148,'2014-02-22 22:08:47',1,167,3392,1,1),(149,'2014-02-22 22:08:49',3,167,3392,1,1),(150,'2014-02-24 19:25:28',1,167,0,1,1),(151,'2014-02-25 12:21:26',1,167,3408,1,1),(152,'2014-02-26 10:21:01',4,167,3416,1,1),(153,'2014-02-26 16:15:25',1,167,3435,1,1),(154,'2014-02-26 16:16:10',1,167,3444,1,1),(155,'2014-02-27 23:59:30',1,167,3478,1,1),(156,'2014-03-03 12:21:11',1,167,0,1,1),(157,'2014-03-05 10:15:21',4,167,3511,1,1),(158,'2014-03-05 16:34:30',1,167,3559,1,1),(159,'2014-03-05 16:35:14',1,167,3568,1,1),(160,'2014-03-08 05:58:15',1,167,3599,1,1),(161,'2014-03-12 03:09:29',1,167,3637,1,1),(162,'2014-03-12 11:40:50',4,167,3643,1,1),(163,'2014-03-12 20:05:39',1,167,3647,1,1),(164,'2014-03-14 06:42:47',1,167,3665,1,1),(165,'2014-03-17 08:27:48',1,167,3698,1,1),(166,'2014-03-19 09:13:19',4,167,3710,1,1),(167,'2014-03-20 09:21:42',1,167,0,1,1),(168,'2014-03-21 11:22:53',1,167,3787,1,1),(169,'2014-03-21 11:23:47',1,167,3797,1,1),(170,'2014-03-24 22:15:41',1,167,3884,1,1),(171,'2014-03-24 22:22:18',4,167,3884,1,1),(172,'2014-03-26 21:36:25',4,167,3893,1,1),(173,'2014-03-27 14:06:30',1,167,0,1,1),(174,'2014-03-29 18:23:09',1,167,3939,1,1),(175,'2014-03-30 16:10:49',1,167,0,1,1),(176,'2014-04-02 09:15:10',4,167,3964,1,1),(177,'2014-04-05 10:21:14',1,167,0,1,1),(178,'2014-04-09 09:24:31',4,167,4032,1,1),(179,'2014-04-10 11:46:46',1,167,0,1,1),(180,'2014-04-10 21:29:04',1,167,4081,1,1),(181,'2014-04-10 21:29:59',1,167,4091,1,1),(182,'2014-04-11 14:31:12',1,167,4122,1,1),(183,'2014-04-16 09:13:40',4,167,4167,1,1),(184,'2014-04-17 06:06:51',1,167,0,1,1),(185,'2014-04-22 02:37:55',1,167,0,1,1),(186,'2014-04-23 09:09:10',4,167,4234,1,1),(187,'2014-04-24 16:58:42',1,167,0,1,1),(188,'2014-04-29 06:33:16',1,167,0,1,1),(189,'2014-04-30 06:44:40',1,167,0,1,1),(190,'2014-04-30 09:25:17',4,167,4328,1,1),(191,'2014-04-30 21:25:34',1,167,0,1,1),(192,'2014-05-01 01:18:41',1,167,4332,1,1),(193,'2014-05-02 03:14:13',1,167,0,1,1),(194,'2014-05-04 02:43:01',1,167,4389,1,1),(195,'2014-05-04 02:43:56',1,167,4399,1,1),(196,'2014-05-04 09:06:15',1,167,0,1,1),(197,'2014-05-05 03:11:27',1,167,0,1,1),(198,'2014-05-07 09:24:45',4,167,4439,1,1),(199,'2014-05-08 09:54:09',1,167,0,1,1),(200,'2014-05-11 05:46:18',1,167,4496,1,1),(201,'2014-05-13 05:07:57',1,167,0,1,1),(202,'2014-05-13 17:27:30',1,167,4517,1,1),(203,'2014-05-14 09:23:08',4,167,4529,1,1),(204,'2014-05-15 01:43:58',1,167,0,1,1),(205,'2014-05-15 20:26:44',1,167,0,1,1),(206,'2014-05-18 20:17:57',1,167,0,1,1),(207,'2014-05-20 03:06:54',1,167,4612,1,1),(208,'2014-05-21 09:12:06',4,167,4641,1,1),(209,'2014-05-22 08:11:17',1,167,0,1,1),(210,'2014-05-24 00:35:26',1,167,0,1,1),(211,'2014-05-24 06:04:40',1,167,4694,1,1),(212,'2014-05-24 06:05:35',1,167,4704,1,1),(213,'2014-05-24 16:58:08',1,167,4720,1,1),(214,'2014-05-26 23:11:38',1,167,0,1,1),(215,'2014-05-27 21:09:34',1,167,0,1,1),(216,'2014-05-28 09:28:36',4,167,4769,1,1),(217,'2014-05-31 19:11:02',1,167,0,1,1),(218,'2014-06-01 23:06:41',1,167,4832,1,1),(219,'2014-06-04 09:25:44',4,167,4858,1,1),(220,'2014-06-11 09:19:42',4,167,4924,1,1),(221,'2014-06-11 10:05:21',1,167,4940,1,1),(222,'2014-06-12 09:45:00',1,167,4971,1,1),(223,'2014-06-12 09:45:54',1,167,4981,1,1),(224,'2014-06-15 13:27:16',1,167,5041,1,1),(225,'2014-06-18 07:32:38',1,167,0,1,1),(226,'2014-06-18 09:13:39',4,167,5077,1,1),(227,'2014-06-21 13:39:56',1,167,0,1,1),(228,'2014-06-22 01:17:25',1,167,0,1,1),(229,'2014-06-23 01:25:22',1,167,5155,1,1),(230,'2014-06-23 01:25:28',1,167,5155,1,1),(231,'2014-06-23 01:25:34',4,167,5155,1,1),(232,'2014-06-25 09:20:25',4,167,5182,1,1),(233,'2014-06-29 02:13:22',1,167,5252,1,1),(234,'2014-06-29 02:14:17',1,167,5262,1,1),(235,'2014-07-02 09:18:55',4,167,5314,1,1),(236,'2014-07-04 00:38:44',1,167,5329,1,1),(237,'2014-07-07 21:17:45',1,167,5387,1,1),(238,'2014-07-09 09:16:07',4,167,5403,1,1),(239,'2014-07-10 01:39:46',1,167,0,1,1),(240,'2014-07-10 23:21:29',1,167,5442,1,1),(241,'2014-07-11 02:09:06',1,167,0,1,1),(242,'2014-07-12 04:06:45',1,167,0,1,1),(243,'2014-07-12 18:24:05',1,167,0,1,1),(244,'2014-07-13 01:27:49',1,167,0,1,1),(245,'2014-07-14 14:40:22',1,167,5509,1,1),(246,'2014-07-14 22:33:32',1,167,5516,1,1),(247,'2014-07-15 05:28:16',1,167,5540,1,1),(248,'2014-07-15 05:29:13',1,167,5550,1,1),(249,'2014-07-16 09:33:27',4,167,5579,1,1),(250,'2014-07-17 10:45:52',1,167,0,1,1),(251,'2014-07-18 06:45:04',1,167,0,1,1),(252,'2014-07-23 09:08:07',4,167,5697,1,1),(253,'2014-07-24 03:28:21',1,167,5738,1,1),(254,'2014-07-24 03:29:50',1,167,5789,1,1),(255,'2014-07-25 09:07:47',1,167,0,1,1),(256,'2014-07-30 07:18:11',1,167,5943,1,1),(257,'2014-07-30 09:18:31',4,167,5945,1,1),(258,'2014-07-31 19:24:48',1,167,5979,1,1),(259,'2014-08-02 09:34:31',1,167,6055,1,1),(260,'2014-08-02 09:35:26',1,167,6065,1,1),(261,'2014-08-02 21:18:52',1,167,6081,1,1),(262,'2014-08-04 06:38:29',1,167,6112,1,1),(263,'2014-08-04 09:03:32',1,167,0,1,1),(264,'2014-08-05 05:16:49',1,167,0,1,1),(265,'2014-08-05 13:19:05',1,167,6133,1,1),(266,'2014-08-06 06:44:49',1,167,0,1,1),(267,'2014-08-06 09:24:26',4,167,6153,1,1),(268,'2014-08-08 04:25:00',1,167,0,1,1),(269,'2014-08-11 06:15:58',1,167,6276,1,1),(270,'2014-08-13 09:12:19',4,167,6317,1,1),(271,'2014-08-15 14:29:32',1,167,6376,1,1),(272,'2014-08-17 04:51:21',1,167,6404,1,1),(273,'2014-08-20 09:20:10',4,167,6477,1,1),(274,'2014-08-20 12:07:24',1,167,6478,1,1),(275,'2014-08-20 21:36:55',1,167,6489,1,1),(276,'2014-08-21 02:22:33',1,167,6518,1,1),(277,'2014-08-21 02:23:27',1,167,6528,1,1),(278,'2014-08-23 10:47:47',1,167,0,1,1),(279,'2014-08-23 18:09:36',1,167,0,1,1),(280,'2014-08-24 16:46:18',1,167,0,1,1),(281,'2014-08-25 03:26:37',1,167,0,1,1),(282,'2014-08-27 11:57:34',4,167,6704,1,1),(283,'2014-09-03 09:13:39',4,167,6867,1,1),(284,'2014-09-06 08:06:38',1,167,0,1,1),(285,'2014-09-07 04:29:38',1,167,6925,1,1),(286,'2014-09-07 18:02:24',1,167,6954,1,1),(287,'2014-09-07 18:03:19',1,167,6964,1,1),(288,'2014-09-10 09:31:16',4,167,7017,1,1),(289,'2014-09-12 18:36:49',4,167,7059,1,1),(290,'2014-09-13 05:24:10',1,167,7082,1,1),(291,'2014-09-13 08:21:42',1,167,7092,1,1),(292,'2014-09-13 13:26:12',1,167,7098,1,1),(293,'2014-09-14 02:29:46',1,167,0,1,1),(294,'2014-09-14 02:38:54',4,167,7107,1,1),(295,'2014-09-15 07:53:48',1,167,0,1,1),(296,'2014-09-15 14:24:09',1,167,7164,1,1),(297,'2014-09-16 02:46:56',1,167,0,1,1),(298,'2014-09-16 13:17:31',1,167,0,1,1),(299,'2014-09-16 18:09:06',1,167,0,1,1),(300,'2014-09-17 09:20:19',4,167,7211,1,1),(301,'2014-09-23 16:26:09',1,167,7344,1,1),(302,'2014-09-24 09:36:03',4,167,7354,1,1),(303,'2014-09-24 21:36:31',1,167,0,1,1),(304,'2014-09-25 11:08:32',4,167,7371,1,1),(305,'2014-09-26 10:45:27',1,167,7402,1,1),(306,'2014-09-26 10:46:22',1,167,7412,1,1),(307,'2014-09-26 23:09:42',1,167,0,1,1),(308,'2014-09-27 02:48:58',1,167,7438,1,1),(309,'2014-09-27 04:16:27',1,167,0,1,1),(310,'2014-09-27 14:07:29',1,167,7474,1,1),(311,'2014-09-28 04:47:59',4,167,7486,1,1),(312,'2014-09-29 18:11:31',1,167,7513,1,1),(313,'2014-10-01 09:36:37',4,167,7542,1,1),(314,'2014-10-02 07:52:00',4,167,7562,1,1),(315,'2014-10-02 07:52:11',4,167,7563,1,1),(316,'2014-10-02 07:52:32',1,167,7563,1,1),(317,'2014-10-02 11:45:51',4,167,7566,1,1),(318,'2014-10-03 05:12:03',4,167,7579,1,1),(319,'2014-10-08 09:19:27',4,167,7654,1,1),(320,'2014-10-09 04:39:07',1,167,7661,1,1),(321,'2014-10-09 08:58:52',1,167,7664,1,1),(322,'2014-10-09 11:55:42',1,167,7683,1,1),(323,'2014-10-09 11:56:37',1,167,7693,1,1),(324,'2014-10-11 08:26:42',1,167,7744,1,1),(325,'2014-10-15 09:26:51',4,167,7811,1,1),(326,'2014-10-18 15:38:35',4,167,7838,1,1),(327,'2014-10-18 15:44:52',4,167,7839,1,1),(328,'2014-10-19 09:53:35',4,167,7853,1,1),(329,'2014-10-19 10:28:07',4,167,7854,1,1),(330,'2014-10-19 12:05:18',4,167,7855,1,1),(331,'2014-10-20 17:09:09',1,167,0,1,1),(332,'2014-10-21 05:07:30',1,167,0,1,1),(333,'2014-10-21 16:59:44',1,167,0,1,1),(334,'2014-10-22 09:10:21',4,167,7891,1,1),(335,'2014-10-23 01:38:03',1,167,0,1,1),(336,'2014-10-24 20:48:24',1,167,7931,1,1),(337,'2014-10-27 05:44:27',1,167,7961,1,1),(338,'2014-10-29 09:18:31',4,167,7981,1,1),(339,'2014-10-29 11:01:17',1,167,7993,1,1),(340,'2014-10-29 11:01:52',1,167,8028,1,1),(341,'2014-11-02 04:11:01',1,167,8158,1,1),(342,'2014-11-02 04:11:36',1,167,8165,1,1),(343,'2014-11-05 10:21:36',4,167,8295,1,1),(344,'2014-11-10 07:48:27',1,167,8372,1,1),(345,'2014-11-10 16:58:10',1,167,8396,1,1),(346,'2014-11-11 23:13:58',1,167,8423,1,1),(347,'2014-11-12 10:13:57',4,167,8427,1,1),(348,'2014-11-13 17:31:28',1,167,8444,1,1),(349,'2014-11-16 03:32:52',1,167,0,1,1),(350,'2014-11-17 15:47:48',1,167,0,1,1),(351,'2014-11-18 07:41:31',1,167,0,1,1),(352,'2014-11-19 05:04:22',1,167,0,1,1),(353,'2014-11-19 10:23:43',4,167,8542,1,1),(354,'2014-11-19 20:40:12',1,167,0,1,1),(355,'2014-11-22 03:12:26',1,167,0,1,1),(356,'2014-11-23 02:01:00',1,167,8628,1,1),(357,'2014-11-23 13:48:46',1,167,8654,1,1),(358,'2014-11-23 13:49:21',1,167,8661,1,1),(359,'2014-11-24 15:24:18',1,167,8715,1,1),(360,'2014-11-26 10:24:26',4,167,8747,1,1),(361,'2014-11-27 15:16:32',1,167,0,1,1),(362,'2014-12-03 10:09:23',4,167,8863,1,1),(363,'2014-12-08 13:26:26',1,167,8959,1,1),(364,'2014-12-10 10:12:44',4,167,9013,1,1),(365,'2014-12-11 11:23:26',1,167,9045,1,1),(366,'2014-12-11 11:24:01',1,167,9052,1,1),(367,'2014-12-11 13:01:46',1,167,9106,1,1),(368,'2014-12-13 04:09:27',1,167,9142,1,1),(369,'2014-12-17 08:28:28',1,167,0,1,1),(370,'2014-12-17 10:07:14',4,167,9196,1,1),(371,'2014-12-17 13:50:14',4,167,9197,1,1),(372,'2014-12-17 13:50:20',4,167,9198,1,1),(373,'2014-12-17 13:50:29',1,167,9198,1,1),(374,'2014-12-20 11:32:45',1,167,9240,1,1),(375,'2014-12-20 11:32:50',1,167,9240,1,1),(376,'2014-12-20 11:32:55',4,167,9240,1,1),(377,'2014-12-21 15:28:38',1,167,9264,1,1),(378,'2014-12-24 10:10:45',4,167,9320,1,1),(379,'2014-12-24 12:00:06',1,167,9321,1,1),(380,'2014-12-24 12:00:11',4,167,9321,1,1),(381,'2014-12-24 12:01:55',3,167,9321,1,1),(382,'2014-12-24 12:02:24',1,167,9321,1,1),(383,'2014-12-24 12:02:54',3,167,9321,1,1),(384,'2014-12-24 12:03:05',3,167,9321,1,1),(385,'2014-12-24 12:03:35',3,167,9321,1,1),(386,'2014-12-24 12:03:45',3,167,9321,1,1),(387,'2014-12-24 12:03:50',4,167,9321,1,1),(388,'2014-12-24 12:05:21',4,167,9321,1,1),(389,'2014-12-24 12:06:07',3,167,9321,1,1),(390,'2014-12-24 12:06:22',3,167,9321,1,1),(391,'2014-12-24 12:06:37',3,167,9321,1,1),(392,'2014-12-24 12:06:47',3,167,9321,1,1),(393,'2014-12-24 12:07:37',3,167,9321,1,1),(394,'2014-12-31 10:23:00',4,167,9518,1,1),(395,'2015-01-03 03:37:58',1,167,9704,1,1),(396,'2015-01-03 03:39:23',1,167,9761,1,1),(397,'2015-01-06 23:40:26',1,167,9932,1,1),(398,'2015-01-06 23:41:01',1,167,9939,1,1),(399,'2015-01-07 10:22:47',4,167,9984,1,1),(400,'2015-01-08 09:55:56',1,167,10005,1,1),(401,'2015-01-08 10:08:54',1,167,10005,1,1),(402,'2015-01-09 01:37:55',1,167,0,1,1),(403,'2015-01-09 05:35:16',1,167,10035,1,1),(404,'2015-01-09 05:36:17',4,167,10035,1,1),(405,'2015-01-09 05:39:41',1,167,10035,1,1),(406,'2015-01-10 17:54:52',1,167,10093,1,1),(407,'2015-01-11 00:20:57',1,167,0,1,1),(408,'2015-01-11 01:15:36',4,167,10107,1,1),(409,'2015-01-11 01:15:41',4,167,10108,1,1),(410,'2015-01-11 01:15:49',1,167,10108,1,1),(411,'2015-01-11 21:03:04',1,167,0,1,1),(412,'2015-01-12 02:05:46',1,167,0,1,1),(413,'2015-01-13 00:46:23',1,167,0,1,1),(414,'2015-01-13 12:09:03',1,167,0,1,1),(415,'2015-01-14 11:35:43',4,167,10182,1,1),(416,'2015-01-16 11:49:43',1,167,10224,1,1),(417,'2015-01-17 19:31:22',1,167,10329,1,1),(418,'2015-01-20 02:26:05',1,167,10616,1,1),(419,'2015-01-21 10:25:19',4,167,10745,1,1),(420,'2015-01-22 05:31:59',1,167,10765,1,1),(421,'2015-01-22 14:28:24',1,167,10785,1,1),(422,'2015-01-22 20:08:15',1,167,0,1,1),(423,'2015-01-23 00:31:46',1,167,0,1,1),(424,'2015-01-23 10:46:34',1,167,0,1,1),(425,'2015-01-23 15:45:05',1,167,0,1,1),(426,'2015-01-24 10:58:22',1,167,10872,1,1),(427,'2015-01-24 10:58:57',1,167,10879,1,1),(428,'2015-01-28 10:10:59',4,167,11159,1,1),(429,'2015-01-29 14:27:18',1,167,11286,1,1),(430,'2015-01-29 14:27:23',1,167,11286,1,1),(431,'2015-01-30 23:55:53',1,167,0,1,1),(432,'2015-01-31 15:32:26',4,167,11425,1,1),(433,'2015-01-31 15:34:04',1,167,11425,1,1),(434,'2015-01-31 15:34:44',1,167,11425,1,1),(435,'2015-01-31 15:35:36',3,167,11425,1,1),(436,'2015-01-31 15:35:56',3,167,11425,1,1),(437,'2015-01-31 15:36:11',4,167,11425,1,1),(438,'2015-01-31 15:37:10',3,167,11425,1,1),(439,'2015-01-31 15:37:19',3,167,11425,1,1),(440,'2015-02-04 10:23:23',4,167,11520,1,1),(441,'2015-02-10 20:01:15',1,167,11757,1,1),(442,'2015-02-10 20:01:48',1,167,11764,1,1),(443,'2015-02-11 10:19:32',4,167,11814,1,1),(444,'2015-02-11 22:33:13',1,167,11835,1,1),(445,'2015-02-12 00:32:38',1,167,11844,1,1),(446,'2015-02-15 14:24:26',1,167,11991,1,1),(447,'2015-02-16 16:10:08',1,167,12021,1,1),(448,'2015-02-18 10:12:47',4,167,12093,1,1),(449,'2015-02-19 00:46:21',1,167,0,1,1),(450,'2015-02-25 10:11:23',4,167,12376,1,1),(451,'2015-02-27 02:19:00',1,167,12447,1,1),(452,'2015-02-27 02:19:35',1,167,12454,1,1),(453,'2015-03-04 10:13:04',4,167,12704,1,1),(454,'2015-03-04 22:10:03',4,167,12714,1,1),(455,'2015-03-10 13:19:27',1,167,12996,1,1),(456,'2015-03-11 00:09:50',1,167,13013,1,1),(457,'2015-03-11 12:32:10',1,167,13030,1,1),(458,'2015-03-11 13:11:56',4,167,13032,1,1),(459,'2015-03-12 11:01:24',1,167,13101,1,1),(460,'2015-03-12 11:01:59',1,167,13108,1,1),(461,'2015-03-12 12:14:32',1,167,13148,1,1),(462,'2015-03-17 17:23:30',1,167,13496,1,1),(463,'2015-03-17 17:24:03',1,167,13531,1,1),(464,'2015-03-18 09:22:24',4,167,13636,1,1),(465,'2015-03-21 07:48:57',1,167,13800,1,1),(466,'2015-03-21 07:48:58',1,167,13808,1,1),(467,'2015-03-21 07:49:07',1,167,13867,1,1),(468,'2015-03-21 07:49:08',1,167,13870,1,1),(469,'2015-03-22 10:26:59',1,167,14033,1,1),(470,'2015-03-25 09:38:56',4,167,14315,1,1),(471,'2015-03-28 00:49:37',1,167,14442,1,1),(472,'2015-03-28 00:50:11',1,167,14449,1,1),(473,'2015-03-30 16:32:15',4,167,14572,1,1),(474,'2015-03-30 19:29:35',1,167,14579,1,1),(475,'2015-03-30 19:29:40',1,167,14579,1,1),(476,'2015-03-30 19:29:43',4,167,14579,1,1),(477,'2015-04-01 15:16:48',4,167,14603,1,1),(478,'2015-04-04 16:50:50',4,167,14657,1,1);

--
-- Table structure for table `report_event_types`
--

CREATE TABLE `report_event_types` (
  `event_type_id` smallint(5) unsigned NOT NULL AUTO_INCREMENT COMMENT 'Event Type Id',
  `event_name` varchar(64) NOT NULL COMMENT 'Event Name',
  `customer_login` smallint(5) unsigned NOT NULL DEFAULT '0' COMMENT 'Customer Login',
  PRIMARY KEY (`event_type_id`)
) ENGINE=InnoDB AUTO_INCREMENT=7 DEFAULT CHARSET=utf8 COMMENT='Reports Event Type Table';

--
-- Dumping data for table `report_event_types`
--

INSERT INTO `report_event_types` VALUES (1,'catalog_product_view',1),(2,'sendfriend_product',1),(3,'catalog_product_compare_add_product',1),(4,'checkout_cart_add_product',1),(5,'wishlist_add_product',1),(6,'wishlist_share',1);

--
-- Table structure for table `report_viewed_product_aggregated_daily`
--

CREATE TABLE `report_viewed_product_aggregated_daily` (
  `id` int(10) unsigned NOT NULL AUTO_INCREMENT COMMENT 'Id',
  `period` date DEFAULT NULL COMMENT 'Period',
  `store_id` smallint(5) unsigned DEFAULT NULL COMMENT 'Store Id',
  `product_id` int(10) unsigned DEFAULT NULL COMMENT 'Product Id',
  `product_name` varchar(255) DEFAULT NULL COMMENT 'Product Name',
  `product_price` decimal(12,4) NOT NULL DEFAULT '0.0000' COMMENT 'Product Price',
  `views_num` int(11) NOT NULL DEFAULT '0' COMMENT 'Number of Views',
  `rating_pos` smallint(5) unsigned NOT NULL DEFAULT '0' COMMENT 'Rating Pos',
  PRIMARY KEY (`id`),
  UNIQUE KEY `UNQ_REPORT_VIEWED_PRD_AGGRED_DAILY_PERIOD_STORE_ID_PRD_ID` (`period`,`store_id`,`product_id`),
  KEY `IDX_REPORT_VIEWED_PRODUCT_AGGREGATED_DAILY_STORE_ID` (`store_id`),
  KEY `IDX_REPORT_VIEWED_PRODUCT_AGGREGATED_DAILY_PRODUCT_ID` (`product_id`),
  CONSTRAINT `FK_REPORT_VIEWED_PRD_AGGRED_DAILY_PRD_ID_CAT_PRD_ENTT_ENTT_ID` FOREIGN KEY (`product_id`) REFERENCES `catalog_product_entity` (`entity_id`) ON DELETE CASCADE ON UPDATE CASCADE,
  CONSTRAINT `FK_REPORT_VIEWED_PRD_AGGRED_DAILY_STORE_ID_CORE_STORE_STORE_ID` FOREIGN KEY (`store_id`) REFERENCES `core_store` (`store_id`) ON DELETE CASCADE ON UPDATE CASCADE
) ENGINE=InnoDB DEFAULT CHARSET=utf8 COMMENT='Most Viewed Products Aggregated Daily';

--
-- Dumping data for table `report_viewed_product_aggregated_daily`
--


--
-- Table structure for table `report_viewed_product_aggregated_monthly`
--

CREATE TABLE `report_viewed_product_aggregated_monthly` (
  `id` int(10) unsigned NOT NULL AUTO_INCREMENT COMMENT 'Id',
  `period` date DEFAULT NULL COMMENT 'Period',
  `store_id` smallint(5) unsigned DEFAULT NULL COMMENT 'Store Id',
  `product_id` int(10) unsigned DEFAULT NULL COMMENT 'Product Id',
  `product_name` varchar(255) DEFAULT NULL COMMENT 'Product Name',
  `product_price` decimal(12,4) NOT NULL DEFAULT '0.0000' COMMENT 'Product Price',
  `views_num` int(11) NOT NULL DEFAULT '0' COMMENT 'Number of Views',
  `rating_pos` smallint(5) unsigned NOT NULL DEFAULT '0' COMMENT 'Rating Pos',
  PRIMARY KEY (`id`),
  UNIQUE KEY `UNQ_REPORT_VIEWED_PRD_AGGRED_MONTHLY_PERIOD_STORE_ID_PRD_ID` (`period`,`store_id`,`product_id`),
  KEY `IDX_REPORT_VIEWED_PRODUCT_AGGREGATED_MONTHLY_STORE_ID` (`store_id`),
  KEY `IDX_REPORT_VIEWED_PRODUCT_AGGREGATED_MONTHLY_PRODUCT_ID` (`product_id`),
  CONSTRAINT `FK_REPORT_VIEWED_PRD_AGGRED_MONTHLY_PRD_ID_CAT_PRD_ENTT_ENTT_ID` FOREIGN KEY (`product_id`) REFERENCES `catalog_product_entity` (`entity_id`) ON DELETE CASCADE ON UPDATE CASCADE,
  CONSTRAINT `FK_REPORT_VIEWED_PRD_AGGRED_MONTHLY_STORE_ID_CORE_STORE_STORE_ID` FOREIGN KEY (`store_id`) REFERENCES `core_store` (`store_id`) ON DELETE CASCADE ON UPDATE CASCADE
) ENGINE=InnoDB DEFAULT CHARSET=utf8 COMMENT='Most Viewed Products Aggregated Monthly';

--
-- Dumping data for table `report_viewed_product_aggregated_monthly`
--


--
-- Table structure for table `report_viewed_product_aggregated_yearly`
--

CREATE TABLE `report_viewed_product_aggregated_yearly` (
  `id` int(10) unsigned NOT NULL AUTO_INCREMENT COMMENT 'Id',
  `period` date DEFAULT NULL COMMENT 'Period',
  `store_id` smallint(5) unsigned DEFAULT NULL COMMENT 'Store Id',
  `product_id` int(10) unsigned DEFAULT NULL COMMENT 'Product Id',
  `product_name` varchar(255) DEFAULT NULL COMMENT 'Product Name',
  `product_price` decimal(12,4) NOT NULL DEFAULT '0.0000' COMMENT 'Product Price',
  `views_num` int(11) NOT NULL DEFAULT '0' COMMENT 'Number of Views',
  `rating_pos` smallint(5) unsigned NOT NULL DEFAULT '0' COMMENT 'Rating Pos',
  PRIMARY KEY (`id`),
  UNIQUE KEY `UNQ_REPORT_VIEWED_PRD_AGGRED_YEARLY_PERIOD_STORE_ID_PRD_ID` (`period`,`store_id`,`product_id`),
  KEY `IDX_REPORT_VIEWED_PRODUCT_AGGREGATED_YEARLY_STORE_ID` (`store_id`),
  KEY `IDX_REPORT_VIEWED_PRODUCT_AGGREGATED_YEARLY_PRODUCT_ID` (`product_id`),
  CONSTRAINT `FK_REPORT_VIEWED_PRD_AGGRED_YEARLY_PRD_ID_CAT_PRD_ENTT_ENTT_ID` FOREIGN KEY (`product_id`) REFERENCES `catalog_product_entity` (`entity_id`) ON DELETE CASCADE ON UPDATE CASCADE,
  CONSTRAINT `FK_REPORT_VIEWED_PRD_AGGRED_YEARLY_STORE_ID_CORE_STORE_STORE_ID` FOREIGN KEY (`store_id`) REFERENCES `core_store` (`store_id`) ON DELETE CASCADE ON UPDATE CASCADE
) ENGINE=InnoDB DEFAULT CHARSET=utf8 COMMENT='Most Viewed Products Aggregated Yearly';

--
-- Dumping data for table `report_viewed_product_aggregated_yearly`
--


--
-- Table structure for table `report_viewed_product_index`
--

CREATE TABLE `report_viewed_product_index` (
  `index_id` bigint(20) unsigned NOT NULL AUTO_INCREMENT COMMENT 'Index Id',
  `visitor_id` int(10) unsigned DEFAULT NULL COMMENT 'Visitor Id',
  `customer_id` int(10) unsigned DEFAULT NULL COMMENT 'Customer Id',
  `product_id` int(10) unsigned NOT NULL COMMENT 'Product Id',
  `store_id` smallint(5) unsigned DEFAULT NULL COMMENT 'Store Id',
  `added_at` timestamp NOT NULL DEFAULT CURRENT_TIMESTAMP ON UPDATE CURRENT_TIMESTAMP COMMENT 'Added At',
  PRIMARY KEY (`index_id`),
  UNIQUE KEY `UNQ_REPORT_VIEWED_PRODUCT_INDEX_VISITOR_ID_PRODUCT_ID` (`visitor_id`,`product_id`),
  UNIQUE KEY `UNQ_REPORT_VIEWED_PRODUCT_INDEX_CUSTOMER_ID_PRODUCT_ID` (`customer_id`,`product_id`),
  KEY `IDX_REPORT_VIEWED_PRODUCT_INDEX_STORE_ID` (`store_id`),
  KEY `IDX_REPORT_VIEWED_PRODUCT_INDEX_ADDED_AT` (`added_at`),
  KEY `IDX_REPORT_VIEWED_PRODUCT_INDEX_PRODUCT_ID` (`product_id`),
  CONSTRAINT `FK_REPORT_VIEWED_PRD_IDX_CSTR_ID_CSTR_ENTT_ENTT_ID` FOREIGN KEY (`customer_id`) REFERENCES `customer_entity` (`entity_id`) ON DELETE CASCADE ON UPDATE CASCADE,
  CONSTRAINT `FK_REPORT_VIEWED_PRD_IDX_PRD_ID_CAT_PRD_ENTT_ENTT_ID` FOREIGN KEY (`product_id`) REFERENCES `catalog_product_entity` (`entity_id`) ON DELETE CASCADE ON UPDATE CASCADE,
  CONSTRAINT `FK_REPORT_VIEWED_PRODUCT_INDEX_STORE_ID_CORE_STORE_STORE_ID` FOREIGN KEY (`store_id`) REFERENCES `core_store` (`store_id`) ON DELETE SET NULL ON UPDATE CASCADE
) ENGINE=InnoDB AUTO_INCREMENT=342 DEFAULT CHARSET=utf8 COMMENT='Reports Viewed Product Index Table';

--
-- Dumping data for table `report_viewed_product_index`
--

INSERT INTO `report_viewed_product_index` VALUES (4,124,NULL,167,1,'2013-06-01 19:36:26'),(5,113,NULL,167,1,'2013-06-01 22:25:25'),(6,125,NULL,167,1,'2013-06-01 23:09:39'),(7,NULL,NULL,167,1,'2013-06-02 06:28:59'),(8,128,NULL,167,1,'2013-06-03 01:44:00'),(9,NULL,NULL,167,1,'2013-06-03 11:27:27'),(10,159,NULL,167,1,'2013-06-06 22:44:01'),(11,196,NULL,167,1,'2013-06-07 22:40:55'),(12,197,NULL,167,1,'2013-06-07 22:41:27'),(13,213,NULL,167,1,'2013-06-09 04:03:42'),(14,227,NULL,167,1,'2013-06-14 02:50:04'),(15,252,NULL,167,1,'2013-06-16 06:11:55'),(16,443,NULL,167,1,'2013-07-03 23:39:59'),(17,592,NULL,167,1,'2013-07-13 06:07:09'),(18,669,NULL,167,1,'2013-07-16 03:59:53'),(19,704,NULL,167,1,'2013-07-18 19:05:58'),(20,705,NULL,167,1,'2013-07-18 19:06:04'),(21,706,NULL,167,1,'2013-07-18 19:06:09'),(22,707,NULL,167,1,'2013-07-18 19:06:35'),(23,708,NULL,167,1,'2013-07-18 19:06:40'),(24,709,NULL,167,1,'2013-07-18 19:06:46'),(25,710,NULL,167,1,'2013-07-18 19:06:51'),(26,711,NULL,167,1,'2013-07-18 19:06:56'),(27,NULL,NULL,167,1,'2013-07-25 03:03:19'),(28,NULL,NULL,167,1,'2013-07-25 03:12:07'),(29,NULL,NULL,167,1,'2013-07-25 03:14:41'),(30,NULL,NULL,167,1,'2013-07-27 00:09:24'),(31,NULL,NULL,167,1,'2013-08-01 20:04:37'),(32,NULL,NULL,167,1,'2013-08-01 20:07:19'),(33,NULL,NULL,167,1,'2013-08-04 20:43:07'),(34,875,NULL,167,1,'2013-08-07 08:38:49'),(35,900,NULL,167,1,'2013-08-08 09:13:16'),(36,954,NULL,167,1,'2013-08-11 05:59:47'),(37,956,NULL,167,1,'2013-08-11 07:53:19'),(38,998,NULL,167,1,'2013-08-16 01:59:02'),(39,1017,NULL,167,1,'2013-08-17 18:22:07'),(40,NULL,NULL,167,1,'2013-08-19 16:42:51'),(41,NULL,NULL,167,1,'2013-08-19 17:38:44'),(42,NULL,NULL,167,1,'2013-08-29 22:08:39'),(43,NULL,NULL,167,1,'2013-08-30 04:05:13'),(44,NULL,NULL,167,1,'2013-08-30 21:25:05'),(45,NULL,NULL,167,1,'2013-09-03 01:02:33'),(46,NULL,NULL,167,1,'2013-09-05 18:55:04'),(47,1201,NULL,167,1,'2013-09-16 00:11:43'),(48,1213,NULL,167,1,'2013-09-16 13:44:19'),(49,1246,NULL,167,1,'2013-09-19 10:48:25'),(50,1292,NULL,167,1,'2013-09-19 10:50:03'),(51,NULL,NULL,167,1,'2013-09-22 22:35:43'),(52,1375,NULL,167,1,'2013-09-25 15:30:45'),(53,1477,NULL,167,1,'2013-10-07 00:30:04'),(54,1551,NULL,167,1,'2013-10-18 20:53:48'),(55,1559,NULL,167,1,'2013-10-19 14:41:43'),(56,1597,NULL,167,1,'2013-10-24 02:33:46'),(57,NULL,NULL,167,1,'2013-11-08 22:45:53'),(58,1755,NULL,167,1,'2013-11-09 13:42:12'),(59,1765,NULL,167,1,'2013-11-09 13:43:07'),(60,1810,NULL,167,1,'2013-11-12 17:43:25'),(61,1882,NULL,167,1,'2013-11-19 07:27:17'),(62,1892,NULL,167,1,'2013-11-19 07:28:11'),(63,1914,NULL,167,1,'2013-11-21 16:55:47'),(64,1957,NULL,167,1,'2013-11-26 07:01:47'),(65,1967,NULL,167,1,'2013-11-26 07:02:42'),(66,2004,NULL,167,1,'2013-11-30 16:12:42'),(67,2041,NULL,167,1,'2013-12-03 09:36:38'),(68,2050,NULL,167,1,'2013-12-03 09:37:22'),(69,NULL,NULL,167,1,'2013-12-04 10:09:47'),(70,2077,NULL,167,1,'2013-12-06 00:00:31'),(71,2104,NULL,167,1,'2013-12-07 02:00:26'),(72,2139,NULL,167,1,'2013-12-10 04:02:51'),(73,2191,NULL,167,1,'2013-12-12 06:43:22'),(74,2200,NULL,167,1,'2013-12-12 06:44:08'),(75,2225,NULL,167,1,'2013-12-12 08:12:37'),(76,NULL,NULL,167,1,'2013-12-16 13:35:23'),(77,2290,NULL,167,1,'2013-12-18 07:34:32'),(78,NULL,NULL,167,1,'2013-12-23 12:43:15'),(79,2367,NULL,167,1,'2013-12-23 16:55:22'),(80,NULL,NULL,167,1,'2013-12-24 20:45:00'),(81,2399,NULL,167,1,'2013-12-25 21:37:31'),(82,2408,NULL,167,1,'2013-12-25 21:38:26'),(83,2421,NULL,167,1,'2013-12-26 09:49:58'),(84,NULL,NULL,167,1,'2013-12-27 07:42:20'),(85,2450,NULL,167,1,'2013-12-28 13:55:35'),(86,2511,NULL,167,1,'2014-01-03 05:09:29'),(87,2520,NULL,167,1,'2014-01-03 05:10:14'),(88,NULL,NULL,167,1,'2014-01-09 08:14:10'),(89,2646,NULL,167,1,'2014-01-10 14:23:57'),(90,2655,NULL,167,1,'2014-01-10 14:24:51'),(91,NULL,NULL,167,1,'2014-01-12 22:41:37'),(92,NULL,NULL,167,1,'2014-01-14 08:36:17'),(93,2713,NULL,167,1,'2014-01-14 11:47:36'),(94,2763,NULL,167,1,'2014-01-17 21:48:37'),(95,2772,NULL,167,1,'2014-01-17 21:49:22'),(96,2793,NULL,167,1,'2014-01-19 11:29:20'),(97,NULL,NULL,167,1,'2014-01-23 09:06:57'),(98,2880,NULL,167,1,'2014-01-24 04:42:47'),(99,2909,NULL,167,1,'2014-01-25 00:38:28'),(100,2918,NULL,167,1,'2014-01-25 00:39:13'),(101,2943,NULL,167,1,'2014-01-25 04:34:37'),(102,3068,NULL,167,1,'2014-02-02 23:50:36'),(103,3085,NULL,167,1,'2014-02-05 10:30:29'),(104,NULL,NULL,167,1,'2014-02-06 02:40:46'),(105,3111,NULL,167,1,'2014-02-06 12:56:56'),(106,3120,NULL,167,1,'2014-02-06 12:57:40'),(107,NULL,NULL,167,1,'2014-02-08 16:37:04'),(108,3185,NULL,167,1,'2014-02-11 20:55:38'),(109,3238,NULL,167,1,'2014-02-11 20:57:24'),(110,NULL,NULL,167,1,'2014-02-11 22:46:57'),(111,3272,NULL,167,1,'2014-02-12 11:53:28'),(112,3293,NULL,167,1,'2014-02-13 22:57:50'),(113,3329,NULL,167,1,'2014-02-16 21:02:20'),(114,NULL,NULL,167,1,'2014-02-22 17:45:05'),(115,3392,NULL,167,1,'2014-02-22 22:08:47'),(116,NULL,NULL,167,1,'2014-02-24 19:25:28'),(117,3408,NULL,167,1,'2014-02-25 12:21:26'),(118,3435,NULL,167,1,'2014-02-26 16:15:25'),(119,3444,NULL,167,1,'2014-02-26 16:16:10'),(120,3478,NULL,167,1,'2014-02-27 23:59:30'),(121,NULL,NULL,167,1,'2014-03-03 12:21:11'),(122,3559,NULL,167,1,'2014-03-05 16:34:30'),(123,3568,NULL,167,1,'2014-03-05 16:35:14'),(124,3599,NULL,167,1,'2014-03-08 05:58:15'),(125,3637,NULL,167,1,'2014-03-12 03:09:29'),(126,3647,NULL,167,1,'2014-03-12 20:05:39'),(127,3665,NULL,167,1,'2014-03-14 06:42:47'),(128,3698,NULL,167,1,'2014-03-17 08:27:48'),(129,NULL,NULL,167,1,'2014-03-20 09:21:41'),(130,3787,NULL,167,1,'2014-03-21 11:22:53'),(131,3797,NULL,167,1,'2014-03-21 11:23:47'),(132,3884,NULL,167,1,'2014-03-24 22:15:41'),(133,NULL,NULL,167,1,'2014-03-27 14:06:30'),(134,3939,NULL,167,1,'2014-03-29 18:23:09'),(135,NULL,NULL,167,1,'2014-03-30 16:10:49'),(136,NULL,NULL,167,1,'2014-04-05 10:21:13'),(137,NULL,NULL,167,1,'2014-04-10 11:46:46'),(138,4081,NULL,167,1,'2014-04-10 21:29:04'),(139,4091,NULL,167,1,'2014-04-10 21:29:59'),(140,4122,NULL,167,1,'2014-04-11 14:31:12'),(141,NULL,NULL,167,1,'2014-04-17 06:06:51'),(142,NULL,NULL,167,1,'2014-04-22 02:37:55'),(143,NULL,NULL,167,1,'2014-04-24 16:58:42'),(144,NULL,NULL,167,1,'2014-04-29 06:33:13'),(145,NULL,NULL,167,1,'2014-04-30 06:44:40'),(146,NULL,NULL,167,1,'2014-04-30 21:25:34'),(147,4332,NULL,167,1,'2014-05-01 01:18:41'),(148,NULL,NULL,167,1,'2014-05-02 03:14:13'),(149,4389,NULL,167,1,'2014-05-04 02:43:01'),(150,4399,NULL,167,1,'2014-05-04 02:43:55'),(151,NULL,NULL,167,1,'2014-05-04 09:06:15'),(152,NULL,NULL,167,1,'2014-05-05 03:11:27'),(153,NULL,NULL,167,1,'2014-05-08 09:54:09'),(154,4496,NULL,167,1,'2014-05-11 05:46:18'),(155,NULL,NULL,167,1,'2014-05-13 05:07:57'),(156,4517,NULL,167,1,'2014-05-13 17:27:30'),(157,NULL,NULL,167,1,'2014-05-15 01:43:58'),(158,NULL,NULL,167,1,'2014-05-15 20:26:44'),(159,NULL,NULL,167,1,'2014-05-18 20:17:57'),(160,4612,NULL,167,1,'2014-05-20 03:06:54'),(161,NULL,NULL,167,1,'2014-05-22 08:11:17'),(162,NULL,NULL,167,1,'2014-05-24 00:35:26'),(163,4694,NULL,167,1,'2014-05-24 06:04:40'),(164,4704,NULL,167,1,'2014-05-24 06:05:35'),(165,4720,NULL,167,1,'2014-05-24 16:58:08'),(166,NULL,NULL,167,1,'2014-05-26 23:11:38'),(167,NULL,NULL,167,1,'2014-05-27 21:09:34'),(168,NULL,NULL,167,1,'2014-05-31 19:11:02'),(169,4832,NULL,167,1,'2014-06-01 23:06:41'),(170,4940,NULL,167,1,'2014-06-11 10:05:20'),(171,4971,NULL,167,1,'2014-06-12 09:45:00'),(172,4981,NULL,167,1,'2014-06-12 09:45:54'),(173,5041,NULL,167,1,'2014-06-15 13:27:16'),(174,NULL,NULL,167,1,'2014-06-18 07:32:38'),(175,NULL,NULL,167,1,'2014-06-21 13:39:56'),(176,NULL,NULL,167,1,'2014-06-22 01:17:25'),(177,5155,NULL,167,1,'2014-06-23 01:25:28'),(179,5252,NULL,167,1,'2014-06-29 02:13:22'),(180,5262,NULL,167,1,'2014-06-29 02:14:17'),(181,5329,NULL,167,1,'2014-07-04 00:38:44'),(182,5387,NULL,167,1,'2014-07-07 21:17:45'),(183,NULL,NULL,167,1,'2014-07-10 01:39:46'),(184,5442,NULL,167,1,'2014-07-10 23:21:29'),(185,NULL,NULL,167,1,'2014-07-11 02:09:06'),(186,NULL,NULL,167,1,'2014-07-12 04:06:45'),(187,NULL,NULL,167,1,'2014-07-12 18:24:05'),(188,NULL,NULL,167,1,'2014-07-13 01:27:49'),(189,5509,NULL,167,1,'2014-07-14 14:40:22'),(190,5516,NULL,167,1,'2014-07-14 22:33:32'),(191,5540,NULL,167,1,'2014-07-15 05:28:16'),(192,5550,NULL,167,1,'2014-07-15 05:29:13'),(193,NULL,NULL,167,1,'2014-07-17 10:45:52'),(194,NULL,NULL,167,1,'2014-07-18 06:45:04'),(195,5738,NULL,167,1,'2014-07-24 03:28:21'),(196,5789,NULL,167,1,'2014-07-24 03:29:50'),(197,NULL,NULL,167,1,'2014-07-25 09:07:47'),(198,5943,NULL,167,1,'2014-07-30 07:18:11'),(199,5979,NULL,167,1,'2014-07-31 19:24:47'),(200,6055,NULL,167,1,'2014-08-02 09:34:31'),(201,6065,NULL,167,1,'2014-08-02 09:35:26'),(202,6081,NULL,167,1,'2014-08-02 21:18:52'),(203,6112,NULL,167,1,'2014-08-04 06:38:29'),(204,NULL,NULL,167,1,'2014-08-04 09:03:32'),(205,NULL,NULL,167,1,'2014-08-05 05:16:49'),(206,6133,NULL,167,1,'2014-08-05 13:19:05'),(207,NULL,NULL,167,1,'2014-08-06 06:44:48'),(208,NULL,NULL,167,1,'2014-08-08 04:25:00'),(209,6276,NULL,167,1,'2014-08-11 06:15:57'),(210,6376,NULL,167,1,'2014-08-15 14:29:32'),(211,6404,NULL,167,1,'2014-08-17 04:51:20'),(212,6478,NULL,167,1,'2014-08-20 12:07:24'),(213,6489,NULL,167,1,'2014-08-20 21:36:55'),(214,6518,NULL,167,1,'2014-08-21 02:22:33'),(215,6528,NULL,167,1,'2014-08-21 02:23:27'),(216,NULL,NULL,167,1,'2014-08-23 10:47:47'),(217,NULL,NULL,167,1,'2014-08-23 18:09:36'),(218,NULL,NULL,167,1,'2014-08-24 16:46:18'),(219,NULL,NULL,167,1,'2014-08-25 03:26:37'),(220,NULL,NULL,167,1,'2014-09-06 08:06:38'),(221,6925,NULL,167,1,'2014-09-07 04:29:38'),(222,6954,NULL,167,1,'2014-09-07 18:02:23'),(223,6964,NULL,167,1,'2014-09-07 18:03:19'),(224,7082,NULL,167,1,'2014-09-13 05:24:10'),(225,7092,NULL,167,1,'2014-09-13 08:21:41'),(226,7098,NULL,167,1,'2014-09-13 13:26:12'),(227,NULL,NULL,167,1,'2014-09-14 02:29:46'),(228,NULL,NULL,167,1,'2014-09-15 07:53:48'),(229,7164,NULL,167,1,'2014-09-15 14:24:09'),(230,NULL,NULL,167,1,'2014-09-16 02:46:56'),(231,NULL,NULL,167,1,'2014-09-16 13:17:31'),(232,NULL,NULL,167,1,'2014-09-16 18:09:06'),(233,7344,NULL,167,1,'2014-09-23 16:26:09'),(234,NULL,NULL,167,1,'2014-09-24 21:36:31'),(235,7402,NULL,167,1,'2014-09-26 10:45:27'),(236,7412,NULL,167,1,'2014-09-26 10:46:22'),(237,NULL,NULL,167,1,'2014-09-26 23:09:42'),(238,7438,NULL,167,1,'2014-09-27 02:48:58'),(239,NULL,NULL,167,1,'2014-09-27 04:16:27'),(240,7474,NULL,167,1,'2014-09-27 14:07:29'),(241,7513,NULL,167,1,'2014-09-29 18:11:31'),(242,7563,NULL,167,1,'2014-10-02 07:52:32'),(243,7661,NULL,167,1,'2014-10-09 04:39:07'),(244,7664,NULL,167,1,'2014-10-09 08:58:52'),(245,7683,NULL,167,1,'2014-10-09 11:55:42'),(246,7693,NULL,167,1,'2014-10-09 11:56:37'),(247,7744,NULL,167,1,'2014-10-11 08:26:42'),(248,NULL,NULL,167,1,'2014-10-20 17:09:09'),(249,NULL,NULL,167,1,'2014-10-21 05:07:30'),(250,NULL,NULL,167,1,'2014-10-21 16:59:44'),(251,NULL,NULL,167,1,'2014-10-23 01:38:03'),(252,7931,NULL,167,1,'2014-10-24 20:48:24'),(253,7961,NULL,167,1,'2014-10-27 05:44:27'),(254,7993,NULL,167,1,'2014-10-29 11:01:17'),(255,8028,NULL,167,1,'2014-10-29 11:01:52'),(256,8158,NULL,167,1,'2014-11-02 04:11:00'),(257,8165,NULL,167,1,'2014-11-02 04:11:36'),(258,8372,NULL,167,1,'2014-11-10 07:48:27'),(259,8396,NULL,167,1,'2014-11-10 16:58:10'),(260,8423,NULL,167,1,'2014-11-11 23:13:58'),(261,8444,NULL,167,1,'2014-11-13 17:31:28'),(262,NULL,NULL,167,1,'2014-11-16 03:32:52'),(263,NULL,NULL,167,1,'2014-11-17 15:47:48'),(264,NULL,NULL,167,1,'2014-11-18 07:41:31'),(265,NULL,NULL,167,1,'2014-11-19 05:04:22'),(266,NULL,NULL,167,1,'2014-11-19 20:40:12'),(267,NULL,NULL,167,1,'2014-11-22 03:12:26'),(268,8628,NULL,167,1,'2014-11-23 02:01:00'),(269,8654,NULL,167,1,'2014-11-23 13:48:46'),(270,8661,NULL,167,1,'2014-11-23 13:49:21'),(271,8715,NULL,167,1,'2014-11-24 15:24:18'),(272,NULL,NULL,167,1,'2014-11-27 15:16:32'),(273,8959,NULL,167,1,'2014-12-08 13:26:26'),(274,9045,NULL,167,1,'2014-12-11 11:23:26'),(275,9052,NULL,167,1,'2014-12-11 11:24:01'),(276,9106,NULL,167,1,'2014-12-11 13:01:46'),(277,9142,NULL,167,1,'2014-12-13 04:09:26'),(278,NULL,NULL,167,1,'2014-12-17 08:28:26'),(279,9198,NULL,167,1,'2014-12-17 13:50:29'),(280,9240,NULL,167,1,'2014-12-20 11:32:50'),(282,9264,NULL,167,1,'2014-12-21 15:28:38'),(283,9321,NULL,167,1,'2014-12-24 12:02:24'),(285,9704,NULL,167,1,'2015-01-03 03:37:58'),(286,9761,NULL,167,1,'2015-01-03 03:39:23'),(287,9932,NULL,167,1,'2015-01-06 23:40:26'),(288,9939,NULL,167,1,'2015-01-06 23:41:01'),(289,10005,NULL,167,1,'2015-01-08 10:08:53'),(291,NULL,NULL,167,1,'2015-01-09 01:37:55'),(292,10035,NULL,167,1,'2015-01-09 05:39:41'),(294,10093,NULL,167,1,'2015-01-10 17:54:52'),(295,NULL,NULL,167,1,'2015-01-11 00:20:57'),(296,10108,NULL,167,1,'2015-01-11 01:15:49'),(297,NULL,NULL,167,1,'2015-01-11 21:03:04'),(298,NULL,NULL,167,1,'2015-01-12 02:05:46'),(299,NULL,NULL,167,1,'2015-01-13 00:46:23'),(300,NULL,NULL,167,1,'2015-01-13 12:09:03'),(301,10224,NULL,167,1,'2015-01-16 11:49:43'),(302,10329,NULL,167,1,'2015-01-17 19:31:22'),(303,10616,NULL,167,1,'2015-01-20 02:26:05'),(304,10765,NULL,167,1,'2015-01-22 05:31:59'),(305,10785,NULL,167,1,'2015-01-22 14:28:24'),(306,NULL,NULL,167,1,'2015-01-22 20:08:15'),(307,NULL,NULL,167,1,'2015-01-23 00:31:46'),(308,NULL,NULL,167,1,'2015-01-23 10:46:34'),(309,NULL,NULL,167,1,'2015-01-23 15:45:05'),(310,10872,NULL,167,1,'2015-01-24 10:58:22'),(311,10879,NULL,167,1,'2015-01-24 10:58:57'),(312,11286,NULL,167,1,'2015-01-29 14:27:23'),(314,NULL,NULL,167,1,'2015-01-30 23:55:53'),(315,11425,NULL,167,1,'2015-01-31 15:34:44'),(317,11757,NULL,167,1,'2015-02-10 20:01:15'),(318,11764,NULL,167,1,'2015-02-10 20:01:48'),(319,11835,NULL,167,1,'2015-02-11 22:33:13'),(320,11844,NULL,167,1,'2015-02-12 00:32:38'),(321,11991,NULL,167,1,'2015-02-15 14:24:26'),(322,12021,NULL,167,1,'2015-02-16 16:10:08'),(323,NULL,NULL,167,1,'2015-02-19 00:46:21'),(324,12447,NULL,167,1,'2015-02-27 02:19:00'),(325,12454,NULL,167,1,'2015-02-27 02:19:35'),(326,12996,NULL,167,1,'2015-03-10 13:19:27'),(327,13013,NULL,167,1,'2015-03-11 00:09:50'),(328,13030,NULL,167,1,'2015-03-11 12:32:10'),(329,13101,NULL,167,1,'2015-03-12 11:01:24'),(330,13108,NULL,167,1,'2015-03-12 11:01:59'),(331,13148,NULL,167,1,'2015-03-12 12:14:32'),(332,13496,NULL,167,1,'2015-03-17 17:23:30'),(333,13531,NULL,167,1,'2015-03-17 17:24:03'),(334,13800,NULL,167,1,'2015-03-21 07:48:57'),(335,13808,NULL,167,1,'2015-03-21 07:48:58'),(336,13867,NULL,167,1,'2015-03-21 07:49:07'),(337,13870,NULL,167,1,'2015-03-21 07:49:08'),(338,14033,NULL,167,1,'2015-03-22 10:26:59'),(339,14442,NULL,167,1,'2015-03-28 00:49:37'),(340,14449,NULL,167,1,'2015-03-28 00:50:11'),(341,14579,NULL,167,1,'2015-03-30 19:29:40');

--
-- Table structure for table `review`
--

CREATE TABLE `review` (
  `review_id` bigint(20) unsigned NOT NULL AUTO_INCREMENT COMMENT 'Review id',
  `created_at` timestamp NOT NULL DEFAULT CURRENT_TIMESTAMP ON UPDATE CURRENT_TIMESTAMP COMMENT 'Review create date',
  `entity_id` smallint(5) unsigned NOT NULL DEFAULT '0' COMMENT 'Entity id',
  `entity_pk_value` int(10) unsigned NOT NULL DEFAULT '0' COMMENT 'Product id',
  `status_id` smallint(5) unsigned NOT NULL DEFAULT '0' COMMENT 'Status code',
  PRIMARY KEY (`review_id`),
  KEY `IDX_REVIEW_ENTITY_ID` (`entity_id`),
  KEY `IDX_REVIEW_STATUS_ID` (`status_id`),
  KEY `IDX_REVIEW_ENTITY_PK_VALUE` (`entity_pk_value`),
  CONSTRAINT `FK_REVIEW_ENTITY_ID_REVIEW_ENTITY_ENTITY_ID` FOREIGN KEY (`entity_id`) REFERENCES `review_entity` (`entity_id`) ON DELETE CASCADE ON UPDATE CASCADE,
  CONSTRAINT `FK_REVIEW_STATUS_ID_REVIEW_STATUS_STATUS_ID` FOREIGN KEY (`status_id`) REFERENCES `review_status` (`status_id`) ON DELETE NO ACTION ON UPDATE NO ACTION
) ENGINE=InnoDB AUTO_INCREMENT=173 DEFAULT CHARSET=utf8 COMMENT='Review base information';

--
-- Dumping data for table `review`
--

INSERT INTO `review` VALUES (114,'2013-08-27 15:28:20',1,167,2),(115,'2013-09-24 16:37:31',1,167,2),(116,'2013-11-13 23:02:50',1,167,2),(117,'2014-02-22 22:08:19',1,167,2),(118,'2014-03-21 19:08:34',1,167,2),(119,'2014-03-21 19:08:36',1,167,2),(120,'2014-03-21 19:08:38',1,167,2),(121,'2014-03-21 19:08:39',1,167,2),(122,'2014-03-21 19:08:42',1,167,2),(123,'2014-03-28 20:14:06',1,167,2),(124,'2014-03-28 20:14:09',1,167,2),(125,'2014-03-28 20:14:11',1,167,2),(126,'2014-03-28 20:14:13',1,167,2),(127,'2014-03-28 20:14:15',1,167,2),(128,'2014-04-04 21:33:10',1,167,2),(129,'2014-04-04 21:33:14',1,167,2),(130,'2014-04-04 21:33:16',1,167,2),(131,'2014-04-04 21:33:19',1,167,2),(132,'2014-04-04 21:33:22',1,167,2),(133,'2014-04-11 04:39:53',1,167,2),(134,'2014-04-11 04:39:55',1,167,2),(135,'2014-04-11 04:39:57',1,167,2),(136,'2014-04-11 04:39:59',1,167,2),(137,'2014-04-11 04:40:01',1,167,2),(138,'2014-04-11 09:00:33',1,167,2),(139,'2014-04-11 09:00:39',1,167,2),(140,'2014-04-11 09:00:41',1,167,2),(141,'2014-04-11 09:00:44',1,167,2),(142,'2014-04-11 09:00:47',1,167,2),(143,'2014-04-11 19:14:38',1,167,2),(144,'2014-04-11 19:14:40',1,167,2),(145,'2014-04-11 19:14:42',1,167,2),(146,'2014-04-11 19:14:43',1,167,2),(147,'2014-04-11 19:14:45',1,167,2),(148,'2014-04-12 09:09:14',1,167,2),(149,'2014-04-12 09:09:19',1,167,2),(150,'2014-04-12 09:09:20',1,167,2),(151,'2014-04-12 09:09:23',1,167,2),(152,'2014-04-12 09:09:25',1,167,2),(153,'2014-04-12 21:37:44',1,167,2),(154,'2014-04-12 21:37:46',1,167,2),(155,'2014-04-12 21:37:47',1,167,2),(156,'2014-04-12 21:37:49',1,167,2),(157,'2014-04-12 21:37:50',1,167,2),(158,'2014-04-12 22:08:54',1,167,2),(159,'2014-04-12 22:08:55',1,167,2),(160,'2014-04-12 22:08:56',1,167,2),(161,'2014-04-12 22:08:57',1,167,2),(162,'2014-04-12 22:08:58',1,167,2),(163,'2014-04-13 09:59:42',1,167,2),(164,'2014-04-13 09:59:58',1,167,2),(165,'2014-04-13 10:00:00',1,167,2),(166,'2014-04-13 10:00:02',1,167,2),(167,'2014-04-13 10:00:15',1,167,2),(168,'2014-04-27 14:40:26',1,167,2),(169,'2014-04-27 14:40:28',1,167,2),(170,'2014-04-27 14:40:29',1,167,2),(171,'2014-04-27 14:40:31',1,167,2),(172,'2014-04-27 14:40:33',1,167,2);

--
-- Table structure for table `review_detail`
--

CREATE TABLE `review_detail` (
  `detail_id` bigint(20) unsigned NOT NULL AUTO_INCREMENT COMMENT 'Review detail id',
  `review_id` bigint(20) unsigned NOT NULL DEFAULT '0' COMMENT 'Review id',
  `store_id` smallint(5) unsigned DEFAULT '0' COMMENT 'Store id',
  `title` varchar(255) NOT NULL COMMENT 'Title',
  `detail` text NOT NULL COMMENT 'Detail description',
  `nickname` varchar(128) NOT NULL COMMENT 'User nickname',
  `customer_id` int(10) unsigned DEFAULT NULL COMMENT 'Customer Id',
  PRIMARY KEY (`detail_id`),
  KEY `IDX_REVIEW_DETAIL_REVIEW_ID` (`review_id`),
  KEY `IDX_REVIEW_DETAIL_STORE_ID` (`store_id`),
  KEY `IDX_REVIEW_DETAIL_CUSTOMER_ID` (`customer_id`),
  CONSTRAINT `FK_REVIEW_DETAIL_CUSTOMER_ID_CUSTOMER_ENTITY_ENTITY_ID` FOREIGN KEY (`customer_id`) REFERENCES `customer_entity` (`entity_id`) ON DELETE SET NULL ON UPDATE CASCADE,
  CONSTRAINT `FK_REVIEW_DETAIL_REVIEW_ID_REVIEW_REVIEW_ID` FOREIGN KEY (`review_id`) REFERENCES `review` (`review_id`) ON DELETE CASCADE ON UPDATE CASCADE,
  CONSTRAINT `FK_REVIEW_DETAIL_STORE_ID_CORE_STORE_STORE_ID` FOREIGN KEY (`store_id`) REFERENCES `core_store` (`store_id`) ON DELETE SET NULL ON UPDATE CASCADE
) ENGINE=InnoDB AUTO_INCREMENT=173 DEFAULT CHARSET=utf8 COMMENT='Review detail information';

--
-- Dumping data for table `review_detail`
--

INSERT INTO `review_detail` VALUES (114,114,1,'Very good product but...','I\'m little bit angry, because i bought it here, and today i found it cheaper here: http://tiny.cc/r2og2w','ArkadioMorales',NULL),(115,115,1,'I\'m not satisfied','I bought it here, and today i found better deal here: http://topamshop.com','GarryV',NULL),(116,116,1,'It was hard to find this product in google','This product is very good but it was hard to find it in google, i found it on 20 spot. You should add some social bookmarks and your website will hit google top10 very soon, then your traffic and sales will double or even triple. Search in google for - Insane google ranking boost - it helped my sites to rank','MikeT',NULL),(117,117,1,'tYANpfjWZa','TTqXZq http://www.MHyzKpN7h4ERauvS72jUbdI0HeKxuZom.com','patrik',NULL),(118,118,1,'cimQZLZyvozy','I can\'t get through at the moment <a href=\" http://www.e-studio.ch/services/sites-internet \">retin a micro for acne scars</a>  Recipient No Auth field is in addition to an entry in the\n <a href=\" http://1chancerylane.co.uk/about-us/ \">accutane online india</a>  455 Prescription/Service N 1 variable R 1 = RX Billing.\n <a href=\" http://www.kariera.aimtec.cz/programator-analytik \">cheap lexapro generic</a>  mechanism through which the School\'s professional and continuing education programs can be\n <a href=\" http://www.salelinks.net/pr-domains \">tablet cefixime</a>  B) Covered for outpatients, when used as less costly alternatives to prescription\n ','Juan',NULL),(119,119,1,'tlXDnSSzmBoYbuXf','Have you read any good books lately? <a href=\" http://www.highhouseproductionpark.co.uk/contact-us \">50mg topamax weight loss</a>  United States. We lost a student briefly, thinking he had not returned from a Kilimanjaro climb.\n <a href=\" http://www.all-tech-mechanical.com/cooling-services/ \">clomiphene citrate tablets</a>  4. It will take immediate action to correct a situation where a student\'s actions endanger patient\n <a href=\" http://www.salelinks.net/pr-domains \">suprax 100 mg</a>  some tasks to best some tasks to best Occasionally aware of most tasks to best all tasks to best\n ','Lillian',NULL),(120,120,1,'XPUZfNTpCBGbANpFBn','I love the theatre <a href=\" http://www.highhouseproductionpark.co.uk/contact-us \">50 mg topamax birth control</a>  includes a focus on rapid scale up of treatment services. 3 Demonstrating models of\n <a href=\" http://www.cleansingwithfood.com/store/ \">methotrexate tablet</a>  mechanism through which the School\'s professional and continuing education programs can be\n <a href=\" http://www.salelinks.net/pr-domains \">suprax generation</a>  (registration dates should accompany this\n ','Emma',NULL),(121,121,1,'mEjIqCKogA','Will I get paid for overtime? <a href=\" http://www.e-studio.ch/services/sites-internet \">buying retin a in mexico</a>  Accurately obtain all required information when filling and/or refilling prescriptions\n <a href=\" http://1chancerylane.co.uk/about-us/ \">cheapest place get accutane</a>  017 Family Health Plus Services Only\n <a href=\" http://www.eastwest.nu/geldleihen-9672/ \">how to wean off effexor 75mg</a>  care training programs at Indiana. Residents consistently describe the experience in\n ','Matthew',NULL),(122,122,1,'VRtmtHoaXmULn','Recorded Delivery <a href=\" http://www.ideahotel.es/about/ \">trazodone 50 mg for sleep</a>  to meet standard´ on competen cy.\n <a href=\" http://www.insolvencni-spravce.com/clanky/16_aktuality/ \">25 mg seroquel xr</a>  Son of Woman by Charles Mangua\n <a href=\" http://www.eastwest.nu/geldleihen-9672/ \">there generic form effexor xr</a>  Under co-payment prescriptions must be added to the Prescription Record Card as a\n <a href=\" http://www.cleansingwithfood.com/store/ \">methotrexate methotrexate</a>  common ground in shared values and goals.\n ','Brooke',NULL),(123,123,1,'sWPExPXeAzSlCTtT','No, I\'m not particularly sporty <a href=\" http://www.smartpraxis.com/index.php/beneficios/ \">vermox suspension</a>  Pharmacists are health professionals who assist individuals in making the best use of medications. This Code,\n <a href=\" http://www.cbar.org.br/12congresso/ \">order wellbutrin no prescription</a>  Bring down the top and seal all open sides with a paste made of flour and water. You should end up with\n <a href=\" http://www.commissioningtogether.org.uk/useful-links/ \">can buy ventolin over counter uk</a>  Board of Pharmacy experience requirement (1500 hours) to sit for the licensure examination.\n <a href=\" http://hasebikes.com/28-0-Links.html \">abilify coupons printable</a>  care sites, independent pharmacies and small hospitals where the clinical pharmacists play an\n ','Brody',NULL),(124,124,1,'XARhUVpvytOlqzj','Can you put it on the scales, please? <a href=\" http://www.cbar.org.br/12congresso/ \">generic wellbutrin sr complaints</a>  code UG to opt out of the program. This will allow the claim to be processed; however, since the cardholder has opted out of\n <a href=\" http://www.titanroofingandcontracting.com/about-us/ \">robaxin 5 mg</a>  from the wall outlet before cleaning.manufacturer\'s instructions have been\n <a href=\" http://www.jselabs.com/aboutpb.php \">desyrel trazodone</a>  Describes the leadership style(s) utilized by managers and supervisors. Meets Partially Does Not\n <a href=\" http://www.marcata.net/walkmen/ \">albendazole 400 mg tablet</a>  What level of education, training and skills do these\n ','Leslie',NULL),(125,125,1,'bYYdOXhFbs','Could you transfer $1000 from my current account to my deposit account? <a href=\" http://www.cbar.org.br/12congresso/ \">fda pulls one generic form of wellbutrin off the market</a>  implemented on June 1, 1994 and is currently being administered by the eMedNY\n <a href=\" http://www.titanroofingandcontracting.com/about-us/ \">robaxin 500 mg muscle relaxer</a>  Preceptor and Other tone, slang or provides correct Maintains a good easily provide or interactions; uses\n <a href=\" http://hasebikes.com/28-0-Links.html \">much does abilify cost canada</a>  (medication and/or non-interviews and complete /\n <a href=\" http://udidregistrations.com/terms \">use of paroxetine</a>  Route of Administration Problem\n ','getjoy',NULL),(126,126,1,'YKJjpedPEAsjMjB','Go travelling <a href=\" http://www.cbar.org.br/12congresso/ \">25 mg of zoloft and 150 mg of wellbutrin</a>  by the pharmacy for a period corresponding to the state pharmacy laws in which the\n <a href=\" http://www.titanroofingandcontracting.com/about-us/ \">buy robaxin</a>  The appropriate suffix is determined by the prescription. If the prescription is for a single\n <a href=\" http://hasebikes.com/28-0-Links.html \">abilify online canada</a>  How to Report Suspected Fraud or Abuse .23\n <a href=\" http://www.marcata.net/walkmen/ \">zentel 200 mg albendazole</a>  poster. Clinical student scholars are highly encouraged to submit their work as a poster\n ','Alexander',NULL),(127,127,1,'YbNandpdkTJfOYQXrg','The line\'s engaged <a href=\" http://www.titanroofingandcontracting.com/about-us/ \">iv robaxin</a>  Kenyan medical students to take two-month clinical electives in the US. Currently,\n <a href=\" http://www.redplanetmusic.ch/accueil/ \">can you purchase diflucan over counter</a>  Members of the PSHCP will have a Carrier Code of 12 on their pay-direct drug cards. Examples of the cards can be found on\n <a href=\" http://hasebikes.com/28-0-Links.html \">abilify without rx</a>  1.2. Identify and prioritize medication-related problems\n <a href=\" http://www.jselabs.com/aboutpb.php \">desyrel hcl</a>  cardholder, you will be asked to provide the following information:\n ','Benjamin',NULL),(128,128,1,'QpGmkbBYQPCz','I like watching football <a href=\" http://www.wcg.pe/amoxil/ \">amoxil order</a>  406 Compound Code N 1 variable R Acceptable values are:\n <a href=\" http://www.wcg.pe/prevacid/ \">cheap prevacid</a>  FTP access is obtained through an enrollment process. To obtain a user name and\n <a href=\" http://www.wcg.pe/voltaren/ \">voltaren gel coupon</a>  coronary and other atherosclerotic vascular disease. Pharmacists Letter 2006 June. Detail No.:\n ','Madelyn',NULL),(129,129,1,'bZOoteMfiRmqrFD','I\'ll put her on <a href=\" http://www.wcg.pe/methotrexate/ \">methotrexate brand</a>  b. The pharmacist can reasonably assume that the last preceding supply has been\n <a href=\" http://www.wcg.pe/flomax/ \">what is flomax</a>  Considers drug and non-drug therapy\n <a href=\" http://www.wcg.pe/cytotec/ \">cytotec cheap</a>  adjustment of other controlsCAUTION:\n <a href=\" http://www.wcg.pe/lisinopril/ \">lisinopril 10 mg tablet</a>  GENERAL SKILLS 4 3 2 1 N/A\n ','Nevaeh',NULL),(130,130,1,'TtsazIoREwJGfTDupCX','How do you know each other? <a href=\" http://www.wcg.pe/ibuprofen/ \">what is the dosage for ibuprofen</a>  clearly identify the contents of this additional message.\n <a href=\" http://www.wcg.pe/flomax/ \">flomax 4 mg</a>  once the order is deemed appropriate.\n <a href=\" http://www.wcg.pe/prevacid/ \">prevacid odt</a>  C. Medical Notes (e.g.\n ','Nicholas',NULL),(131,131,1,'xrbBKuauEIxI','Best Site Good Work <a href=\" http://www.wcg.pe/proventil/ \">proventil online</a>  Check the following items. If any abnormality is found, consult the seller or our branch/office\n <a href=\" http://www.wcg.pe/flomax/ \">tamsulosin price</a>  Use this product under the rated electrical conditions.\n <a href=\" http://www.wcg.pe/amoxil/ \">amoxil buy</a>  district may issue a Temporary Medicaid Authorization pending the client receipt of a\n <a href=\" http://www.wcg.pe/cytotec/ \">cost of cytotec</a>  attendance during rotation. At the discretion of the preceptor, an excused absence during one\n ','coolman',NULL),(132,132,1,'WLqZHwioJPst','A few months <a href=\" http://www.wcg.pe/cleocin/ \">cleocin solution</a>  Maximum Quantity Plan Limitations (100 Tablets) numeric field, which contains 3\n <a href=\" http://www.wcg.pe/flomax/ \">flomax coupons</a>  State how they will be sent e.g. fax/email.\n <a href=\" http://www.wcg.pe/prevacid/ \">prevacid generic name</a>  436 Product/Service ID A/N 2 variable R Use this field to identify the\n ','Genesis',NULL),(133,133,1,'WsQGhhuOKprmzMU','A few months <a href=\" http://www.porschekortet.se/om-porschekortet/fordelar \">doxycycline 20 mg</a>  to embed this assessment into the Pharmacotherapy Skills Lab in the new\n <a href=\" http://www.hi-techblog.it/chi-siamo/ \">phenergan 25mg</a>  process for the PY4 year is similar to the process used for regional placement for IPPEs in the first\n <a href=\" http://campeonissimo.net/denis/ \">buy premarin online</a>  Medicaid ID. On September 1,\n ','Megan',NULL),(134,134,1,'nPDebWhdavqMatZSNZ','Could you ask her to call me? <a href=\" http://www.litci.org/inicio/mujeres \">propecia cost without insurance</a>  members, other healthcare providers, and decision makers. Thus, it is important that you begin to understand\n <a href=\" http://www.e-brane.com/servicos/ \">dapoxetine in canada</a>  can be found on the recipient\'s\n <a href=\" http://www.acrissul.com.br/noticias \">fluticasone online</a>  a. Appropriateness/effectiveness (indication for drug therapy, optimal drug selection,\n <a href=\" http://campeonissimo.net/denis/ \">generic premarin</a>  problems or irregularities, they are covered from 10-30 % depending on the category (for\n ','Andrew',NULL),(135,135,1,'aWQPCfeulWdsOxko','I\'d like to send this parcel to  <a href=\" http://concatenum.com/temas/tecnologia/ \">prevacid naprapac 500</a>  9 through 11 = zeroes when 461-EU contains µ01. Or enter the full 11 digit prior\n <a href=\" http://www.hi-techblog.it/chi-siamo/ \">buy cheap promethazine</a>  approved for payment. (C - capture (field\n <a href=\" http://soappresentations.com/products/ \">purchase stendra online</a>  Please use the following standard NCPDP standard codes for submitting secondary\n <a href=\" http://campeonissimo.net/denis/ \">order premarin</a>  Page 12 of 111\n ','Megan',NULL),(136,136,1,'HydykztAeEitCH','The United States <a href=\" http://concatenum.com/temas/tecnologia/ \">lansoprazole 15 mg</a>  responsibility for responsibility for full responsibility for responsibility for responsibility for\n <a href=\" http://www.villasilvia.com/laboratorio-analisi \">buy prednisone online</a>  Code in field positions 1-3. Zeros in\n <a href=\" http://www.e-brane.com/servicos/ \">dapoxetine 30mg</a>  clinical information and data; document and manage patient care and practice; manage safe\n <a href=\" http://www.acrissul.com.br/noticias \">cheap fluticasone</a>  govern the performance of all academic work and student conduct at the\n ','Mackenzie',NULL),(137,137,1,'QIroEqhnPpAiEtj','What do you study? <a href=\" http://www.puntocomsistemas.es/tpv-toledo-ayd \">where to buy estradiol</a>  or the field was the wrong size. The E6 code indicates there is a problem with the\n <a href=\" http://www.villasilvia.com/laboratorio-analisi \">order prednisone</a>  the primary literature (scientific, professional organizations, preceptors format\n <a href=\" http://www.porschekortet.se/om-porschekortet/fordelar \">doxycycline hyclate 100 mg</a>  must be on the prescription when it is presented to you for dispensing. Prescriptions submitted for\n <a href=\" http://campeonissimo.net/denis/ \">premarin online</a>  a central role in adherence counseling.\n ','Aaliyah',NULL),(138,138,1,'lUYnLzbYpGTMEP','I\'ve been cut off <a href=\" http://www.pinballvalencia.com/evento-futuro-6o-torneo-de-pinballs-de-silla/ \">buy medroxyprogesterone online</a>  the same tasks in the same time frame;\n <a href=\" http://feirametalmecanica.com.br/sobre-a-feira/ \">generic montelukast</a>  720 Days Supply is Less than the 19 M/I Days Supply\n <a href=\" http://vertest.com.au/index.php/employment \">buy rogaine foam in stores</a>  https://travelregistration.state.gov. By registering, American citizens make it easier for\n ','Melissa',NULL),(139,139,1,'PGceQIlmCuwbAqt','I can\'t get a signal <a href=\" http://feirametalmecanica.com.br/sobre-a-feira/ \">buy cheap montelukast</a>  309 Claim Type Unequal to Prior Approval Record Class\n <a href=\" http://www.qzland.com/a/shichangfenxi/ \">how much does synthroid cost</a>  attitudes or behaviors have you observed in this setting submitted by 6:00 pm on\n <a href=\" http://www.leidenlokaal.nl/ll2012/wordpress/introweekblog/ \">order prozac online canada</a>  ( including chief complaint, history of present illness, family history, social history, medical history, medication review, and, where appropriate, physical\n <a href=\" http://www.englishcoursesengland.net/courses-to-learn-english-in-england \">buy cheap ivermectin</a>  others as a member or leader money available to\n ','Samuel',NULL),(140,140,1,'gFSDMyLVfjKlHwCXcDp','Children with disabilities <a href=\" http://cursosinglesdublin.com/academia-ingles-dublin/ \">suprax tablets</a>  i. Currently malnourished: A Subjective Global Assessment\n <a href=\" http://www.leidenlokaal.nl/ll2012/wordpress/introweekblog/ \">prozac discount card</a>  Video cable (RCA pin connector) (3 m)1\n <a href=\" http://vertest.com.au/index.php/employment \">rogaine foam price india</a>  found at www.emedny.org by clicking: General Policy.\n ','Gabrielle',NULL),(141,141,1,'RMSyoTXsNVqAgsxdbOg','I like watching TV <a href=\" http://cursosinglesdublin.com/academia-ingles-dublin/ \">cefixime trihydrate</a>  Program Secretary 1001 W. 10 St F: 317-613-2316\n <a href=\" http://www.qzland.com/a/shichangfenxi/ \">synthroid 10 mg</a>  A High Use Health Card is issued to an individual and not a family.\n <a href=\" http://www.leidenlokaal.nl/ll2012/wordpress/introweekblog/ \">prozac prices australia</a>  Providers can request other sort patterns that may better suit their accounting systems.\n <a href=\" http://www.parquet.com.au/index.php/contact-us \">generic proventil</a>  The pharmacy practice experiences must integrate, apply, reinforce, and advance the\n ','William',NULL),(142,142,1,'QYWRbEuWNHXI','Do you know each other?  <a href=\" http://peepshowstories.com \">no prescription orlistat</a>  faculty members will monitor students achievement of the competencies and ability outcomes of\n <a href=\" http://www.qzland.com/a/shichangfenxi/ \">synthroid cost without insurance</a>  Outcome(s) Objective Course Outcome/Objective (The following\n <a href=\" http://www.parquet.com.au/index.php/contact-us \">generic albuterol</a>  Appropriately and accurately responds to drug information requests.\n <a href=\" http://vertest.com.au/index.php/employment \">cheap rogaine for men uk</a>  Section 10 - e-Sampling Program\n ','crazyivan',NULL),(143,143,1,'XorfBgcjgqxcZNW','Will I have to work shifts? <a href=\" http://pinellasanimalfoundation.org/prozac/ \">prozac generic</a>  toward completing the skills checklist.\n <a href=\" http://www.ashmorerealty.com/imitrex/ \">order imitrex</a>  (This is subject to changes based on IU meal costs, costs associated with\n <a href=\" http://www.jammu-kashmir.com/wellbutrin/ \">order wellbutrin no prescription</a>  initiative and leadership medications Apply knowledge of drug\n <a href=\" http://www.newenergyresearch.net/zithromax/ \">purchase zithromax online</a>  2 9-10 Utilization Threshold/Post &\n ','friend35',NULL),(144,144,1,'dXTMdmKvIDLPB','Hello good day <a href=\" http://www.westerncasewriters.org/zoloft/ \">cheap zoloft</a>  company and a transaction is sent using\n <a href=\" http://www.sarahjmiller.com/neurontin/ \">neurontin online pharmacy</a>  reduced fee services at the University Campus Health Service. However, students should be\n <a href=\" http://www.jammu-kashmir.com/wellbutrin/ \">buy generic wellbutrin</a>  be used in the Submission Clarification Code field if requesting a UT override.\n <a href=\" http://mba4phd.com/effexor/ \">effexor 37.5 mg</a>  Paper Remittance Advice. 30\n ','Maria',NULL),(145,145,1,'mexAOIOMboGH','Hold the line, please <a href=\" http://www.cathysavels.com/clomipramine/ \">cheap clomipramine</a>  Scholars Programs and their affiliated institutions. IRB review, however, is not a\n <a href=\" http://www.jammu-kashmir.com/wellbutrin/ \">buy generic wellbutrin</a>  required to have a PPD rechecked 3 months after return.\n <a href=\" http://cornerstar.com/kamagra/ \">buy cheap kamagra</a>  0 Alcoholic beverages .\n ','Michael',NULL),(146,146,1,'aVsFbiAIvFZrsIpAj','What sort of work do you do? <a href=\" http://www.cathysavels.com/clomipramine/ \">clomipramine hydrochloride</a>  Reject Codes (up to 10)\n <a href=\" http://mba4phd.com/effexor/ \">buy effexor xr</a>  commonly made during medical rounds or other meetings in which clinicians need to share\n <a href=\" http://cornerstar.com/kamagra/ \">kamagra jelly cheap</a>  email accounts will not be accepted.\n ','Zoey',NULL),(147,147,1,'jEgsrvIAqupylT','It\'s OK <a href=\" http://tev.net/minoxidil/ \">generic minoxidil</a>  8. Review prescriptions and medication orders for accuracy and appropriateness\n <a href=\" http://behavioralecology.com/elavil/ \">elavil online pharmacy</a>  Red Sea. This supersedes the Public Announcement of January 4, 2007.\n <a href=\" http://www.cathysavels.com/clomipramine/ \">cost clomipramine</a>  Students who fail an APPE rotation will be required to repeat and pass that\n <a href=\" http://www.sarahjmiller.com/neurontin/ \">neurontin gabapentin</a>  Pharmacy Audits by PharmDUR\n ','Kyle',NULL),(148,148,1,'NdyqIjFasjCBMGq','Could I make an appointment to see ? <a href=\" http://www.pulselearning.com/company/careers/ \">retin a 0.025 acne</a>  Effectively and actively participates in groups and with individuals\n <a href=\" http://marketingsharpnesstest.com/testimonials/ \">cost of wellbutrin sr without insurance</a>  a group of drugs for a specific cardholder. Other family members and employees at that\n <a href=\" http://opposehr1161.com/what-others-are-saying \">1000 mg of amoxicillin</a>  5. Provide concise, applicable, and timely responses to requests for drug information from\n ','Sarah',NULL),(149,149,1,'txkPmUYZuDIjeaIst','How much will it cost to send this letter to ? <a href=\" http://www.pulselearning.com/company/careers/ \">retin-a prescription strengths</a>  dispensed drug, only an 11 digit\n <a href=\" http://www.mibisunset.com/office/curriculum \">buy spironolactone</a>  supplies that are only billable under Category of Service\n <a href=\" http://www.mobiledentandpaintrepair.com/our-commercials/ \">dose ibuprofen</a>  scheduled in early November and the UNC Eshelman School of Pharmacy Student\n ','Hunter',NULL),(150,150,1,'tkHibzdzEPY','Pleased to meet you <a href=\" http://www.chicago86.org/feedback.html \">buy cheap domperidone</a>  Chapter SubjectPage Revision Dat e\n <a href=\" http://marketingsharpnesstest.com/testimonials/ \">450 mg wellbutrin xl too much</a>  receipt of a valid application at Sector Services. If prescriptions are presented prior to\n <a href=\" http://opposehr1161.com/what-others-are-saying \">amoxicillin purchase online</a>  Attend other meetings with the pharmacy director or his designee as\n <a href=\" http://fanfusion.org/apply/ \">cheap kamagra fast</a>  read before the appliance isrecommended by the manufacturer.\n ','Logan',NULL),(151,151,1,'PtpJaYxDcNUidjVWj','Could I have , please? <a href=\" http://www.bioextratus.com.br/produtos \">propranolol hydrochloride 10mg</a>  learning. Never learning. Rarely Occasionally own learning. Usually learning. Always\n <a href=\" http://www.cogniteq.com/news/2011 \">ibuprofen motrin</a>  participate confrontation participates if directed player assertive\n <a href=\" http://www.mobiledentandpaintrepair.com/our-commercials/ \">200 mg ibuprofen</a>   Dispensing date - per item\n <a href=\" http://www.ten-percent.co.uk/career-coaching \">fluconazole mg</a>  ability to retrieve patient data, perform basic disease assessment, and prioritizing patient\n ','Samantha',NULL),(152,152,1,'kXkDtjlONVFSlY','Sorry, I ran out of credit <a href=\" http://www.pulselearning.com/company/careers/ \">can i buy retin a over the counter in canada</a>  23. Services or treatment in a long term care facility rehabilitation centre, spa, hydro, rest care ,\n <a href=\" http://www.mobiledentandpaintrepair.com/our-commercials/ \">where to buy ibuprofen</a>  A: If you have any questions regarding your software, refer them to your software\n <a href=\" http://fanfusion.org/apply/ \">kamagra 50 gel oral</a>  (1 alpha, 4 numeric) found in the MMIS Pharmacy Provider Manual in sections 4.2\n ','Tommy',NULL),(153,153,1,'RZGCPtijSVYqZ','What\'s your number? <a href=\" http://www.danieldavis.com/parametricmodel-com/ \">alli orlistat 60 mg 150 capsules</a>  therapies and reasons for selecting this particular course of treatment, expected outcomes, proper dosing,\n <a href=\" http://birgitengelhardt.de/impressum/ \">cytotec 400 mg</a>  access to computer systems) while maintaining confidentiality.\n <a href=\" http://www.mauricecarlin.com/cv/ \">price accutane without insurance canada</a>  Ad irected teaching and learning experience whereby the student applies the knowledge\n <a href=\" http://www.gingliders.com/flygin/ \">zoloft trouble sleeping</a>  by availability, program requirements and available resources. Students will be asked to\n ','Haley',NULL),(154,154,1,'OnzPRHGjtPztpY','Which year are you in? <a href=\" http://www.buchstartclub.ch/jury \">prozac joint pain</a>  social justice and equality in your practice.\n <a href=\" http://www.gingliders.com/flygin/ \">zoloft good ocd anxiety</a>  Field 431-DV = and a maximum of 20% Coinsurance\n <a href=\" http://senditforward.net/dear-ellen/ \">cipro ciprofloxacin</a>  MEVS Denial Code The MEVS Denial Code returned within the Additional\n ','Hannah',NULL),(155,155,1,'kssZbnmBvWXkEJwEL','I\'d like to cancel this standing order <a href=\" http://www.buchstartclub.ch/jury \">order generic prozac online</a>  Water and Moisture Ð Do not useintended to operate from battery\n <a href=\" http://raventosrosell.com/portfolio/cava/ \">betnovate c skin cream</a>  prescription (claim) response status code. Each prescription (claim) in the transaction will\n <a href=\" http://birgitengelhardt.de/impressum/ \">cytotec 200 microgram tablets</a>  common acute and chronic disease states encountered in the inpatient care setting.\n <a href=\" http://www.gingliders.com/flygin/ \">zoloft price per pill</a>  If you simply do not want to do your wash, you can arrange with Margaret, Lucy, or Janet to have it done at\n ','Austin',NULL),(156,156,1,'FVosxLTrDRAtCQoEVOy','Jonny was here <a href=\" http://www.danieldavis.com/parametricmodel-com/ \">cheap orlistat uk</a>  patients may visit several healthcare professionals for different problems and these prescribers may not always be aware of all\n <a href=\" http://www.cottages-with-a-view.co.uk/croft-cottage/ \">suprax injections</a>  claim lines for each of the billed\n <a href=\" http://senditforward.net/dear-ellen/ \">cipro online pharmacy</a>  services coding and billing for\n ','Curt',NULL),(157,157,1,'RHuXgrTlnrpCdULwZ','Looking for a job <a href=\" http://www.danieldavis.com/parametricmodel-com/ \">xenical mechanism of action</a>  All of the Table 7 codes are denial codes. Their presence in your response means that the\n <a href=\" http://raventosrosell.com/portfolio/cava/ \">betamethasone dipropionate cream usp</a>  medication or change in therapy guidelines and present to pharmacy staff.\n <a href=\" http://www.mauricecarlin.com/cv/ \">10mg of accutane per day</a>  TCN entered in this field.\n <a href=\" http://www.gingliders.com/flygin/ \">zoloft sale no prescription</a>  Wednesday when the hours are 9.30am - 5.00pm.\n ','lightsoul',NULL),(158,158,1,'ebRhFPsuYZ','Directory enquiries <a href=\" http://inspiredstructures.com/services/ \">doxycycline 100mg acne</a>  The pharmacy may fax a prior authorization form to PerformRx for review; however,\n <a href=\" http://fanfaremedia.co.uk/about/ \">metronidazole online pharmacy</a>  numeric entry is acceptable.\n <a href=\" http://www.penguinworld.com/profpenguin/ \">propecia cost without insurance</a>  to one edge. Roll up dough into a cone, press both ends in, and make a ball again. Repeat that process\n ','Dylan',NULL),(159,159,1,'KFpZStmvhyHylG','Sorry, I ran out of credit <a href=\" http://www.chartierscc.com/dining/ \">albuterol hfa</a>  Center is completed. This will be Kenyaâs only facility dedicated to patient care,\n <a href=\" http://fanfaremedia.co.uk/about/ \">flagyl 40mg /ml</a>  Rarely respects the culture of others. Usually respects the\n <a href=\" http://iomhockfest.com/next-year/ \">buy cheap cipro</a>  A few other helpful hints weâve figured out in our time here as well.\n ','Kimberly',NULL),(160,160,1,'rJWdLJzpjJyoZnkrS','I enjoy travelling <a href=\" http://iskeroon.com/guide-books/ \">finpecia hair loss</a>  If you need to reverse a previously paid ECCA, paper or electronic batch claim online, you\n <a href=\" http://www.mburtonphoto.com/about/ \">buy metformin online</a>  Change in legal name (see Instruction C)\n <a href=\" http://www.hbfha.com/web/105.html \">generic propranolol er</a>  completed this requirement within the prior twelve months. Without such documentation, students\n <a href=\" http://makemistakes.us/mixes-2/ \">order spironolactone online</a>  Standards 2007. There are many challenges for us in Standards 2007, particularly those that pertain to\n ','Kimberly',NULL),(161,161,1,'oowtfGHEsBDX','Other amount <a href=\" http://iskeroon.com/guide-books/ \">order finasteride online</a>  Version 2009 - 1 (10/01/09) Page 9 of 54\n <a href=\" http://www.chartierscc.com/dining/ \">proventil atrovent</a>  Use of the correct relationship code with the wrong date of birth (DOB) will result in the rejection of the claim. This also applies\n <a href=\" http://inspiredstructures.com/services/ \">doxycycline cheap</a>  payer would pay, as private insurance is intended to supplement coverage.\n <a href=\" http://opleiding-fotografie.be/artikel/marketingtips-voor-fotografen/ \">zyban cst</a>  adequate opportunities to develop, hone and demonstrate competence in practice functions\n ','goodboy',NULL),(162,162,1,'hEWivDSzKvBVEAFh','The United States <a href=\" http://www.chartierscc.com/dining/ \">albuterol 5 mg</a>  and self-directed learning skills · Act professionally and\n <a href=\" http://fanfaremedia.co.uk/about/ \">flagyl generic for</a>  Pharmacies that choose to submit claims on paper forms must use the New York State eMedNY-000301 claim form.\n <a href=\" http://www.mburtonphoto.com/about/ \">glucophage 850 mg</a>  including, but not limited to, · Describe the process develop a service to aid in screening and referral necessary to develop a disease state management\n ','Genesis',NULL),(163,163,1,'AnFfuaDeKXOb','How many would you like? <a href=\" http://www.foundsomerville.com/about.html \">imitrex cheap free</a>  academic medical centers across the developing world. To a large extent they were\n <a href=\" https://www.freshspring.co.uk/accessibility/ \">prescriptin zyban</a>  4-6 month before Arrange for evacuation insurance\n <a href=\" http://www.tigerchick.com/price \">anyone purchase clomid online</a>  Beclomethasone inhaler 100mcg/dose 4 puffs bd increasing to 8 puffs bd prn\n ','Aaliyah',NULL),(164,164,1,'nghkpbzyBJQM','Could you please repeat that? <a href=\" http://www.statelyway.com/garbage \">phenergan 10 mg</a>  abbreviated seminar evaluation form. Students are evaluated by a team of three faculty evaluators\n <a href=\" http://safarirvpark.com/houston-area-attractions/ \">nolvadex 20mg or 40mg</a>  qualified pharmacist preceptors licensed in the United States.\n <a href=\" https://www.freshspring.co.uk/accessibility/ \">zyban mechanism f actin</a>  formal training in health care research. They are already active in ongoing\n ','Bob',NULL),(165,165,1,'oBmZNVAulZ','I\'m not sure <a href=\" http://www.scbat.org/about/ \">much does abilify cost canada</a>  here with an additional handout or Blackboard posting provided for detailed assignment instructions]\n <a href=\" http://safarirvpark.com/houston-area-attractions/ \">tamoxifeno 20mg/dia</a>  predisposed in any way and how would such an adverse event affect this particular patient?\n <a href=\" https://www.freshspring.co.uk/accessibility/ \">zybanï¿¾ (buprpin hydrchlride) sustained-release tablets</a>  category A VIP or A V 30 %, category A 25 %, category B 20 %, category C 15 % and category D\n ','Elijah',NULL),(166,166,1,'EdntlFLBFc','I\'m on holiday <a href=\" http://www.statelyway.com/garbage \">phenergan with codeine</a>  Attachments Ð Do not use\n <a href=\" http://www.scbat.org/about/ \">abilify 10 mg tablets</a>  Smith J, Canton EM. Weight-based administration of dalteparin in obese patients. Am J Health-Syst\n <a href=\" https://www.freshspring.co.uk/accessibility/ \">buy zyban nline uk</a>  Franklin, Granville, Johnston, Lee, Person, Vance, Wake, and Warren. The mission of the Wake\n <a href=\" http://www.tigerchick.com/price \">mg clomid should take</a>  July 2010 3.2.11 Variable 5.1 Request Format\n ','Madison',NULL),(167,167,1,'fwpwaTCdbjBbgcdBpxZ','I support Manchester United <a href=\" http://www.icelandsafari.com/index.php/tour-obtions/is-08-south-coast-nature-tour \">flagyl 400</a>  each individual ingredient will be populated in the Plan Ingredient Cost. If the sum of\n <a href=\" http://safarirvpark.com/houston-area-attractions/ \">tamoxifen 40 mg preis</a>  population, AmeriHealth Mercy\'s core products include management and administrative\n <a href=\" https://www.freshspring.co.uk/accessibility/ \">d yu need prescriptin zyban</a>  Students will be required to maintain a self reflective diary of all services learning\n ','Autumn',NULL),(168,168,1,'NiNNdrjJaRRJvPS','How do you spell that? <a href=\" http://www.rjackbalthazar.com/about-us.html \">clotrimazole and betamethasone dipropionate lotion</a>  official and private interests. Examples of such targets include high-profile sporting\n <a href=\" http://www.justcuckoos.co.uk/install/ \">mebendazole vermox</a>  443 Other Payer Date N 8 variable O Enter the date the payment was\n <a href=\" http://eastcountyins.com/about-us/ \">zithromax z</a>  displayed on the package.\n <a href=\" http://www.appartement-huren-alanya.nl/mahmutlar/ \">terbinafine hydrochloride</a>  The Vision: One College, One Mission, One Goal\n ','Joseph',NULL),(169,169,1,'hISqFfniWxPYP','I\'ve just started at  <a href=\" http://www.cbar.org.br/12congresso/ \">wellbutrin sr 300 mg weight loss</a>  amount charged for the prescription.\n <a href=\" http://www.taxonomyoftrash.com/the-sounds/ \">buy generic tamoxifen citrate</a>  and life-long learning skills.\n <a href=\" http://eastcountyins.com/about-us/ \">buy zithromax online no prescription</a>  2. Claims Submission. 5\n <a href=\" http://www.appartement-huren-alanya.nl/mahmutlar/ \">terbinafine 250 mg tabs</a>  flows, finger stick blood (6) proper storage;\n ','Owen',NULL),(170,170,1,'zHAWinHSsZxGbssM','I\'m not sure <a href=\" http://www.justcuckoos.co.uk/install/ \">vermox 100mg tablets</a>  attacks, demonstrations and other violent actions against U.S. citizens and interests\n <a href=\" http://www.cbar.org.br/12congresso/ \">wellbutrin sr 300 mg</a>  728 UR Deny - Conflict With Previous Service\n <a href=\" http://anjhero.me/work \">clomid online pharmacy no prescription</a>  file a complaint with the U.S. Department of Education alleging that the University has not complied with\n ','Dghonson',NULL),(171,171,1,'mWUsCVikYjN','We\'ve got a joint account <a href=\" http://www.enu.es/obxectivos \">order furosemide</a>  medication safety, pharmacy administration and leadership.\n <a href=\" http://www.taxonomyoftrash.com/the-sounds/ \">10mg nolvadex enough</a>  The date on which the recoupment was applied. Since all the recoupments listed on\n <a href=\" http://eastcountyins.com/about-us/ \">buy zithromax z-pak no prescription</a>  Statement. If you have been issued a\n ','Kyle',NULL),(172,172,1,'MImMNzUfFU','I hate shopping <a href=\" http://www.justcuckoos.co.uk/install/ \">generic mebendazole</a>  For more information, contact PKP secretary.\n <a href=\" http://www.appartement-huren-alanya.nl/mahmutlar/ \">buy lamisil tablets online</a>  1. Demonstrate proper SQ and IM injection technique /Teach a AC, PC\n <a href=\" http://anjhero.me/work \">25 mg clomid pregnancy</a>  Claim Status (denied, paid, pending) - Patient ID - TCN\n ','Brian',NULL);

--
-- Table structure for table `review_entity`
--

CREATE TABLE `review_entity` (
  `entity_id` smallint(5) unsigned NOT NULL AUTO_INCREMENT COMMENT 'Review entity id',
  `entity_code` varchar(32) NOT NULL COMMENT 'Review entity code',
  PRIMARY KEY (`entity_id`)
) ENGINE=InnoDB AUTO_INCREMENT=4 DEFAULT CHARSET=utf8 COMMENT='Review entities';

--
-- Dumping data for table `review_entity`
--

INSERT INTO `review_entity` VALUES (1,'product'),(2,'customer'),(3,'category');

--
-- Table structure for table `review_entity_summary`
--

CREATE TABLE `review_entity_summary` (
  `primary_id` bigint(20) NOT NULL AUTO_INCREMENT COMMENT 'Summary review entity id',
  `entity_pk_value` bigint(20) NOT NULL DEFAULT '0' COMMENT 'Product id',
  `entity_type` smallint(6) NOT NULL DEFAULT '0' COMMENT 'Entity type id',
  `reviews_count` smallint(6) NOT NULL DEFAULT '0' COMMENT 'Qty of reviews',
  `rating_summary` smallint(6) NOT NULL DEFAULT '0' COMMENT 'Summarized rating',
  `store_id` smallint(5) unsigned NOT NULL DEFAULT '0' COMMENT 'Store id',
  PRIMARY KEY (`primary_id`),
  KEY `IDX_REVIEW_ENTITY_SUMMARY_STORE_ID` (`store_id`),
  CONSTRAINT `FK_REVIEW_ENTITY_SUMMARY_STORE_ID_CORE_STORE_STORE_ID` FOREIGN KEY (`store_id`) REFERENCES `core_store` (`store_id`) ON DELETE CASCADE ON UPDATE CASCADE
) ENGINE=InnoDB AUTO_INCREMENT=150 DEFAULT CHARSET=utf8 COMMENT='Review aggregates';

--
-- Dumping data for table `review_entity_summary`
--

INSERT INTO `review_entity_summary` VALUES (147,167,1,0,0,1),(148,167,1,0,0,3),(149,167,1,0,0,2);

--
-- Table structure for table `review_status`
--

CREATE TABLE `review_status` (
  `status_id` smallint(5) unsigned NOT NULL AUTO_INCREMENT COMMENT 'Status id',
  `status_code` varchar(32) NOT NULL COMMENT 'Status code',
  PRIMARY KEY (`status_id`)
) ENGINE=InnoDB AUTO_INCREMENT=4 DEFAULT CHARSET=utf8 COMMENT='Review statuses';

--
-- Dumping data for table `review_status`
--

INSERT INTO `review_status` VALUES (1,'Approved'),(2,'Pending'),(3,'Not Approved');

--
-- Table structure for table `review_store`
--

CREATE TABLE `review_store` (
  `review_id` bigint(20) unsigned NOT NULL DEFAULT '0' COMMENT 'Review Id',
  `store_id` smallint(5) unsigned NOT NULL DEFAULT '0' COMMENT 'Store Id',
  PRIMARY KEY (`review_id`,`store_id`),
  KEY `IDX_REVIEW_STORE_STORE_ID` (`store_id`),
  CONSTRAINT `FK_REVIEW_STORE_REVIEW_ID_REVIEW_REVIEW_ID` FOREIGN KEY (`review_id`) REFERENCES `review` (`review_id`) ON DELETE CASCADE ON UPDATE CASCADE,
  CONSTRAINT `FK_REVIEW_STORE_STORE_ID_CORE_STORE_STORE_ID` FOREIGN KEY (`store_id`) REFERENCES `core_store` (`store_id`) ON DELETE CASCADE ON UPDATE CASCADE
) ENGINE=InnoDB DEFAULT CHARSET=utf8 COMMENT='Review Store';

--
-- Dumping data for table `review_store`
--

INSERT INTO `review_store` VALUES (114,0),(115,0),(116,0),(117,0),(118,0),(119,0),(120,0),(121,0),(122,0),(123,0),(124,0),(125,0),(126,0),(127,0),(128,0),(129,0),(130,0),(131,0),(132,0),(133,0),(134,0),(135,0),(136,0),(137,0),(138,0),(139,0),(140,0),(141,0),(142,0),(143,0),(144,0),(145,0),(146,0),(147,0),(148,0),(149,0),(150,0),(151,0),(152,0),(153,0),(154,0),(155,0),(156,0),(157,0),(158,0),(159,0),(160,0),(161,0),(162,0),(163,0),(164,0),(165,0),(166,0),(167,0),(168,0),(169,0),(170,0),(171,0),(172,0),(114,1),(115,1),(116,1),(117,1),(118,1),(119,1),(120,1),(121,1),(122,1),(123,1),(124,1),(125,1),(126,1),(127,1),(128,1),(129,1),(130,1),(131,1),(132,1),(133,1),(134,1),(135,1),(136,1),(137,1),(138,1),(139,1),(140,1),(141,1),(142,1),(143,1),(144,1),(145,1),(146,1),(147,1),(148,1),(149,1),(150,1),(151,1),(152,1),(153,1),(154,1),(155,1),(156,1),(157,1),(158,1),(159,1),(160,1),(161,1),(162,1),(163,1),(164,1),(165,1),(166,1),(167,1),(168,1),(169,1),(170,1),(171,1),(172,1);

--
-- Table structure for table `sales_bestsellers_aggregated_daily`
--

CREATE TABLE `sales_bestsellers_aggregated_daily` (
  `id` int(10) unsigned NOT NULL AUTO_INCREMENT COMMENT 'Id',
  `period` date DEFAULT NULL COMMENT 'Period',
  `store_id` smallint(5) unsigned DEFAULT NULL COMMENT 'Store Id',
  `product_id` int(10) unsigned DEFAULT NULL COMMENT 'Product Id',
  `product_name` varchar(255) DEFAULT NULL COMMENT 'Product Name',
  `product_price` decimal(12,4) NOT NULL DEFAULT '0.0000' COMMENT 'Product Price',
  `qty_ordered` decimal(12,4) NOT NULL DEFAULT '0.0000' COMMENT 'Qty Ordered',
  `rating_pos` smallint(5) unsigned NOT NULL COMMENT 'Rating Pos',
  PRIMARY KEY (`id`),
  UNIQUE KEY `UNQ_SALES_BESTSELLERS_AGGRED_DAILY_PERIOD_STORE_ID_PRD_ID` (`period`,`store_id`,`product_id`),
  KEY `IDX_SALES_BESTSELLERS_AGGREGATED_DAILY_STORE_ID` (`store_id`),
  KEY `IDX_SALES_BESTSELLERS_AGGREGATED_DAILY_PRODUCT_ID` (`product_id`),
  CONSTRAINT `FK_SALES_BESTSELLERS_AGGRED_DAILY_PRD_ID_CAT_PRD_ENTT_ENTT_ID` FOREIGN KEY (`product_id`) REFERENCES `catalog_product_entity` (`entity_id`) ON DELETE CASCADE ON UPDATE CASCADE,
  CONSTRAINT `FK_SALES_BESTSELLERS_AGGRED_DAILY_STORE_ID_CORE_STORE_STORE_ID` FOREIGN KEY (`store_id`) REFERENCES `core_store` (`store_id`) ON DELETE CASCADE ON UPDATE CASCADE
) ENGINE=InnoDB DEFAULT CHARSET=utf8 COMMENT='Sales Bestsellers Aggregated Daily';

--
-- Dumping data for table `sales_bestsellers_aggregated_daily`
--


--
-- Table structure for table `sales_bestsellers_aggregated_monthly`
--

CREATE TABLE `sales_bestsellers_aggregated_monthly` (
  `id` int(10) unsigned NOT NULL AUTO_INCREMENT COMMENT 'Id',
  `period` date DEFAULT NULL COMMENT 'Period',
  `store_id` smallint(5) unsigned DEFAULT NULL COMMENT 'Store Id',
  `product_id` int(10) unsigned DEFAULT NULL COMMENT 'Product Id',
  `product_name` varchar(255) DEFAULT NULL COMMENT 'Product Name',
  `product_price` decimal(12,4) NOT NULL DEFAULT '0.0000' COMMENT 'Product Price',
  `qty_ordered` decimal(12,4) NOT NULL DEFAULT '0.0000' COMMENT 'Qty Ordered',
  `rating_pos` smallint(5) unsigned NOT NULL COMMENT 'Rating Pos',
  PRIMARY KEY (`id`),
  UNIQUE KEY `UNQ_SALES_BESTSELLERS_AGGRED_MONTHLY_PERIOD_STORE_ID_PRD_ID` (`period`,`store_id`,`product_id`),
  KEY `IDX_SALES_BESTSELLERS_AGGREGATED_MONTHLY_STORE_ID` (`store_id`),
  KEY `IDX_SALES_BESTSELLERS_AGGREGATED_MONTHLY_PRODUCT_ID` (`product_id`),
  CONSTRAINT `FK_SALES_BESTSELLERS_AGGRED_MONTHLY_PRD_ID_CAT_PRD_ENTT_ENTT_ID` FOREIGN KEY (`product_id`) REFERENCES `catalog_product_entity` (`entity_id`) ON DELETE CASCADE ON UPDATE CASCADE,
  CONSTRAINT `FK_SALES_BESTSELLERS_AGGRED_MONTHLY_STORE_ID_CORE_STORE_STORE_ID` FOREIGN KEY (`store_id`) REFERENCES `core_store` (`store_id`) ON DELETE CASCADE ON UPDATE CASCADE
) ENGINE=InnoDB DEFAULT CHARSET=utf8 COMMENT='Sales Bestsellers Aggregated Monthly';

--
-- Dumping data for table `sales_bestsellers_aggregated_monthly`
--


--
-- Table structure for table `sales_bestsellers_aggregated_yearly`
--

CREATE TABLE `sales_bestsellers_aggregated_yearly` (
  `id` int(10) unsigned NOT NULL AUTO_INCREMENT COMMENT 'Id',
  `period` date DEFAULT NULL COMMENT 'Period',
  `store_id` smallint(5) unsigned DEFAULT NULL COMMENT 'Store Id',
  `product_id` int(10) unsigned DEFAULT NULL COMMENT 'Product Id',
  `product_name` varchar(255) DEFAULT NULL COMMENT 'Product Name',
  `product_price` decimal(12,4) NOT NULL DEFAULT '0.0000' COMMENT 'Product Price',
  `qty_ordered` decimal(12,4) NOT NULL DEFAULT '0.0000' COMMENT 'Qty Ordered',
  `rating_pos` smallint(5) unsigned NOT NULL COMMENT 'Rating Pos',
  PRIMARY KEY (`id`),
  UNIQUE KEY `UNQ_SALES_BESTSELLERS_AGGRED_YEARLY_PERIOD_STORE_ID_PRD_ID` (`period`,`store_id`,`product_id`),
  KEY `IDX_SALES_BESTSELLERS_AGGREGATED_YEARLY_STORE_ID` (`store_id`),
  KEY `IDX_SALES_BESTSELLERS_AGGREGATED_YEARLY_PRODUCT_ID` (`product_id`),
  CONSTRAINT `FK_SALES_BESTSELLERS_AGGRED_YEARLY_PRD_ID_CAT_PRD_ENTT_ENTT_ID` FOREIGN KEY (`product_id`) REFERENCES `catalog_product_entity` (`entity_id`) ON DELETE CASCADE ON UPDATE CASCADE,
  CONSTRAINT `FK_SALES_BESTSELLERS_AGGRED_YEARLY_STORE_ID_CORE_STORE_STORE_ID` FOREIGN KEY (`store_id`) REFERENCES `core_store` (`store_id`) ON DELETE CASCADE ON UPDATE CASCADE
) ENGINE=InnoDB DEFAULT CHARSET=utf8 COMMENT='Sales Bestsellers Aggregated Yearly';

--
-- Dumping data for table `sales_bestsellers_aggregated_yearly`
--


--
-- Table structure for table `sales_billing_agreement`
--

CREATE TABLE `sales_billing_agreement` (
  `agreement_id` int(10) unsigned NOT NULL AUTO_INCREMENT COMMENT 'Agreement Id',
  `customer_id` int(10) unsigned NOT NULL COMMENT 'Customer Id',
  `method_code` varchar(32) NOT NULL COMMENT 'Method Code',
  `reference_id` varchar(32) NOT NULL COMMENT 'Reference Id',
  `status` varchar(20) NOT NULL COMMENT 'Status',
  `created_at` timestamp NOT NULL DEFAULT CURRENT_TIMESTAMP ON UPDATE CURRENT_TIMESTAMP COMMENT 'Created At',
  `updated_at` timestamp NULL DEFAULT NULL COMMENT 'Updated At',
  `store_id` smallint(5) unsigned DEFAULT NULL COMMENT 'Store Id',
  `agreement_label` varchar(255) DEFAULT NULL COMMENT 'Agreement Label',
  PRIMARY KEY (`agreement_id`),
  KEY `IDX_SALES_BILLING_AGREEMENT_CUSTOMER_ID` (`customer_id`),
  KEY `IDX_SALES_BILLING_AGREEMENT_STORE_ID` (`store_id`),
  CONSTRAINT `FK_SALES_BILLING_AGREEMENT_CUSTOMER_ID_CUSTOMER_ENTITY_ENTITY_ID` FOREIGN KEY (`customer_id`) REFERENCES `customer_entity` (`entity_id`) ON DELETE CASCADE ON UPDATE CASCADE,
  CONSTRAINT `FK_SALES_BILLING_AGREEMENT_STORE_ID_CORE_STORE_STORE_ID` FOREIGN KEY (`store_id`) REFERENCES `core_store` (`store_id`) ON DELETE SET NULL ON UPDATE CASCADE
) ENGINE=InnoDB DEFAULT CHARSET=utf8 COMMENT='Sales Billing Agreement';

--
-- Dumping data for table `sales_billing_agreement`
--


--
-- Table structure for table `sales_billing_agreement_order`
--

CREATE TABLE `sales_billing_agreement_order` (
  `agreement_id` int(10) unsigned NOT NULL COMMENT 'Agreement Id',
  `order_id` int(10) unsigned NOT NULL COMMENT 'Order Id',
  PRIMARY KEY (`agreement_id`,`order_id`),
  KEY `IDX_SALES_BILLING_AGREEMENT_ORDER_ORDER_ID` (`order_id`),
  CONSTRAINT `FK_SALES_BILLING_AGRT_ORDER_AGRT_ID_SALES_BILLING_AGRT_AGRT_ID` FOREIGN KEY (`agreement_id`) REFERENCES `sales_billing_agreement` (`agreement_id`) ON DELETE CASCADE ON UPDATE CASCADE,
  CONSTRAINT `FK_SALES_BILLING_AGRT_ORDER_ORDER_ID_SALES_FLAT_ORDER_ENTT_ID` FOREIGN KEY (`order_id`) REFERENCES `sales_flat_order` (`entity_id`) ON DELETE CASCADE ON UPDATE CASCADE
) ENGINE=InnoDB DEFAULT CHARSET=utf8 COMMENT='Sales Billing Agreement Order';

--
-- Dumping data for table `sales_billing_agreement_order`
--


--
-- Table structure for table `sales_flat_creditmemo`
--

CREATE TABLE `sales_flat_creditmemo` (
  `entity_id` int(10) unsigned NOT NULL AUTO_INCREMENT COMMENT 'Entity Id',
  `store_id` smallint(5) unsigned DEFAULT NULL COMMENT 'Store Id',
  `adjustment_positive` decimal(12,4) DEFAULT NULL COMMENT 'Adjustment Positive',
  `base_shipping_tax_amount` decimal(12,4) DEFAULT NULL COMMENT 'Base Shipping Tax Amount',
  `store_to_order_rate` decimal(12,4) DEFAULT NULL COMMENT 'Store To Order Rate',
  `base_discount_amount` decimal(12,4) DEFAULT NULL COMMENT 'Base Discount Amount',
  `base_to_order_rate` decimal(12,4) DEFAULT NULL COMMENT 'Base To Order Rate',
  `grand_total` decimal(12,4) DEFAULT NULL COMMENT 'Grand Total',
  `base_adjustment_negative` decimal(12,4) DEFAULT NULL COMMENT 'Base Adjustment Negative',
  `base_subtotal_incl_tax` decimal(12,4) DEFAULT NULL COMMENT 'Base Subtotal Incl Tax',
  `shipping_amount` decimal(12,4) DEFAULT NULL COMMENT 'Shipping Amount',
  `subtotal_incl_tax` decimal(12,4) DEFAULT NULL COMMENT 'Subtotal Incl Tax',
  `adjustment_negative` decimal(12,4) DEFAULT NULL COMMENT 'Adjustment Negative',
  `base_shipping_amount` decimal(12,4) DEFAULT NULL COMMENT 'Base Shipping Amount',
  `store_to_base_rate` decimal(12,4) DEFAULT NULL COMMENT 'Store To Base Rate',
  `base_to_global_rate` decimal(12,4) DEFAULT NULL COMMENT 'Base To Global Rate',
  `base_adjustment` decimal(12,4) DEFAULT NULL COMMENT 'Base Adjustment',
  `base_subtotal` decimal(12,4) DEFAULT NULL COMMENT 'Base Subtotal',
  `discount_amount` decimal(12,4) DEFAULT NULL COMMENT 'Discount Amount',
  `subtotal` decimal(12,4) DEFAULT NULL COMMENT 'Subtotal',
  `adjustment` decimal(12,4) DEFAULT NULL COMMENT 'Adjustment',
  `base_grand_total` decimal(12,4) DEFAULT NULL COMMENT 'Base Grand Total',
  `base_adjustment_positive` decimal(12,4) DEFAULT NULL COMMENT 'Base Adjustment Positive',
  `base_tax_amount` decimal(12,4) DEFAULT NULL COMMENT 'Base Tax Amount',
  `shipping_tax_amount` decimal(12,4) DEFAULT NULL COMMENT 'Shipping Tax Amount',
  `tax_amount` decimal(12,4) DEFAULT NULL COMMENT 'Tax Amount',
  `order_id` int(10) unsigned NOT NULL COMMENT 'Order Id',
  `email_sent` smallint(5) unsigned DEFAULT NULL COMMENT 'Email Sent',
  `creditmemo_status` int(11) DEFAULT NULL COMMENT 'Creditmemo Status',
  `state` int(11) DEFAULT NULL COMMENT 'State',
  `shipping_address_id` int(11) DEFAULT NULL COMMENT 'Shipping Address Id',
  `billing_address_id` int(11) DEFAULT NULL COMMENT 'Billing Address Id',
  `invoice_id` int(11) DEFAULT NULL COMMENT 'Invoice Id',
  `cybersource_token` varchar(255) DEFAULT NULL,
  `store_currency_code` varchar(3) DEFAULT NULL COMMENT 'Store Currency Code',
  `order_currency_code` varchar(3) DEFAULT NULL COMMENT 'Order Currency Code',
  `base_currency_code` varchar(3) DEFAULT NULL COMMENT 'Base Currency Code',
  `global_currency_code` varchar(3) DEFAULT NULL COMMENT 'Global Currency Code',
  `transaction_id` varchar(255) DEFAULT NULL COMMENT 'Transaction Id',
  `increment_id` varchar(50) DEFAULT NULL COMMENT 'Increment Id',
  `created_at` timestamp NULL DEFAULT NULL COMMENT 'Created At',
  `updated_at` timestamp NULL DEFAULT NULL COMMENT 'Updated At',
  `hidden_tax_amount` decimal(12,4) DEFAULT NULL COMMENT 'Hidden Tax Amount',
  `base_hidden_tax_amount` decimal(12,4) DEFAULT NULL COMMENT 'Base Hidden Tax Amount',
  `shipping_hidden_tax_amount` decimal(12,4) DEFAULT NULL COMMENT 'Shipping Hidden Tax Amount',
  `base_shipping_hidden_tax_amnt` decimal(12,4) DEFAULT NULL COMMENT 'Base Shipping Hidden Tax Amount',
  `shipping_incl_tax` decimal(12,4) DEFAULT NULL COMMENT 'Shipping Incl Tax',
  `base_shipping_incl_tax` decimal(12,4) DEFAULT NULL COMMENT 'Base Shipping Incl Tax',
  PRIMARY KEY (`entity_id`),
  UNIQUE KEY `UNQ_SALES_FLAT_CREDITMEMO_INCREMENT_ID` (`increment_id`),
  KEY `IDX_SALES_FLAT_CREDITMEMO_STORE_ID` (`store_id`),
  KEY `IDX_SALES_FLAT_CREDITMEMO_ORDER_ID` (`order_id`),
  KEY `IDX_SALES_FLAT_CREDITMEMO_CREDITMEMO_STATUS` (`creditmemo_status`),
  KEY `IDX_SALES_FLAT_CREDITMEMO_STATE` (`state`),
  KEY `IDX_SALES_FLAT_CREDITMEMO_CREATED_AT` (`created_at`),
  CONSTRAINT `FK_SALES_FLAT_CREDITMEMO_ORDER_ID_SALES_FLAT_ORDER_ENTITY_ID` FOREIGN KEY (`order_id`) REFERENCES `sales_flat_order` (`entity_id`) ON DELETE CASCADE ON UPDATE CASCADE,
  CONSTRAINT `FK_SALES_FLAT_CREDITMEMO_STORE_ID_CORE_STORE_STORE_ID` FOREIGN KEY (`store_id`) REFERENCES `core_store` (`store_id`) ON DELETE SET NULL ON UPDATE CASCADE
) ENGINE=InnoDB DEFAULT CHARSET=utf8 COMMENT='Sales Flat Creditmemo';

--
-- Dumping data for table `sales_flat_creditmemo`
--


--
-- Table structure for table `sales_flat_creditmemo_comment`
--

CREATE TABLE `sales_flat_creditmemo_comment` (
  `entity_id` int(10) unsigned NOT NULL AUTO_INCREMENT COMMENT 'Entity Id',
  `parent_id` int(10) unsigned NOT NULL COMMENT 'Parent Id',
  `is_customer_notified` int(11) DEFAULT NULL COMMENT 'Is Customer Notified',
  `is_visible_on_front` smallint(5) unsigned NOT NULL COMMENT 'Is Visible On Front',
  `comment` text COMMENT 'Comment',
  `created_at` timestamp NULL DEFAULT NULL COMMENT 'Created At',
  PRIMARY KEY (`entity_id`),
  KEY `IDX_SALES_FLAT_CREDITMEMO_COMMENT_CREATED_AT` (`created_at`),
  KEY `IDX_SALES_FLAT_CREDITMEMO_COMMENT_PARENT_ID` (`parent_id`),
  CONSTRAINT `FK_B0FCB0B5467075BE63D474F2CD5F7804` FOREIGN KEY (`parent_id`) REFERENCES `sales_flat_creditmemo` (`entity_id`) ON DELETE CASCADE ON UPDATE CASCADE
) ENGINE=InnoDB DEFAULT CHARSET=utf8 COMMENT='Sales Flat Creditmemo Comment';

--
-- Dumping data for table `sales_flat_creditmemo_comment`
--


--
-- Table structure for table `sales_flat_creditmemo_grid`
--

CREATE TABLE `sales_flat_creditmemo_grid` (
  `entity_id` int(10) unsigned NOT NULL COMMENT 'Entity Id',
  `store_id` smallint(5) unsigned DEFAULT NULL COMMENT 'Store Id',
  `store_to_order_rate` decimal(12,4) DEFAULT NULL COMMENT 'Store To Order Rate',
  `base_to_order_rate` decimal(12,4) DEFAULT NULL COMMENT 'Base To Order Rate',
  `grand_total` decimal(12,4) DEFAULT NULL COMMENT 'Grand Total',
  `store_to_base_rate` decimal(12,4) DEFAULT NULL COMMENT 'Store To Base Rate',
  `base_to_global_rate` decimal(12,4) DEFAULT NULL COMMENT 'Base To Global Rate',
  `base_grand_total` decimal(12,4) DEFAULT NULL COMMENT 'Base Grand Total',
  `order_id` int(10) unsigned NOT NULL COMMENT 'Order Id',
  `creditmemo_status` int(11) DEFAULT NULL COMMENT 'Creditmemo Status',
  `state` int(11) DEFAULT NULL COMMENT 'State',
  `invoice_id` int(11) DEFAULT NULL COMMENT 'Invoice Id',
  `store_currency_code` varchar(3) DEFAULT NULL COMMENT 'Store Currency Code',
  `order_currency_code` varchar(3) DEFAULT NULL COMMENT 'Order Currency Code',
  `base_currency_code` varchar(3) DEFAULT NULL COMMENT 'Base Currency Code',
  `global_currency_code` varchar(3) DEFAULT NULL COMMENT 'Global Currency Code',
  `increment_id` varchar(50) DEFAULT NULL COMMENT 'Increment Id',
  `order_increment_id` varchar(50) DEFAULT NULL COMMENT 'Order Increment Id',
  `created_at` timestamp NULL DEFAULT NULL COMMENT 'Created At',
  `order_created_at` timestamp NULL DEFAULT NULL COMMENT 'Order Created At',
  `billing_name` varchar(255) DEFAULT NULL COMMENT 'Billing Name',
  PRIMARY KEY (`entity_id`),
  UNIQUE KEY `UNQ_SALES_FLAT_CREDITMEMO_GRID_INCREMENT_ID` (`increment_id`),
  KEY `IDX_SALES_FLAT_CREDITMEMO_GRID_STORE_ID` (`store_id`),
  KEY `IDX_SALES_FLAT_CREDITMEMO_GRID_GRAND_TOTAL` (`grand_total`),
  KEY `IDX_SALES_FLAT_CREDITMEMO_GRID_BASE_GRAND_TOTAL` (`base_grand_total`),
  KEY `IDX_SALES_FLAT_CREDITMEMO_GRID_ORDER_ID` (`order_id`),
  KEY `IDX_SALES_FLAT_CREDITMEMO_GRID_CREDITMEMO_STATUS` (`creditmemo_status`),
  KEY `IDX_SALES_FLAT_CREDITMEMO_GRID_STATE` (`state`),
  KEY `IDX_SALES_FLAT_CREDITMEMO_GRID_ORDER_INCREMENT_ID` (`order_increment_id`),
  KEY `IDX_SALES_FLAT_CREDITMEMO_GRID_CREATED_AT` (`created_at`),
  KEY `IDX_SALES_FLAT_CREDITMEMO_GRID_ORDER_CREATED_AT` (`order_created_at`),
  KEY `IDX_SALES_FLAT_CREDITMEMO_GRID_BILLING_NAME` (`billing_name`),
  CONSTRAINT `FK_78C711B225167A11CC077B03D1C8E1CC` FOREIGN KEY (`entity_id`) REFERENCES `sales_flat_creditmemo` (`entity_id`) ON DELETE CASCADE ON UPDATE CASCADE,
  CONSTRAINT `FK_SALES_FLAT_CREDITMEMO_GRID_STORE_ID_CORE_STORE_STORE_ID` FOREIGN KEY (`store_id`) REFERENCES `core_store` (`store_id`) ON DELETE CASCADE ON UPDATE CASCADE
) ENGINE=InnoDB DEFAULT CHARSET=utf8 COMMENT='Sales Flat Creditmemo Grid';

--
-- Dumping data for table `sales_flat_creditmemo_grid`
--


--
-- Table structure for table `sales_flat_creditmemo_item`
--

CREATE TABLE `sales_flat_creditmemo_item` (
  `entity_id` int(10) unsigned NOT NULL AUTO_INCREMENT COMMENT 'Entity Id',
  `parent_id` int(10) unsigned NOT NULL COMMENT 'Parent Id',
  `weee_tax_applied_row_amount` decimal(12,4) DEFAULT NULL COMMENT 'Weee Tax Applied Row Amount',
  `base_price` decimal(12,4) DEFAULT NULL COMMENT 'Base Price',
  `base_weee_tax_row_disposition` decimal(12,4) DEFAULT NULL COMMENT 'Base Weee Tax Row Disposition',
  `tax_amount` decimal(12,4) DEFAULT NULL COMMENT 'Tax Amount',
  `base_weee_tax_applied_amount` decimal(12,4) DEFAULT NULL COMMENT 'Base Weee Tax Applied Amount',
  `weee_tax_row_disposition` decimal(12,4) DEFAULT NULL COMMENT 'Weee Tax Row Disposition',
  `base_row_total` decimal(12,4) DEFAULT NULL COMMENT 'Base Row Total',
  `discount_amount` decimal(12,4) DEFAULT NULL COMMENT 'Discount Amount',
  `row_total` decimal(12,4) DEFAULT NULL COMMENT 'Row Total',
  `weee_tax_applied_amount` decimal(12,4) DEFAULT NULL COMMENT 'Weee Tax Applied Amount',
  `base_discount_amount` decimal(12,4) DEFAULT NULL COMMENT 'Base Discount Amount',
  `base_weee_tax_disposition` decimal(12,4) DEFAULT NULL COMMENT 'Base Weee Tax Disposition',
  `price_incl_tax` decimal(12,4) DEFAULT NULL COMMENT 'Price Incl Tax',
  `base_tax_amount` decimal(12,4) DEFAULT NULL COMMENT 'Base Tax Amount',
  `weee_tax_disposition` decimal(12,4) DEFAULT NULL COMMENT 'Weee Tax Disposition',
  `base_price_incl_tax` decimal(12,4) DEFAULT NULL COMMENT 'Base Price Incl Tax',
  `qty` decimal(12,4) DEFAULT NULL COMMENT 'Qty',
  `base_cost` decimal(12,4) DEFAULT NULL COMMENT 'Base Cost',
  `base_weee_tax_applied_row_amnt` decimal(12,4) DEFAULT NULL COMMENT 'Base Weee Tax Applied Row Amnt',
  `price` decimal(12,4) DEFAULT NULL COMMENT 'Price',
  `base_row_total_incl_tax` decimal(12,4) DEFAULT NULL COMMENT 'Base Row Total Incl Tax',
  `row_total_incl_tax` decimal(12,4) DEFAULT NULL COMMENT 'Row Total Incl Tax',
  `product_id` int(11) DEFAULT NULL COMMENT 'Product Id',
  `order_item_id` int(11) DEFAULT NULL COMMENT 'Order Item Id',
  `additional_data` text COMMENT 'Additional Data',
  `description` text COMMENT 'Description',
  `weee_tax_applied` text COMMENT 'Weee Tax Applied',
  `sku` varchar(255) DEFAULT NULL COMMENT 'Sku',
  `name` varchar(255) DEFAULT NULL COMMENT 'Name',
  `hidden_tax_amount` decimal(12,4) DEFAULT NULL COMMENT 'Hidden Tax Amount',
  `base_hidden_tax_amount` decimal(12,4) DEFAULT NULL COMMENT 'Base Hidden Tax Amount',
  PRIMARY KEY (`entity_id`),
  KEY `IDX_SALES_FLAT_CREDITMEMO_ITEM_PARENT_ID` (`parent_id`),
  CONSTRAINT `FK_306DAC836C699F0B5E13BE486557AC8A` FOREIGN KEY (`parent_id`) REFERENCES `sales_flat_creditmemo` (`entity_id`) ON DELETE CASCADE ON UPDATE CASCADE
) ENGINE=InnoDB DEFAULT CHARSET=utf8 COMMENT='Sales Flat Creditmemo Item';

--
-- Dumping data for table `sales_flat_creditmemo_item`
--


--
-- Table structure for table `sales_flat_invoice`
--

CREATE TABLE `sales_flat_invoice` (
  `entity_id` int(10) unsigned NOT NULL AUTO_INCREMENT COMMENT 'Entity Id',
  `store_id` smallint(5) unsigned DEFAULT NULL COMMENT 'Store Id',
  `base_grand_total` decimal(12,4) DEFAULT NULL COMMENT 'Base Grand Total',
  `shipping_tax_amount` decimal(12,4) DEFAULT NULL COMMENT 'Shipping Tax Amount',
  `tax_amount` decimal(12,4) DEFAULT NULL COMMENT 'Tax Amount',
  `base_tax_amount` decimal(12,4) DEFAULT NULL COMMENT 'Base Tax Amount',
  `store_to_order_rate` decimal(12,4) DEFAULT NULL COMMENT 'Store To Order Rate',
  `base_shipping_tax_amount` decimal(12,4) DEFAULT NULL COMMENT 'Base Shipping Tax Amount',
  `base_discount_amount` decimal(12,4) DEFAULT NULL COMMENT 'Base Discount Amount',
  `base_to_order_rate` decimal(12,4) DEFAULT NULL COMMENT 'Base To Order Rate',
  `grand_total` decimal(12,4) DEFAULT NULL COMMENT 'Grand Total',
  `shipping_amount` decimal(12,4) DEFAULT NULL COMMENT 'Shipping Amount',
  `subtotal_incl_tax` decimal(12,4) DEFAULT NULL COMMENT 'Subtotal Incl Tax',
  `base_subtotal_incl_tax` decimal(12,4) DEFAULT NULL COMMENT 'Base Subtotal Incl Tax',
  `store_to_base_rate` decimal(12,4) DEFAULT NULL COMMENT 'Store To Base Rate',
  `base_shipping_amount` decimal(12,4) DEFAULT NULL COMMENT 'Base Shipping Amount',
  `total_qty` decimal(12,4) DEFAULT NULL COMMENT 'Total Qty',
  `base_to_global_rate` decimal(12,4) DEFAULT NULL COMMENT 'Base To Global Rate',
  `subtotal` decimal(12,4) DEFAULT NULL COMMENT 'Subtotal',
  `base_subtotal` decimal(12,4) DEFAULT NULL COMMENT 'Base Subtotal',
  `discount_amount` decimal(12,4) DEFAULT NULL COMMENT 'Discount Amount',
  `billing_address_id` int(11) DEFAULT NULL COMMENT 'Billing Address Id',
  `is_used_for_refund` smallint(5) unsigned DEFAULT NULL COMMENT 'Is Used For Refund',
  `order_id` int(10) unsigned NOT NULL COMMENT 'Order Id',
  `email_sent` smallint(5) unsigned DEFAULT NULL COMMENT 'Email Sent',
  `can_void_flag` smallint(5) unsigned DEFAULT NULL COMMENT 'Can Void Flag',
  `state` int(11) DEFAULT NULL COMMENT 'State',
  `shipping_address_id` int(11) DEFAULT NULL COMMENT 'Shipping Address Id',
  `cybersource_token` varchar(255) DEFAULT NULL,
  `store_currency_code` varchar(3) DEFAULT NULL COMMENT 'Store Currency Code',
  `transaction_id` varchar(255) DEFAULT NULL COMMENT 'Transaction Id',
  `order_currency_code` varchar(3) DEFAULT NULL COMMENT 'Order Currency Code',
  `base_currency_code` varchar(3) DEFAULT NULL COMMENT 'Base Currency Code',
  `global_currency_code` varchar(3) DEFAULT NULL COMMENT 'Global Currency Code',
  `increment_id` varchar(50) DEFAULT NULL COMMENT 'Increment Id',
  `created_at` timestamp NULL DEFAULT NULL COMMENT 'Created At',
  `updated_at` timestamp NULL DEFAULT NULL COMMENT 'Updated At',
  `customer_id` int(11) DEFAULT NULL,
  `invoice_status_id` int(11) DEFAULT NULL,
  `invoice_type` int(11) DEFAULT NULL,
  `is_virtual` int(11) DEFAULT NULL,
  `real_order_id` varchar(255) DEFAULT NULL,
  `total_due` decimal(12,4) DEFAULT NULL,
  `total_paid` decimal(12,4) DEFAULT NULL,
  `hidden_tax_amount` decimal(12,4) DEFAULT NULL COMMENT 'Hidden Tax Amount',
  `base_hidden_tax_amount` decimal(12,4) DEFAULT NULL COMMENT 'Base Hidden Tax Amount',
  `shipping_hidden_tax_amount` decimal(12,4) DEFAULT NULL COMMENT 'Shipping Hidden Tax Amount',
  `base_shipping_hidden_tax_amnt` decimal(12,4) DEFAULT NULL COMMENT 'Base Shipping Hidden Tax Amount',
  `shipping_incl_tax` decimal(12,4) DEFAULT NULL COMMENT 'Shipping Incl Tax',
  `base_shipping_incl_tax` decimal(12,4) DEFAULT NULL COMMENT 'Base Shipping Incl Tax',
  `base_total_refunded` decimal(12,4) DEFAULT NULL COMMENT 'Base Total Refunded',
  PRIMARY KEY (`entity_id`),
  UNIQUE KEY `UNQ_SALES_FLAT_INVOICE_INCREMENT_ID` (`increment_id`),
  KEY `IDX_SALES_FLAT_INVOICE_STORE_ID` (`store_id`),
  KEY `IDX_SALES_FLAT_INVOICE_GRAND_TOTAL` (`grand_total`),
  KEY `IDX_SALES_FLAT_INVOICE_ORDER_ID` (`order_id`),
  KEY `IDX_SALES_FLAT_INVOICE_STATE` (`state`),
  KEY `IDX_SALES_FLAT_INVOICE_CREATED_AT` (`created_at`),
  CONSTRAINT `FK_SALES_FLAT_INVOICE_ORDER_ID_SALES_FLAT_ORDER_ENTITY_ID` FOREIGN KEY (`order_id`) REFERENCES `sales_flat_order` (`entity_id`) ON DELETE CASCADE ON UPDATE CASCADE,
  CONSTRAINT `FK_SALES_FLAT_INVOICE_STORE_ID_CORE_STORE_STORE_ID` FOREIGN KEY (`store_id`) REFERENCES `core_store` (`store_id`) ON DELETE SET NULL ON UPDATE CASCADE
) ENGINE=InnoDB DEFAULT CHARSET=utf8 COMMENT='Sales Flat Invoice';

--
-- Dumping data for table `sales_flat_invoice`
--


--
-- Table structure for table `sales_flat_invoice_comment`
--

CREATE TABLE `sales_flat_invoice_comment` (
  `entity_id` int(10) unsigned NOT NULL AUTO_INCREMENT COMMENT 'Entity Id',
  `parent_id` int(10) unsigned NOT NULL COMMENT 'Parent Id',
  `is_customer_notified` smallint(5) unsigned DEFAULT NULL COMMENT 'Is Customer Notified',
  `is_visible_on_front` smallint(5) unsigned NOT NULL COMMENT 'Is Visible On Front',
  `comment` text COMMENT 'Comment',
  `created_at` timestamp NULL DEFAULT NULL COMMENT 'Created At',
  PRIMARY KEY (`entity_id`),
  KEY `IDX_SALES_FLAT_INVOICE_COMMENT_CREATED_AT` (`created_at`),
  KEY `IDX_SALES_FLAT_INVOICE_COMMENT_PARENT_ID` (`parent_id`),
  CONSTRAINT `FK_5C4B36BBE5231A76AB8018B281ED50BC` FOREIGN KEY (`parent_id`) REFERENCES `sales_flat_invoice` (`entity_id`) ON DELETE CASCADE ON UPDATE CASCADE
) ENGINE=InnoDB DEFAULT CHARSET=utf8 COMMENT='Sales Flat Invoice Comment';

--
-- Dumping data for table `sales_flat_invoice_comment`
--


--
-- Table structure for table `sales_flat_invoice_grid`
--

CREATE TABLE `sales_flat_invoice_grid` (
  `entity_id` int(10) unsigned NOT NULL COMMENT 'Entity Id',
  `store_id` smallint(5) unsigned DEFAULT NULL COMMENT 'Store Id',
  `base_grand_total` decimal(12,4) DEFAULT NULL COMMENT 'Base Grand Total',
  `grand_total` decimal(12,4) DEFAULT NULL COMMENT 'Grand Total',
  `order_id` int(10) unsigned NOT NULL COMMENT 'Order Id',
  `state` int(11) DEFAULT NULL COMMENT 'State',
  `store_currency_code` varchar(3) DEFAULT NULL COMMENT 'Store Currency Code',
  `order_currency_code` varchar(3) DEFAULT NULL COMMENT 'Order Currency Code',
  `base_currency_code` varchar(3) DEFAULT NULL COMMENT 'Base Currency Code',
  `global_currency_code` varchar(3) DEFAULT NULL COMMENT 'Global Currency Code',
  `increment_id` varchar(50) DEFAULT NULL COMMENT 'Increment Id',
  `order_increment_id` varchar(50) DEFAULT NULL COMMENT 'Order Increment Id',
  `created_at` timestamp NULL DEFAULT NULL COMMENT 'Created At',
  `order_created_at` timestamp NULL DEFAULT NULL COMMENT 'Order Created At',
  `billing_name` varchar(255) DEFAULT NULL COMMENT 'Billing Name',
  PRIMARY KEY (`entity_id`),
  UNIQUE KEY `UNQ_SALES_FLAT_INVOICE_GRID_INCREMENT_ID` (`increment_id`),
  KEY `IDX_SALES_FLAT_INVOICE_GRID_STORE_ID` (`store_id`),
  KEY `IDX_SALES_FLAT_INVOICE_GRID_GRAND_TOTAL` (`grand_total`),
  KEY `IDX_SALES_FLAT_INVOICE_GRID_ORDER_ID` (`order_id`),
  KEY `IDX_SALES_FLAT_INVOICE_GRID_STATE` (`state`),
  KEY `IDX_SALES_FLAT_INVOICE_GRID_ORDER_INCREMENT_ID` (`order_increment_id`),
  KEY `IDX_SALES_FLAT_INVOICE_GRID_CREATED_AT` (`created_at`),
  KEY `IDX_SALES_FLAT_INVOICE_GRID_ORDER_CREATED_AT` (`order_created_at`),
  KEY `IDX_SALES_FLAT_INVOICE_GRID_BILLING_NAME` (`billing_name`),
  CONSTRAINT `FK_SALES_FLAT_INVOICE_GRID_ENTT_ID_SALES_FLAT_INVOICE_ENTT_ID` FOREIGN KEY (`entity_id`) REFERENCES `sales_flat_invoice` (`entity_id`) ON DELETE CASCADE ON UPDATE CASCADE,
  CONSTRAINT `FK_SALES_FLAT_INVOICE_GRID_STORE_ID_CORE_STORE_STORE_ID` FOREIGN KEY (`store_id`) REFERENCES `core_store` (`store_id`) ON DELETE SET NULL ON UPDATE CASCADE
) ENGINE=InnoDB DEFAULT CHARSET=utf8 COMMENT='Sales Flat Invoice Grid';

--
-- Dumping data for table `sales_flat_invoice_grid`
--


--
-- Table structure for table `sales_flat_invoice_item`
--

CREATE TABLE `sales_flat_invoice_item` (
  `entity_id` int(10) unsigned NOT NULL AUTO_INCREMENT COMMENT 'Entity Id',
  `parent_id` int(10) unsigned NOT NULL COMMENT 'Parent Id',
  `base_price` decimal(12,4) DEFAULT NULL COMMENT 'Base Price',
  `base_weee_tax_row_disposition` decimal(12,4) DEFAULT NULL COMMENT 'Base Weee Tax Row Disposition',
  `weee_tax_applied_row_amount` decimal(12,4) DEFAULT NULL COMMENT 'Weee Tax Applied Row Amount',
  `base_weee_tax_applied_amount` decimal(12,4) DEFAULT NULL COMMENT 'Base Weee Tax Applied Amount',
  `tax_amount` decimal(12,4) DEFAULT NULL COMMENT 'Tax Amount',
  `base_row_total` decimal(12,4) DEFAULT NULL COMMENT 'Base Row Total',
  `discount_amount` decimal(12,4) DEFAULT NULL COMMENT 'Discount Amount',
  `row_total` decimal(12,4) DEFAULT NULL COMMENT 'Row Total',
  `weee_tax_row_disposition` decimal(12,4) DEFAULT NULL COMMENT 'Weee Tax Row Disposition',
  `base_discount_amount` decimal(12,4) DEFAULT NULL COMMENT 'Base Discount Amount',
  `base_weee_tax_disposition` decimal(12,4) DEFAULT NULL COMMENT 'Base Weee Tax Disposition',
  `price_incl_tax` decimal(12,4) DEFAULT NULL COMMENT 'Price Incl Tax',
  `weee_tax_applied_amount` decimal(12,4) DEFAULT NULL COMMENT 'Weee Tax Applied Amount',
  `base_tax_amount` decimal(12,4) DEFAULT NULL COMMENT 'Base Tax Amount',
  `base_price_incl_tax` decimal(12,4) DEFAULT NULL COMMENT 'Base Price Incl Tax',
  `qty` decimal(12,4) DEFAULT NULL COMMENT 'Qty',
  `weee_tax_disposition` decimal(12,4) DEFAULT NULL COMMENT 'Weee Tax Disposition',
  `base_cost` decimal(12,4) DEFAULT NULL COMMENT 'Base Cost',
  `base_weee_tax_applied_row_amnt` decimal(12,4) DEFAULT NULL COMMENT 'Base Weee Tax Applied Row Amnt',
  `price` decimal(12,4) DEFAULT NULL COMMENT 'Price',
  `base_row_total_incl_tax` decimal(12,4) DEFAULT NULL COMMENT 'Base Row Total Incl Tax',
  `row_total_incl_tax` decimal(12,4) DEFAULT NULL COMMENT 'Row Total Incl Tax',
  `product_id` int(11) DEFAULT NULL COMMENT 'Product Id',
  `order_item_id` int(11) DEFAULT NULL COMMENT 'Order Item Id',
  `additional_data` text COMMENT 'Additional Data',
  `description` text COMMENT 'Description',
  `weee_tax_applied` text COMMENT 'Weee Tax Applied',
  `sku` varchar(255) DEFAULT NULL COMMENT 'Sku',
  `name` varchar(255) DEFAULT NULL COMMENT 'Name',
  `shipment_id` int(11) DEFAULT NULL,
  `hidden_tax_amount` decimal(12,4) DEFAULT NULL COMMENT 'Hidden Tax Amount',
  `base_hidden_tax_amount` decimal(12,4) DEFAULT NULL COMMENT 'Base Hidden Tax Amount',
  PRIMARY KEY (`entity_id`),
  KEY `IDX_SALES_FLAT_INVOICE_ITEM_PARENT_ID` (`parent_id`),
  CONSTRAINT `FK_SALES_FLAT_INVOICE_ITEM_PARENT_ID_SALES_FLAT_INVOICE_ENTT_ID` FOREIGN KEY (`parent_id`) REFERENCES `sales_flat_invoice` (`entity_id`) ON DELETE CASCADE ON UPDATE CASCADE
) ENGINE=InnoDB DEFAULT CHARSET=utf8 COMMENT='Sales Flat Invoice Item';

--
-- Dumping data for table `sales_flat_invoice_item`
--


--
-- Table structure for table `sales_flat_order`
--

CREATE TABLE `sales_flat_order` (
  `entity_id` int(10) unsigned NOT NULL AUTO_INCREMENT COMMENT 'Entity Id',
  `state` varchar(32) DEFAULT NULL COMMENT 'State',
  `status` varchar(32) DEFAULT NULL COMMENT 'Status',
  `coupon_code` varchar(255) DEFAULT NULL COMMENT 'Coupon Code',
  `protect_code` varchar(255) DEFAULT NULL COMMENT 'Protect Code',
  `shipping_description` varchar(255) DEFAULT NULL COMMENT 'Shipping Description',
  `is_virtual` smallint(5) unsigned DEFAULT NULL COMMENT 'Is Virtual',
  `store_id` smallint(5) unsigned DEFAULT NULL COMMENT 'Store Id',
  `customer_id` int(10) unsigned DEFAULT NULL COMMENT 'Customer Id',
  `base_discount_amount` decimal(12,4) DEFAULT NULL COMMENT 'Base Discount Amount',
  `base_discount_canceled` decimal(12,4) DEFAULT NULL COMMENT 'Base Discount Canceled',
  `base_discount_invoiced` decimal(12,4) DEFAULT NULL COMMENT 'Base Discount Invoiced',
  `base_discount_refunded` decimal(12,4) DEFAULT NULL COMMENT 'Base Discount Refunded',
  `base_grand_total` decimal(12,4) DEFAULT NULL COMMENT 'Base Grand Total',
  `base_shipping_amount` decimal(12,4) DEFAULT NULL COMMENT 'Base Shipping Amount',
  `base_shipping_canceled` decimal(12,4) DEFAULT NULL COMMENT 'Base Shipping Canceled',
  `base_shipping_invoiced` decimal(12,4) DEFAULT NULL COMMENT 'Base Shipping Invoiced',
  `base_shipping_refunded` decimal(12,4) DEFAULT NULL COMMENT 'Base Shipping Refunded',
  `base_shipping_tax_amount` decimal(12,4) DEFAULT NULL COMMENT 'Base Shipping Tax Amount',
  `base_shipping_tax_refunded` decimal(12,4) DEFAULT NULL COMMENT 'Base Shipping Tax Refunded',
  `base_subtotal` decimal(12,4) DEFAULT NULL COMMENT 'Base Subtotal',
  `base_subtotal_canceled` decimal(12,4) DEFAULT NULL COMMENT 'Base Subtotal Canceled',
  `base_subtotal_invoiced` decimal(12,4) DEFAULT NULL COMMENT 'Base Subtotal Invoiced',
  `base_subtotal_refunded` decimal(12,4) DEFAULT NULL COMMENT 'Base Subtotal Refunded',
  `base_tax_amount` decimal(12,4) DEFAULT NULL COMMENT 'Base Tax Amount',
  `base_tax_canceled` decimal(12,4) DEFAULT NULL COMMENT 'Base Tax Canceled',
  `base_tax_invoiced` decimal(12,4) DEFAULT NULL COMMENT 'Base Tax Invoiced',
  `base_tax_refunded` decimal(12,4) DEFAULT NULL COMMENT 'Base Tax Refunded',
  `base_to_global_rate` decimal(12,4) DEFAULT NULL COMMENT 'Base To Global Rate',
  `base_to_order_rate` decimal(12,4) DEFAULT NULL COMMENT 'Base To Order Rate',
  `base_total_canceled` decimal(12,4) DEFAULT NULL COMMENT 'Base Total Canceled',
  `base_total_invoiced` decimal(12,4) DEFAULT NULL COMMENT 'Base Total Invoiced',
  `base_total_invoiced_cost` decimal(12,4) DEFAULT NULL COMMENT 'Base Total Invoiced Cost',
  `base_total_offline_refunded` decimal(12,4) DEFAULT NULL COMMENT 'Base Total Offline Refunded',
  `base_total_online_refunded` decimal(12,4) DEFAULT NULL COMMENT 'Base Total Online Refunded',
  `base_total_paid` decimal(12,4) DEFAULT NULL COMMENT 'Base Total Paid',
  `base_total_qty_ordered` decimal(12,4) DEFAULT NULL COMMENT 'Base Total Qty Ordered',
  `base_total_refunded` decimal(12,4) DEFAULT NULL COMMENT 'Base Total Refunded',
  `discount_amount` decimal(12,4) DEFAULT NULL COMMENT 'Discount Amount',
  `discount_canceled` decimal(12,4) DEFAULT NULL COMMENT 'Discount Canceled',
  `discount_invoiced` decimal(12,4) DEFAULT NULL COMMENT 'Discount Invoiced',
  `discount_refunded` decimal(12,4) DEFAULT NULL COMMENT 'Discount Refunded',
  `grand_total` decimal(12,4) DEFAULT NULL COMMENT 'Grand Total',
  `shipping_amount` decimal(12,4) DEFAULT NULL COMMENT 'Shipping Amount',
  `shipping_canceled` decimal(12,4) DEFAULT NULL COMMENT 'Shipping Canceled',
  `shipping_invoiced` decimal(12,4) DEFAULT NULL COMMENT 'Shipping Invoiced',
  `shipping_refunded` decimal(12,4) DEFAULT NULL COMMENT 'Shipping Refunded',
  `shipping_tax_amount` decimal(12,4) DEFAULT NULL COMMENT 'Shipping Tax Amount',
  `shipping_tax_refunded` decimal(12,4) DEFAULT NULL COMMENT 'Shipping Tax Refunded',
  `store_to_base_rate` decimal(12,4) DEFAULT NULL COMMENT 'Store To Base Rate',
  `store_to_order_rate` decimal(12,4) DEFAULT NULL COMMENT 'Store To Order Rate',
  `subtotal` decimal(12,4) DEFAULT NULL COMMENT 'Subtotal',
  `subtotal_canceled` decimal(12,4) DEFAULT NULL COMMENT 'Subtotal Canceled',
  `subtotal_invoiced` decimal(12,4) DEFAULT NULL COMMENT 'Subtotal Invoiced',
  `subtotal_refunded` decimal(12,4) DEFAULT NULL COMMENT 'Subtotal Refunded',
  `tax_amount` decimal(12,4) DEFAULT NULL COMMENT 'Tax Amount',
  `tax_canceled` decimal(12,4) DEFAULT NULL COMMENT 'Tax Canceled',
  `tax_invoiced` decimal(12,4) DEFAULT NULL COMMENT 'Tax Invoiced',
  `tax_refunded` decimal(12,4) DEFAULT NULL COMMENT 'Tax Refunded',
  `total_canceled` decimal(12,4) DEFAULT NULL COMMENT 'Total Canceled',
  `total_invoiced` decimal(12,4) DEFAULT NULL COMMENT 'Total Invoiced',
  `total_offline_refunded` decimal(12,4) DEFAULT NULL COMMENT 'Total Offline Refunded',
  `total_online_refunded` decimal(12,4) DEFAULT NULL COMMENT 'Total Online Refunded',
  `total_paid` decimal(12,4) DEFAULT NULL COMMENT 'Total Paid',
  `total_qty_ordered` decimal(12,4) DEFAULT NULL COMMENT 'Total Qty Ordered',
  `total_refunded` decimal(12,4) DEFAULT NULL COMMENT 'Total Refunded',
  `can_ship_partially` smallint(5) unsigned DEFAULT NULL COMMENT 'Can Ship Partially',
  `can_ship_partially_item` smallint(5) unsigned DEFAULT NULL COMMENT 'Can Ship Partially Item',
  `customer_is_guest` smallint(5) unsigned DEFAULT NULL COMMENT 'Customer Is Guest',
  `customer_note_notify` smallint(5) unsigned DEFAULT NULL COMMENT 'Customer Note Notify',
  `billing_address_id` int(11) DEFAULT NULL COMMENT 'Billing Address Id',
  `customer_group_id` smallint(6) DEFAULT NULL COMMENT 'Customer Group Id',
  `edit_increment` int(11) DEFAULT NULL COMMENT 'Edit Increment',
  `email_sent` smallint(5) unsigned DEFAULT NULL COMMENT 'Email Sent',
  `forced_shipment_with_invoice` smallint(5) unsigned DEFAULT NULL COMMENT 'Forced Do Shipment With Invoice',
  `gift_message_id` int(11) DEFAULT NULL COMMENT 'Gift Message Id',
  `payment_auth_expiration` int(11) DEFAULT NULL COMMENT 'Payment Authorization Expiration',
  `paypal_ipn_customer_notified` int(11) DEFAULT NULL COMMENT 'Paypal Ipn Customer Notified',
  `quote_address_id` int(11) DEFAULT NULL COMMENT 'Quote Address Id',
  `quote_id` int(11) DEFAULT NULL COMMENT 'Quote Id',
  `shipping_address_id` int(11) DEFAULT NULL COMMENT 'Shipping Address Id',
  `adjustment_negative` decimal(12,4) DEFAULT NULL COMMENT 'Adjustment Negative',
  `adjustment_positive` decimal(12,4) DEFAULT NULL COMMENT 'Adjustment Positive',
  `base_adjustment_negative` decimal(12,4) DEFAULT NULL COMMENT 'Base Adjustment Negative',
  `base_adjustment_positive` decimal(12,4) DEFAULT NULL COMMENT 'Base Adjustment Positive',
  `base_shipping_discount_amount` decimal(12,4) DEFAULT NULL COMMENT 'Base Shipping Discount Amount',
  `base_subtotal_incl_tax` decimal(12,4) DEFAULT NULL COMMENT 'Base Subtotal Incl Tax',
  `base_total_due` decimal(12,4) DEFAULT NULL COMMENT 'Base Total Due',
  `payment_authorization_amount` decimal(12,4) DEFAULT NULL COMMENT 'Payment Authorization Amount',
  `shipping_discount_amount` decimal(12,4) DEFAULT NULL COMMENT 'Shipping Discount Amount',
  `subtotal_incl_tax` decimal(12,4) DEFAULT NULL COMMENT 'Subtotal Incl Tax',
  `total_due` decimal(12,4) DEFAULT NULL COMMENT 'Total Due',
  `weight` decimal(12,4) DEFAULT NULL COMMENT 'Weight',
  `customer_dob` datetime DEFAULT NULL COMMENT 'Customer Dob',
  `increment_id` varchar(50) DEFAULT NULL COMMENT 'Increment Id',
  `applied_rule_ids` varchar(255) DEFAULT NULL COMMENT 'Applied Rule Ids',
  `base_currency_code` varchar(3) DEFAULT NULL COMMENT 'Base Currency Code',
  `customer_email` varchar(255) DEFAULT NULL COMMENT 'Customer Email',
  `customer_firstname` varchar(255) DEFAULT NULL COMMENT 'Customer Firstname',
  `customer_lastname` varchar(255) DEFAULT NULL COMMENT 'Customer Lastname',
  `customer_middlename` varchar(255) DEFAULT NULL COMMENT 'Customer Middlename',
  `customer_prefix` varchar(255) DEFAULT NULL COMMENT 'Customer Prefix',
  `customer_suffix` varchar(255) DEFAULT NULL COMMENT 'Customer Suffix',
  `customer_taxvat` varchar(255) DEFAULT NULL COMMENT 'Customer Taxvat',
  `discount_description` varchar(255) DEFAULT NULL COMMENT 'Discount Description',
  `ext_customer_id` varchar(255) DEFAULT NULL COMMENT 'Ext Customer Id',
  `ext_order_id` varchar(255) DEFAULT NULL COMMENT 'Ext Order Id',
  `global_currency_code` varchar(3) DEFAULT NULL COMMENT 'Global Currency Code',
  `hold_before_state` varchar(255) DEFAULT NULL COMMENT 'Hold Before State',
  `hold_before_status` varchar(255) DEFAULT NULL COMMENT 'Hold Before Status',
  `order_currency_code` varchar(255) DEFAULT NULL COMMENT 'Order Currency Code',
  `original_increment_id` varchar(50) DEFAULT NULL COMMENT 'Original Increment Id',
  `relation_child_id` varchar(32) DEFAULT NULL COMMENT 'Relation Child Id',
  `relation_child_real_id` varchar(32) DEFAULT NULL COMMENT 'Relation Child Real Id',
  `relation_parent_id` varchar(32) DEFAULT NULL COMMENT 'Relation Parent Id',
  `relation_parent_real_id` varchar(32) DEFAULT NULL COMMENT 'Relation Parent Real Id',
  `remote_ip` varchar(255) DEFAULT NULL COMMENT 'Remote Ip',
  `shipping_method` varchar(255) DEFAULT NULL COMMENT 'Shipping Method',
  `store_currency_code` varchar(3) DEFAULT NULL COMMENT 'Store Currency Code',
  `store_name` varchar(255) DEFAULT NULL COMMENT 'Store Name',
  `x_forwarded_for` varchar(255) DEFAULT NULL COMMENT 'X Forwarded For',
  `customer_note` text COMMENT 'Customer Note',
  `created_at` timestamp NULL DEFAULT NULL COMMENT 'Created At',
  `updated_at` timestamp NULL DEFAULT NULL COMMENT 'Updated At',
  `total_item_count` smallint(5) unsigned NOT NULL COMMENT 'Total Item Count',
  `customer_gender` int(11) DEFAULT NULL COMMENT 'Customer Gender',
  `base_custbalance_amount` decimal(12,4) DEFAULT NULL,
  `currency_base_id` int(11) DEFAULT NULL,
  `currency_code` varchar(255) DEFAULT NULL,
  `currency_rate` decimal(12,4) DEFAULT NULL,
  `custbalance_amount` decimal(12,4) DEFAULT NULL,
  `is_hold` int(11) DEFAULT NULL,
  `is_multi_payment` int(11) DEFAULT NULL,
  `real_order_id` varchar(255) DEFAULT NULL,
  `tax_percent` decimal(12,4) DEFAULT NULL,
  `tracking_numbers` text,
  `hidden_tax_amount` decimal(12,4) DEFAULT NULL COMMENT 'Hidden Tax Amount',
  `base_hidden_tax_amount` decimal(12,4) DEFAULT NULL COMMENT 'Base Hidden Tax Amount',
  `shipping_hidden_tax_amount` decimal(12,4) DEFAULT NULL COMMENT 'Shipping Hidden Tax Amount',
  `base_shipping_hidden_tax_amnt` decimal(12,4) DEFAULT NULL COMMENT 'Base Shipping Hidden Tax Amount',
  `hidden_tax_invoiced` decimal(12,4) DEFAULT NULL COMMENT 'Hidden Tax Invoiced',
  `base_hidden_tax_invoiced` decimal(12,4) DEFAULT NULL COMMENT 'Base Hidden Tax Invoiced',
  `hidden_tax_refunded` decimal(12,4) DEFAULT NULL COMMENT 'Hidden Tax Refunded',
  `base_hidden_tax_refunded` decimal(12,4) DEFAULT NULL COMMENT 'Base Hidden Tax Refunded',
  `shipping_incl_tax` decimal(12,4) DEFAULT NULL COMMENT 'Shipping Incl Tax',
  `base_shipping_incl_tax` decimal(12,4) DEFAULT NULL COMMENT 'Base Shipping Incl Tax',
  `coupon_rule_name` varchar(255) DEFAULT NULL COMMENT 'Coupon Sales Rule Name',
  PRIMARY KEY (`entity_id`),
  UNIQUE KEY `UNQ_SALES_FLAT_ORDER_INCREMENT_ID` (`increment_id`),
  KEY `IDX_SALES_FLAT_ORDER_STATUS` (`status`),
  KEY `IDX_SALES_FLAT_ORDER_STATE` (`state`),
  KEY `IDX_SALES_FLAT_ORDER_STORE_ID` (`store_id`),
  KEY `IDX_SALES_FLAT_ORDER_CREATED_AT` (`created_at`),
  KEY `IDX_SALES_FLAT_ORDER_CUSTOMER_ID` (`customer_id`),
  KEY `IDX_SALES_FLAT_ORDER_EXT_ORDER_ID` (`ext_order_id`),
  KEY `IDX_SALES_FLAT_ORDER_QUOTE_ID` (`quote_id`),
  KEY `IDX_SALES_FLAT_ORDER_UPDATED_AT` (`updated_at`),
  CONSTRAINT `FK_SALES_FLAT_ORDER_CUSTOMER_ID_CUSTOMER_ENTITY_ENTITY_ID` FOREIGN KEY (`customer_id`) REFERENCES `customer_entity` (`entity_id`) ON DELETE SET NULL ON UPDATE CASCADE,
  CONSTRAINT `FK_SALES_FLAT_ORDER_STORE_ID_CORE_STORE_STORE_ID` FOREIGN KEY (`store_id`) REFERENCES `core_store` (`store_id`) ON DELETE SET NULL ON UPDATE CASCADE
) ENGINE=InnoDB DEFAULT CHARSET=utf8 COMMENT='Sales Flat Order';

--
-- Dumping data for table `sales_flat_order`
--


--
-- Table structure for table `sales_flat_order_address`
--

CREATE TABLE `sales_flat_order_address` (
  `entity_id` int(10) unsigned NOT NULL AUTO_INCREMENT COMMENT 'Entity Id',
  `parent_id` int(10) unsigned DEFAULT NULL COMMENT 'Parent Id',
  `customer_address_id` int(11) DEFAULT NULL COMMENT 'Customer Address Id',
  `quote_address_id` int(11) DEFAULT NULL COMMENT 'Quote Address Id',
  `region_id` int(11) DEFAULT NULL COMMENT 'Region Id',
  `customer_id` int(11) DEFAULT NULL COMMENT 'Customer Id',
  `fax` varchar(255) DEFAULT NULL COMMENT 'Fax',
  `region` varchar(255) DEFAULT NULL COMMENT 'Region',
  `postcode` varchar(255) DEFAULT NULL COMMENT 'Postcode',
  `lastname` varchar(255) DEFAULT NULL COMMENT 'Lastname',
  `street` varchar(255) DEFAULT NULL COMMENT 'Street',
  `city` varchar(255) DEFAULT NULL COMMENT 'City',
  `email` varchar(255) DEFAULT NULL COMMENT 'Email',
  `telephone` varchar(255) DEFAULT NULL COMMENT 'Telephone',
  `country_id` varchar(2) DEFAULT NULL COMMENT 'Country Id',
  `firstname` varchar(255) DEFAULT NULL COMMENT 'Firstname',
  `address_type` varchar(255) DEFAULT NULL COMMENT 'Address Type',
  `prefix` varchar(255) DEFAULT NULL COMMENT 'Prefix',
  `middlename` varchar(255) DEFAULT NULL COMMENT 'Middlename',
  `suffix` varchar(255) DEFAULT NULL COMMENT 'Suffix',
  `company` varchar(255) DEFAULT NULL COMMENT 'Company',
  `address_id` int(11) DEFAULT NULL,
  `gift_message_id` int(11) DEFAULT NULL,
  `tax_id` varchar(255) DEFAULT NULL,
  `vat_id` text COMMENT 'Vat Id',
  `vat_is_valid` smallint(6) DEFAULT NULL COMMENT 'Vat Is Valid',
  `vat_request_id` text COMMENT 'Vat Request Id',
  `vat_request_date` text COMMENT 'Vat Request Date',
  `vat_request_success` smallint(6) DEFAULT NULL COMMENT 'Vat Request Success',
  PRIMARY KEY (`entity_id`),
  KEY `IDX_SALES_FLAT_ORDER_ADDRESS_PARENT_ID` (`parent_id`),
  CONSTRAINT `FK_SALES_FLAT_ORDER_ADDRESS_PARENT_ID_SALES_FLAT_ORDER_ENTITY_ID` FOREIGN KEY (`parent_id`) REFERENCES `sales_flat_order` (`entity_id`) ON DELETE CASCADE ON UPDATE CASCADE
) ENGINE=InnoDB DEFAULT CHARSET=utf8 COMMENT='Sales Flat Order Address';

--
-- Dumping data for table `sales_flat_order_address`
--


--
-- Table structure for table `sales_flat_order_grid`
--

CREATE TABLE `sales_flat_order_grid` (
  `entity_id` int(10) unsigned NOT NULL COMMENT 'Entity Id',
  `status` varchar(32) DEFAULT NULL COMMENT 'Status',
  `store_id` smallint(5) unsigned DEFAULT NULL COMMENT 'Store Id',
  `store_name` varchar(255) DEFAULT NULL COMMENT 'Store Name',
  `customer_id` int(10) unsigned DEFAULT NULL COMMENT 'Customer Id',
  `base_grand_total` decimal(12,4) DEFAULT NULL COMMENT 'Base Grand Total',
  `base_total_paid` decimal(12,4) DEFAULT NULL COMMENT 'Base Total Paid',
  `grand_total` decimal(12,4) DEFAULT NULL COMMENT 'Grand Total',
  `total_paid` decimal(12,4) DEFAULT NULL COMMENT 'Total Paid',
  `increment_id` varchar(50) DEFAULT NULL COMMENT 'Increment Id',
  `base_currency_code` varchar(3) DEFAULT NULL COMMENT 'Base Currency Code',
  `order_currency_code` varchar(255) DEFAULT NULL COMMENT 'Order Currency Code',
  `shipping_name` varchar(255) DEFAULT NULL COMMENT 'Shipping Name',
  `billing_name` varchar(255) DEFAULT NULL COMMENT 'Billing Name',
  `created_at` timestamp NULL DEFAULT NULL COMMENT 'Created At',
  `updated_at` timestamp NULL DEFAULT NULL COMMENT 'Updated At',
  PRIMARY KEY (`entity_id`),
  UNIQUE KEY `UNQ_SALES_FLAT_ORDER_GRID_INCREMENT_ID` (`increment_id`),
  KEY `IDX_SALES_FLAT_ORDER_GRID_STATUS` (`status`),
  KEY `IDX_SALES_FLAT_ORDER_GRID_STORE_ID` (`store_id`),
  KEY `IDX_SALES_FLAT_ORDER_GRID_BASE_GRAND_TOTAL` (`base_grand_total`),
  KEY `IDX_SALES_FLAT_ORDER_GRID_BASE_TOTAL_PAID` (`base_total_paid`),
  KEY `IDX_SALES_FLAT_ORDER_GRID_GRAND_TOTAL` (`grand_total`),
  KEY `IDX_SALES_FLAT_ORDER_GRID_TOTAL_PAID` (`total_paid`),
  KEY `IDX_SALES_FLAT_ORDER_GRID_SHIPPING_NAME` (`shipping_name`),
  KEY `IDX_SALES_FLAT_ORDER_GRID_BILLING_NAME` (`billing_name`),
  KEY `IDX_SALES_FLAT_ORDER_GRID_CREATED_AT` (`created_at`),
  KEY `IDX_SALES_FLAT_ORDER_GRID_CUSTOMER_ID` (`customer_id`),
  KEY `IDX_SALES_FLAT_ORDER_GRID_UPDATED_AT` (`updated_at`),
  CONSTRAINT `FK_SALES_FLAT_ORDER_GRID_CUSTOMER_ID_CUSTOMER_ENTITY_ENTITY_ID` FOREIGN KEY (`customer_id`) REFERENCES `customer_entity` (`entity_id`) ON DELETE SET NULL ON UPDATE CASCADE,
  CONSTRAINT `FK_SALES_FLAT_ORDER_GRID_ENTITY_ID_SALES_FLAT_ORDER_ENTITY_ID` FOREIGN KEY (`entity_id`) REFERENCES `sales_flat_order` (`entity_id`) ON DELETE CASCADE ON UPDATE CASCADE,
  CONSTRAINT `FK_SALES_FLAT_ORDER_GRID_STORE_ID_CORE_STORE_STORE_ID` FOREIGN KEY (`store_id`) REFERENCES `core_store` (`store_id`) ON DELETE SET NULL ON UPDATE CASCADE
) ENGINE=InnoDB DEFAULT CHARSET=utf8 COMMENT='Sales Flat Order Grid';

--
-- Dumping data for table `sales_flat_order_grid`
--


--
-- Table structure for table `sales_flat_order_item`
--

CREATE TABLE `sales_flat_order_item` (
  `item_id` int(10) unsigned NOT NULL AUTO_INCREMENT COMMENT 'Item Id',
  `order_id` int(10) unsigned NOT NULL COMMENT 'Order Id',
  `parent_item_id` int(10) unsigned DEFAULT NULL COMMENT 'Parent Item Id',
  `quote_item_id` int(10) unsigned DEFAULT NULL COMMENT 'Quote Item Id',
  `store_id` smallint(5) unsigned DEFAULT NULL COMMENT 'Store Id',
  `created_at` timestamp NOT NULL DEFAULT CURRENT_TIMESTAMP ON UPDATE CURRENT_TIMESTAMP COMMENT 'Created At',
  `updated_at` timestamp NOT NULL DEFAULT '0000-00-00 00:00:00' COMMENT 'Updated At',
  `product_id` int(10) unsigned DEFAULT NULL COMMENT 'Product Id',
  `product_type` varchar(255) DEFAULT NULL COMMENT 'Product Type',
  `product_options` text COMMENT 'Product Options',
  `weight` decimal(12,4) DEFAULT '0.0000' COMMENT 'Weight',
  `is_virtual` smallint(5) unsigned DEFAULT NULL COMMENT 'Is Virtual',
  `sku` varchar(255) DEFAULT NULL COMMENT 'Sku',
  `name` varchar(255) DEFAULT NULL COMMENT 'Name',
  `description` text COMMENT 'Description',
  `applied_rule_ids` text COMMENT 'Applied Rule Ids',
  `additional_data` text COMMENT 'Additional Data',
  `free_shipping` smallint(5) unsigned NOT NULL COMMENT 'Free Shipping',
  `is_qty_decimal` smallint(5) unsigned DEFAULT NULL COMMENT 'Is Qty Decimal',
  `no_discount` smallint(5) unsigned NOT NULL COMMENT 'No Discount',
  `qty_backordered` decimal(12,4) DEFAULT '0.0000' COMMENT 'Qty Backordered',
  `qty_canceled` decimal(12,4) DEFAULT '0.0000' COMMENT 'Qty Canceled',
  `qty_invoiced` decimal(12,4) DEFAULT '0.0000' COMMENT 'Qty Invoiced',
  `qty_ordered` decimal(12,4) DEFAULT '0.0000' COMMENT 'Qty Ordered',
  `qty_refunded` decimal(12,4) DEFAULT '0.0000' COMMENT 'Qty Refunded',
  `qty_shipped` decimal(12,4) DEFAULT '0.0000' COMMENT 'Qty Shipped',
  `base_cost` decimal(12,4) DEFAULT '0.0000' COMMENT 'Base Cost',
  `price` decimal(12,4) NOT NULL DEFAULT '0.0000' COMMENT 'Price',
  `base_price` decimal(12,4) NOT NULL DEFAULT '0.0000' COMMENT 'Base Price',
  `original_price` decimal(12,4) DEFAULT NULL COMMENT 'Original Price',
  `base_original_price` decimal(12,4) DEFAULT NULL COMMENT 'Base Original Price',
  `tax_percent` decimal(12,4) DEFAULT '0.0000' COMMENT 'Tax Percent',
  `tax_amount` decimal(12,4) DEFAULT '0.0000' COMMENT 'Tax Amount',
  `base_tax_amount` decimal(12,4) DEFAULT '0.0000' COMMENT 'Base Tax Amount',
  `tax_invoiced` decimal(12,4) DEFAULT '0.0000' COMMENT 'Tax Invoiced',
  `base_tax_invoiced` decimal(12,4) DEFAULT '0.0000' COMMENT 'Base Tax Invoiced',
  `discount_percent` decimal(12,4) DEFAULT '0.0000' COMMENT 'Discount Percent',
  `discount_amount` decimal(12,4) DEFAULT '0.0000' COMMENT 'Discount Amount',
  `base_discount_amount` decimal(12,4) DEFAULT '0.0000' COMMENT 'Base Discount Amount',
  `discount_invoiced` decimal(12,4) DEFAULT '0.0000' COMMENT 'Discount Invoiced',
  `base_discount_invoiced` decimal(12,4) DEFAULT '0.0000' COMMENT 'Base Discount Invoiced',
  `amount_refunded` decimal(12,4) DEFAULT '0.0000' COMMENT 'Amount Refunded',
  `base_amount_refunded` decimal(12,4) DEFAULT '0.0000' COMMENT 'Base Amount Refunded',
  `row_total` decimal(12,4) NOT NULL DEFAULT '0.0000' COMMENT 'Row Total',
  `base_row_total` decimal(12,4) NOT NULL DEFAULT '0.0000' COMMENT 'Base Row Total',
  `row_invoiced` decimal(12,4) NOT NULL DEFAULT '0.0000' COMMENT 'Row Invoiced',
  `base_row_invoiced` decimal(12,4) NOT NULL DEFAULT '0.0000' COMMENT 'Base Row Invoiced',
  `row_weight` decimal(12,4) DEFAULT '0.0000' COMMENT 'Row Weight',
  `gift_message_id` int(11) DEFAULT NULL COMMENT 'Gift Message Id',
  `gift_message_available` int(11) DEFAULT NULL COMMENT 'Gift Message Available',
  `base_tax_before_discount` decimal(12,4) DEFAULT NULL COMMENT 'Base Tax Before Discount',
  `tax_before_discount` decimal(12,4) DEFAULT NULL COMMENT 'Tax Before Discount',
  `weee_tax_applied` text COMMENT 'Weee Tax Applied',
  `weee_tax_applied_amount` decimal(12,4) DEFAULT NULL COMMENT 'Weee Tax Applied Amount',
  `weee_tax_applied_row_amount` decimal(12,4) DEFAULT NULL COMMENT 'Weee Tax Applied Row Amount',
  `base_weee_tax_applied_amount` decimal(12,4) DEFAULT NULL COMMENT 'Base Weee Tax Applied Amount',
  `base_weee_tax_applied_row_amnt` decimal(12,4) DEFAULT NULL COMMENT 'Base Weee Tax Applied Row Amnt',
  `weee_tax_disposition` decimal(12,4) DEFAULT NULL COMMENT 'Weee Tax Disposition',
  `weee_tax_row_disposition` decimal(12,4) DEFAULT NULL COMMENT 'Weee Tax Row Disposition',
  `base_weee_tax_disposition` decimal(12,4) DEFAULT NULL COMMENT 'Base Weee Tax Disposition',
  `base_weee_tax_row_disposition` decimal(12,4) DEFAULT NULL COMMENT 'Base Weee Tax Row Disposition',
  `ext_order_item_id` varchar(255) DEFAULT NULL COMMENT 'Ext Order Item Id',
  `locked_do_invoice` smallint(5) unsigned DEFAULT NULL COMMENT 'Locked Do Invoice',
  `locked_do_ship` smallint(5) unsigned DEFAULT NULL COMMENT 'Locked Do Ship',
  `price_incl_tax` decimal(12,4) DEFAULT NULL COMMENT 'Price Incl Tax',
  `base_price_incl_tax` decimal(12,4) DEFAULT NULL COMMENT 'Base Price Incl Tax',
  `row_total_incl_tax` decimal(12,4) DEFAULT NULL COMMENT 'Row Total Incl Tax',
  `base_row_total_incl_tax` decimal(12,4) DEFAULT NULL COMMENT 'Base Row Total Incl Tax',
  `hidden_tax_amount` decimal(12,4) DEFAULT NULL COMMENT 'Hidden Tax Amount',
  `base_hidden_tax_amount` decimal(12,4) DEFAULT NULL COMMENT 'Base Hidden Tax Amount',
  `hidden_tax_invoiced` decimal(12,4) DEFAULT NULL COMMENT 'Hidden Tax Invoiced',
  `base_hidden_tax_invoiced` decimal(12,4) DEFAULT NULL COMMENT 'Base Hidden Tax Invoiced',
  `hidden_tax_refunded` decimal(12,4) DEFAULT NULL COMMENT 'Hidden Tax Refunded',
  `base_hidden_tax_refunded` decimal(12,4) DEFAULT NULL COMMENT 'Base Hidden Tax Refunded',
  `is_nominal` int(11) NOT NULL COMMENT 'Is Nominal',
  `tax_canceled` decimal(12,4) DEFAULT NULL COMMENT 'Tax Canceled',
  `hidden_tax_canceled` decimal(12,4) DEFAULT NULL COMMENT 'Hidden Tax Canceled',
  `tax_refunded` decimal(12,4) DEFAULT NULL COMMENT 'Tax Refunded',
  `base_tax_refunded` decimal(12,4) DEFAULT NULL COMMENT 'Base Tax Refunded',
  `discount_refunded` decimal(12,4) DEFAULT NULL COMMENT 'Discount Refunded',
  `base_discount_refunded` decimal(12,4) DEFAULT NULL COMMENT 'Base Discount Refunded',
  PRIMARY KEY (`item_id`),
  KEY `IDX_SALES_FLAT_ORDER_ITEM_ORDER_ID` (`order_id`),
  KEY `IDX_SALES_FLAT_ORDER_ITEM_STORE_ID` (`store_id`),
  CONSTRAINT `FK_SALES_FLAT_ORDER_ITEM_ORDER_ID_SALES_FLAT_ORDER_ENTITY_ID` FOREIGN KEY (`order_id`) REFERENCES `sales_flat_order` (`entity_id`) ON DELETE CASCADE ON UPDATE CASCADE,
  CONSTRAINT `FK_SALES_FLAT_ORDER_ITEM_STORE_ID_CORE_STORE_STORE_ID` FOREIGN KEY (`store_id`) REFERENCES `core_store` (`store_id`) ON DELETE SET NULL ON UPDATE CASCADE
) ENGINE=InnoDB DEFAULT CHARSET=utf8 COMMENT='Sales Flat Order Item';

--
-- Dumping data for table `sales_flat_order_item`
--


--
-- Table structure for table `sales_flat_order_payment`
--

CREATE TABLE `sales_flat_order_payment` (
  `entity_id` int(10) unsigned NOT NULL AUTO_INCREMENT COMMENT 'Entity Id',
  `parent_id` int(10) unsigned NOT NULL COMMENT 'Parent Id',
  `base_shipping_captured` decimal(12,4) DEFAULT NULL COMMENT 'Base Shipping Captured',
  `shipping_captured` decimal(12,4) DEFAULT NULL COMMENT 'Shipping Captured',
  `amount_refunded` decimal(12,4) DEFAULT NULL COMMENT 'Amount Refunded',
  `base_amount_paid` decimal(12,4) DEFAULT NULL COMMENT 'Base Amount Paid',
  `amount_canceled` decimal(12,4) DEFAULT NULL COMMENT 'Amount Canceled',
  `base_amount_authorized` decimal(12,4) DEFAULT NULL COMMENT 'Base Amount Authorized',
  `base_amount_paid_online` decimal(12,4) DEFAULT NULL COMMENT 'Base Amount Paid Online',
  `base_amount_refunded_online` decimal(12,4) DEFAULT NULL COMMENT 'Base Amount Refunded Online',
  `base_shipping_amount` decimal(12,4) DEFAULT NULL COMMENT 'Base Shipping Amount',
  `shipping_amount` decimal(12,4) DEFAULT NULL COMMENT 'Shipping Amount',
  `amount_paid` decimal(12,4) DEFAULT NULL COMMENT 'Amount Paid',
  `amount_authorized` decimal(12,4) DEFAULT NULL COMMENT 'Amount Authorized',
  `base_amount_ordered` decimal(12,4) DEFAULT NULL COMMENT 'Base Amount Ordered',
  `base_shipping_refunded` decimal(12,4) DEFAULT NULL COMMENT 'Base Shipping Refunded',
  `shipping_refunded` decimal(12,4) DEFAULT NULL COMMENT 'Shipping Refunded',
  `base_amount_refunded` decimal(12,4) DEFAULT NULL COMMENT 'Base Amount Refunded',
  `amount_ordered` decimal(12,4) DEFAULT NULL COMMENT 'Amount Ordered',
  `base_amount_canceled` decimal(12,4) DEFAULT NULL COMMENT 'Base Amount Canceled',
  `ideal_transaction_checked` tinyint(1) unsigned DEFAULT NULL,
  `quote_payment_id` int(11) DEFAULT NULL COMMENT 'Quote Payment Id',
  `additional_data` text COMMENT 'Additional Data',
  `cc_exp_month` varchar(255) DEFAULT NULL COMMENT 'Cc Exp Month',
  `cc_ss_start_year` varchar(255) DEFAULT NULL COMMENT 'Cc Ss Start Year',
  `echeck_bank_name` varchar(255) DEFAULT NULL COMMENT 'Echeck Bank Name',
  `method` varchar(255) DEFAULT NULL COMMENT 'Method',
  `cc_debug_request_body` varchar(255) DEFAULT NULL COMMENT 'Cc Debug Request Body',
  `cc_secure_verify` varchar(255) DEFAULT NULL COMMENT 'Cc Secure Verify',
  `cybersource_token` varchar(255) DEFAULT NULL,
  `ideal_issuer_title` varchar(255) DEFAULT NULL,
  `protection_eligibility` varchar(255) DEFAULT NULL COMMENT 'Protection Eligibility',
  `cc_approval` varchar(255) DEFAULT NULL COMMENT 'Cc Approval',
  `cc_last4` varchar(255) DEFAULT NULL COMMENT 'Cc Last4',
  `cc_status_description` varchar(255) DEFAULT NULL COMMENT 'Cc Status Description',
  `echeck_type` varchar(255) DEFAULT NULL COMMENT 'Echeck Type',
  `paybox_question_number` varchar(255) DEFAULT NULL,
  `cc_debug_response_serialized` varchar(255) DEFAULT NULL COMMENT 'Cc Debug Response Serialized',
  `cc_ss_start_month` varchar(255) DEFAULT NULL COMMENT 'Cc Ss Start Month',
  `echeck_account_type` varchar(255) DEFAULT NULL COMMENT 'Echeck Account Type',
  `last_trans_id` varchar(255) DEFAULT NULL COMMENT 'Last Trans Id',
  `cc_cid_status` varchar(255) DEFAULT NULL COMMENT 'Cc Cid Status',
  `cc_owner` varchar(255) DEFAULT NULL COMMENT 'Cc Owner',
  `cc_type` varchar(255) DEFAULT NULL COMMENT 'Cc Type',
  `ideal_issuer_id` varchar(255) DEFAULT NULL,
  `po_number` varchar(255) DEFAULT NULL COMMENT 'Po Number',
  `cc_exp_year` varchar(255) DEFAULT NULL COMMENT 'Cc Exp Year',
  `cc_status` varchar(255) DEFAULT NULL COMMENT 'Cc Status',
  `echeck_routing_number` varchar(255) DEFAULT NULL COMMENT 'Echeck Routing Number',
  `account_status` varchar(255) DEFAULT NULL COMMENT 'Account Status',
  `anet_trans_method` varchar(255) DEFAULT NULL COMMENT 'Anet Trans Method',
  `cc_debug_response_body` varchar(255) DEFAULT NULL COMMENT 'Cc Debug Response Body',
  `cc_ss_issue` varchar(255) DEFAULT NULL COMMENT 'Cc Ss Issue',
  `echeck_account_name` varchar(255) DEFAULT NULL COMMENT 'Echeck Account Name',
  `cc_avs_status` varchar(255) DEFAULT NULL COMMENT 'Cc Avs Status',
  `cc_number_enc` varchar(255) DEFAULT NULL COMMENT 'Cc Number Enc',
  `cc_trans_id` varchar(255) DEFAULT NULL COMMENT 'Cc Trans Id',
  `flo2cash_account_id` varchar(255) DEFAULT NULL,
  `paybox_request_number` varchar(255) DEFAULT NULL COMMENT 'Paybox Request Number',
  `address_status` varchar(255) DEFAULT NULL COMMENT 'Address Status',
  `additional_information` text COMMENT 'Additional Information',
  `amount` decimal(12,4) DEFAULT NULL,
  `cc_raw_request` text,
  `cc_raw_response` text,
  `customer_payment_id` int(11) DEFAULT NULL,
  PRIMARY KEY (`entity_id`),
  KEY `IDX_SALES_FLAT_ORDER_PAYMENT_PARENT_ID` (`parent_id`),
  CONSTRAINT `FK_SALES_FLAT_ORDER_PAYMENT_PARENT_ID_SALES_FLAT_ORDER_ENTITY_ID` FOREIGN KEY (`parent_id`) REFERENCES `sales_flat_order` (`entity_id`) ON DELETE CASCADE ON UPDATE CASCADE
) ENGINE=InnoDB DEFAULT CHARSET=utf8 COMMENT='Sales Flat Order Payment';

--
-- Dumping data for table `sales_flat_order_payment`
--


--
-- Table structure for table `sales_flat_order_status_history`
--

CREATE TABLE `sales_flat_order_status_history` (
  `entity_id` int(10) unsigned NOT NULL AUTO_INCREMENT COMMENT 'Entity Id',
  `parent_id` int(10) unsigned NOT NULL COMMENT 'Parent Id',
  `is_customer_notified` int(11) DEFAULT NULL COMMENT 'Is Customer Notified',
  `is_visible_on_front` smallint(5) unsigned NOT NULL COMMENT 'Is Visible On Front',
  `comment` text COMMENT 'Comment',
  `status` varchar(32) DEFAULT NULL COMMENT 'Status',
  `created_at` timestamp NULL DEFAULT NULL COMMENT 'Created At',
  `entity_name` varchar(32) DEFAULT NULL COMMENT 'Shows what entity history is bind to.',
  PRIMARY KEY (`entity_id`),
  KEY `IDX_SALES_FLAT_ORDER_STATUS_HISTORY_PARENT_ID` (`parent_id`),
  KEY `IDX_SALES_FLAT_ORDER_STATUS_HISTORY_CREATED_AT` (`created_at`),
  CONSTRAINT `FK_CE7C71E74CB74DDACED337CEE6753D5E` FOREIGN KEY (`parent_id`) REFERENCES `sales_flat_order` (`entity_id`) ON DELETE CASCADE ON UPDATE CASCADE
) ENGINE=InnoDB DEFAULT CHARSET=utf8 COMMENT='Sales Flat Order Status History';

--
-- Dumping data for table `sales_flat_order_status_history`
--


--
-- Table structure for table `sales_flat_quote_address`
--

CREATE TABLE `sales_flat_quote_address` (
  `address_id` int(10) unsigned NOT NULL AUTO_INCREMENT COMMENT 'Address Id',
  `quote_id` int(10) unsigned NOT NULL COMMENT 'Quote Id',
  `created_at` timestamp NOT NULL DEFAULT CURRENT_TIMESTAMP ON UPDATE CURRENT_TIMESTAMP COMMENT 'Created At',
  `updated_at` timestamp NOT NULL DEFAULT '0000-00-00 00:00:00' COMMENT 'Updated At',
  `customer_id` int(10) unsigned DEFAULT NULL COMMENT 'Customer Id',
  `save_in_address_book` smallint(6) DEFAULT '0' COMMENT 'Save In Address Book',
  `customer_address_id` int(10) unsigned DEFAULT NULL COMMENT 'Customer Address Id',
  `address_type` varchar(255) DEFAULT NULL COMMENT 'Address Type',
  `email` varchar(255) DEFAULT NULL COMMENT 'Email',
  `prefix` varchar(40) DEFAULT NULL COMMENT 'Prefix',
  `firstname` varchar(255) DEFAULT NULL COMMENT 'Firstname',
  `middlename` varchar(40) DEFAULT NULL COMMENT 'Middlename',
  `lastname` varchar(255) DEFAULT NULL COMMENT 'Lastname',
  `suffix` varchar(40) DEFAULT NULL COMMENT 'Suffix',
  `company` varchar(255) DEFAULT NULL COMMENT 'Company',
  `street` varchar(255) DEFAULT NULL COMMENT 'Street',
  `city` varchar(255) DEFAULT NULL COMMENT 'City',
  `region` varchar(255) DEFAULT NULL COMMENT 'Region',
  `region_id` int(10) unsigned DEFAULT NULL COMMENT 'Region Id',
  `postcode` varchar(255) DEFAULT NULL COMMENT 'Postcode',
  `country_id` varchar(255) DEFAULT NULL COMMENT 'Country Id',
  `telephone` varchar(255) DEFAULT NULL COMMENT 'Telephone',
  `fax` varchar(255) DEFAULT NULL COMMENT 'Fax',
  `same_as_billing` smallint(5) unsigned NOT NULL COMMENT 'Same As Billing',
  `free_shipping` smallint(5) unsigned NOT NULL COMMENT 'Free Shipping',
  `collect_shipping_rates` smallint(5) unsigned NOT NULL COMMENT 'Collect Shipping Rates',
  `shipping_method` varchar(255) DEFAULT NULL COMMENT 'Shipping Method',
  `shipping_description` varchar(255) DEFAULT NULL COMMENT 'Shipping Description',
  `weight` decimal(12,4) NOT NULL DEFAULT '0.0000' COMMENT 'Weight',
  `subtotal` decimal(12,4) NOT NULL DEFAULT '0.0000' COMMENT 'Subtotal',
  `base_subtotal` decimal(12,4) NOT NULL DEFAULT '0.0000' COMMENT 'Base Subtotal',
  `subtotal_with_discount` decimal(12,4) NOT NULL DEFAULT '0.0000' COMMENT 'Subtotal With Discount',
  `base_subtotal_with_discount` decimal(12,4) NOT NULL DEFAULT '0.0000' COMMENT 'Base Subtotal With Discount',
  `tax_amount` decimal(12,4) NOT NULL DEFAULT '0.0000' COMMENT 'Tax Amount',
  `base_tax_amount` decimal(12,4) NOT NULL DEFAULT '0.0000' COMMENT 'Base Tax Amount',
  `shipping_amount` decimal(12,4) NOT NULL DEFAULT '0.0000' COMMENT 'Shipping Amount',
  `base_shipping_amount` decimal(12,4) NOT NULL DEFAULT '0.0000' COMMENT 'Base Shipping Amount',
  `shipping_tax_amount` decimal(12,4) DEFAULT NULL COMMENT 'Shipping Tax Amount',
  `base_shipping_tax_amount` decimal(12,4) DEFAULT NULL COMMENT 'Base Shipping Tax Amount',
  `discount_amount` decimal(12,4) NOT NULL DEFAULT '0.0000' COMMENT 'Discount Amount',
  `base_discount_amount` decimal(12,4) NOT NULL DEFAULT '0.0000' COMMENT 'Base Discount Amount',
  `grand_total` decimal(12,4) NOT NULL DEFAULT '0.0000' COMMENT 'Grand Total',
  `base_grand_total` decimal(12,4) NOT NULL DEFAULT '0.0000' COMMENT 'Base Grand Total',
  `customer_notes` text COMMENT 'Customer Notes',
  `applied_taxes` text COMMENT 'Applied Taxes',
  `gift_message_id` int(11) DEFAULT NULL COMMENT 'Gift Message Id',
  `shipping_discount_amount` decimal(12,4) DEFAULT NULL COMMENT 'Shipping Discount Amount',
  `base_shipping_discount_amount` decimal(12,4) DEFAULT NULL COMMENT 'Base Shipping Discount Amount',
  `subtotal_incl_tax` decimal(12,4) DEFAULT NULL COMMENT 'Subtotal Incl Tax',
  `base_subtotal_total_incl_tax` decimal(12,4) DEFAULT NULL COMMENT 'Base Subtotal Total Incl Tax',
  `discount_description` varchar(255) DEFAULT NULL COMMENT 'Discount Description',
  `hidden_tax_amount` decimal(12,4) DEFAULT NULL COMMENT 'Hidden Tax Amount',
  `base_hidden_tax_amount` decimal(12,4) DEFAULT NULL COMMENT 'Base Hidden Tax Amount',
  `shipping_hidden_tax_amount` decimal(12,4) DEFAULT NULL COMMENT 'Shipping Hidden Tax Amount',
  `base_shipping_hidden_tax_amnt` decimal(12,4) DEFAULT NULL COMMENT 'Base Shipping Hidden Tax Amount',
  `shipping_incl_tax` decimal(12,4) DEFAULT NULL COMMENT 'Shipping Incl Tax',
  `base_shipping_incl_tax` decimal(12,4) DEFAULT NULL COMMENT 'Base Shipping Incl Tax',
  `vat_id` text COMMENT 'Vat Id',
  `vat_is_valid` smallint(6) DEFAULT NULL COMMENT 'Vat Is Valid',
  `vat_request_id` text COMMENT 'Vat Request Id',
  `vat_request_date` text COMMENT 'Vat Request Date',
  `vat_request_success` smallint(6) DEFAULT NULL COMMENT 'Vat Request Success',
  PRIMARY KEY (`address_id`),
  KEY `IDX_SALES_FLAT_QUOTE_ADDRESS_QUOTE_ID` (`quote_id`),
  CONSTRAINT `FK_SALES_FLAT_QUOTE_ADDRESS_QUOTE_ID_SALES_FLAT_QUOTE_ENTITY_ID` FOREIGN KEY (`quote_id`) REFERENCES `sales_flat_quote` (`entity_id`) ON DELETE CASCADE ON UPDATE CASCADE
) ENGINE=InnoDB AUTO_INCREMENT=439 DEFAULT CHARSET=utf8 COMMENT='Sales Flat Quote Address';

--
-- Dumping data for table `sales_flat_quote_address`
--

INSERT INTO `sales_flat_quote_address` VALUES (3,1,'2013-06-01 18:08:00','2013-06-01 22:24:08',NULL,0,NULL,'billing',NULL,NULL,NULL,NULL,NULL,NULL,NULL,NULL,NULL,NULL,NULL,NULL,NULL,NULL,NULL,0,0,0,NULL,NULL,0.0000,0.0000,0.0000,0.0000,0.0000,0.0000,0.0000,0.0000,0.0000,0.0000,0.0000,0.0000,0.0000,0.0000,0.0000,NULL,'a:0:{}',NULL,NULL,NULL,0.0000,NULL,NULL,NULL,NULL,NULL,NULL,0.0000,0.0000,NULL,NULL,NULL,NULL,NULL),(4,1,'2013-06-01 18:08:00','2013-06-01 22:24:08',NULL,0,NULL,'shipping',NULL,NULL,NULL,NULL,NULL,NULL,NULL,NULL,NULL,NULL,NULL,NULL,NULL,NULL,NULL,1,0,0,NULL,NULL,8.0000,4000.0000,4000.0000,0.0000,0.0000,0.0000,0.0000,0.0000,0.0000,0.0000,0.0000,0.0000,0.0000,4000.0000,4000.0000,NULL,'a:0:{}',NULL,0.0000,0.0000,4000.0000,NULL,NULL,0.0000,0.0000,0.0000,NULL,0.0000,0.0000,NULL,NULL,NULL,NULL,NULL),(7,2,'2013-06-01 23:18:48','2013-06-01 23:18:48',NULL,0,NULL,'billing',NULL,NULL,NULL,NULL,NULL,NULL,NULL,NULL,NULL,NULL,NULL,NULL,NULL,NULL,NULL,0,0,0,NULL,NULL,0.0000,0.0000,0.0000,0.0000,0.0000,0.0000,0.0000,0.0000,0.0000,0.0000,0.0000,0.0000,0.0000,0.0000,0.0000,NULL,'a:0:{}',NULL,NULL,NULL,0.0000,NULL,NULL,NULL,NULL,NULL,NULL,0.0000,0.0000,NULL,NULL,NULL,NULL,NULL),(8,2,'2013-06-01 23:18:48','2013-06-01 23:18:48',NULL,0,NULL,'shipping',NULL,NULL,NULL,NULL,NULL,NULL,NULL,NULL,NULL,NULL,NULL,NULL,NULL,NULL,NULL,1,0,0,NULL,NULL,2.0000,1000.0000,1000.0000,0.0000,0.0000,0.0000,0.0000,0.0000,0.0000,0.0000,0.0000,0.0000,0.0000,1000.0000,1000.0000,NULL,'a:0:{}',NULL,0.0000,0.0000,1000.0000,NULL,NULL,0.0000,0.0000,0.0000,NULL,0.0000,0.0000,NULL,NULL,NULL,NULL,NULL),(11,3,'2013-06-03 01:44:37','2013-06-03 01:44:37',NULL,0,NULL,'billing',NULL,NULL,NULL,NULL,NULL,NULL,NULL,NULL,NULL,NULL,NULL,NULL,NULL,NULL,NULL,0,0,0,NULL,NULL,0.0000,0.0000,0.0000,0.0000,0.0000,0.0000,0.0000,0.0000,0.0000,0.0000,0.0000,0.0000,0.0000,0.0000,0.0000,NULL,'a:0:{}',NULL,NULL,NULL,0.0000,NULL,NULL,NULL,NULL,NULL,NULL,0.0000,0.0000,NULL,NULL,NULL,NULL,NULL),(12,3,'2013-06-03 01:44:37','2013-06-03 01:44:37',NULL,0,NULL,'shipping',NULL,NULL,NULL,NULL,NULL,NULL,NULL,NULL,NULL,NULL,NULL,NULL,NULL,NULL,NULL,1,0,0,NULL,NULL,2.0000,1000.0000,1000.0000,0.0000,0.0000,0.0000,0.0000,0.0000,0.0000,0.0000,0.0000,0.0000,0.0000,1000.0000,1000.0000,NULL,'a:0:{}',NULL,0.0000,0.0000,1000.0000,NULL,NULL,0.0000,0.0000,0.0000,NULL,0.0000,0.0000,NULL,NULL,NULL,NULL,NULL),(13,4,'2013-06-03 05:01:16','2013-06-03 05:01:16',2,0,NULL,'billing',NULL,NULL,NULL,NULL,NULL,NULL,NULL,NULL,NULL,NULL,NULL,NULL,NULL,NULL,NULL,0,0,0,NULL,NULL,0.0000,0.0000,0.0000,0.0000,0.0000,0.0000,0.0000,0.0000,0.0000,0.0000,0.0000,0.0000,0.0000,0.0000,0.0000,NULL,'a:0:{}',NULL,NULL,NULL,0.0000,NULL,NULL,NULL,NULL,NULL,NULL,0.0000,0.0000,NULL,NULL,NULL,NULL,NULL),(14,4,'2013-06-03 05:01:16','2013-06-03 05:01:16',2,0,NULL,'shipping',NULL,NULL,NULL,NULL,NULL,NULL,NULL,NULL,NULL,NULL,NULL,NULL,NULL,NULL,NULL,1,0,0,NULL,NULL,0.0000,0.0000,0.0000,0.0000,0.0000,0.0000,0.0000,0.0000,0.0000,0.0000,0.0000,0.0000,0.0000,0.0000,0.0000,NULL,'a:0:{}',NULL,NULL,NULL,0.0000,NULL,NULL,NULL,NULL,NULL,NULL,0.0000,0.0000,NULL,NULL,NULL,NULL,NULL),(17,5,'2013-10-09 09:01:43','2013-10-09 09:01:43',NULL,0,NULL,'billing',NULL,NULL,NULL,NULL,NULL,NULL,NULL,NULL,NULL,NULL,NULL,NULL,NULL,NULL,NULL,0,0,0,NULL,NULL,0.0000,0.0000,0.0000,0.0000,0.0000,0.0000,0.0000,0.0000,0.0000,0.0000,0.0000,0.0000,0.0000,0.0000,0.0000,NULL,'a:0:{}',NULL,NULL,NULL,0.0000,NULL,NULL,NULL,NULL,NULL,NULL,0.0000,0.0000,NULL,NULL,NULL,NULL,NULL),(18,5,'2013-10-09 09:01:43','2013-10-09 09:01:43',NULL,0,NULL,'shipping',NULL,NULL,NULL,NULL,NULL,NULL,NULL,NULL,NULL,NULL,NULL,NULL,NULL,NULL,NULL,1,0,0,NULL,NULL,2.0000,1000.0000,1000.0000,0.0000,0.0000,0.0000,0.0000,0.0000,0.0000,0.0000,0.0000,0.0000,0.0000,1000.0000,1000.0000,NULL,'a:0:{}',NULL,0.0000,0.0000,1000.0000,NULL,NULL,0.0000,0.0000,0.0000,NULL,0.0000,0.0000,NULL,NULL,NULL,NULL,NULL),(21,6,'2013-10-16 08:12:37','2013-10-16 08:12:37',NULL,0,NULL,'billing',NULL,NULL,NULL,NULL,NULL,NULL,NULL,NULL,NULL,NULL,NULL,NULL,NULL,NULL,NULL,0,0,0,NULL,NULL,0.0000,0.0000,0.0000,0.0000,0.0000,0.0000,0.0000,0.0000,0.0000,0.0000,0.0000,0.0000,0.0000,0.0000,0.0000,NULL,'a:0:{}',NULL,NULL,NULL,0.0000,NULL,NULL,NULL,NULL,NULL,NULL,0.0000,0.0000,NULL,NULL,NULL,NULL,NULL),(22,6,'2013-10-16 08:12:37','2013-10-16 08:12:37',NULL,0,NULL,'shipping',NULL,NULL,NULL,NULL,NULL,NULL,NULL,NULL,NULL,NULL,NULL,NULL,NULL,NULL,NULL,1,0,0,NULL,NULL,2.0000,1000.0000,1000.0000,0.0000,0.0000,0.0000,0.0000,0.0000,0.0000,0.0000,0.0000,0.0000,0.0000,1000.0000,1000.0000,NULL,'a:0:{}',NULL,0.0000,0.0000,1000.0000,NULL,NULL,0.0000,0.0000,0.0000,NULL,0.0000,0.0000,NULL,NULL,NULL,NULL,NULL),(25,7,'2013-10-23 08:15:46','2013-10-23 08:15:46',NULL,0,NULL,'billing',NULL,NULL,NULL,NULL,NULL,NULL,NULL,NULL,NULL,NULL,NULL,NULL,NULL,NULL,NULL,0,0,0,NULL,NULL,0.0000,0.0000,0.0000,0.0000,0.0000,0.0000,0.0000,0.0000,0.0000,0.0000,0.0000,0.0000,0.0000,0.0000,0.0000,NULL,'a:0:{}',NULL,NULL,NULL,0.0000,NULL,NULL,NULL,NULL,NULL,NULL,0.0000,0.0000,NULL,NULL,NULL,NULL,NULL),(26,7,'2013-10-23 08:15:46','2013-10-23 08:15:46',NULL,0,NULL,'shipping',NULL,NULL,NULL,NULL,NULL,NULL,NULL,NULL,NULL,NULL,NULL,NULL,NULL,NULL,NULL,1,0,0,NULL,NULL,2.0000,1000.0000,1000.0000,0.0000,0.0000,0.0000,0.0000,0.0000,0.0000,0.0000,0.0000,0.0000,0.0000,1000.0000,1000.0000,NULL,'a:0:{}',NULL,0.0000,0.0000,1000.0000,NULL,NULL,0.0000,0.0000,0.0000,NULL,0.0000,0.0000,NULL,NULL,NULL,NULL,NULL),(29,8,'2013-10-30 09:13:35','2013-10-30 09:13:35',NULL,0,NULL,'billing',NULL,NULL,NULL,NULL,NULL,NULL,NULL,NULL,NULL,NULL,NULL,NULL,NULL,NULL,NULL,0,0,0,NULL,NULL,0.0000,0.0000,0.0000,0.0000,0.0000,0.0000,0.0000,0.0000,0.0000,0.0000,0.0000,0.0000,0.0000,0.0000,0.0000,NULL,'a:0:{}',NULL,NULL,NULL,0.0000,NULL,NULL,NULL,NULL,NULL,NULL,0.0000,0.0000,NULL,NULL,NULL,NULL,NULL),(30,8,'2013-10-30 09:13:35','2013-10-30 09:13:35',NULL,0,NULL,'shipping',NULL,NULL,NULL,NULL,NULL,NULL,NULL,NULL,NULL,NULL,NULL,NULL,NULL,NULL,NULL,1,0,0,NULL,NULL,2.0000,1000.0000,1000.0000,0.0000,0.0000,0.0000,0.0000,0.0000,0.0000,0.0000,0.0000,0.0000,0.0000,1000.0000,1000.0000,NULL,'a:0:{}',NULL,0.0000,0.0000,1000.0000,NULL,NULL,0.0000,0.0000,0.0000,NULL,0.0000,0.0000,NULL,NULL,NULL,NULL,NULL),(33,9,'2013-11-06 10:17:44','2013-11-06 10:17:44',NULL,0,NULL,'billing',NULL,NULL,NULL,NULL,NULL,NULL,NULL,NULL,NULL,NULL,NULL,NULL,NULL,NULL,NULL,0,0,0,NULL,NULL,0.0000,0.0000,0.0000,0.0000,0.0000,0.0000,0.0000,0.0000,0.0000,0.0000,0.0000,0.0000,0.0000,0.0000,0.0000,NULL,'a:0:{}',NULL,NULL,NULL,0.0000,NULL,NULL,NULL,NULL,NULL,NULL,0.0000,0.0000,NULL,NULL,NULL,NULL,NULL),(34,9,'2013-11-06 10:17:44','2013-11-06 10:17:44',NULL,0,NULL,'shipping',NULL,NULL,NULL,NULL,NULL,NULL,NULL,NULL,NULL,NULL,NULL,NULL,NULL,NULL,NULL,1,0,0,NULL,NULL,2.0000,1000.0000,1000.0000,0.0000,0.0000,0.0000,0.0000,0.0000,0.0000,0.0000,0.0000,0.0000,0.0000,1000.0000,1000.0000,NULL,'a:0:{}',NULL,0.0000,0.0000,1000.0000,NULL,NULL,0.0000,0.0000,0.0000,NULL,0.0000,0.0000,NULL,NULL,NULL,NULL,NULL),(37,10,'2013-11-13 10:12:54','2013-11-13 10:12:54',NULL,0,NULL,'billing',NULL,NULL,NULL,NULL,NULL,NULL,NULL,NULL,NULL,NULL,NULL,NULL,NULL,NULL,NULL,0,0,0,NULL,NULL,0.0000,0.0000,0.0000,0.0000,0.0000,0.0000,0.0000,0.0000,0.0000,0.0000,0.0000,0.0000,0.0000,0.0000,0.0000,NULL,'a:0:{}',NULL,NULL,NULL,0.0000,NULL,NULL,NULL,NULL,NULL,NULL,0.0000,0.0000,NULL,NULL,NULL,NULL,NULL),(38,10,'2013-11-13 10:12:54','2013-11-13 10:12:54',NULL,0,NULL,'shipping',NULL,NULL,NULL,NULL,NULL,NULL,NULL,NULL,NULL,NULL,NULL,NULL,NULL,NULL,NULL,1,0,0,NULL,NULL,2.0000,1000.0000,1000.0000,0.0000,0.0000,0.0000,0.0000,0.0000,0.0000,0.0000,0.0000,0.0000,0.0000,1000.0000,1000.0000,NULL,'a:0:{}',NULL,0.0000,0.0000,1000.0000,NULL,NULL,0.0000,0.0000,0.0000,NULL,0.0000,0.0000,NULL,NULL,NULL,NULL,NULL),(41,11,'2013-11-20 10:15:47','2013-11-20 10:15:47',NULL,0,NULL,'billing',NULL,NULL,NULL,NULL,NULL,NULL,NULL,NULL,NULL,NULL,NULL,NULL,NULL,NULL,NULL,0,0,0,NULL,NULL,0.0000,0.0000,0.0000,0.0000,0.0000,0.0000,0.0000,0.0000,0.0000,0.0000,0.0000,0.0000,0.0000,0.0000,0.0000,NULL,'a:0:{}',NULL,NULL,NULL,0.0000,NULL,NULL,NULL,NULL,NULL,NULL,0.0000,0.0000,NULL,NULL,NULL,NULL,NULL),(42,11,'2013-11-20 10:15:47','2013-11-20 10:15:47',NULL,0,NULL,'shipping',NULL,NULL,NULL,NULL,NULL,NULL,NULL,NULL,NULL,NULL,NULL,NULL,NULL,NULL,NULL,1,0,0,NULL,NULL,2.0000,1000.0000,1000.0000,0.0000,0.0000,0.0000,0.0000,0.0000,0.0000,0.0000,0.0000,0.0000,0.0000,1000.0000,1000.0000,NULL,'a:0:{}',NULL,0.0000,0.0000,1000.0000,NULL,NULL,0.0000,0.0000,0.0000,NULL,0.0000,0.0000,NULL,NULL,NULL,NULL,NULL),(45,12,'2013-11-21 16:51:35','2013-11-21 16:51:35',NULL,0,NULL,'billing',NULL,NULL,NULL,NULL,NULL,NULL,NULL,NULL,NULL,NULL,NULL,NULL,NULL,NULL,NULL,0,0,0,NULL,NULL,0.0000,0.0000,0.0000,0.0000,0.0000,0.0000,0.0000,0.0000,0.0000,0.0000,0.0000,0.0000,0.0000,0.0000,0.0000,NULL,'a:0:{}',NULL,NULL,NULL,0.0000,NULL,NULL,NULL,NULL,NULL,NULL,0.0000,0.0000,NULL,NULL,NULL,NULL,NULL),(46,12,'2013-11-21 16:51:35','2013-11-21 16:51:35',NULL,0,NULL,'shipping',NULL,NULL,NULL,NULL,NULL,NULL,NULL,NULL,NULL,NULL,NULL,NULL,NULL,NULL,NULL,1,0,0,NULL,NULL,2.0000,1000.0000,1000.0000,0.0000,0.0000,0.0000,0.0000,0.0000,0.0000,0.0000,0.0000,0.0000,0.0000,1000.0000,1000.0000,NULL,'a:0:{}',NULL,0.0000,0.0000,1000.0000,NULL,NULL,0.0000,0.0000,0.0000,NULL,0.0000,0.0000,NULL,NULL,NULL,NULL,NULL),(49,13,'2013-11-27 10:19:20','2013-11-27 10:19:20',NULL,0,NULL,'billing',NULL,NULL,NULL,NULL,NULL,NULL,NULL,NULL,NULL,NULL,NULL,NULL,NULL,NULL,NULL,0,0,0,NULL,NULL,0.0000,0.0000,0.0000,0.0000,0.0000,0.0000,0.0000,0.0000,0.0000,0.0000,0.0000,0.0000,0.0000,0.0000,0.0000,NULL,'a:0:{}',NULL,NULL,NULL,0.0000,NULL,NULL,NULL,NULL,NULL,NULL,0.0000,0.0000,NULL,NULL,NULL,NULL,NULL),(50,13,'2013-11-27 10:19:20','2013-11-27 10:19:20',NULL,0,NULL,'shipping',NULL,NULL,NULL,NULL,NULL,NULL,NULL,NULL,NULL,NULL,NULL,NULL,NULL,NULL,NULL,1,0,0,NULL,NULL,2.0000,1000.0000,1000.0000,0.0000,0.0000,0.0000,0.0000,0.0000,0.0000,0.0000,0.0000,0.0000,0.0000,1000.0000,1000.0000,NULL,'a:0:{}',NULL,0.0000,0.0000,1000.0000,NULL,NULL,0.0000,0.0000,0.0000,NULL,0.0000,0.0000,NULL,NULL,NULL,NULL,NULL),(53,14,'2013-12-04 10:20:47','2013-12-04 10:20:47',NULL,0,NULL,'billing',NULL,NULL,NULL,NULL,NULL,NULL,NULL,NULL,NULL,NULL,NULL,NULL,NULL,NULL,NULL,0,0,0,NULL,NULL,0.0000,0.0000,0.0000,0.0000,0.0000,0.0000,0.0000,0.0000,0.0000,0.0000,0.0000,0.0000,0.0000,0.0000,0.0000,NULL,'a:0:{}',NULL,NULL,NULL,0.0000,NULL,NULL,NULL,NULL,NULL,NULL,0.0000,0.0000,NULL,NULL,NULL,NULL,NULL),(54,14,'2013-12-04 10:20:47','2013-12-04 10:20:47',NULL,0,NULL,'shipping',NULL,NULL,NULL,NULL,NULL,NULL,NULL,NULL,NULL,NULL,NULL,NULL,NULL,NULL,NULL,1,0,0,NULL,NULL,2.0000,1000.0000,1000.0000,0.0000,0.0000,0.0000,0.0000,0.0000,0.0000,0.0000,0.0000,0.0000,0.0000,1000.0000,1000.0000,NULL,'a:0:{}',NULL,0.0000,0.0000,1000.0000,NULL,NULL,0.0000,0.0000,0.0000,NULL,0.0000,0.0000,NULL,NULL,NULL,NULL,NULL),(57,15,'2013-12-11 15:01:34','2013-12-11 15:01:34',NULL,0,NULL,'billing',NULL,NULL,NULL,NULL,NULL,NULL,NULL,NULL,NULL,NULL,NULL,NULL,NULL,NULL,NULL,0,0,0,NULL,NULL,0.0000,0.0000,0.0000,0.0000,0.0000,0.0000,0.0000,0.0000,0.0000,0.0000,0.0000,0.0000,0.0000,0.0000,0.0000,NULL,'a:0:{}',NULL,NULL,NULL,0.0000,NULL,NULL,NULL,NULL,NULL,NULL,0.0000,0.0000,NULL,NULL,NULL,NULL,NULL),(58,15,'2013-12-11 15:01:34','2013-12-11 15:01:34',NULL,0,NULL,'shipping',NULL,NULL,NULL,NULL,NULL,NULL,NULL,NULL,NULL,NULL,NULL,NULL,NULL,NULL,NULL,1,0,0,NULL,NULL,2.0000,1000.0000,1000.0000,0.0000,0.0000,0.0000,0.0000,0.0000,0.0000,0.0000,0.0000,0.0000,0.0000,1000.0000,1000.0000,NULL,'a:0:{}',NULL,0.0000,0.0000,1000.0000,NULL,NULL,0.0000,0.0000,0.0000,NULL,0.0000,0.0000,NULL,NULL,NULL,NULL,NULL),(61,16,'2013-12-18 12:19:25','2013-12-18 12:19:25',NULL,0,NULL,'billing',NULL,NULL,NULL,NULL,NULL,NULL,NULL,NULL,NULL,NULL,NULL,NULL,NULL,NULL,NULL,0,0,0,NULL,NULL,0.0000,0.0000,0.0000,0.0000,0.0000,0.0000,0.0000,0.0000,0.0000,0.0000,0.0000,0.0000,0.0000,0.0000,0.0000,NULL,'a:0:{}',NULL,NULL,NULL,0.0000,NULL,NULL,NULL,NULL,NULL,NULL,0.0000,0.0000,NULL,NULL,NULL,NULL,NULL),(62,16,'2013-12-18 12:19:25','2013-12-18 12:19:25',NULL,0,NULL,'shipping',NULL,NULL,NULL,NULL,NULL,NULL,NULL,NULL,NULL,NULL,NULL,NULL,NULL,NULL,NULL,1,0,0,NULL,NULL,2.0000,1000.0000,1000.0000,0.0000,0.0000,0.0000,0.0000,0.0000,0.0000,0.0000,0.0000,0.0000,0.0000,1000.0000,1000.0000,NULL,'a:0:{}',NULL,0.0000,0.0000,1000.0000,NULL,NULL,0.0000,0.0000,0.0000,NULL,0.0000,0.0000,NULL,NULL,NULL,NULL,NULL),(65,17,'2013-12-25 10:08:29','2013-12-25 10:08:29',NULL,0,NULL,'billing',NULL,NULL,NULL,NULL,NULL,NULL,NULL,NULL,NULL,NULL,NULL,NULL,NULL,NULL,NULL,0,0,0,NULL,NULL,0.0000,0.0000,0.0000,0.0000,0.0000,0.0000,0.0000,0.0000,0.0000,0.0000,0.0000,0.0000,0.0000,0.0000,0.0000,NULL,'a:0:{}',NULL,NULL,NULL,0.0000,NULL,NULL,NULL,NULL,NULL,NULL,0.0000,0.0000,NULL,NULL,NULL,NULL,NULL),(66,17,'2013-12-25 10:08:29','2013-12-25 10:08:29',NULL,0,NULL,'shipping',NULL,NULL,NULL,NULL,NULL,NULL,NULL,NULL,NULL,NULL,NULL,NULL,NULL,NULL,NULL,1,0,0,NULL,NULL,2.0000,1000.0000,1000.0000,0.0000,0.0000,0.0000,0.0000,0.0000,0.0000,0.0000,0.0000,0.0000,0.0000,1000.0000,1000.0000,NULL,'a:0:{}',NULL,0.0000,0.0000,1000.0000,NULL,NULL,0.0000,0.0000,0.0000,NULL,0.0000,0.0000,NULL,NULL,NULL,NULL,NULL),(69,18,'2014-01-01 10:05:31','2014-01-01 10:05:31',NULL,0,NULL,'billing',NULL,NULL,NULL,NULL,NULL,NULL,NULL,NULL,NULL,NULL,NULL,NULL,NULL,NULL,NULL,0,0,0,NULL,NULL,0.0000,0.0000,0.0000,0.0000,0.0000,0.0000,0.0000,0.0000,0.0000,0.0000,0.0000,0.0000,0.0000,0.0000,0.0000,NULL,'a:0:{}',NULL,NULL,NULL,0.0000,NULL,NULL,NULL,NULL,NULL,NULL,0.0000,0.0000,NULL,NULL,NULL,NULL,NULL),(70,18,'2014-01-01 10:05:31','2014-01-01 10:05:31',NULL,0,NULL,'shipping',NULL,NULL,NULL,NULL,NULL,NULL,NULL,NULL,NULL,NULL,NULL,NULL,NULL,NULL,NULL,1,0,0,NULL,NULL,2.0000,1000.0000,1000.0000,0.0000,0.0000,0.0000,0.0000,0.0000,0.0000,0.0000,0.0000,0.0000,0.0000,1000.0000,1000.0000,NULL,'a:0:{}',NULL,0.0000,0.0000,1000.0000,NULL,NULL,0.0000,0.0000,0.0000,NULL,0.0000,0.0000,NULL,NULL,NULL,NULL,NULL),(73,19,'2014-01-08 10:22:03','2014-01-08 10:22:03',NULL,0,NULL,'billing',NULL,NULL,NULL,NULL,NULL,NULL,NULL,NULL,NULL,NULL,NULL,NULL,NULL,NULL,NULL,0,0,0,NULL,NULL,0.0000,0.0000,0.0000,0.0000,0.0000,0.0000,0.0000,0.0000,0.0000,0.0000,0.0000,0.0000,0.0000,0.0000,0.0000,NULL,'a:0:{}',NULL,NULL,NULL,0.0000,NULL,NULL,NULL,NULL,NULL,NULL,0.0000,0.0000,NULL,NULL,NULL,NULL,NULL),(74,19,'2014-01-08 10:22:03','2014-01-08 10:22:03',NULL,0,NULL,'shipping',NULL,NULL,NULL,NULL,NULL,NULL,NULL,NULL,NULL,NULL,NULL,NULL,NULL,NULL,NULL,1,0,0,NULL,NULL,2.0000,1000.0000,1000.0000,0.0000,0.0000,0.0000,0.0000,0.0000,0.0000,0.0000,0.0000,0.0000,0.0000,1000.0000,1000.0000,NULL,'a:0:{}',NULL,0.0000,0.0000,1000.0000,NULL,NULL,0.0000,0.0000,0.0000,NULL,0.0000,0.0000,NULL,NULL,NULL,NULL,NULL),(77,20,'2014-01-15 10:07:48','2014-01-15 10:07:48',NULL,0,NULL,'billing',NULL,NULL,NULL,NULL,NULL,NULL,NULL,NULL,NULL,NULL,NULL,NULL,NULL,NULL,NULL,0,0,0,NULL,NULL,0.0000,0.0000,0.0000,0.0000,0.0000,0.0000,0.0000,0.0000,0.0000,0.0000,0.0000,0.0000,0.0000,0.0000,0.0000,NULL,'a:0:{}',NULL,NULL,NULL,0.0000,NULL,NULL,NULL,NULL,NULL,NULL,0.0000,0.0000,NULL,NULL,NULL,NULL,NULL),(78,20,'2014-01-15 10:07:48','2014-01-15 10:07:48',NULL,0,NULL,'shipping',NULL,NULL,NULL,NULL,NULL,NULL,NULL,NULL,NULL,NULL,NULL,NULL,NULL,NULL,NULL,1,0,0,NULL,NULL,2.0000,1000.0000,1000.0000,0.0000,0.0000,0.0000,0.0000,0.0000,0.0000,0.0000,0.0000,0.0000,0.0000,1000.0000,1000.0000,NULL,'a:0:{}',NULL,0.0000,0.0000,1000.0000,NULL,NULL,0.0000,0.0000,0.0000,NULL,0.0000,0.0000,NULL,NULL,NULL,NULL,NULL),(81,21,'2014-01-22 10:06:48','2014-01-22 10:06:48',NULL,0,NULL,'billing',NULL,NULL,NULL,NULL,NULL,NULL,NULL,NULL,NULL,NULL,NULL,NULL,NULL,NULL,NULL,0,0,0,NULL,NULL,0.0000,0.0000,0.0000,0.0000,0.0000,0.0000,0.0000,0.0000,0.0000,0.0000,0.0000,0.0000,0.0000,0.0000,0.0000,NULL,'a:0:{}',NULL,NULL,NULL,0.0000,NULL,NULL,NULL,NULL,NULL,NULL,0.0000,0.0000,NULL,NULL,NULL,NULL,NULL),(82,21,'2014-01-22 10:06:48','2014-01-22 10:06:48',NULL,0,NULL,'shipping',NULL,NULL,NULL,NULL,NULL,NULL,NULL,NULL,NULL,NULL,NULL,NULL,NULL,NULL,NULL,1,0,0,NULL,NULL,2.0000,1000.0000,1000.0000,0.0000,0.0000,0.0000,0.0000,0.0000,0.0000,0.0000,0.0000,0.0000,0.0000,1000.0000,1000.0000,NULL,'a:0:{}',NULL,0.0000,0.0000,1000.0000,NULL,NULL,0.0000,0.0000,0.0000,NULL,0.0000,0.0000,NULL,NULL,NULL,NULL,NULL),(85,22,'2014-01-29 10:14:39','2014-01-29 10:14:39',NULL,0,NULL,'billing',NULL,NULL,NULL,NULL,NULL,NULL,NULL,NULL,NULL,NULL,NULL,NULL,NULL,NULL,NULL,0,0,0,NULL,NULL,0.0000,0.0000,0.0000,0.0000,0.0000,0.0000,0.0000,0.0000,0.0000,0.0000,0.0000,0.0000,0.0000,0.0000,0.0000,NULL,'a:0:{}',NULL,NULL,NULL,0.0000,NULL,NULL,NULL,NULL,NULL,NULL,0.0000,0.0000,NULL,NULL,NULL,NULL,NULL),(86,22,'2014-01-29 10:14:39','2014-01-29 10:14:39',NULL,0,NULL,'shipping',NULL,NULL,NULL,NULL,NULL,NULL,NULL,NULL,NULL,NULL,NULL,NULL,NULL,NULL,NULL,1,0,0,NULL,NULL,2.0000,1000.0000,1000.0000,0.0000,0.0000,0.0000,0.0000,0.0000,0.0000,0.0000,0.0000,0.0000,0.0000,1000.0000,1000.0000,NULL,'a:0:{}',NULL,0.0000,0.0000,1000.0000,NULL,NULL,0.0000,0.0000,0.0000,NULL,0.0000,0.0000,NULL,NULL,NULL,NULL,NULL),(89,23,'2014-02-05 10:25:22','2014-02-05 10:25:22',NULL,0,NULL,'billing',NULL,NULL,NULL,NULL,NULL,NULL,NULL,NULL,NULL,NULL,NULL,NULL,NULL,NULL,NULL,0,0,0,NULL,NULL,0.0000,0.0000,0.0000,0.0000,0.0000,0.0000,0.0000,0.0000,0.0000,0.0000,0.0000,0.0000,0.0000,0.0000,0.0000,NULL,'a:0:{}',NULL,NULL,NULL,0.0000,NULL,NULL,NULL,NULL,NULL,NULL,0.0000,0.0000,NULL,NULL,NULL,NULL,NULL),(90,23,'2014-02-05 10:25:22','2014-02-05 10:25:22',NULL,0,NULL,'shipping',NULL,NULL,NULL,NULL,NULL,NULL,NULL,NULL,NULL,NULL,NULL,NULL,NULL,NULL,NULL,1,0,0,NULL,NULL,2.0000,1000.0000,1000.0000,0.0000,0.0000,0.0000,0.0000,0.0000,0.0000,0.0000,0.0000,0.0000,0.0000,1000.0000,1000.0000,NULL,'a:0:{}',NULL,0.0000,0.0000,1000.0000,NULL,NULL,0.0000,0.0000,0.0000,NULL,0.0000,0.0000,NULL,NULL,NULL,NULL,NULL),(93,24,'2014-02-12 10:50:05','2014-02-12 10:50:05',NULL,0,NULL,'billing',NULL,NULL,NULL,NULL,NULL,NULL,NULL,NULL,NULL,NULL,NULL,NULL,NULL,NULL,NULL,0,0,0,NULL,NULL,0.0000,0.0000,0.0000,0.0000,0.0000,0.0000,0.0000,0.0000,0.0000,0.0000,0.0000,0.0000,0.0000,0.0000,0.0000,NULL,'a:0:{}',NULL,NULL,NULL,0.0000,NULL,NULL,NULL,NULL,NULL,NULL,0.0000,0.0000,NULL,NULL,NULL,NULL,NULL),(94,24,'2014-02-12 10:50:05','2014-02-12 10:50:05',NULL,0,NULL,'shipping',NULL,NULL,NULL,NULL,NULL,NULL,NULL,NULL,NULL,NULL,NULL,NULL,NULL,NULL,NULL,1,0,0,NULL,NULL,2.0000,1000.0000,1000.0000,0.0000,0.0000,0.0000,0.0000,0.0000,0.0000,0.0000,0.0000,0.0000,0.0000,1000.0000,1000.0000,NULL,'a:0:{}',NULL,0.0000,0.0000,1000.0000,NULL,NULL,0.0000,0.0000,0.0000,NULL,0.0000,0.0000,NULL,NULL,NULL,NULL,NULL),(97,25,'2014-02-12 12:54:40','2014-02-12 12:54:40',NULL,0,NULL,'billing',NULL,NULL,NULL,NULL,NULL,NULL,NULL,NULL,NULL,NULL,NULL,NULL,NULL,NULL,NULL,0,0,0,NULL,NULL,0.0000,0.0000,0.0000,0.0000,0.0000,0.0000,0.0000,0.0000,0.0000,0.0000,0.0000,0.0000,0.0000,0.0000,0.0000,NULL,'a:0:{}',NULL,NULL,NULL,0.0000,NULL,NULL,NULL,NULL,NULL,NULL,0.0000,0.0000,NULL,NULL,NULL,NULL,NULL),(98,25,'2014-02-12 12:54:40','2014-02-12 12:54:40',NULL,0,NULL,'shipping',NULL,NULL,NULL,NULL,NULL,NULL,NULL,NULL,NULL,NULL,NULL,NULL,NULL,NULL,NULL,1,0,0,NULL,NULL,2.0000,1000.0000,1000.0000,0.0000,0.0000,0.0000,0.0000,0.0000,0.0000,0.0000,0.0000,0.0000,0.0000,1000.0000,1000.0000,NULL,'a:0:{}',NULL,0.0000,0.0000,1000.0000,NULL,NULL,0.0000,0.0000,0.0000,NULL,0.0000,0.0000,NULL,NULL,NULL,NULL,NULL),(101,26,'2014-02-19 10:27:08','2014-02-19 10:27:08',NULL,0,NULL,'billing',NULL,NULL,NULL,NULL,NULL,NULL,NULL,NULL,NULL,NULL,NULL,NULL,NULL,NULL,NULL,0,0,0,NULL,NULL,0.0000,0.0000,0.0000,0.0000,0.0000,0.0000,0.0000,0.0000,0.0000,0.0000,0.0000,0.0000,0.0000,0.0000,0.0000,NULL,'a:0:{}',NULL,NULL,NULL,0.0000,NULL,NULL,NULL,NULL,NULL,NULL,0.0000,0.0000,NULL,NULL,NULL,NULL,NULL),(102,26,'2014-02-19 10:27:08','2014-02-19 10:27:08',NULL,0,NULL,'shipping',NULL,NULL,NULL,NULL,NULL,NULL,NULL,NULL,NULL,NULL,NULL,NULL,NULL,NULL,NULL,1,0,0,NULL,NULL,2.0000,1000.0000,1000.0000,0.0000,0.0000,0.0000,0.0000,0.0000,0.0000,0.0000,0.0000,0.0000,0.0000,1000.0000,1000.0000,NULL,'a:0:{}',NULL,0.0000,0.0000,1000.0000,NULL,NULL,0.0000,0.0000,0.0000,NULL,0.0000,0.0000,NULL,NULL,NULL,NULL,NULL),(105,27,'2014-02-26 10:21:02','2014-02-26 10:21:02',NULL,0,NULL,'billing',NULL,NULL,NULL,NULL,NULL,NULL,NULL,NULL,NULL,NULL,NULL,NULL,NULL,NULL,NULL,0,0,0,NULL,NULL,0.0000,0.0000,0.0000,0.0000,0.0000,0.0000,0.0000,0.0000,0.0000,0.0000,0.0000,0.0000,0.0000,0.0000,0.0000,NULL,'a:0:{}',NULL,NULL,NULL,0.0000,NULL,NULL,NULL,NULL,NULL,NULL,0.0000,0.0000,NULL,NULL,NULL,NULL,NULL),(106,27,'2014-02-26 10:21:02','2014-02-26 10:21:02',NULL,0,NULL,'shipping',NULL,NULL,NULL,NULL,NULL,NULL,NULL,NULL,NULL,NULL,NULL,NULL,NULL,NULL,NULL,1,0,0,NULL,NULL,2.0000,1000.0000,1000.0000,0.0000,0.0000,0.0000,0.0000,0.0000,0.0000,0.0000,0.0000,0.0000,0.0000,1000.0000,1000.0000,NULL,'a:0:{}',NULL,0.0000,0.0000,1000.0000,NULL,NULL,0.0000,0.0000,0.0000,NULL,0.0000,0.0000,NULL,NULL,NULL,NULL,NULL),(109,28,'2014-03-05 10:15:22','2014-03-05 10:15:22',NULL,0,NULL,'billing',NULL,NULL,NULL,NULL,NULL,NULL,NULL,NULL,NULL,NULL,NULL,NULL,NULL,NULL,NULL,0,0,0,NULL,NULL,0.0000,0.0000,0.0000,0.0000,0.0000,0.0000,0.0000,0.0000,0.0000,0.0000,0.0000,0.0000,0.0000,0.0000,0.0000,NULL,'a:0:{}',NULL,NULL,NULL,0.0000,NULL,NULL,NULL,NULL,NULL,NULL,0.0000,0.0000,NULL,NULL,NULL,NULL,NULL),(110,28,'2014-03-05 10:15:22','2014-03-05 10:15:22',NULL,0,NULL,'shipping',NULL,NULL,NULL,NULL,NULL,NULL,NULL,NULL,NULL,NULL,NULL,NULL,NULL,NULL,NULL,1,0,0,NULL,NULL,2.0000,1000.0000,1000.0000,0.0000,0.0000,0.0000,0.0000,0.0000,0.0000,0.0000,0.0000,0.0000,0.0000,1000.0000,1000.0000,NULL,'a:0:{}',NULL,0.0000,0.0000,1000.0000,NULL,NULL,0.0000,0.0000,0.0000,NULL,0.0000,0.0000,NULL,NULL,NULL,NULL,NULL),(113,29,'2014-03-12 11:40:51','2014-03-12 11:40:51',NULL,0,NULL,'billing',NULL,NULL,NULL,NULL,NULL,NULL,NULL,NULL,NULL,NULL,NULL,NULL,NULL,NULL,NULL,0,0,0,NULL,NULL,0.0000,0.0000,0.0000,0.0000,0.0000,0.0000,0.0000,0.0000,0.0000,0.0000,0.0000,0.0000,0.0000,0.0000,0.0000,NULL,'a:0:{}',NULL,NULL,NULL,0.0000,NULL,NULL,NULL,NULL,NULL,NULL,0.0000,0.0000,NULL,NULL,NULL,NULL,NULL),(114,29,'2014-03-12 11:40:51','2014-03-12 11:40:51',NULL,0,NULL,'shipping',NULL,NULL,NULL,NULL,NULL,NULL,NULL,NULL,NULL,NULL,NULL,NULL,NULL,NULL,NULL,1,0,0,NULL,NULL,2.0000,1000.0000,1000.0000,0.0000,0.0000,0.0000,0.0000,0.0000,0.0000,0.0000,0.0000,0.0000,0.0000,1000.0000,1000.0000,NULL,'a:0:{}',NULL,0.0000,0.0000,1000.0000,NULL,NULL,0.0000,0.0000,0.0000,NULL,0.0000,0.0000,NULL,NULL,NULL,NULL,NULL),(117,30,'2014-03-19 09:13:20','2014-03-19 09:13:20',NULL,0,NULL,'billing',NULL,NULL,NULL,NULL,NULL,NULL,NULL,NULL,NULL,NULL,NULL,NULL,NULL,NULL,NULL,0,0,0,NULL,NULL,0.0000,0.0000,0.0000,0.0000,0.0000,0.0000,0.0000,0.0000,0.0000,0.0000,0.0000,0.0000,0.0000,0.0000,0.0000,NULL,'a:0:{}',NULL,NULL,NULL,0.0000,NULL,NULL,NULL,NULL,NULL,NULL,0.0000,0.0000,NULL,NULL,NULL,NULL,NULL),(118,30,'2014-03-19 09:13:20','2014-03-19 09:13:20',NULL,0,NULL,'shipping',NULL,NULL,NULL,NULL,NULL,NULL,NULL,NULL,NULL,NULL,NULL,NULL,NULL,NULL,NULL,1,0,0,NULL,NULL,2.0000,1000.0000,1000.0000,0.0000,0.0000,0.0000,0.0000,0.0000,0.0000,0.0000,0.0000,0.0000,0.0000,1000.0000,1000.0000,NULL,'a:0:{}',NULL,0.0000,0.0000,1000.0000,NULL,NULL,0.0000,0.0000,0.0000,NULL,0.0000,0.0000,NULL,NULL,NULL,NULL,NULL),(121,31,'2014-03-24 22:22:19','2014-03-24 22:22:19',NULL,0,NULL,'billing',NULL,NULL,NULL,NULL,NULL,NULL,NULL,NULL,NULL,NULL,NULL,NULL,NULL,NULL,NULL,0,0,0,NULL,NULL,0.0000,0.0000,0.0000,0.0000,0.0000,0.0000,0.0000,0.0000,0.0000,0.0000,0.0000,0.0000,0.0000,0.0000,0.0000,NULL,'a:0:{}',NULL,NULL,NULL,0.0000,NULL,NULL,NULL,NULL,NULL,NULL,0.0000,0.0000,NULL,NULL,NULL,NULL,NULL),(122,31,'2014-03-24 22:22:19','2014-03-24 22:22:19',NULL,0,NULL,'shipping',NULL,NULL,NULL,NULL,NULL,NULL,NULL,NULL,NULL,NULL,NULL,NULL,NULL,NULL,NULL,1,0,0,NULL,NULL,2.0000,1000.0000,1000.0000,0.0000,0.0000,0.0000,0.0000,0.0000,0.0000,0.0000,0.0000,0.0000,0.0000,1000.0000,1000.0000,NULL,'a:0:{}',NULL,0.0000,0.0000,1000.0000,NULL,NULL,0.0000,0.0000,0.0000,NULL,0.0000,0.0000,NULL,NULL,NULL,NULL,NULL),(125,32,'2014-03-26 21:36:26','2014-03-26 21:36:26',NULL,0,NULL,'billing',NULL,NULL,NULL,NULL,NULL,NULL,NULL,NULL,NULL,NULL,NULL,NULL,NULL,NULL,NULL,0,0,0,NULL,NULL,0.0000,0.0000,0.0000,0.0000,0.0000,0.0000,0.0000,0.0000,0.0000,0.0000,0.0000,0.0000,0.0000,0.0000,0.0000,NULL,'a:0:{}',NULL,NULL,NULL,0.0000,NULL,NULL,NULL,NULL,NULL,NULL,0.0000,0.0000,NULL,NULL,NULL,NULL,NULL),(126,32,'2014-03-26 21:36:26','2014-03-26 21:36:26',NULL,0,NULL,'shipping',NULL,NULL,NULL,NULL,NULL,NULL,NULL,NULL,NULL,NULL,NULL,NULL,NULL,NULL,NULL,1,0,0,NULL,NULL,2.0000,1000.0000,1000.0000,0.0000,0.0000,0.0000,0.0000,0.0000,0.0000,0.0000,0.0000,0.0000,0.0000,1000.0000,1000.0000,NULL,'a:0:{}',NULL,0.0000,0.0000,1000.0000,NULL,NULL,0.0000,0.0000,0.0000,NULL,0.0000,0.0000,NULL,NULL,NULL,NULL,NULL),(129,33,'2014-04-02 09:15:10','2014-04-02 09:15:10',NULL,0,NULL,'billing',NULL,NULL,NULL,NULL,NULL,NULL,NULL,NULL,NULL,NULL,NULL,NULL,NULL,NULL,NULL,0,0,0,NULL,NULL,0.0000,0.0000,0.0000,0.0000,0.0000,0.0000,0.0000,0.0000,0.0000,0.0000,0.0000,0.0000,0.0000,0.0000,0.0000,NULL,'a:0:{}',NULL,NULL,NULL,0.0000,NULL,NULL,NULL,NULL,NULL,NULL,0.0000,0.0000,NULL,NULL,NULL,NULL,NULL),(130,33,'2014-04-02 09:15:10','2014-04-02 09:15:10',NULL,0,NULL,'shipping',NULL,NULL,NULL,NULL,NULL,NULL,NULL,NULL,NULL,NULL,NULL,NULL,NULL,NULL,NULL,1,0,0,NULL,NULL,2.0000,1000.0000,1000.0000,0.0000,0.0000,0.0000,0.0000,0.0000,0.0000,0.0000,0.0000,0.0000,0.0000,1000.0000,1000.0000,NULL,'a:0:{}',NULL,0.0000,0.0000,1000.0000,NULL,NULL,0.0000,0.0000,0.0000,NULL,0.0000,0.0000,NULL,NULL,NULL,NULL,NULL),(133,34,'2014-04-09 09:24:32','2014-04-09 09:24:32',NULL,0,NULL,'billing',NULL,NULL,NULL,NULL,NULL,NULL,NULL,NULL,NULL,NULL,NULL,NULL,NULL,NULL,NULL,0,0,0,NULL,NULL,0.0000,0.0000,0.0000,0.0000,0.0000,0.0000,0.0000,0.0000,0.0000,0.0000,0.0000,0.0000,0.0000,0.0000,0.0000,NULL,'a:0:{}',NULL,NULL,NULL,0.0000,NULL,NULL,NULL,NULL,NULL,NULL,0.0000,0.0000,NULL,NULL,NULL,NULL,NULL),(134,34,'2014-04-09 09:24:32','2014-04-09 09:24:32',NULL,0,NULL,'shipping',NULL,NULL,NULL,NULL,NULL,NULL,NULL,NULL,NULL,NULL,NULL,NULL,NULL,NULL,NULL,1,0,0,NULL,NULL,2.0000,1000.0000,1000.0000,0.0000,0.0000,0.0000,0.0000,0.0000,0.0000,0.0000,0.0000,0.0000,0.0000,1000.0000,1000.0000,NULL,'a:0:{}',NULL,0.0000,0.0000,1000.0000,NULL,NULL,0.0000,0.0000,0.0000,NULL,0.0000,0.0000,NULL,NULL,NULL,NULL,NULL),(137,35,'2014-04-16 09:13:41','2014-04-16 09:13:41',NULL,0,NULL,'billing',NULL,NULL,NULL,NULL,NULL,NULL,NULL,NULL,NULL,NULL,NULL,NULL,NULL,NULL,NULL,0,0,0,NULL,NULL,0.0000,0.0000,0.0000,0.0000,0.0000,0.0000,0.0000,0.0000,0.0000,0.0000,0.0000,0.0000,0.0000,0.0000,0.0000,NULL,'a:0:{}',NULL,NULL,NULL,0.0000,NULL,NULL,NULL,NULL,NULL,NULL,0.0000,0.0000,NULL,NULL,NULL,NULL,NULL),(138,35,'2014-04-16 09:13:41','2014-04-16 09:13:41',NULL,0,NULL,'shipping',NULL,NULL,NULL,NULL,NULL,NULL,NULL,NULL,NULL,NULL,NULL,NULL,NULL,NULL,NULL,1,0,0,NULL,NULL,2.0000,1000.0000,1000.0000,0.0000,0.0000,0.0000,0.0000,0.0000,0.0000,0.0000,0.0000,0.0000,0.0000,1000.0000,1000.0000,NULL,'a:0:{}',NULL,0.0000,0.0000,1000.0000,NULL,NULL,0.0000,0.0000,0.0000,NULL,0.0000,0.0000,NULL,NULL,NULL,NULL,NULL),(141,36,'2014-04-23 09:09:10','2014-04-23 09:09:10',NULL,0,NULL,'billing',NULL,NULL,NULL,NULL,NULL,NULL,NULL,NULL,NULL,NULL,NULL,NULL,NULL,NULL,NULL,0,0,0,NULL,NULL,0.0000,0.0000,0.0000,0.0000,0.0000,0.0000,0.0000,0.0000,0.0000,0.0000,0.0000,0.0000,0.0000,0.0000,0.0000,NULL,'a:0:{}',NULL,NULL,NULL,0.0000,NULL,NULL,NULL,NULL,NULL,NULL,0.0000,0.0000,NULL,NULL,NULL,NULL,NULL),(142,36,'2014-04-23 09:09:10','2014-04-23 09:09:10',NULL,0,NULL,'shipping',NULL,NULL,NULL,NULL,NULL,NULL,NULL,NULL,NULL,NULL,NULL,NULL,NULL,NULL,NULL,1,0,0,NULL,NULL,2.0000,1000.0000,1000.0000,0.0000,0.0000,0.0000,0.0000,0.0000,0.0000,0.0000,0.0000,0.0000,0.0000,1000.0000,1000.0000,NULL,'a:0:{}',NULL,0.0000,0.0000,1000.0000,NULL,NULL,0.0000,0.0000,0.0000,NULL,0.0000,0.0000,NULL,NULL,NULL,NULL,NULL),(145,37,'2014-04-30 09:25:18','2014-04-30 09:25:18',NULL,0,NULL,'billing',NULL,NULL,NULL,NULL,NULL,NULL,NULL,NULL,NULL,NULL,NULL,NULL,NULL,NULL,NULL,0,0,0,NULL,NULL,0.0000,0.0000,0.0000,0.0000,0.0000,0.0000,0.0000,0.0000,0.0000,0.0000,0.0000,0.0000,0.0000,0.0000,0.0000,NULL,'a:0:{}',NULL,NULL,NULL,0.0000,NULL,NULL,NULL,NULL,NULL,NULL,0.0000,0.0000,NULL,NULL,NULL,NULL,NULL),(146,37,'2014-04-30 09:25:18','2014-04-30 09:25:18',NULL,0,NULL,'shipping',NULL,NULL,NULL,NULL,NULL,NULL,NULL,NULL,NULL,NULL,NULL,NULL,NULL,NULL,NULL,1,0,0,NULL,NULL,2.0000,1000.0000,1000.0000,0.0000,0.0000,0.0000,0.0000,0.0000,0.0000,0.0000,0.0000,0.0000,0.0000,1000.0000,1000.0000,NULL,'a:0:{}',NULL,0.0000,0.0000,1000.0000,NULL,NULL,0.0000,0.0000,0.0000,NULL,0.0000,0.0000,NULL,NULL,NULL,NULL,NULL),(149,38,'2014-05-07 09:24:46','2014-05-07 09:24:46',NULL,0,NULL,'billing',NULL,NULL,NULL,NULL,NULL,NULL,NULL,NULL,NULL,NULL,NULL,NULL,NULL,NULL,NULL,0,0,0,NULL,NULL,0.0000,0.0000,0.0000,0.0000,0.0000,0.0000,0.0000,0.0000,0.0000,0.0000,0.0000,0.0000,0.0000,0.0000,0.0000,NULL,'a:0:{}',NULL,NULL,NULL,0.0000,NULL,NULL,NULL,NULL,NULL,NULL,0.0000,0.0000,NULL,NULL,NULL,NULL,NULL),(150,38,'2014-05-07 09:24:46','2014-05-07 09:24:46',NULL,0,NULL,'shipping',NULL,NULL,NULL,NULL,NULL,NULL,NULL,NULL,NULL,NULL,NULL,NULL,NULL,NULL,NULL,1,0,0,NULL,NULL,2.0000,1000.0000,1000.0000,0.0000,0.0000,0.0000,0.0000,0.0000,0.0000,0.0000,0.0000,0.0000,0.0000,1000.0000,1000.0000,NULL,'a:0:{}',NULL,0.0000,0.0000,1000.0000,NULL,NULL,0.0000,0.0000,0.0000,NULL,0.0000,0.0000,NULL,NULL,NULL,NULL,NULL),(153,39,'2014-05-14 09:23:09','2014-05-14 09:23:09',NULL,0,NULL,'billing',NULL,NULL,NULL,NULL,NULL,NULL,NULL,NULL,NULL,NULL,NULL,NULL,NULL,NULL,NULL,0,0,0,NULL,NULL,0.0000,0.0000,0.0000,0.0000,0.0000,0.0000,0.0000,0.0000,0.0000,0.0000,0.0000,0.0000,0.0000,0.0000,0.0000,NULL,'a:0:{}',NULL,NULL,NULL,0.0000,NULL,NULL,NULL,NULL,NULL,NULL,0.0000,0.0000,NULL,NULL,NULL,NULL,NULL),(154,39,'2014-05-14 09:23:09','2014-05-14 09:23:09',NULL,0,NULL,'shipping',NULL,NULL,NULL,NULL,NULL,NULL,NULL,NULL,NULL,NULL,NULL,NULL,NULL,NULL,NULL,1,0,0,NULL,NULL,2.0000,1000.0000,1000.0000,0.0000,0.0000,0.0000,0.0000,0.0000,0.0000,0.0000,0.0000,0.0000,0.0000,1000.0000,1000.0000,NULL,'a:0:{}',NULL,0.0000,0.0000,1000.0000,NULL,NULL,0.0000,0.0000,0.0000,NULL,0.0000,0.0000,NULL,NULL,NULL,NULL,NULL),(157,40,'2014-05-21 09:12:06','2014-05-21 09:12:06',NULL,0,NULL,'billing',NULL,NULL,NULL,NULL,NULL,NULL,NULL,NULL,NULL,NULL,NULL,NULL,NULL,NULL,NULL,0,0,0,NULL,NULL,0.0000,0.0000,0.0000,0.0000,0.0000,0.0000,0.0000,0.0000,0.0000,0.0000,0.0000,0.0000,0.0000,0.0000,0.0000,NULL,'a:0:{}',NULL,NULL,NULL,0.0000,NULL,NULL,NULL,NULL,NULL,NULL,0.0000,0.0000,NULL,NULL,NULL,NULL,NULL),(158,40,'2014-05-21 09:12:06','2014-05-21 09:12:06',NULL,0,NULL,'shipping',NULL,NULL,NULL,NULL,NULL,NULL,NULL,NULL,NULL,NULL,NULL,NULL,NULL,NULL,NULL,1,0,0,NULL,NULL,2.0000,1000.0000,1000.0000,0.0000,0.0000,0.0000,0.0000,0.0000,0.0000,0.0000,0.0000,0.0000,0.0000,1000.0000,1000.0000,NULL,'a:0:{}',NULL,0.0000,0.0000,1000.0000,NULL,NULL,0.0000,0.0000,0.0000,NULL,0.0000,0.0000,NULL,NULL,NULL,NULL,NULL),(161,41,'2014-05-28 09:28:36','2014-05-28 09:28:36',NULL,0,NULL,'billing',NULL,NULL,NULL,NULL,NULL,NULL,NULL,NULL,NULL,NULL,NULL,NULL,NULL,NULL,NULL,0,0,0,NULL,NULL,0.0000,0.0000,0.0000,0.0000,0.0000,0.0000,0.0000,0.0000,0.0000,0.0000,0.0000,0.0000,0.0000,0.0000,0.0000,NULL,'a:0:{}',NULL,NULL,NULL,0.0000,NULL,NULL,NULL,NULL,NULL,NULL,0.0000,0.0000,NULL,NULL,NULL,NULL,NULL),(162,41,'2014-05-28 09:28:37','2014-05-28 09:28:37',NULL,0,NULL,'shipping',NULL,NULL,NULL,NULL,NULL,NULL,NULL,NULL,NULL,NULL,NULL,NULL,NULL,NULL,NULL,1,0,0,NULL,NULL,2.0000,1000.0000,1000.0000,0.0000,0.0000,0.0000,0.0000,0.0000,0.0000,0.0000,0.0000,0.0000,0.0000,1000.0000,1000.0000,NULL,'a:0:{}',NULL,0.0000,0.0000,1000.0000,NULL,NULL,0.0000,0.0000,0.0000,NULL,0.0000,0.0000,NULL,NULL,NULL,NULL,NULL),(165,42,'2014-06-04 09:25:44','2014-06-04 09:25:44',NULL,0,NULL,'billing',NULL,NULL,NULL,NULL,NULL,NULL,NULL,NULL,NULL,NULL,NULL,NULL,NULL,NULL,NULL,0,0,0,NULL,NULL,0.0000,0.0000,0.0000,0.0000,0.0000,0.0000,0.0000,0.0000,0.0000,0.0000,0.0000,0.0000,0.0000,0.0000,0.0000,NULL,'a:0:{}',NULL,NULL,NULL,0.0000,NULL,NULL,NULL,NULL,NULL,NULL,0.0000,0.0000,NULL,NULL,NULL,NULL,NULL),(166,42,'2014-06-04 09:25:44','2014-06-04 09:25:44',NULL,0,NULL,'shipping',NULL,NULL,NULL,NULL,NULL,NULL,NULL,NULL,NULL,NULL,NULL,NULL,NULL,NULL,NULL,1,0,0,NULL,NULL,2.0000,1000.0000,1000.0000,0.0000,0.0000,0.0000,0.0000,0.0000,0.0000,0.0000,0.0000,0.0000,0.0000,1000.0000,1000.0000,NULL,'a:0:{}',NULL,0.0000,0.0000,1000.0000,NULL,NULL,0.0000,0.0000,0.0000,NULL,0.0000,0.0000,NULL,NULL,NULL,NULL,NULL),(169,43,'2014-06-11 09:19:42','2014-06-11 09:19:42',NULL,0,NULL,'billing',NULL,NULL,NULL,NULL,NULL,NULL,NULL,NULL,NULL,NULL,NULL,NULL,NULL,NULL,NULL,0,0,0,NULL,NULL,0.0000,0.0000,0.0000,0.0000,0.0000,0.0000,0.0000,0.0000,0.0000,0.0000,0.0000,0.0000,0.0000,0.0000,0.0000,NULL,'a:0:{}',NULL,NULL,NULL,0.0000,NULL,NULL,NULL,NULL,NULL,NULL,0.0000,0.0000,NULL,NULL,NULL,NULL,NULL),(170,43,'2014-06-11 09:19:42','2014-06-11 09:19:42',NULL,0,NULL,'shipping',NULL,NULL,NULL,NULL,NULL,NULL,NULL,NULL,NULL,NULL,NULL,NULL,NULL,NULL,NULL,1,0,0,NULL,NULL,2.0000,1000.0000,1000.0000,0.0000,0.0000,0.0000,0.0000,0.0000,0.0000,0.0000,0.0000,0.0000,0.0000,1000.0000,1000.0000,NULL,'a:0:{}',NULL,0.0000,0.0000,1000.0000,NULL,NULL,0.0000,0.0000,0.0000,NULL,0.0000,0.0000,NULL,NULL,NULL,NULL,NULL),(173,44,'2014-06-18 09:13:39','2014-06-18 09:13:39',NULL,0,NULL,'billing',NULL,NULL,NULL,NULL,NULL,NULL,NULL,NULL,NULL,NULL,NULL,NULL,NULL,NULL,NULL,0,0,0,NULL,NULL,0.0000,0.0000,0.0000,0.0000,0.0000,0.0000,0.0000,0.0000,0.0000,0.0000,0.0000,0.0000,0.0000,0.0000,0.0000,NULL,'a:0:{}',NULL,NULL,NULL,0.0000,NULL,NULL,NULL,NULL,NULL,NULL,0.0000,0.0000,NULL,NULL,NULL,NULL,NULL),(174,44,'2014-06-18 09:13:39','2014-06-18 09:13:39',NULL,0,NULL,'shipping',NULL,NULL,NULL,NULL,NULL,NULL,NULL,NULL,NULL,NULL,NULL,NULL,NULL,NULL,NULL,1,0,0,NULL,NULL,2.0000,1000.0000,1000.0000,0.0000,0.0000,0.0000,0.0000,0.0000,0.0000,0.0000,0.0000,0.0000,0.0000,1000.0000,1000.0000,NULL,'a:0:{}',NULL,0.0000,0.0000,1000.0000,NULL,NULL,0.0000,0.0000,0.0000,NULL,0.0000,0.0000,NULL,NULL,NULL,NULL,NULL),(177,45,'2014-06-23 01:25:34','2014-06-23 01:25:34',NULL,0,NULL,'billing',NULL,NULL,NULL,NULL,NULL,NULL,NULL,NULL,NULL,NULL,NULL,NULL,NULL,NULL,NULL,0,0,0,NULL,NULL,0.0000,0.0000,0.0000,0.0000,0.0000,0.0000,0.0000,0.0000,0.0000,0.0000,0.0000,0.0000,0.0000,0.0000,0.0000,NULL,'a:0:{}',NULL,NULL,NULL,0.0000,NULL,NULL,NULL,NULL,NULL,NULL,0.0000,0.0000,NULL,NULL,NULL,NULL,NULL),(178,45,'2014-06-23 01:25:34','2014-06-23 01:25:34',NULL,0,NULL,'shipping',NULL,NULL,NULL,NULL,NULL,NULL,NULL,NULL,NULL,NULL,NULL,NULL,NULL,NULL,NULL,1,0,0,NULL,NULL,2.0000,1000.0000,1000.0000,0.0000,0.0000,0.0000,0.0000,0.0000,0.0000,0.0000,0.0000,0.0000,0.0000,1000.0000,1000.0000,NULL,'a:0:{}',NULL,0.0000,0.0000,1000.0000,NULL,NULL,0.0000,0.0000,0.0000,NULL,0.0000,0.0000,NULL,NULL,NULL,NULL,NULL),(181,46,'2014-06-25 09:20:25','2014-06-25 09:20:25',NULL,0,NULL,'billing',NULL,NULL,NULL,NULL,NULL,NULL,NULL,NULL,NULL,NULL,NULL,NULL,NULL,NULL,NULL,0,0,0,NULL,NULL,0.0000,0.0000,0.0000,0.0000,0.0000,0.0000,0.0000,0.0000,0.0000,0.0000,0.0000,0.0000,0.0000,0.0000,0.0000,NULL,'a:0:{}',NULL,NULL,NULL,0.0000,NULL,NULL,NULL,NULL,NULL,NULL,0.0000,0.0000,NULL,NULL,NULL,NULL,NULL),(182,46,'2014-06-25 09:20:25','2014-06-25 09:20:25',NULL,0,NULL,'shipping',NULL,NULL,NULL,NULL,NULL,NULL,NULL,NULL,NULL,NULL,NULL,NULL,NULL,NULL,NULL,1,0,0,NULL,NULL,2.0000,1000.0000,1000.0000,0.0000,0.0000,0.0000,0.0000,0.0000,0.0000,0.0000,0.0000,0.0000,0.0000,1000.0000,1000.0000,NULL,'a:0:{}',NULL,0.0000,0.0000,1000.0000,NULL,NULL,0.0000,0.0000,0.0000,NULL,0.0000,0.0000,NULL,NULL,NULL,NULL,NULL),(185,47,'2014-07-02 09:18:56','2014-07-02 09:18:56',NULL,0,NULL,'billing',NULL,NULL,NULL,NULL,NULL,NULL,NULL,NULL,NULL,NULL,NULL,NULL,NULL,NULL,NULL,0,0,0,NULL,NULL,0.0000,0.0000,0.0000,0.0000,0.0000,0.0000,0.0000,0.0000,0.0000,0.0000,0.0000,0.0000,0.0000,0.0000,0.0000,NULL,'a:0:{}',NULL,NULL,NULL,0.0000,NULL,NULL,NULL,NULL,NULL,NULL,0.0000,0.0000,NULL,NULL,NULL,NULL,NULL),(186,47,'2014-07-02 09:18:56','2014-07-02 09:18:56',NULL,0,NULL,'shipping',NULL,NULL,NULL,NULL,NULL,NULL,NULL,NULL,NULL,NULL,NULL,NULL,NULL,NULL,NULL,1,0,0,NULL,NULL,2.0000,1000.0000,1000.0000,0.0000,0.0000,0.0000,0.0000,0.0000,0.0000,0.0000,0.0000,0.0000,0.0000,1000.0000,1000.0000,NULL,'a:0:{}',NULL,0.0000,0.0000,1000.0000,NULL,NULL,0.0000,0.0000,0.0000,NULL,0.0000,0.0000,NULL,NULL,NULL,NULL,NULL),(189,48,'2014-07-09 09:16:08','2014-07-09 09:16:08',NULL,0,NULL,'billing',NULL,NULL,NULL,NULL,NULL,NULL,NULL,NULL,NULL,NULL,NULL,NULL,NULL,NULL,NULL,0,0,0,NULL,NULL,0.0000,0.0000,0.0000,0.0000,0.0000,0.0000,0.0000,0.0000,0.0000,0.0000,0.0000,0.0000,0.0000,0.0000,0.0000,NULL,'a:0:{}',NULL,NULL,NULL,0.0000,NULL,NULL,NULL,NULL,NULL,NULL,0.0000,0.0000,NULL,NULL,NULL,NULL,NULL),(190,48,'2014-07-09 09:16:08','2014-07-09 09:16:08',NULL,0,NULL,'shipping',NULL,NULL,NULL,NULL,NULL,NULL,NULL,NULL,NULL,NULL,NULL,NULL,NULL,NULL,NULL,1,0,0,NULL,NULL,2.0000,1000.0000,1000.0000,0.0000,0.0000,0.0000,0.0000,0.0000,0.0000,0.0000,0.0000,0.0000,0.0000,1000.0000,1000.0000,NULL,'a:0:{}',NULL,0.0000,0.0000,1000.0000,NULL,NULL,0.0000,0.0000,0.0000,NULL,0.0000,0.0000,NULL,NULL,NULL,NULL,NULL),(193,49,'2014-07-16 09:33:28','2014-07-16 09:33:28',NULL,0,NULL,'billing',NULL,NULL,NULL,NULL,NULL,NULL,NULL,NULL,NULL,NULL,NULL,NULL,NULL,NULL,NULL,0,0,0,NULL,NULL,0.0000,0.0000,0.0000,0.0000,0.0000,0.0000,0.0000,0.0000,0.0000,0.0000,0.0000,0.0000,0.0000,0.0000,0.0000,NULL,'a:0:{}',NULL,NULL,NULL,0.0000,NULL,NULL,NULL,NULL,NULL,NULL,0.0000,0.0000,NULL,NULL,NULL,NULL,NULL),(194,49,'2014-07-16 09:33:28','2014-07-16 09:33:28',NULL,0,NULL,'shipping',NULL,NULL,NULL,NULL,NULL,NULL,NULL,NULL,NULL,NULL,NULL,NULL,NULL,NULL,NULL,1,0,0,NULL,NULL,2.0000,1000.0000,1000.0000,0.0000,0.0000,0.0000,0.0000,0.0000,0.0000,0.0000,0.0000,0.0000,0.0000,1000.0000,1000.0000,NULL,'a:0:{}',NULL,0.0000,0.0000,1000.0000,NULL,NULL,0.0000,0.0000,0.0000,NULL,0.0000,0.0000,NULL,NULL,NULL,NULL,NULL),(197,50,'2014-07-23 09:08:08','2014-07-23 09:08:08',NULL,0,NULL,'billing',NULL,NULL,NULL,NULL,NULL,NULL,NULL,NULL,NULL,NULL,NULL,NULL,NULL,NULL,NULL,0,0,0,NULL,NULL,0.0000,0.0000,0.0000,0.0000,0.0000,0.0000,0.0000,0.0000,0.0000,0.0000,0.0000,0.0000,0.0000,0.0000,0.0000,NULL,'a:0:{}',NULL,NULL,NULL,0.0000,NULL,NULL,NULL,NULL,NULL,NULL,0.0000,0.0000,NULL,NULL,NULL,NULL,NULL),(198,50,'2014-07-23 09:08:08','2014-07-23 09:08:08',NULL,0,NULL,'shipping',NULL,NULL,NULL,NULL,NULL,NULL,NULL,NULL,NULL,NULL,NULL,NULL,NULL,NULL,NULL,1,0,0,NULL,NULL,2.0000,1000.0000,1000.0000,0.0000,0.0000,0.0000,0.0000,0.0000,0.0000,0.0000,0.0000,0.0000,0.0000,1000.0000,1000.0000,NULL,'a:0:{}',NULL,0.0000,0.0000,1000.0000,NULL,NULL,0.0000,0.0000,0.0000,NULL,0.0000,0.0000,NULL,NULL,NULL,NULL,NULL),(201,51,'2014-07-30 09:18:32','2014-07-30 09:18:32',NULL,0,NULL,'billing',NULL,NULL,NULL,NULL,NULL,NULL,NULL,NULL,NULL,NULL,NULL,NULL,NULL,NULL,NULL,0,0,0,NULL,NULL,0.0000,0.0000,0.0000,0.0000,0.0000,0.0000,0.0000,0.0000,0.0000,0.0000,0.0000,0.0000,0.0000,0.0000,0.0000,NULL,'a:0:{}',NULL,NULL,NULL,0.0000,NULL,NULL,NULL,NULL,NULL,NULL,0.0000,0.0000,NULL,NULL,NULL,NULL,NULL),(202,51,'2014-07-30 09:18:32','2014-07-30 09:18:32',NULL,0,NULL,'shipping',NULL,NULL,NULL,NULL,NULL,NULL,NULL,NULL,NULL,NULL,NULL,NULL,NULL,NULL,NULL,1,0,0,NULL,NULL,2.0000,1000.0000,1000.0000,0.0000,0.0000,0.0000,0.0000,0.0000,0.0000,0.0000,0.0000,0.0000,0.0000,1000.0000,1000.0000,NULL,'a:0:{}',NULL,0.0000,0.0000,1000.0000,NULL,NULL,0.0000,0.0000,0.0000,NULL,0.0000,0.0000,NULL,NULL,NULL,NULL,NULL),(205,52,'2014-08-06 09:24:27','2014-08-06 09:24:27',NULL,0,NULL,'billing',NULL,NULL,NULL,NULL,NULL,NULL,NULL,NULL,NULL,NULL,NULL,NULL,NULL,NULL,NULL,0,0,0,NULL,NULL,0.0000,0.0000,0.0000,0.0000,0.0000,0.0000,0.0000,0.0000,0.0000,0.0000,0.0000,0.0000,0.0000,0.0000,0.0000,NULL,'a:0:{}',NULL,NULL,NULL,0.0000,NULL,NULL,NULL,NULL,NULL,NULL,0.0000,0.0000,NULL,NULL,NULL,NULL,NULL),(206,52,'2014-08-06 09:24:27','2014-08-06 09:24:27',NULL,0,NULL,'shipping',NULL,NULL,NULL,NULL,NULL,NULL,NULL,NULL,NULL,NULL,NULL,NULL,NULL,NULL,NULL,1,0,0,NULL,NULL,2.0000,1000.0000,1000.0000,0.0000,0.0000,0.0000,0.0000,0.0000,0.0000,0.0000,0.0000,0.0000,0.0000,1000.0000,1000.0000,NULL,'a:0:{}',NULL,0.0000,0.0000,1000.0000,NULL,NULL,0.0000,0.0000,0.0000,NULL,0.0000,0.0000,NULL,NULL,NULL,NULL,NULL),(209,53,'2014-08-13 09:12:19','2014-08-13 09:12:19',NULL,0,NULL,'billing',NULL,NULL,NULL,NULL,NULL,NULL,NULL,NULL,NULL,NULL,NULL,NULL,NULL,NULL,NULL,0,0,0,NULL,NULL,0.0000,0.0000,0.0000,0.0000,0.0000,0.0000,0.0000,0.0000,0.0000,0.0000,0.0000,0.0000,0.0000,0.0000,0.0000,NULL,'a:0:{}',NULL,NULL,NULL,0.0000,NULL,NULL,NULL,NULL,NULL,NULL,0.0000,0.0000,NULL,NULL,NULL,NULL,NULL),(210,53,'2014-08-13 09:12:19','2014-08-13 09:12:19',NULL,0,NULL,'shipping',NULL,NULL,NULL,NULL,NULL,NULL,NULL,NULL,NULL,NULL,NULL,NULL,NULL,NULL,NULL,1,0,0,NULL,NULL,2.0000,1000.0000,1000.0000,0.0000,0.0000,0.0000,0.0000,0.0000,0.0000,0.0000,0.0000,0.0000,0.0000,1000.0000,1000.0000,NULL,'a:0:{}',NULL,0.0000,0.0000,1000.0000,NULL,NULL,0.0000,0.0000,0.0000,NULL,0.0000,0.0000,NULL,NULL,NULL,NULL,NULL),(213,54,'2014-08-20 09:20:11','2014-08-20 09:20:11',NULL,0,NULL,'billing',NULL,NULL,NULL,NULL,NULL,NULL,NULL,NULL,NULL,NULL,NULL,NULL,NULL,NULL,NULL,0,0,0,NULL,NULL,0.0000,0.0000,0.0000,0.0000,0.0000,0.0000,0.0000,0.0000,0.0000,0.0000,0.0000,0.0000,0.0000,0.0000,0.0000,NULL,'a:0:{}',NULL,NULL,NULL,0.0000,NULL,NULL,NULL,NULL,NULL,NULL,0.0000,0.0000,NULL,NULL,NULL,NULL,NULL),(214,54,'2014-08-20 09:20:11','2014-08-20 09:20:11',NULL,0,NULL,'shipping',NULL,NULL,NULL,NULL,NULL,NULL,NULL,NULL,NULL,NULL,NULL,NULL,NULL,NULL,NULL,1,0,0,NULL,NULL,2.0000,1000.0000,1000.0000,0.0000,0.0000,0.0000,0.0000,0.0000,0.0000,0.0000,0.0000,0.0000,0.0000,1000.0000,1000.0000,NULL,'a:0:{}',NULL,0.0000,0.0000,1000.0000,NULL,NULL,0.0000,0.0000,0.0000,NULL,0.0000,0.0000,NULL,NULL,NULL,NULL,NULL),(217,55,'2014-08-27 11:57:35','2014-08-27 11:57:35',NULL,0,NULL,'billing',NULL,NULL,NULL,NULL,NULL,NULL,NULL,NULL,NULL,NULL,NULL,NULL,NULL,NULL,NULL,0,0,0,NULL,NULL,0.0000,0.0000,0.0000,0.0000,0.0000,0.0000,0.0000,0.0000,0.0000,0.0000,0.0000,0.0000,0.0000,0.0000,0.0000,NULL,'a:0:{}',NULL,NULL,NULL,0.0000,NULL,NULL,NULL,NULL,NULL,NULL,0.0000,0.0000,NULL,NULL,NULL,NULL,NULL),(218,55,'2014-08-27 11:57:35','2014-08-27 11:57:35',NULL,0,NULL,'shipping',NULL,NULL,NULL,NULL,NULL,NULL,NULL,NULL,NULL,NULL,NULL,NULL,NULL,NULL,NULL,1,0,0,NULL,NULL,2.0000,1000.0000,1000.0000,0.0000,0.0000,0.0000,0.0000,0.0000,0.0000,0.0000,0.0000,0.0000,0.0000,1000.0000,1000.0000,NULL,'a:0:{}',NULL,0.0000,0.0000,1000.0000,NULL,NULL,0.0000,0.0000,0.0000,NULL,0.0000,0.0000,NULL,NULL,NULL,NULL,NULL),(221,56,'2014-09-03 09:13:40','2014-09-03 09:13:40',NULL,0,NULL,'billing',NULL,NULL,NULL,NULL,NULL,NULL,NULL,NULL,NULL,NULL,NULL,NULL,NULL,NULL,NULL,0,0,0,NULL,NULL,0.0000,0.0000,0.0000,0.0000,0.0000,0.0000,0.0000,0.0000,0.0000,0.0000,0.0000,0.0000,0.0000,0.0000,0.0000,NULL,'a:0:{}',NULL,NULL,NULL,0.0000,NULL,NULL,NULL,NULL,NULL,NULL,0.0000,0.0000,NULL,NULL,NULL,NULL,NULL),(222,56,'2014-09-03 09:13:40','2014-09-03 09:13:40',NULL,0,NULL,'shipping',NULL,NULL,NULL,NULL,NULL,NULL,NULL,NULL,NULL,NULL,NULL,NULL,NULL,NULL,NULL,1,0,0,NULL,NULL,2.0000,1000.0000,1000.0000,0.0000,0.0000,0.0000,0.0000,0.0000,0.0000,0.0000,0.0000,0.0000,0.0000,1000.0000,1000.0000,NULL,'a:0:{}',NULL,0.0000,0.0000,1000.0000,NULL,NULL,0.0000,0.0000,0.0000,NULL,0.0000,0.0000,NULL,NULL,NULL,NULL,NULL),(225,57,'2014-09-10 09:31:17','2014-09-10 09:31:17',NULL,0,NULL,'billing',NULL,NULL,NULL,NULL,NULL,NULL,NULL,NULL,NULL,NULL,NULL,NULL,NULL,NULL,NULL,0,0,0,NULL,NULL,0.0000,0.0000,0.0000,0.0000,0.0000,0.0000,0.0000,0.0000,0.0000,0.0000,0.0000,0.0000,0.0000,0.0000,0.0000,NULL,'a:0:{}',NULL,NULL,NULL,0.0000,NULL,NULL,NULL,NULL,NULL,NULL,0.0000,0.0000,NULL,NULL,NULL,NULL,NULL),(226,57,'2014-09-10 09:31:17','2014-09-10 09:31:17',NULL,0,NULL,'shipping',NULL,NULL,NULL,NULL,NULL,NULL,NULL,NULL,NULL,NULL,NULL,NULL,NULL,NULL,NULL,1,0,0,NULL,NULL,2.0000,1000.0000,1000.0000,0.0000,0.0000,0.0000,0.0000,0.0000,0.0000,0.0000,0.0000,0.0000,0.0000,1000.0000,1000.0000,NULL,'a:0:{}',NULL,0.0000,0.0000,1000.0000,NULL,NULL,0.0000,0.0000,0.0000,NULL,0.0000,0.0000,NULL,NULL,NULL,NULL,NULL),(229,58,'2014-09-12 18:36:50','2014-09-12 18:36:50',NULL,0,NULL,'billing',NULL,NULL,NULL,NULL,NULL,NULL,NULL,NULL,NULL,NULL,NULL,NULL,NULL,NULL,NULL,0,0,0,NULL,NULL,0.0000,0.0000,0.0000,0.0000,0.0000,0.0000,0.0000,0.0000,0.0000,0.0000,0.0000,0.0000,0.0000,0.0000,0.0000,NULL,'a:0:{}',NULL,NULL,NULL,0.0000,NULL,NULL,NULL,NULL,NULL,NULL,0.0000,0.0000,NULL,NULL,NULL,NULL,NULL),(230,58,'2014-09-12 18:36:50','2014-09-12 18:36:50',NULL,0,NULL,'shipping',NULL,NULL,NULL,NULL,NULL,NULL,NULL,NULL,NULL,NULL,NULL,NULL,NULL,NULL,NULL,1,0,0,NULL,NULL,2.0000,1000.0000,1000.0000,0.0000,0.0000,0.0000,0.0000,0.0000,0.0000,0.0000,0.0000,0.0000,0.0000,1000.0000,1000.0000,NULL,'a:0:{}',NULL,0.0000,0.0000,1000.0000,NULL,NULL,0.0000,0.0000,0.0000,NULL,0.0000,0.0000,NULL,NULL,NULL,NULL,NULL),(233,59,'2014-09-14 02:38:55','2014-09-14 02:38:55',NULL,0,NULL,'billing',NULL,NULL,NULL,NULL,NULL,NULL,NULL,NULL,NULL,NULL,NULL,NULL,NULL,NULL,NULL,0,0,0,NULL,NULL,0.0000,0.0000,0.0000,0.0000,0.0000,0.0000,0.0000,0.0000,0.0000,0.0000,0.0000,0.0000,0.0000,0.0000,0.0000,NULL,'a:0:{}',NULL,NULL,NULL,0.0000,NULL,NULL,NULL,NULL,NULL,NULL,0.0000,0.0000,NULL,NULL,NULL,NULL,NULL),(234,59,'2014-09-14 02:38:55','2014-09-14 02:38:55',NULL,0,NULL,'shipping',NULL,NULL,NULL,NULL,NULL,NULL,NULL,NULL,NULL,NULL,NULL,NULL,NULL,NULL,NULL,1,0,0,NULL,NULL,2.0000,1000.0000,1000.0000,0.0000,0.0000,0.0000,0.0000,0.0000,0.0000,0.0000,0.0000,0.0000,0.0000,1000.0000,1000.0000,NULL,'a:0:{}',NULL,0.0000,0.0000,1000.0000,NULL,NULL,0.0000,0.0000,0.0000,NULL,0.0000,0.0000,NULL,NULL,NULL,NULL,NULL),(237,60,'2014-09-17 09:20:20','2014-09-17 09:20:20',NULL,0,NULL,'billing',NULL,NULL,NULL,NULL,NULL,NULL,NULL,NULL,NULL,NULL,NULL,NULL,NULL,NULL,NULL,0,0,0,NULL,NULL,0.0000,0.0000,0.0000,0.0000,0.0000,0.0000,0.0000,0.0000,0.0000,0.0000,0.0000,0.0000,0.0000,0.0000,0.0000,NULL,'a:0:{}',NULL,NULL,NULL,0.0000,NULL,NULL,NULL,NULL,NULL,NULL,0.0000,0.0000,NULL,NULL,NULL,NULL,NULL),(238,60,'2014-09-17 09:20:20','2014-09-17 09:20:20',NULL,0,NULL,'shipping',NULL,NULL,NULL,NULL,NULL,NULL,NULL,NULL,NULL,NULL,NULL,NULL,NULL,NULL,NULL,1,0,0,NULL,NULL,2.0000,1000.0000,1000.0000,0.0000,0.0000,0.0000,0.0000,0.0000,0.0000,0.0000,0.0000,0.0000,0.0000,1000.0000,1000.0000,NULL,'a:0:{}',NULL,0.0000,0.0000,1000.0000,NULL,NULL,0.0000,0.0000,0.0000,NULL,0.0000,0.0000,NULL,NULL,NULL,NULL,NULL),(241,61,'2014-09-24 09:36:04','2014-09-24 09:36:04',NULL,0,NULL,'billing',NULL,NULL,NULL,NULL,NULL,NULL,NULL,NULL,NULL,NULL,NULL,NULL,NULL,NULL,NULL,0,0,0,NULL,NULL,0.0000,0.0000,0.0000,0.0000,0.0000,0.0000,0.0000,0.0000,0.0000,0.0000,0.0000,0.0000,0.0000,0.0000,0.0000,NULL,'a:0:{}',NULL,NULL,NULL,0.0000,NULL,NULL,NULL,NULL,NULL,NULL,0.0000,0.0000,NULL,NULL,NULL,NULL,NULL),(242,61,'2014-09-24 09:36:04','2014-09-24 09:36:04',NULL,0,NULL,'shipping',NULL,NULL,NULL,NULL,NULL,NULL,NULL,NULL,NULL,NULL,NULL,NULL,NULL,NULL,NULL,1,0,0,NULL,NULL,2.0000,1000.0000,1000.0000,0.0000,0.0000,0.0000,0.0000,0.0000,0.0000,0.0000,0.0000,0.0000,0.0000,1000.0000,1000.0000,NULL,'a:0:{}',NULL,0.0000,0.0000,1000.0000,NULL,NULL,0.0000,0.0000,0.0000,NULL,0.0000,0.0000,NULL,NULL,NULL,NULL,NULL),(245,62,'2014-09-25 11:08:32','2014-09-25 11:08:39',NULL,0,NULL,'billing',NULL,NULL,NULL,NULL,NULL,NULL,NULL,NULL,NULL,NULL,NULL,NULL,NULL,NULL,NULL,0,0,0,NULL,NULL,0.0000,0.0000,0.0000,0.0000,0.0000,0.0000,0.0000,0.0000,0.0000,0.0000,0.0000,0.0000,0.0000,0.0000,0.0000,NULL,'a:0:{}',NULL,NULL,NULL,0.0000,NULL,NULL,NULL,NULL,NULL,NULL,0.0000,0.0000,NULL,NULL,NULL,NULL,NULL),(246,62,'2014-09-25 11:08:32','2014-09-25 11:08:39',NULL,0,NULL,'shipping',NULL,NULL,NULL,NULL,NULL,NULL,NULL,NULL,NULL,NULL,NULL,NULL,NULL,NULL,NULL,1,0,0,NULL,NULL,2.0000,1000.0000,1000.0000,0.0000,0.0000,0.0000,0.0000,0.0000,0.0000,0.0000,0.0000,0.0000,0.0000,1000.0000,1000.0000,NULL,'a:0:{}',NULL,0.0000,0.0000,1000.0000,NULL,NULL,0.0000,0.0000,0.0000,NULL,0.0000,0.0000,NULL,NULL,NULL,NULL,NULL),(249,63,'2014-09-28 04:48:00','2014-09-28 04:48:00',NULL,0,NULL,'billing',NULL,NULL,NULL,NULL,NULL,NULL,NULL,NULL,NULL,NULL,NULL,NULL,NULL,NULL,NULL,0,0,0,NULL,NULL,0.0000,0.0000,0.0000,0.0000,0.0000,0.0000,0.0000,0.0000,0.0000,0.0000,0.0000,0.0000,0.0000,0.0000,0.0000,NULL,'a:0:{}',NULL,NULL,NULL,0.0000,NULL,NULL,NULL,NULL,NULL,NULL,0.0000,0.0000,NULL,NULL,NULL,NULL,NULL),(250,63,'2014-09-28 04:48:00','2014-09-28 04:48:00',NULL,0,NULL,'shipping',NULL,NULL,NULL,NULL,NULL,NULL,NULL,NULL,NULL,NULL,NULL,NULL,NULL,NULL,NULL,1,0,0,NULL,NULL,2.0000,1000.0000,1000.0000,0.0000,0.0000,0.0000,0.0000,0.0000,0.0000,0.0000,0.0000,0.0000,0.0000,1000.0000,1000.0000,NULL,'a:0:{}',NULL,0.0000,0.0000,1000.0000,NULL,NULL,0.0000,0.0000,0.0000,NULL,0.0000,0.0000,NULL,NULL,NULL,NULL,NULL),(253,64,'2014-10-01 09:36:38','2014-10-01 09:36:38',NULL,0,NULL,'billing',NULL,NULL,NULL,NULL,NULL,NULL,NULL,NULL,NULL,NULL,NULL,NULL,NULL,NULL,NULL,0,0,0,NULL,NULL,0.0000,0.0000,0.0000,0.0000,0.0000,0.0000,0.0000,0.0000,0.0000,0.0000,0.0000,0.0000,0.0000,0.0000,0.0000,NULL,'a:0:{}',NULL,NULL,NULL,0.0000,NULL,NULL,NULL,NULL,NULL,NULL,0.0000,0.0000,NULL,NULL,NULL,NULL,NULL),(254,64,'2014-10-01 09:36:38','2014-10-01 09:36:38',NULL,0,NULL,'shipping',NULL,NULL,NULL,NULL,NULL,NULL,NULL,NULL,NULL,NULL,NULL,NULL,NULL,NULL,NULL,1,0,0,NULL,NULL,2.0000,1000.0000,1000.0000,0.0000,0.0000,0.0000,0.0000,0.0000,0.0000,0.0000,0.0000,0.0000,0.0000,1000.0000,1000.0000,NULL,'a:0:{}',NULL,0.0000,0.0000,1000.0000,NULL,NULL,0.0000,0.0000,0.0000,NULL,0.0000,0.0000,NULL,NULL,NULL,NULL,NULL),(257,65,'2014-10-02 07:52:02','2014-10-02 07:52:07',NULL,0,NULL,'billing',NULL,NULL,NULL,NULL,NULL,NULL,NULL,NULL,NULL,NULL,NULL,NULL,NULL,NULL,NULL,0,0,0,NULL,NULL,0.0000,0.0000,0.0000,0.0000,0.0000,0.0000,0.0000,0.0000,0.0000,0.0000,0.0000,0.0000,0.0000,0.0000,0.0000,NULL,'a:0:{}',NULL,NULL,NULL,0.0000,NULL,NULL,NULL,NULL,NULL,NULL,0.0000,0.0000,NULL,NULL,NULL,NULL,NULL),(258,65,'2014-10-02 07:52:02','2014-10-02 07:52:07',NULL,0,NULL,'shipping',NULL,NULL,NULL,NULL,NULL,NULL,NULL,NULL,NULL,'bwNudaAxNfuWqAlTnC',NULL,'gNpLHBTWxWLPYzEyuOU','US',NULL,NULL,1,0,0,NULL,NULL,2.0000,1000.0000,1000.0000,0.0000,0.0000,0.0000,0.0000,0.0000,0.0000,0.0000,0.0000,0.0000,0.0000,1000.0000,1000.0000,NULL,'a:0:{}',NULL,0.0000,0.0000,1000.0000,NULL,NULL,0.0000,0.0000,0.0000,NULL,0.0000,0.0000,NULL,NULL,NULL,NULL,NULL),(261,66,'2014-10-02 07:52:12','2014-10-02 07:52:37',NULL,0,NULL,'billing',NULL,NULL,NULL,NULL,NULL,NULL,NULL,NULL,NULL,NULL,NULL,NULL,NULL,NULL,NULL,0,0,0,NULL,NULL,0.0000,0.0000,0.0000,0.0000,0.0000,0.0000,0.0000,0.0000,0.0000,0.0000,0.0000,0.0000,0.0000,0.0000,0.0000,NULL,'a:0:{}',NULL,NULL,NULL,0.0000,NULL,NULL,NULL,NULL,NULL,NULL,0.0000,0.0000,NULL,NULL,NULL,NULL,NULL),(262,66,'2014-10-02 07:52:12','2014-10-02 07:52:37',NULL,0,NULL,'shipping',NULL,NULL,NULL,NULL,NULL,NULL,NULL,NULL,NULL,NULL,NULL,NULL,NULL,NULL,NULL,1,0,0,NULL,NULL,2.0000,1000.0000,1000.0000,0.0000,0.0000,0.0000,0.0000,0.0000,0.0000,0.0000,0.0000,0.0000,0.0000,1000.0000,1000.0000,NULL,'a:0:{}',NULL,0.0000,0.0000,1000.0000,NULL,NULL,0.0000,0.0000,0.0000,NULL,0.0000,0.0000,NULL,NULL,NULL,NULL,NULL),(265,67,'2014-10-02 11:45:52','2014-10-02 11:45:59',NULL,0,NULL,'billing',NULL,NULL,NULL,NULL,NULL,NULL,NULL,NULL,NULL,NULL,NULL,NULL,NULL,NULL,NULL,0,0,0,NULL,NULL,0.0000,0.0000,0.0000,0.0000,0.0000,0.0000,0.0000,0.0000,0.0000,0.0000,0.0000,0.0000,0.0000,0.0000,0.0000,NULL,'a:0:{}',NULL,NULL,NULL,0.0000,NULL,NULL,NULL,NULL,NULL,NULL,0.0000,0.0000,NULL,NULL,NULL,NULL,NULL),(266,67,'2014-10-02 11:45:52','2014-10-02 11:45:59',NULL,0,NULL,'shipping',NULL,NULL,NULL,NULL,NULL,NULL,NULL,NULL,NULL,NULL,NULL,NULL,NULL,NULL,NULL,1,0,0,NULL,NULL,2.0000,1000.0000,1000.0000,0.0000,0.0000,0.0000,0.0000,0.0000,0.0000,0.0000,0.0000,0.0000,0.0000,1000.0000,1000.0000,NULL,'a:0:{}',NULL,0.0000,0.0000,1000.0000,NULL,NULL,0.0000,0.0000,0.0000,NULL,0.0000,0.0000,NULL,NULL,NULL,NULL,NULL),(269,68,'2014-10-03 05:12:04','2014-10-03 05:12:10',NULL,0,NULL,'billing',NULL,NULL,NULL,NULL,NULL,NULL,NULL,NULL,NULL,NULL,NULL,NULL,NULL,NULL,NULL,0,0,0,NULL,NULL,0.0000,0.0000,0.0000,0.0000,0.0000,0.0000,0.0000,0.0000,0.0000,0.0000,0.0000,0.0000,0.0000,0.0000,0.0000,NULL,'a:0:{}',NULL,NULL,NULL,0.0000,NULL,NULL,NULL,NULL,NULL,NULL,0.0000,0.0000,NULL,NULL,NULL,NULL,NULL),(270,68,'2014-10-03 05:12:04','2014-10-03 05:12:10',NULL,0,NULL,'shipping',NULL,NULL,NULL,NULL,NULL,NULL,NULL,NULL,NULL,NULL,NULL,NULL,NULL,NULL,NULL,1,0,0,NULL,NULL,2.0000,1000.0000,1000.0000,0.0000,0.0000,0.0000,0.0000,0.0000,0.0000,0.0000,0.0000,0.0000,0.0000,1000.0000,1000.0000,NULL,'a:0:{}',NULL,0.0000,0.0000,1000.0000,NULL,NULL,0.0000,0.0000,0.0000,NULL,0.0000,0.0000,NULL,NULL,NULL,NULL,NULL),(273,69,'2014-10-08 09:19:28','2014-10-08 09:19:28',NULL,0,NULL,'billing',NULL,NULL,NULL,NULL,NULL,NULL,NULL,NULL,NULL,NULL,NULL,NULL,NULL,NULL,NULL,0,0,0,NULL,NULL,0.0000,0.0000,0.0000,0.0000,0.0000,0.0000,0.0000,0.0000,0.0000,0.0000,0.0000,0.0000,0.0000,0.0000,0.0000,NULL,'a:0:{}',NULL,NULL,NULL,0.0000,NULL,NULL,NULL,NULL,NULL,NULL,0.0000,0.0000,NULL,NULL,NULL,NULL,NULL),(274,69,'2014-10-08 09:19:28','2014-10-08 09:19:28',NULL,0,NULL,'shipping',NULL,NULL,NULL,NULL,NULL,NULL,NULL,NULL,NULL,NULL,NULL,NULL,NULL,NULL,NULL,1,0,0,NULL,NULL,2.0000,1000.0000,1000.0000,0.0000,0.0000,0.0000,0.0000,0.0000,0.0000,0.0000,0.0000,0.0000,0.0000,1000.0000,1000.0000,NULL,'a:0:{}',NULL,0.0000,0.0000,1000.0000,NULL,NULL,0.0000,0.0000,0.0000,NULL,0.0000,0.0000,NULL,NULL,NULL,NULL,NULL),(277,70,'2014-10-15 09:26:52','2014-10-15 09:26:52',NULL,0,NULL,'billing',NULL,NULL,NULL,NULL,NULL,NULL,NULL,NULL,NULL,NULL,NULL,NULL,NULL,NULL,NULL,0,0,0,NULL,NULL,0.0000,0.0000,0.0000,0.0000,0.0000,0.0000,0.0000,0.0000,0.0000,0.0000,0.0000,0.0000,0.0000,0.0000,0.0000,NULL,'a:0:{}',NULL,NULL,NULL,0.0000,NULL,NULL,NULL,NULL,NULL,NULL,0.0000,0.0000,NULL,NULL,NULL,NULL,NULL),(278,70,'2014-10-15 09:26:52','2014-10-15 09:26:52',NULL,0,NULL,'shipping',NULL,NULL,NULL,NULL,NULL,NULL,NULL,NULL,NULL,NULL,NULL,NULL,NULL,NULL,NULL,1,0,0,NULL,NULL,2.0000,1000.0000,1000.0000,0.0000,0.0000,0.0000,0.0000,0.0000,0.0000,0.0000,0.0000,0.0000,0.0000,1000.0000,1000.0000,NULL,'a:0:{}',NULL,0.0000,0.0000,1000.0000,NULL,NULL,0.0000,0.0000,0.0000,NULL,0.0000,0.0000,NULL,NULL,NULL,NULL,NULL),(281,71,'2014-10-18 15:38:36','2014-10-18 15:38:39',NULL,0,NULL,'billing',NULL,NULL,NULL,NULL,NULL,NULL,NULL,NULL,NULL,NULL,NULL,NULL,NULL,NULL,NULL,0,0,0,NULL,NULL,0.0000,0.0000,0.0000,0.0000,0.0000,0.0000,0.0000,0.0000,0.0000,0.0000,0.0000,0.0000,0.0000,0.0000,0.0000,NULL,'a:0:{}',NULL,NULL,NULL,0.0000,NULL,NULL,NULL,NULL,NULL,NULL,0.0000,0.0000,NULL,NULL,NULL,NULL,NULL),(282,71,'2014-10-18 15:38:36','2014-10-18 15:38:39',NULL,0,NULL,'shipping',NULL,NULL,NULL,NULL,NULL,NULL,NULL,NULL,NULL,NULL,NULL,NULL,NULL,NULL,NULL,1,0,0,NULL,NULL,2.0000,1000.0000,1000.0000,0.0000,0.0000,0.0000,0.0000,0.0000,0.0000,0.0000,0.0000,0.0000,0.0000,1000.0000,1000.0000,NULL,'a:0:{}',NULL,0.0000,0.0000,1000.0000,NULL,NULL,0.0000,0.0000,0.0000,NULL,0.0000,0.0000,NULL,NULL,NULL,NULL,NULL),(285,72,'2014-10-18 15:44:53','2014-10-18 15:44:53',NULL,0,NULL,'billing',NULL,NULL,NULL,NULL,NULL,NULL,NULL,NULL,NULL,NULL,NULL,NULL,NULL,NULL,NULL,0,0,0,NULL,NULL,0.0000,0.0000,0.0000,0.0000,0.0000,0.0000,0.0000,0.0000,0.0000,0.0000,0.0000,0.0000,0.0000,0.0000,0.0000,NULL,'a:0:{}',NULL,NULL,NULL,0.0000,NULL,NULL,NULL,NULL,NULL,NULL,0.0000,0.0000,NULL,NULL,NULL,NULL,NULL),(286,72,'2014-10-18 15:44:53','2014-10-18 15:44:53',NULL,0,NULL,'shipping',NULL,NULL,NULL,NULL,NULL,NULL,NULL,NULL,NULL,NULL,NULL,NULL,NULL,NULL,NULL,1,0,0,NULL,NULL,2.0000,1000.0000,1000.0000,0.0000,0.0000,0.0000,0.0000,0.0000,0.0000,0.0000,0.0000,0.0000,0.0000,1000.0000,1000.0000,NULL,'a:0:{}',NULL,0.0000,0.0000,1000.0000,NULL,NULL,0.0000,0.0000,0.0000,NULL,0.0000,0.0000,NULL,NULL,NULL,NULL,NULL),(289,73,'2014-10-19 09:53:36','2014-10-19 09:53:36',NULL,0,NULL,'billing',NULL,NULL,NULL,NULL,NULL,NULL,NULL,NULL,NULL,NULL,NULL,NULL,NULL,NULL,NULL,0,0,0,NULL,NULL,0.0000,0.0000,0.0000,0.0000,0.0000,0.0000,0.0000,0.0000,0.0000,0.0000,0.0000,0.0000,0.0000,0.0000,0.0000,NULL,'a:0:{}',NULL,NULL,NULL,0.0000,NULL,NULL,NULL,NULL,NULL,NULL,0.0000,0.0000,NULL,NULL,NULL,NULL,NULL),(290,73,'2014-10-19 09:53:36','2014-10-19 09:53:36',NULL,0,NULL,'shipping',NULL,NULL,NULL,NULL,NULL,NULL,NULL,NULL,NULL,NULL,NULL,NULL,NULL,NULL,NULL,1,0,0,NULL,NULL,2.0000,1000.0000,1000.0000,0.0000,0.0000,0.0000,0.0000,0.0000,0.0000,0.0000,0.0000,0.0000,0.0000,1000.0000,1000.0000,NULL,'a:0:{}',NULL,0.0000,0.0000,1000.0000,NULL,NULL,0.0000,0.0000,0.0000,NULL,0.0000,0.0000,NULL,NULL,NULL,NULL,NULL),(293,74,'2014-10-19 10:28:08','2014-10-19 10:28:09',NULL,0,NULL,'billing',NULL,NULL,NULL,NULL,NULL,NULL,NULL,NULL,NULL,NULL,NULL,NULL,NULL,NULL,NULL,0,0,0,NULL,NULL,0.0000,0.0000,0.0000,0.0000,0.0000,0.0000,0.0000,0.0000,0.0000,0.0000,0.0000,0.0000,0.0000,0.0000,0.0000,NULL,'a:0:{}',NULL,NULL,NULL,0.0000,NULL,NULL,NULL,NULL,NULL,NULL,0.0000,0.0000,NULL,NULL,NULL,NULL,NULL),(294,74,'2014-10-19 10:28:08','2014-10-19 10:28:09',NULL,0,NULL,'shipping',NULL,NULL,NULL,NULL,NULL,NULL,NULL,NULL,NULL,NULL,NULL,NULL,NULL,NULL,NULL,1,0,0,NULL,NULL,2.0000,1000.0000,1000.0000,0.0000,0.0000,0.0000,0.0000,0.0000,0.0000,0.0000,0.0000,0.0000,0.0000,1000.0000,1000.0000,NULL,'a:0:{}',NULL,0.0000,0.0000,1000.0000,NULL,NULL,0.0000,0.0000,0.0000,NULL,0.0000,0.0000,NULL,NULL,NULL,NULL,NULL),(297,75,'2014-10-19 12:05:19','2014-10-19 12:05:19',NULL,0,NULL,'billing',NULL,NULL,NULL,NULL,NULL,NULL,NULL,NULL,NULL,NULL,NULL,NULL,NULL,NULL,NULL,0,0,0,NULL,NULL,0.0000,0.0000,0.0000,0.0000,0.0000,0.0000,0.0000,0.0000,0.0000,0.0000,0.0000,0.0000,0.0000,0.0000,0.0000,NULL,'a:0:{}',NULL,NULL,NULL,0.0000,NULL,NULL,NULL,NULL,NULL,NULL,0.0000,0.0000,NULL,NULL,NULL,NULL,NULL),(298,75,'2014-10-19 12:05:19','2014-10-19 12:05:19',NULL,0,NULL,'shipping',NULL,NULL,NULL,NULL,NULL,NULL,NULL,NULL,NULL,NULL,NULL,NULL,NULL,NULL,NULL,1,0,0,NULL,NULL,2.0000,1000.0000,1000.0000,0.0000,0.0000,0.0000,0.0000,0.0000,0.0000,0.0000,0.0000,0.0000,0.0000,1000.0000,1000.0000,NULL,'a:0:{}',NULL,0.0000,0.0000,1000.0000,NULL,NULL,0.0000,0.0000,0.0000,NULL,0.0000,0.0000,NULL,NULL,NULL,NULL,NULL),(301,76,'2014-10-22 09:10:22','2014-10-22 09:10:22',NULL,0,NULL,'billing',NULL,NULL,NULL,NULL,NULL,NULL,NULL,NULL,NULL,NULL,NULL,NULL,NULL,NULL,NULL,0,0,0,NULL,NULL,0.0000,0.0000,0.0000,0.0000,0.0000,0.0000,0.0000,0.0000,0.0000,0.0000,0.0000,0.0000,0.0000,0.0000,0.0000,NULL,'a:0:{}',NULL,NULL,NULL,0.0000,NULL,NULL,NULL,NULL,NULL,NULL,0.0000,0.0000,NULL,NULL,NULL,NULL,NULL),(302,76,'2014-10-22 09:10:22','2014-10-22 09:10:22',NULL,0,NULL,'shipping',NULL,NULL,NULL,NULL,NULL,NULL,NULL,NULL,NULL,NULL,NULL,NULL,NULL,NULL,NULL,1,0,0,NULL,NULL,2.0000,1000.0000,1000.0000,0.0000,0.0000,0.0000,0.0000,0.0000,0.0000,0.0000,0.0000,0.0000,0.0000,1000.0000,1000.0000,NULL,'a:0:{}',NULL,0.0000,0.0000,1000.0000,NULL,NULL,0.0000,0.0000,0.0000,NULL,0.0000,0.0000,NULL,NULL,NULL,NULL,NULL),(305,77,'2014-10-29 09:18:32','2014-10-29 09:18:32',NULL,0,NULL,'billing',NULL,NULL,NULL,NULL,NULL,NULL,NULL,NULL,NULL,NULL,NULL,NULL,NULL,NULL,NULL,0,0,0,NULL,NULL,0.0000,0.0000,0.0000,0.0000,0.0000,0.0000,0.0000,0.0000,0.0000,0.0000,0.0000,0.0000,0.0000,0.0000,0.0000,NULL,'a:0:{}',NULL,NULL,NULL,0.0000,NULL,NULL,NULL,NULL,NULL,NULL,0.0000,0.0000,NULL,NULL,NULL,NULL,NULL),(306,77,'2014-10-29 09:18:32','2014-10-29 09:18:32',NULL,0,NULL,'shipping',NULL,NULL,NULL,NULL,NULL,NULL,NULL,NULL,NULL,NULL,NULL,NULL,NULL,NULL,NULL,1,0,0,NULL,NULL,2.0000,1000.0000,1000.0000,0.0000,0.0000,0.0000,0.0000,0.0000,0.0000,0.0000,0.0000,0.0000,0.0000,1000.0000,1000.0000,NULL,'a:0:{}',NULL,0.0000,0.0000,1000.0000,NULL,NULL,0.0000,0.0000,0.0000,NULL,0.0000,0.0000,NULL,NULL,NULL,NULL,NULL),(309,78,'2014-11-05 10:21:37','2014-11-05 10:21:37',NULL,0,NULL,'billing',NULL,NULL,NULL,NULL,NULL,NULL,NULL,NULL,NULL,NULL,NULL,NULL,NULL,NULL,NULL,0,0,0,NULL,NULL,0.0000,0.0000,0.0000,0.0000,0.0000,0.0000,0.0000,0.0000,0.0000,0.0000,0.0000,0.0000,0.0000,0.0000,0.0000,NULL,'a:0:{}',NULL,NULL,NULL,0.0000,NULL,NULL,NULL,NULL,NULL,NULL,0.0000,0.0000,NULL,NULL,NULL,NULL,NULL),(310,78,'2014-11-05 10:21:37','2014-11-05 10:21:37',NULL,0,NULL,'shipping',NULL,NULL,NULL,NULL,NULL,NULL,NULL,NULL,NULL,NULL,NULL,NULL,NULL,NULL,NULL,1,0,0,NULL,NULL,2.0000,1000.0000,1000.0000,0.0000,0.0000,0.0000,0.0000,0.0000,0.0000,0.0000,0.0000,0.0000,0.0000,1000.0000,1000.0000,NULL,'a:0:{}',NULL,0.0000,0.0000,1000.0000,NULL,NULL,0.0000,0.0000,0.0000,NULL,0.0000,0.0000,NULL,NULL,NULL,NULL,NULL),(313,79,'2014-11-12 10:13:58','2014-11-12 10:13:58',NULL,0,NULL,'billing',NULL,NULL,NULL,NULL,NULL,NULL,NULL,NULL,NULL,NULL,NULL,NULL,NULL,NULL,NULL,0,0,0,NULL,NULL,0.0000,0.0000,0.0000,0.0000,0.0000,0.0000,0.0000,0.0000,0.0000,0.0000,0.0000,0.0000,0.0000,0.0000,0.0000,NULL,'a:0:{}',NULL,NULL,NULL,0.0000,NULL,NULL,NULL,NULL,NULL,NULL,0.0000,0.0000,NULL,NULL,NULL,NULL,NULL),(314,79,'2014-11-12 10:13:58','2014-11-12 10:13:58',NULL,0,NULL,'shipping',NULL,NULL,NULL,NULL,NULL,NULL,NULL,NULL,NULL,NULL,NULL,NULL,NULL,NULL,NULL,1,0,0,NULL,NULL,2.0000,1000.0000,1000.0000,0.0000,0.0000,0.0000,0.0000,0.0000,0.0000,0.0000,0.0000,0.0000,0.0000,1000.0000,1000.0000,NULL,'a:0:{}',NULL,0.0000,0.0000,1000.0000,NULL,NULL,0.0000,0.0000,0.0000,NULL,0.0000,0.0000,NULL,NULL,NULL,NULL,NULL),(317,80,'2014-11-19 10:23:44','2014-11-19 10:23:44',NULL,0,NULL,'billing',NULL,NULL,NULL,NULL,NULL,NULL,NULL,NULL,NULL,NULL,NULL,NULL,NULL,NULL,NULL,0,0,0,NULL,NULL,0.0000,0.0000,0.0000,0.0000,0.0000,0.0000,0.0000,0.0000,0.0000,0.0000,0.0000,0.0000,0.0000,0.0000,0.0000,NULL,'a:0:{}',NULL,NULL,NULL,0.0000,NULL,NULL,NULL,NULL,NULL,NULL,0.0000,0.0000,NULL,NULL,NULL,NULL,NULL),(318,80,'2014-11-19 10:23:44','2014-11-19 10:23:44',NULL,0,NULL,'shipping',NULL,NULL,NULL,NULL,NULL,NULL,NULL,NULL,NULL,NULL,NULL,NULL,NULL,NULL,NULL,1,0,0,NULL,NULL,2.0000,1000.0000,1000.0000,0.0000,0.0000,0.0000,0.0000,0.0000,0.0000,0.0000,0.0000,0.0000,0.0000,1000.0000,1000.0000,NULL,'a:0:{}',NULL,0.0000,0.0000,1000.0000,NULL,NULL,0.0000,0.0000,0.0000,NULL,0.0000,0.0000,NULL,NULL,NULL,NULL,NULL),(321,81,'2014-11-26 10:24:27','2014-11-26 10:24:27',NULL,0,NULL,'billing',NULL,NULL,NULL,NULL,NULL,NULL,NULL,NULL,NULL,NULL,NULL,NULL,NULL,NULL,NULL,0,0,0,NULL,NULL,0.0000,0.0000,0.0000,0.0000,0.0000,0.0000,0.0000,0.0000,0.0000,0.0000,0.0000,0.0000,0.0000,0.0000,0.0000,NULL,'a:0:{}',NULL,NULL,NULL,0.0000,NULL,NULL,NULL,NULL,NULL,NULL,0.0000,0.0000,NULL,NULL,NULL,NULL,NULL),(322,81,'2014-11-26 10:24:27','2014-11-26 10:24:27',NULL,0,NULL,'shipping',NULL,NULL,NULL,NULL,NULL,NULL,NULL,NULL,NULL,NULL,NULL,NULL,NULL,NULL,NULL,1,0,0,NULL,NULL,2.0000,1000.0000,1000.0000,0.0000,0.0000,0.0000,0.0000,0.0000,0.0000,0.0000,0.0000,0.0000,0.0000,1000.0000,1000.0000,NULL,'a:0:{}',NULL,0.0000,0.0000,1000.0000,NULL,NULL,0.0000,0.0000,0.0000,NULL,0.0000,0.0000,NULL,NULL,NULL,NULL,NULL),(325,82,'2014-12-03 10:09:24','2014-12-03 10:09:24',NULL,0,NULL,'billing',NULL,NULL,NULL,NULL,NULL,NULL,NULL,NULL,NULL,NULL,NULL,NULL,NULL,NULL,NULL,0,0,0,NULL,NULL,0.0000,0.0000,0.0000,0.0000,0.0000,0.0000,0.0000,0.0000,0.0000,0.0000,0.0000,0.0000,0.0000,0.0000,0.0000,NULL,'a:0:{}',NULL,NULL,NULL,0.0000,NULL,NULL,NULL,NULL,NULL,NULL,0.0000,0.0000,NULL,NULL,NULL,NULL,NULL),(326,82,'2014-12-03 10:09:24','2014-12-03 10:09:24',NULL,0,NULL,'shipping',NULL,NULL,NULL,NULL,NULL,NULL,NULL,NULL,NULL,NULL,NULL,NULL,NULL,NULL,NULL,1,0,0,NULL,NULL,2.0000,1000.0000,1000.0000,0.0000,0.0000,0.0000,0.0000,0.0000,0.0000,0.0000,0.0000,0.0000,0.0000,1000.0000,1000.0000,NULL,'a:0:{}',NULL,0.0000,0.0000,1000.0000,NULL,NULL,0.0000,0.0000,0.0000,NULL,0.0000,0.0000,NULL,NULL,NULL,NULL,NULL),(329,83,'2014-12-10 10:12:44','2014-12-10 10:12:44',NULL,0,NULL,'billing',NULL,NULL,NULL,NULL,NULL,NULL,NULL,NULL,NULL,NULL,NULL,NULL,NULL,NULL,NULL,0,0,0,NULL,NULL,0.0000,0.0000,0.0000,0.0000,0.0000,0.0000,0.0000,0.0000,0.0000,0.0000,0.0000,0.0000,0.0000,0.0000,0.0000,NULL,'a:0:{}',NULL,NULL,NULL,0.0000,NULL,NULL,NULL,NULL,NULL,NULL,0.0000,0.0000,NULL,NULL,NULL,NULL,NULL),(330,83,'2014-12-10 10:12:44','2014-12-10 10:12:44',NULL,0,NULL,'shipping',NULL,NULL,NULL,NULL,NULL,NULL,NULL,NULL,NULL,NULL,NULL,NULL,NULL,NULL,NULL,1,0,0,NULL,NULL,2.0000,1000.0000,1000.0000,0.0000,0.0000,0.0000,0.0000,0.0000,0.0000,0.0000,0.0000,0.0000,0.0000,1000.0000,1000.0000,NULL,'a:0:{}',NULL,0.0000,0.0000,1000.0000,NULL,NULL,0.0000,0.0000,0.0000,NULL,0.0000,0.0000,NULL,NULL,NULL,NULL,NULL),(333,84,'2014-12-17 10:07:14','2014-12-17 10:07:14',NULL,0,NULL,'billing',NULL,NULL,NULL,NULL,NULL,NULL,NULL,NULL,NULL,NULL,NULL,NULL,NULL,NULL,NULL,0,0,0,NULL,NULL,0.0000,0.0000,0.0000,0.0000,0.0000,0.0000,0.0000,0.0000,0.0000,0.0000,0.0000,0.0000,0.0000,0.0000,0.0000,NULL,'a:0:{}',NULL,NULL,NULL,0.0000,NULL,NULL,NULL,NULL,NULL,NULL,0.0000,0.0000,NULL,NULL,NULL,NULL,NULL),(334,84,'2014-12-17 10:07:14','2014-12-17 10:07:14',NULL,0,NULL,'shipping',NULL,NULL,NULL,NULL,NULL,NULL,NULL,NULL,NULL,NULL,NULL,NULL,NULL,NULL,NULL,1,0,0,NULL,NULL,2.0000,1000.0000,1000.0000,0.0000,0.0000,0.0000,0.0000,0.0000,0.0000,0.0000,0.0000,0.0000,0.0000,1000.0000,1000.0000,NULL,'a:0:{}',NULL,0.0000,0.0000,1000.0000,NULL,NULL,0.0000,0.0000,0.0000,NULL,0.0000,0.0000,NULL,NULL,NULL,NULL,NULL),(337,85,'2014-12-17 13:50:15','2014-12-17 13:50:17',NULL,0,NULL,'billing',NULL,NULL,NULL,NULL,NULL,NULL,NULL,NULL,NULL,NULL,NULL,NULL,NULL,NULL,NULL,0,0,0,NULL,NULL,0.0000,0.0000,0.0000,0.0000,0.0000,0.0000,0.0000,0.0000,0.0000,0.0000,0.0000,0.0000,0.0000,0.0000,0.0000,NULL,'a:0:{}',NULL,NULL,NULL,0.0000,NULL,NULL,NULL,NULL,NULL,NULL,0.0000,0.0000,NULL,NULL,NULL,NULL,NULL),(338,85,'2014-12-17 13:50:15','2014-12-17 13:50:17',NULL,0,NULL,'shipping',NULL,NULL,NULL,NULL,NULL,NULL,NULL,NULL,NULL,'XTKwrlttnHRIeM',NULL,'OsQumkYdBQz','US',NULL,NULL,1,0,0,NULL,NULL,2.0000,1000.0000,1000.0000,0.0000,0.0000,0.0000,0.0000,0.0000,0.0000,0.0000,0.0000,0.0000,0.0000,1000.0000,1000.0000,NULL,'a:0:{}',NULL,0.0000,0.0000,1000.0000,NULL,NULL,0.0000,0.0000,0.0000,NULL,0.0000,0.0000,NULL,NULL,NULL,NULL,NULL),(341,86,'2014-12-17 13:50:20','2014-12-17 13:50:30',NULL,0,NULL,'billing',NULL,NULL,NULL,NULL,NULL,NULL,NULL,NULL,NULL,NULL,NULL,NULL,NULL,NULL,NULL,0,0,0,NULL,NULL,0.0000,0.0000,0.0000,0.0000,0.0000,0.0000,0.0000,0.0000,0.0000,0.0000,0.0000,0.0000,0.0000,0.0000,0.0000,NULL,'a:0:{}',NULL,NULL,NULL,0.0000,NULL,NULL,NULL,NULL,NULL,NULL,0.0000,0.0000,NULL,NULL,NULL,NULL,NULL),(342,86,'2014-12-17 13:50:20','2014-12-17 13:50:30',NULL,0,NULL,'shipping',NULL,NULL,NULL,NULL,NULL,NULL,NULL,NULL,NULL,NULL,NULL,NULL,NULL,NULL,NULL,1,0,0,NULL,NULL,2.0000,1000.0000,1000.0000,0.0000,0.0000,0.0000,0.0000,0.0000,0.0000,0.0000,0.0000,0.0000,0.0000,1000.0000,1000.0000,NULL,'a:0:{}',NULL,0.0000,0.0000,1000.0000,NULL,NULL,0.0000,0.0000,0.0000,NULL,0.0000,0.0000,NULL,NULL,NULL,NULL,NULL),(345,87,'2014-12-20 11:32:55','2014-12-20 11:32:55',NULL,0,NULL,'billing',NULL,NULL,NULL,NULL,NULL,NULL,NULL,NULL,NULL,NULL,NULL,NULL,NULL,NULL,NULL,0,0,0,NULL,NULL,0.0000,0.0000,0.0000,0.0000,0.0000,0.0000,0.0000,0.0000,0.0000,0.0000,0.0000,0.0000,0.0000,0.0000,0.0000,NULL,'a:0:{}',NULL,NULL,NULL,0.0000,NULL,NULL,NULL,NULL,NULL,NULL,0.0000,0.0000,NULL,NULL,NULL,NULL,NULL),(346,87,'2014-12-20 11:32:55','2014-12-20 11:32:55',NULL,0,NULL,'shipping',NULL,NULL,NULL,NULL,NULL,NULL,NULL,NULL,NULL,NULL,NULL,NULL,NULL,NULL,NULL,1,0,0,NULL,NULL,2.0000,1000.0000,1000.0000,0.0000,0.0000,0.0000,0.0000,0.0000,0.0000,0.0000,0.0000,0.0000,0.0000,1000.0000,1000.0000,NULL,'a:0:{}',NULL,0.0000,0.0000,1000.0000,NULL,NULL,0.0000,0.0000,0.0000,NULL,0.0000,0.0000,NULL,NULL,NULL,NULL,NULL),(349,88,'2014-12-24 10:10:46','2014-12-24 10:10:46',NULL,0,NULL,'billing',NULL,NULL,NULL,NULL,NULL,NULL,NULL,NULL,NULL,NULL,NULL,NULL,NULL,NULL,NULL,0,0,0,NULL,NULL,0.0000,0.0000,0.0000,0.0000,0.0000,0.0000,0.0000,0.0000,0.0000,0.0000,0.0000,0.0000,0.0000,0.0000,0.0000,NULL,'a:0:{}',NULL,NULL,NULL,0.0000,NULL,NULL,NULL,NULL,NULL,NULL,0.0000,0.0000,NULL,NULL,NULL,NULL,NULL),(350,88,'2014-12-24 10:10:46','2014-12-24 10:10:46',NULL,0,NULL,'shipping',NULL,NULL,NULL,NULL,NULL,NULL,NULL,NULL,NULL,NULL,NULL,NULL,NULL,NULL,NULL,1,0,0,NULL,NULL,2.0000,1000.0000,1000.0000,0.0000,0.0000,0.0000,0.0000,0.0000,0.0000,0.0000,0.0000,0.0000,0.0000,1000.0000,1000.0000,NULL,'a:0:{}',NULL,0.0000,0.0000,1000.0000,NULL,NULL,0.0000,0.0000,0.0000,NULL,0.0000,0.0000,NULL,NULL,NULL,NULL,NULL),(351,89,'2014-12-24 12:00:11','2014-12-24 12:07:42',NULL,0,NULL,'billing',NULL,NULL,NULL,NULL,NULL,NULL,NULL,NULL,NULL,NULL,NULL,NULL,NULL,NULL,NULL,0,0,0,NULL,NULL,0.0000,0.0000,0.0000,0.0000,0.0000,0.0000,0.0000,0.0000,0.0000,0.0000,0.0000,0.0000,0.0000,0.0000,0.0000,NULL,'a:0:{}',NULL,NULL,NULL,0.0000,NULL,NULL,NULL,NULL,NULL,NULL,0.0000,0.0000,NULL,NULL,NULL,NULL,NULL),(352,89,'2014-12-24 12:00:11','2014-12-24 12:07:42',NULL,0,NULL,'shipping',NULL,NULL,NULL,NULL,NULL,NULL,NULL,NULL,NULL,NULL,NULL,NULL,NULL,NULL,NULL,1,0,1,NULL,NULL,0.0000,0.0000,0.0000,0.0000,0.0000,0.0000,0.0000,0.0000,0.0000,0.0000,0.0000,0.0000,0.0000,0.0000,0.0000,NULL,'a:0:{}',NULL,0.0000,0.0000,0.0000,NULL,NULL,0.0000,0.0000,0.0000,NULL,0.0000,0.0000,NULL,NULL,NULL,NULL,NULL),(355,90,'2014-12-31 10:23:01','2014-12-31 10:23:01',NULL,0,NULL,'billing',NULL,NULL,NULL,NULL,NULL,NULL,NULL,NULL,NULL,NULL,NULL,NULL,NULL,NULL,NULL,0,0,0,NULL,NULL,0.0000,0.0000,0.0000,0.0000,0.0000,0.0000,0.0000,0.0000,0.0000,0.0000,0.0000,0.0000,0.0000,0.0000,0.0000,NULL,'a:0:{}',NULL,NULL,NULL,0.0000,NULL,NULL,NULL,NULL,NULL,NULL,0.0000,0.0000,NULL,NULL,NULL,NULL,NULL),(356,90,'2014-12-31 10:23:01','2014-12-31 10:23:01',NULL,0,NULL,'shipping',NULL,NULL,NULL,NULL,NULL,NULL,NULL,NULL,NULL,NULL,NULL,NULL,NULL,NULL,NULL,1,0,0,NULL,NULL,2.0000,1000.0000,1000.0000,0.0000,0.0000,0.0000,0.0000,0.0000,0.0000,0.0000,0.0000,0.0000,0.0000,1000.0000,1000.0000,NULL,'a:0:{}',NULL,0.0000,0.0000,1000.0000,NULL,NULL,0.0000,0.0000,0.0000,NULL,0.0000,0.0000,NULL,NULL,NULL,NULL,NULL),(359,91,'2015-01-07 10:22:47','2015-01-07 10:22:47',NULL,0,NULL,'billing',NULL,NULL,NULL,NULL,NULL,NULL,NULL,NULL,NULL,NULL,NULL,NULL,NULL,NULL,NULL,0,0,0,NULL,NULL,0.0000,0.0000,0.0000,0.0000,0.0000,0.0000,0.0000,0.0000,0.0000,0.0000,0.0000,0.0000,0.0000,0.0000,0.0000,NULL,'a:0:{}',NULL,NULL,NULL,0.0000,NULL,NULL,NULL,NULL,NULL,NULL,0.0000,0.0000,NULL,NULL,NULL,NULL,NULL),(360,91,'2015-01-07 10:22:47','2015-01-07 10:22:47',NULL,0,NULL,'shipping',NULL,NULL,NULL,NULL,NULL,NULL,NULL,NULL,NULL,NULL,NULL,NULL,NULL,NULL,NULL,1,0,0,NULL,NULL,2.0000,1000.0000,1000.0000,0.0000,0.0000,0.0000,0.0000,0.0000,0.0000,0.0000,0.0000,0.0000,0.0000,1000.0000,1000.0000,NULL,'a:0:{}',NULL,0.0000,0.0000,1000.0000,NULL,NULL,0.0000,0.0000,0.0000,NULL,0.0000,0.0000,NULL,NULL,NULL,NULL,NULL),(363,92,'2015-01-09 05:36:18','2015-01-09 05:46:26',NULL,0,NULL,'billing',NULL,NULL,NULL,NULL,NULL,NULL,NULL,NULL,NULL,NULL,NULL,NULL,NULL,NULL,NULL,0,0,0,NULL,NULL,0.0000,0.0000,0.0000,0.0000,0.0000,0.0000,0.0000,0.0000,0.0000,0.0000,0.0000,0.0000,0.0000,0.0000,0.0000,NULL,'a:0:{}',NULL,NULL,NULL,0.0000,NULL,NULL,NULL,NULL,NULL,NULL,0.0000,0.0000,NULL,NULL,NULL,NULL,NULL),(364,92,'2015-01-09 05:36:18','2015-01-09 05:46:26',NULL,0,NULL,'shipping',NULL,NULL,NULL,NULL,NULL,NULL,NULL,NULL,NULL,'Jalisco',NULL,'44230','MX',NULL,NULL,1,0,0,'flatrate_flatrate','Flat Rate - Fixed',4.0000,2000.0000,2000.0000,0.0000,0.0000,0.0000,0.0000,10.0000,10.0000,0.0000,0.0000,0.0000,0.0000,2010.0000,2010.0000,NULL,'a:0:{}',NULL,0.0000,0.0000,2000.0000,NULL,NULL,0.0000,0.0000,0.0000,NULL,10.0000,10.0000,NULL,NULL,NULL,NULL,NULL),(367,93,'2015-01-11 01:15:36','2015-01-11 01:15:39',NULL,0,NULL,'billing',NULL,NULL,NULL,NULL,NULL,NULL,NULL,NULL,NULL,NULL,NULL,NULL,NULL,NULL,NULL,0,0,0,NULL,NULL,0.0000,0.0000,0.0000,0.0000,0.0000,0.0000,0.0000,0.0000,0.0000,0.0000,0.0000,0.0000,0.0000,0.0000,0.0000,NULL,'a:0:{}',NULL,NULL,NULL,0.0000,NULL,NULL,NULL,NULL,NULL,NULL,0.0000,0.0000,NULL,NULL,NULL,NULL,NULL),(368,93,'2015-01-11 01:15:36','2015-01-11 01:15:39',NULL,0,NULL,'shipping',NULL,NULL,NULL,NULL,NULL,NULL,NULL,NULL,NULL,'New York',NULL,'8576','US',NULL,NULL,1,0,0,NULL,NULL,2.0000,1000.0000,1000.0000,0.0000,0.0000,0.0000,0.0000,0.0000,0.0000,0.0000,0.0000,0.0000,0.0000,1000.0000,1000.0000,NULL,'a:0:{}',NULL,0.0000,0.0000,1000.0000,NULL,NULL,0.0000,0.0000,0.0000,NULL,0.0000,0.0000,NULL,NULL,NULL,NULL,NULL),(371,94,'2015-01-11 01:15:42','2015-01-11 01:15:50',NULL,0,NULL,'billing',NULL,NULL,NULL,NULL,NULL,NULL,NULL,NULL,NULL,NULL,NULL,NULL,NULL,NULL,NULL,0,0,0,NULL,NULL,0.0000,0.0000,0.0000,0.0000,0.0000,0.0000,0.0000,0.0000,0.0000,0.0000,0.0000,0.0000,0.0000,0.0000,0.0000,NULL,'a:0:{}',NULL,NULL,NULL,0.0000,NULL,NULL,NULL,NULL,NULL,NULL,0.0000,0.0000,NULL,NULL,NULL,NULL,NULL),(372,94,'2015-01-11 01:15:42','2015-01-11 01:15:50',NULL,0,NULL,'shipping',NULL,NULL,NULL,NULL,NULL,NULL,NULL,NULL,NULL,NULL,NULL,NULL,NULL,NULL,NULL,1,0,0,NULL,NULL,2.0000,1000.0000,1000.0000,0.0000,0.0000,0.0000,0.0000,0.0000,0.0000,0.0000,0.0000,0.0000,0.0000,1000.0000,1000.0000,NULL,'a:0:{}',NULL,0.0000,0.0000,1000.0000,NULL,NULL,0.0000,0.0000,0.0000,NULL,0.0000,0.0000,NULL,NULL,NULL,NULL,NULL),(375,95,'2015-01-14 11:35:43','2015-01-14 11:35:43',NULL,0,NULL,'billing',NULL,NULL,NULL,NULL,NULL,NULL,NULL,NULL,NULL,NULL,NULL,NULL,NULL,NULL,NULL,0,0,0,NULL,NULL,0.0000,0.0000,0.0000,0.0000,0.0000,0.0000,0.0000,0.0000,0.0000,0.0000,0.0000,0.0000,0.0000,0.0000,0.0000,NULL,'a:0:{}',NULL,NULL,NULL,0.0000,NULL,NULL,NULL,NULL,NULL,NULL,0.0000,0.0000,NULL,NULL,NULL,NULL,NULL),(376,95,'2015-01-14 11:35:43','2015-01-14 11:35:43',NULL,0,NULL,'shipping',NULL,NULL,NULL,NULL,NULL,NULL,NULL,NULL,NULL,NULL,NULL,NULL,NULL,NULL,NULL,1,0,0,NULL,NULL,2.0000,1000.0000,1000.0000,0.0000,0.0000,0.0000,0.0000,0.0000,0.0000,0.0000,0.0000,0.0000,0.0000,1000.0000,1000.0000,NULL,'a:0:{}',NULL,0.0000,0.0000,1000.0000,NULL,NULL,0.0000,0.0000,0.0000,NULL,0.0000,0.0000,NULL,NULL,NULL,NULL,NULL),(379,96,'2015-01-21 10:25:19','2015-01-21 10:25:19',NULL,0,NULL,'billing',NULL,NULL,NULL,NULL,NULL,NULL,NULL,NULL,NULL,NULL,NULL,NULL,NULL,NULL,NULL,0,0,0,NULL,NULL,0.0000,0.0000,0.0000,0.0000,0.0000,0.0000,0.0000,0.0000,0.0000,0.0000,0.0000,0.0000,0.0000,0.0000,0.0000,NULL,'a:0:{}',NULL,NULL,NULL,0.0000,NULL,NULL,NULL,NULL,NULL,NULL,0.0000,0.0000,NULL,NULL,NULL,NULL,NULL),(380,96,'2015-01-21 10:25:19','2015-01-21 10:25:19',NULL,0,NULL,'shipping',NULL,NULL,NULL,NULL,NULL,NULL,NULL,NULL,NULL,NULL,NULL,NULL,NULL,NULL,NULL,1,0,0,NULL,NULL,2.0000,1000.0000,1000.0000,0.0000,0.0000,0.0000,0.0000,0.0000,0.0000,0.0000,0.0000,0.0000,0.0000,1000.0000,1000.0000,NULL,'a:0:{}',NULL,0.0000,0.0000,1000.0000,NULL,NULL,0.0000,0.0000,0.0000,NULL,0.0000,0.0000,NULL,NULL,NULL,NULL,NULL),(383,97,'2015-01-28 10:10:59','2015-01-28 10:10:59',NULL,0,NULL,'billing',NULL,NULL,NULL,NULL,NULL,NULL,NULL,NULL,NULL,NULL,NULL,NULL,NULL,NULL,NULL,0,0,0,NULL,NULL,0.0000,0.0000,0.0000,0.0000,0.0000,0.0000,0.0000,0.0000,0.0000,0.0000,0.0000,0.0000,0.0000,0.0000,0.0000,NULL,'a:0:{}',NULL,NULL,NULL,0.0000,NULL,NULL,NULL,NULL,NULL,NULL,0.0000,0.0000,NULL,NULL,NULL,NULL,NULL),(384,97,'2015-01-28 10:10:59','2015-01-28 10:10:59',NULL,0,NULL,'shipping',NULL,NULL,NULL,NULL,NULL,NULL,NULL,NULL,NULL,NULL,NULL,NULL,NULL,NULL,NULL,1,0,0,NULL,NULL,2.0000,1000.0000,1000.0000,0.0000,0.0000,0.0000,0.0000,0.0000,0.0000,0.0000,0.0000,0.0000,0.0000,1000.0000,1000.0000,NULL,'a:0:{}',NULL,0.0000,0.0000,1000.0000,NULL,NULL,0.0000,0.0000,0.0000,NULL,0.0000,0.0000,NULL,NULL,NULL,NULL,NULL),(385,98,'2015-01-31 15:32:26','2015-01-31 15:38:04',NULL,0,NULL,'billing',NULL,NULL,NULL,NULL,NULL,NULL,NULL,NULL,NULL,NULL,NULL,NULL,NULL,NULL,NULL,0,0,0,NULL,NULL,0.0000,0.0000,0.0000,0.0000,0.0000,0.0000,0.0000,0.0000,0.0000,0.0000,0.0000,0.0000,0.0000,0.0000,0.0000,NULL,'a:0:{}',NULL,NULL,NULL,0.0000,NULL,NULL,NULL,NULL,NULL,NULL,0.0000,0.0000,NULL,NULL,NULL,NULL,NULL),(386,98,'2015-01-31 15:32:26','2015-01-31 15:38:04',NULL,0,NULL,'shipping',NULL,NULL,NULL,NULL,NULL,NULL,NULL,NULL,NULL,NULL,NULL,NULL,NULL,NULL,NULL,1,0,0,NULL,NULL,4.0000,2000.0000,2000.0000,0.0000,0.0000,0.0000,0.0000,0.0000,0.0000,0.0000,0.0000,0.0000,0.0000,2000.0000,2000.0000,NULL,'a:0:{}',NULL,0.0000,0.0000,2000.0000,NULL,NULL,0.0000,0.0000,0.0000,NULL,0.0000,0.0000,NULL,NULL,NULL,NULL,NULL),(389,99,'2015-02-04 10:23:24','2015-02-04 10:23:24',NULL,0,NULL,'billing',NULL,NULL,NULL,NULL,NULL,NULL,NULL,NULL,NULL,NULL,NULL,NULL,NULL,NULL,NULL,0,0,0,NULL,NULL,0.0000,0.0000,0.0000,0.0000,0.0000,0.0000,0.0000,0.0000,0.0000,0.0000,0.0000,0.0000,0.0000,0.0000,0.0000,NULL,'a:0:{}',NULL,NULL,NULL,0.0000,NULL,NULL,NULL,NULL,NULL,NULL,0.0000,0.0000,NULL,NULL,NULL,NULL,NULL),(390,99,'2015-02-04 10:23:24','2015-02-04 10:23:24',NULL,0,NULL,'shipping',NULL,NULL,NULL,NULL,NULL,NULL,NULL,NULL,NULL,NULL,NULL,NULL,NULL,NULL,NULL,1,0,0,NULL,NULL,2.0000,1000.0000,1000.0000,0.0000,0.0000,0.0000,0.0000,0.0000,0.0000,0.0000,0.0000,0.0000,0.0000,1000.0000,1000.0000,NULL,'a:0:{}',NULL,0.0000,0.0000,1000.0000,NULL,NULL,0.0000,0.0000,0.0000,NULL,0.0000,0.0000,NULL,NULL,NULL,NULL,NULL),(393,100,'2015-02-11 10:19:32','2015-02-11 10:19:32',NULL,0,NULL,'billing',NULL,NULL,NULL,NULL,NULL,NULL,NULL,NULL,NULL,NULL,NULL,NULL,NULL,NULL,NULL,0,0,0,NULL,NULL,0.0000,0.0000,0.0000,0.0000,0.0000,0.0000,0.0000,0.0000,0.0000,0.0000,0.0000,0.0000,0.0000,0.0000,0.0000,NULL,'a:0:{}',NULL,NULL,NULL,0.0000,NULL,NULL,NULL,NULL,NULL,NULL,0.0000,0.0000,NULL,NULL,NULL,NULL,NULL),(394,100,'2015-02-11 10:19:32','2015-02-11 10:19:32',NULL,0,NULL,'shipping',NULL,NULL,NULL,NULL,NULL,NULL,NULL,NULL,NULL,NULL,NULL,NULL,NULL,NULL,NULL,1,0,0,NULL,NULL,2.0000,1000.0000,1000.0000,0.0000,0.0000,0.0000,0.0000,0.0000,0.0000,0.0000,0.0000,0.0000,0.0000,1000.0000,1000.0000,NULL,'a:0:{}',NULL,0.0000,0.0000,1000.0000,NULL,NULL,0.0000,0.0000,0.0000,NULL,0.0000,0.0000,NULL,NULL,NULL,NULL,NULL),(397,101,'2015-02-18 10:12:47','2015-02-18 10:12:47',NULL,0,NULL,'billing',NULL,NULL,NULL,NULL,NULL,NULL,NULL,NULL,NULL,NULL,NULL,NULL,NULL,NULL,NULL,0,0,0,NULL,NULL,0.0000,0.0000,0.0000,0.0000,0.0000,0.0000,0.0000,0.0000,0.0000,0.0000,0.0000,0.0000,0.0000,0.0000,0.0000,NULL,'a:0:{}',NULL,NULL,NULL,0.0000,NULL,NULL,NULL,NULL,NULL,NULL,0.0000,0.0000,NULL,NULL,NULL,NULL,NULL),(398,101,'2015-02-18 10:12:47','2015-02-18 10:12:47',NULL,0,NULL,'shipping',NULL,NULL,NULL,NULL,NULL,NULL,NULL,NULL,NULL,NULL,NULL,NULL,NULL,NULL,NULL,1,0,0,NULL,NULL,2.0000,1000.0000,1000.0000,0.0000,0.0000,0.0000,0.0000,0.0000,0.0000,0.0000,0.0000,0.0000,0.0000,1000.0000,1000.0000,NULL,'a:0:{}',NULL,0.0000,0.0000,1000.0000,NULL,NULL,0.0000,0.0000,0.0000,NULL,0.0000,0.0000,NULL,NULL,NULL,NULL,NULL),(401,102,'2015-02-25 10:11:23','2015-02-25 10:11:23',NULL,0,NULL,'billing',NULL,NULL,NULL,NULL,NULL,NULL,NULL,NULL,NULL,NULL,NULL,NULL,NULL,NULL,NULL,0,0,0,NULL,NULL,0.0000,0.0000,0.0000,0.0000,0.0000,0.0000,0.0000,0.0000,0.0000,0.0000,0.0000,0.0000,0.0000,0.0000,0.0000,NULL,'a:0:{}',NULL,NULL,NULL,0.0000,NULL,NULL,NULL,NULL,NULL,NULL,0.0000,0.0000,NULL,NULL,NULL,NULL,NULL),(402,102,'2015-02-25 10:11:23','2015-02-25 10:11:23',NULL,0,NULL,'shipping',NULL,NULL,NULL,NULL,NULL,NULL,NULL,NULL,NULL,NULL,NULL,NULL,NULL,NULL,NULL,1,0,0,NULL,NULL,2.0000,1000.0000,1000.0000,0.0000,0.0000,0.0000,0.0000,0.0000,0.0000,0.0000,0.0000,0.0000,0.0000,1000.0000,1000.0000,NULL,'a:0:{}',NULL,0.0000,0.0000,1000.0000,NULL,NULL,0.0000,0.0000,0.0000,NULL,0.0000,0.0000,NULL,NULL,NULL,NULL,NULL),(405,103,'2015-03-04 10:13:04','2015-03-04 10:13:04',NULL,0,NULL,'billing',NULL,NULL,NULL,NULL,NULL,NULL,NULL,NULL,NULL,NULL,NULL,NULL,NULL,NULL,NULL,0,0,0,NULL,NULL,0.0000,0.0000,0.0000,0.0000,0.0000,0.0000,0.0000,0.0000,0.0000,0.0000,0.0000,0.0000,0.0000,0.0000,0.0000,NULL,'a:0:{}',NULL,NULL,NULL,0.0000,NULL,NULL,NULL,NULL,NULL,NULL,0.0000,0.0000,NULL,NULL,NULL,NULL,NULL),(406,103,'2015-03-04 10:13:04','2015-03-04 10:13:04',NULL,0,NULL,'shipping',NULL,NULL,NULL,NULL,NULL,NULL,NULL,NULL,NULL,NULL,NULL,NULL,NULL,NULL,NULL,1,0,0,NULL,NULL,2.0000,1000.0000,1000.0000,0.0000,0.0000,0.0000,0.0000,0.0000,0.0000,0.0000,0.0000,0.0000,0.0000,1000.0000,1000.0000,NULL,'a:0:{}',NULL,0.0000,0.0000,1000.0000,NULL,NULL,0.0000,0.0000,0.0000,NULL,0.0000,0.0000,NULL,NULL,NULL,NULL,NULL),(409,104,'2015-03-04 22:10:04','2015-03-04 22:10:04',NULL,0,NULL,'billing',NULL,NULL,NULL,NULL,NULL,NULL,NULL,NULL,NULL,NULL,NULL,NULL,NULL,NULL,NULL,0,0,0,NULL,NULL,0.0000,0.0000,0.0000,0.0000,0.0000,0.0000,0.0000,0.0000,0.0000,0.0000,0.0000,0.0000,0.0000,0.0000,0.0000,NULL,'a:0:{}',NULL,NULL,NULL,0.0000,NULL,NULL,NULL,NULL,NULL,NULL,0.0000,0.0000,NULL,NULL,NULL,NULL,NULL),(410,104,'2015-03-04 22:10:04','2015-03-04 22:10:04',NULL,0,NULL,'shipping',NULL,NULL,NULL,NULL,NULL,NULL,NULL,NULL,NULL,NULL,NULL,NULL,NULL,NULL,NULL,1,0,0,NULL,NULL,2.0000,1000.0000,1000.0000,0.0000,0.0000,0.0000,0.0000,0.0000,0.0000,0.0000,0.0000,0.0000,0.0000,1000.0000,1000.0000,NULL,'a:0:{}',NULL,0.0000,0.0000,1000.0000,NULL,NULL,0.0000,0.0000,0.0000,NULL,0.0000,0.0000,NULL,NULL,NULL,NULL,NULL),(413,105,'2015-03-11 13:11:57','2015-03-11 13:11:57',NULL,0,NULL,'billing',NULL,NULL,NULL,NULL,NULL,NULL,NULL,NULL,NULL,NULL,NULL,NULL,NULL,NULL,NULL,0,0,0,NULL,NULL,0.0000,0.0000,0.0000,0.0000,0.0000,0.0000,0.0000,0.0000,0.0000,0.0000,0.0000,0.0000,0.0000,0.0000,0.0000,NULL,'a:0:{}',NULL,NULL,NULL,0.0000,NULL,NULL,NULL,NULL,NULL,NULL,0.0000,0.0000,NULL,NULL,NULL,NULL,NULL),(414,105,'2015-03-11 13:11:57','2015-03-11 13:11:57',NULL,0,NULL,'shipping',NULL,NULL,NULL,NULL,NULL,NULL,NULL,NULL,NULL,NULL,NULL,NULL,NULL,NULL,NULL,1,0,0,NULL,NULL,2.0000,1000.0000,1000.0000,0.0000,0.0000,0.0000,0.0000,0.0000,0.0000,0.0000,0.0000,0.0000,0.0000,1000.0000,1000.0000,NULL,'a:0:{}',NULL,0.0000,0.0000,1000.0000,NULL,NULL,0.0000,0.0000,0.0000,NULL,0.0000,0.0000,NULL,NULL,NULL,NULL,NULL),(417,106,'2015-03-18 09:22:25','2015-03-18 09:22:25',NULL,0,NULL,'billing',NULL,NULL,NULL,NULL,NULL,NULL,NULL,NULL,NULL,NULL,NULL,NULL,NULL,NULL,NULL,0,0,0,NULL,NULL,0.0000,0.0000,0.0000,0.0000,0.0000,0.0000,0.0000,0.0000,0.0000,0.0000,0.0000,0.0000,0.0000,0.0000,0.0000,NULL,'a:0:{}',NULL,NULL,NULL,0.0000,NULL,NULL,NULL,NULL,NULL,NULL,0.0000,0.0000,NULL,NULL,NULL,NULL,NULL),(418,106,'2015-03-18 09:22:25','2015-03-18 09:22:25',NULL,0,NULL,'shipping',NULL,NULL,NULL,NULL,NULL,NULL,NULL,NULL,NULL,NULL,NULL,NULL,NULL,NULL,NULL,1,0,0,NULL,NULL,2.0000,1000.0000,1000.0000,0.0000,0.0000,0.0000,0.0000,0.0000,0.0000,0.0000,0.0000,0.0000,0.0000,1000.0000,1000.0000,NULL,'a:0:{}',NULL,0.0000,0.0000,1000.0000,NULL,NULL,0.0000,0.0000,0.0000,NULL,0.0000,0.0000,NULL,NULL,NULL,NULL,NULL),(421,107,'2015-03-25 09:38:57','2015-03-25 09:38:57',NULL,0,NULL,'billing',NULL,NULL,NULL,NULL,NULL,NULL,NULL,NULL,NULL,NULL,NULL,NULL,NULL,NULL,NULL,0,0,0,NULL,NULL,0.0000,0.0000,0.0000,0.0000,0.0000,0.0000,0.0000,0.0000,0.0000,0.0000,0.0000,0.0000,0.0000,0.0000,0.0000,NULL,'a:0:{}',NULL,NULL,NULL,0.0000,NULL,NULL,NULL,NULL,NULL,NULL,0.0000,0.0000,NULL,NULL,NULL,NULL,NULL),(422,107,'2015-03-25 09:38:57','2015-03-25 09:38:57',NULL,0,NULL,'shipping',NULL,NULL,NULL,NULL,NULL,NULL,NULL,NULL,NULL,NULL,NULL,NULL,NULL,NULL,NULL,1,0,0,NULL,NULL,2.0000,1000.0000,1000.0000,0.0000,0.0000,0.0000,0.0000,0.0000,0.0000,0.0000,0.0000,0.0000,0.0000,1000.0000,1000.0000,NULL,'a:0:{}',NULL,0.0000,0.0000,1000.0000,NULL,NULL,0.0000,0.0000,0.0000,NULL,0.0000,0.0000,NULL,NULL,NULL,NULL,NULL),(425,108,'2015-03-30 16:32:16','2015-03-30 16:32:16',NULL,0,NULL,'billing',NULL,NULL,NULL,NULL,NULL,NULL,NULL,NULL,NULL,NULL,NULL,NULL,NULL,NULL,NULL,0,0,0,NULL,NULL,0.0000,0.0000,0.0000,0.0000,0.0000,0.0000,0.0000,0.0000,0.0000,0.0000,0.0000,0.0000,0.0000,0.0000,0.0000,NULL,'a:0:{}',NULL,NULL,NULL,0.0000,NULL,NULL,NULL,NULL,NULL,NULL,0.0000,0.0000,NULL,NULL,NULL,NULL,NULL),(426,108,'2015-03-30 16:32:16','2015-03-30 16:32:16',NULL,0,NULL,'shipping',NULL,NULL,NULL,NULL,NULL,NULL,NULL,NULL,NULL,NULL,NULL,NULL,NULL,NULL,NULL,1,0,0,NULL,NULL,2.0000,1000.0000,1000.0000,0.0000,0.0000,0.0000,0.0000,0.0000,0.0000,0.0000,0.0000,0.0000,0.0000,1000.0000,1000.0000,NULL,'a:0:{}',NULL,0.0000,0.0000,1000.0000,NULL,NULL,0.0000,0.0000,0.0000,NULL,0.0000,0.0000,NULL,NULL,NULL,NULL,NULL),(429,109,'2015-03-30 19:29:44','2015-03-30 19:29:44',NULL,0,NULL,'billing',NULL,NULL,NULL,NULL,NULL,NULL,NULL,NULL,NULL,NULL,NULL,NULL,NULL,NULL,NULL,0,0,0,NULL,NULL,0.0000,0.0000,0.0000,0.0000,0.0000,0.0000,0.0000,0.0000,0.0000,0.0000,0.0000,0.0000,0.0000,0.0000,0.0000,NULL,'a:0:{}',NULL,NULL,NULL,0.0000,NULL,NULL,NULL,NULL,NULL,NULL,0.0000,0.0000,NULL,NULL,NULL,NULL,NULL),(430,109,'2015-03-30 19:29:44','2015-03-30 19:29:44',NULL,0,NULL,'shipping',NULL,NULL,NULL,NULL,NULL,NULL,NULL,NULL,NULL,NULL,NULL,NULL,NULL,NULL,NULL,1,0,0,NULL,NULL,2.0000,1000.0000,1000.0000,0.0000,0.0000,0.0000,0.0000,0.0000,0.0000,0.0000,0.0000,0.0000,0.0000,1000.0000,1000.0000,NULL,'a:0:{}',NULL,0.0000,0.0000,1000.0000,NULL,NULL,0.0000,0.0000,0.0000,NULL,0.0000,0.0000,NULL,NULL,NULL,NULL,NULL),(433,110,'2015-04-01 15:16:49','2015-04-01 15:16:49',NULL,0,NULL,'billing',NULL,NULL,NULL,NULL,NULL,NULL,NULL,NULL,NULL,NULL,NULL,NULL,NULL,NULL,NULL,0,0,0,NULL,NULL,0.0000,0.0000,0.0000,0.0000,0.0000,0.0000,0.0000,0.0000,0.0000,0.0000,0.0000,0.0000,0.0000,0.0000,0.0000,NULL,'a:0:{}',NULL,NULL,NULL,0.0000,NULL,NULL,NULL,NULL,NULL,NULL,0.0000,0.0000,NULL,NULL,NULL,NULL,NULL),(434,110,'2015-04-01 15:16:49','2015-04-01 15:16:49',NULL,0,NULL,'shipping',NULL,NULL,NULL,NULL,NULL,NULL,NULL,NULL,NULL,NULL,NULL,NULL,NULL,NULL,NULL,1,0,0,NULL,NULL,2.0000,1000.0000,1000.0000,0.0000,0.0000,0.0000,0.0000,0.0000,0.0000,0.0000,0.0000,0.0000,0.0000,1000.0000,1000.0000,NULL,'a:0:{}',NULL,0.0000,0.0000,1000.0000,NULL,NULL,0.0000,0.0000,0.0000,NULL,0.0000,0.0000,NULL,NULL,NULL,NULL,NULL),(437,111,'2015-04-04 16:50:51','2015-04-04 16:50:57',NULL,0,NULL,'billing',NULL,NULL,NULL,NULL,NULL,NULL,NULL,NULL,NULL,NULL,NULL,NULL,NULL,NULL,NULL,0,0,0,NULL,NULL,0.0000,0.0000,0.0000,0.0000,0.0000,0.0000,0.0000,0.0000,0.0000,0.0000,0.0000,0.0000,0.0000,0.0000,0.0000,NULL,'a:0:{}',NULL,NULL,NULL,0.0000,NULL,NULL,NULL,NULL,NULL,NULL,0.0000,0.0000,NULL,NULL,NULL,NULL,NULL),(438,111,'2015-04-04 16:50:51','2015-04-04 16:50:57',NULL,0,NULL,'shipping',NULL,NULL,NULL,NULL,NULL,NULL,NULL,NULL,NULL,NULL,NULL,NULL,NULL,NULL,NULL,1,0,0,NULL,NULL,2.0000,1000.0000,1000.0000,0.0000,0.0000,0.0000,0.0000,0.0000,0.0000,0.0000,0.0000,0.0000,0.0000,1000.0000,1000.0000,NULL,'a:0:{}',NULL,0.0000,0.0000,1000.0000,NULL,NULL,0.0000,0.0000,0.0000,NULL,0.0000,0.0000,NULL,NULL,NULL,NULL,NULL);

--
-- Table structure for table `sales_flat_quote_address_item`
--

CREATE TABLE `sales_flat_quote_address_item` (
  `address_item_id` int(10) unsigned NOT NULL AUTO_INCREMENT COMMENT 'Address Item Id',
  `parent_item_id` int(10) unsigned DEFAULT NULL COMMENT 'Parent Item Id',
  `quote_address_id` int(10) unsigned NOT NULL COMMENT 'Quote Address Id',
  `quote_item_id` int(10) unsigned NOT NULL COMMENT 'Quote Item Id',
  `created_at` timestamp NOT NULL DEFAULT CURRENT_TIMESTAMP ON UPDATE CURRENT_TIMESTAMP COMMENT 'Created At',
  `updated_at` timestamp NOT NULL DEFAULT '0000-00-00 00:00:00' COMMENT 'Updated At',
  `applied_rule_ids` text COMMENT 'Applied Rule Ids',
  `additional_data` text COMMENT 'Additional Data',
  `weight` decimal(12,4) DEFAULT '0.0000' COMMENT 'Weight',
  `qty` decimal(12,4) NOT NULL DEFAULT '0.0000' COMMENT 'Qty',
  `discount_amount` decimal(12,4) DEFAULT '0.0000' COMMENT 'Discount Amount',
  `tax_amount` decimal(12,4) DEFAULT '0.0000' COMMENT 'Tax Amount',
  `row_total` decimal(12,4) NOT NULL DEFAULT '0.0000' COMMENT 'Row Total',
  `base_row_total` decimal(12,4) NOT NULL DEFAULT '0.0000' COMMENT 'Base Row Total',
  `row_total_with_discount` decimal(12,4) DEFAULT '0.0000' COMMENT 'Row Total With Discount',
  `base_discount_amount` decimal(12,4) DEFAULT '0.0000' COMMENT 'Base Discount Amount',
  `base_tax_amount` decimal(12,4) DEFAULT '0.0000' COMMENT 'Base Tax Amount',
  `row_weight` decimal(12,4) DEFAULT '0.0000' COMMENT 'Row Weight',
  `gift_message_id` int(11) DEFAULT NULL COMMENT 'Gift Message Id',
  `base_cost` decimal(12,4) DEFAULT NULL COMMENT 'Base Cost',
  `product_id` int(10) unsigned DEFAULT NULL COMMENT 'Product Id',
  `super_product_id` int(10) unsigned DEFAULT NULL COMMENT 'Super Product Id',
  `parent_product_id` int(10) unsigned DEFAULT NULL COMMENT 'Parent Product Id',
  `sku` varchar(255) DEFAULT NULL COMMENT 'Sku',
  `image` varchar(255) DEFAULT NULL COMMENT 'Image',
  `name` varchar(255) DEFAULT NULL COMMENT 'Name',
  `description` text COMMENT 'Description',
  `free_shipping` int(10) unsigned DEFAULT NULL COMMENT 'Free Shipping',
  `is_qty_decimal` int(10) unsigned DEFAULT NULL COMMENT 'Is Qty Decimal',
  `price` decimal(12,4) DEFAULT NULL COMMENT 'Price',
  `discount_percent` decimal(12,4) DEFAULT NULL COMMENT 'Discount Percent',
  `no_discount` int(10) unsigned DEFAULT NULL COMMENT 'No Discount',
  `tax_percent` decimal(12,4) DEFAULT NULL COMMENT 'Tax Percent',
  `base_price` decimal(12,4) DEFAULT NULL COMMENT 'Base Price',
  `price_incl_tax` decimal(12,4) DEFAULT NULL COMMENT 'Price Incl Tax',
  `base_price_incl_tax` decimal(12,4) DEFAULT NULL COMMENT 'Base Price Incl Tax',
  `row_total_incl_tax` decimal(12,4) DEFAULT NULL COMMENT 'Row Total Incl Tax',
  `base_row_total_incl_tax` decimal(12,4) DEFAULT NULL COMMENT 'Base Row Total Incl Tax',
  `hidden_tax_amount` decimal(12,4) DEFAULT NULL COMMENT 'Hidden Tax Amount',
  `base_hidden_tax_amount` decimal(12,4) DEFAULT NULL COMMENT 'Base Hidden Tax Amount',
  PRIMARY KEY (`address_item_id`),
  KEY `IDX_SALES_FLAT_QUOTE_ADDRESS_ITEM_QUOTE_ADDRESS_ID` (`quote_address_id`),
  KEY `IDX_SALES_FLAT_QUOTE_ADDRESS_ITEM_PARENT_ITEM_ID` (`parent_item_id`),
  KEY `IDX_SALES_FLAT_QUOTE_ADDRESS_ITEM_QUOTE_ITEM_ID` (`quote_item_id`),
  CONSTRAINT `FK_2EF8E28181D666D94D4E30DC2B0F80BF` FOREIGN KEY (`quote_item_id`) REFERENCES `sales_flat_quote_item` (`item_id`) ON DELETE CASCADE ON UPDATE CASCADE,
  CONSTRAINT `FK_A345FC758F20C314169CE27DCE53477F` FOREIGN KEY (`parent_item_id`) REFERENCES `sales_flat_quote_address_item` (`address_item_id`) ON DELETE CASCADE ON UPDATE CASCADE,
  CONSTRAINT `FK_B521389746C00700D1B2B76EBBE53854` FOREIGN KEY (`quote_address_id`) REFERENCES `sales_flat_quote_address` (`address_id`) ON DELETE CASCADE ON UPDATE CASCADE
) ENGINE=InnoDB DEFAULT CHARSET=utf8 COMMENT='Sales Flat Quote Address Item';

--
-- Dumping data for table `sales_flat_quote_address_item`
--


--
-- Table structure for table `sales_flat_quote_item`
--

CREATE TABLE `sales_flat_quote_item` (
  `item_id` int(10) unsigned NOT NULL AUTO_INCREMENT COMMENT 'Item Id',
  `quote_id` int(10) unsigned NOT NULL COMMENT 'Quote Id',
  `created_at` timestamp NOT NULL DEFAULT CURRENT_TIMESTAMP ON UPDATE CURRENT_TIMESTAMP COMMENT 'Created At',
  `updated_at` timestamp NOT NULL DEFAULT '0000-00-00 00:00:00' COMMENT 'Updated At',
  `product_id` int(10) unsigned DEFAULT NULL COMMENT 'Product Id',
  `store_id` smallint(5) unsigned DEFAULT NULL COMMENT 'Store Id',
  `parent_item_id` int(10) unsigned DEFAULT NULL COMMENT 'Parent Item Id',
  `is_virtual` smallint(5) unsigned DEFAULT NULL COMMENT 'Is Virtual',
  `sku` varchar(255) DEFAULT NULL COMMENT 'Sku',
  `name` varchar(255) DEFAULT NULL COMMENT 'Name',
  `description` text COMMENT 'Description',
  `applied_rule_ids` text COMMENT 'Applied Rule Ids',
  `additional_data` text COMMENT 'Additional Data',
  `free_shipping` smallint(5) unsigned NOT NULL COMMENT 'Free Shipping',
  `is_qty_decimal` smallint(5) unsigned DEFAULT NULL COMMENT 'Is Qty Decimal',
  `no_discount` smallint(5) unsigned DEFAULT '0' COMMENT 'No Discount',
  `weight` decimal(12,4) DEFAULT '0.0000' COMMENT 'Weight',
  `qty` decimal(12,4) NOT NULL DEFAULT '0.0000' COMMENT 'Qty',
  `price` decimal(12,4) NOT NULL DEFAULT '0.0000' COMMENT 'Price',
  `base_price` decimal(12,4) NOT NULL DEFAULT '0.0000' COMMENT 'Base Price',
  `custom_price` decimal(12,4) DEFAULT NULL COMMENT 'Custom Price',
  `discount_percent` decimal(12,4) DEFAULT '0.0000' COMMENT 'Discount Percent',
  `discount_amount` decimal(12,4) DEFAULT '0.0000' COMMENT 'Discount Amount',
  `base_discount_amount` decimal(12,4) DEFAULT '0.0000' COMMENT 'Base Discount Amount',
  `tax_percent` decimal(12,4) DEFAULT '0.0000' COMMENT 'Tax Percent',
  `tax_amount` decimal(12,4) DEFAULT '0.0000' COMMENT 'Tax Amount',
  `base_tax_amount` decimal(12,4) DEFAULT '0.0000' COMMENT 'Base Tax Amount',
  `row_total` decimal(12,4) NOT NULL DEFAULT '0.0000' COMMENT 'Row Total',
  `base_row_total` decimal(12,4) NOT NULL DEFAULT '0.0000' COMMENT 'Base Row Total',
  `row_total_with_discount` decimal(12,4) DEFAULT '0.0000' COMMENT 'Row Total With Discount',
  `row_weight` decimal(12,4) DEFAULT '0.0000' COMMENT 'Row Weight',
  `product_type` varchar(255) DEFAULT NULL COMMENT 'Product Type',
  `base_tax_before_discount` decimal(12,4) DEFAULT NULL COMMENT 'Base Tax Before Discount',
  `tax_before_discount` decimal(12,4) DEFAULT NULL COMMENT 'Tax Before Discount',
  `original_custom_price` decimal(12,4) DEFAULT NULL COMMENT 'Original Custom Price',
  `gift_message_id` int(11) DEFAULT NULL COMMENT 'Gift Message Id',
  `weee_tax_applied` text COMMENT 'Weee Tax Applied',
  `weee_tax_applied_amount` decimal(12,4) DEFAULT NULL COMMENT 'Weee Tax Applied Amount',
  `weee_tax_applied_row_amount` decimal(12,4) DEFAULT NULL COMMENT 'Weee Tax Applied Row Amount',
  `base_weee_tax_applied_amount` decimal(12,4) DEFAULT NULL COMMENT 'Base Weee Tax Applied Amount',
  `base_weee_tax_applied_row_amnt` decimal(12,4) DEFAULT NULL COMMENT 'Base Weee Tax Applied Row Amnt',
  `weee_tax_disposition` decimal(12,4) DEFAULT NULL COMMENT 'Weee Tax Disposition',
  `weee_tax_row_disposition` decimal(12,4) DEFAULT NULL COMMENT 'Weee Tax Row Disposition',
  `base_weee_tax_disposition` decimal(12,4) DEFAULT NULL COMMENT 'Base Weee Tax Disposition',
  `base_weee_tax_row_disposition` decimal(12,4) DEFAULT NULL COMMENT 'Base Weee Tax Row Disposition',
  `redirect_url` varchar(255) DEFAULT NULL COMMENT 'Redirect Url',
  `base_cost` decimal(12,4) DEFAULT NULL COMMENT 'Base Cost',
  `price_incl_tax` decimal(12,4) DEFAULT NULL COMMENT 'Price Incl Tax',
  `base_price_incl_tax` decimal(12,4) DEFAULT NULL COMMENT 'Base Price Incl Tax',
  `row_total_incl_tax` decimal(12,4) DEFAULT NULL COMMENT 'Row Total Incl Tax',
  `base_row_total_incl_tax` decimal(12,4) DEFAULT NULL COMMENT 'Base Row Total Incl Tax',
  `hidden_tax_amount` decimal(12,4) DEFAULT NULL COMMENT 'Hidden Tax Amount',
  `base_hidden_tax_amount` decimal(12,4) DEFAULT NULL COMMENT 'Base Hidden Tax Amount',
  PRIMARY KEY (`item_id`),
  KEY `IDX_SALES_FLAT_QUOTE_ITEM_PARENT_ITEM_ID` (`parent_item_id`),
  KEY `IDX_SALES_FLAT_QUOTE_ITEM_PRODUCT_ID` (`product_id`),
  KEY `IDX_SALES_FLAT_QUOTE_ITEM_QUOTE_ID` (`quote_id`),
  KEY `IDX_SALES_FLAT_QUOTE_ITEM_STORE_ID` (`store_id`),
  CONSTRAINT `FK_B201DEB5DE51B791AF5C5BF87053C5A7` FOREIGN KEY (`parent_item_id`) REFERENCES `sales_flat_quote_item` (`item_id`) ON DELETE CASCADE ON UPDATE CASCADE,
  CONSTRAINT `FK_SALES_FLAT_QUOTE_ITEM_PRD_ID_CAT_PRD_ENTT_ENTT_ID` FOREIGN KEY (`product_id`) REFERENCES `catalog_product_entity` (`entity_id`) ON DELETE CASCADE ON UPDATE CASCADE,
  CONSTRAINT `FK_SALES_FLAT_QUOTE_ITEM_QUOTE_ID_SALES_FLAT_QUOTE_ENTITY_ID` FOREIGN KEY (`quote_id`) REFERENCES `sales_flat_quote` (`entity_id`) ON DELETE CASCADE ON UPDATE CASCADE,
  CONSTRAINT `FK_SALES_FLAT_QUOTE_ITEM_STORE_ID_CORE_STORE_STORE_ID` FOREIGN KEY (`store_id`) REFERENCES `core_store` (`store_id`) ON DELETE SET NULL ON UPDATE CASCADE
) ENGINE=InnoDB AUTO_INCREMENT=114 DEFAULT CHARSET=utf8 COMMENT='Sales Flat Quote Item';

--
-- Dumping data for table `sales_flat_quote_item`
--

INSERT INTO `sales_flat_quote_item` VALUES (1,1,'2013-06-01 18:07:59','2013-06-01 22:24:07',167,1,NULL,0,'aculife','Aculife',NULL,NULL,NULL,0,0,0,2.0000,4.0000,1000.0000,1000.0000,NULL,0.0000,0.0000,0.0000,0.0000,0.0000,0.0000,4000.0000,4000.0000,0.0000,8.0000,'simple',NULL,NULL,NULL,NULL,'a:0:{}',0.0000,0.0000,0.0000,NULL,0.0000,0.0000,0.0000,0.0000,NULL,NULL,1000.0000,1000.0000,4000.0000,4000.0000,NULL,NULL),(2,2,'2013-06-01 23:18:47','2013-06-01 23:18:47',167,1,NULL,0,'aculife','Aculife',NULL,NULL,NULL,0,0,0,2.0000,1.0000,1000.0000,1000.0000,NULL,0.0000,0.0000,0.0000,0.0000,0.0000,0.0000,1000.0000,1000.0000,0.0000,2.0000,'simple',NULL,NULL,NULL,NULL,'a:0:{}',0.0000,0.0000,0.0000,NULL,0.0000,0.0000,0.0000,0.0000,NULL,NULL,1000.0000,1000.0000,1000.0000,1000.0000,NULL,NULL),(3,3,'2013-06-03 01:44:35','2013-06-03 01:44:35',167,1,NULL,0,'aculife','Aculife',NULL,NULL,NULL,0,0,0,2.0000,1.0000,1000.0000,1000.0000,NULL,0.0000,0.0000,0.0000,0.0000,0.0000,0.0000,1000.0000,1000.0000,0.0000,2.0000,'simple',NULL,NULL,NULL,NULL,'a:0:{}',0.0000,0.0000,0.0000,NULL,0.0000,0.0000,0.0000,0.0000,NULL,NULL,1000.0000,1000.0000,1000.0000,1000.0000,NULL,NULL),(4,5,'2013-10-09 09:01:42','2013-10-09 09:01:42',167,1,NULL,0,'aculife','Aculife',NULL,NULL,NULL,0,0,0,2.0000,1.0000,1000.0000,1000.0000,NULL,0.0000,0.0000,0.0000,0.0000,0.0000,0.0000,1000.0000,1000.0000,0.0000,2.0000,'simple',NULL,NULL,NULL,NULL,'a:0:{}',0.0000,0.0000,0.0000,NULL,0.0000,0.0000,0.0000,0.0000,NULL,NULL,1000.0000,1000.0000,1000.0000,1000.0000,NULL,NULL),(5,6,'2013-10-16 08:12:36','2013-10-16 08:12:36',167,1,NULL,0,'aculife','Aculife',NULL,NULL,NULL,0,0,0,2.0000,1.0000,1000.0000,1000.0000,NULL,0.0000,0.0000,0.0000,0.0000,0.0000,0.0000,1000.0000,1000.0000,0.0000,2.0000,'simple',NULL,NULL,NULL,NULL,'a:0:{}',0.0000,0.0000,0.0000,NULL,0.0000,0.0000,0.0000,0.0000,NULL,NULL,1000.0000,1000.0000,1000.0000,1000.0000,NULL,NULL),(6,7,'2013-10-23 08:15:45','2013-10-23 08:15:45',167,1,NULL,0,'aculife','Aculife',NULL,NULL,NULL,0,0,0,2.0000,1.0000,1000.0000,1000.0000,NULL,0.0000,0.0000,0.0000,0.0000,0.0000,0.0000,1000.0000,1000.0000,0.0000,2.0000,'simple',NULL,NULL,NULL,NULL,'a:0:{}',0.0000,0.0000,0.0000,NULL,0.0000,0.0000,0.0000,0.0000,NULL,NULL,1000.0000,1000.0000,1000.0000,1000.0000,NULL,NULL),(7,8,'2013-10-30 09:13:34','2013-10-30 09:13:34',167,1,NULL,0,'aculife','Aculife',NULL,NULL,NULL,0,0,0,2.0000,1.0000,1000.0000,1000.0000,NULL,0.0000,0.0000,0.0000,0.0000,0.0000,0.0000,1000.0000,1000.0000,0.0000,2.0000,'simple',NULL,NULL,NULL,NULL,'a:0:{}',0.0000,0.0000,0.0000,NULL,0.0000,0.0000,0.0000,0.0000,NULL,NULL,1000.0000,1000.0000,1000.0000,1000.0000,NULL,NULL),(8,9,'2013-11-06 10:17:44','2013-11-06 10:17:44',167,1,NULL,0,'aculife','Aculife',NULL,NULL,NULL,0,0,0,2.0000,1.0000,1000.0000,1000.0000,NULL,0.0000,0.0000,0.0000,0.0000,0.0000,0.0000,1000.0000,1000.0000,0.0000,2.0000,'simple',NULL,NULL,NULL,NULL,'a:0:{}',0.0000,0.0000,0.0000,NULL,0.0000,0.0000,0.0000,0.0000,NULL,NULL,1000.0000,1000.0000,1000.0000,1000.0000,NULL,NULL),(9,10,'2013-11-13 10:12:54','2013-11-13 10:12:54',167,1,NULL,0,'aculife','Aculife',NULL,NULL,NULL,0,0,0,2.0000,1.0000,1000.0000,1000.0000,NULL,0.0000,0.0000,0.0000,0.0000,0.0000,0.0000,1000.0000,1000.0000,0.0000,2.0000,'simple',NULL,NULL,NULL,NULL,'a:0:{}',0.0000,0.0000,0.0000,NULL,0.0000,0.0000,0.0000,0.0000,NULL,NULL,1000.0000,1000.0000,1000.0000,1000.0000,NULL,NULL),(10,11,'2013-11-20 10:15:46','2013-11-20 10:15:46',167,1,NULL,0,'aculife','Aculife',NULL,NULL,NULL,0,0,0,2.0000,1.0000,1000.0000,1000.0000,NULL,0.0000,0.0000,0.0000,0.0000,0.0000,0.0000,1000.0000,1000.0000,0.0000,2.0000,'simple',NULL,NULL,NULL,NULL,'a:0:{}',0.0000,0.0000,0.0000,NULL,0.0000,0.0000,0.0000,0.0000,NULL,NULL,1000.0000,1000.0000,1000.0000,1000.0000,NULL,NULL),(11,12,'2013-11-21 16:51:34','2013-11-21 16:51:34',167,1,NULL,0,'aculife','Aculife',NULL,NULL,NULL,0,0,0,2.0000,1.0000,1000.0000,1000.0000,NULL,0.0000,0.0000,0.0000,0.0000,0.0000,0.0000,1000.0000,1000.0000,0.0000,2.0000,'simple',NULL,NULL,NULL,NULL,'a:0:{}',0.0000,0.0000,0.0000,NULL,0.0000,0.0000,0.0000,0.0000,NULL,NULL,1000.0000,1000.0000,1000.0000,1000.0000,NULL,NULL),(12,13,'2013-11-27 10:19:20','2013-11-27 10:19:20',167,1,NULL,0,'aculife','Aculife',NULL,NULL,NULL,0,0,0,2.0000,1.0000,1000.0000,1000.0000,NULL,0.0000,0.0000,0.0000,0.0000,0.0000,0.0000,1000.0000,1000.0000,0.0000,2.0000,'simple',NULL,NULL,NULL,NULL,'a:0:{}',0.0000,0.0000,0.0000,NULL,0.0000,0.0000,0.0000,0.0000,NULL,NULL,1000.0000,1000.0000,1000.0000,1000.0000,NULL,NULL),(13,14,'2013-12-04 10:20:46','2013-12-04 10:20:46',167,1,NULL,0,'aculife','Aculife',NULL,NULL,NULL,0,0,0,2.0000,1.0000,1000.0000,1000.0000,NULL,0.0000,0.0000,0.0000,0.0000,0.0000,0.0000,1000.0000,1000.0000,0.0000,2.0000,'simple',NULL,NULL,NULL,NULL,'a:0:{}',0.0000,0.0000,0.0000,NULL,0.0000,0.0000,0.0000,0.0000,NULL,NULL,1000.0000,1000.0000,1000.0000,1000.0000,NULL,NULL),(14,15,'2013-12-11 15:01:33','2013-12-11 15:01:33',167,1,NULL,0,'aculife','Aculife',NULL,NULL,NULL,0,0,0,2.0000,1.0000,1000.0000,1000.0000,NULL,0.0000,0.0000,0.0000,0.0000,0.0000,0.0000,1000.0000,1000.0000,0.0000,2.0000,'simple',NULL,NULL,NULL,NULL,'a:0:{}',0.0000,0.0000,0.0000,NULL,0.0000,0.0000,0.0000,0.0000,NULL,NULL,1000.0000,1000.0000,1000.0000,1000.0000,NULL,NULL),(15,16,'2013-12-18 12:19:23','2013-12-18 12:19:23',167,1,NULL,0,'aculife','Aculife',NULL,NULL,NULL,0,0,0,2.0000,1.0000,1000.0000,1000.0000,NULL,0.0000,0.0000,0.0000,0.0000,0.0000,0.0000,1000.0000,1000.0000,0.0000,2.0000,'simple',NULL,NULL,NULL,NULL,'a:0:{}',0.0000,0.0000,0.0000,NULL,0.0000,0.0000,0.0000,0.0000,NULL,NULL,1000.0000,1000.0000,1000.0000,1000.0000,NULL,NULL),(16,17,'2013-12-25 10:08:28','2013-12-25 10:08:28',167,1,NULL,0,'aculife','Aculife',NULL,NULL,NULL,0,0,0,2.0000,1.0000,1000.0000,1000.0000,NULL,0.0000,0.0000,0.0000,0.0000,0.0000,0.0000,1000.0000,1000.0000,0.0000,2.0000,'simple',NULL,NULL,NULL,NULL,'a:0:{}',0.0000,0.0000,0.0000,NULL,0.0000,0.0000,0.0000,0.0000,NULL,NULL,1000.0000,1000.0000,1000.0000,1000.0000,NULL,NULL),(17,18,'2014-01-01 10:05:30','2014-01-01 10:05:30',167,1,NULL,0,'aculife','Aculife',NULL,NULL,NULL,0,0,0,2.0000,1.0000,1000.0000,1000.0000,NULL,0.0000,0.0000,0.0000,0.0000,0.0000,0.0000,1000.0000,1000.0000,0.0000,2.0000,'simple',NULL,NULL,NULL,NULL,'a:0:{}',0.0000,0.0000,0.0000,NULL,0.0000,0.0000,0.0000,0.0000,NULL,NULL,1000.0000,1000.0000,1000.0000,1000.0000,NULL,NULL),(18,19,'2014-01-08 10:22:03','2014-01-08 10:22:03',167,1,NULL,0,'aculife','Aculife',NULL,NULL,NULL,0,0,0,2.0000,1.0000,1000.0000,1000.0000,NULL,0.0000,0.0000,0.0000,0.0000,0.0000,0.0000,1000.0000,1000.0000,0.0000,2.0000,'simple',NULL,NULL,NULL,NULL,'a:0:{}',0.0000,0.0000,0.0000,NULL,0.0000,0.0000,0.0000,0.0000,NULL,NULL,1000.0000,1000.0000,1000.0000,1000.0000,NULL,NULL),(19,20,'2014-01-15 10:07:47','2014-01-15 10:07:47',167,1,NULL,0,'aculife','Aculife',NULL,NULL,NULL,0,0,0,2.0000,1.0000,1000.0000,1000.0000,NULL,0.0000,0.0000,0.0000,0.0000,0.0000,0.0000,1000.0000,1000.0000,0.0000,2.0000,'simple',NULL,NULL,NULL,NULL,'a:0:{}',0.0000,0.0000,0.0000,NULL,0.0000,0.0000,0.0000,0.0000,NULL,NULL,1000.0000,1000.0000,1000.0000,1000.0000,NULL,NULL),(20,21,'2014-01-22 10:06:48','2014-01-22 10:06:48',167,1,NULL,0,'aculife','Aculife',NULL,NULL,NULL,0,0,0,2.0000,1.0000,1000.0000,1000.0000,NULL,0.0000,0.0000,0.0000,0.0000,0.0000,0.0000,1000.0000,1000.0000,0.0000,2.0000,'simple',NULL,NULL,NULL,NULL,'a:0:{}',0.0000,0.0000,0.0000,NULL,0.0000,0.0000,0.0000,0.0000,NULL,NULL,1000.0000,1000.0000,1000.0000,1000.0000,NULL,NULL),(21,22,'2014-01-29 10:14:38','2014-01-29 10:14:38',167,1,NULL,0,'aculife','Aculife',NULL,NULL,NULL,0,0,0,2.0000,1.0000,1000.0000,1000.0000,NULL,0.0000,0.0000,0.0000,0.0000,0.0000,0.0000,1000.0000,1000.0000,0.0000,2.0000,'simple',NULL,NULL,NULL,NULL,'a:0:{}',0.0000,0.0000,0.0000,NULL,0.0000,0.0000,0.0000,0.0000,NULL,NULL,1000.0000,1000.0000,1000.0000,1000.0000,NULL,NULL),(22,23,'2014-02-05 10:25:21','2014-02-05 10:25:21',167,1,NULL,0,'aculife','Aculife',NULL,NULL,NULL,0,0,0,2.0000,1.0000,1000.0000,1000.0000,NULL,0.0000,0.0000,0.0000,0.0000,0.0000,0.0000,1000.0000,1000.0000,0.0000,2.0000,'simple',NULL,NULL,NULL,NULL,'a:0:{}',0.0000,0.0000,0.0000,NULL,0.0000,0.0000,0.0000,0.0000,NULL,NULL,1000.0000,1000.0000,1000.0000,1000.0000,NULL,NULL),(23,24,'2014-02-12 10:50:05','2014-02-12 10:50:05',167,1,NULL,0,'aculife','Aculife',NULL,NULL,NULL,0,0,0,2.0000,1.0000,1000.0000,1000.0000,NULL,0.0000,0.0000,0.0000,0.0000,0.0000,0.0000,1000.0000,1000.0000,0.0000,2.0000,'simple',NULL,NULL,NULL,NULL,'a:0:{}',0.0000,0.0000,0.0000,NULL,0.0000,0.0000,0.0000,0.0000,NULL,NULL,1000.0000,1000.0000,1000.0000,1000.0000,NULL,NULL),(24,25,'2014-02-12 12:54:39','2014-02-12 12:54:39',167,1,NULL,0,'aculife','Aculife',NULL,NULL,NULL,0,0,0,2.0000,1.0000,1000.0000,1000.0000,NULL,0.0000,0.0000,0.0000,0.0000,0.0000,0.0000,1000.0000,1000.0000,0.0000,2.0000,'simple',NULL,NULL,NULL,NULL,'a:0:{}',0.0000,0.0000,0.0000,NULL,0.0000,0.0000,0.0000,0.0000,NULL,NULL,1000.0000,1000.0000,1000.0000,1000.0000,NULL,NULL),(25,26,'2014-02-19 10:27:06','2014-02-19 10:27:06',167,1,NULL,0,'aculife','Aculife',NULL,NULL,NULL,0,0,0,2.0000,1.0000,1000.0000,1000.0000,NULL,0.0000,0.0000,0.0000,0.0000,0.0000,0.0000,1000.0000,1000.0000,0.0000,2.0000,'simple',NULL,NULL,NULL,NULL,'a:0:{}',0.0000,0.0000,0.0000,NULL,0.0000,0.0000,0.0000,0.0000,NULL,NULL,1000.0000,1000.0000,1000.0000,1000.0000,NULL,NULL),(26,27,'2014-02-26 10:21:01','2014-02-26 10:21:01',167,1,NULL,0,'aculife','Aculife',NULL,NULL,NULL,0,0,0,2.0000,1.0000,1000.0000,1000.0000,NULL,0.0000,0.0000,0.0000,0.0000,0.0000,0.0000,1000.0000,1000.0000,0.0000,2.0000,'simple',NULL,NULL,NULL,NULL,'a:0:{}',0.0000,0.0000,0.0000,NULL,0.0000,0.0000,0.0000,0.0000,NULL,NULL,1000.0000,1000.0000,1000.0000,1000.0000,NULL,NULL),(27,28,'2014-03-05 10:15:21','2014-03-05 10:15:21',167,1,NULL,0,'aculife','Aculife',NULL,NULL,NULL,0,0,0,2.0000,1.0000,1000.0000,1000.0000,NULL,0.0000,0.0000,0.0000,0.0000,0.0000,0.0000,1000.0000,1000.0000,0.0000,2.0000,'simple',NULL,NULL,NULL,NULL,'a:0:{}',0.0000,0.0000,0.0000,NULL,0.0000,0.0000,0.0000,0.0000,NULL,NULL,1000.0000,1000.0000,1000.0000,1000.0000,NULL,NULL),(28,29,'2014-03-12 11:40:50','2014-03-12 11:40:50',167,1,NULL,0,'aculife','Aculife',NULL,NULL,NULL,0,0,0,2.0000,1.0000,1000.0000,1000.0000,NULL,0.0000,0.0000,0.0000,0.0000,0.0000,0.0000,1000.0000,1000.0000,0.0000,2.0000,'simple',NULL,NULL,NULL,NULL,'a:0:{}',0.0000,0.0000,0.0000,NULL,0.0000,0.0000,0.0000,0.0000,NULL,NULL,1000.0000,1000.0000,1000.0000,1000.0000,NULL,NULL),(29,30,'2014-03-19 09:13:19','2014-03-19 09:13:19',167,1,NULL,0,'aculife','Aculife',NULL,NULL,NULL,0,0,0,2.0000,1.0000,1000.0000,1000.0000,NULL,0.0000,0.0000,0.0000,0.0000,0.0000,0.0000,1000.0000,1000.0000,0.0000,2.0000,'simple',NULL,NULL,NULL,NULL,'a:0:{}',0.0000,0.0000,0.0000,NULL,0.0000,0.0000,0.0000,0.0000,NULL,NULL,1000.0000,1000.0000,1000.0000,1000.0000,NULL,NULL),(30,31,'2014-03-24 22:22:18','2014-03-24 22:22:18',167,1,NULL,0,'aculife','Aculife',NULL,NULL,NULL,0,0,0,2.0000,1.0000,1000.0000,1000.0000,NULL,0.0000,0.0000,0.0000,0.0000,0.0000,0.0000,1000.0000,1000.0000,0.0000,2.0000,'simple',NULL,NULL,NULL,NULL,'a:0:{}',0.0000,0.0000,0.0000,NULL,0.0000,0.0000,0.0000,0.0000,NULL,NULL,1000.0000,1000.0000,1000.0000,1000.0000,NULL,NULL),(31,32,'2014-03-26 21:36:25','2014-03-26 21:36:25',167,1,NULL,0,'aculife','Aculife',NULL,NULL,NULL,0,0,0,2.0000,1.0000,1000.0000,1000.0000,NULL,0.0000,0.0000,0.0000,0.0000,0.0000,0.0000,1000.0000,1000.0000,0.0000,2.0000,'simple',NULL,NULL,NULL,NULL,'a:0:{}',0.0000,0.0000,0.0000,NULL,0.0000,0.0000,0.0000,0.0000,NULL,NULL,1000.0000,1000.0000,1000.0000,1000.0000,NULL,NULL),(32,33,'2014-04-02 09:15:10','2014-04-02 09:15:10',167,1,NULL,0,'aculife','Aculife',NULL,NULL,NULL,0,0,0,2.0000,1.0000,1000.0000,1000.0000,NULL,0.0000,0.0000,0.0000,0.0000,0.0000,0.0000,1000.0000,1000.0000,0.0000,2.0000,'simple',NULL,NULL,NULL,NULL,'a:0:{}',0.0000,0.0000,0.0000,NULL,0.0000,0.0000,0.0000,0.0000,NULL,NULL,1000.0000,1000.0000,1000.0000,1000.0000,NULL,NULL),(33,34,'2014-04-09 09:24:31','2014-04-09 09:24:31',167,1,NULL,0,'aculife','Aculife',NULL,NULL,NULL,0,0,0,2.0000,1.0000,1000.0000,1000.0000,NULL,0.0000,0.0000,0.0000,0.0000,0.0000,0.0000,1000.0000,1000.0000,0.0000,2.0000,'simple',NULL,NULL,NULL,NULL,'a:0:{}',0.0000,0.0000,0.0000,NULL,0.0000,0.0000,0.0000,0.0000,NULL,NULL,1000.0000,1000.0000,1000.0000,1000.0000,NULL,NULL),(34,35,'2014-04-16 09:13:40','2014-04-16 09:13:40',167,1,NULL,0,'aculife','Aculife',NULL,NULL,NULL,0,0,0,2.0000,1.0000,1000.0000,1000.0000,NULL,0.0000,0.0000,0.0000,0.0000,0.0000,0.0000,1000.0000,1000.0000,0.0000,2.0000,'simple',NULL,NULL,NULL,NULL,'a:0:{}',0.0000,0.0000,0.0000,NULL,0.0000,0.0000,0.0000,0.0000,NULL,NULL,1000.0000,1000.0000,1000.0000,1000.0000,NULL,NULL),(35,36,'2014-04-23 09:09:10','2014-04-23 09:09:10',167,1,NULL,0,'aculife','Aculife',NULL,NULL,NULL,0,0,0,2.0000,1.0000,1000.0000,1000.0000,NULL,0.0000,0.0000,0.0000,0.0000,0.0000,0.0000,1000.0000,1000.0000,0.0000,2.0000,'simple',NULL,NULL,NULL,NULL,'a:0:{}',0.0000,0.0000,0.0000,NULL,0.0000,0.0000,0.0000,0.0000,NULL,NULL,1000.0000,1000.0000,1000.0000,1000.0000,NULL,NULL),(36,37,'2014-04-30 09:25:17','2014-04-30 09:25:17',167,1,NULL,0,'aculife','Aculife',NULL,NULL,NULL,0,0,0,2.0000,1.0000,1000.0000,1000.0000,NULL,0.0000,0.0000,0.0000,0.0000,0.0000,0.0000,1000.0000,1000.0000,0.0000,2.0000,'simple',NULL,NULL,NULL,NULL,'a:0:{}',0.0000,0.0000,0.0000,NULL,0.0000,0.0000,0.0000,0.0000,NULL,NULL,1000.0000,1000.0000,1000.0000,1000.0000,NULL,NULL),(37,38,'2014-05-07 09:24:45','2014-05-07 09:24:45',167,1,NULL,0,'aculife','Aculife',NULL,NULL,NULL,0,0,0,2.0000,1.0000,1000.0000,1000.0000,NULL,0.0000,0.0000,0.0000,0.0000,0.0000,0.0000,1000.0000,1000.0000,0.0000,2.0000,'simple',NULL,NULL,NULL,NULL,'a:0:{}',0.0000,0.0000,0.0000,NULL,0.0000,0.0000,0.0000,0.0000,NULL,NULL,1000.0000,1000.0000,1000.0000,1000.0000,NULL,NULL),(38,39,'2014-05-14 09:23:08','2014-05-14 09:23:08',167,1,NULL,0,'aculife','Aculife',NULL,NULL,NULL,0,0,0,2.0000,1.0000,1000.0000,1000.0000,NULL,0.0000,0.0000,0.0000,0.0000,0.0000,0.0000,1000.0000,1000.0000,0.0000,2.0000,'simple',NULL,NULL,NULL,NULL,'a:0:{}',0.0000,0.0000,0.0000,NULL,0.0000,0.0000,0.0000,0.0000,NULL,NULL,1000.0000,1000.0000,1000.0000,1000.0000,NULL,NULL),(39,40,'2014-05-21 09:12:06','2014-05-21 09:12:06',167,1,NULL,0,'aculife','Aculife',NULL,NULL,NULL,0,0,0,2.0000,1.0000,1000.0000,1000.0000,NULL,0.0000,0.0000,0.0000,0.0000,0.0000,0.0000,1000.0000,1000.0000,0.0000,2.0000,'simple',NULL,NULL,NULL,NULL,'a:0:{}',0.0000,0.0000,0.0000,NULL,0.0000,0.0000,0.0000,0.0000,NULL,NULL,1000.0000,1000.0000,1000.0000,1000.0000,NULL,NULL),(40,41,'2014-05-28 09:28:36','2014-05-28 09:28:36',167,1,NULL,0,'aculife','Aculife',NULL,NULL,NULL,0,0,0,2.0000,1.0000,1000.0000,1000.0000,NULL,0.0000,0.0000,0.0000,0.0000,0.0000,0.0000,1000.0000,1000.0000,0.0000,2.0000,'simple',NULL,NULL,NULL,NULL,'a:0:{}',0.0000,0.0000,0.0000,NULL,0.0000,0.0000,0.0000,0.0000,NULL,NULL,1000.0000,1000.0000,1000.0000,1000.0000,NULL,NULL),(41,42,'2014-06-04 09:25:44','2014-06-04 09:25:44',167,1,NULL,0,'aculife','Aculife',NULL,NULL,NULL,0,0,0,2.0000,1.0000,1000.0000,1000.0000,NULL,0.0000,0.0000,0.0000,0.0000,0.0000,0.0000,1000.0000,1000.0000,0.0000,2.0000,'simple',NULL,NULL,NULL,NULL,'a:0:{}',0.0000,0.0000,0.0000,NULL,0.0000,0.0000,0.0000,0.0000,NULL,NULL,1000.0000,1000.0000,1000.0000,1000.0000,NULL,NULL),(42,43,'2014-06-11 09:19:42','2014-06-11 09:19:42',167,1,NULL,0,'aculife','Aculife',NULL,NULL,NULL,0,0,0,2.0000,1.0000,1000.0000,1000.0000,NULL,0.0000,0.0000,0.0000,0.0000,0.0000,0.0000,1000.0000,1000.0000,0.0000,2.0000,'simple',NULL,NULL,NULL,NULL,'a:0:{}',0.0000,0.0000,0.0000,NULL,0.0000,0.0000,0.0000,0.0000,NULL,NULL,1000.0000,1000.0000,1000.0000,1000.0000,NULL,NULL),(43,44,'2014-06-18 09:13:39','2014-06-18 09:13:39',167,1,NULL,0,'aculife','Aculife',NULL,NULL,NULL,0,0,0,2.0000,1.0000,1000.0000,1000.0000,NULL,0.0000,0.0000,0.0000,0.0000,0.0000,0.0000,1000.0000,1000.0000,0.0000,2.0000,'simple',NULL,NULL,NULL,NULL,'a:0:{}',0.0000,0.0000,0.0000,NULL,0.0000,0.0000,0.0000,0.0000,NULL,NULL,1000.0000,1000.0000,1000.0000,1000.0000,NULL,NULL),(44,45,'2014-06-23 01:25:34','2014-06-23 01:25:34',167,1,NULL,0,'aculife','Aculife',NULL,NULL,NULL,0,0,0,2.0000,1.0000,1000.0000,1000.0000,NULL,0.0000,0.0000,0.0000,0.0000,0.0000,0.0000,1000.0000,1000.0000,0.0000,2.0000,'simple',NULL,NULL,NULL,NULL,'a:0:{}',0.0000,0.0000,0.0000,NULL,0.0000,0.0000,0.0000,0.0000,NULL,NULL,1000.0000,1000.0000,1000.0000,1000.0000,NULL,NULL),(45,46,'2014-06-25 09:20:25','2014-06-25 09:20:25',167,1,NULL,0,'aculife','Aculife',NULL,NULL,NULL,0,0,0,2.0000,1.0000,1000.0000,1000.0000,NULL,0.0000,0.0000,0.0000,0.0000,0.0000,0.0000,1000.0000,1000.0000,0.0000,2.0000,'simple',NULL,NULL,NULL,NULL,'a:0:{}',0.0000,0.0000,0.0000,NULL,0.0000,0.0000,0.0000,0.0000,NULL,NULL,1000.0000,1000.0000,1000.0000,1000.0000,NULL,NULL),(46,47,'2014-07-02 09:18:55','2014-07-02 09:18:55',167,1,NULL,0,'aculife','Aculife',NULL,NULL,NULL,0,0,0,2.0000,1.0000,1000.0000,1000.0000,NULL,0.0000,0.0000,0.0000,0.0000,0.0000,0.0000,1000.0000,1000.0000,0.0000,2.0000,'simple',NULL,NULL,NULL,NULL,'a:0:{}',0.0000,0.0000,0.0000,NULL,0.0000,0.0000,0.0000,0.0000,NULL,NULL,1000.0000,1000.0000,1000.0000,1000.0000,NULL,NULL),(47,48,'2014-07-09 09:16:07','2014-07-09 09:16:07',167,1,NULL,0,'aculife','Aculife',NULL,NULL,NULL,0,0,0,2.0000,1.0000,1000.0000,1000.0000,NULL,0.0000,0.0000,0.0000,0.0000,0.0000,0.0000,1000.0000,1000.0000,0.0000,2.0000,'simple',NULL,NULL,NULL,NULL,'a:0:{}',0.0000,0.0000,0.0000,NULL,0.0000,0.0000,0.0000,0.0000,NULL,NULL,1000.0000,1000.0000,1000.0000,1000.0000,NULL,NULL),(48,49,'2014-07-16 09:33:27','2014-07-16 09:33:27',167,1,NULL,0,'aculife','Aculife',NULL,NULL,NULL,0,0,0,2.0000,1.0000,1000.0000,1000.0000,NULL,0.0000,0.0000,0.0000,0.0000,0.0000,0.0000,1000.0000,1000.0000,0.0000,2.0000,'simple',NULL,NULL,NULL,NULL,'a:0:{}',0.0000,0.0000,0.0000,NULL,0.0000,0.0000,0.0000,0.0000,NULL,NULL,1000.0000,1000.0000,1000.0000,1000.0000,NULL,NULL),(49,50,'2014-07-23 09:08:07','2014-07-23 09:08:07',167,1,NULL,0,'aculife','Aculife',NULL,NULL,NULL,0,0,0,2.0000,1.0000,1000.0000,1000.0000,NULL,0.0000,0.0000,0.0000,0.0000,0.0000,0.0000,1000.0000,1000.0000,0.0000,2.0000,'simple',NULL,NULL,NULL,NULL,'a:0:{}',0.0000,0.0000,0.0000,NULL,0.0000,0.0000,0.0000,0.0000,NULL,NULL,1000.0000,1000.0000,1000.0000,1000.0000,NULL,NULL),(50,51,'2014-07-30 09:18:31','2014-07-30 09:18:31',167,1,NULL,0,'aculife','Aculife',NULL,NULL,NULL,0,0,0,2.0000,1.0000,1000.0000,1000.0000,NULL,0.0000,0.0000,0.0000,0.0000,0.0000,0.0000,1000.0000,1000.0000,0.0000,2.0000,'simple',NULL,NULL,NULL,NULL,'a:0:{}',0.0000,0.0000,0.0000,NULL,0.0000,0.0000,0.0000,0.0000,NULL,NULL,1000.0000,1000.0000,1000.0000,1000.0000,NULL,NULL),(51,52,'2014-08-06 09:24:26','2014-08-06 09:24:26',167,1,NULL,0,'aculife','Aculife',NULL,NULL,NULL,0,0,0,2.0000,1.0000,1000.0000,1000.0000,NULL,0.0000,0.0000,0.0000,0.0000,0.0000,0.0000,1000.0000,1000.0000,0.0000,2.0000,'simple',NULL,NULL,NULL,NULL,'a:0:{}',0.0000,0.0000,0.0000,NULL,0.0000,0.0000,0.0000,0.0000,NULL,NULL,1000.0000,1000.0000,1000.0000,1000.0000,NULL,NULL),(52,53,'2014-08-13 09:12:19','2014-08-13 09:12:19',167,1,NULL,0,'aculife','Aculife',NULL,NULL,NULL,0,0,0,2.0000,1.0000,1000.0000,1000.0000,NULL,0.0000,0.0000,0.0000,0.0000,0.0000,0.0000,1000.0000,1000.0000,0.0000,2.0000,'simple',NULL,NULL,NULL,NULL,'a:0:{}',0.0000,0.0000,0.0000,NULL,0.0000,0.0000,0.0000,0.0000,NULL,NULL,1000.0000,1000.0000,1000.0000,1000.0000,NULL,NULL),(53,54,'2014-08-20 09:20:10','2014-08-20 09:20:10',167,1,NULL,0,'aculife','Aculife',NULL,NULL,NULL,0,0,0,2.0000,1.0000,1000.0000,1000.0000,NULL,0.0000,0.0000,0.0000,0.0000,0.0000,0.0000,1000.0000,1000.0000,0.0000,2.0000,'simple',NULL,NULL,NULL,NULL,'a:0:{}',0.0000,0.0000,0.0000,NULL,0.0000,0.0000,0.0000,0.0000,NULL,NULL,1000.0000,1000.0000,1000.0000,1000.0000,NULL,NULL),(54,55,'2014-08-27 11:57:34','2014-08-27 11:57:34',167,1,NULL,0,'aculife','Aculife',NULL,NULL,NULL,0,0,0,2.0000,1.0000,1000.0000,1000.0000,NULL,0.0000,0.0000,0.0000,0.0000,0.0000,0.0000,1000.0000,1000.0000,0.0000,2.0000,'simple',NULL,NULL,NULL,NULL,'a:0:{}',0.0000,0.0000,0.0000,NULL,0.0000,0.0000,0.0000,0.0000,NULL,NULL,1000.0000,1000.0000,1000.0000,1000.0000,NULL,NULL),(55,56,'2014-09-03 09:13:39','2014-09-03 09:13:39',167,1,NULL,0,'aculife','Aculife',NULL,NULL,NULL,0,0,0,2.0000,1.0000,1000.0000,1000.0000,NULL,0.0000,0.0000,0.0000,0.0000,0.0000,0.0000,1000.0000,1000.0000,0.0000,2.0000,'simple',NULL,NULL,NULL,NULL,'a:0:{}',0.0000,0.0000,0.0000,NULL,0.0000,0.0000,0.0000,0.0000,NULL,NULL,1000.0000,1000.0000,1000.0000,1000.0000,NULL,NULL),(56,57,'2014-09-10 09:31:16','2014-09-10 09:31:16',167,1,NULL,0,'aculife','Aculife',NULL,NULL,NULL,0,0,0,2.0000,1.0000,1000.0000,1000.0000,NULL,0.0000,0.0000,0.0000,0.0000,0.0000,0.0000,1000.0000,1000.0000,0.0000,2.0000,'simple',NULL,NULL,NULL,NULL,'a:0:{}',0.0000,0.0000,0.0000,NULL,0.0000,0.0000,0.0000,0.0000,NULL,NULL,1000.0000,1000.0000,1000.0000,1000.0000,NULL,NULL),(57,58,'2014-09-12 18:36:49','2014-09-12 18:36:49',167,1,NULL,0,'aculife','Aculife',NULL,NULL,NULL,0,0,0,2.0000,1.0000,1000.0000,1000.0000,NULL,0.0000,0.0000,0.0000,0.0000,0.0000,0.0000,1000.0000,1000.0000,0.0000,2.0000,'simple',NULL,NULL,NULL,NULL,'a:0:{}',0.0000,0.0000,0.0000,NULL,0.0000,0.0000,0.0000,0.0000,NULL,NULL,1000.0000,1000.0000,1000.0000,1000.0000,NULL,NULL),(58,59,'2014-09-14 02:38:54','2014-09-14 02:38:54',167,1,NULL,0,'aculife','Aculife',NULL,NULL,NULL,0,0,0,2.0000,1.0000,1000.0000,1000.0000,NULL,0.0000,0.0000,0.0000,0.0000,0.0000,0.0000,1000.0000,1000.0000,0.0000,2.0000,'simple',NULL,NULL,NULL,NULL,'a:0:{}',0.0000,0.0000,0.0000,NULL,0.0000,0.0000,0.0000,0.0000,NULL,NULL,1000.0000,1000.0000,1000.0000,1000.0000,NULL,NULL),(59,60,'2014-09-17 09:20:19','2014-09-17 09:20:19',167,1,NULL,0,'aculife','Aculife',NULL,NULL,NULL,0,0,0,2.0000,1.0000,1000.0000,1000.0000,NULL,0.0000,0.0000,0.0000,0.0000,0.0000,0.0000,1000.0000,1000.0000,0.0000,2.0000,'simple',NULL,NULL,NULL,NULL,'a:0:{}',0.0000,0.0000,0.0000,NULL,0.0000,0.0000,0.0000,0.0000,NULL,NULL,1000.0000,1000.0000,1000.0000,1000.0000,NULL,NULL),(60,61,'2014-09-24 09:36:03','2014-09-24 09:36:03',167,1,NULL,0,'aculife','Aculife',NULL,NULL,NULL,0,0,0,2.0000,1.0000,1000.0000,1000.0000,NULL,0.0000,0.0000,0.0000,0.0000,0.0000,0.0000,1000.0000,1000.0000,0.0000,2.0000,'simple',NULL,NULL,NULL,NULL,'a:0:{}',0.0000,0.0000,0.0000,NULL,0.0000,0.0000,0.0000,0.0000,NULL,NULL,1000.0000,1000.0000,1000.0000,1000.0000,NULL,NULL),(61,62,'2014-09-25 11:08:32','2014-09-25 11:08:32',167,1,NULL,0,'aculife','Aculife',NULL,NULL,NULL,0,0,0,2.0000,1.0000,1000.0000,1000.0000,NULL,0.0000,0.0000,0.0000,0.0000,0.0000,0.0000,1000.0000,1000.0000,0.0000,2.0000,'simple',NULL,NULL,NULL,NULL,'a:0:{}',0.0000,0.0000,0.0000,NULL,0.0000,0.0000,0.0000,0.0000,NULL,NULL,1000.0000,1000.0000,1000.0000,1000.0000,NULL,NULL),(62,63,'2014-09-28 04:47:59','2014-09-28 04:47:59',167,1,NULL,0,'aculife','Aculife',NULL,NULL,NULL,0,0,0,2.0000,1.0000,1000.0000,1000.0000,NULL,0.0000,0.0000,0.0000,0.0000,0.0000,0.0000,1000.0000,1000.0000,0.0000,2.0000,'simple',NULL,NULL,NULL,NULL,'a:0:{}',0.0000,0.0000,0.0000,NULL,0.0000,0.0000,0.0000,0.0000,NULL,NULL,1000.0000,1000.0000,1000.0000,1000.0000,NULL,NULL),(63,64,'2014-10-01 09:36:37','2014-10-01 09:36:37',167,1,NULL,0,'aculife','Aculife',NULL,NULL,NULL,0,0,0,2.0000,1.0000,1000.0000,1000.0000,NULL,0.0000,0.0000,0.0000,0.0000,0.0000,0.0000,1000.0000,1000.0000,0.0000,2.0000,'simple',NULL,NULL,NULL,NULL,'a:0:{}',0.0000,0.0000,0.0000,NULL,0.0000,0.0000,0.0000,0.0000,NULL,NULL,1000.0000,1000.0000,1000.0000,1000.0000,NULL,NULL),(64,65,'2014-10-02 07:52:00','2014-10-02 07:52:00',167,1,NULL,0,'aculife','Aculife',NULL,NULL,NULL,0,0,0,2.0000,1.0000,1000.0000,1000.0000,NULL,0.0000,0.0000,0.0000,0.0000,0.0000,0.0000,1000.0000,1000.0000,0.0000,2.0000,'simple',NULL,NULL,NULL,NULL,'a:0:{}',0.0000,0.0000,0.0000,NULL,0.0000,0.0000,0.0000,0.0000,NULL,NULL,1000.0000,1000.0000,1000.0000,1000.0000,NULL,NULL),(65,66,'2014-10-02 07:52:11','2014-10-02 07:52:11',167,1,NULL,0,'aculife','Aculife',NULL,NULL,NULL,0,0,0,2.0000,1.0000,1000.0000,1000.0000,NULL,0.0000,0.0000,0.0000,0.0000,0.0000,0.0000,1000.0000,1000.0000,0.0000,2.0000,'simple',NULL,NULL,NULL,NULL,'a:0:{}',0.0000,0.0000,0.0000,NULL,0.0000,0.0000,0.0000,0.0000,NULL,NULL,1000.0000,1000.0000,1000.0000,1000.0000,NULL,NULL),(66,67,'2014-10-02 11:45:51','2014-10-02 11:45:51',167,1,NULL,0,'aculife','Aculife',NULL,NULL,NULL,0,0,0,2.0000,1.0000,1000.0000,1000.0000,NULL,0.0000,0.0000,0.0000,0.0000,0.0000,0.0000,1000.0000,1000.0000,0.0000,2.0000,'simple',NULL,NULL,NULL,NULL,'a:0:{}',0.0000,0.0000,0.0000,NULL,0.0000,0.0000,0.0000,0.0000,NULL,NULL,1000.0000,1000.0000,1000.0000,1000.0000,NULL,NULL),(67,68,'2014-10-03 05:12:03','2014-10-03 05:12:03',167,1,NULL,0,'aculife','Aculife',NULL,NULL,NULL,0,0,0,2.0000,1.0000,1000.0000,1000.0000,NULL,0.0000,0.0000,0.0000,0.0000,0.0000,0.0000,1000.0000,1000.0000,0.0000,2.0000,'simple',NULL,NULL,NULL,NULL,'a:0:{}',0.0000,0.0000,0.0000,NULL,0.0000,0.0000,0.0000,0.0000,NULL,NULL,1000.0000,1000.0000,1000.0000,1000.0000,NULL,NULL),(68,69,'2014-10-08 09:19:27','2014-10-08 09:19:27',167,1,NULL,0,'aculife','Aculife',NULL,NULL,NULL,0,0,0,2.0000,1.0000,1000.0000,1000.0000,NULL,0.0000,0.0000,0.0000,0.0000,0.0000,0.0000,1000.0000,1000.0000,0.0000,2.0000,'simple',NULL,NULL,NULL,NULL,'a:0:{}',0.0000,0.0000,0.0000,NULL,0.0000,0.0000,0.0000,0.0000,NULL,NULL,1000.0000,1000.0000,1000.0000,1000.0000,NULL,NULL),(69,70,'2014-10-15 09:26:51','2014-10-15 09:26:51',167,1,NULL,0,'aculife','Aculife',NULL,NULL,NULL,0,0,0,2.0000,1.0000,1000.0000,1000.0000,NULL,0.0000,0.0000,0.0000,0.0000,0.0000,0.0000,1000.0000,1000.0000,0.0000,2.0000,'simple',NULL,NULL,NULL,NULL,'a:0:{}',0.0000,0.0000,0.0000,NULL,0.0000,0.0000,0.0000,0.0000,NULL,NULL,1000.0000,1000.0000,1000.0000,1000.0000,NULL,NULL),(70,71,'2014-10-18 15:38:35','2014-10-18 15:38:35',167,1,NULL,0,'aculife','Aculife',NULL,NULL,NULL,0,0,0,2.0000,1.0000,1000.0000,1000.0000,NULL,0.0000,0.0000,0.0000,0.0000,0.0000,0.0000,1000.0000,1000.0000,0.0000,2.0000,'simple',NULL,NULL,NULL,NULL,'a:0:{}',0.0000,0.0000,0.0000,NULL,0.0000,0.0000,0.0000,0.0000,NULL,NULL,1000.0000,1000.0000,1000.0000,1000.0000,NULL,NULL),(71,72,'2014-10-18 15:44:52','2014-10-18 15:44:52',167,1,NULL,0,'aculife','Aculife',NULL,NULL,NULL,0,0,0,2.0000,1.0000,1000.0000,1000.0000,NULL,0.0000,0.0000,0.0000,0.0000,0.0000,0.0000,1000.0000,1000.0000,0.0000,2.0000,'simple',NULL,NULL,NULL,NULL,'a:0:{}',0.0000,0.0000,0.0000,NULL,0.0000,0.0000,0.0000,0.0000,NULL,NULL,1000.0000,1000.0000,1000.0000,1000.0000,NULL,NULL),(72,73,'2014-10-19 09:53:35','2014-10-19 09:53:35',167,1,NULL,0,'aculife','Aculife',NULL,NULL,NULL,0,0,0,2.0000,1.0000,1000.0000,1000.0000,NULL,0.0000,0.0000,0.0000,0.0000,0.0000,0.0000,1000.0000,1000.0000,0.0000,2.0000,'simple',NULL,NULL,NULL,NULL,'a:0:{}',0.0000,0.0000,0.0000,NULL,0.0000,0.0000,0.0000,0.0000,NULL,NULL,1000.0000,1000.0000,1000.0000,1000.0000,NULL,NULL),(73,74,'2014-10-19 10:28:07','2014-10-19 10:28:07',167,1,NULL,0,'aculife','Aculife',NULL,NULL,NULL,0,0,0,2.0000,1.0000,1000.0000,1000.0000,NULL,0.0000,0.0000,0.0000,0.0000,0.0000,0.0000,1000.0000,1000.0000,0.0000,2.0000,'simple',NULL,NULL,NULL,NULL,'a:0:{}',0.0000,0.0000,0.0000,NULL,0.0000,0.0000,0.0000,0.0000,NULL,NULL,1000.0000,1000.0000,1000.0000,1000.0000,NULL,NULL),(74,75,'2014-10-19 12:05:18','2014-10-19 12:05:18',167,1,NULL,0,'aculife','Aculife',NULL,NULL,NULL,0,0,0,2.0000,1.0000,1000.0000,1000.0000,NULL,0.0000,0.0000,0.0000,0.0000,0.0000,0.0000,1000.0000,1000.0000,0.0000,2.0000,'simple',NULL,NULL,NULL,NULL,'a:0:{}',0.0000,0.0000,0.0000,NULL,0.0000,0.0000,0.0000,0.0000,NULL,NULL,1000.0000,1000.0000,1000.0000,1000.0000,NULL,NULL),(75,76,'2014-10-22 09:10:21','2014-10-22 09:10:21',167,1,NULL,0,'aculife','Aculife',NULL,NULL,NULL,0,0,0,2.0000,1.0000,1000.0000,1000.0000,NULL,0.0000,0.0000,0.0000,0.0000,0.0000,0.0000,1000.0000,1000.0000,0.0000,2.0000,'simple',NULL,NULL,NULL,NULL,'a:0:{}',0.0000,0.0000,0.0000,NULL,0.0000,0.0000,0.0000,0.0000,NULL,NULL,1000.0000,1000.0000,1000.0000,1000.0000,NULL,NULL),(76,77,'2014-10-29 09:18:31','2014-10-29 09:18:31',167,1,NULL,0,'aculife','Aculife',NULL,NULL,NULL,0,0,0,2.0000,1.0000,1000.0000,1000.0000,NULL,0.0000,0.0000,0.0000,0.0000,0.0000,0.0000,1000.0000,1000.0000,0.0000,2.0000,'simple',NULL,NULL,NULL,NULL,'a:0:{}',0.0000,0.0000,0.0000,NULL,0.0000,0.0000,0.0000,0.0000,NULL,NULL,1000.0000,1000.0000,1000.0000,1000.0000,NULL,NULL),(77,78,'2014-11-05 10:21:36','2014-11-05 10:21:36',167,1,NULL,0,'aculife','Aculife',NULL,NULL,NULL,0,0,0,2.0000,1.0000,1000.0000,1000.0000,NULL,0.0000,0.0000,0.0000,0.0000,0.0000,0.0000,1000.0000,1000.0000,0.0000,2.0000,'simple',NULL,NULL,NULL,NULL,'a:0:{}',0.0000,0.0000,0.0000,NULL,0.0000,0.0000,0.0000,0.0000,NULL,NULL,1000.0000,1000.0000,1000.0000,1000.0000,NULL,NULL),(78,79,'2014-11-12 10:13:57','2014-11-12 10:13:57',167,1,NULL,0,'aculife','Aculife',NULL,NULL,NULL,0,0,0,2.0000,1.0000,1000.0000,1000.0000,NULL,0.0000,0.0000,0.0000,0.0000,0.0000,0.0000,1000.0000,1000.0000,0.0000,2.0000,'simple',NULL,NULL,NULL,NULL,'a:0:{}',0.0000,0.0000,0.0000,NULL,0.0000,0.0000,0.0000,0.0000,NULL,NULL,1000.0000,1000.0000,1000.0000,1000.0000,NULL,NULL),(79,80,'2014-11-19 10:23:43','2014-11-19 10:23:43',167,1,NULL,0,'aculife','Aculife',NULL,NULL,NULL,0,0,0,2.0000,1.0000,1000.0000,1000.0000,NULL,0.0000,0.0000,0.0000,0.0000,0.0000,0.0000,1000.0000,1000.0000,0.0000,2.0000,'simple',NULL,NULL,NULL,NULL,'a:0:{}',0.0000,0.0000,0.0000,NULL,0.0000,0.0000,0.0000,0.0000,NULL,NULL,1000.0000,1000.0000,1000.0000,1000.0000,NULL,NULL),(80,81,'2014-11-26 10:24:26','2014-11-26 10:24:26',167,1,NULL,0,'aculife','Aculife',NULL,NULL,NULL,0,0,0,2.0000,1.0000,1000.0000,1000.0000,NULL,0.0000,0.0000,0.0000,0.0000,0.0000,0.0000,1000.0000,1000.0000,0.0000,2.0000,'simple',NULL,NULL,NULL,NULL,'a:0:{}',0.0000,0.0000,0.0000,NULL,0.0000,0.0000,0.0000,0.0000,NULL,NULL,1000.0000,1000.0000,1000.0000,1000.0000,NULL,NULL),(81,82,'2014-12-03 10:09:23','2014-12-03 10:09:23',167,1,NULL,0,'aculife','Aculife',NULL,NULL,NULL,0,0,0,2.0000,1.0000,1000.0000,1000.0000,NULL,0.0000,0.0000,0.0000,0.0000,0.0000,0.0000,1000.0000,1000.0000,0.0000,2.0000,'simple',NULL,NULL,NULL,NULL,'a:0:{}',0.0000,0.0000,0.0000,NULL,0.0000,0.0000,0.0000,0.0000,NULL,NULL,1000.0000,1000.0000,1000.0000,1000.0000,NULL,NULL),(82,83,'2014-12-10 10:12:44','2014-12-10 10:12:44',167,1,NULL,0,'aculife','Aculife',NULL,NULL,NULL,0,0,0,2.0000,1.0000,1000.0000,1000.0000,NULL,0.0000,0.0000,0.0000,0.0000,0.0000,0.0000,1000.0000,1000.0000,0.0000,2.0000,'simple',NULL,NULL,NULL,NULL,'a:0:{}',0.0000,0.0000,0.0000,NULL,0.0000,0.0000,0.0000,0.0000,NULL,NULL,1000.0000,1000.0000,1000.0000,1000.0000,NULL,NULL),(83,84,'2014-12-17 10:07:14','2014-12-17 10:07:14',167,1,NULL,0,'aculife','Aculife',NULL,NULL,NULL,0,0,0,2.0000,1.0000,1000.0000,1000.0000,NULL,0.0000,0.0000,0.0000,0.0000,0.0000,0.0000,1000.0000,1000.0000,0.0000,2.0000,'simple',NULL,NULL,NULL,NULL,'a:0:{}',0.0000,0.0000,0.0000,NULL,0.0000,0.0000,0.0000,0.0000,NULL,NULL,1000.0000,1000.0000,1000.0000,1000.0000,NULL,NULL),(84,85,'2014-12-17 13:50:14','2014-12-17 13:50:14',167,1,NULL,0,'aculife','Aculife',NULL,NULL,NULL,0,0,0,2.0000,1.0000,1000.0000,1000.0000,NULL,0.0000,0.0000,0.0000,0.0000,0.0000,0.0000,1000.0000,1000.0000,0.0000,2.0000,'simple',NULL,NULL,NULL,NULL,'a:0:{}',0.0000,0.0000,0.0000,NULL,0.0000,0.0000,0.0000,0.0000,NULL,NULL,1000.0000,1000.0000,1000.0000,1000.0000,NULL,NULL),(85,86,'2014-12-17 13:50:20','2014-12-17 13:50:20',167,1,NULL,0,'aculife','Aculife',NULL,NULL,NULL,0,0,0,2.0000,1.0000,1000.0000,1000.0000,NULL,0.0000,0.0000,0.0000,0.0000,0.0000,0.0000,1000.0000,1000.0000,0.0000,2.0000,'simple',NULL,NULL,NULL,NULL,'a:0:{}',0.0000,0.0000,0.0000,NULL,0.0000,0.0000,0.0000,0.0000,NULL,NULL,1000.0000,1000.0000,1000.0000,1000.0000,NULL,NULL),(86,87,'2014-12-20 11:32:55','2014-12-20 11:32:55',167,1,NULL,0,'aculife','Aculife',NULL,NULL,NULL,0,0,0,2.0000,1.0000,1000.0000,1000.0000,NULL,0.0000,0.0000,0.0000,0.0000,0.0000,0.0000,1000.0000,1000.0000,0.0000,2.0000,'simple',NULL,NULL,NULL,NULL,'a:0:{}',0.0000,0.0000,0.0000,NULL,0.0000,0.0000,0.0000,0.0000,NULL,NULL,1000.0000,1000.0000,1000.0000,1000.0000,NULL,NULL),(87,88,'2014-12-24 10:10:45','2014-12-24 10:10:45',167,1,NULL,0,'aculife','Aculife',NULL,NULL,NULL,0,0,0,2.0000,1.0000,1000.0000,1000.0000,NULL,0.0000,0.0000,0.0000,0.0000,0.0000,0.0000,1000.0000,1000.0000,0.0000,2.0000,'simple',NULL,NULL,NULL,NULL,'a:0:{}',0.0000,0.0000,0.0000,NULL,0.0000,0.0000,0.0000,0.0000,NULL,NULL,1000.0000,1000.0000,1000.0000,1000.0000,NULL,NULL),(91,90,'2014-12-31 10:23:00','2014-12-31 10:23:00',167,1,NULL,0,'aculife','Aculife',NULL,NULL,NULL,0,0,0,2.0000,1.0000,1000.0000,1000.0000,NULL,0.0000,0.0000,0.0000,0.0000,0.0000,0.0000,1000.0000,1000.0000,0.0000,2.0000,'simple',NULL,NULL,NULL,NULL,'a:0:{}',0.0000,0.0000,0.0000,NULL,0.0000,0.0000,0.0000,0.0000,NULL,NULL,1000.0000,1000.0000,1000.0000,1000.0000,NULL,NULL),(92,91,'2015-01-07 10:22:47','2015-01-07 10:22:47',167,1,NULL,0,'aculife','Aculife',NULL,NULL,NULL,0,0,0,2.0000,1.0000,1000.0000,1000.0000,NULL,0.0000,0.0000,0.0000,0.0000,0.0000,0.0000,1000.0000,1000.0000,0.0000,2.0000,'simple',NULL,NULL,NULL,NULL,'a:0:{}',0.0000,0.0000,0.0000,NULL,0.0000,0.0000,0.0000,0.0000,NULL,NULL,1000.0000,1000.0000,1000.0000,1000.0000,NULL,NULL),(93,92,'2015-01-09 05:36:17','2015-01-09 05:40:26',167,1,NULL,0,'aculife','Aculife',NULL,NULL,NULL,0,0,0,2.0000,2.0000,1000.0000,1000.0000,NULL,0.0000,0.0000,0.0000,0.0000,0.0000,0.0000,2000.0000,2000.0000,0.0000,4.0000,'simple',NULL,NULL,NULL,NULL,'a:0:{}',0.0000,0.0000,0.0000,NULL,0.0000,0.0000,0.0000,0.0000,NULL,NULL,1000.0000,1000.0000,2000.0000,2000.0000,NULL,NULL),(94,93,'2015-01-11 01:15:36','2015-01-11 01:15:36',167,1,NULL,0,'aculife','Aculife',NULL,NULL,NULL,0,0,0,2.0000,1.0000,1000.0000,1000.0000,NULL,0.0000,0.0000,0.0000,0.0000,0.0000,0.0000,1000.0000,1000.0000,0.0000,2.0000,'simple',NULL,NULL,NULL,NULL,'a:0:{}',0.0000,0.0000,0.0000,NULL,0.0000,0.0000,0.0000,0.0000,NULL,NULL,1000.0000,1000.0000,1000.0000,1000.0000,NULL,NULL),(95,94,'2015-01-11 01:15:41','2015-01-11 01:15:41',167,1,NULL,0,'aculife','Aculife',NULL,NULL,NULL,0,0,0,2.0000,1.0000,1000.0000,1000.0000,NULL,0.0000,0.0000,0.0000,0.0000,0.0000,0.0000,1000.0000,1000.0000,0.0000,2.0000,'simple',NULL,NULL,NULL,NULL,'a:0:{}',0.0000,0.0000,0.0000,NULL,0.0000,0.0000,0.0000,0.0000,NULL,NULL,1000.0000,1000.0000,1000.0000,1000.0000,NULL,NULL),(96,95,'2015-01-14 11:35:43','2015-01-14 11:35:43',167,1,NULL,0,'aculife','Aculife',NULL,NULL,NULL,0,0,0,2.0000,1.0000,1000.0000,1000.0000,NULL,0.0000,0.0000,0.0000,0.0000,0.0000,0.0000,1000.0000,1000.0000,0.0000,2.0000,'simple',NULL,NULL,NULL,NULL,'a:0:{}',0.0000,0.0000,0.0000,NULL,0.0000,0.0000,0.0000,0.0000,NULL,NULL,1000.0000,1000.0000,1000.0000,1000.0000,NULL,NULL),(97,96,'2015-01-21 10:25:19','2015-01-21 10:25:19',167,1,NULL,0,'aculife','Aculife',NULL,NULL,NULL,0,0,0,2.0000,1.0000,1000.0000,1000.0000,NULL,0.0000,0.0000,0.0000,0.0000,0.0000,0.0000,1000.0000,1000.0000,0.0000,2.0000,'simple',NULL,NULL,NULL,NULL,'a:0:{}',0.0000,0.0000,0.0000,NULL,0.0000,0.0000,0.0000,0.0000,NULL,NULL,1000.0000,1000.0000,1000.0000,1000.0000,NULL,NULL),(98,97,'2015-01-28 10:10:59','2015-01-28 10:10:59',167,1,NULL,0,'aculife','Aculife',NULL,NULL,NULL,0,0,0,2.0000,1.0000,1000.0000,1000.0000,NULL,0.0000,0.0000,0.0000,0.0000,0.0000,0.0000,1000.0000,1000.0000,0.0000,2.0000,'simple',NULL,NULL,NULL,NULL,'a:0:{}',0.0000,0.0000,0.0000,NULL,0.0000,0.0000,0.0000,0.0000,NULL,NULL,1000.0000,1000.0000,1000.0000,1000.0000,NULL,NULL),(100,98,'2015-01-31 15:36:11','2015-01-31 15:38:04',167,1,NULL,0,'aculife','Aculife',NULL,NULL,NULL,0,0,0,2.0000,2.0000,1000.0000,1000.0000,NULL,0.0000,0.0000,0.0000,0.0000,0.0000,0.0000,2000.0000,2000.0000,0.0000,4.0000,'simple',NULL,NULL,NULL,NULL,'a:0:{}',0.0000,0.0000,0.0000,NULL,0.0000,0.0000,0.0000,0.0000,NULL,NULL,1000.0000,1000.0000,2000.0000,2000.0000,NULL,NULL),(101,99,'2015-02-04 10:23:23','2015-02-04 10:23:23',167,1,NULL,0,'aculife','Aculife',NULL,NULL,NULL,0,0,0,2.0000,1.0000,1000.0000,1000.0000,NULL,0.0000,0.0000,0.0000,0.0000,0.0000,0.0000,1000.0000,1000.0000,0.0000,2.0000,'simple',NULL,NULL,NULL,NULL,'a:0:{}',0.0000,0.0000,0.0000,NULL,0.0000,0.0000,0.0000,0.0000,NULL,NULL,1000.0000,1000.0000,1000.0000,1000.0000,NULL,NULL),(102,100,'2015-02-11 10:19:32','2015-02-11 10:19:32',167,1,NULL,0,'aculife','Aculife',NULL,NULL,NULL,0,0,0,2.0000,1.0000,1000.0000,1000.0000,NULL,0.0000,0.0000,0.0000,0.0000,0.0000,0.0000,1000.0000,1000.0000,0.0000,2.0000,'simple',NULL,NULL,NULL,NULL,'a:0:{}',0.0000,0.0000,0.0000,NULL,0.0000,0.0000,0.0000,0.0000,NULL,NULL,1000.0000,1000.0000,1000.0000,1000.0000,NULL,NULL),(103,101,'2015-02-18 10:12:47','2015-02-18 10:12:47',167,1,NULL,0,'aculife','Aculife',NULL,NULL,NULL,0,0,0,2.0000,1.0000,1000.0000,1000.0000,NULL,0.0000,0.0000,0.0000,0.0000,0.0000,0.0000,1000.0000,1000.0000,0.0000,2.0000,'simple',NULL,NULL,NULL,NULL,'a:0:{}',0.0000,0.0000,0.0000,NULL,0.0000,0.0000,0.0000,0.0000,NULL,NULL,1000.0000,1000.0000,1000.0000,1000.0000,NULL,NULL),(104,102,'2015-02-25 10:11:23','2015-02-25 10:11:23',167,1,NULL,0,'aculife','Aculife',NULL,NULL,NULL,0,0,0,2.0000,1.0000,1000.0000,1000.0000,NULL,0.0000,0.0000,0.0000,0.0000,0.0000,0.0000,1000.0000,1000.0000,0.0000,2.0000,'simple',NULL,NULL,NULL,NULL,'a:0:{}',0.0000,0.0000,0.0000,NULL,0.0000,0.0000,0.0000,0.0000,NULL,NULL,1000.0000,1000.0000,1000.0000,1000.0000,NULL,NULL),(105,103,'2015-03-04 10:13:04','2015-03-04 10:13:04',167,1,NULL,0,'aculife','Aculife',NULL,NULL,NULL,0,0,0,2.0000,1.0000,1000.0000,1000.0000,NULL,0.0000,0.0000,0.0000,0.0000,0.0000,0.0000,1000.0000,1000.0000,0.0000,2.0000,'simple',NULL,NULL,NULL,NULL,'a:0:{}',0.0000,0.0000,0.0000,NULL,0.0000,0.0000,0.0000,0.0000,NULL,NULL,1000.0000,1000.0000,1000.0000,1000.0000,NULL,NULL),(106,104,'2015-03-04 22:10:03','2015-03-04 22:10:03',167,1,NULL,0,'aculife','Aculife',NULL,NULL,NULL,0,0,0,2.0000,1.0000,1000.0000,1000.0000,NULL,0.0000,0.0000,0.0000,0.0000,0.0000,0.0000,1000.0000,1000.0000,0.0000,2.0000,'simple',NULL,NULL,NULL,NULL,'a:0:{}',0.0000,0.0000,0.0000,NULL,0.0000,0.0000,0.0000,0.0000,NULL,NULL,1000.0000,1000.0000,1000.0000,1000.0000,NULL,NULL),(107,105,'2015-03-11 13:11:56','2015-03-11 13:11:56',167,1,NULL,0,'aculife','Aculife',NULL,NULL,NULL,0,0,0,2.0000,1.0000,1000.0000,1000.0000,NULL,0.0000,0.0000,0.0000,0.0000,0.0000,0.0000,1000.0000,1000.0000,0.0000,2.0000,'simple',NULL,NULL,NULL,NULL,'a:0:{}',0.0000,0.0000,0.0000,NULL,0.0000,0.0000,0.0000,0.0000,NULL,NULL,1000.0000,1000.0000,1000.0000,1000.0000,NULL,NULL),(108,106,'2015-03-18 09:22:24','2015-03-18 09:22:24',167,1,NULL,0,'aculife','Aculife',NULL,NULL,NULL,0,0,0,2.0000,1.0000,1000.0000,1000.0000,NULL,0.0000,0.0000,0.0000,0.0000,0.0000,0.0000,1000.0000,1000.0000,0.0000,2.0000,'simple',NULL,NULL,NULL,NULL,'a:0:{}',0.0000,0.0000,0.0000,NULL,0.0000,0.0000,0.0000,0.0000,NULL,NULL,1000.0000,1000.0000,1000.0000,1000.0000,NULL,NULL),(109,107,'2015-03-25 09:38:56','2015-03-25 09:38:56',167,1,NULL,0,'aculife','Aculife',NULL,NULL,NULL,0,0,0,2.0000,1.0000,1000.0000,1000.0000,NULL,0.0000,0.0000,0.0000,0.0000,0.0000,0.0000,1000.0000,1000.0000,0.0000,2.0000,'simple',NULL,NULL,NULL,NULL,'a:0:{}',0.0000,0.0000,0.0000,NULL,0.0000,0.0000,0.0000,0.0000,NULL,NULL,1000.0000,1000.0000,1000.0000,1000.0000,NULL,NULL),(110,108,'2015-03-30 16:32:15','2015-03-30 16:32:15',167,1,NULL,0,'aculife','Aculife',NULL,NULL,NULL,0,0,0,2.0000,1.0000,1000.0000,1000.0000,NULL,0.0000,0.0000,0.0000,0.0000,0.0000,0.0000,1000.0000,1000.0000,0.0000,2.0000,'simple',NULL,NULL,NULL,NULL,'a:0:{}',0.0000,0.0000,0.0000,NULL,0.0000,0.0000,0.0000,0.0000,NULL,NULL,1000.0000,1000.0000,1000.0000,1000.0000,NULL,NULL),(111,109,'2015-03-30 19:29:43','2015-03-30 19:29:43',167,1,NULL,0,'aculife','Aculife',NULL,NULL,NULL,0,0,0,2.0000,1.0000,1000.0000,1000.0000,NULL,0.0000,0.0000,0.0000,0.0000,0.0000,0.0000,1000.0000,1000.0000,0.0000,2.0000,'simple',NULL,NULL,NULL,NULL,'a:0:{}',0.0000,0.0000,0.0000,NULL,0.0000,0.0000,0.0000,0.0000,NULL,NULL,1000.0000,1000.0000,1000.0000,1000.0000,NULL,NULL),(112,110,'2015-04-01 15:16:48','2015-04-01 15:16:48',167,1,NULL,0,'aculife','Aculife',NULL,NULL,NULL,0,0,0,2.0000,1.0000,1000.0000,1000.0000,NULL,0.0000,0.0000,0.0000,0.0000,0.0000,0.0000,1000.0000,1000.0000,0.0000,2.0000,'simple',NULL,NULL,NULL,NULL,'a:0:{}',0.0000,0.0000,0.0000,NULL,0.0000,0.0000,0.0000,0.0000,NULL,NULL,1000.0000,1000.0000,1000.0000,1000.0000,NULL,NULL),(113,111,'2015-04-04 16:50:50','2015-04-04 16:50:50',167,1,NULL,0,'aculife','Aculife',NULL,NULL,NULL,0,0,0,2.0000,1.0000,1000.0000,1000.0000,NULL,0.0000,0.0000,0.0000,0.0000,0.0000,0.0000,1000.0000,1000.0000,0.0000,2.0000,'simple',NULL,NULL,NULL,NULL,'a:0:{}',0.0000,0.0000,0.0000,NULL,0.0000,0.0000,0.0000,0.0000,NULL,NULL,1000.0000,1000.0000,1000.0000,1000.0000,NULL,NULL);

--
-- Table structure for table `sales_flat_quote_item_option`
--

CREATE TABLE `sales_flat_quote_item_option` (
  `option_id` int(10) unsigned NOT NULL AUTO_INCREMENT COMMENT 'Option Id',
  `item_id` int(10) unsigned NOT NULL COMMENT 'Item Id',
  `product_id` int(10) unsigned NOT NULL COMMENT 'Product Id',
  `code` varchar(255) NOT NULL COMMENT 'Code',
  `value` text COMMENT 'Value',
  PRIMARY KEY (`option_id`),
  KEY `IDX_SALES_FLAT_QUOTE_ITEM_OPTION_ITEM_ID` (`item_id`),
  CONSTRAINT `FK_5F20E478CA64B6891EA8A9D6C2735739` FOREIGN KEY (`item_id`) REFERENCES `sales_flat_quote_item` (`item_id`) ON DELETE CASCADE ON UPDATE CASCADE
) ENGINE=InnoDB AUTO_INCREMENT=114 DEFAULT CHARSET=utf8 COMMENT='Sales Flat Quote Item Option';

--
-- Dumping data for table `sales_flat_quote_item_option`
--

INSERT INTO `sales_flat_quote_item_option` VALUES (1,1,167,'info_buyRequest','a:3:{s:4:\"uenc\";s:60:\"aHR0cDovL3d3dy55b3NveXNhbHVkeWJlbGxlemEubmV0L2luZGV4LnBocC8,\";s:7:\"product\";s:3:\"167\";s:3:\"qty\";i:1;}'),(2,2,167,'info_buyRequest','a:3:{s:4:\"uenc\";s:48:\"aHR0cDovL3d3dy55b3NveXNhbHVkeWJlbGxlemEubmV0Lw,,\";s:7:\"product\";s:3:\"167\";s:3:\"qty\";i:1;}'),(3,3,167,'info_buyRequest','a:4:{s:4:\"uenc\";s:100:\"aHR0cDovL3d3dy55b3NveXNhbHVkeWJlbGxlemEubmV0L2luZGV4LnBocC9hY3VsaWZlL2FjdWxpZmUuaHRtbD9fX19TSUQ9VQ,,\";s:7:\"product\";s:3:\"167\";s:15:\"related_product\";s:0:\"\";s:3:\"qty\";s:1:\"1\";}'),(4,4,167,'info_buyRequest','a:3:{s:4:\"uenc\";s:76:\"aHR0cDovL3d3dy55b3NveXNhbHVkeWJlbGxlemEubmV0L2luZGV4LnBocC9hY3VsaWZlLmh0bWw,\";s:7:\"product\";s:3:\"167\";s:3:\"qty\";i:1;}'),(5,5,167,'info_buyRequest','a:3:{s:4:\"uenc\";s:76:\"aHR0cDovL3d3dy55b3NveXNhbHVkeWJlbGxlemEubmV0L2luZGV4LnBocC9hY3VsaWZlLmh0bWw,\";s:7:\"product\";s:3:\"167\";s:3:\"qty\";i:1;}'),(6,6,167,'info_buyRequest','a:3:{s:4:\"uenc\";s:76:\"aHR0cDovL3d3dy55b3NveXNhbHVkeWJlbGxlemEubmV0L2luZGV4LnBocC9hY3VsaWZlLmh0bWw,\";s:7:\"product\";s:3:\"167\";s:3:\"qty\";i:1;}'),(7,7,167,'info_buyRequest','a:3:{s:4:\"uenc\";s:76:\"aHR0cDovL3d3dy55b3NveXNhbHVkeWJlbGxlemEubmV0L2luZGV4LnBocC9hY3VsaWZlLmh0bWw,\";s:7:\"product\";s:3:\"167\";s:3:\"qty\";i:1;}'),(8,8,167,'info_buyRequest','a:3:{s:4:\"uenc\";s:76:\"aHR0cDovL3d3dy55b3NveXNhbHVkeWJlbGxlemEubmV0L2luZGV4LnBocC9hY3VsaWZlLmh0bWw,\";s:7:\"product\";s:3:\"167\";s:3:\"qty\";i:1;}'),(9,9,167,'info_buyRequest','a:3:{s:4:\"uenc\";s:76:\"aHR0cDovL3d3dy55b3NveXNhbHVkeWJlbGxlemEubmV0L2luZGV4LnBocC9hY3VsaWZlLmh0bWw,\";s:7:\"product\";s:3:\"167\";s:3:\"qty\";i:1;}'),(10,10,167,'info_buyRequest','a:3:{s:4:\"uenc\";s:76:\"aHR0cDovL3d3dy55b3NveXNhbHVkeWJlbGxlemEubmV0L2luZGV4LnBocC9hY3VsaWZlLmh0bWw,\";s:7:\"product\";s:3:\"167\";s:3:\"qty\";i:1;}'),(11,11,167,'info_buyRequest','a:3:{s:4:\"uenc\";s:76:\"aHR0cDovL3d3dy55b3NveXNhbHVkeWJlbGxlemEubmV0L2luZGV4LnBocC9hY3VsaWZlLmh0bWw,\";s:7:\"product\";s:3:\"167\";s:3:\"qty\";i:1;}'),(12,12,167,'info_buyRequest','a:3:{s:4:\"uenc\";s:76:\"aHR0cDovL3d3dy55b3NveXNhbHVkeWJlbGxlemEubmV0L2luZGV4LnBocC9hY3VsaWZlLmh0bWw,\";s:7:\"product\";s:3:\"167\";s:3:\"qty\";i:1;}'),(13,13,167,'info_buyRequest','a:3:{s:4:\"uenc\";s:76:\"aHR0cDovL3d3dy55b3NveXNhbHVkeWJlbGxlemEubmV0L2luZGV4LnBocC9hY3VsaWZlLmh0bWw,\";s:7:\"product\";s:3:\"167\";s:3:\"qty\";i:1;}'),(14,14,167,'info_buyRequest','a:3:{s:4:\"uenc\";s:76:\"aHR0cDovL3d3dy55b3NveXNhbHVkeWJlbGxlemEubmV0L2luZGV4LnBocC9hY3VsaWZlLmh0bWw,\";s:7:\"product\";s:3:\"167\";s:3:\"qty\";i:1;}'),(15,15,167,'info_buyRequest','a:3:{s:4:\"uenc\";s:76:\"aHR0cDovL3d3dy55b3NveXNhbHVkeWJlbGxlemEubmV0L2luZGV4LnBocC9hY3VsaWZlLmh0bWw,\";s:7:\"product\";s:3:\"167\";s:3:\"qty\";i:1;}'),(16,16,167,'info_buyRequest','a:3:{s:4:\"uenc\";s:76:\"aHR0cDovL3d3dy55b3NveXNhbHVkeWJlbGxlemEubmV0L2luZGV4LnBocC9hY3VsaWZlLmh0bWw,\";s:7:\"product\";s:3:\"167\";s:3:\"qty\";i:1;}'),(17,17,167,'info_buyRequest','a:3:{s:4:\"uenc\";s:76:\"aHR0cDovL3d3dy55b3NveXNhbHVkeWJlbGxlemEubmV0L2luZGV4LnBocC9hY3VsaWZlLmh0bWw,\";s:7:\"product\";s:3:\"167\";s:3:\"qty\";i:1;}'),(18,18,167,'info_buyRequest','a:3:{s:4:\"uenc\";s:76:\"aHR0cDovL3d3dy55b3NveXNhbHVkeWJlbGxlemEubmV0L2luZGV4LnBocC9hY3VsaWZlLmh0bWw,\";s:7:\"product\";s:3:\"167\";s:3:\"qty\";i:1;}'),(19,19,167,'info_buyRequest','a:3:{s:4:\"uenc\";s:76:\"aHR0cDovL3d3dy55b3NveXNhbHVkeWJlbGxlemEubmV0L2luZGV4LnBocC9hY3VsaWZlLmh0bWw,\";s:7:\"product\";s:3:\"167\";s:3:\"qty\";i:1;}'),(20,20,167,'info_buyRequest','a:3:{s:4:\"uenc\";s:76:\"aHR0cDovL3d3dy55b3NveXNhbHVkeWJlbGxlemEubmV0L2luZGV4LnBocC9hY3VsaWZlLmh0bWw,\";s:7:\"product\";s:3:\"167\";s:3:\"qty\";i:1;}'),(21,21,167,'info_buyRequest','a:3:{s:4:\"uenc\";s:76:\"aHR0cDovL3d3dy55b3NveXNhbHVkeWJlbGxlemEubmV0L2luZGV4LnBocC9hY3VsaWZlLmh0bWw,\";s:7:\"product\";s:3:\"167\";s:3:\"qty\";i:1;}'),(22,22,167,'info_buyRequest','a:3:{s:4:\"uenc\";s:76:\"aHR0cDovL3d3dy55b3NveXNhbHVkeWJlbGxlemEubmV0L2luZGV4LnBocC9hY3VsaWZlLmh0bWw,\";s:7:\"product\";s:3:\"167\";s:3:\"qty\";i:1;}'),(23,23,167,'info_buyRequest','a:3:{s:4:\"uenc\";s:76:\"aHR0cDovL3d3dy55b3NveXNhbHVkeWJlbGxlemEubmV0L2luZGV4LnBocC9hY3VsaWZlLmh0bWw,\";s:7:\"product\";s:3:\"167\";s:3:\"qty\";i:1;}'),(24,24,167,'info_buyRequest','a:3:{s:4:\"uenc\";s:76:\"aHR0cDovL3d3dy55b3NveXNhbHVkeWJlbGxlemEubmV0L2luZGV4LnBocC9hY3VsaWZlLmh0bWw,\";s:7:\"product\";s:3:\"167\";s:3:\"qty\";i:1;}'),(25,25,167,'info_buyRequest','a:3:{s:4:\"uenc\";s:76:\"aHR0cDovL3d3dy55b3NveXNhbHVkeWJlbGxlemEubmV0L2luZGV4LnBocC9hY3VsaWZlLmh0bWw,\";s:7:\"product\";s:3:\"167\";s:3:\"qty\";i:1;}'),(26,26,167,'info_buyRequest','a:3:{s:4:\"uenc\";s:76:\"aHR0cDovL3d3dy55b3NveXNhbHVkeWJlbGxlemEubmV0L2luZGV4LnBocC9hY3VsaWZlLmh0bWw,\";s:7:\"product\";s:3:\"167\";s:3:\"qty\";i:1;}'),(27,27,167,'info_buyRequest','a:3:{s:4:\"uenc\";s:76:\"aHR0cDovL3d3dy55b3NveXNhbHVkeWJlbGxlemEubmV0L2luZGV4LnBocC9hY3VsaWZlLmh0bWw,\";s:7:\"product\";s:3:\"167\";s:3:\"qty\";i:1;}'),(28,28,167,'info_buyRequest','a:3:{s:4:\"uenc\";s:76:\"aHR0cDovL3d3dy55b3NveXNhbHVkeWJlbGxlemEubmV0L2luZGV4LnBocC9hY3VsaWZlLmh0bWw,\";s:7:\"product\";s:3:\"167\";s:3:\"qty\";i:1;}'),(29,29,167,'info_buyRequest','a:3:{s:4:\"uenc\";s:76:\"aHR0cDovL3d3dy55b3NveXNhbHVkeWJlbGxlemEubmV0L2luZGV4LnBocC9hY3VsaWZlLmh0bWw,\";s:7:\"product\";s:3:\"167\";s:3:\"qty\";i:1;}'),(30,30,167,'info_buyRequest','a:3:{s:4:\"uenc\";s:76:\"aHR0cDovL3d3dy55b3NveXNhbHVkeWJlbGxlemEubmV0L2luZGV4LnBocC9hY3VsaWZlLmh0bWw,\";s:7:\"product\";s:3:\"167\";s:3:\"qty\";i:1;}'),(31,31,167,'info_buyRequest','a:3:{s:4:\"uenc\";s:76:\"aHR0cDovL3d3dy55b3NveXNhbHVkeWJlbGxlemEubmV0L2luZGV4LnBocC9hY3VsaWZlLmh0bWw,\";s:7:\"product\";s:3:\"167\";s:3:\"qty\";i:1;}'),(32,32,167,'info_buyRequest','a:3:{s:4:\"uenc\";s:76:\"aHR0cDovL3d3dy55b3NveXNhbHVkeWJlbGxlemEubmV0L2luZGV4LnBocC9hY3VsaWZlLmh0bWw,\";s:7:\"product\";s:3:\"167\";s:3:\"qty\";i:1;}'),(33,33,167,'info_buyRequest','a:3:{s:4:\"uenc\";s:76:\"aHR0cDovL3d3dy55b3NveXNhbHVkeWJlbGxlemEubmV0L2luZGV4LnBocC9hY3VsaWZlLmh0bWw,\";s:7:\"product\";s:3:\"167\";s:3:\"qty\";i:1;}'),(34,34,167,'info_buyRequest','a:3:{s:4:\"uenc\";s:76:\"aHR0cDovL3d3dy55b3NveXNhbHVkeWJlbGxlemEubmV0L2luZGV4LnBocC9hY3VsaWZlLmh0bWw,\";s:7:\"product\";s:3:\"167\";s:3:\"qty\";i:1;}'),(35,35,167,'info_buyRequest','a:3:{s:4:\"uenc\";s:76:\"aHR0cDovL3d3dy55b3NveXNhbHVkeWJlbGxlemEubmV0L2luZGV4LnBocC9hY3VsaWZlLmh0bWw,\";s:7:\"product\";s:3:\"167\";s:3:\"qty\";i:1;}'),(36,36,167,'info_buyRequest','a:3:{s:4:\"uenc\";s:76:\"aHR0cDovL3d3dy55b3NveXNhbHVkeWJlbGxlemEubmV0L2luZGV4LnBocC9hY3VsaWZlLmh0bWw,\";s:7:\"product\";s:3:\"167\";s:3:\"qty\";i:1;}'),(37,37,167,'info_buyRequest','a:3:{s:4:\"uenc\";s:76:\"aHR0cDovL3d3dy55b3NveXNhbHVkeWJlbGxlemEubmV0L2luZGV4LnBocC9hY3VsaWZlLmh0bWw,\";s:7:\"product\";s:3:\"167\";s:3:\"qty\";i:1;}'),(38,38,167,'info_buyRequest','a:3:{s:4:\"uenc\";s:76:\"aHR0cDovL3d3dy55b3NveXNhbHVkeWJlbGxlemEubmV0L2luZGV4LnBocC9hY3VsaWZlLmh0bWw,\";s:7:\"product\";s:3:\"167\";s:3:\"qty\";i:1;}'),(39,39,167,'info_buyRequest','a:3:{s:4:\"uenc\";s:76:\"aHR0cDovL3d3dy55b3NveXNhbHVkeWJlbGxlemEubmV0L2luZGV4LnBocC9hY3VsaWZlLmh0bWw,\";s:7:\"product\";s:3:\"167\";s:3:\"qty\";i:1;}'),(40,40,167,'info_buyRequest','a:3:{s:4:\"uenc\";s:76:\"aHR0cDovL3d3dy55b3NveXNhbHVkeWJlbGxlemEubmV0L2luZGV4LnBocC9hY3VsaWZlLmh0bWw,\";s:7:\"product\";s:3:\"167\";s:3:\"qty\";i:1;}'),(41,41,167,'info_buyRequest','a:3:{s:4:\"uenc\";s:76:\"aHR0cDovL3d3dy55b3NveXNhbHVkeWJlbGxlemEubmV0L2luZGV4LnBocC9hY3VsaWZlLmh0bWw,\";s:7:\"product\";s:3:\"167\";s:3:\"qty\";i:1;}'),(42,42,167,'info_buyRequest','a:3:{s:4:\"uenc\";s:76:\"aHR0cDovL3d3dy55b3NveXNhbHVkeWJlbGxlemEubmV0L2luZGV4LnBocC9hY3VsaWZlLmh0bWw,\";s:7:\"product\";s:3:\"167\";s:3:\"qty\";i:1;}'),(43,43,167,'info_buyRequest','a:3:{s:4:\"uenc\";s:76:\"aHR0cDovL3d3dy55b3NveXNhbHVkeWJlbGxlemEubmV0L2luZGV4LnBocC9hY3VsaWZlLmh0bWw,\";s:7:\"product\";s:3:\"167\";s:3:\"qty\";i:1;}'),(44,44,167,'info_buyRequest','a:3:{s:4:\"uenc\";s:48:\"aHR0cDovL3d3dy55b3NveXNhbHVkeWJlbGxlemEubmV0Lw,,\";s:7:\"product\";s:3:\"167\";s:3:\"qty\";i:1;}'),(45,45,167,'info_buyRequest','a:3:{s:4:\"uenc\";s:76:\"aHR0cDovL3d3dy55b3NveXNhbHVkeWJlbGxlemEubmV0L2luZGV4LnBocC9hY3VsaWZlLmh0bWw,\";s:7:\"product\";s:3:\"167\";s:3:\"qty\";i:1;}'),(46,46,167,'info_buyRequest','a:3:{s:4:\"uenc\";s:76:\"aHR0cDovL3d3dy55b3NveXNhbHVkeWJlbGxlemEubmV0L2luZGV4LnBocC9hY3VsaWZlLmh0bWw,\";s:7:\"product\";s:3:\"167\";s:3:\"qty\";i:1;}'),(47,47,167,'info_buyRequest','a:3:{s:4:\"uenc\";s:76:\"aHR0cDovL3d3dy55b3NveXNhbHVkeWJlbGxlemEubmV0L2luZGV4LnBocC9hY3VsaWZlLmh0bWw,\";s:7:\"product\";s:3:\"167\";s:3:\"qty\";i:1;}'),(48,48,167,'info_buyRequest','a:3:{s:4:\"uenc\";s:76:\"aHR0cDovL3d3dy55b3NveXNhbHVkeWJlbGxlemEubmV0L2luZGV4LnBocC9hY3VsaWZlLmh0bWw,\";s:7:\"product\";s:3:\"167\";s:3:\"qty\";i:1;}'),(49,49,167,'info_buyRequest','a:3:{s:4:\"uenc\";s:76:\"aHR0cDovL3d3dy55b3NveXNhbHVkeWJlbGxlemEubmV0L2luZGV4LnBocC9hY3VsaWZlLmh0bWw,\";s:7:\"product\";s:3:\"167\";s:3:\"qty\";i:1;}'),(50,50,167,'info_buyRequest','a:3:{s:4:\"uenc\";s:76:\"aHR0cDovL3d3dy55b3NveXNhbHVkeWJlbGxlemEubmV0L2luZGV4LnBocC9hY3VsaWZlLmh0bWw,\";s:7:\"product\";s:3:\"167\";s:3:\"qty\";i:1;}'),(51,51,167,'info_buyRequest','a:3:{s:4:\"uenc\";s:76:\"aHR0cDovL3d3dy55b3NveXNhbHVkeWJlbGxlemEubmV0L2luZGV4LnBocC9hY3VsaWZlLmh0bWw,\";s:7:\"product\";s:3:\"167\";s:3:\"qty\";i:1;}'),(52,52,167,'info_buyRequest','a:3:{s:4:\"uenc\";s:76:\"aHR0cDovL3d3dy55b3NveXNhbHVkeWJlbGxlemEubmV0L2luZGV4LnBocC9hY3VsaWZlLmh0bWw,\";s:7:\"product\";s:3:\"167\";s:3:\"qty\";i:1;}'),(53,53,167,'info_buyRequest','a:3:{s:4:\"uenc\";s:76:\"aHR0cDovL3d3dy55b3NveXNhbHVkeWJlbGxlemEubmV0L2luZGV4LnBocC9hY3VsaWZlLmh0bWw,\";s:7:\"product\";s:3:\"167\";s:3:\"qty\";i:1;}'),(54,54,167,'info_buyRequest','a:3:{s:4:\"uenc\";s:76:\"aHR0cDovL3d3dy55b3NveXNhbHVkeWJlbGxlemEubmV0L2luZGV4LnBocC9hY3VsaWZlLmh0bWw,\";s:7:\"product\";s:3:\"167\";s:3:\"qty\";i:1;}'),(55,55,167,'info_buyRequest','a:3:{s:4:\"uenc\";s:76:\"aHR0cDovL3d3dy55b3NveXNhbHVkeWJlbGxlemEubmV0L2luZGV4LnBocC9hY3VsaWZlLmh0bWw,\";s:7:\"product\";s:3:\"167\";s:3:\"qty\";i:1;}'),(56,56,167,'info_buyRequest','a:3:{s:4:\"uenc\";s:76:\"aHR0cDovL3d3dy55b3NveXNhbHVkeWJlbGxlemEubmV0L2luZGV4LnBocC9hY3VsaWZlLmh0bWw,\";s:7:\"product\";s:3:\"167\";s:3:\"qty\";i:1;}'),(57,57,167,'info_buyRequest','a:3:{s:4:\"uenc\";s:76:\"aHR0cDovL3d3dy55b3NveXNhbHVkeWJlbGxlemEubmV0L2luZGV4LnBocC9hY3VsaWZlLmh0bWw,\";s:7:\"product\";s:3:\"167\";s:3:\"qty\";i:1;}'),(58,58,167,'info_buyRequest','a:3:{s:4:\"uenc\";s:76:\"aHR0cDovL3d3dy55b3NveXNhbHVkeWJlbGxlemEubmV0L2luZGV4LnBocC9hY3VsaWZlLmh0bWw,\";s:7:\"product\";s:3:\"167\";s:3:\"qty\";i:1;}'),(59,59,167,'info_buyRequest','a:3:{s:4:\"uenc\";s:76:\"aHR0cDovL3d3dy55b3NveXNhbHVkeWJlbGxlemEubmV0L2luZGV4LnBocC9hY3VsaWZlLmh0bWw,\";s:7:\"product\";s:3:\"167\";s:3:\"qty\";i:1;}'),(60,60,167,'info_buyRequest','a:3:{s:4:\"uenc\";s:76:\"aHR0cDovL3d3dy55b3NveXNhbHVkeWJlbGxlemEubmV0L2luZGV4LnBocC9hY3VsaWZlLmh0bWw,\";s:7:\"product\";s:3:\"167\";s:3:\"qty\";i:1;}'),(61,61,167,'info_buyRequest','a:3:{s:4:\"uenc\";s:76:\"aHR0cDovL3d3dy55b3NveXNhbHVkeWJlbGxlemEubmV0L2luZGV4LnBocC9hY3VsaWZlLmh0bWw,\";s:7:\"product\";s:3:\"167\";s:3:\"qty\";i:1;}'),(62,62,167,'info_buyRequest','a:3:{s:4:\"uenc\";s:48:\"aHR0cDovL3d3dy55b3NveXNhbHVkeWJlbGxlemEubmV0Lw,,\";s:7:\"product\";s:3:\"167\";s:3:\"qty\";i:1;}'),(63,63,167,'info_buyRequest','a:3:{s:4:\"uenc\";s:76:\"aHR0cDovL3d3dy55b3NveXNhbHVkeWJlbGxlemEubmV0L2luZGV4LnBocC9hY3VsaWZlLmh0bWw,\";s:7:\"product\";s:3:\"167\";s:3:\"qty\";i:1;}'),(64,64,167,'info_buyRequest','a:3:{s:4:\"uenc\";s:76:\"aHR0cDovL3d3dy55b3NveXNhbHVkeWJlbGxlemEubmV0L2luZGV4LnBocC9hY3VsaWZlLmh0bWw,\";s:7:\"product\";s:3:\"167\";s:3:\"qty\";i:1;}'),(65,65,167,'info_buyRequest','a:3:{s:4:\"uenc\";s:76:\"aHR0cDovL3d3dy55b3NveXNhbHVkeWJlbGxlemEubmV0L2luZGV4LnBocC9hY3VsaWZlLmh0bWw,\";s:7:\"product\";s:3:\"167\";s:3:\"qty\";i:1;}'),(66,66,167,'info_buyRequest','a:3:{s:4:\"uenc\";s:76:\"aHR0cDovL3d3dy55b3NveXNhbHVkeWJlbGxlemEubmV0L2luZGV4LnBocC9hY3VsaWZlLmh0bWw,\";s:7:\"product\";s:3:\"167\";s:3:\"qty\";i:1;}'),(67,67,167,'info_buyRequest','a:3:{s:4:\"uenc\";s:48:\"aHR0cDovL3d3dy55b3NveXNhbHVkeWJlbGxlemEubmV0Lw,,\";s:7:\"product\";s:3:\"167\";s:3:\"qty\";i:1;}'),(68,68,167,'info_buyRequest','a:3:{s:4:\"uenc\";s:76:\"aHR0cDovL3d3dy55b3NveXNhbHVkeWJlbGxlemEubmV0L2luZGV4LnBocC9hY3VsaWZlLmh0bWw,\";s:7:\"product\";s:3:\"167\";s:3:\"qty\";i:1;}'),(69,69,167,'info_buyRequest','a:3:{s:4:\"uenc\";s:76:\"aHR0cDovL3d3dy55b3NveXNhbHVkeWJlbGxlemEubmV0L2luZGV4LnBocC9hY3VsaWZlLmh0bWw,\";s:7:\"product\";s:3:\"167\";s:3:\"qty\";i:1;}'),(70,70,167,'info_buyRequest','a:3:{s:4:\"uenc\";s:48:\"aHR0cDovL3d3dy55b3NveXNhbHVkeWJlbGxlemEubmV0Lw,,\";s:7:\"product\";s:3:\"167\";s:3:\"qty\";i:1;}'),(71,71,167,'info_buyRequest','a:3:{s:4:\"uenc\";s:48:\"aHR0cDovL3d3dy55b3NveXNhbHVkeWJlbGxlemEubmV0Lw,,\";s:7:\"product\";s:3:\"167\";s:3:\"qty\";i:1;}'),(72,72,167,'info_buyRequest','a:3:{s:4:\"uenc\";s:48:\"aHR0cDovL3d3dy55b3NveXNhbHVkeWJlbGxlemEubmV0Lw,,\";s:7:\"product\";s:3:\"167\";s:3:\"qty\";i:1;}'),(73,73,167,'info_buyRequest','a:3:{s:4:\"uenc\";s:80:\"aHR0cDovL3d3dy55b3NveXNhbHVkeWJlbGxlemEubmV0L2NhdGFsb2dzZWFyY2gvcmVzdWx0Lz9xPTE,\";s:7:\"product\";s:3:\"167\";s:3:\"qty\";i:1;}'),(74,74,167,'info_buyRequest','a:3:{s:4:\"uenc\";s:80:\"aHR0cDovL3d3dy55b3NveXNhbHVkeWJlbGxlemEubmV0Ly9jYXRhbG9nc2VhcmNoL3Jlc3VsdC8_cT0x\";s:7:\"product\";s:3:\"167\";s:3:\"qty\";i:1;}'),(75,75,167,'info_buyRequest','a:3:{s:4:\"uenc\";s:76:\"aHR0cDovL3d3dy55b3NveXNhbHVkeWJlbGxlemEubmV0L2luZGV4LnBocC9hY3VsaWZlLmh0bWw,\";s:7:\"product\";s:3:\"167\";s:3:\"qty\";i:1;}'),(76,76,167,'info_buyRequest','a:3:{s:4:\"uenc\";s:76:\"aHR0cDovL3d3dy55b3NveXNhbHVkeWJlbGxlemEubmV0L2luZGV4LnBocC9hY3VsaWZlLmh0bWw,\";s:7:\"product\";s:3:\"167\";s:3:\"qty\";i:1;}'),(77,77,167,'info_buyRequest','a:3:{s:4:\"uenc\";s:76:\"aHR0cDovL3d3dy55b3NveXNhbHVkeWJlbGxlemEubmV0L2luZGV4LnBocC9hY3VsaWZlLmh0bWw,\";s:7:\"product\";s:3:\"167\";s:3:\"qty\";i:1;}'),(78,78,167,'info_buyRequest','a:3:{s:4:\"uenc\";s:76:\"aHR0cDovL3d3dy55b3NveXNhbHVkeWJlbGxlemEubmV0L2luZGV4LnBocC9hY3VsaWZlLmh0bWw,\";s:7:\"product\";s:3:\"167\";s:3:\"qty\";i:1;}'),(79,79,167,'info_buyRequest','a:3:{s:4:\"uenc\";s:76:\"aHR0cDovL3d3dy55b3NveXNhbHVkeWJlbGxlemEubmV0L2luZGV4LnBocC9hY3VsaWZlLmh0bWw,\";s:7:\"product\";s:3:\"167\";s:3:\"qty\";i:1;}'),(80,80,167,'info_buyRequest','a:3:{s:4:\"uenc\";s:76:\"aHR0cDovL3d3dy55b3NveXNhbHVkeWJlbGxlemEubmV0L2luZGV4LnBocC9hY3VsaWZlLmh0bWw,\";s:7:\"product\";s:3:\"167\";s:3:\"qty\";i:1;}'),(81,81,167,'info_buyRequest','a:3:{s:4:\"uenc\";s:76:\"aHR0cDovL3d3dy55b3NveXNhbHVkeWJlbGxlemEubmV0L2luZGV4LnBocC9hY3VsaWZlLmh0bWw,\";s:7:\"product\";s:3:\"167\";s:3:\"qty\";i:1;}'),(82,82,167,'info_buyRequest','a:3:{s:4:\"uenc\";s:76:\"aHR0cDovL3d3dy55b3NveXNhbHVkeWJlbGxlemEubmV0L2luZGV4LnBocC9hY3VsaWZlLmh0bWw,\";s:7:\"product\";s:3:\"167\";s:3:\"qty\";i:1;}'),(83,83,167,'info_buyRequest','a:3:{s:4:\"uenc\";s:76:\"aHR0cDovL3d3dy55b3NveXNhbHVkeWJlbGxlemEubmV0L2luZGV4LnBocC9hY3VsaWZlLmh0bWw,\";s:7:\"product\";s:3:\"167\";s:3:\"qty\";i:1;}'),(84,84,167,'info_buyRequest','a:3:{s:4:\"uenc\";s:76:\"aHR0cDovL3d3dy55b3NveXNhbHVkeWJlbGxlemEubmV0L2luZGV4LnBocC9hY3VsaWZlLmh0bWw,\";s:7:\"product\";s:3:\"167\";s:3:\"qty\";i:1;}'),(85,85,167,'info_buyRequest','a:3:{s:4:\"uenc\";s:76:\"aHR0cDovL3d3dy55b3NveXNhbHVkeWJlbGxlemEubmV0L2luZGV4LnBocC9hY3VsaWZlLmh0bWw,\";s:7:\"product\";s:3:\"167\";s:3:\"qty\";i:1;}'),(86,86,167,'info_buyRequest','a:3:{s:4:\"uenc\";s:48:\"aHR0cDovL3d3dy55b3NveXNhbHVkeWJlbGxlemEubmV0Lw,,\";s:7:\"product\";s:3:\"167\";s:3:\"qty\";i:1;}'),(87,87,167,'info_buyRequest','a:3:{s:4:\"uenc\";s:76:\"aHR0cDovL3d3dy55b3NveXNhbHVkeWJlbGxlemEubmV0L2luZGV4LnBocC9hY3VsaWZlLmh0bWw,\";s:7:\"product\";s:3:\"167\";s:3:\"qty\";i:1;}'),(91,91,167,'info_buyRequest','a:3:{s:4:\"uenc\";s:76:\"aHR0cDovL3d3dy55b3NveXNhbHVkeWJlbGxlemEubmV0L2luZGV4LnBocC9hY3VsaWZlLmh0bWw,\";s:7:\"product\";s:3:\"167\";s:3:\"qty\";i:1;}'),(92,92,167,'info_buyRequest','a:3:{s:4:\"uenc\";s:76:\"aHR0cDovL3d3dy55b3NveXNhbHVkeWJlbGxlemEubmV0L2luZGV4LnBocC9hY3VsaWZlLmh0bWw,\";s:7:\"product\";s:3:\"167\";s:3:\"qty\";i:1;}'),(93,93,167,'info_buyRequest','a:4:{s:4:\"uenc\";s:100:\"aHR0cDovL3d3dy55b3NveXNhbHVkeWJlbGxlemEubmV0L2luZGV4LnBocC9hY3VsaWZlL2FjdWxpZmUuaHRtbD9fX19TSUQ9VQ,,\";s:7:\"product\";s:3:\"167\";s:15:\"related_product\";s:0:\"\";s:3:\"qty\";s:1:\"0\";}'),(94,94,167,'info_buyRequest','a:3:{s:4:\"uenc\";s:76:\"aHR0cDovL3d3dy55b3NveXNhbHVkeWJlbGxlemEubmV0L2luZGV4LnBocC9hY3VsaWZlLmh0bWw,\";s:7:\"product\";s:3:\"167\";s:3:\"qty\";i:1;}'),(95,95,167,'info_buyRequest','a:3:{s:4:\"uenc\";s:76:\"aHR0cDovL3d3dy55b3NveXNhbHVkeWJlbGxlemEubmV0L2luZGV4LnBocC9hY3VsaWZlLmh0bWw,\";s:7:\"product\";s:3:\"167\";s:3:\"qty\";i:1;}'),(96,96,167,'info_buyRequest','a:3:{s:4:\"uenc\";s:76:\"aHR0cDovL3d3dy55b3NveXNhbHVkeWJlbGxlemEubmV0L2luZGV4LnBocC9hY3VsaWZlLmh0bWw,\";s:7:\"product\";s:3:\"167\";s:3:\"qty\";i:1;}'),(97,97,167,'info_buyRequest','a:3:{s:4:\"uenc\";s:76:\"aHR0cDovL3d3dy55b3NveXNhbHVkeWJlbGxlemEubmV0L2luZGV4LnBocC9hY3VsaWZlLmh0bWw,\";s:7:\"product\";s:3:\"167\";s:3:\"qty\";i:1;}'),(98,98,167,'info_buyRequest','a:3:{s:4:\"uenc\";s:76:\"aHR0cDovL3d3dy55b3NveXNhbHVkeWJlbGxlemEubmV0L2luZGV4LnBocC9hY3VsaWZlLmh0bWw,\";s:7:\"product\";s:3:\"167\";s:3:\"qty\";i:1;}'),(100,100,167,'info_buyRequest','a:3:{s:4:\"uenc\";s:76:\"aHR0cDovL3d3dy55b3NveXNhbHVkeWJlbGxlemEubmV0L2luZGV4LnBocC9hY3VsaWZlLmh0bWw,\";s:7:\"product\";s:3:\"167\";s:3:\"qty\";i:1;}'),(101,101,167,'info_buyRequest','a:3:{s:4:\"uenc\";s:76:\"aHR0cDovL3d3dy55b3NveXNhbHVkeWJlbGxlemEubmV0L2luZGV4LnBocC9hY3VsaWZlLmh0bWw,\";s:7:\"product\";s:3:\"167\";s:3:\"qty\";i:1;}'),(102,102,167,'info_buyRequest','a:3:{s:4:\"uenc\";s:76:\"aHR0cDovL3d3dy55b3NveXNhbHVkeWJlbGxlemEubmV0L2luZGV4LnBocC9hY3VsaWZlLmh0bWw,\";s:7:\"product\";s:3:\"167\";s:3:\"qty\";i:1;}'),(103,103,167,'info_buyRequest','a:3:{s:4:\"uenc\";s:76:\"aHR0cDovL3d3dy55b3NveXNhbHVkeWJlbGxlemEubmV0L2luZGV4LnBocC9hY3VsaWZlLmh0bWw,\";s:7:\"product\";s:3:\"167\";s:3:\"qty\";i:1;}'),(104,104,167,'info_buyRequest','a:3:{s:4:\"uenc\";s:76:\"aHR0cDovL3d3dy55b3NveXNhbHVkeWJlbGxlemEubmV0L2luZGV4LnBocC9hY3VsaWZlLmh0bWw,\";s:7:\"product\";s:3:\"167\";s:3:\"qty\";i:1;}'),(105,105,167,'info_buyRequest','a:3:{s:4:\"uenc\";s:76:\"aHR0cDovL3d3dy55b3NveXNhbHVkeWJlbGxlemEubmV0L2luZGV4LnBocC9hY3VsaWZlLmh0bWw,\";s:7:\"product\";s:3:\"167\";s:3:\"qty\";i:1;}'),(106,106,167,'info_buyRequest','a:3:{s:4:\"uenc\";s:76:\"aHR0cDovL3d3dy55b3NveXNhbHVkeWJlbGxlemEubmV0L2luZGV4LnBocC9hY3VsaWZlLmh0bWw,\";s:7:\"product\";s:3:\"167\";s:3:\"qty\";i:1;}'),(107,107,167,'info_buyRequest','a:3:{s:4:\"uenc\";s:76:\"aHR0cDovL3d3dy55b3NveXNhbHVkeWJlbGxlemEubmV0L2luZGV4LnBocC9hY3VsaWZlLmh0bWw,\";s:7:\"product\";s:3:\"167\";s:3:\"qty\";i:1;}'),(108,108,167,'info_buyRequest','a:3:{s:4:\"uenc\";s:76:\"aHR0cDovL3d3dy55b3NveXNhbHVkeWJlbGxlemEubmV0L2luZGV4LnBocC9hY3VsaWZlLmh0bWw,\";s:7:\"product\";s:3:\"167\";s:3:\"qty\";i:1;}'),(109,109,167,'info_buyRequest','a:3:{s:4:\"uenc\";s:76:\"aHR0cDovL3d3dy55b3NveXNhbHVkeWJlbGxlemEubmV0L2luZGV4LnBocC9hY3VsaWZlLmh0bWw,\";s:7:\"product\";s:3:\"167\";s:3:\"qty\";i:1;}'),(110,110,167,'info_buyRequest','a:3:{s:4:\"uenc\";s:48:\"aHR0cDovL3d3dy55b3NveXNhbHVkeWJlbGxlemEubmV0Lw,,\";s:7:\"product\";s:3:\"167\";s:3:\"qty\";i:1;}'),(111,111,167,'info_buyRequest','a:3:{s:4:\"uenc\";s:48:\"aHR0cDovL3d3dy55b3NveXNhbHVkeWJlbGxlemEubmV0Lw,,\";s:7:\"product\";s:3:\"167\";s:3:\"qty\";i:1;}'),(112,112,167,'info_buyRequest','a:3:{s:4:\"uenc\";s:76:\"aHR0cDovL3d3dy55b3NveXNhbHVkeWJlbGxlemEubmV0L2luZGV4LnBocC9hY3VsaWZlLmh0bWw,\";s:7:\"product\";s:3:\"167\";s:3:\"qty\";i:1;}'),(113,113,167,'info_buyRequest','a:3:{s:4:\"uenc\";s:48:\"aHR0cDovL3d3dy55b3NveXNhbHVkeWJlbGxlemEubmV0Lw,,\";s:7:\"product\";s:3:\"167\";s:3:\"qty\";i:1;}');

--
-- Table structure for table `sales_flat_quote_shipping_rate`
--

CREATE TABLE `sales_flat_quote_shipping_rate` (
  `rate_id` int(10) unsigned NOT NULL AUTO_INCREMENT COMMENT 'Rate Id',
  `address_id` int(10) unsigned NOT NULL COMMENT 'Address Id',
  `created_at` timestamp NOT NULL DEFAULT CURRENT_TIMESTAMP ON UPDATE CURRENT_TIMESTAMP COMMENT 'Created At',
  `updated_at` timestamp NOT NULL DEFAULT '0000-00-00 00:00:00' COMMENT 'Updated At',
  `carrier` varchar(255) DEFAULT NULL COMMENT 'Carrier',
  `carrier_title` varchar(255) DEFAULT NULL COMMENT 'Carrier Title',
  `code` varchar(255) DEFAULT NULL COMMENT 'Code',
  `method` varchar(255) DEFAULT NULL COMMENT 'Method',
  `method_description` text COMMENT 'Method Description',
  `price` decimal(12,4) NOT NULL DEFAULT '0.0000' COMMENT 'Price',
  `method_title` text COMMENT 'Method Title',
  `error_message` text COMMENT 'Error Message',
  PRIMARY KEY (`rate_id`),
  KEY `IDX_SALES_FLAT_QUOTE_SHIPPING_RATE_ADDRESS_ID` (`address_id`),
  CONSTRAINT `FK_B1F177EFB73D3EDF5322BA64AC48D150` FOREIGN KEY (`address_id`) REFERENCES `sales_flat_quote_address` (`address_id`) ON DELETE CASCADE ON UPDATE CASCADE
) ENGINE=InnoDB AUTO_INCREMENT=8 DEFAULT CHARSET=utf8 COMMENT='Sales Flat Quote Shipping Rate';

--
-- Dumping data for table `sales_flat_quote_shipping_rate`
--

INSERT INTO `sales_flat_quote_shipping_rate` VALUES (1,258,'2014-10-02 07:52:07','2014-10-02 07:52:07','flatrate','Flat Rate','flatrate_flatrate','flatrate',NULL,5.0000,'Fixed',NULL),(2,338,'2014-12-17 13:50:17','2014-12-17 13:50:17','flatrate','Flat Rate','flatrate_flatrate','flatrate',NULL,5.0000,'Fixed',NULL),(6,364,'2015-01-09 05:46:26','2015-01-09 05:46:26','flatrate','Flat Rate','flatrate_flatrate','flatrate',NULL,10.0000,'Fixed',NULL),(7,368,'2015-01-11 01:15:39','2015-01-11 01:15:39','flatrate','Flat Rate','flatrate_flatrate','flatrate',NULL,5.0000,'Fixed',NULL);

--
-- Table structure for table `sales_flat_shipment`
--

CREATE TABLE `sales_flat_shipment` (
  `entity_id` int(10) unsigned NOT NULL AUTO_INCREMENT COMMENT 'Entity Id',
  `store_id` smallint(5) unsigned DEFAULT NULL COMMENT 'Store Id',
  `total_weight` decimal(12,4) DEFAULT NULL COMMENT 'Total Weight',
  `total_qty` decimal(12,4) DEFAULT NULL COMMENT 'Total Qty',
  `email_sent` smallint(5) unsigned DEFAULT NULL COMMENT 'Email Sent',
  `order_id` int(10) unsigned NOT NULL COMMENT 'Order Id',
  `customer_id` int(11) DEFAULT NULL COMMENT 'Customer Id',
  `shipping_address_id` int(11) DEFAULT NULL COMMENT 'Shipping Address Id',
  `billing_address_id` int(11) DEFAULT NULL COMMENT 'Billing Address Id',
  `shipment_status` int(11) DEFAULT NULL COMMENT 'Shipment Status',
  `increment_id` varchar(50) DEFAULT NULL COMMENT 'Increment Id',
  `created_at` timestamp NULL DEFAULT NULL COMMENT 'Created At',
  `updated_at` timestamp NULL DEFAULT NULL COMMENT 'Updated At',
  `packages` text COMMENT 'Packed Products in Packages',
  `shipping_label` mediumblob COMMENT 'Shipping Label Content',
  PRIMARY KEY (`entity_id`),
  UNIQUE KEY `UNQ_SALES_FLAT_SHIPMENT_INCREMENT_ID` (`increment_id`),
  KEY `IDX_SALES_FLAT_SHIPMENT_STORE_ID` (`store_id`),
  KEY `IDX_SALES_FLAT_SHIPMENT_TOTAL_QTY` (`total_qty`),
  KEY `IDX_SALES_FLAT_SHIPMENT_ORDER_ID` (`order_id`),
  KEY `IDX_SALES_FLAT_SHIPMENT_CREATED_AT` (`created_at`),
  KEY `IDX_SALES_FLAT_SHIPMENT_UPDATED_AT` (`updated_at`),
  CONSTRAINT `FK_SALES_FLAT_SHIPMENT_ORDER_ID_SALES_FLAT_ORDER_ENTITY_ID` FOREIGN KEY (`order_id`) REFERENCES `sales_flat_order` (`entity_id`) ON DELETE CASCADE ON UPDATE CASCADE,
  CONSTRAINT `FK_SALES_FLAT_SHIPMENT_STORE_ID_CORE_STORE_STORE_ID` FOREIGN KEY (`store_id`) REFERENCES `core_store` (`store_id`) ON DELETE SET NULL ON UPDATE CASCADE
) ENGINE=InnoDB DEFAULT CHARSET=utf8 COMMENT='Sales Flat Shipment';

--
-- Dumping data for table `sales_flat_shipment`
--


--
-- Table structure for table `sales_flat_shipment_comment`
--

CREATE TABLE `sales_flat_shipment_comment` (
  `entity_id` int(10) unsigned NOT NULL AUTO_INCREMENT COMMENT 'Entity Id',
  `parent_id` int(10) unsigned NOT NULL COMMENT 'Parent Id',
  `is_customer_notified` int(11) DEFAULT NULL COMMENT 'Is Customer Notified',
  `is_visible_on_front` smallint(5) unsigned NOT NULL COMMENT 'Is Visible On Front',
  `comment` text COMMENT 'Comment',
  `created_at` timestamp NULL DEFAULT NULL COMMENT 'Created At',
  PRIMARY KEY (`entity_id`),
  KEY `IDX_SALES_FLAT_SHIPMENT_COMMENT_CREATED_AT` (`created_at`),
  KEY `IDX_SALES_FLAT_SHIPMENT_COMMENT_PARENT_ID` (`parent_id`),
  CONSTRAINT `FK_C2D69CC1FB03D2B2B794B0439F6650CF` FOREIGN KEY (`parent_id`) REFERENCES `sales_flat_shipment` (`entity_id`) ON DELETE CASCADE ON UPDATE CASCADE
) ENGINE=InnoDB DEFAULT CHARSET=utf8 COMMENT='Sales Flat Shipment Comment';

--
-- Dumping data for table `sales_flat_shipment_comment`
--


--
-- Table structure for table `sales_flat_shipment_grid`
--

CREATE TABLE `sales_flat_shipment_grid` (
  `entity_id` int(10) unsigned NOT NULL COMMENT 'Entity Id',
  `store_id` smallint(5) unsigned DEFAULT NULL COMMENT 'Store Id',
  `total_qty` decimal(12,4) DEFAULT NULL COMMENT 'Total Qty',
  `order_id` int(10) unsigned NOT NULL COMMENT 'Order Id',
  `shipment_status` int(11) DEFAULT NULL COMMENT 'Shipment Status',
  `increment_id` varchar(50) DEFAULT NULL COMMENT 'Increment Id',
  `order_increment_id` varchar(50) DEFAULT NULL COMMENT 'Order Increment Id',
  `created_at` timestamp NULL DEFAULT NULL COMMENT 'Created At',
  `order_created_at` timestamp NULL DEFAULT NULL COMMENT 'Order Created At',
  `shipping_name` varchar(255) DEFAULT NULL COMMENT 'Shipping Name',
  PRIMARY KEY (`entity_id`),
  UNIQUE KEY `UNQ_SALES_FLAT_SHIPMENT_GRID_INCREMENT_ID` (`increment_id`),
  KEY `IDX_SALES_FLAT_SHIPMENT_GRID_STORE_ID` (`store_id`),
  KEY `IDX_SALES_FLAT_SHIPMENT_GRID_TOTAL_QTY` (`total_qty`),
  KEY `IDX_SALES_FLAT_SHIPMENT_GRID_ORDER_ID` (`order_id`),
  KEY `IDX_SALES_FLAT_SHIPMENT_GRID_SHIPMENT_STATUS` (`shipment_status`),
  KEY `IDX_SALES_FLAT_SHIPMENT_GRID_ORDER_INCREMENT_ID` (`order_increment_id`),
  KEY `IDX_SALES_FLAT_SHIPMENT_GRID_CREATED_AT` (`created_at`),
  KEY `IDX_SALES_FLAT_SHIPMENT_GRID_ORDER_CREATED_AT` (`order_created_at`),
  KEY `IDX_SALES_FLAT_SHIPMENT_GRID_SHIPPING_NAME` (`shipping_name`),
  CONSTRAINT `FK_SALES_FLAT_SHIPMENT_GRID_ENTT_ID_SALES_FLAT_SHIPMENT_ENTT_ID` FOREIGN KEY (`entity_id`) REFERENCES `sales_flat_shipment` (`entity_id`) ON DELETE CASCADE ON UPDATE CASCADE,
  CONSTRAINT `FK_SALES_FLAT_SHIPMENT_GRID_STORE_ID_CORE_STORE_STORE_ID` FOREIGN KEY (`store_id`) REFERENCES `core_store` (`store_id`) ON DELETE SET NULL ON UPDATE CASCADE
) ENGINE=InnoDB DEFAULT CHARSET=utf8 COMMENT='Sales Flat Shipment Grid';

--
-- Dumping data for table `sales_flat_shipment_grid`
--


--
-- Table structure for table `sales_flat_shipment_item`
--

CREATE TABLE `sales_flat_shipment_item` (
  `entity_id` int(10) unsigned NOT NULL AUTO_INCREMENT COMMENT 'Entity Id',
  `parent_id` int(10) unsigned NOT NULL COMMENT 'Parent Id',
  `row_total` decimal(12,4) DEFAULT NULL COMMENT 'Row Total',
  `price` decimal(12,4) DEFAULT NULL COMMENT 'Price',
  `weight` decimal(12,4) DEFAULT NULL COMMENT 'Weight',
  `qty` decimal(12,4) DEFAULT NULL COMMENT 'Qty',
  `product_id` int(11) DEFAULT NULL COMMENT 'Product Id',
  `order_item_id` int(11) DEFAULT NULL COMMENT 'Order Item Id',
  `additional_data` text COMMENT 'Additional Data',
  `description` text COMMENT 'Description',
  `name` varchar(255) DEFAULT NULL COMMENT 'Name',
  `sku` varchar(255) DEFAULT NULL COMMENT 'Sku',
  PRIMARY KEY (`entity_id`),
  KEY `IDX_SALES_FLAT_SHIPMENT_ITEM_PARENT_ID` (`parent_id`),
  CONSTRAINT `FK_3AECE5007D18F159231B87E8306FC02A` FOREIGN KEY (`parent_id`) REFERENCES `sales_flat_shipment` (`entity_id`) ON DELETE CASCADE ON UPDATE CASCADE
) ENGINE=InnoDB DEFAULT CHARSET=utf8 COMMENT='Sales Flat Shipment Item';

--
-- Dumping data for table `sales_flat_shipment_item`
--


--
-- Table structure for table `sales_flat_shipment_track`
--

CREATE TABLE `sales_flat_shipment_track` (
  `entity_id` int(10) unsigned NOT NULL AUTO_INCREMENT COMMENT 'Entity Id',
  `parent_id` int(10) unsigned NOT NULL COMMENT 'Parent Id',
  `weight` decimal(12,4) DEFAULT NULL COMMENT 'Weight',
  `qty` decimal(12,4) DEFAULT NULL COMMENT 'Qty',
  `order_id` int(10) unsigned NOT NULL COMMENT 'Order Id',
  `track_number` text COMMENT 'Number',
  `description` text COMMENT 'Description',
  `title` varchar(255) DEFAULT NULL COMMENT 'Title',
  `carrier_code` varchar(32) DEFAULT NULL COMMENT 'Carrier Code',
  `created_at` timestamp NULL DEFAULT NULL COMMENT 'Created At',
  `updated_at` timestamp NULL DEFAULT NULL COMMENT 'Updated At',
  PRIMARY KEY (`entity_id`),
  KEY `IDX_SALES_FLAT_SHIPMENT_TRACK_PARENT_ID` (`parent_id`),
  KEY `IDX_SALES_FLAT_SHIPMENT_TRACK_ORDER_ID` (`order_id`),
  KEY `IDX_SALES_FLAT_SHIPMENT_TRACK_CREATED_AT` (`created_at`),
  CONSTRAINT `FK_BCD2FA28717D29F37E10A153E6F2F841` FOREIGN KEY (`parent_id`) REFERENCES `sales_flat_shipment` (`entity_id`) ON DELETE CASCADE ON UPDATE CASCADE
) ENGINE=InnoDB DEFAULT CHARSET=utf8 COMMENT='Sales Flat Shipment Track';

--
-- Dumping data for table `sales_flat_shipment_track`
--


--
-- Table structure for table `sales_invoiced_aggregated`
--

CREATE TABLE `sales_invoiced_aggregated` (
  `id` int(10) unsigned NOT NULL AUTO_INCREMENT COMMENT 'Id',
  `period` date DEFAULT NULL COMMENT 'Period',
  `store_id` smallint(5) unsigned DEFAULT NULL COMMENT 'Store Id',
  `order_status` varchar(50) DEFAULT NULL COMMENT 'Order Status',
  `orders_count` int(11) NOT NULL COMMENT 'Orders Count',
  `orders_invoiced` decimal(12,4) DEFAULT NULL COMMENT 'Orders Invoiced',
  `invoiced` decimal(12,4) DEFAULT NULL COMMENT 'Invoiced',
  `invoiced_captured` decimal(12,4) DEFAULT NULL COMMENT 'Invoiced Captured',
  `invoiced_not_captured` decimal(12,4) DEFAULT NULL COMMENT 'Invoiced Not Captured',
  PRIMARY KEY (`id`),
  UNIQUE KEY `UNQ_SALES_INVOICED_AGGREGATED_PERIOD_STORE_ID_ORDER_STATUS` (`period`,`store_id`,`order_status`),
  KEY `IDX_SALES_INVOICED_AGGREGATED_STORE_ID` (`store_id`),
  CONSTRAINT `FK_SALES_INVOICED_AGGREGATED_STORE_ID_CORE_STORE_STORE_ID` FOREIGN KEY (`store_id`) REFERENCES `core_store` (`store_id`) ON DELETE SET NULL ON UPDATE CASCADE
) ENGINE=InnoDB DEFAULT CHARSET=utf8 COMMENT='Sales Invoiced Aggregated';

--
-- Dumping data for table `sales_invoiced_aggregated`
--


--
-- Table structure for table `sales_invoiced_aggregated_order`
--

CREATE TABLE `sales_invoiced_aggregated_order` (
  `id` int(10) unsigned NOT NULL AUTO_INCREMENT COMMENT 'Id',
  `period` date DEFAULT NULL COMMENT 'Period',
  `store_id` smallint(5) unsigned DEFAULT NULL COMMENT 'Store Id',
  `order_status` varchar(50) NOT NULL COMMENT 'Order Status',
  `orders_count` int(11) NOT NULL COMMENT 'Orders Count',
  `orders_invoiced` decimal(12,4) DEFAULT NULL COMMENT 'Orders Invoiced',
  `invoiced` decimal(12,4) DEFAULT NULL COMMENT 'Invoiced',
  `invoiced_captured` decimal(12,4) DEFAULT NULL COMMENT 'Invoiced Captured',
  `invoiced_not_captured` decimal(12,4) DEFAULT NULL COMMENT 'Invoiced Not Captured',
  PRIMARY KEY (`id`),
  UNIQUE KEY `UNQ_SALES_INVOICED_AGGREGATED_ORDER_PERIOD_STORE_ID_ORDER_STATUS` (`period`,`store_id`,`order_status`),
  KEY `IDX_SALES_INVOICED_AGGREGATED_ORDER_STORE_ID` (`store_id`),
  CONSTRAINT `FK_SALES_INVOICED_AGGREGATED_ORDER_STORE_ID_CORE_STORE_STORE_ID` FOREIGN KEY (`store_id`) REFERENCES `core_store` (`store_id`) ON DELETE SET NULL ON UPDATE CASCADE
) ENGINE=InnoDB DEFAULT CHARSET=utf8 COMMENT='Sales Invoiced Aggregated Order';

--
-- Dumping data for table `sales_invoiced_aggregated_order`
--


--
-- Table structure for table `sales_order_aggregated_created`
--

CREATE TABLE `sales_order_aggregated_created` (
  `id` int(10) unsigned NOT NULL AUTO_INCREMENT COMMENT 'Id',
  `period` date DEFAULT NULL COMMENT 'Period',
  `store_id` smallint(5) unsigned DEFAULT NULL COMMENT 'Store Id',
  `order_status` varchar(50) NOT NULL COMMENT 'Order Status',
  `orders_count` int(11) NOT NULL COMMENT 'Orders Count',
  `total_qty_ordered` decimal(12,4) NOT NULL DEFAULT '0.0000' COMMENT 'Total Qty Ordered',
  `total_qty_invoiced` decimal(12,4) NOT NULL DEFAULT '0.0000' COMMENT 'Total Qty Invoiced',
  `total_income_amount` decimal(12,4) NOT NULL DEFAULT '0.0000' COMMENT 'Total Income Amount',
  `total_revenue_amount` decimal(12,4) NOT NULL DEFAULT '0.0000' COMMENT 'Total Revenue Amount',
  `total_profit_amount` decimal(12,4) NOT NULL DEFAULT '0.0000' COMMENT 'Total Profit Amount',
  `total_invoiced_amount` decimal(12,4) NOT NULL DEFAULT '0.0000' COMMENT 'Total Invoiced Amount',
  `total_canceled_amount` decimal(12,4) NOT NULL DEFAULT '0.0000' COMMENT 'Total Canceled Amount',
  `total_paid_amount` decimal(12,4) NOT NULL DEFAULT '0.0000' COMMENT 'Total Paid Amount',
  `total_refunded_amount` decimal(12,4) NOT NULL DEFAULT '0.0000' COMMENT 'Total Refunded Amount',
  `total_tax_amount` decimal(12,4) NOT NULL DEFAULT '0.0000' COMMENT 'Total Tax Amount',
  `total_tax_amount_actual` decimal(12,4) NOT NULL DEFAULT '0.0000' COMMENT 'Total Tax Amount Actual',
  `total_shipping_amount` decimal(12,4) NOT NULL DEFAULT '0.0000' COMMENT 'Total Shipping Amount',
  `total_shipping_amount_actual` decimal(12,4) NOT NULL DEFAULT '0.0000' COMMENT 'Total Shipping Amount Actual',
  `total_discount_amount` decimal(12,4) NOT NULL DEFAULT '0.0000' COMMENT 'Total Discount Amount',
  `total_discount_amount_actual` decimal(12,4) NOT NULL DEFAULT '0.0000' COMMENT 'Total Discount Amount Actual',
  PRIMARY KEY (`id`),
  UNIQUE KEY `UNQ_SALES_ORDER_AGGREGATED_CREATED_PERIOD_STORE_ID_ORDER_STATUS` (`period`,`store_id`,`order_status`),
  KEY `IDX_SALES_ORDER_AGGREGATED_CREATED_STORE_ID` (`store_id`),
  CONSTRAINT `FK_SALES_ORDER_AGGREGATED_CREATED_STORE_ID_CORE_STORE_STORE_ID` FOREIGN KEY (`store_id`) REFERENCES `core_store` (`store_id`) ON DELETE SET NULL ON UPDATE CASCADE
) ENGINE=InnoDB DEFAULT CHARSET=utf8 COMMENT='Sales Order Aggregated Created';

--
-- Dumping data for table `sales_order_aggregated_created`
--


--
-- Table structure for table `sales_order_aggregated_updated`
--

CREATE TABLE `sales_order_aggregated_updated` (
  `id` int(10) unsigned NOT NULL AUTO_INCREMENT COMMENT 'Id',
  `period` date DEFAULT NULL COMMENT 'Period',
  `store_id` smallint(5) unsigned DEFAULT NULL COMMENT 'Store Id',
  `order_status` varchar(50) NOT NULL COMMENT 'Order Status',
  `orders_count` int(11) NOT NULL COMMENT 'Orders Count',
  `total_qty_ordered` decimal(12,4) NOT NULL DEFAULT '0.0000' COMMENT 'Total Qty Ordered',
  `total_qty_invoiced` decimal(12,4) NOT NULL DEFAULT '0.0000' COMMENT 'Total Qty Invoiced',
  `total_income_amount` decimal(12,4) NOT NULL DEFAULT '0.0000' COMMENT 'Total Income Amount',
  `total_revenue_amount` decimal(12,4) NOT NULL DEFAULT '0.0000' COMMENT 'Total Revenue Amount',
  `total_profit_amount` decimal(12,4) NOT NULL DEFAULT '0.0000' COMMENT 'Total Profit Amount',
  `total_invoiced_amount` decimal(12,4) NOT NULL DEFAULT '0.0000' COMMENT 'Total Invoiced Amount',
  `total_canceled_amount` decimal(12,4) NOT NULL DEFAULT '0.0000' COMMENT 'Total Canceled Amount',
  `total_paid_amount` decimal(12,4) NOT NULL DEFAULT '0.0000' COMMENT 'Total Paid Amount',
  `total_refunded_amount` decimal(12,4) NOT NULL DEFAULT '0.0000' COMMENT 'Total Refunded Amount',
  `total_tax_amount` decimal(12,4) NOT NULL DEFAULT '0.0000' COMMENT 'Total Tax Amount',
  `total_tax_amount_actual` decimal(12,4) NOT NULL DEFAULT '0.0000' COMMENT 'Total Tax Amount Actual',
  `total_shipping_amount` decimal(12,4) NOT NULL DEFAULT '0.0000' COMMENT 'Total Shipping Amount',
  `total_shipping_amount_actual` decimal(12,4) NOT NULL DEFAULT '0.0000' COMMENT 'Total Shipping Amount Actual',
  `total_discount_amount` decimal(12,4) NOT NULL DEFAULT '0.0000' COMMENT 'Total Discount Amount',
  `total_discount_amount_actual` decimal(12,4) NOT NULL DEFAULT '0.0000' COMMENT 'Total Discount Amount Actual',
  PRIMARY KEY (`id`),
  UNIQUE KEY `UNQ_SALES_ORDER_AGGREGATED_UPDATED_PERIOD_STORE_ID_ORDER_STATUS` (`period`,`store_id`,`order_status`),
  KEY `IDX_SALES_ORDER_AGGREGATED_UPDATED_STORE_ID` (`store_id`),
  CONSTRAINT `FK_SALES_ORDER_AGGREGATED_UPDATED_STORE_ID_CORE_STORE_STORE_ID` FOREIGN KEY (`store_id`) REFERENCES `core_store` (`store_id`) ON DELETE SET NULL ON UPDATE CASCADE
) ENGINE=InnoDB DEFAULT CHARSET=utf8 COMMENT='Sales Order Aggregated Updated';

--
-- Dumping data for table `sales_order_aggregated_updated`
--


--
-- Table structure for table `sales_order_status`
--

CREATE TABLE `sales_order_status` (
  `status` varchar(32) NOT NULL COMMENT 'Status',
  `label` varchar(128) NOT NULL COMMENT 'Label',
  PRIMARY KEY (`status`)
) ENGINE=InnoDB DEFAULT CHARSET=utf8 COMMENT='Sales Order Status Table';

--
-- Dumping data for table `sales_order_status`
--

INSERT INTO `sales_order_status` VALUES ('canceled','Canceled'),('closed','Closed'),('complete','Complete'),('fraud','Suspected Fraud'),('holded','On Hold'),('payment_review','Payment Review'),('pending','Pending'),('pending_payment','Pending Payment'),('pending_paypal','Pending PayPal'),('processing','Processing');

--
-- Table structure for table `sales_order_status_label`
--

CREATE TABLE `sales_order_status_label` (
  `status` varchar(32) NOT NULL COMMENT 'Status',
  `store_id` smallint(5) unsigned NOT NULL COMMENT 'Store Id',
  `label` varchar(128) NOT NULL COMMENT 'Label',
  PRIMARY KEY (`status`,`store_id`),
  KEY `IDX_SALES_ORDER_STATUS_LABEL_STORE_ID` (`store_id`),
  CONSTRAINT `FK_SALES_ORDER_STATUS_LABEL_STATUS_SALES_ORDER_STATUS_STATUS` FOREIGN KEY (`status`) REFERENCES `sales_order_status` (`status`) ON DELETE CASCADE ON UPDATE CASCADE,
  CONSTRAINT `FK_SALES_ORDER_STATUS_LABEL_STORE_ID_CORE_STORE_STORE_ID` FOREIGN KEY (`store_id`) REFERENCES `core_store` (`store_id`) ON DELETE CASCADE ON UPDATE CASCADE
) ENGINE=InnoDB DEFAULT CHARSET=utf8 COMMENT='Sales Order Status Label Table';

--
-- Dumping data for table `sales_order_status_label`
--


--
-- Table structure for table `sales_order_status_state`
--

CREATE TABLE `sales_order_status_state` (
  `status` varchar(32) NOT NULL COMMENT 'Status',
  `state` varchar(32) NOT NULL COMMENT 'Label',
  `is_default` smallint(5) unsigned NOT NULL COMMENT 'Is Default',
  PRIMARY KEY (`status`,`state`),
  CONSTRAINT `FK_SALES_ORDER_STATUS_STATE_STATUS_SALES_ORDER_STATUS_STATUS` FOREIGN KEY (`status`) REFERENCES `sales_order_status` (`status`) ON DELETE CASCADE ON UPDATE CASCADE
) ENGINE=InnoDB DEFAULT CHARSET=utf8 COMMENT='Sales Order Status Table';

--
-- Dumping data for table `sales_order_status_state`
--

INSERT INTO `sales_order_status_state` VALUES ('canceled','canceled',1),('closed','closed',1),('complete','complete',1),('fraud','payment_review',0),('holded','holded',1),('payment_review','payment_review',1),('pending','new',1),('pending_payment','pending_payment',1),('processing','processing',1);

--
-- Table structure for table `sales_order_tax`
--

CREATE TABLE `sales_order_tax` (
  `tax_id` int(10) unsigned NOT NULL AUTO_INCREMENT COMMENT 'Tax Id',
  `order_id` int(10) unsigned NOT NULL COMMENT 'Order Id',
  `code` varchar(255) DEFAULT NULL COMMENT 'Code',
  `title` varchar(255) DEFAULT NULL COMMENT 'Title',
  `percent` decimal(12,4) DEFAULT NULL COMMENT 'Percent',
  `amount` decimal(12,4) DEFAULT NULL COMMENT 'Amount',
  `priority` int(11) NOT NULL COMMENT 'Priority',
  `position` int(11) NOT NULL COMMENT 'Position',
  `base_amount` decimal(12,4) DEFAULT NULL COMMENT 'Base Amount',
  `process` smallint(6) NOT NULL COMMENT 'Process',
  `base_real_amount` decimal(12,4) DEFAULT NULL COMMENT 'Base Real Amount',
  `hidden` smallint(5) unsigned NOT NULL COMMENT 'Hidden',
  PRIMARY KEY (`tax_id`),
  KEY `IDX_SALES_ORDER_TAX_ORDER_ID_PRIORITY_POSITION` (`order_id`,`priority`,`position`)
) ENGINE=InnoDB DEFAULT CHARSET=utf8 COMMENT='Sales Order Tax Table';

--
-- Dumping data for table `sales_order_tax`
--


--
-- Table structure for table `sales_order_tax_item`
--

CREATE TABLE `sales_order_tax_item` (
  `tax_item_id` int(10) unsigned NOT NULL AUTO_INCREMENT COMMENT 'Tax Item Id',
  `tax_id` int(10) unsigned NOT NULL COMMENT 'Tax Id',
  `item_id` int(10) unsigned NOT NULL COMMENT 'Item Id',
  `tax_percent` decimal(12,4) NOT NULL COMMENT 'Real Tax Percent For Item',
  PRIMARY KEY (`tax_item_id`),
  UNIQUE KEY `UNQ_SALES_ORDER_TAX_ITEM_TAX_ID_ITEM_ID` (`tax_id`,`item_id`),
  KEY `IDX_SALES_ORDER_TAX_ITEM_TAX_ID` (`tax_id`),
  KEY `IDX_SALES_ORDER_TAX_ITEM_ITEM_ID` (`item_id`),
  CONSTRAINT `FK_SALES_ORDER_TAX_ITEM_ITEM_ID_SALES_FLAT_ORDER_ITEM_ITEM_ID` FOREIGN KEY (`item_id`) REFERENCES `sales_flat_order_item` (`item_id`) ON DELETE CASCADE ON UPDATE CASCADE,
  CONSTRAINT `FK_SALES_ORDER_TAX_ITEM_TAX_ID_SALES_ORDER_TAX_TAX_ID` FOREIGN KEY (`tax_id`) REFERENCES `sales_order_tax` (`tax_id`) ON DELETE CASCADE ON UPDATE CASCADE
) ENGINE=InnoDB DEFAULT CHARSET=utf8 COMMENT='Sales Order Tax Item';

--
-- Dumping data for table `sales_order_tax_item`
--


--
-- Table structure for table `sales_payment_transaction`
--

CREATE TABLE `sales_payment_transaction` (
  `transaction_id` int(10) unsigned NOT NULL AUTO_INCREMENT COMMENT 'Transaction Id',
  `parent_id` int(10) unsigned DEFAULT NULL COMMENT 'Parent Id',
  `order_id` int(10) unsigned NOT NULL COMMENT 'Order Id',
  `payment_id` int(10) unsigned NOT NULL COMMENT 'Payment Id',
  `txn_id` varchar(100) DEFAULT NULL COMMENT 'Txn Id',
  `parent_txn_id` varchar(100) DEFAULT NULL COMMENT 'Parent Txn Id',
  `txn_type` varchar(15) DEFAULT NULL COMMENT 'Txn Type',
  `is_closed` smallint(5) unsigned NOT NULL DEFAULT '1' COMMENT 'Is Closed',
  `additional_information` blob COMMENT 'Additional Information',
  `created_at` timestamp NULL DEFAULT NULL COMMENT 'Created At',
  PRIMARY KEY (`transaction_id`),
  UNIQUE KEY `UNQ_SALES_PAYMENT_TRANSACTION_ORDER_ID_PAYMENT_ID_TXN_ID` (`order_id`,`payment_id`,`txn_id`),
  KEY `IDX_SALES_PAYMENT_TRANSACTION_ORDER_ID` (`order_id`),
  KEY `IDX_SALES_PAYMENT_TRANSACTION_PARENT_ID` (`parent_id`),
  KEY `IDX_SALES_PAYMENT_TRANSACTION_PAYMENT_ID` (`payment_id`),
  CONSTRAINT `FK_B99FF1A06402D725EBDB0F3A7ECD47A2` FOREIGN KEY (`parent_id`) REFERENCES `sales_payment_transaction` (`transaction_id`) ON DELETE CASCADE ON UPDATE CASCADE,
  CONSTRAINT `FK_DA51A10B2405B64A4DAEF77A64F0DAAD` FOREIGN KEY (`payment_id`) REFERENCES `sales_flat_order_payment` (`entity_id`) ON DELETE CASCADE ON UPDATE CASCADE,
  CONSTRAINT `FK_SALES_PAYMENT_TRANSACTION_ORDER_ID_SALES_FLAT_ORDER_ENTITY_ID` FOREIGN KEY (`order_id`) REFERENCES `sales_flat_order` (`entity_id`) ON DELETE CASCADE ON UPDATE CASCADE
) ENGINE=InnoDB DEFAULT CHARSET=utf8 COMMENT='Sales Payment Transaction';

--
-- Dumping data for table `sales_payment_transaction`
--


--
-- Table structure for table `sales_recurring_profile`
--

CREATE TABLE `sales_recurring_profile` (
  `profile_id` int(10) unsigned NOT NULL AUTO_INCREMENT COMMENT 'Profile Id',
  `state` varchar(20) NOT NULL COMMENT 'State',
  `customer_id` int(10) unsigned DEFAULT NULL COMMENT 'Customer Id',
  `store_id` smallint(5) unsigned DEFAULT NULL COMMENT 'Store Id',
  `method_code` varchar(32) NOT NULL COMMENT 'Method Code',
  `created_at` timestamp NOT NULL DEFAULT CURRENT_TIMESTAMP ON UPDATE CURRENT_TIMESTAMP COMMENT 'Created At',
  `updated_at` timestamp NULL DEFAULT NULL COMMENT 'Updated At',
  `reference_id` varchar(32) DEFAULT NULL COMMENT 'Reference Id',
  `subscriber_name` varchar(150) DEFAULT NULL COMMENT 'Subscriber Name',
  `start_datetime` timestamp NOT NULL DEFAULT '0000-00-00 00:00:00' COMMENT 'Start Datetime',
  `internal_reference_id` varchar(42) NOT NULL COMMENT 'Internal Reference Id',
  `schedule_description` varchar(255) NOT NULL COMMENT 'Schedule Description',
  `suspension_threshold` smallint(5) unsigned DEFAULT NULL COMMENT 'Suspension Threshold',
  `bill_failed_later` smallint(5) unsigned NOT NULL COMMENT 'Bill Failed Later',
  `period_unit` varchar(20) NOT NULL COMMENT 'Period Unit',
  `period_frequency` smallint(5) unsigned DEFAULT NULL COMMENT 'Period Frequency',
  `period_max_cycles` smallint(5) unsigned DEFAULT NULL COMMENT 'Period Max Cycles',
  `billing_amount` decimal(12,4) NOT NULL DEFAULT '0.0000' COMMENT 'Billing Amount',
  `trial_period_unit` varchar(20) DEFAULT NULL COMMENT 'Trial Period Unit',
  `trial_period_frequency` smallint(5) unsigned DEFAULT NULL COMMENT 'Trial Period Frequency',
  `trial_period_max_cycles` smallint(5) unsigned DEFAULT NULL COMMENT 'Trial Period Max Cycles',
  `trial_billing_amount` text COMMENT 'Trial Billing Amount',
  `currency_code` varchar(3) NOT NULL COMMENT 'Currency Code',
  `shipping_amount` decimal(12,4) DEFAULT NULL COMMENT 'Shipping Amount',
  `tax_amount` decimal(12,4) DEFAULT NULL COMMENT 'Tax Amount',
  `init_amount` decimal(12,4) DEFAULT NULL COMMENT 'Init Amount',
  `init_may_fail` smallint(5) unsigned NOT NULL COMMENT 'Init May Fail',
  `order_info` text NOT NULL COMMENT 'Order Info',
  `order_item_info` text NOT NULL COMMENT 'Order Item Info',
  `billing_address_info` text NOT NULL COMMENT 'Billing Address Info',
  `shipping_address_info` text COMMENT 'Shipping Address Info',
  `profile_vendor_info` text COMMENT 'Profile Vendor Info',
  `additional_info` text COMMENT 'Additional Info',
  PRIMARY KEY (`profile_id`),
  UNIQUE KEY `UNQ_SALES_RECURRING_PROFILE_INTERNAL_REFERENCE_ID` (`internal_reference_id`),
  KEY `IDX_SALES_RECURRING_PROFILE_CUSTOMER_ID` (`customer_id`),
  KEY `IDX_SALES_RECURRING_PROFILE_STORE_ID` (`store_id`),
  CONSTRAINT `FK_SALES_RECURRING_PROFILE_CUSTOMER_ID_CUSTOMER_ENTITY_ENTITY_ID` FOREIGN KEY (`customer_id`) REFERENCES `customer_entity` (`entity_id`) ON DELETE SET NULL ON UPDATE CASCADE,
  CONSTRAINT `FK_SALES_RECURRING_PROFILE_STORE_ID_CORE_STORE_STORE_ID` FOREIGN KEY (`store_id`) REFERENCES `core_store` (`store_id`) ON DELETE SET NULL ON UPDATE CASCADE
) ENGINE=InnoDB DEFAULT CHARSET=utf8 COMMENT='Sales Recurring Profile';

--
-- Dumping data for table `sales_recurring_profile`
--


--
-- Table structure for table `sales_recurring_profile_order`
--

CREATE TABLE `sales_recurring_profile_order` (
  `link_id` int(10) unsigned NOT NULL AUTO_INCREMENT COMMENT 'Link Id',
  `profile_id` int(10) unsigned NOT NULL COMMENT 'Profile Id',
  `order_id` int(10) unsigned NOT NULL COMMENT 'Order Id',
  PRIMARY KEY (`link_id`),
  UNIQUE KEY `UNQ_SALES_RECURRING_PROFILE_ORDER_PROFILE_ID_ORDER_ID` (`profile_id`,`order_id`),
  KEY `IDX_SALES_RECURRING_PROFILE_ORDER_ORDER_ID` (`order_id`),
  CONSTRAINT `FK_7FF85741C66DCD37A4FBE3E3255A5A01` FOREIGN KEY (`order_id`) REFERENCES `sales_flat_order` (`entity_id`) ON DELETE CASCADE ON UPDATE CASCADE,
  CONSTRAINT `FK_B8A7A5397B67455786E55461748C59F4` FOREIGN KEY (`profile_id`) REFERENCES `sales_recurring_profile` (`profile_id`) ON DELETE CASCADE ON UPDATE CASCADE
) ENGINE=InnoDB DEFAULT CHARSET=utf8 COMMENT='Sales Recurring Profile Order';

--
-- Dumping data for table `sales_recurring_profile_order`
--


--
-- Table structure for table `sales_refunded_aggregated`
--

CREATE TABLE `sales_refunded_aggregated` (
  `id` int(10) unsigned NOT NULL AUTO_INCREMENT COMMENT 'Id',
  `period` date DEFAULT NULL COMMENT 'Period',
  `store_id` smallint(5) unsigned DEFAULT NULL COMMENT 'Store Id',
  `order_status` varchar(50) NOT NULL COMMENT 'Order Status',
  `orders_count` int(11) NOT NULL COMMENT 'Orders Count',
  `refunded` decimal(12,4) DEFAULT NULL COMMENT 'Refunded',
  `online_refunded` decimal(12,4) DEFAULT NULL COMMENT 'Online Refunded',
  `offline_refunded` decimal(12,4) DEFAULT NULL COMMENT 'Offline Refunded',
  PRIMARY KEY (`id`),
  UNIQUE KEY `UNQ_SALES_REFUNDED_AGGREGATED_PERIOD_STORE_ID_ORDER_STATUS` (`period`,`store_id`,`order_status`),
  KEY `IDX_SALES_REFUNDED_AGGREGATED_STORE_ID` (`store_id`),
  CONSTRAINT `FK_SALES_REFUNDED_AGGREGATED_STORE_ID_CORE_STORE_STORE_ID` FOREIGN KEY (`store_id`) REFERENCES `core_store` (`store_id`) ON DELETE SET NULL ON UPDATE CASCADE
) ENGINE=InnoDB DEFAULT CHARSET=utf8 COMMENT='Sales Refunded Aggregated';

--
-- Dumping data for table `sales_refunded_aggregated`
--


--
-- Table structure for table `sales_refunded_aggregated_order`
--

CREATE TABLE `sales_refunded_aggregated_order` (
  `id` int(10) unsigned NOT NULL AUTO_INCREMENT COMMENT 'Id',
  `period` date DEFAULT NULL COMMENT 'Period',
  `store_id` smallint(5) unsigned DEFAULT NULL COMMENT 'Store Id',
  `order_status` varchar(50) DEFAULT NULL COMMENT 'Order Status',
  `orders_count` int(11) NOT NULL COMMENT 'Orders Count',
  `refunded` decimal(12,4) DEFAULT NULL COMMENT 'Refunded',
  `online_refunded` decimal(12,4) DEFAULT NULL COMMENT 'Online Refunded',
  `offline_refunded` decimal(12,4) DEFAULT NULL COMMENT 'Offline Refunded',
  PRIMARY KEY (`id`),
  UNIQUE KEY `UNQ_SALES_REFUNDED_AGGREGATED_ORDER_PERIOD_STORE_ID_ORDER_STATUS` (`period`,`store_id`,`order_status`),
  KEY `IDX_SALES_REFUNDED_AGGREGATED_ORDER_STORE_ID` (`store_id`),
  CONSTRAINT `FK_SALES_REFUNDED_AGGREGATED_ORDER_STORE_ID_CORE_STORE_STORE_ID` FOREIGN KEY (`store_id`) REFERENCES `core_store` (`store_id`) ON DELETE SET NULL ON UPDATE CASCADE
) ENGINE=InnoDB DEFAULT CHARSET=utf8 COMMENT='Sales Refunded Aggregated Order';

--
-- Dumping data for table `sales_refunded_aggregated_order`
--


--
-- Table structure for table `sales_shipping_aggregated`
--

CREATE TABLE `sales_shipping_aggregated` (
  `id` int(10) unsigned NOT NULL AUTO_INCREMENT COMMENT 'Id',
  `period` date DEFAULT NULL COMMENT 'Period',
  `store_id` smallint(5) unsigned DEFAULT NULL COMMENT 'Store Id',
  `order_status` varchar(50) DEFAULT NULL COMMENT 'Order Status',
  `shipping_description` varchar(255) DEFAULT NULL COMMENT 'Shipping Description',
  `orders_count` int(11) NOT NULL COMMENT 'Orders Count',
  `total_shipping` decimal(12,4) DEFAULT NULL COMMENT 'Total Shipping',
  `total_shipping_actual` decimal(12,4) DEFAULT NULL COMMENT 'Total Shipping Actual',
  PRIMARY KEY (`id`),
  UNIQUE KEY `UNQ_SALES_SHPP_AGGRED_PERIOD_STORE_ID_ORDER_STS_SHPP_DESCRIPTION` (`period`,`store_id`,`order_status`,`shipping_description`),
  KEY `IDX_SALES_SHIPPING_AGGREGATED_STORE_ID` (`store_id`),
  CONSTRAINT `FK_SALES_SHIPPING_AGGREGATED_STORE_ID_CORE_STORE_STORE_ID` FOREIGN KEY (`store_id`) REFERENCES `core_store` (`store_id`) ON DELETE SET NULL ON UPDATE CASCADE
) ENGINE=InnoDB DEFAULT CHARSET=utf8 COMMENT='Sales Shipping Aggregated';

--
-- Dumping data for table `sales_shipping_aggregated`
--


--
-- Table structure for table `sales_shipping_aggregated_order`
--

CREATE TABLE `sales_shipping_aggregated_order` (
  `id` int(10) unsigned NOT NULL AUTO_INCREMENT COMMENT 'Id',
  `period` date DEFAULT NULL COMMENT 'Period',
  `store_id` smallint(5) unsigned DEFAULT NULL COMMENT 'Store Id',
  `order_status` varchar(50) DEFAULT NULL COMMENT 'Order Status',
  `shipping_description` varchar(255) DEFAULT NULL COMMENT 'Shipping Description',
  `orders_count` int(11) NOT NULL COMMENT 'Orders Count',
  `total_shipping` decimal(12,4) DEFAULT NULL COMMENT 'Total Shipping',
  `total_shipping_actual` decimal(12,4) DEFAULT NULL COMMENT 'Total Shipping Actual',
  PRIMARY KEY (`id`),
  UNIQUE KEY `C05FAE47282EEA68654D0924E946761F` (`period`,`store_id`,`order_status`,`shipping_description`),
  KEY `IDX_SALES_SHIPPING_AGGREGATED_ORDER_STORE_ID` (`store_id`),
  CONSTRAINT `FK_SALES_SHIPPING_AGGREGATED_ORDER_STORE_ID_CORE_STORE_STORE_ID` FOREIGN KEY (`store_id`) REFERENCES `core_store` (`store_id`) ON DELETE SET NULL ON UPDATE CASCADE
) ENGINE=InnoDB DEFAULT CHARSET=utf8 COMMENT='Sales Shipping Aggregated Order';

--
-- Dumping data for table `sales_shipping_aggregated_order`
--


--
-- Table structure for table `salesrule`
--

CREATE TABLE `salesrule` (
  `rule_id` int(10) unsigned NOT NULL AUTO_INCREMENT COMMENT 'Rule Id',
  `name` varchar(255) DEFAULT NULL COMMENT 'Name',
  `description` text COMMENT 'Description',
  `from_date` date DEFAULT NULL,
  `to_date` date DEFAULT NULL,
  `uses_per_customer` int(11) NOT NULL DEFAULT '0' COMMENT 'Uses Per Customer',
  `is_active` smallint(6) NOT NULL DEFAULT '0' COMMENT 'Is Active',
  `conditions_serialized` mediumtext COMMENT 'Conditions Serialized',
  `actions_serialized` mediumtext COMMENT 'Actions Serialized',
  `stop_rules_processing` smallint(6) NOT NULL DEFAULT '1' COMMENT 'Stop Rules Processing',
  `is_advanced` smallint(5) unsigned NOT NULL DEFAULT '1' COMMENT 'Is Advanced',
  `product_ids` text COMMENT 'Product Ids',
  `sort_order` int(10) unsigned NOT NULL DEFAULT '0' COMMENT 'Sort Order',
  `simple_action` varchar(32) DEFAULT NULL COMMENT 'Simple Action',
  `discount_amount` decimal(12,4) NOT NULL DEFAULT '0.0000' COMMENT 'Discount Amount',
  `discount_qty` decimal(12,4) DEFAULT NULL COMMENT 'Discount Qty',
  `discount_step` int(10) unsigned NOT NULL DEFAULT '0' COMMENT 'Discount Step',
  `simple_free_shipping` smallint(5) unsigned NOT NULL DEFAULT '0' COMMENT 'Simple Free Shipping',
  `apply_to_shipping` smallint(5) unsigned NOT NULL DEFAULT '0' COMMENT 'Apply To Shipping',
  `times_used` int(10) unsigned NOT NULL DEFAULT '0' COMMENT 'Times Used',
  `is_rss` smallint(6) NOT NULL DEFAULT '0' COMMENT 'Is Rss',
  `coupon_type` smallint(5) unsigned NOT NULL DEFAULT '1' COMMENT 'Coupon Type',
  `use_auto_generation` smallint(6) NOT NULL DEFAULT '0' COMMENT 'Use Auto Generation',
  `uses_per_coupon` int(11) NOT NULL DEFAULT '0' COMMENT 'Uses Per Coupon',
  PRIMARY KEY (`rule_id`),
  KEY `IDX_SALESRULE_IS_ACTIVE_SORT_ORDER_TO_DATE_FROM_DATE` (`is_active`,`sort_order`,`to_date`,`from_date`)
) ENGINE=InnoDB DEFAULT CHARSET=utf8 COMMENT='Salesrule';

--
-- Dumping data for table `salesrule`
--


--
-- Table structure for table `salesrule_coupon`
--

CREATE TABLE `salesrule_coupon` (
  `coupon_id` int(10) unsigned NOT NULL AUTO_INCREMENT COMMENT 'Coupon Id',
  `rule_id` int(10) unsigned NOT NULL COMMENT 'Rule Id',
  `code` varchar(255) DEFAULT NULL COMMENT 'Code',
  `usage_limit` int(10) unsigned DEFAULT NULL COMMENT 'Usage Limit',
  `usage_per_customer` int(10) unsigned DEFAULT NULL COMMENT 'Usage Per Customer',
  `times_used` int(10) unsigned NOT NULL DEFAULT '0' COMMENT 'Times Used',
  `expiration_date` timestamp NULL DEFAULT NULL COMMENT 'Expiration Date',
  `is_primary` smallint(5) unsigned DEFAULT NULL COMMENT 'Is Primary',
  `created_at` timestamp NOT NULL DEFAULT CURRENT_TIMESTAMP COMMENT 'Coupon Code Creation Date',
  `type` smallint(6) DEFAULT '0' COMMENT 'Coupon Code Type',
  PRIMARY KEY (`coupon_id`),
  UNIQUE KEY `UNQ_SALESRULE_COUPON_CODE` (`code`),
  UNIQUE KEY `UNQ_SALESRULE_COUPON_RULE_ID_IS_PRIMARY` (`rule_id`,`is_primary`),
  KEY `IDX_SALESRULE_COUPON_RULE_ID` (`rule_id`),
  CONSTRAINT `FK_SALESRULE_COUPON_RULE_ID_SALESRULE_RULE_ID` FOREIGN KEY (`rule_id`) REFERENCES `salesrule` (`rule_id`) ON DELETE CASCADE ON UPDATE CASCADE
) ENGINE=InnoDB DEFAULT CHARSET=utf8 COMMENT='Salesrule Coupon';

--
-- Dumping data for table `salesrule_coupon`
--


--
-- Table structure for table `salesrule_coupon_usage`
--

CREATE TABLE `salesrule_coupon_usage` (
  `coupon_id` int(10) unsigned NOT NULL COMMENT 'Coupon Id',
  `customer_id` int(10) unsigned NOT NULL COMMENT 'Customer Id',
  `times_used` int(10) unsigned NOT NULL DEFAULT '0' COMMENT 'Times Used',
  PRIMARY KEY (`coupon_id`,`customer_id`),
  KEY `IDX_SALESRULE_COUPON_USAGE_COUPON_ID` (`coupon_id`),
  KEY `IDX_SALESRULE_COUPON_USAGE_CUSTOMER_ID` (`customer_id`),
  CONSTRAINT `FK_SALESRULE_COUPON_USAGE_COUPON_ID_SALESRULE_COUPON_COUPON_ID` FOREIGN KEY (`coupon_id`) REFERENCES `salesrule_coupon` (`coupon_id`) ON DELETE CASCADE ON UPDATE CASCADE,
  CONSTRAINT `FK_SALESRULE_COUPON_USAGE_CUSTOMER_ID_CUSTOMER_ENTITY_ENTITY_ID` FOREIGN KEY (`customer_id`) REFERENCES `customer_entity` (`entity_id`) ON DELETE CASCADE ON UPDATE CASCADE
) ENGINE=InnoDB DEFAULT CHARSET=utf8 COMMENT='Salesrule Coupon Usage';

--
-- Dumping data for table `salesrule_coupon_usage`
--


--
-- Table structure for table `salesrule_customer`
--

CREATE TABLE `salesrule_customer` (
  `rule_customer_id` int(10) unsigned NOT NULL AUTO_INCREMENT COMMENT 'Rule Customer Id',
  `rule_id` int(10) unsigned NOT NULL DEFAULT '0' COMMENT 'Rule Id',
  `customer_id` int(10) unsigned NOT NULL DEFAULT '0' COMMENT 'Customer Id',
  `times_used` smallint(5) unsigned NOT NULL DEFAULT '0' COMMENT 'Times Used',
  PRIMARY KEY (`rule_customer_id`),
  KEY `IDX_SALESRULE_CUSTOMER_RULE_ID_CUSTOMER_ID` (`rule_id`,`customer_id`),
  KEY `IDX_SALESRULE_CUSTOMER_CUSTOMER_ID_RULE_ID` (`customer_id`,`rule_id`),
  CONSTRAINT `FK_SALESRULE_CUSTOMER_CUSTOMER_ID_CUSTOMER_ENTITY_ENTITY_ID` FOREIGN KEY (`customer_id`) REFERENCES `customer_entity` (`entity_id`) ON DELETE CASCADE ON UPDATE CASCADE,
  CONSTRAINT `FK_SALESRULE_CUSTOMER_RULE_ID_SALESRULE_RULE_ID` FOREIGN KEY (`rule_id`) REFERENCES `salesrule` (`rule_id`) ON DELETE CASCADE ON UPDATE CASCADE
) ENGINE=InnoDB DEFAULT CHARSET=utf8 COMMENT='Salesrule Customer';

--
-- Dumping data for table `salesrule_customer`
--


--
-- Table structure for table `salesrule_customer_group`
--

CREATE TABLE `salesrule_customer_group` (
  `rule_id` int(10) unsigned NOT NULL COMMENT 'Rule Id',
  `customer_group_id` smallint(5) unsigned NOT NULL COMMENT 'Customer Group Id',
  PRIMARY KEY (`rule_id`,`customer_group_id`),
  KEY `IDX_SALESRULE_CUSTOMER_GROUP_RULE_ID` (`rule_id`),
  KEY `IDX_SALESRULE_CUSTOMER_GROUP_CUSTOMER_GROUP_ID` (`customer_group_id`),
  CONSTRAINT `FK_SALESRULE_CSTR_GROUP_CSTR_GROUP_ID_CSTR_GROUP_CSTR_GROUP_ID` FOREIGN KEY (`customer_group_id`) REFERENCES `customer_group` (`customer_group_id`) ON DELETE CASCADE ON UPDATE CASCADE,
  CONSTRAINT `FK_SALESRULE_CUSTOMER_GROUP_RULE_ID_SALESRULE_RULE_ID` FOREIGN KEY (`rule_id`) REFERENCES `salesrule` (`rule_id`) ON DELETE CASCADE ON UPDATE CASCADE
) ENGINE=InnoDB DEFAULT CHARSET=utf8 COMMENT='Sales Rules To Customer Groups Relations';

--
-- Dumping data for table `salesrule_customer_group`
--


--
-- Table structure for table `salesrule_label`
--

CREATE TABLE `salesrule_label` (
  `label_id` int(10) unsigned NOT NULL AUTO_INCREMENT COMMENT 'Label Id',
  `rule_id` int(10) unsigned NOT NULL COMMENT 'Rule Id',
  `store_id` smallint(5) unsigned NOT NULL COMMENT 'Store Id',
  `label` varchar(255) DEFAULT NULL COMMENT 'Label',
  PRIMARY KEY (`label_id`),
  UNIQUE KEY `UNQ_SALESRULE_LABEL_RULE_ID_STORE_ID` (`rule_id`,`store_id`),
  KEY `IDX_SALESRULE_LABEL_STORE_ID` (`store_id`),
  KEY `IDX_SALESRULE_LABEL_RULE_ID` (`rule_id`),
  CONSTRAINT `FK_SALESRULE_LABEL_RULE_ID_SALESRULE_RULE_ID` FOREIGN KEY (`rule_id`) REFERENCES `salesrule` (`rule_id`) ON DELETE CASCADE ON UPDATE CASCADE,
  CONSTRAINT `FK_SALESRULE_LABEL_STORE_ID_CORE_STORE_STORE_ID` FOREIGN KEY (`store_id`) REFERENCES `core_store` (`store_id`) ON DELETE CASCADE ON UPDATE CASCADE
) ENGINE=InnoDB DEFAULT CHARSET=utf8 COMMENT='Salesrule Label';

--
-- Dumping data for table `salesrule_label`
--


--
-- Table structure for table `salesrule_product_attribute`
--

CREATE TABLE `salesrule_product_attribute` (
  `rule_id` int(10) unsigned NOT NULL COMMENT 'Rule Id',
  `website_id` smallint(5) unsigned NOT NULL COMMENT 'Website Id',
  `customer_group_id` smallint(5) unsigned NOT NULL COMMENT 'Customer Group Id',
  `attribute_id` smallint(5) unsigned NOT NULL COMMENT 'Attribute Id',
  PRIMARY KEY (`rule_id`,`website_id`,`customer_group_id`,`attribute_id`),
  KEY `IDX_SALESRULE_PRODUCT_ATTRIBUTE_WEBSITE_ID` (`website_id`),
  KEY `IDX_SALESRULE_PRODUCT_ATTRIBUTE_CUSTOMER_GROUP_ID` (`customer_group_id`),
  KEY `IDX_SALESRULE_PRODUCT_ATTRIBUTE_ATTRIBUTE_ID` (`attribute_id`),
  CONSTRAINT `FK_SALESRULE_PRD_ATTR_ATTR_ID_EAV_ATTR_ATTR_ID` FOREIGN KEY (`attribute_id`) REFERENCES `eav_attribute` (`attribute_id`) ON DELETE CASCADE ON UPDATE NO ACTION,
  CONSTRAINT `FK_SALESRULE_PRD_ATTR_CSTR_GROUP_ID_CSTR_GROUP_CSTR_GROUP_ID` FOREIGN KEY (`customer_group_id`) REFERENCES `customer_group` (`customer_group_id`) ON DELETE CASCADE ON UPDATE NO ACTION,
  CONSTRAINT `FK_SALESRULE_PRD_ATTR_WS_ID_CORE_WS_WS_ID` FOREIGN KEY (`website_id`) REFERENCES `core_website` (`website_id`) ON DELETE CASCADE ON UPDATE NO ACTION,
  CONSTRAINT `FK_SALESRULE_PRODUCT_ATTRIBUTE_RULE_ID_SALESRULE_RULE_ID` FOREIGN KEY (`rule_id`) REFERENCES `salesrule` (`rule_id`) ON DELETE CASCADE ON UPDATE NO ACTION
) ENGINE=InnoDB DEFAULT CHARSET=utf8 COMMENT='Salesrule Product Attribute';

--
-- Dumping data for table `salesrule_product_attribute`
--


--
-- Table structure for table `salesrule_website`
--

CREATE TABLE `salesrule_website` (
  `rule_id` int(10) unsigned NOT NULL COMMENT 'Rule Id',
  `website_id` smallint(5) unsigned NOT NULL COMMENT 'Website Id',
  PRIMARY KEY (`rule_id`,`website_id`),
  KEY `IDX_SALESRULE_WEBSITE_RULE_ID` (`rule_id`),
  KEY `IDX_SALESRULE_WEBSITE_WEBSITE_ID` (`website_id`),
  CONSTRAINT `FK_SALESRULE_WEBSITE_RULE_ID_SALESRULE_RULE_ID` FOREIGN KEY (`rule_id`) REFERENCES `salesrule` (`rule_id`) ON DELETE CASCADE ON UPDATE CASCADE,
  CONSTRAINT `FK_SALESRULE_WEBSITE_WEBSITE_ID_CORE_WEBSITE_WEBSITE_ID` FOREIGN KEY (`website_id`) REFERENCES `core_website` (`website_id`) ON DELETE CASCADE ON UPDATE CASCADE
) ENGINE=InnoDB DEFAULT CHARSET=utf8 COMMENT='Sales Rules To Websites Relations';

--
-- Dumping data for table `salesrule_website`
--


--
-- Table structure for table `sendfriend_log`
--

CREATE TABLE `sendfriend_log` (
  `log_id` int(10) unsigned NOT NULL AUTO_INCREMENT COMMENT 'Log ID',
  `ip` bigint(20) unsigned NOT NULL DEFAULT '0' COMMENT 'Customer IP address',
  `time` int(10) unsigned NOT NULL DEFAULT '0' COMMENT 'Log time',
  `website_id` smallint(5) unsigned NOT NULL DEFAULT '0' COMMENT 'Website ID',
  PRIMARY KEY (`log_id`),
  KEY `IDX_SENDFRIEND_LOG_IP` (`ip`),
  KEY `IDX_SENDFRIEND_LOG_TIME` (`time`)
) ENGINE=InnoDB DEFAULT CHARSET=utf8 COMMENT='Send to friend function log storage table';

--
-- Dumping data for table `sendfriend_log`
--


--
-- Table structure for table `shipping_tablerate`
--

CREATE TABLE `shipping_tablerate` (
  `pk` int(10) unsigned NOT NULL AUTO_INCREMENT COMMENT 'Primary key',
  `website_id` int(11) NOT NULL DEFAULT '0' COMMENT 'Website Id',
  `dest_country_id` varchar(4) NOT NULL DEFAULT '0' COMMENT 'Destination coutry ISO/2 or ISO/3 code',
  `dest_region_id` int(11) NOT NULL DEFAULT '0' COMMENT 'Destination Region Id',
  `dest_zip` varchar(10) NOT NULL DEFAULT '*' COMMENT 'Destination Post Code (Zip)',
  `condition_name` varchar(20) NOT NULL COMMENT 'Rate Condition name',
  `condition_value` decimal(12,4) NOT NULL DEFAULT '0.0000' COMMENT 'Rate condition value',
  `price` decimal(12,4) NOT NULL DEFAULT '0.0000' COMMENT 'Price',
  `cost` decimal(12,4) NOT NULL DEFAULT '0.0000' COMMENT 'Cost',
  PRIMARY KEY (`pk`),
  UNIQUE KEY `D60821CDB2AFACEE1566CFC02D0D4CAA` (`website_id`,`dest_country_id`,`dest_region_id`,`dest_zip`,`condition_name`,`condition_value`)
) ENGINE=InnoDB DEFAULT CHARSET=utf8 COMMENT='Shipping Tablerate';

--
-- Dumping data for table `shipping_tablerate`
--


--
-- Table structure for table `sitemap`
--

CREATE TABLE `sitemap` (
  `sitemap_id` int(10) unsigned NOT NULL AUTO_INCREMENT COMMENT 'Sitemap Id',
  `sitemap_type` varchar(32) DEFAULT NULL COMMENT 'Sitemap Type',
  `sitemap_filename` varchar(32) DEFAULT NULL COMMENT 'Sitemap Filename',
  `sitemap_path` varchar(255) DEFAULT NULL COMMENT 'Sitemap Path',
  `sitemap_time` timestamp NULL DEFAULT NULL COMMENT 'Sitemap Time',
  `store_id` smallint(5) unsigned NOT NULL DEFAULT '0' COMMENT 'Store id',
  PRIMARY KEY (`sitemap_id`),
  KEY `IDX_SITEMAP_STORE_ID` (`store_id`),
  CONSTRAINT `FK_SITEMAP_STORE_ID_CORE_STORE_STORE_ID` FOREIGN KEY (`store_id`) REFERENCES `core_store` (`store_id`) ON DELETE CASCADE ON UPDATE CASCADE
) ENGINE=InnoDB DEFAULT CHARSET=utf8 COMMENT='Google Sitemap';

--
-- Dumping data for table `sitemap`
--


--
-- Table structure for table `tag`
--

CREATE TABLE `tag` (
  `tag_id` int(10) unsigned NOT NULL AUTO_INCREMENT COMMENT 'Tag Id',
  `name` varchar(255) DEFAULT NULL COMMENT 'Name',
  `status` smallint(6) NOT NULL DEFAULT '0' COMMENT 'Status',
  `first_customer_id` int(10) unsigned DEFAULT NULL COMMENT 'First Customer Id',
  `first_store_id` smallint(5) unsigned DEFAULT NULL COMMENT 'First Store Id',
  PRIMARY KEY (`tag_id`),
  KEY `FK_TAG_FIRST_CUSTOMER_ID_CUSTOMER_ENTITY_ENTITY_ID` (`first_customer_id`),
  KEY `FK_TAG_FIRST_STORE_ID_CORE_STORE_STORE_ID` (`first_store_id`),
  CONSTRAINT `FK_TAG_FIRST_CUSTOMER_ID_CUSTOMER_ENTITY_ENTITY_ID` FOREIGN KEY (`first_customer_id`) REFERENCES `customer_entity` (`entity_id`) ON DELETE SET NULL ON UPDATE NO ACTION,
  CONSTRAINT `FK_TAG_FIRST_STORE_ID_CORE_STORE_STORE_ID` FOREIGN KEY (`first_store_id`) REFERENCES `core_store` (`store_id`) ON DELETE SET NULL ON UPDATE NO ACTION
) ENGINE=InnoDB AUTO_INCREMENT=199 DEFAULT CHARSET=utf8 ROW_FORMAT=DYNAMIC COMMENT='Tag';

--
-- Dumping data for table `tag`
--

INSERT INTO `tag` VALUES (1,'bed',1,1,1),(2,'trendy',1,1,1),(3,'wood',1,1,1),(4,'young',1,1,1),(5,'hip',1,1,1),(6,'Excellent',1,1,1),(7,'Furniture',1,1,1),(8,'modern',1,1,1),(9,'pocket',1,1,1),(10,'clean',1,1,1),(11,'apple',1,1,1),(12,'cool',1,1,1),(13,'universal',1,1,1),(14,'clogs',1,1,1),(15,'outdoor',1,1,1),(16,'green',1,1,1),(17,'bones',1,1,1),(18,'pda',1,1,1),(19,'slider',1,1,1),(20,'mobile',1,1,1),(21,'joe',1,1,1),(22,'laces',1,1,1),(23,'Camera',1,1,2),(24,'charger',1,1,2),(25,'Geil',1,1,2),(26,'crackberry',1,1,1),(27,'SEXY',1,1,1),(28,'tight',1,1,1),(29,'Test',1,1,1),(30,'red',1,1,1),(31,'sandals',1,1,1),(32,'design',1,1,1),(33,'ugly',1,1,1),(34,'rubber',1,1,1),(35,'light',1,1,1),(36,'monikas',1,1,1),(37,'t-shirt',1,1,1),(38,'test,',1,1,1),(39,'Sportsshoes',1,1,1),(40,'very',1,1,1),(41,'good',1,1,1),(42,'phone',1,1,1),(43,'favorite',1,1,1),(44,'shoe',1,1,1),(45,'shirt',1,1,1),(46,'monkeybutt',1,1,1),(47,'pizzamonkey',1,1,1),(48,'silver',1,1,1),(49,'black',1,1,1),(50,'sony',1,1,1),(51,'laptop',1,1,1),(52,'compact',1,1,1),(53,'small screen',1,1,1),(54,'tee-shirt',1,1,1),(55,'computer',1,1,1),(56,'shoes',1,1,1),(57,'sandale',1,1,1),(58,'tina',1,1,1),(59,'brown',1,1,1),(60,'lova',1,1,1),(61,'Tag',1,1,1),(62,'toes',-1,1,1),(63,'mniam',1,1,1),(64,'couch',1,1,1),(65,'chair',1,1,1),(66,'sandals,',1,1,1),(67,'blue,',1,1,1),(68,'shoes,',1,1,1),(69,'small',1,1,1),(70,'nice',1,1,1),(71,'badassness',1,1,1),(72,'cellotastic',1,1,1),(73,'macbook',1,1,1),(74,'mac',1,1,1),(75,'thongs',1,1,1),(76,'bla',1,1,3),(77,'notebook',1,1,2),(78,'phonex',1,1,1),(79,'süper',1,1,1),(80,'testing',1,1,1),(81,'awesome',1,1,1),(82,'holeys',1,1,1),(83,'Innovate',1,1,1),(84,'buenisimo',1,1,1),(85,'laptopik',1,1,1),(86,'rouge',1,1,1),(87,'modern,',1,1,1),(88,'moderne',1,1,1),(89,'blue',1,1,1),(90,'sandally',1,1,1),(91,'zoom',1,1,1),(92,'amazing',1,1,1),(93,'acer',1,1,1),(94,'portable',1,1,1),(95,'nippley',1,1,1),(96,'headless',1,1,1),(97,'prettyboy',1,1,1),(98,'grey',1,1,1),(99,'pouffe',1,1,1),(100,'teste',1,1,1),(101,'photography',1,1,1),(102,'handy',1,1,2),(103,'strange',1,1,2),(104,'skeleton',1,1,2),(105,'terry\'s',1,1,1),(106,'green,',1,1,1),(107,'sexy,',1,1,1),(108,'hi',1,1,1),(109,'Hohoho',1,1,2),(110,'Image',1,1,1),(111,'canape',1,1,1),(112,'chic',1,1,1),(113,'dresser',1,1,1),(114,'lens',1,1,1),(115,'schoen',1,1,1),(116,'golf',1,1,1),(117,'philip',1,1,1),(118,'coconut',1,1,1),(119,'mytag',1,1,1),(120,'mesas',1,1,1),(121,'hideous',1,1,1),(122,'mystuff',1,1,1),(123,'user',1,1,1),(124,'shittt',1,1,1),(125,'sex',1,1,1),(126,'sucks',1,1,1),(127,'whynot',1,1,3),(128,'camera-photo',1,1,3),(129,'wow',1,1,1),(130,'kzyhu',1,1,1),(131,'badminded',1,1,2),(132,'noerd',1,1,2),(133,'square',1,1,1),(134,'beach',1,1,1),(135,'Core Duo',1,1,1),(136,'spray',1,1,1),(137,'paint',1,1,1),(138,'tempos',1,1,1),(139,'teacher',1,1,1),(140,'ATT',1,1,1),(141,'BlackBerry',1,1,1),(142,'gadget',1,1,1),(143,'pas',1,1,3),(144,'mal',1,1,3),(145,'SMUKKE',1,1,1),(146,'kurti',1,1,1),(147,'larum',1,1,1),(148,'try',1,0,0),(149,'WAAAAAOOO',1,1,1),(150,'portatil',1,1,1),(151,'CRAPOTO',1,1,3),(152,'Kamera,',1,1,2),(153,'Camera,',1,1,2),(154,'Olympus',1,1,2),(155,'Nine',1,1,1),(156,'West',1,1,1),(157,'Women\'s',1,1,1),(158,'Lucero',1,1,1),(159,'Pump',1,1,1),(160,'Web',1,1,1),(161,'browser',1,1,1),(162,'content,',1,1,1),(163,'messaging',1,1,1),(164,'sessions,',1,1,1),(165,'and',-1,1,1),(166,'attachments.',1,1,1),(167,'Anashria',1,1,1),(168,'Womens',1,1,1),(169,'Premier',1,1,1),(170,'Leather',1,1,1),(171,'Sandal',1,1,1),(172,'arbeit',-1,1,2),(173,'crap',1,1,1),(174,'Walkman',1,1,1),(175,'gift',1,1,1),(176,'for',-1,1,1),(177,'her',1,1,1),(178,'Hupe',1,1,1),(179,'sleek',-1,1,1),(180,'samsung',1,1,1),(181,'footrest',1,1,1),(182,'shit',1,1,1),(183,'jogging',1,1,1),(184,'cool t-shirt',1,1,1),(185,'must get',1,1,1),(186,'bright',1,1,2),(187,'cellphone',1,1,1),(188,'comfort',1,1,3),(189,'ferrari',1,1,1),(190,'shiny',1,1,1),(191,'toll',1,1,1),(192,'warm',1,1,1),(193,'SOFA',1,1,1),(194,'fast',1,1,1),(195,'emo',1,1,1),(196,'smart',1,1,1),(197,'Canon',1,1,3),(198,'appletoys',1,1,1);

--
-- Table structure for table `tag_properties`
--

CREATE TABLE `tag_properties` (
  `tag_id` int(10) unsigned NOT NULL DEFAULT '0' COMMENT 'Tag Id',
  `store_id` smallint(5) unsigned NOT NULL DEFAULT '0' COMMENT 'Store Id',
  `base_popularity` int(10) unsigned NOT NULL DEFAULT '0' COMMENT 'Base Popularity',
  PRIMARY KEY (`tag_id`,`store_id`),
  KEY `IDX_TAG_PROPERTIES_STORE_ID` (`store_id`),
  CONSTRAINT `FK_TAG_PROPERTIES_STORE_ID_CORE_STORE_STORE_ID` FOREIGN KEY (`store_id`) REFERENCES `core_store` (`store_id`) ON DELETE CASCADE ON UPDATE CASCADE,
  CONSTRAINT `FK_TAG_PROPERTIES_TAG_ID_TAG_TAG_ID` FOREIGN KEY (`tag_id`) REFERENCES `tag` (`tag_id`) ON DELETE CASCADE ON UPDATE CASCADE
) ENGINE=InnoDB DEFAULT CHARSET=utf8 COMMENT='Tag Properties';

--
-- Dumping data for table `tag_properties`
--


--
-- Table structure for table `tag_relation`
--

CREATE TABLE `tag_relation` (
  `tag_relation_id` int(10) unsigned NOT NULL AUTO_INCREMENT COMMENT 'Tag Relation Id',
  `tag_id` int(10) unsigned NOT NULL DEFAULT '0' COMMENT 'Tag Id',
  `customer_id` int(10) unsigned DEFAULT NULL COMMENT 'Customer Id',
  `product_id` int(10) unsigned NOT NULL DEFAULT '0' COMMENT 'Product Id',
  `store_id` smallint(5) unsigned NOT NULL DEFAULT '1' COMMENT 'Store Id',
  `active` smallint(5) unsigned NOT NULL DEFAULT '1' COMMENT 'Active',
  `created_at` timestamp NULL DEFAULT NULL COMMENT 'Created At',
  PRIMARY KEY (`tag_relation_id`),
  UNIQUE KEY `UNQ_TAG_RELATION_TAG_ID_CUSTOMER_ID_PRODUCT_ID_STORE_ID` (`tag_id`,`customer_id`,`product_id`,`store_id`),
  KEY `IDX_TAG_RELATION_PRODUCT_ID` (`product_id`),
  KEY `IDX_TAG_RELATION_TAG_ID` (`tag_id`),
  KEY `IDX_TAG_RELATION_CUSTOMER_ID` (`customer_id`),
  KEY `IDX_TAG_RELATION_STORE_ID` (`store_id`),
  CONSTRAINT `FK_TAG_RELATION_CUSTOMER_ID_CUSTOMER_ENTITY_ENTITY_ID` FOREIGN KEY (`customer_id`) REFERENCES `customer_entity` (`entity_id`) ON DELETE CASCADE ON UPDATE CASCADE,
  CONSTRAINT `FK_TAG_RELATION_PRODUCT_ID_CATALOG_PRODUCT_ENTITY_ENTITY_ID` FOREIGN KEY (`product_id`) REFERENCES `catalog_product_entity` (`entity_id`) ON DELETE CASCADE ON UPDATE CASCADE,
  CONSTRAINT `FK_TAG_RELATION_STORE_ID_CORE_STORE_STORE_ID` FOREIGN KEY (`store_id`) REFERENCES `core_store` (`store_id`) ON DELETE CASCADE ON UPDATE CASCADE,
  CONSTRAINT `FK_TAG_RELATION_TAG_ID_TAG_TAG_ID` FOREIGN KEY (`tag_id`) REFERENCES `tag` (`tag_id`) ON DELETE CASCADE ON UPDATE CASCADE
) ENGINE=InnoDB DEFAULT CHARSET=utf8 COMMENT='Tag Relation';

--
-- Dumping data for table `tag_relation`
--


--
-- Table structure for table `tag_summary`
--

CREATE TABLE `tag_summary` (
  `tag_id` int(10) unsigned NOT NULL DEFAULT '0' COMMENT 'Tag Id',
  `store_id` smallint(5) unsigned NOT NULL DEFAULT '0' COMMENT 'Store Id',
  `customers` int(10) unsigned NOT NULL DEFAULT '0' COMMENT 'Customers',
  `products` int(10) unsigned NOT NULL DEFAULT '0' COMMENT 'Products',
  `uses` int(10) unsigned NOT NULL DEFAULT '0' COMMENT 'Uses',
  `historical_uses` int(10) unsigned NOT NULL DEFAULT '0' COMMENT 'Historical Uses',
  `popularity` int(10) unsigned NOT NULL DEFAULT '0' COMMENT 'Popularity',
  `base_popularity` int(10) unsigned NOT NULL DEFAULT '0' COMMENT 'Base Popularity',
  PRIMARY KEY (`tag_id`,`store_id`),
  KEY `IDX_TAG_SUMMARY_STORE_ID` (`store_id`),
  KEY `IDX_TAG_SUMMARY_TAG_ID` (`tag_id`),
  CONSTRAINT `FK_TAG_SUMMARY_STORE_ID_CORE_STORE_STORE_ID` FOREIGN KEY (`store_id`) REFERENCES `core_store` (`store_id`) ON DELETE CASCADE ON UPDATE CASCADE,
  CONSTRAINT `FK_TAG_SUMMARY_TAG_ID_TAG_TAG_ID` FOREIGN KEY (`tag_id`) REFERENCES `tag` (`tag_id`) ON DELETE CASCADE ON UPDATE CASCADE
) ENGINE=InnoDB DEFAULT CHARSET=utf8 COMMENT='Tag Summary';

--
-- Dumping data for table `tag_summary`
--


--
-- Table structure for table `tax_calculation`
--

CREATE TABLE `tax_calculation` (
  `tax_calculation_rate_id` int(11) NOT NULL COMMENT 'Tax Calculation Rate Id',
  `tax_calculation_rule_id` int(11) NOT NULL COMMENT 'Tax Calculation Rule Id',
  `customer_tax_class_id` smallint(6) NOT NULL COMMENT 'Customer Tax Class Id',
  `product_tax_class_id` smallint(6) NOT NULL COMMENT 'Product Tax Class Id',
  `tax_calculation_id` int(11) NOT NULL AUTO_INCREMENT COMMENT 'Tax Calculation Id',
  PRIMARY KEY (`tax_calculation_id`),
  KEY `IDX_TAX_CALCULATION_TAX_CALCULATION_RULE_ID` (`tax_calculation_rule_id`),
  KEY `IDX_TAX_CALCULATION_TAX_CALCULATION_RATE_ID` (`tax_calculation_rate_id`),
  KEY `IDX_TAX_CALCULATION_CUSTOMER_TAX_CLASS_ID` (`customer_tax_class_id`),
  KEY `IDX_TAX_CALCULATION_PRODUCT_TAX_CLASS_ID` (`product_tax_class_id`),
  KEY `IDX_TAX_CALC_TAX_CALC_RATE_ID_CSTR_TAX_CLASS_ID_PRD_TAX_CLASS_ID` (`tax_calculation_rate_id`,`customer_tax_class_id`,`product_tax_class_id`),
  CONSTRAINT `FK_TAX_CALCULATION_CUSTOMER_TAX_CLASS_ID_TAX_CLASS_CLASS_ID` FOREIGN KEY (`customer_tax_class_id`) REFERENCES `tax_class` (`class_id`) ON DELETE CASCADE ON UPDATE CASCADE,
  CONSTRAINT `FK_TAX_CALCULATION_PRODUCT_TAX_CLASS_ID_TAX_CLASS_CLASS_ID` FOREIGN KEY (`product_tax_class_id`) REFERENCES `tax_class` (`class_id`) ON DELETE CASCADE ON UPDATE CASCADE,
  CONSTRAINT `FK_TAX_CALC_TAX_CALC_RATE_ID_TAX_CALC_RATE_TAX_CALC_RATE_ID` FOREIGN KEY (`tax_calculation_rate_id`) REFERENCES `tax_calculation_rate` (`tax_calculation_rate_id`) ON DELETE CASCADE ON UPDATE CASCADE,
  CONSTRAINT `FK_TAX_CALC_TAX_CALC_RULE_ID_TAX_CALC_RULE_TAX_CALC_RULE_ID` FOREIGN KEY (`tax_calculation_rule_id`) REFERENCES `tax_calculation_rule` (`tax_calculation_rule_id`) ON DELETE CASCADE ON UPDATE CASCADE
) ENGINE=InnoDB AUTO_INCREMENT=5 DEFAULT CHARSET=utf8 COMMENT='Tax Calculation';

--
-- Dumping data for table `tax_calculation`
--

INSERT INTO `tax_calculation` VALUES (1,2,3,1,1),(2,2,3,1,2),(1,1,3,2,3),(2,1,3,2,4);

--
-- Table structure for table `tax_calculation_rate`
--

CREATE TABLE `tax_calculation_rate` (
  `tax_calculation_rate_id` int(11) NOT NULL AUTO_INCREMENT COMMENT 'Tax Calculation Rate Id',
  `tax_country_id` varchar(2) NOT NULL COMMENT 'Tax Country Id',
  `tax_region_id` int(11) NOT NULL COMMENT 'Tax Region Id',
  `tax_postcode` varchar(21) DEFAULT NULL COMMENT 'Tax Postcode',
  `code` varchar(255) NOT NULL COMMENT 'Code',
  `rate` decimal(12,4) NOT NULL DEFAULT '0.0000' COMMENT 'Rate',
  `zip_is_range` smallint(6) DEFAULT NULL COMMENT 'Zip Is Range',
  `zip_from` int(10) unsigned DEFAULT NULL COMMENT 'Zip From',
  `zip_to` int(10) unsigned DEFAULT NULL COMMENT 'Zip To',
  PRIMARY KEY (`tax_calculation_rate_id`),
  KEY `IDX_TAX_CALC_RATE_TAX_COUNTRY_ID_TAX_REGION_ID_TAX_POSTCODE` (`tax_country_id`,`tax_region_id`,`tax_postcode`),
  KEY `IDX_TAX_CALCULATION_RATE_CODE` (`code`),
  KEY `CA799F1E2CB843495F601E56C84A626D` (`tax_calculation_rate_id`,`tax_country_id`,`tax_region_id`,`zip_is_range`,`tax_postcode`)
) ENGINE=InnoDB AUTO_INCREMENT=3 DEFAULT CHARSET=utf8 COMMENT='Tax Calculation Rate';

--
-- Dumping data for table `tax_calculation_rate`
--

INSERT INTO `tax_calculation_rate` VALUES (1,'US',12,'*','US-CA-*-Rate 1',8.2500,NULL,NULL,NULL),(2,'US',43,'*','US-NY-*-Rate 1',8.3750,NULL,NULL,NULL);

--
-- Table structure for table `tax_calculation_rate_title`
--

CREATE TABLE `tax_calculation_rate_title` (
  `tax_calculation_rate_title_id` int(11) NOT NULL AUTO_INCREMENT COMMENT 'Tax Calculation Rate Title Id',
  `tax_calculation_rate_id` int(11) NOT NULL COMMENT 'Tax Calculation Rate Id',
  `store_id` smallint(5) unsigned NOT NULL COMMENT 'Store Id',
  `value` varchar(255) NOT NULL COMMENT 'Value',
  PRIMARY KEY (`tax_calculation_rate_title_id`),
  KEY `IDX_TAX_CALCULATION_RATE_TITLE_TAX_CALCULATION_RATE_ID_STORE_ID` (`tax_calculation_rate_id`,`store_id`),
  KEY `IDX_TAX_CALCULATION_RATE_TITLE_TAX_CALCULATION_RATE_ID` (`tax_calculation_rate_id`),
  KEY `IDX_TAX_CALCULATION_RATE_TITLE_STORE_ID` (`store_id`),
  CONSTRAINT `FK_37FB965F786AD5897BB3AE90470C42AB` FOREIGN KEY (`tax_calculation_rate_id`) REFERENCES `tax_calculation_rate` (`tax_calculation_rate_id`) ON DELETE CASCADE ON UPDATE CASCADE,
  CONSTRAINT `FK_TAX_CALCULATION_RATE_TITLE_STORE_ID_CORE_STORE_STORE_ID` FOREIGN KEY (`store_id`) REFERENCES `core_store` (`store_id`) ON DELETE CASCADE ON UPDATE CASCADE
) ENGINE=InnoDB DEFAULT CHARSET=utf8 COMMENT='Tax Calculation Rate Title';

--
-- Dumping data for table `tax_calculation_rate_title`
--


--
-- Table structure for table `tax_calculation_rule`
--

CREATE TABLE `tax_calculation_rule` (
  `tax_calculation_rule_id` int(11) NOT NULL AUTO_INCREMENT COMMENT 'Tax Calculation Rule Id',
  `code` varchar(255) NOT NULL COMMENT 'Code',
  `priority` int(11) NOT NULL COMMENT 'Priority',
  `position` int(11) NOT NULL COMMENT 'Position',
  PRIMARY KEY (`tax_calculation_rule_id`),
  KEY `IDX_TAX_CALC_RULE_PRIORITY_POSITION_TAX_CALC_RULE_ID` (`priority`,`position`,`tax_calculation_rule_id`),
  KEY `IDX_TAX_CALCULATION_RULE_CODE` (`code`)
) ENGINE=InnoDB AUTO_INCREMENT=3 DEFAULT CHARSET=utf8 COMMENT='Tax Calculation Rule';

--
-- Dumping data for table `tax_calculation_rule`
--

INSERT INTO `tax_calculation_rule` VALUES (1,'Retail Customer-Taxable Goods-Rate 1',1,1),(2,'Retail Customer-default-Rate 1',1,1);

--
-- Table structure for table `tax_class`
--

CREATE TABLE `tax_class` (
  `class_id` smallint(6) NOT NULL AUTO_INCREMENT COMMENT 'Class Id',
  `class_name` varchar(255) NOT NULL COMMENT 'Class Name',
  `class_type` varchar(8) NOT NULL DEFAULT 'CUSTOMER' COMMENT 'Class Type',
  PRIMARY KEY (`class_id`)
) ENGINE=InnoDB AUTO_INCREMENT=5 DEFAULT CHARSET=utf8 COMMENT='Tax Class';

--
-- Dumping data for table `tax_class`
--

INSERT INTO `tax_class` VALUES (1,'default','PRODUCT'),(2,'Taxable Goods','PRODUCT'),(3,'Retail Customer','CUSTOMER'),(4,'Shipping','PRODUCT');

--
-- Table structure for table `tax_order_aggregated_created`
--

CREATE TABLE `tax_order_aggregated_created` (
  `id` int(10) unsigned NOT NULL AUTO_INCREMENT COMMENT 'Id',
  `period` date DEFAULT NULL COMMENT 'Period',
  `store_id` smallint(5) unsigned DEFAULT NULL COMMENT 'Store Id',
  `code` varchar(255) NOT NULL COMMENT 'Code',
  `order_status` varchar(50) NOT NULL COMMENT 'Order Status',
  `percent` float DEFAULT NULL COMMENT 'Percent',
  `orders_count` int(10) unsigned NOT NULL DEFAULT '0' COMMENT 'Orders Count',
  `tax_base_amount_sum` float DEFAULT NULL COMMENT 'Tax Base Amount Sum',
  PRIMARY KEY (`id`),
  UNIQUE KEY `FCA5E2C02689EB2641B30580D7AACF12` (`period`,`store_id`,`code`,`percent`,`order_status`),
  KEY `IDX_TAX_ORDER_AGGREGATED_CREATED_STORE_ID` (`store_id`),
  CONSTRAINT `FK_TAX_ORDER_AGGREGATED_CREATED_STORE_ID_CORE_STORE_STORE_ID` FOREIGN KEY (`store_id`) REFERENCES `core_store` (`store_id`) ON DELETE CASCADE ON UPDATE CASCADE
) ENGINE=InnoDB DEFAULT CHARSET=utf8 COMMENT='Tax Order Aggregation';

--
-- Dumping data for table `tax_order_aggregated_created`
--


--
-- Table structure for table `tax_order_aggregated_updated`
--

CREATE TABLE `tax_order_aggregated_updated` (
  `id` int(10) unsigned NOT NULL AUTO_INCREMENT COMMENT 'Id',
  `period` date DEFAULT NULL COMMENT 'Period',
  `store_id` smallint(5) unsigned DEFAULT NULL COMMENT 'Store Id',
  `code` varchar(255) NOT NULL COMMENT 'Code',
  `order_status` varchar(50) NOT NULL COMMENT 'Order Status',
  `percent` float DEFAULT NULL COMMENT 'Percent',
  `orders_count` int(10) unsigned NOT NULL DEFAULT '0' COMMENT 'Orders Count',
  `tax_base_amount_sum` float DEFAULT NULL COMMENT 'Tax Base Amount Sum',
  PRIMARY KEY (`id`),
  UNIQUE KEY `DB0AF14011199AA6CD31D5078B90AA8D` (`period`,`store_id`,`code`,`percent`,`order_status`),
  KEY `IDX_TAX_ORDER_AGGREGATED_UPDATED_STORE_ID` (`store_id`),
  CONSTRAINT `FK_TAX_ORDER_AGGREGATED_UPDATED_STORE_ID_CORE_STORE_STORE_ID` FOREIGN KEY (`store_id`) REFERENCES `core_store` (`store_id`) ON DELETE CASCADE ON UPDATE CASCADE
) ENGINE=InnoDB DEFAULT CHARSET=utf8 COMMENT='Tax Order Aggregated Updated';

--
-- Dumping data for table `tax_order_aggregated_updated`
--


--
-- Table structure for table `weee_discount`
--

CREATE TABLE `weee_discount` (
  `entity_id` int(10) unsigned NOT NULL DEFAULT '0' COMMENT 'Entity Id',
  `website_id` smallint(5) unsigned NOT NULL DEFAULT '0' COMMENT 'Website Id',
  `customer_group_id` smallint(5) unsigned NOT NULL COMMENT 'Customer Group Id',
  `value` decimal(12,4) NOT NULL DEFAULT '0.0000' COMMENT 'Value',
  KEY `IDX_WEEE_DISCOUNT_WEBSITE_ID` (`website_id`),
  KEY `IDX_WEEE_DISCOUNT_ENTITY_ID` (`entity_id`),
  KEY `IDX_WEEE_DISCOUNT_CUSTOMER_GROUP_ID` (`customer_group_id`),
  CONSTRAINT `FK_WEEE_DISCOUNT_CSTR_GROUP_ID_CSTR_GROUP_CSTR_GROUP_ID` FOREIGN KEY (`customer_group_id`) REFERENCES `customer_group` (`customer_group_id`) ON DELETE CASCADE ON UPDATE CASCADE,
  CONSTRAINT `FK_WEEE_DISCOUNT_ENTITY_ID_CATALOG_PRODUCT_ENTITY_ENTITY_ID` FOREIGN KEY (`entity_id`) REFERENCES `catalog_product_entity` (`entity_id`) ON DELETE CASCADE ON UPDATE CASCADE,
  CONSTRAINT `FK_WEEE_DISCOUNT_WEBSITE_ID_CORE_WEBSITE_WEBSITE_ID` FOREIGN KEY (`website_id`) REFERENCES `core_website` (`website_id`) ON DELETE CASCADE ON UPDATE CASCADE
) ENGINE=InnoDB DEFAULT CHARSET=utf8 COMMENT='Weee Discount';

--
-- Dumping data for table `weee_discount`
--


--
-- Table structure for table `weee_tax`
--

CREATE TABLE `weee_tax` (
  `value_id` int(11) NOT NULL AUTO_INCREMENT COMMENT 'Value Id',
  `website_id` smallint(5) unsigned NOT NULL DEFAULT '0' COMMENT 'Website Id',
  `entity_id` int(10) unsigned NOT NULL DEFAULT '0' COMMENT 'Entity Id',
  `country` varchar(2) DEFAULT NULL COMMENT 'Country',
  `value` decimal(12,4) NOT NULL DEFAULT '0.0000' COMMENT 'Value',
  `state` varchar(255) NOT NULL DEFAULT '*' COMMENT 'State',
  `attribute_id` smallint(5) unsigned NOT NULL COMMENT 'Attribute Id',
  `entity_type_id` smallint(5) unsigned NOT NULL COMMENT 'Entity Type Id',
  PRIMARY KEY (`value_id`),
  KEY `IDX_WEEE_TAX_WEBSITE_ID` (`website_id`),
  KEY `IDX_WEEE_TAX_ENTITY_ID` (`entity_id`),
  KEY `IDX_WEEE_TAX_COUNTRY` (`country`),
  KEY `IDX_WEEE_TAX_ATTRIBUTE_ID` (`attribute_id`),
  CONSTRAINT `FK_WEEE_TAX_ATTRIBUTE_ID_EAV_ATTRIBUTE_ATTRIBUTE_ID` FOREIGN KEY (`attribute_id`) REFERENCES `eav_attribute` (`attribute_id`) ON DELETE CASCADE ON UPDATE CASCADE,
  CONSTRAINT `FK_WEEE_TAX_COUNTRY_DIRECTORY_COUNTRY_COUNTRY_ID` FOREIGN KEY (`country`) REFERENCES `directory_country` (`country_id`) ON DELETE CASCADE ON UPDATE CASCADE,
  CONSTRAINT `FK_WEEE_TAX_ENTITY_ID_CATALOG_PRODUCT_ENTITY_ENTITY_ID` FOREIGN KEY (`entity_id`) REFERENCES `catalog_product_entity` (`entity_id`) ON DELETE CASCADE ON UPDATE CASCADE,
  CONSTRAINT `FK_WEEE_TAX_WEBSITE_ID_CORE_WEBSITE_WEBSITE_ID` FOREIGN KEY (`website_id`) REFERENCES `core_website` (`website_id`) ON DELETE CASCADE ON UPDATE CASCADE
) ENGINE=InnoDB DEFAULT CHARSET=utf8 COMMENT='Weee Tax';

--
-- Dumping data for table `weee_tax`
--


--
-- Table structure for table `widget`
--

CREATE TABLE `widget` (
  `widget_id` int(10) unsigned NOT NULL AUTO_INCREMENT COMMENT 'Widget Id',
  `widget_code` varchar(255) DEFAULT NULL COMMENT 'Widget code for template directive',
  `widget_type` varchar(255) DEFAULT NULL COMMENT 'Widget Type',
  `parameters` text COMMENT 'Parameters',
  PRIMARY KEY (`widget_id`),
  KEY `IDX_WIDGET_WIDGET_CODE` (`widget_code`)
) ENGINE=InnoDB DEFAULT CHARSET=utf8 COMMENT='Preconfigured Widgets';

--
-- Dumping data for table `widget`
--


--
-- Table structure for table `widget_instance`
--

CREATE TABLE `widget_instance` (
  `instance_id` int(10) unsigned NOT NULL AUTO_INCREMENT COMMENT 'Instance Id',
  `instance_type` varchar(255) DEFAULT NULL COMMENT 'Instance Type',
  `package_theme` varchar(255) DEFAULT NULL COMMENT 'Package Theme',
  `title` varchar(255) DEFAULT NULL COMMENT 'Widget Title',
  `store_ids` varchar(255) NOT NULL DEFAULT '0' COMMENT 'Store ids',
  `widget_parameters` text COMMENT 'Widget parameters',
  `sort_order` smallint(5) unsigned NOT NULL DEFAULT '0' COMMENT 'Sort order',
  PRIMARY KEY (`instance_id`)
) ENGINE=InnoDB DEFAULT CHARSET=utf8 COMMENT='Instances of Widget for Package Theme';

--
-- Dumping data for table `widget_instance`
--


--
-- Table structure for table `widget_instance_page`
--

CREATE TABLE `widget_instance_page` (
  `page_id` int(10) unsigned NOT NULL AUTO_INCREMENT COMMENT 'Page Id',
  `instance_id` int(10) unsigned NOT NULL DEFAULT '0' COMMENT 'Instance Id',
  `page_group` varchar(25) DEFAULT NULL COMMENT 'Block Group Type',
  `layout_handle` varchar(255) DEFAULT NULL COMMENT 'Layout Handle',
  `block_reference` varchar(255) DEFAULT NULL COMMENT 'Block Reference',
  `page_for` varchar(25) DEFAULT NULL COMMENT 'For instance entities',
  `entities` text COMMENT 'Catalog entities (comma separated)',
  `page_template` varchar(255) DEFAULT NULL COMMENT 'Path to widget template',
  PRIMARY KEY (`page_id`),
  KEY `IDX_WIDGET_INSTANCE_PAGE_INSTANCE_ID` (`instance_id`),
  CONSTRAINT `FK_WIDGET_INSTANCE_PAGE_INSTANCE_ID_WIDGET_INSTANCE_INSTANCE_ID` FOREIGN KEY (`instance_id`) REFERENCES `widget_instance` (`instance_id`) ON DELETE CASCADE ON UPDATE CASCADE
) ENGINE=InnoDB DEFAULT CHARSET=utf8 COMMENT='Instance of Widget on Page';

--
-- Dumping data for table `widget_instance_page`
--


--
-- Table structure for table `widget_instance_page_layout`
--

CREATE TABLE `widget_instance_page_layout` (
  `page_id` int(10) unsigned NOT NULL DEFAULT '0' COMMENT 'Page Id',
  `layout_update_id` int(10) unsigned NOT NULL DEFAULT '0' COMMENT 'Layout Update Id',
  UNIQUE KEY `UNQ_WIDGET_INSTANCE_PAGE_LAYOUT_LAYOUT_UPDATE_ID_PAGE_ID` (`layout_update_id`,`page_id`),
  KEY `IDX_WIDGET_INSTANCE_PAGE_LAYOUT_PAGE_ID` (`page_id`),
  KEY `IDX_WIDGET_INSTANCE_PAGE_LAYOUT_LAYOUT_UPDATE_ID` (`layout_update_id`),
  CONSTRAINT `FK_0A5D06DCEC6A6845F50E5FAAC5A1C96D` FOREIGN KEY (`layout_update_id`) REFERENCES `core_layout_update` (`layout_update_id`) ON DELETE CASCADE ON UPDATE CASCADE,
  CONSTRAINT `FK_WIDGET_INSTANCE_PAGE_LYT_PAGE_ID_WIDGET_INSTANCE_PAGE_PAGE_ID` FOREIGN KEY (`page_id`) REFERENCES `widget_instance_page` (`page_id`) ON DELETE CASCADE ON UPDATE CASCADE
) ENGINE=InnoDB DEFAULT CHARSET=utf8 COMMENT='Layout updates';

--
-- Dumping data for table `widget_instance_page_layout`
--


--
-- Table structure for table `wishlist`
--

CREATE TABLE `wishlist` (
  `wishlist_id` int(10) unsigned NOT NULL AUTO_INCREMENT COMMENT 'Wishlist ID',
  `customer_id` int(10) unsigned NOT NULL DEFAULT '0' COMMENT 'Customer ID',
  `shared` smallint(5) unsigned NOT NULL DEFAULT '0' COMMENT 'Sharing flag (0 or 1)',
  `sharing_code` varchar(32) DEFAULT NULL COMMENT 'Sharing encrypted code',
  `updated_at` timestamp NULL DEFAULT NULL COMMENT 'Last updated date',
  PRIMARY KEY (`wishlist_id`),
  UNIQUE KEY `UNQ_WISHLIST_CUSTOMER_ID` (`customer_id`),
  KEY `IDX_WISHLIST_SHARED` (`shared`),
  CONSTRAINT `FK_WISHLIST_CUSTOMER_ID_CUSTOMER_ENTITY_ENTITY_ID` FOREIGN KEY (`customer_id`) REFERENCES `customer_entity` (`entity_id`) ON DELETE CASCADE ON UPDATE CASCADE
) ENGINE=InnoDB AUTO_INCREMENT=2 DEFAULT CHARSET=utf8 ROW_FORMAT=DYNAMIC COMMENT='Wishlist main Table';

--
-- Dumping data for table `wishlist`
--

INSERT INTO `wishlist` VALUES (1,2,0,'8cb9044456c1db39732ac3ca66d06691','2013-06-03 05:01:19');

--
-- Table structure for table `wishlist_item`
--

CREATE TABLE `wishlist_item` (
  `wishlist_item_id` int(10) unsigned NOT NULL AUTO_INCREMENT COMMENT 'Wishlist item ID',
  `wishlist_id` int(10) unsigned NOT NULL DEFAULT '0' COMMENT 'Wishlist ID',
  `product_id` int(10) unsigned NOT NULL DEFAULT '0' COMMENT 'Product ID',
  `store_id` smallint(5) unsigned DEFAULT NULL COMMENT 'Store ID',
  `added_at` timestamp NULL DEFAULT NULL COMMENT 'Add date and time',
  `description` text COMMENT 'Short description of wish list item',
  `qty` decimal(12,4) NOT NULL COMMENT 'Qty',
  PRIMARY KEY (`wishlist_item_id`),
  KEY `IDX_WISHLIST_ITEM_WISHLIST_ID` (`wishlist_id`),
  KEY `IDX_WISHLIST_ITEM_PRODUCT_ID` (`product_id`),
  KEY `IDX_WISHLIST_ITEM_STORE_ID` (`store_id`),
  CONSTRAINT `FK_WISHLIST_ITEM_PRODUCT_ID_CATALOG_PRODUCT_ENTITY_ENTITY_ID` FOREIGN KEY (`product_id`) REFERENCES `catalog_product_entity` (`entity_id`) ON DELETE CASCADE ON UPDATE CASCADE,
  CONSTRAINT `FK_WISHLIST_ITEM_STORE_ID_CORE_STORE_STORE_ID` FOREIGN KEY (`store_id`) REFERENCES `core_store` (`store_id`) ON DELETE SET NULL ON UPDATE CASCADE,
  CONSTRAINT `FK_WISHLIST_ITEM_WISHLIST_ID_WISHLIST_WISHLIST_ID` FOREIGN KEY (`wishlist_id`) REFERENCES `wishlist` (`wishlist_id`) ON DELETE CASCADE ON UPDATE CASCADE
) ENGINE=InnoDB DEFAULT CHARSET=utf8 COMMENT='Wishlist items';

--
-- Dumping data for table `wishlist_item`
--


--
-- Table structure for table `wishlist_item_option`
--

CREATE TABLE `wishlist_item_option` (
  `option_id` int(10) unsigned NOT NULL AUTO_INCREMENT COMMENT 'Option Id',
  `wishlist_item_id` int(10) unsigned NOT NULL COMMENT 'Wishlist Item Id',
  `product_id` int(10) unsigned NOT NULL COMMENT 'Product Id',
  `code` varchar(255) NOT NULL COMMENT 'Code',
  `value` text COMMENT 'Value',
  PRIMARY KEY (`option_id`),
  KEY `FK_A014B30B04B72DD0EAB3EECD779728D6` (`wishlist_item_id`),
  CONSTRAINT `FK_A014B30B04B72DD0EAB3EECD779728D6` FOREIGN KEY (`wishlist_item_id`) REFERENCES `wishlist_item` (`wishlist_item_id`) ON DELETE CASCADE ON UPDATE CASCADE
) ENGINE=InnoDB DEFAULT CHARSET=utf8 COMMENT='Wishlist Item Option Table';

--
-- Dumping data for table `wishlist_item_option`
--


--
-- Table structure for table `xmlconnect_application`
--

CREATE TABLE `xmlconnect_application` (
  `application_id` smallint(5) unsigned NOT NULL AUTO_INCREMENT COMMENT 'Application Id',
  `name` varchar(255) NOT NULL COMMENT 'Application Name',
  `code` varchar(32) NOT NULL COMMENT 'Application Code',
  `type` varchar(32) NOT NULL COMMENT 'Device Type',
  `store_id` smallint(5) unsigned DEFAULT NULL COMMENT 'Store Id',
  `active_from` date DEFAULT NULL COMMENT 'Active From',
  `active_to` date DEFAULT NULL COMMENT 'Active To',
  `updated_at` timestamp NULL DEFAULT NULL COMMENT 'Updated At',
  `status` smallint(5) unsigned NOT NULL DEFAULT '0' COMMENT 'Status',
  `browsing_mode` smallint(5) unsigned DEFAULT '0' COMMENT 'Browsing Mode',
  PRIMARY KEY (`application_id`),
  UNIQUE KEY `UNQ_XMLCONNECT_APPLICATION_CODE` (`code`),
  KEY `FK_XMLCONNECT_APPLICATION_STORE_ID_CORE_STORE_STORE_ID` (`store_id`),
  CONSTRAINT `FK_XMLCONNECT_APPLICATION_STORE_ID_CORE_STORE_STORE_ID` FOREIGN KEY (`store_id`) REFERENCES `core_store` (`store_id`) ON DELETE SET NULL ON UPDATE SET NULL
) ENGINE=InnoDB DEFAULT CHARSET=utf8 COMMENT='Xmlconnect Application';

--
-- Dumping data for table `xmlconnect_application`
--


--
-- Table structure for table `xmlconnect_config_data`
--

CREATE TABLE `xmlconnect_config_data` (
  `application_id` smallint(5) unsigned NOT NULL COMMENT 'Application Id',
  `category` varchar(60) NOT NULL DEFAULT 'default' COMMENT 'Category',
  `path` varchar(250) NOT NULL COMMENT 'Path',
  `value` text NOT NULL COMMENT 'Value',
  UNIQUE KEY `UNQ_XMLCONNECT_CONFIG_DATA_APPLICATION_ID_CATEGORY_PATH` (`application_id`,`category`,`path`),
  CONSTRAINT `FK_31EE36D814216200D7C0723145AC510E` FOREIGN KEY (`application_id`) REFERENCES `xmlconnect_application` (`application_id`) ON DELETE CASCADE ON UPDATE CASCADE
) ENGINE=InnoDB DEFAULT CHARSET=utf8 COMMENT='Xmlconnect Configuration Data';

--
-- Dumping data for table `xmlconnect_config_data`
--


--
-- Table structure for table `xmlconnect_history`
--

CREATE TABLE `xmlconnect_history` (
  `history_id` int(10) unsigned NOT NULL AUTO_INCREMENT COMMENT 'History Id',
  `application_id` smallint(5) unsigned NOT NULL COMMENT 'Application Id',
  `created_at` timestamp NULL DEFAULT NULL COMMENT 'Created At',
  `store_id` smallint(5) unsigned DEFAULT NULL COMMENT 'Store Id',
  `params` blob COMMENT 'Params',
  `title` varchar(200) NOT NULL COMMENT 'Title',
  `activation_key` varchar(255) NOT NULL COMMENT 'Activation Key',
  `name` varchar(255) NOT NULL COMMENT 'Application Name',
  `code` varchar(32) NOT NULL COMMENT 'Application Code',
  PRIMARY KEY (`history_id`),
  KEY `FK_8F08B9513373BC19F49EE3EF8340E270` (`application_id`),
  CONSTRAINT `FK_8F08B9513373BC19F49EE3EF8340E270` FOREIGN KEY (`application_id`) REFERENCES `xmlconnect_application` (`application_id`) ON DELETE CASCADE ON UPDATE CASCADE
) ENGINE=InnoDB DEFAULT CHARSET=utf8 COMMENT='Xmlconnect History';

--
-- Dumping data for table `xmlconnect_history`
--


--
-- Table structure for table `xmlconnect_notification_template`
--

CREATE TABLE `xmlconnect_notification_template` (
  `template_id` int(10) unsigned NOT NULL AUTO_INCREMENT COMMENT 'Template Id',
  `name` varchar(255) NOT NULL COMMENT 'Template Name',
  `push_title` varchar(140) NOT NULL COMMENT 'Push Notification Title',
  `message_title` varchar(255) NOT NULL COMMENT 'Message Title',
  `content` text NOT NULL COMMENT 'Message Content',
  `created_at` timestamp NULL DEFAULT NULL COMMENT 'Created At',
  `modified_at` timestamp NULL DEFAULT NULL COMMENT 'Modified At',
  `application_id` smallint(5) unsigned NOT NULL COMMENT 'Application Id',
  PRIMARY KEY (`template_id`),
  KEY `FK_F9927C7518A907CF5C350942FD296DC3` (`application_id`),
  CONSTRAINT `FK_F9927C7518A907CF5C350942FD296DC3` FOREIGN KEY (`application_id`) REFERENCES `xmlconnect_application` (`application_id`) ON DELETE CASCADE ON UPDATE CASCADE
) ENGINE=InnoDB DEFAULT CHARSET=utf8 COMMENT='Xmlconnect Notification Template';

--
-- Dumping data for table `xmlconnect_notification_template`
--


--
-- Table structure for table `xmlconnect_queue`
--

CREATE TABLE `xmlconnect_queue` (
  `queue_id` int(10) unsigned NOT NULL AUTO_INCREMENT COMMENT 'Queue Id',
  `create_time` timestamp NULL DEFAULT NULL COMMENT 'Created At',
  `exec_time` timestamp NULL DEFAULT NULL COMMENT 'Scheduled Execution Time',
  `template_id` int(10) unsigned NOT NULL COMMENT 'Template Id',
  `push_title` varchar(140) NOT NULL COMMENT 'Push Notification Title',
  `message_title` varchar(255) DEFAULT '' COMMENT 'Message Title',
  `content` text COMMENT 'Message Content',
  `status` smallint(5) unsigned NOT NULL DEFAULT '0' COMMENT 'Status',
  `type` varchar(12) NOT NULL COMMENT 'Type of Notification',
  PRIMARY KEY (`queue_id`),
  KEY `FK_2019AEC5FC55A516965583447CA26B14` (`template_id`),
  CONSTRAINT `FK_2019AEC5FC55A516965583447CA26B14` FOREIGN KEY (`template_id`) REFERENCES `xmlconnect_notification_template` (`template_id`) ON DELETE CASCADE ON UPDATE CASCADE
) ENGINE=InnoDB DEFAULT CHARSET=utf8 COMMENT='Xmlconnect Notification Queue';

--
-- Dumping data for table `xmlconnect_queue`
--


--
-- Dumping events for database 'yssyb'
--

--
-- Dumping routines for database 'yssyb'
--


