CREATE TABLE `sales_flat_order_item` (
  `item_id` int(10) unsigned NOT NULL AUTO_INCREMENT COMMENT 'Item Id',
  `order_id` int(10) unsigned NOT NULL COMMENT 'Order Id',
  `parent_item_id` int(10) unsigned DEFAULT NULL COMMENT 'Parent Item Id',
  `quote_item_id` int(10) unsigned DEFAULT NULL COMMENT 'Quote Item Id',
  `store_id` smallint(5) unsigned DEFAULT NULL COMMENT 'Store Id',
  `created_at` timestamp NOT NULL DEFAULT CURRENT_TIMESTAMP ON UPDATE CURRENT_TIMESTAMP COMMENT 'Created At',
  `updated_at` timestamp NOT NULL DEFAULT '0000-00-00 00:00:00' COMMENT 'Updated At',
  `product_id` int(10) unsigned DEFAULT NULL COMMENT 'Product Id',
  `product_type` varchar(255) DEFAULT NULL COMMENT 'Product Type',
  `product_options` text COMMENT 'Product Options',
  `weight` decimal(12,4) DEFAULT '0.0000' COMMENT 'Weight',
  `is_virtual` smallint(5) unsigned DEFAULT NULL COMMENT 'Is Virtual',
  `sku` varchar(255) DEFAULT NULL COMMENT 'Sku',
  `name` varchar(255) DEFAULT NULL COMMENT 'Name',
  `description` text COMMENT 'Description',
  `applied_rule_ids` text COMMENT 'Applied Rule Ids',
  `additional_data` text COMMENT 'Additional Data',
  `free_shipping` smallint(5) unsigned NOT NULL COMMENT 'Free Shipping',
  `is_qty_decimal` smallint(5) unsigned DEFAULT NULL COMMENT 'Is Qty Decimal',
  `no_discount` smallint(5) unsigned NOT NULL COMMENT 'No Discount',
  `qty_backordered` decimal(12,4) DEFAULT '0.0000' COMMENT 'Qty Backordered',
  `qty_canceled` decimal(12,4) DEFAULT '0.0000' COMMENT 'Qty Canceled',
  `qty_invoiced` decimal(12,4) DEFAULT '0.0000' COMMENT 'Qty Invoiced',
  `qty_ordered` decimal(12,4) DEFAULT '0.0000' COMMENT 'Qty Ordered',
  `qty_refunded` decimal(12,4) DEFAULT '0.0000' COMMENT 'Qty Refunded',
  `qty_shipped` decimal(12,4) DEFAULT '0.0000' COMMENT 'Qty Shipped',
  `base_cost` decimal(12,4) DEFAULT '0.0000' COMMENT 'Base Cost',
  `price` decimal(12,4) NOT NULL DEFAULT '0.0000' COMMENT 'Price',
  `base_price` decimal(12,4) NOT NULL DEFAULT '0.0000' COMMENT 'Base Price',
  `original_price` decimal(12,4) DEFAULT NULL COMMENT 'Original Price',
  `base_original_price` decimal(12,4) DEFAULT NULL COMMENT 'Base Original Price',
  `tax_percent` decimal(12,4) DEFAULT '0.0000' COMMENT 'Tax Percent',
  `tax_amount` decimal(12,4) DEFAULT '0.0000' COMMENT 'Tax Amount',
  `base_tax_amount` decimal(12,4) DEFAULT '0.0000' COMMENT 'Base Tax Amount',
  `tax_invoiced` decimal(12,4) DEFAULT '0.0000' COMMENT 'Tax Invoiced',
  `base_tax_invoiced` decimal(12,4) DEFAULT '0.0000' COMMENT 'Base Tax Invoiced',
  `discount_percent` decimal(12,4) DEFAULT '0.0000' COMMENT 'Discount Percent',
  `discount_amount` decimal(12,4) DEFAULT '0.0000' COMMENT 'Discount Amount',
  `base_discount_amount` decimal(12,4) DEFAULT '0.0000' COMMENT 'Base Discount Amount',
  `discount_invoiced` decimal(12,4) DEFAULT '0.0000' COMMENT 'Discount Invoiced',
  `base_discount_invoiced` decimal(12,4) DEFAULT '0.0000' COMMENT 'Base Discount Invoiced',
  `amount_refunded` decimal(12,4) DEFAULT '0.0000' COMMENT 'Amount Refunded',
  `base_amount_refunded` decimal(12,4) DEFAULT '0.0000' COMMENT 'Base Amount Refunded',
  `row_total` decimal(12,4) NOT NULL DEFAULT '0.0000' COMMENT 'Row Total',
  `base_row_total` decimal(12,4) NOT NULL DEFAULT '0.0000' COMMENT 'Base Row Total',
  `row_invoiced` decimal(12,4) NOT NULL DEFAULT '0.0000' COMMENT 'Row Invoiced',
  `base_row_invoiced` decimal(12,4) NOT NULL DEFAULT '0.0000' COMMENT 'Base Row Invoiced',
  `row_weight` decimal(12,4) DEFAULT '0.0000' COMMENT 'Row Weight',
  `gift_message_id` int(11) DEFAULT NULL COMMENT 'Gift Message Id',
  `gift_message_available` int(11) DEFAULT NULL COMMENT 'Gift Message Available',
  `base_tax_before_discount` decimal(12,4) DEFAULT NULL COMMENT 'Base Tax Before Discount',
  `tax_before_discount` decimal(12,4) DEFAULT NULL COMMENT 'Tax Before Discount',
  `weee_tax_applied` text COMMENT 'Weee Tax Applied',
  `weee_tax_applied_amount` decimal(12,4) DEFAULT NULL COMMENT 'Weee Tax Applied Amount',
  `weee_tax_applied_row_amount` decimal(12,4) DEFAULT NULL COMMENT 'Weee Tax Applied Row Amount',
  `base_weee_tax_applied_amount` decimal(12,4) DEFAULT NULL COMMENT 'Base Weee Tax Applied Amount',
  `base_weee_tax_applied_row_amnt` decimal(12,4) DEFAULT NULL COMMENT 'Base Weee Tax Applied Row Amnt',
  `weee_tax_disposition` decimal(12,4) DEFAULT NULL COMMENT 'Weee Tax Disposition',
  `weee_tax_row_disposition` decimal(12,4) DEFAULT NULL COMMENT 'Weee Tax Row Disposition',
  `base_weee_tax_disposition` decimal(12,4) DEFAULT NULL COMMENT 'Base Weee Tax Disposition',
  `base_weee_tax_row_disposition` decimal(12,4) DEFAULT NULL COMMENT 'Base Weee Tax Row Disposition',
  `ext_order_item_id` varchar(255) DEFAULT NULL COMMENT 'Ext Order Item Id',
  `locked_do_invoice` smallint(5) unsigned DEFAULT NULL COMMENT 'Locked Do Invoice',
  `locked_do_ship` smallint(5) unsigned DEFAULT NULL COMMENT 'Locked Do Ship',
  `price_incl_tax` decimal(12,4) DEFAULT NULL COMMENT 'Price Incl Tax',
  `base_price_incl_tax` decimal(12,4) DEFAULT NULL COMMENT 'Base Price Incl Tax',
  `row_total_incl_tax` decimal(12,4) DEFAULT NULL COMMENT 'Row Total Incl Tax',
  `base_row_total_incl_tax` decimal(12,4) DEFAULT NULL COMMENT 'Base Row Total Incl Tax',
  `hidden_tax_amount` decimal(12,4) DEFAULT NULL COMMENT 'Hidden Tax Amount',
  `base_hidden_tax_amount` decimal(12,4) DEFAULT NULL COMMENT 'Base Hidden Tax Amount',
  `hidden_tax_invoiced` decimal(12,4) DEFAULT NULL COMMENT 'Hidden Tax Invoiced',
  `base_hidden_tax_invoiced` decimal(12,4) DEFAULT NULL COMMENT 'Base Hidden Tax Invoiced',
  `hidden_tax_refunded` decimal(12,4) DEFAULT NULL COMMENT 'Hidden Tax Refunded',
  `base_hidden_tax_refunded` decimal(12,4) DEFAULT NULL COMMENT 'Base Hidden Tax Refunded',
  `is_nominal` int(11) NOT NULL COMMENT 'Is Nominal',
  `tax_canceled` decimal(12,4) DEFAULT NULL COMMENT 'Tax Canceled',
  `hidden_tax_canceled` decimal(12,4) DEFAULT NULL COMMENT 'Hidden Tax Canceled',
  `tax_refunded` decimal(12,4) DEFAULT NULL COMMENT 'Tax Refunded',
  `base_tax_refunded` decimal(12,4) DEFAULT NULL COMMENT 'Base Tax Refunded',
  `discount_refunded` decimal(12,4) DEFAULT NULL COMMENT 'Discount Refunded',
  `base_discount_refunded` decimal(12,4) DEFAULT NULL COMMENT 'Base Discount Refunded',
  PRIMARY KEY (`item_id`),
  KEY `IDX_SALES_FLAT_ORDER_ITEM_ORDER_ID` (`order_id`),
  KEY `IDX_SALES_FLAT_ORDER_ITEM_STORE_ID` (`store_id`),
  CONSTRAINT `FK_SALES_FLAT_ORDER_ITEM_ORDER_ID_SALES_FLAT_ORDER_ENTITY_ID` FOREIGN KEY (`order_id`) REFERENCES `sales_flat_order` (`entity_id`) ON DELETE CASCADE ON UPDATE CASCADE,
  CONSTRAINT `FK_SALES_FLAT_ORDER_ITEM_STORE_ID_CORE_STORE_STORE_ID` FOREIGN KEY (`store_id`) REFERENCES `core_store` (`store_id`) ON DELETE SET NULL ON UPDATE CASCADE
) ENGINE=InnoDB DEFAULT CHARSET=utf8 COMMENT='Sales Flat Order Item';

--
-- Dumping data for table `sales_flat_order_item`
--


--
-- Table structure for table `sales_flat_order_payment`
--

CREATE TABLE `sales_flat_order_payment` (
  `entity_id` int(10) unsigned NOT NULL AUTO_INCREMENT COMMENT 'Entity Id',
  `parent_id` int(10) unsigned NOT NULL COMMENT 'Parent Id',
  `base_shipping_captured` decimal(12,4) DEFAULT NULL COMMENT 'Base Shipping Captured',
  `shipping_captured` decimal(12,4) DEFAULT NULL COMMENT 'Shipping Captured',
  `amount_refunded` decimal(12,4) DEFAULT NULL COMMENT 'Amount Refunded',
  `base_amount_paid` decimal(12,4) DEFAULT NULL COMMENT 'Base Amount Paid',
  `amount_canceled` decimal(12,4) DEFAULT NULL COMMENT 'Amount Canceled',
  `base_amount_authorized` decimal(12,4) DEFAULT NULL COMMENT 'Base Amount Authorized',
  `base_amount_paid_online` decimal(12,4) DEFAULT NULL COMMENT 'Base Amount Paid Online',
  `base_amount_refunded_online` decimal(12,4) DEFAULT NULL COMMENT 'Base Amount Refunded Online',
  `base_shipping_amount` decimal(12,4) DEFAULT NULL COMMENT 'Base Shipping Amount',
  `shipping_amount` decimal(12,4) DEFAULT NULL COMMENT 'Shipping Amount',
  `amount_paid` decimal(12,4) DEFAULT NULL COMMENT 'Amount Paid',
  `amount_authorized` decimal(12,4) DEFAULT NULL COMMENT 'Amount Authorized',
  `base_amount_ordered` decimal(12,4) DEFAULT NULL COMMENT 'Base Amount Ordered',
  `base_shipping_refunded` decimal(12,4) DEFAULT NULL COMMENT 'Base Shipping Refunded',
  `shipping_refunded` decimal(12,4) DEFAULT NULL COMMENT 'Shipping Refunded',
  `base_amount_refunded` decimal(12,4) DEFAULT NULL COMMENT 'Base Amount Refunded',
  `amount_ordered` decimal(12,4) DEFAULT NULL COMMENT 'Amount Ordered',
  `base_amount_canceled` decimal(12,4) DEFAULT NULL COMMENT 'Base Amount Canceled',
  `ideal_transaction_checked` tinyint(1) unsigned DEFAULT NULL,
  `quote_payment_id` int(11) DEFAULT NULL COMMENT 'Quote Payment Id',
  `additional_data` text COMMENT 'Additional Data',
  `cc_exp_month` varchar(255) DEFAULT NULL COMMENT 'Cc Exp Month',
  `cc_ss_start_year` varchar(255) DEFAULT NULL COMMENT 'Cc Ss Start Year',
  `echeck_bank_name` varchar(255) DEFAULT NULL COMMENT 'Echeck Bank Name',
  `method` varchar(255) DEFAULT NULL COMMENT 'Method',
  `cc_debug_request_body` varchar(255) DEFAULT NULL COMMENT 'Cc Debug Request Body',
  `cc_secure_verify` varchar(255) DEFAULT NULL COMMENT 'Cc Secure Verify',
  `cybersource_token` varchar(255) DEFAULT NULL,
  `ideal_issuer_title` varchar(255) DEFAULT NULL,
  `protection_eligibility` varchar(255) DEFAULT NULL COMMENT 'Protection Eligibility',
  `cc_approval` varchar(255) DEFAULT NULL COMMENT 'Cc Approval',
  `cc_last4` varchar(255) DEFAULT NULL COMMENT 'Cc Last4',
  `cc_status_description` varchar(255) DEFAULT NULL COMMENT 'Cc Status Description',
  `echeck_type` varchar(255) DEFAULT NULL COMMENT 'Echeck Type',
  `paybox_question_number` varchar(255) DEFAULT NULL,
  `cc_debug_response_serialized` varchar(255) DEFAULT NULL COMMENT 'Cc Debug Response Serialized',
  `cc_ss_start_month` varchar(255) DEFAULT NULL COMMENT 'Cc Ss Start Month',
  `echeck_account_type` varchar(255) DEFAULT NULL COMMENT 'Echeck Account Type',
  `last_trans_id` varchar(255) DEFAULT NULL COMMENT 'Last Trans Id',
  `cc_cid_status` varchar(255) DEFAULT NULL COMMENT 'Cc Cid Status',
  `cc_owner` varchar(255) DEFAULT NULL COMMENT 'Cc Owner',
  `cc_type` varchar(255) DEFAULT NULL COMMENT 'Cc Type',
  `ideal_issuer_id` varchar(255) DEFAULT NULL,
  `po_number` varchar(255) DEFAULT NULL COMMENT 'Po Number',
  `cc_exp_year` varchar(255) DEFAULT NULL COMMENT 'Cc Exp Year',
  `cc_status` varchar(255) DEFAULT NULL COMMENT 'Cc Status',
  `echeck_routing_number` varchar(255) DEFAULT NULL COMMENT 'Echeck Routing Number',
  `account_status` varchar(255) DEFAULT NULL COMMENT 'Account Status',
  `anet_trans_method` varchar(255) DEFAULT NULL COMMENT 'Anet Trans Method',
  `cc_debug_response_body` varchar(255) DEFAULT NULL COMMENT 'Cc Debug Response Body',
  `cc_ss_issue` varchar(255) DEFAULT NULL COMMENT 'Cc Ss Issue',
  `echeck_account_name` varchar(255) DEFAULT NULL COMMENT 'Echeck Account Name',
  `cc_avs_status` varchar(255) DEFAULT NULL COMMENT 'Cc Avs Status',
  `cc_number_enc` varchar(255) DEFAULT NULL COMMENT 'Cc Number Enc',
  `cc_trans_id` varchar(255) DEFAULT NULL COMMENT 'Cc Trans Id',
  `flo2cash_account_id` varchar(255) DEFAULT NULL,
  `paybox_request_number` varchar(255) DEFAULT NULL COMMENT 'Paybox Request Number',
  `address_status` varchar(255) DEFAULT NULL COMMENT 'Address Status',
  `additional_information` text COMMENT 'Additional Information',
  `amount` decimal(12,4) DEFAULT NULL,
  `cc_raw_request` text,
  `cc_raw_response` text,
  `customer_payment_id` int(11) DEFAULT NULL,
  PRIMARY KEY (`entity_id`),
  KEY `IDX_SALES_FLAT_ORDER_PAYMENT_PARENT_ID` (`parent_id`),
  CONSTRAINT `FK_SALES_FLAT_ORDER_PAYMENT_PARENT_ID_SALES_FLAT_ORDER_ENTITY_ID` FOREIGN KEY (`parent_id`) REFERENCES `sales_flat_order` (`entity_id`) ON DELETE CASCADE ON UPDATE CASCADE
) ENGINE=InnoDB DEFAULT CHARSET=utf8 COMMENT='Sales Flat Order Payment';

--
-- Dumping data for table `sales_flat_order_payment`
--


--
-- Table structure for table `sales_flat_order_status_history`
--

CREATE TABLE `sales_flat_order_status_history` (
  `entity_id` int(10) unsigned NOT NULL AUTO_INCREMENT COMMENT 'Entity Id',
  `parent_id` int(10) unsigned NOT NULL COMMENT 'Parent Id',
  `is_customer_notified` int(11) DEFAULT NULL COMMENT 'Is Customer Notified',
  `is_visible_on_front` smallint(5) unsigned NOT NULL COMMENT 'Is Visible On Front',
  `comment` text COMMENT 'Comment',
  `status` varchar(32) DEFAULT NULL COMMENT 'Status',
  `created_at` timestamp NULL DEFAULT NULL COMMENT 'Created At',
  `entity_name` varchar(32) DEFAULT NULL COMMENT 'Shows what entity history is bind to.',
  PRIMARY KEY (`entity_id`),
  KEY `IDX_SALES_FLAT_ORDER_STATUS_HISTORY_PARENT_ID` (`parent_id`),
  KEY `IDX_SALES_FLAT_ORDER_STATUS_HISTORY_CREATED_AT` (`created_at`),
  CONSTRAINT `FK_CE7C71E74CB74DDACED337CEE6753D5E` FOREIGN KEY (`parent_id`) REFERENCES `sales_flat_order` (`entity_id`) ON DELETE CASCADE ON UPDATE CASCADE
) ENGINE=InnoDB DEFAULT CHARSET=utf8 COMMENT='Sales Flat Order Status History';

--
-- Dumping data for table `sales_flat_order_status_history`
--


--
-- Table structure for table `sales_flat_quote`
--

CREATE TABLE `sales_flat_quote` (
  `entity_id` int(10) unsigned NOT NULL AUTO_INCREMENT COMMENT 'Entity Id',
  `store_id` smallint(5) unsigned NOT NULL COMMENT 'Store Id',
  `created_at` timestamp NOT NULL DEFAULT CURRENT_TIMESTAMP ON UPDATE CURRENT_TIMESTAMP COMMENT 'Created At',
  `updated_at` timestamp NOT NULL DEFAULT '0000-00-00 00:00:00' COMMENT 'Updated At',
  `converted_at` timestamp NULL DEFAULT NULL COMMENT 'Converted At',
  `is_active` smallint(5) unsigned DEFAULT '1' COMMENT 'Is Active',
  `is_virtual` smallint(5) unsigned DEFAULT '0' COMMENT 'Is Virtual',
  `is_multi_shipping` smallint(5) unsigned DEFAULT '0' COMMENT 'Is Multi Shipping',
  `items_count` int(10) unsigned DEFAULT '0' COMMENT 'Items Count',
  `items_qty` decimal(12,4) DEFAULT '0.0000' COMMENT 'Items Qty',
  `orig_order_id` int(10) unsigned DEFAULT '0' COMMENT 'Orig Order Id',
  `store_to_base_rate` decimal(12,4) DEFAULT '0.0000' COMMENT 'Store To Base Rate',
  `store_to_quote_rate` decimal(12,4) DEFAULT '0.0000' COMMENT 'Store To Quote Rate',
  `base_to_global_rate` decimal(12,4) DEFAULT NULL COMMENT 'Base To Global Rate',
  `base_to_quote_rate` decimal(12,4) DEFAULT NULL COMMENT 'Base To Quote Rate',
  `global_currency_code` varchar(255) DEFAULT NULL COMMENT 'Global Currency Code',
  `base_currency_code` varchar(255) DEFAULT NULL COMMENT 'Base Currency Code',
  `store_currency_code` varchar(255) DEFAULT NULL COMMENT 'Store Currency Code',
  `quote_currency_code` varchar(255) DEFAULT NULL COMMENT 'Quote Currency Code',
  `grand_total` decimal(12,4) DEFAULT '0.0000' COMMENT 'Grand Total',
  `base_grand_total` decimal(12,4) DEFAULT '0.0000' COMMENT 'Base Grand Total',
  `checkout_method` varchar(255) DEFAULT NULL COMMENT 'Checkout Method',
  `customer_id` int(10) unsigned DEFAULT '0' COMMENT 'Customer Id',
  `customer_tax_class_id` int(10) unsigned DEFAULT '0' COMMENT 'Customer Tax Class Id',
  `customer_group_id` int(10) unsigned DEFAULT '0' COMMENT 'Customer Group Id',
  `customer_email` varchar(255) DEFAULT NULL COMMENT 'Customer Email',
  `customer_prefix` varchar(40) DEFAULT NULL COMMENT 'Customer Prefix',
  `customer_firstname` varchar(255) DEFAULT NULL COMMENT 'Customer Firstname',
  `customer_middlename` varchar(40) DEFAULT NULL COMMENT 'Customer Middlename',
  `customer_lastname` varchar(255) DEFAULT NULL COMMENT 'Customer Lastname',
  `customer_suffix` varchar(40) DEFAULT NULL COMMENT 'Customer Suffix',
  `customer_dob` datetime DEFAULT NULL COMMENT 'Customer Dob',
  `customer_note` varchar(255) DEFAULT NULL COMMENT 'Customer Note',
  `customer_note_notify` smallint(5) unsigned DEFAULT '1' COMMENT 'Customer Note Notify',
  `customer_is_guest` smallint(5) unsigned DEFAULT '0' COMMENT 'Customer Is Guest',
  `customer_taxvat` varchar(255) DEFAULT NULL COMMENT 'Customer Taxvat',
  `remote_ip` varchar(32) DEFAULT NULL COMMENT 'Remote Ip',
  `applied_rule_ids` varchar(255) DEFAULT NULL COMMENT 'Applied Rule Ids',
  `reserved_order_id` varchar(64) DEFAULT NULL COMMENT 'Reserved Order Id',
  `password_hash` varchar(255) DEFAULT NULL COMMENT 'Password Hash',
  `coupon_code` varchar(255) DEFAULT NULL COMMENT 'Coupon Code',
  `subtotal` decimal(12,4) DEFAULT NULL COMMENT 'Subtotal',
  `base_subtotal` decimal(12,4) DEFAULT NULL COMMENT 'Base Subtotal',
  `subtotal_with_discount` decimal(12,4) DEFAULT NULL COMMENT 'Subtotal With Discount',
  `base_subtotal_with_discount` decimal(12,4) DEFAULT NULL COMMENT 'Base Subtotal With Discount',
  `gift_message_id` int(11) DEFAULT NULL COMMENT 'Gift Message Id',
  `is_changed` int(10) unsigned DEFAULT NULL COMMENT 'Is Changed',
  `trigger_recollect` smallint(6) NOT NULL COMMENT 'Trigger Recollect',
  `ext_shipping_info` text COMMENT 'Ext Shipping Info',
  `customer_gender` varchar(255) DEFAULT NULL COMMENT 'Customer Gender',
  `is_persistent` smallint(5) unsigned DEFAULT '0' COMMENT 'Is Quote Persistent',
  PRIMARY KEY (`entity_id`),
  KEY `IDX_SALES_FLAT_QUOTE_CUSTOMER_ID_STORE_ID_IS_ACTIVE` (`customer_id`,`store_id`,`is_active`),
  KEY `IDX_SALES_FLAT_QUOTE_STORE_ID` (`store_id`),
  CONSTRAINT `FK_SALES_FLAT_QUOTE_STORE_ID_CORE_STORE_STORE_ID` FOREIGN KEY (`store_id`) REFERENCES `core_store` (`store_id`) ON DELETE CASCADE ON UPDATE CASCADE
) ENGINE=InnoDB AUTO_INCREMENT=112 DEFAULT CHARSET=utf8 COMMENT='Sales Flat Quote';

--
-- Dumping data for table `sales_flat_quote`
--

INSERT INTO `sales_flat_quote` VALUES (1,1,'2013-06-01 18:07:59','2013-06-01 22:24:08',NULL,1,0,0,1,4.0000,0,1.0000,1.0000,1.0000,1.0000,'USD','USD','USD','USD',4000.0000,4000.0000,NULL,NULL,3,0,NULL,NULL,NULL,NULL,NULL,NULL,NULL,NULL,1,0,NULL,'98.242.188.7',NULL,NULL,NULL,NULL,4000.0000,4000.0000,4000.0000,4000.0000,NULL,1,0,NULL,NULL,0),(2,1,'2013-06-01 23:18:47','2013-06-01 23:18:48',NULL,1,0,0,1,1.0000,0,1.0000,1.0000,1.0000,1.0000,'USD','USD','USD','USD',1000.0000,1000.0000,NULL,NULL,3,0,NULL,NULL,NULL,NULL,NULL,NULL,NULL,NULL,1,0,NULL,'66.229.240.87',NULL,NULL,NULL,NULL,1000.0000,1000.0000,1000.0000,1000.0000,NULL,1,0,NULL,NULL,0),(3,1,'2013-06-03 01:44:35','2013-06-03 01:44:37',NULL,1,0,0,1,1.0000,0,1.0000,1.0000,1.0000,1.0000,'USD','USD','USD','USD',1000.0000,1000.0000,NULL,NULL,3,0,NULL,NULL,NULL,NULL,NULL,NULL,NULL,NULL,1,0,NULL,'66.229.240.87',NULL,NULL,NULL,NULL,1000.0000,1000.0000,1000.0000,1000.0000,NULL,1,0,NULL,NULL,0),(4,1,'2013-06-03 05:01:16','2013-06-03 05:01:16',NULL,1,0,0,0,0.0000,0,1.0000,1.0000,1.0000,1.0000,'USD','USD','USD','USD',0.0000,0.0000,NULL,2,3,1,'hugoleoes@hotmail.com',NULL,'Hugo',NULL,'Espinosa',NULL,NULL,NULL,1,0,NULL,'181.50.209.123',NULL,NULL,NULL,NULL,0.0000,0.0000,0.0000,0.0000,NULL,1,0,NULL,NULL,0),(5,1,'2013-10-09 09:01:42','2013-10-09 09:01:43',NULL,1,0,0,1,1.0000,0,1.0000,1.0000,1.0000,1.0000,'USD','USD','USD','USD',1000.0000,1000.0000,NULL,NULL,3,0,NULL,NULL,NULL,NULL,NULL,NULL,NULL,NULL,1,0,NULL,'50.19.48.101',NULL,NULL,NULL,NULL,1000.0000,1000.0000,1000.0000,1000.0000,NULL,1,0,NULL,NULL,0),(6,1,'2013-10-16 08:12:36','2013-10-16 08:12:37',NULL,1,0,0,1,1.0000,0,1.0000,1.0000,1.0000,1.0000,'USD','USD','USD','USD',1000.0000,1000.0000,NULL,NULL,3,0,NULL,NULL,NULL,NULL,NULL,NULL,NULL,NULL,1,0,NULL,'54.224.107.190',NULL,NULL,NULL,NULL,1000.0000,1000.0000,1000.0000,1000.0000,NULL,1,0,NULL,NULL,0),(7,1,'2013-10-23 08:15:45','2013-10-23 08:15:46',NULL,1,0,0,1,1.0000,0,1.0000,1.0000,1.0000,1.0000,'USD','USD','USD','USD',1000.0000,1000.0000,NULL,NULL,3,0,NULL,NULL,NULL,NULL,NULL,NULL,NULL,NULL,1,0,NULL,'184.72.174.88',NULL,NULL,NULL,NULL,1000.0000,1000.0000,1000.0000,1000.0000,NULL,1,0,NULL,NULL,0),(8,1,'2013-10-30 09:13:34','2013-10-30 09:13:35',NULL,1,0,0,1,1.0000,0,1.0000,1.0000,1.0000,1.0000,'USD','USD','USD','USD',1000.0000,1000.0000,NULL,NULL,3,0,NULL,NULL,NULL,NULL,NULL,NULL,NULL,NULL,1,0,NULL,'50.16.97.60',NULL,NULL,NULL,NULL,1000.0000,1000.0000,1000.0000,1000.0000,NULL,1,0,NULL,NULL,0),(9,1,'2013-11-06 10:17:44','2013-11-06 10:17:44',NULL,1,0,0,1,1.0000,0,1.0000,1.0000,1.0000,1.0000,'USD','USD','USD','USD',1000.0000,1000.0000,NULL,NULL,3,0,NULL,NULL,NULL,NULL,NULL,NULL,NULL,NULL,1,0,NULL,'107.22.116.113',NULL,NULL,NULL,NULL,1000.0000,1000.0000,1000.0000,1000.0000,NULL,1,0,NULL,NULL,0),(10,1,'2013-11-13 10:12:53','2013-11-13 10:12:54',NULL,1,0,0,1,1.0000,0,1.0000,1.0000,1.0000,1.0000,'USD','USD','USD','USD',1000.0000,1000.0000,NULL,NULL,3,0,NULL,NULL,NULL,NULL,NULL,NULL,NULL,NULL,1,0,NULL,'54.237.3.237',NULL,NULL,NULL,NULL,1000.0000,1000.0000,1000.0000,1000.0000,NULL,1,0,NULL,NULL,0),(11,1,'2013-11-20 10:15:46','2013-11-20 10:15:47',NULL,1,0,0,1,1.0000,0,1.0000,1.0000,1.0000,1.0000,'USD','USD','USD','USD',1000.0000,1000.0000,NULL,NULL,3,0,NULL,NULL,NULL,NULL,NULL,NULL,NULL,NULL,1,0,NULL,'54.205.122.190',NULL,NULL,NULL,NULL,1000.0000,1000.0000,1000.0000,1000.0000,NULL,1,0,NULL,NULL,0),(12,1,'2013-11-21 16:51:34','2013-11-21 16:51:35',NULL,1,0,0,1,1.0000,0,1.0000,1.0000,1.0000,1.0000,'USD','USD','USD','USD',1000.0000,1000.0000,NULL,NULL,3,0,NULL,NULL,NULL,NULL,NULL,NULL,NULL,NULL,1,0,NULL,'210.186.243.125',NULL,NULL,NULL,NULL,1000.0000,1000.0000,1000.0000,1000.0000,NULL,1,0,NULL,NULL,0),(13,1,'2013-11-27 10:19:20','2013-11-27 10:19:20',NULL,1,0,0,1,1.0000,0,1.0000,1.0000,1.0000,1.0000,'USD','USD','USD','USD',1000.0000,1000.0000,NULL,NULL,3,0,NULL,NULL,NULL,NULL,NULL,NULL,NULL,NULL,1,0,NULL,'54.205.50.106',NULL,NULL,NULL,NULL,1000.0000,1000.0000,1000.0000,1000.0000,NULL,1,0,NULL,NULL,0),(14,1,'2013-12-04 10:20:46','2013-12-04 10:20:47',NULL,1,0,0,1,1.0000,0,1.0000,1.0000,1.0000,1.0000,'USD','USD','USD','USD',1000.0000,1000.0000,NULL,NULL,3,0,NULL,NULL,NULL,NULL,NULL,NULL,NULL,NULL,1,0,NULL,'107.21.190.135',NULL,NULL,NULL,NULL,1000.0000,1000.0000,1000.0000,1000.0000,NULL,1,0,NULL,NULL,0),(15,1,'2013-12-11 15:01:33','2013-12-11 15:01:34',NULL,1,0,0,1,1.0000,0,1.0000,1.0000,1.0000,1.0000,'USD','USD','USD','USD',1000.0000,1000.0000,NULL,NULL,3,0,NULL,NULL,NULL,NULL,NULL,NULL,NULL,NULL,1,0,NULL,'54.196.80.61',NULL,NULL,NULL,NULL,1000.0000,1000.0000,1000.0000,1000.0000,NULL,1,0,NULL,NULL,0),(16,1,'2013-12-18 12:19:23','2013-12-18 12:19:25',NULL,1,0,0,1,1.0000,0,1.0000,1.0000,1.0000,1.0000,'USD','USD','USD','USD',1000.0000,1000.0000,NULL,NULL,3,0,NULL,NULL,NULL,NULL,NULL,NULL,NULL,NULL,1,0,NULL,'50.19.200.207',NULL,NULL,NULL,NULL,1000.0000,1000.0000,1000.0000,1000.0000,NULL,1,0,NULL,NULL,0),(17,1,'2013-12-25 10:08:28','2013-12-25 10:08:29',NULL,1,0,0,1,1.0000,0,1.0000,1.0000,1.0000,1.0000,'USD','USD','USD','USD',1000.0000,1000.0000,NULL,NULL,3,0,NULL,NULL,NULL,NULL,NULL,NULL,NULL,NULL,1,0,NULL,'50.17.96.22',NULL,NULL,NULL,NULL,1000.0000,1000.0000,1000.0000,1000.0000,NULL,1,0,NULL,NULL,0),(18,1,'2014-01-01 10:05:30','2014-01-01 10:05:31',NULL,1,0,0,1,1.0000,0,1.0000,1.0000,1.0000,1.0000,'USD','USD','USD','USD',1000.0000,1000.0000,NULL,NULL,3,0,NULL,NULL,NULL,NULL,NULL,NULL,NULL,NULL,1,0,NULL,'54.205.220.154',NULL,NULL,NULL,NULL,1000.0000,1000.0000,1000.0000,1000.0000,NULL,1,0,NULL,NULL,0),(19,1,'2014-01-08 10:22:03','2014-01-08 10:22:03',NULL,1,0,0,1,1.0000,0,1.0000,1.0000,1.0000,1.0000,'USD','USD','USD','USD',1000.0000,1000.0000,NULL,NULL,3,0,NULL,NULL,NULL,NULL,NULL,NULL,NULL,NULL,1,0,NULL,'54.227.58.25',NULL,NULL,NULL,NULL,1000.0000,1000.0000,1000.0000,1000.0000,NULL,1,0,NULL,NULL,0),(20,1,'2014-01-15 10:07:47','2014-01-15 10:07:48',NULL,1,0,0,1,1.0000,0,1.0000,1.0000,1.0000,1.0000,'USD','USD','USD','USD',1000.0000,1000.0000,NULL,NULL,3,0,NULL,NULL,NULL,NULL,NULL,NULL,NULL,NULL,1,0,NULL,'54.204.59.90',NULL,NULL,NULL,NULL,1000.0000,1000.0000,1000.0000,1000.0000,NULL,1,0,NULL,NULL,0),(21,1,'2014-01-22 10:06:48','2014-01-22 10:06:48',NULL,1,0,0,1,1.0000,0,1.0000,1.0000,1.0000,1.0000,'USD','USD','USD','USD',1000.0000,1000.0000,NULL,NULL,3,0,NULL,NULL,NULL,NULL,NULL,NULL,NULL,NULL,1,0,NULL,'54.205.46.237',NULL,NULL,NULL,NULL,1000.0000,1000.0000,1000.0000,1000.0000,NULL,1,0,NULL,NULL,0),(22,1,'2014-01-29 10:14:38','2014-01-29 10:14:39',NULL,1,0,0,1,1.0000,0,1.0000,1.0000,1.0000,1.0000,'USD','USD','USD','USD',1000.0000,1000.0000,NULL,NULL,3,0,NULL,NULL,NULL,NULL,NULL,NULL,NULL,NULL,1,0,NULL,'54.224.224.173',NULL,NULL,NULL,NULL,1000.0000,1000.0000,1000.0000,1000.0000,NULL,1,0,NULL,NULL,0),(23,1,'2014-02-05 10:25:21','2014-02-05 10:25:22',NULL,1,0,0,1,1.0000,0,1.0000,1.0000,1.0000,1.0000,'USD','USD','USD','USD',1000.0000,1000.0000,NULL,NULL,3,0,NULL,NULL,NULL,NULL,NULL,NULL,NULL,NULL,1,0,NULL,'23.20.120.92',NULL,NULL,NULL,NULL,1000.0000,1000.0000,1000.0000,1000.0000,NULL,1,0,NULL,NULL,0),(24,1,'2014-02-12 10:50:05','2014-02-12 10:50:05',NULL,1,0,0,1,1.0000,0,1.0000,1.0000,1.0000,1.0000,'USD','USD','USD','USD',1000.0000,1000.0000,NULL,NULL,3,0,NULL,NULL,NULL,NULL,NULL,NULL,NULL,NULL,1,0,NULL,'54.80.224.75',NULL,NULL,NULL,NULL,1000.0000,1000.0000,1000.0000,1000.0000,NULL,1,0,NULL,NULL,0),(25,1,'2014-02-12 12:54:39','2014-02-12 12:54:40',NULL,1,0,0,1,1.0000,0,1.0000,1.0000,1.0000,1.0000,'USD','USD','USD','USD',1000.0000,1000.0000,NULL,NULL,3,0,NULL,NULL,NULL,NULL,NULL,NULL,NULL,NULL,1,0,NULL,'54.198.230.160',NULL,NULL,NULL,NULL,1000.0000,1000.0000,1000.0000,1000.0000,NULL,1,0,NULL,NULL,0),(26,1,'2014-02-19 10:27:06','2014-02-19 10:27:08',NULL,1,0,0,1,1.0000,0,1.0000,1.0000,1.0000,1.0000,'USD','USD','USD','USD',1000.0000,1000.0000,NULL,NULL,3,0,NULL,NULL,NULL,NULL,NULL,NULL,NULL,NULL,1,0,NULL,'23.20.166.251',NULL,NULL,NULL,NULL,1000.0000,1000.0000,1000.0000,1000.0000,NULL,1,0,NULL,NULL,0),(27,1,'2014-02-26 10:21:01','2014-02-26 10:21:02',NULL,1,0,0,1,1.0000,0,1.0000,1.0000,1.0000,1.0000,'USD','USD','USD','USD',1000.0000,1000.0000,NULL,NULL,3,0,NULL,NULL,NULL,NULL,NULL,NULL,NULL,NULL,1,0,NULL,'23.23.22.85',NULL,NULL,NULL,NULL,1000.0000,1000.0000,1000.0000,1000.0000,NULL,1,0,NULL,NULL,0),(28,1,'2014-03-05 10:15:21','2014-03-05 10:15:22',NULL,1,0,0,1,1.0000,0,1.0000,1.0000,1.0000,1.0000,'USD','USD','USD','USD',1000.0000,1000.0000,NULL,NULL,3,0,NULL,NULL,NULL,NULL,NULL,NULL,NULL,NULL,1,0,NULL,'54.80.196.193',NULL,NULL,NULL,NULL,1000.0000,1000.0000,1000.0000,1000.0000,NULL,1,0,NULL,NULL,0),(29,1,'2014-03-12 11:40:50','2014-03-12 11:40:51',NULL,1,0,0,1,1.0000,0,1.0000,1.0000,1.0000,1.0000,'USD','USD','USD','USD',1000.0000,1000.0000,NULL,NULL,3,0,NULL,NULL,NULL,NULL,NULL,NULL,NULL,NULL,1,0,NULL,'54.226.2.131',NULL,NULL,NULL,NULL,1000.0000,1000.0000,1000.0000,1000.0000,NULL,1,0,NULL,NULL,0),(30,1,'2014-03-19 09:13:19','2014-03-19 09:13:20',NULL,1,0,0,1,1.0000,0,1.0000,1.0000,1.0000,1.0000,'USD','USD','USD','USD',1000.0000,1000.0000,NULL,NULL,3,0,NULL,NULL,NULL,NULL,NULL,NULL,NULL,NULL,1,0,NULL,'54.197.150.188',NULL,NULL,NULL,NULL,1000.0000,1000.0000,1000.0000,1000.0000,NULL,1,0,NULL,NULL,0),(31,1,'2014-03-24 22:22:18','2014-03-24 22:22:19',NULL,1,0,0,1,1.0000,0,1.0000,1.0000,1.0000,1.0000,'USD','USD','USD','USD',1000.0000,1000.0000,NULL,NULL,3,0,NULL,NULL,NULL,NULL,NULL,NULL,NULL,NULL,1,0,NULL,'2.89.201.180',NULL,NULL,NULL,NULL,1000.0000,1000.0000,1000.0000,1000.0000,NULL,1,0,NULL,NULL,0),(32,1,'2014-03-26 21:36:25','2014-03-26 21:36:26',NULL,1,0,0,1,1.0000,0,1.0000,1.0000,1.0000,1.0000,'USD','USD','USD','USD',1000.0000,1000.0000,NULL,NULL,3,0,NULL,NULL,NULL,NULL,NULL,NULL,NULL,NULL,1,0,NULL,'54.234.212.230',NULL,NULL,NULL,NULL,1000.0000,1000.0000,1000.0000,1000.0000,NULL,1,0,NULL,NULL,0),(33,1,'2014-04-02 09:15:10','2014-04-02 09:15:10',NULL,1,0,0,1,1.0000,0,1.0000,1.0000,1.0000,1.0000,'USD','USD','USD','USD',1000.0000,1000.0000,NULL,NULL,3,0,NULL,NULL,NULL,NULL,NULL,NULL,NULL,NULL,1,0,NULL,'54.204.76.108',NULL,NULL,NULL,NULL,1000.0000,1000.0000,1000.0000,1000.0000,NULL,1,0,NULL,NULL,0),(34,1,'2014-04-09 09:24:31','2014-04-09 09:24:32',NULL,1,0,0,1,1.0000,0,1.0000,1.0000,1.0000,1.0000,'USD','USD','USD','USD',1000.0000,1000.0000,NULL,NULL,3,0,NULL,NULL,NULL,NULL,NULL,NULL,NULL,NULL,1,0,NULL,'174.129.181.53',NULL,NULL,NULL,NULL,1000.0000,1000.0000,1000.0000,1000.0000,NULL,1,0,NULL,NULL,0),(35,1,'2014-04-16 09:13:40','2014-04-16 09:13:41',NULL,1,0,0,1,1.0000,0,1.0000,1.0000,1.0000,1.0000,'USD','USD','USD','USD',1000.0000,1000.0000,NULL,NULL,3,0,NULL,NULL,NULL,NULL,NULL,NULL,NULL,NULL,1,0,NULL,'54.205.155.234',NULL,NULL,NULL,NULL,1000.0000,1000.0000,1000.0000,1000.0000,NULL,1,0,NULL,NULL,0),(36,1,'2014-04-23 09:09:10','2014-04-23 09:09:10',NULL,1,0,0,1,1.0000,0,1.0000,1.0000,1.0000,1.0000,'USD','USD','USD','USD',1000.0000,1000.0000,NULL,NULL,3,0,NULL,NULL,NULL,NULL,NULL,NULL,NULL,NULL,1,0,NULL,'54.80.202.142',NULL,NULL,NULL,NULL,1000.0000,1000.0000,1000.0000,1000.0000,NULL,1,0,NULL,NULL,0),(37,1,'2014-04-30 09:25:17','2014-04-30 09:25:18',NULL,1,0,0,1,1.0000,0,1.0000,1.0000,1.0000,1.0000,'USD','USD','USD','USD',1000.0000,1000.0000,NULL,NULL,3,0,NULL,NULL,NULL,NULL,NULL,NULL,NULL,NULL,1,0,NULL,'54.198.55.174',NULL,NULL,NULL,NULL,1000.0000,1000.0000,1000.0000,1000.0000,NULL,1,0,NULL,NULL,0),(38,1,'2014-05-07 09:24:45','2014-05-07 09:24:46',NULL,1,0,0,1,1.0000,0,1.0000,1.0000,1.0000,1.0000,'USD','USD','USD','USD',1000.0000,1000.0000,NULL,NULL,3,0,NULL,NULL,NULL,NULL,NULL,NULL,NULL,NULL,1,0,NULL,'54.226.171.101',NULL,NULL,NULL,NULL,1000.0000,1000.0000,1000.0000,1000.0000,NULL,1,0,NULL,NULL,0),(39,1,'2014-05-14 09:23:08','2014-05-14 09:23:09',NULL,1,0,0,1,1.0000,0,1.0000,1.0000,1.0000,1.0000,'USD','USD','USD','USD',1000.0000,1000.0000,NULL,NULL,3,0,NULL,NULL,NULL,NULL,NULL,NULL,NULL,NULL,1,0,NULL,'54.82.190.66',NULL,NULL,NULL,NULL,1000.0000,1000.0000,1000.0000,1000.0000,NULL,1,0,NULL,NULL,0),(40,1,'2014-05-21 09:12:06','2014-05-21 09:12:06',NULL,1,0,0,1,1.0000,0,1.0000,1.0000,1.0000,1.0000,'USD','USD','USD','USD',1000.0000,1000.0000,NULL,NULL,3,0,NULL,NULL,NULL,NULL,NULL,NULL,NULL,NULL,1,0,NULL,'54.82.113.9',NULL,NULL,NULL,NULL,1000.0000,1000.0000,1000.0000,1000.0000,NULL,1,0,NULL,NULL,0),(41,1,'2014-05-28 09:28:36','2014-05-28 09:28:36',NULL,1,0,0,1,1.0000,0,1.0000,1.0000,1.0000,1.0000,'USD','USD','USD','USD',1000.0000,1000.0000,NULL,NULL,3,0,NULL,NULL,NULL,NULL,NULL,NULL,NULL,NULL,1,0,NULL,'54.204.56.77',NULL,NULL,NULL,NULL,1000.0000,1000.0000,1000.0000,1000.0000,NULL,1,0,NULL,NULL,0),(42,1,'2014-06-04 09:25:44','2014-06-04 09:25:44',NULL,1,0,0,1,1.0000,0,1.0000,1.0000,1.0000,1.0000,'USD','USD','USD','USD',1000.0000,1000.0000,NULL,NULL,3,0,NULL,NULL,NULL,NULL,NULL,NULL,NULL,NULL,1,0,NULL,'54.198.152.196',NULL,NULL,NULL,NULL,1000.0000,1000.0000,1000.0000,1000.0000,NULL,1,0,NULL,NULL,0),(43,1,'2014-06-11 09:19:42','2014-06-11 09:19:42',NULL,1,0,0,1,1.0000,0,1.0000,1.0000,1.0000,1.0000,'USD','USD','USD','USD',1000.0000,1000.0000,NULL,NULL,3,0,NULL,NULL,NULL,NULL,NULL,NULL,NULL,NULL,1,0,NULL,'54.204.115.28',NULL,NULL,NULL,NULL,1000.0000,1000.0000,1000.0000,1000.0000,NULL,1,0,NULL,NULL,0),(44,1,'2014-06-18 09:13:39','2014-06-18 09:13:39',NULL,1,0,0,1,1.0000,0,1.0000,1.0000,1.0000,1.0000,'USD','USD','USD','USD',1000.0000,1000.0000,NULL,NULL,3,0,NULL,NULL,NULL,NULL,NULL,NULL,NULL,NULL,1,0,NULL,'54.91.77.50',NULL,NULL,NULL,NULL,1000.0000,1000.0000,1000.0000,1000.0000,NULL,1,0,NULL,NULL,0),(45,1,'2014-06-23 01:25:34','2014-06-23 01:25:34',NULL,1,0,0,1,1.0000,0,1.0000,1.0000,1.0000,1.0000,'USD','USD','USD','USD',1000.0000,1000.0000,NULL,NULL,3,0,NULL,NULL,NULL,NULL,NULL,NULL,NULL,NULL,1,0,NULL,'69.84.207.246',NULL,NULL,NULL,NULL,1000.0000,1000.0000,1000.0000,1000.0000,NULL,1,0,NULL,NULL,0),(46,1,'2014-06-25 09:20:25','2014-06-25 09:20:25',NULL,1,0,0,1,1.0000,0,1.0000,1.0000,1.0000,1.0000,'USD','USD','USD','USD',1000.0000,1000.0000,NULL,NULL,3,0,NULL,NULL,NULL,NULL,NULL,NULL,NULL,NULL,1,0,NULL,'54.90.246.241',NULL,NULL,NULL,NULL,1000.0000,1000.0000,1000.0000,1000.0000,NULL,1,0,NULL,NULL,0),(47,1,'2014-07-02 09:18:55','2014-07-02 09:18:56',NULL,1,0,0,1,1.0000,0,1.0000,1.0000,1.0000,1.0000,'USD','USD','USD','USD',1000.0000,1000.0000,NULL,NULL,3,0,NULL,NULL,NULL,NULL,NULL,NULL,NULL,NULL,1,0,NULL,'107.20.59.208',NULL,NULL,NULL,NULL,1000.0000,1000.0000,1000.0000,1000.0000,NULL,1,0,NULL,NULL,0),(48,1,'2014-07-09 09:16:07','2014-07-09 09:16:08',NULL,1,0,0,1,1.0000,0,1.0000,1.0000,1.0000,1.0000,'USD','USD','USD','USD',1000.0000,1000.0000,NULL,NULL,3,0,NULL,NULL,NULL,NULL,NULL,NULL,NULL,NULL,1,0,NULL,'54.90.115.214',NULL,NULL,NULL,NULL,1000.0000,1000.0000,1000.0000,1000.0000,NULL,1,0,NULL,NULL,0),(49,1,'2014-07-16 09:33:27','2014-07-16 09:33:28',NULL,1,0,0,1,1.0000,0,1.0000,1.0000,1.0000,1.0000,'USD','USD','USD','USD',1000.0000,1000.0000,NULL,NULL,3,0,NULL,NULL,NULL,NULL,NULL,NULL,NULL,NULL,1,0,NULL,'54.90.129.248',NULL,NULL,NULL,NULL,1000.0000,1000.0000,1000.0000,1000.0000,NULL,1,0,NULL,NULL,0),(50,1,'2014-07-23 09:08:07','2014-07-23 09:08:08',NULL,1,0,0,1,1.0000,0,1.0000,1.0000,1.0000,1.0000,'USD','USD','USD','USD',1000.0000,1000.0000,NULL,NULL,3,0,NULL,NULL,NULL,NULL,NULL,NULL,NULL,NULL,1,0,NULL,'54.198.182.248',NULL,NULL,NULL,NULL,1000.0000,1000.0000,1000.0000,1000.0000,NULL,1,0,NULL,NULL,0),(51,1,'2014-07-30 09:18:31','2014-07-30 09:18:32',NULL,1,0,0,1,1.0000,0,1.0000,1.0000,1.0000,1.0000,'USD','USD','USD','USD',1000.0000,1000.0000,NULL,NULL,3,0,NULL,NULL,NULL,NULL,NULL,NULL,NULL,NULL,1,0,NULL,'54.197.69.10',NULL,NULL,NULL,NULL,1000.0000,1000.0000,1000.0000,1000.0000,NULL,1,0,NULL,NULL,0),(52,1,'2014-08-06 09:24:26','2014-08-06 09:24:27',NULL,1,0,0,1,1.0000,0,1.0000,1.0000,1.0000,1.0000,'USD','USD','USD','USD',1000.0000,1000.0000,NULL,NULL,3,0,NULL,NULL,NULL,NULL,NULL,NULL,NULL,NULL,1,0,NULL,'23.20.106.234',NULL,NULL,NULL,NULL,1000.0000,1000.0000,1000.0000,1000.0000,NULL,1,0,NULL,NULL,0),(53,1,'2014-08-13 09:12:19','2014-08-13 09:12:19',NULL,1,0,0,1,1.0000,0,1.0000,1.0000,1.0000,1.0000,'USD','USD','USD','USD',1000.0000,1000.0000,NULL,NULL,3,0,NULL,NULL,NULL,NULL,NULL,NULL,NULL,NULL,1,0,NULL,'54.166.233.187',NULL,NULL,NULL,NULL,1000.0000,1000.0000,1000.0000,1000.0000,NULL,1,0,NULL,NULL,0),(54,1,'2014-08-20 09:20:10','2014-08-20 09:20:11',NULL,1,0,0,1,1.0000,0,1.0000,1.0000,1.0000,1.0000,'USD','USD','USD','USD',1000.0000,1000.0000,NULL,NULL,3,0,NULL,NULL,NULL,NULL,NULL,NULL,NULL,NULL,1,0,NULL,'54.167.213.71',NULL,NULL,NULL,NULL,1000.0000,1000.0000,1000.0000,1000.0000,NULL,1,0,NULL,NULL,0),(55,1,'2014-08-27 11:57:34','2014-08-27 11:57:35',NULL,1,0,0,1,1.0000,0,1.0000,1.0000,1.0000,1.0000,'USD','USD','USD','USD',1000.0000,1000.0000,NULL,NULL,3,0,NULL,NULL,NULL,NULL,NULL,NULL,NULL,NULL,1,0,NULL,'54.90.116.67',NULL,NULL,NULL,NULL,1000.0000,1000.0000,1000.0000,1000.0000,NULL,1,0,NULL,NULL,0),(56,1,'2014-09-03 09:13:39','2014-09-03 09:13:40',NULL,1,0,0,1,1.0000,0,1.0000,1.0000,1.0000,1.0000,'USD','USD','USD','USD',1000.0000,1000.0000,NULL,NULL,3,0,NULL,NULL,NULL,NULL,NULL,NULL,NULL,NULL,1,0,NULL,'54.166.106.51',NULL,NULL,NULL,NULL,1000.0000,1000.0000,1000.0000,1000.0000,NULL,1,0,NULL,NULL,0),(57,1,'2014-09-10 09:31:16','2014-09-10 09:31:17',NULL,1,0,0,1,1.0000,0,1.0000,1.0000,1.0000,1.0000,'USD','USD','USD','USD',1000.0000,1000.0000,NULL,NULL,3,0,NULL,NULL,NULL,NULL,NULL,NULL,NULL,NULL,1,0,NULL,'54.242.16.75',NULL,NULL,NULL,NULL,1000.0000,1000.0000,1000.0000,1000.0000,NULL,1,0,NULL,NULL,0),(58,1,'2014-09-12 18:36:49','2014-09-12 18:36:50',NULL,1,0,0,1,1.0000,0,1.0000,1.0000,1.0000,1.0000,'USD','USD','USD','USD',1000.0000,1000.0000,NULL,NULL,3,0,NULL,NULL,NULL,NULL,NULL,NULL,NULL,NULL,1,0,NULL,'62.210.78.209',NULL,NULL,NULL,NULL,1000.0000,1000.0000,1000.0000,1000.0000,NULL,1,0,NULL,NULL,0),(59,1,'2014-09-14 02:38:54','2014-09-14 02:38:55',NULL,1,0,0,1,1.0000,0,1.0000,1.0000,1.0000,1.0000,'USD','USD','USD','USD',1000.0000,1000.0000,NULL,NULL,3,0,NULL,NULL,NULL,NULL,NULL,NULL,NULL,NULL,1,0,NULL,'93.115.94.85',NULL,NULL,NULL,NULL,1000.0000,1000.0000,1000.0000,1000.0000,NULL,1,0,NULL,NULL,0),(60,1,'2014-09-17 09:20:19','2014-09-17 09:20:20',NULL,1,0,0,1,1.0000,0,1.0000,1.0000,1.0000,1.0000,'USD','USD','USD','USD',1000.0000,1000.0000,NULL,NULL,3,0,NULL,NULL,NULL,NULL,NULL,NULL,NULL,NULL,1,0,NULL,'54.234.154.59',NULL,NULL,NULL,NULL,1000.0000,1000.0000,1000.0000,1000.0000,NULL,1,0,NULL,NULL,0),(61,1,'2014-09-24 09:36:03','2014-09-24 09:36:04',NULL,1,0,0,1,1.0000,0,1.0000,1.0000,1.0000,1.0000,'USD','USD','USD','USD',1000.0000,1000.0000,NULL,NULL,3,0,NULL,NULL,NULL,NULL,NULL,NULL,NULL,NULL,1,0,NULL,'54.196.85.195',NULL,NULL,NULL,NULL,1000.0000,1000.0000,1000.0000,1000.0000,NULL,1,0,NULL,NULL,0),(62,1,'2014-09-25 11:08:32','2014-09-25 11:08:39',NULL,1,0,0,1,1.0000,0,1.0000,1.0000,1.0000,1.0000,'USD','USD','USD','USD',1000.0000,1000.0000,NULL,NULL,3,0,NULL,NULL,NULL,NULL,NULL,NULL,NULL,NULL,1,0,NULL,'62.210.167.213',NULL,NULL,NULL,NULL,1000.0000,1000.0000,1000.0000,1000.0000,NULL,1,0,NULL,NULL,0),(63,1,'2014-09-28 04:47:59','2014-09-28 04:48:00',NULL,1,0,0,1,1.0000,0,1.0000,1.0000,1.0000,1.0000,'USD','USD','USD','USD',1000.0000,1000.0000,NULL,NULL,3,0,NULL,NULL,NULL,NULL,NULL,NULL,NULL,NULL,1,0,NULL,'62.210.78.209',NULL,NULL,NULL,NULL,1000.0000,1000.0000,1000.0000,1000.0000,NULL,1,0,NULL,NULL,0),(64,1,'2014-10-01 09:36:37','2014-10-01 09:36:38',NULL,1,0,0,1,1.0000,0,1.0000,1.0000,1.0000,1.0000,'USD','USD','USD','USD',1000.0000,1000.0000,NULL,NULL,3,0,NULL,NULL,NULL,NULL,NULL,NULL,NULL,NULL,1,0,NULL,'54.235.226.112',NULL,NULL,NULL,NULL,1000.0000,1000.0000,1000.0000,1000.0000,NULL,1,0,NULL,NULL,0),(65,1,'2014-10-02 07:51:59','2014-10-02 07:52:07',NULL,1,0,0,1,1.0000,0,1.0000,1.0000,1.0000,1.0000,'USD','USD','USD','USD',1000.0000,1000.0000,NULL,NULL,3,0,NULL,NULL,NULL,NULL,NULL,NULL,NULL,NULL,1,0,NULL,'193.150.120.16',NULL,NULL,NULL,NULL,1000.0000,1000.0000,1000.0000,1000.0000,NULL,1,0,NULL,NULL,0),(66,1,'2014-10-02 07:52:11','2014-10-02 07:52:37',NULL,1,0,0,1,1.0000,0,1.0000,1.0000,1.0000,1.0000,'USD','USD','USD','USD',1000.0000,1000.0000,NULL,NULL,3,0,NULL,NULL,NULL,NULL,NULL,NULL,NULL,NULL,1,0,NULL,'193.150.120.16',NULL,NULL,NULL,NULL,1000.0000,1000.0000,1000.0000,1000.0000,NULL,1,0,NULL,NULL,0),(67,1,'2014-10-02 11:45:51','2014-10-02 11:45:59',NULL,1,0,0,1,1.0000,0,1.0000,1.0000,1.0000,1.0000,'USD','USD','USD','USD',1000.0000,1000.0000,NULL,NULL,3,0,NULL,NULL,NULL,NULL,NULL,NULL,NULL,NULL,1,0,NULL,'37.59.28.77',NULL,NULL,NULL,NULL,1000.0000,1000.0000,1000.0000,1000.0000,NULL,1,0,NULL,NULL,0),(68,1,'2014-10-03 05:12:03','2014-10-03 05:12:10',NULL,1,0,0,1,1.0000,0,1.0000,1.0000,1.0000,1.0000,'USD','USD','USD','USD',1000.0000,1000.0000,NULL,NULL,3,0,NULL,NULL,NULL,NULL,NULL,NULL,NULL,NULL,1,0,NULL,'62.210.167.213',NULL,NULL,NULL,NULL,1000.0000,1000.0000,1000.0000,1000.0000,NULL,1,0,NULL,NULL,0),(69,1,'2014-10-08 09:19:27','2014-10-08 09:19:28',NULL,1,0,0,1,1.0000,0,1.0000,1.0000,1.0000,1.0000,'USD','USD','USD','USD',1000.0000,1000.0000,NULL,NULL,3,0,NULL,NULL,NULL,NULL,NULL,NULL,NULL,NULL,1,0,NULL,'54.161.235.235',NULL,NULL,NULL,NULL,1000.0000,1000.0000,1000.0000,1000.0000,NULL,1,0,NULL,NULL,0),(70,1,'2014-10-15 09:26:51','2014-10-15 09:26:52',NULL,1,0,0,1,1.0000,0,1.0000,1.0000,1.0000,1.0000,'USD','USD','USD','USD',1000.0000,1000.0000,NULL,NULL,3,0,NULL,NULL,NULL,NULL,NULL,NULL,NULL,NULL,1,0,NULL,'54.197.74.211',NULL,NULL,NULL,NULL,1000.0000,1000.0000,1000.0000,1000.0000,NULL,1,0,NULL,NULL,0),(71,1,'2014-10-18 15:38:35','2014-10-18 15:38:39',NULL,1,0,0,1,1.0000,0,1.0000,1.0000,1.0000,1.0000,'USD','USD','USD','USD',1000.0000,1000.0000,NULL,NULL,3,0,NULL,NULL,NULL,NULL,NULL,NULL,NULL,NULL,1,0,NULL,'5.63.146.148',NULL,NULL,NULL,NULL,1000.0000,1000.0000,1000.0000,1000.0000,NULL,1,0,NULL,NULL,0),(72,1,'2014-10-18 15:44:52','2014-10-18 15:44:53',NULL,1,0,0,1,1.0000,0,1.0000,1.0000,1.0000,1.0000,'USD','USD','USD','USD',1000.0000,1000.0000,NULL,NULL,3,0,NULL,NULL,NULL,NULL,NULL,NULL,NULL,NULL,1,0,NULL,'5.63.146.148',NULL,NULL,NULL,NULL,1000.0000,1000.0000,1000.0000,1000.0000,NULL,1,0,NULL,NULL,0),(73,1,'2014-10-19 09:53:35','2014-10-19 09:53:36',NULL,1,0,0,1,1.0000,0,1.0000,1.0000,1.0000,1.0000,'USD','USD','USD','USD',1000.0000,1000.0000,NULL,NULL,3,0,NULL,NULL,NULL,NULL,NULL,NULL,NULL,NULL,1,0,NULL,'5.63.146.148',NULL,NULL,NULL,NULL,1000.0000,1000.0000,1000.0000,1000.0000,NULL,1,0,NULL,NULL,0),(74,1,'2014-10-19 10:28:07','2014-10-19 10:28:09',NULL,1,0,0,1,1.0000,0,1.0000,1.0000,1.0000,1.0000,'USD','USD','USD','USD',1000.0000,1000.0000,NULL,NULL,3,0,NULL,NULL,NULL,NULL,NULL,NULL,NULL,NULL,1,0,NULL,'5.63.146.148',NULL,NULL,NULL,NULL,1000.0000,1000.0000,1000.0000,1000.0000,NULL,1,0,NULL,NULL,0),(75,1,'2014-10-19 12:05:18','2014-10-19 12:05:19',NULL,1,0,0,1,1.0000,0,1.0000,1.0000,1.0000,1.0000,'USD','USD','USD','USD',1000.0000,1000.0000,NULL,NULL,3,0,NULL,NULL,NULL,NULL,NULL,NULL,NULL,NULL,1,0,NULL,'5.63.146.148',NULL,NULL,NULL,NULL,1000.0000,1000.0000,1000.0000,1000.0000,NULL,1,0,NULL,NULL,0),(76,1,'2014-10-22 09:10:21','2014-10-22 09:10:22',NULL,1,0,0,1,1.0000,0,1.0000,1.0000,1.0000,1.0000,'USD','USD','USD','USD',1000.0000,1000.0000,NULL,NULL,3,0,NULL,NULL,NULL,NULL,NULL,NULL,NULL,NULL,1,0,NULL,'54.226.144.145',NULL,NULL,NULL,NULL,1000.0000,1000.0000,1000.0000,1000.0000,NULL,1,0,NULL,NULL,0),(77,1,'2014-10-29 09:18:31','2014-10-29 09:18:32',NULL,1,0,0,1,1.0000,0,1.0000,1.0000,1.0000,1.0000,'USD','USD','USD','USD',1000.0000,1000.0000,NULL,NULL,3,0,NULL,NULL,NULL,NULL,NULL,NULL,NULL,NULL,1,0,NULL,'184.73.66.213',NULL,NULL,NULL,NULL,1000.0000,1000.0000,1000.0000,1000.0000,NULL,1,0,NULL,NULL,0),(78,1,'2014-11-05 10:21:36','2014-11-05 10:21:37',NULL,1,0,0,1,1.0000,0,1.0000,1.0000,1.0000,1.0000,'USD','USD','USD','USD',1000.0000,1000.0000,NULL,NULL,3,0,NULL,NULL,NULL,NULL,NULL,NULL,NULL,NULL,1,0,NULL,'54.163.90.173',NULL,NULL,NULL,NULL,1000.0000,1000.0000,1000.0000,1000.0000,NULL,1,0,NULL,NULL,0),(79,1,'2014-11-12 10:13:57','2014-11-12 10:13:58',NULL,1,0,0,1,1.0000,0,1.0000,1.0000,1.0000,1.0000,'USD','USD','USD','USD',1000.0000,1000.0000,NULL,NULL,3,0,NULL,NULL,NULL,NULL,NULL,NULL,NULL,NULL,1,0,NULL,'54.243.10.103',NULL,NULL,NULL,NULL,1000.0000,1000.0000,1000.0000,1000.0000,NULL,1,0,NULL,NULL,0),(80,1,'2014-11-19 10:23:43','2014-11-19 10:23:44',NULL,1,0,0,1,1.0000,0,1.0000,1.0000,1.0000,1.0000,'USD','USD','USD','USD',1000.0000,1000.0000,NULL,NULL,3,0,NULL,NULL,NULL,NULL,NULL,NULL,NULL,NULL,1,0,NULL,'50.19.26.235',NULL,NULL,NULL,NULL,1000.0000,1000.0000,1000.0000,1000.0000,NULL,1,0,NULL,NULL,0),(81,1,'2014-11-26 10:24:26','2014-11-26 10:24:27',NULL,1,0,0,1,1.0000,0,1.0000,1.0000,1.0000,1.0000,'USD','USD','USD','USD',1000.0000,1000.0000,NULL,NULL,3,0,NULL,NULL,NULL,NULL,NULL,NULL,NULL,NULL,1,0,NULL,'54.211.126.58',NULL,NULL,NULL,NULL,1000.0000,1000.0000,1000.0000,1000.0000,NULL,1,0,NULL,NULL,0),(82,1,'2014-12-03 10:09:23','2014-12-03 10:09:24',NULL,1,0,0,1,1.0000,0,1.0000,1.0000,1.0000,1.0000,'USD','USD','USD','USD',1000.0000,1000.0000,NULL,NULL,3,0,NULL,NULL,NULL,NULL,NULL,NULL,NULL,NULL,1,0,NULL,'54.204.248.154',NULL,NULL,NULL,NULL,1000.0000,1000.0000,1000.0000,1000.0000,NULL,1,0,NULL,NULL,0),(83,1,'2014-12-10 10:12:44','2014-12-10 10:12:44',NULL,1,0,0,1,1.0000,0,1.0000,1.0000,1.0000,1.0000,'USD','USD','USD','USD',1000.0000,1000.0000,NULL,NULL,3,0,NULL,NULL,NULL,NULL,NULL,NULL,NULL,NULL,1,0,NULL,'54.197.118.156',NULL,NULL,NULL,NULL,1000.0000,1000.0000,1000.0000,1000.0000,NULL,1,0,NULL,NULL,0),(84,1,'2014-12-17 10:07:14','2014-12-17 10:07:14',NULL,1,0,0,1,1.0000,0,1.0000,1.0000,1.0000,1.0000,'USD','USD','USD','USD',1000.0000,1000.0000,NULL,NULL,3,0,NULL,NULL,NULL,NULL,NULL,NULL,NULL,NULL,1,0,NULL,'54.204.251.109',NULL,NULL,NULL,NULL,1000.0000,1000.0000,1000.0000,1000.0000,NULL,1,0,NULL,NULL,0),(85,1,'2014-12-17 13:50:14','2014-12-17 13:50:17',NULL,1,0,0,1,1.0000,0,1.0000,1.0000,1.0000,1.0000,'USD','USD','USD','USD',1000.0000,1000.0000,NULL,NULL,3,0,NULL,NULL,NULL,NULL,NULL,NULL,NULL,NULL,1,0,NULL,'195.154.181.152',NULL,NULL,NULL,NULL,1000.0000,1000.0000,1000.0000,1000.0000,NULL,1,0,NULL,NULL,0),(86,1,'2014-12-17 13:50:20','2014-12-17 13:50:30',NULL,1,0,0,1,1.0000,0,1.0000,1.0000,1.0000,1.0000,'USD','USD','USD','USD',1000.0000,1000.0000,NULL,NULL,3,0,NULL,NULL,NULL,NULL,NULL,NULL,NULL,NULL,1,0,NULL,'195.154.181.152',NULL,NULL,NULL,NULL,1000.0000,1000.0000,1000.0000,1000.0000,NULL,1,0,NULL,NULL,0),(87,1,'2014-12-20 11:32:55','2014-12-20 11:32:55',NULL,1,0,0,1,1.0000,0,1.0000,1.0000,1.0000,1.0000,'USD','USD','USD','USD',1000.0000,1000.0000,NULL,NULL,3,0,NULL,NULL,NULL,NULL,NULL,NULL,NULL,NULL,1,0,NULL,'69.84.207.246',NULL,NULL,NULL,NULL,1000.0000,1000.0000,1000.0000,1000.0000,NULL,1,0,NULL,NULL,0),(88,1,'2014-12-24 10:10:45','2014-12-24 10:10:46',NULL,1,0,0,1,1.0000,0,1.0000,1.0000,1.0000,1.0000,'USD','USD','USD','USD',1000.0000,1000.0000,NULL,NULL,3,0,NULL,NULL,NULL,NULL,NULL,NULL,NULL,NULL,1,0,NULL,'54.161.154.80',NULL,NULL,NULL,NULL,1000.0000,1000.0000,1000.0000,1000.0000,NULL,1,0,NULL,NULL,0),(89,1,'2014-12-24 12:00:11','2014-12-24 12:07:42',NULL,1,0,0,0,0.0000,0,1.0000,1.0000,1.0000,1.0000,'USD','USD','USD','USD',0.0000,0.0000,NULL,NULL,3,0,NULL,NULL,NULL,NULL,NULL,NULL,NULL,NULL,1,0,NULL,'158.106.67.198',NULL,NULL,NULL,NULL,0.0000,0.0000,0.0000,0.0000,NULL,1,0,NULL,NULL,0),(90,1,'2014-12-31 10:23:00','2014-12-31 10:23:01',NULL,1,0,0,1,1.0000,0,1.0000,1.0000,1.0000,1.0000,'USD','USD','USD','USD',1000.0000,1000.0000,NULL,NULL,3,0,NULL,NULL,NULL,NULL,NULL,NULL,NULL,NULL,1,0,NULL,'54.146.149.170',NULL,NULL,NULL,NULL,1000.0000,1000.0000,1000.0000,1000.0000,NULL,1,0,NULL,NULL,0),(91,1,'2015-01-07 10:22:47','2015-01-07 10:22:47',NULL,1,0,0,1,1.0000,0,1.0000,1.0000,1.0000,1.0000,'USD','USD','USD','USD',1000.0000,1000.0000,NULL,NULL,3,0,NULL,NULL,NULL,NULL,NULL,NULL,NULL,NULL,1,0,NULL,'54.204.243.158',NULL,NULL,NULL,NULL,1000.0000,1000.0000,1000.0000,1000.0000,NULL,1,0,NULL,NULL,0),(92,1,'2015-01-09 05:36:17','2015-01-09 05:46:26',NULL,1,0,0,1,2.0000,0,1.0000,1.0000,1.0000,1.0000,'USD','USD','USD','USD',2010.0000,2010.0000,NULL,NULL,3,0,NULL,NULL,NULL,NULL,NULL,NULL,NULL,NULL,1,0,NULL,'189.162.98.113',NULL,NULL,NULL,NULL,2000.0000,2000.0000,2000.0000,2000.0000,NULL,1,0,NULL,NULL,0),(93,1,'2015-01-11 01:15:36','2015-01-11 01:15:39',NULL,1,0,0,1,1.0000,0,1.0000,1.0000,1.0000,1.0000,'USD','USD','USD','USD',1000.0000,1000.0000,NULL,NULL,3,0,NULL,NULL,NULL,NULL,NULL,NULL,NULL,NULL,1,0,NULL,'195.154.181.152',NULL,NULL,NULL,NULL,1000.0000,1000.0000,1000.0000,1000.0000,NULL,1,0,NULL,NULL,0),(94,1,'2015-01-11 01:15:41','2015-01-11 01:15:50',NULL,1,0,0,1,1.0000,0,1.0000,1.0000,1.0000,1.0000,'USD','USD','USD','USD',1000.0000,1000.0000,NULL,NULL,3,0,NULL,NULL,NULL,NULL,NULL,NULL,NULL,NULL,1,0,NULL,'195.154.181.152',NULL,NULL,NULL,NULL,1000.0000,1000.0000,1000.0000,1000.0000,NULL,1,0,NULL,NULL,0),(95,1,'2015-01-14 11:35:43','2015-01-14 11:35:43',NULL,1,0,0,1,1.0000,0,1.0000,1.0000,1.0000,1.0000,'USD','USD','USD','USD',1000.0000,1000.0000,NULL,NULL,3,0,NULL,NULL,NULL,NULL,NULL,NULL,NULL,NULL,1,0,NULL,'184.72.66.157',NULL,NULL,NULL,NULL,1000.0000,1000.0000,1000.0000,1000.0000,NULL,1,0,NULL,NULL,0),(96,1,'2015-01-21 10:25:18','2015-01-21 10:25:19',NULL,1,0,0,1,1.0000,0,1.0000,1.0000,1.0000,1.0000,'USD','USD','USD','USD',1000.0000,1000.0000,NULL,NULL,3,0,NULL,NULL,NULL,NULL,NULL,NULL,NULL,NULL,1,0,NULL,'54.204.248.25',NULL,NULL,NULL,NULL,1000.0000,1000.0000,1000.0000,1000.0000,NULL,1,0,NULL,NULL,0),(97,1,'2015-01-28 10:10:59','2015-01-28 10:10:59',NULL,1,0,0,1,1.0000,0,1.0000,1.0000,1.0000,1.0000,'USD','USD','USD','USD',1000.0000,1000.0000,NULL,NULL,3,0,NULL,NULL,NULL,NULL,NULL,NULL,NULL,NULL,1,0,NULL,'23.23.51.196',NULL,NULL,NULL,NULL,1000.0000,1000.0000,1000.0000,1000.0000,NULL,1,0,NULL,NULL,0),(98,1,'2015-01-31 15:32:26','2015-01-31 15:38:04',NULL,1,0,0,1,2.0000,0,1.0000,1.0000,1.0000,1.0000,'USD','USD','USD','USD',2000.0000,2000.0000,NULL,NULL,3,0,NULL,NULL,NULL,NULL,NULL,NULL,NULL,NULL,1,0,NULL,'176.9.143.70',NULL,NULL,NULL,NULL,2000.0000,2000.0000,2000.0000,2000.0000,NULL,1,0,NULL,NULL,0),(99,1,'2015-02-04 10:23:23','2015-02-04 10:23:24',NULL,1,0,0,1,1.0000,0,1.0000,1.0000,1.0000,1.0000,'USD','USD','USD','USD',1000.0000,1000.0000,NULL,NULL,3,0,NULL,NULL,NULL,NULL,NULL,NULL,NULL,NULL,1,0,NULL,'54.204.252.227',NULL,NULL,NULL,NULL,1000.0000,1000.0000,1000.0000,1000.0000,NULL,1,0,NULL,NULL,0),(100,1,'2015-02-11 10:19:32','2015-02-11 10:19:32',NULL,1,0,0,1,1.0000,0,1.0000,1.0000,1.0000,1.0000,'USD','USD','USD','USD',1000.0000,1000.0000,NULL,NULL,3,0,NULL,NULL,NULL,NULL,NULL,NULL,NULL,NULL,1,0,NULL,'54.197.186.225',NULL,NULL,NULL,NULL,1000.0000,1000.0000,1000.0000,1000.0000,NULL,1,0,NULL,NULL,0),(101,1,'2015-02-18 10:12:47','2015-02-18 10:12:47',NULL,1,0,0,1,1.0000,0,1.0000,1.0000,1.0000,1.0000,'USD','USD','USD','USD',1000.0000,1000.0000,NULL,NULL,3,0,NULL,NULL,NULL,NULL,NULL,NULL,NULL,NULL,1,0,NULL,'54.146.170.122',NULL,NULL,NULL,NULL,1000.0000,1000.0000,1000.0000,1000.0000,NULL,1,0,NULL,NULL,0),(102,1,'2015-02-25 10:11:23','2015-02-25 10:11:23',NULL,1,0,0,1,1.0000,0,1.0000,1.0000,1.0000,1.0000,'USD','USD','USD','USD',1000.0000,1000.0000,NULL,NULL,3,0,NULL,NULL,NULL,NULL,NULL,NULL,NULL,NULL,1,0,NULL,'54.211.249.98',NULL,NULL,NULL,NULL,1000.0000,1000.0000,1000.0000,1000.0000,NULL,1,0,NULL,NULL,0),(103,1,'2015-03-04 10:13:04','2015-03-04 10:13:04',NULL,1,0,0,1,1.0000,0,1.0000,1.0000,1.0000,1.0000,'USD','USD','USD','USD',1000.0000,1000.0000,NULL,NULL,3,0,NULL,NULL,NULL,NULL,NULL,NULL,NULL,NULL,1,0,NULL,'23.22.51.51',NULL,NULL,NULL,NULL,1000.0000,1000.0000,1000.0000,1000.0000,NULL,1,0,NULL,NULL,0),(104,1,'2015-03-04 22:10:03','2015-03-04 22:10:04',NULL,1,0,0,1,1.0000,0,1.0000,1.0000,1.0000,1.0000,'USD','USD','USD','USD',1000.0000,1000.0000,NULL,NULL,3,0,NULL,NULL,NULL,NULL,NULL,NULL,NULL,NULL,1,0,NULL,'31.171.80.134',NULL,NULL,NULL,NULL,1000.0000,1000.0000,1000.0000,1000.0000,NULL,1,0,NULL,NULL,0),(105,1,'2015-03-11 13:11:56','2015-03-11 13:11:57',NULL,1,0,0,1,1.0000,0,1.0000,1.0000,1.0000,1.0000,'USD','USD','USD','USD',1000.0000,1000.0000,NULL,NULL,3,0,NULL,NULL,NULL,NULL,NULL,NULL,NULL,NULL,1,0,NULL,'54.211.89.202',NULL,NULL,NULL,NULL,1000.0000,1000.0000,1000.0000,1000.0000,NULL,1,0,NULL,NULL,0),(106,1,'2015-03-18 09:22:24','2015-03-18 09:22:25',NULL,1,0,0,1,1.0000,0,1.0000,1.0000,1.0000,1.0000,'USD','USD','USD','USD',1000.0000,1000.0000,NULL,NULL,3,0,NULL,NULL,NULL,NULL,NULL,NULL,NULL,NULL,1,0,NULL,'54.166.83.23',NULL,NULL,NULL,NULL,1000.0000,1000.0000,1000.0000,1000.0000,NULL,1,0,NULL,NULL,0),(107,1,'2015-03-25 09:38:56','2015-03-25 09:38:57',NULL,1,0,0,1,1.0000,0,1.0000,1.0000,1.0000,1.0000,'USD','USD','USD','USD',1000.0000,1000.0000,NULL,NULL,3,0,NULL,NULL,NULL,NULL,NULL,NULL,NULL,NULL,1,0,NULL,'54.159.239.145',NULL,NULL,NULL,NULL,1000.0000,1000.0000,1000.0000,1000.0000,NULL,1,0,NULL,NULL,0),(108,1,'2015-03-30 16:32:15','2015-03-30 16:32:16',NULL,1,0,0,1,1.0000,0,1.0000,1.0000,1.0000,1.0000,'USD','USD','USD','USD',1000.0000,1000.0000,NULL,NULL,3,0,NULL,NULL,NULL,NULL,NULL,NULL,NULL,NULL,1,0,NULL,'188.143.232.19',NULL,NULL,NULL,NULL,1000.0000,1000.0000,1000.0000,1000.0000,NULL,1,0,NULL,NULL,0),(109,1,'2015-03-30 19:29:43','2015-03-30 19:29:44',NULL,1,0,0,1,1.0000,0,1.0000,1.0000,1.0000,1.0000,'USD','USD','USD','USD',1000.0000,1000.0000,NULL,NULL,3,0,NULL,NULL,NULL,NULL,NULL,NULL,NULL,NULL,1,0,NULL,'69.84.207.246',NULL,NULL,NULL,NULL,1000.0000,1000.0000,1000.0000,1000.0000,NULL,1,0,NULL,NULL,0),(110,1,'2015-04-01 15:16:48','2015-04-01 15:16:49',NULL,1,0,0,1,1.0000,0,1.0000,1.0000,1.0000,1.0000,'USD','USD','USD','USD',1000.0000,1000.0000,NULL,NULL,3,0,NULL,NULL,NULL,NULL,NULL,NULL,NULL,NULL,1,0,NULL,'54.211.161.75',NULL,NULL,NULL,NULL,1000.0000,1000.0000,1000.0000,1000.0000,NULL,1,0,NULL,NULL,0),(111,1,'2015-04-04 16:50:50','2015-04-04 16:50:57',NULL,1,0,0,1,1.0000,0,1.0000,1.0000,1.0000,1.0000,'USD','USD','USD','USD',1000.0000,1000.0000,NULL,NULL,3,0,NULL,NULL,NULL,NULL,NULL,NULL,NULL,NULL,1,0,NULL,'176.10.104.227',NULL,NULL,NULL,NULL,1000.0000,1000.0000,1000.0000,1000.0000,NULL,1,0,NULL,NULL,0);

--
-- Table structure for table `sales_flat_quote_address`
--

CREATE TABLE `sales_flat_quote_address` (
  `address_id` int(10) unsigned NOT NULL AUTO_INCREMENT COMMENT 'Address Id',
  `quote_id` int(10) unsigned NOT NULL COMMENT 'Quote Id',
  `created_at` timestamp NOT NULL DEFAULT CURRENT_TIMESTAMP ON UPDATE CURRENT_TIMESTAMP COMMENT 'Created At',
  `updated_at` timestamp NOT NULL DEFAULT '0000-00-00 00:00:00' COMMENT 'Updated At',
  `customer_id` int(10) unsigned DEFAULT NULL COMMENT 'Customer Id',
  `save_in_address_book` smallint(6) DEFAULT '0' COMMENT 'Save In Address Book',
  `customer_address_id` int(10) unsigned DEFAULT NULL COMMENT 'Customer Address Id',
  `address_type` varchar(255) DEFAULT NULL COMMENT 'Address Type',
  `email` varchar(255) DEFAULT NULL COMMENT 'Email',
  `prefix` varchar(40) DEFAULT NULL COMMENT 'Prefix',
  `firstname` varchar(255) DEFAULT NULL COMMENT 'Firstname',
  `middlename` varchar(40) DEFAULT NULL COMMENT 'Middlename',
  `lastname` varchar(255) DEFAULT NULL COMMENT 'Lastname',
  `suffix` varchar(40) DEFAULT NULL COMMENT 'Suffix',
  `company` varchar(255) DEFAULT NULL COMMENT 'Company',
  `street` varchar(255) DEFAULT NULL COMMENT 'Street',
  `city` varchar(255) DEFAULT NULL COMMENT 'City',
  `region` varchar(255) DEFAULT NULL COMMENT 'Region',
  `region_id` int(10) unsigned DEFAULT NULL COMMENT 'Region Id',
  `postcode` varchar(255) DEFAULT NULL COMMENT 'Postcode',
  `country_id` varchar(255) DEFAULT NULL COMMENT 'Country Id',
  `telephone` varchar(255) DEFAULT NULL COMMENT 'Telephone',
  `fax` varchar(255) DEFAULT NULL COMMENT 'Fax',
  `same_as_billing` smallint(5) unsigned NOT NULL COMMENT 'Same As Billing',
  `free_shipping` smallint(5) unsigned NOT NULL COMMENT 'Free Shipping',
  `collect_shipping_rates` smallint(5) unsigned NOT NULL COMMENT 'Collect Shipping Rates',
  `shipping_method` varchar(255) DEFAULT NULL COMMENT 'Shipping Method',
  `shipping_description` varchar(255) DEFAULT NULL COMMENT 'Shipping Description',
  `weight` decimal(12,4) NOT NULL DEFAULT '0.0000' COMMENT 'Weight',
  `subtotal` decimal(12,4) NOT NULL DEFAULT '0.0000' COMMENT 'Subtotal',
  `base_subtotal` decimal(12,4) NOT NULL DEFAULT '0.0000' COMMENT 'Base Subtotal',
  `subtotal_with_discount` decimal(12,4) NOT NULL DEFAULT '0.0000' COMMENT 'Subtotal With Discount',
  `base_subtotal_with_discount` decimal(12,4) NOT NULL DEFAULT '0.0000' COMMENT 'Base Subtotal With Discount',
  `tax_amount` decimal(12,4) NOT NULL DEFAULT '0.0000' COMMENT 'Tax Amount',
  `base_tax_amount` decimal(12,4) NOT NULL DEFAULT '0.0000' COMMENT 'Base Tax Amount',
  `shipping_amount` decimal(12,4) NOT NULL DEFAULT '0.0000' COMMENT 'Shipping Amount',
  `base_shipping_amount` decimal(12,4) NOT NULL DEFAULT '0.0000' COMMENT 'Base Shipping Amount',
  `shipping_tax_amount` decimal(12,4) DEFAULT NULL COMMENT 'Shipping Tax Amount',
  `base_shipping_tax_amount` decimal(12,4) DEFAULT NULL COMMENT 'Base Shipping Tax Amount',
  `discount_amount` decimal(12,4) NOT NULL DEFAULT '0.0000' COMMENT 'Discount Amount',
  `base_discount_amount` decimal(12,4) NOT NULL DEFAULT '0.0000' COMMENT 'Base Discount Amount',
  `grand_total` decimal(12,4) NOT NULL DEFAULT '0.0000' COMMENT 'Grand Total',
  `base_grand_total` decimal(12,4) NOT NULL DEFAULT '0.0000' COMMENT 'Base Grand Total',
  `customer_notes` text COMMENT 'Customer Notes',
  `applied_taxes` text COMMENT 'Applied Taxes',
  `gift_message_id` int(11) DEFAULT NULL COMMENT 'Gift Message Id',
  `shipping_discount_amount` decimal(12,4) DEFAULT NULL COMMENT 'Shipping Discount Amount',
  `base_shipping_discount_amount` decimal(12,4) DEFAULT NULL COMMENT 'Base Shipping Discount Amount',
  `subtotal_incl_tax` decimal(12,4) DEFAULT NULL COMMENT 'Subtotal Incl Tax',
  `base_subtotal_total_incl_tax` decimal(12,4) DEFAULT NULL COMMENT 'Base Subtotal Total Incl Tax',
  `discount_description` varchar(255) DEFAULT NULL COMMENT 'Discount Description',
  `hidden_tax_amount` decimal(12,4) DEFAULT NULL COMMENT 'Hidden Tax Amount',
  `base_hidden_tax_amount` decimal(12,4) DEFAULT NULL COMMENT 'Base Hidden Tax Amount',
  `shipping_hidden_tax_amount` decimal(12,4) DEFAULT NULL COMMENT 'Shipping Hidden Tax Amount',
  `base_shipping_hidden_tax_amnt` decimal(12,4) DEFAULT NULL COMMENT 'Base Shipping Hidden Tax Amount',
  `shipping_incl_tax` decimal(12,4) DEFAULT NULL COMMENT 'Shipping Incl Tax',
  `base_shipping_incl_tax` decimal(12,4) DEFAULT NULL COMMENT 'Base Shipping Incl Tax',
  `vat_id` text COMMENT 'Vat Id',
  `vat_is_valid` smallint(6) DEFAULT NULL COMMENT 'Vat Is Valid',
  `vat_request_id` text COMMENT 'Vat Request Id',
  `vat_request_date` text COMMENT 'Vat Request Date',
  `vat_request_success` smallint(6) DEFAULT NULL COMMENT 'Vat Request Success',
  PRIMARY KEY (`address_id`),
  KEY `IDX_SALES_FLAT_QUOTE_ADDRESS_QUOTE_ID` (`quote_id`),
  CONSTRAINT `FK_SALES_FLAT_QUOTE_ADDRESS_QUOTE_ID_SALES_FLAT_QUOTE_ENTITY_ID` FOREIGN KEY (`quote_id`) REFERENCES `sales_flat_quote` (`entity_id`) ON DELETE CASCADE ON UPDATE CASCADE
) ENGINE=InnoDB AUTO_INCREMENT=439 DEFAULT CHARSET=utf8 COMMENT='Sales Flat Quote Address';

--
-- Dumping data for table `sales_flat_quote_address`
--

INSERT INTO `sales_flat_quote_address` VALUES (3,1,'2013-06-01 18:08:00','2013-06-01 22:24:08',NULL,0,NULL,'billing',NULL,NULL,NULL,NULL,NULL,NULL,NULL,NULL,NULL,NULL,NULL,NULL,NULL,NULL,NULL,0,0,0,NULL,NULL,0.0000,0.0000,0.0000,0.0000,0.0000,0.0000,0.0000,0.0000,0.0000,0.0000,0.0000,0.0000,0.0000,0.0000,0.0000,NULL,'a:0:{}',NULL,NULL,NULL,0.0000,NULL,NULL,NULL,NULL,NULL,NULL,0.0000,0.0000,NULL,NULL,NULL,NULL,NULL),(4,1,'2013-06-01 18:08:00','2013-06-01 22:24:08',NULL,0,NULL,'shipping',NULL,NULL,NULL,NULL,NULL,NULL,NULL,NULL,NULL,NULL,NULL,NULL,NULL,NULL,NULL,1,0,0,NULL,NULL,8.0000,4000.0000,4000.0000,0.0000,0.0000,0.0000,0.0000,0.0000,0.0000,0.0000,0.0000,0.0000,0.0000,4000.0000,4000.0000,NULL,'a:0:{}',NULL,0.0000,0.0000,4000.0000,NULL,NULL,0.0000,0.0000,0.0000,NULL,0.0000,0.0000,NULL,NULL,NULL,NULL,NULL),(7,2,'2013-06-01 23:18:48','2013-06-01 23:18:48',NULL,0,NULL,'billing',NULL,NULL,NULL,NULL,NULL,NULL,NULL,NULL,NULL,NULL,NULL,NULL,NULL,NULL,NULL,0,0,0,NULL,NULL,0.0000,0.0000,0.0000,0.0000,0.0000,0.0000,0.0000,0.0000,0.0000,0.0000,0.0000,0.0000,0.0000,0.0000,0.0000,NULL,'a:0:{}',NULL,NULL,NULL,0.0000,NULL,NULL,NULL,NULL,NULL,NULL,0.0000,0.0000,NULL,NULL,NULL,NULL,NULL),(8,2,'2013-06-01 23:18:48','2013-06-01 23:18:48',NULL,0,NULL,'shipping',NULL,NULL,NULL,NULL,NULL,NULL,NULL,NULL,NULL,NULL,NULL,NULL,NULL,NULL,NULL,1,0,0,NULL,NULL,2.0000,1000.0000,1000.0000,0.0000,0.0000,0.0000,0.0000,0.0000,0.0000,0.0000,0.0000,0.0000,0.0000,1000.0000,1000.0000,NULL,'a:0:{}',NULL,0.0000,0.0000,1000.0000,NULL,NULL,0.0000,0.0000,0.0000,NULL,0.0000,0.0000,NULL,NULL,NULL,NULL,NULL),(11,3,'2013-06-03 01:44:37','2013-06-03 01:44:37',NULL,0,NULL,'billing',NULL,NULL,NULL,NULL,NULL,NULL,NULL,NULL,NULL,NULL,NULL,NULL,NULL,NULL,NULL,0,0,0,NULL,NULL,0.0000,0.0000,0.0000,0.0000,0.0000,0.0000,0.0000,0.0000,0.0000,0.0000,0.0000,0.0000,0.0000,0.0000,0.0000,NULL,'a:0:{}',NULL,NULL,NULL,0.0000,NULL,NULL,NULL,NULL,NULL,NULL,0.0000,0.0000,NULL,NULL,NULL,NULL,NULL),(12,3,'2013-06-03 01:44:37','2013-06-03 01:44:37',NULL,0,NULL,'shipping',NULL,NULL,NULL,NULL,NULL,NULL,NULL,NULL,NULL,NULL,NULL,NULL,NULL,NULL,NULL,1,0,0,NULL,NULL,2.0000,1000.0000,1000.0000,0.0000,0.0000,0.0000,0.0000,0.0000,0.0000,0.0000,0.0000,0.0000,0.0000,1000.0000,1000.0000,NULL,'a:0:{}',NULL,0.0000,0.0000,1000.0000,NULL,NULL,0.0000,0.0000,0.0000,NULL,0.0000,0.0000,NULL,NULL,NULL,NULL,NULL),(13,4,'2013-06-03 05:01:16','2013-06-03 05:01:16',2,0,NULL,'billing',NULL,NULL,NULL,NULL,NULL,NULL,NULL,NULL,NULL,NULL,NULL,NULL,NULL,NULL,NULL,0,0,0,NULL,NULL,0.0000,0.0000,0.0000,0.0000,0.0000,0.0000,0.0000,0.0000,0.0000,0.0000,0.0000,0.0000,0.0000,0.0000,0.0000,NULL,'a:0:{}',NULL,NULL,NULL,0.0000,NULL,NULL,NULL,NULL,NULL,NULL,0.0000,0.0000,NULL,NULL,NULL,NULL,NULL),(14,4,'2013-06-03 05:01:16','2013-06-03 05:01:16',2,0,NULL,'shipping',NULL,NULL,NULL,NULL,NULL,NULL,NULL,NULL,NULL,NULL,NULL,NULL,NULL,NULL,NULL,1,0,0,NULL,NULL,0.0000,0.0000,0.0000,0.0000,0.0000,0.0000,0.0000,0.0000,0.0000,0.0000,0.0000,0.0000,0.0000,0.0000,0.0000,NULL,'a:0:{}',NULL,NULL,NULL,0.0000,NULL,NULL,NULL,NULL,NULL,NULL,0.0000,0.0000,NULL,NULL,NULL,NULL,NULL),(17,5,'2013-10-09 09:01:43','2013-10-09 09:01:43',NULL,0,NULL,'billing',NULL,NULL,NULL,NULL,NULL,NULL,NULL,NULL,NULL,NULL,NULL,NULL,NULL,NULL,NULL,0,0,0,NULL,NULL,0.0000,0.0000,0.0000,0.0000,0.0000,0.0000,0.0000,0.0000,0.0000,0.0000,0.0000,0.0000,0.0000,0.0000,0.0000,NULL,'a:0:{}',NULL,NULL,NULL,0.0000,NULL,NULL,NULL,NULL,NULL,NULL,0.0000,0.0000,NULL,NULL,NULL,NULL,NULL),(18,5,'2013-10-09 09:01:43','2013-10-09 09:01:43',NULL,0,NULL,'shipping',NULL,NULL,NULL,NULL,NULL,NULL,NULL,NULL,NULL,NULL,NULL,NULL,NULL,NULL,NULL,1,0,0,NULL,NULL,2.0000,1000.0000,1000.0000,0.0000,0.0000,0.0000,0.0000,0.0000,0.0000,0.0000,0.0000,0.0000,0.0000,1000.0000,1000.0000,NULL,'a:0:{}',NULL,0.0000,0.0000,1000.0000,NULL,NULL,0.0000,0.0000,0.0000,NULL,0.0000,0.0000,NULL,NULL,NULL,NULL,NULL),(21,6,'2013-10-16 08:12:37','2013-10-16 08:12:37',NULL,0,NULL,'billing',NULL,NULL,NULL,NULL,NULL,NULL,NULL,NULL,NULL,NULL,NULL,NULL,NULL,NULL,NULL,0,0,0,NULL,NULL,0.0000,0.0000,0.0000,0.0000,0.0000,0.0000,0.0000,0.0000,0.0000,0.0000,0.0000,0.0000,0.0000,0.0000,0.0000,NULL,'a:0:{}',NULL,NULL,NULL,0.0000,NULL,NULL,NULL,NULL,NULL,NULL,0.0000,0.0000,NULL,NULL,NULL,NULL,NULL),(22,6,'2013-10-16 08:12:37','2013-10-16 08:12:37',NULL,0,NULL,'shipping',NULL,NULL,NULL,NULL,NULL,NULL,NULL,NULL,NULL,NULL,NULL,NULL,NULL,NULL,NULL,1,0,0,NULL,NULL,2.0000,1000.0000,1000.0000,0.0000,0.0000,0.0000,0.0000,0.0000,0.0000,0.0000,0.0000,0.0000,0.0000,1000.0000,1000.0000,NULL,'a:0:{}',NULL,0.0000,0.0000,1000.0000,NULL,NULL,0.0000,0.0000,0.0000,NULL,0.0000,0.0000,NULL,NULL,NULL,NULL,NULL),(25,7,'2013-10-23 08:15:46','2013-10-23 08:15:46',NULL,0,NULL,'billing',NULL,NULL,NULL,NULL,NULL,NULL,NULL,NULL,NULL,NULL,NULL,NULL,NULL,NULL,NULL,0,0,0,NULL,NULL,0.0000,0.0000,0.0000,0.0000,0.0000,0.0000,0.0000,0.0000,0.0000,0.0000,0.0000,0.0000,0.0000,0.0000,0.0000,NULL,'a:0:{}',NULL,NULL,NULL,0.0000,NULL,NULL,NULL,NULL,NULL,NULL,0.0000,0.0000,NULL,NULL,NULL,NULL,NULL),(26,7,'2013-10-23 08:15:46','2013-10-23 08:15:46',NULL,0,NULL,'shipping',NULL,NULL,NULL,NULL,NULL,NULL,NULL,NULL,NULL,NULL,NULL,NULL,NULL,NULL,NULL,1,0,0,NULL,NULL,2.0000,1000.0000,1000.0000,0.0000,0.0000,0.0000,0.0000,0.0000,0.0000,0.0000,0.0000,0.0000,0.0000,1000.0000,1000.0000,NULL,'a:0:{}',NULL,0.0000,0.0000,1000.0000,NULL,NULL,0.0000,0.0000,0.0000,NULL,0.0000,0.0000,NULL,NULL,NULL,NULL,NULL),(29,8,'2013-10-30 09:13:35','2013-10-30 09:13:35',NULL,0,NULL,'billing',NULL,NULL,NULL,NULL,NULL,NULL,NULL,NULL,NULL,NULL,NULL,NULL,NULL,NULL,NULL,0,0,0,NULL,NULL,0.0000,0.0000,0.0000,0.0000,0.0000,0.0000,0.0000,0.0000,0.0000,0.0000,0.0000,0.0000,0.0000,0.0000,0.0000,NULL,'a:0:{}',NULL,NULL,NULL,0.0000,NULL,NULL,NULL,NULL,NULL,NULL,0.0000,0.0000,NULL,NULL,NULL,NULL,NULL),(30,8,'2013-10-30 09:13:35','2013-10-30 09:13:35',NULL,0,NULL,'shipping',NULL,NULL,NULL,NULL,NULL,NULL,NULL,NULL,NULL,NULL,NULL,NULL,NULL,NULL,NULL,1,0,0,NULL,NULL,2.0000,1000.0000,1000.0000,0.0000,0.0000,0.0000,0.0000,0.0000,0.0000,0.0000,0.0000,0.0000,0.0000,1000.0000,1000.0000,NULL,'a:0:{}',NULL,0.0000,0.0000,1000.0000,NULL,NULL,0.0000,0.0000,0.0000,NULL,0.0000,0.0000,NULL,NULL,NULL,NULL,NULL),(33,9,'2013-11-06 10:17:44','2013-11-06 10:17:44',NULL,0,NULL,'billing',NULL,NULL,NULL,NULL,NULL,NULL,NULL,NULL,NULL,NULL,NULL,NULL,NULL,NULL,NULL,0,0,0,NULL,NULL,0.0000,0.0000,0.0000,0.0000,0.0000,0.0000,0.0000,0.0000,0.0000,0.0000,0.0000,0.0000,0.0000,0.0000,0.0000,NULL,'a:0:{}',NULL,NULL,NULL,0.0000,NULL,NULL,NULL,NULL,NULL,NULL,0.0000,0.0000,NULL,NULL,NULL,NULL,NULL),(34,9,'2013-11-06 10:17:44','2013-11-06 10:17:44',NULL,0,NULL,'shipping',NULL,NULL,NULL,NULL,NULL,NULL,NULL,NULL,NULL,NULL,NULL,NULL,NULL,NULL,NULL,1,0,0,NULL,NULL,2.0000,1000.0000,1000.0000,0.0000,0.0000,0.0000,0.0000,0.0000,0.0000,0.0000,0.0000,0.0000,0.0000,1000.0000,1000.0000,NULL,'a:0:{}',NULL,0.0000,0.0000,1000.0000,NULL,NULL,0.0000,0.0000,0.0000,NULL,0.0000,0.0000,NULL,NULL,NULL,NULL,NULL),(37,10,'2013-11-13 10:12:54','2013-11-13 10:12:54',NULL,0,NULL,'billing',NULL,NULL,NULL,NULL,NULL,NULL,NULL,NULL,NULL,NULL,NULL,NULL,NULL,NULL,NULL,0,0,0,NULL,NULL,0.0000,0.0000,0.0000,0.0000,0.0000,0.0000,0.0000,0.0000,0.0000,0.0000,0.0000,0.0000,0.0000,0.0000,0.0000,NULL,'a:0:{}',NULL,NULL,NULL,0.0000,NULL,NULL,NULL,NULL,NULL,NULL,0.0000,0.0000,NULL,NULL,NULL,NULL,NULL),(38,10,'2013-11-13 10:12:54','2013-11-13 10:12:54',NULL,0,NULL,'shipping',NULL,NULL,NULL,NULL,NULL,NULL,NULL,NULL,NULL,NULL,NULL,NULL,NULL,NULL,NULL,1,0,0,NULL,NULL,2.0000,1000.0000,1000.0000,0.0000,0.0000,0.0000,0.0000,0.0000,0.0000,0.0000,0.0000,0.0000,0.0000,1000.0000,1000.0000,NULL,'a:0:{}',NULL,0.0000,0.0000,1000.0000,NULL,NULL,0.0000,0.0000,0.0000,NULL,0.0000,0.0000,NULL,NULL,NULL,NULL,NULL),(41,11,'2013-11-20 10:15:47','2013-11-20 10:15:47',NULL,0,NULL,'billing',NULL,NULL,NULL,NULL,NULL,NULL,NULL,NULL,NULL,NULL,NULL,NULL,NULL,NULL,NULL,0,0,0,NULL,NULL,0.0000,0.0000,0.0000,0.0000,0.0000,0.0000,0.0000,0.0000,0.0000,0.0000,0.0000,0.0000,0.0000,0.0000,0.0000,NULL,'a:0:{}',NULL,NULL,NULL,0.0000,NULL,NULL,NULL,NULL,NULL,NULL,0.0000,0.0000,NULL,NULL,NULL,NULL,NULL),(42,11,'2013-11-20 10:15:47','2013-11-20 10:15:47',NULL,0,NULL,'shipping',NULL,NULL,NULL,NULL,NULL,NULL,NULL,NULL,NULL,NULL,NULL,NULL,NULL,NULL,NULL,1,0,0,NULL,NULL,2.0000,1000.0000,1000.0000,0.0000,0.0000,0.0000,0.0000,0.0000,0.0000,0.0000,0.0000,0.0000,0.0000,1000.0000,1000.0000,NULL,'a:0:{}',NULL,0.0000,0.0000,1000.0000,NULL,NULL,0.0000,0.0000,0.0000,NULL,0.0000,0.0000,NULL,NULL,NULL,NULL,NULL),(45,12,'2013-11-21 16:51:35','2013-11-21 16:51:35',NULL,0,NULL,'billing',NULL,NULL,NULL,NULL,NULL,NULL,NULL,NULL,NULL,NULL,NULL,NULL,NULL,NULL,NULL,0,0,0,NULL,NULL,0.0000,0.0000,0.0000,0.0000,0.0000,0.0000,0.0000,0.0000,0.0000,0.0000,0.0000,0.0000,0.0000,0.0000,0.0000,NULL,'a:0:{}',NULL,NULL,NULL,0.0000,NULL,NULL,NULL,NULL,NULL,NULL,0.0000,0.0000,NULL,NULL,NULL,NULL,NULL),(46,12,'2013-11-21 16:51:35','2013-11-21 16:51:35',NULL,0,NULL,'shipping',NULL,NULL,NULL,NULL,NULL,NULL,NULL,NULL,NULL,NULL,NULL,NULL,NULL,NULL,NULL,1,0,0,NULL,NULL,2.0000,1000.0000,1000.0000,0.0000,0.0000,0.0000,0.0000,0.0000,0.0000,0.0000,0.0000,0.0000,0.0000,1000.0000,1000.0000,NULL,'a:0:{}',NULL,0.0000,0.0000,1000.0000,NULL,NULL,0.0000,0.0000,0.0000,NULL,0.0000,0.0000,NULL,NULL,NULL,NULL,NULL),(49,13,'2013-11-27 10:19:20','2013-11-27 10:19:20',NULL,0,NULL,'billing',NULL,NULL,NULL,NULL,NULL,NULL,NULL,NULL,NULL,NULL,NULL,NULL,NULL,NULL,NULL,0,0,0,NULL,NULL,0.0000,0.0000,0.0000,0.0000,0.0000,0.0000,0.0000,0.0000,0.0000,0.0000,0.0000,0.0000,0.0000,0.0000,0.0000,NULL,'a:0:{}',NULL,NULL,NULL,0.0000,NULL,NULL,NULL,NULL,NULL,NULL,0.0000,0.0000,NULL,NULL,NULL,NULL,NULL),(50,13,'2013-11-27 10:19:20','2013-11-27 10:19:20',NULL,0,NULL,'shipping',NULL,NULL,NULL,NULL,NULL,NULL,NULL,NULL,NULL,NULL,NULL,NULL,NULL,NULL,NULL,1,0,0,NULL,NULL,2.0000,1000.0000,1000.0000,0.0000,0.0000,0.0000,0.0000,0.0000,0.0000,0.0000,0.0000,0.0000,0.0000,1000.0000,1000.0000,NULL,'a:0:{}',NULL,0.0000,0.0000,1000.0000,NULL,NULL,0.0000,0.0000,0.0000,NULL,0.0000,0.0000,NULL,NULL,NULL,NULL,NULL),(53,14,'2013-12-04 10:20:47','2013-12-04 10:20:47',NULL,0,NULL,'billing',NULL,NULL,NULL,NULL,NULL,NULL,NULL,NULL,NULL,NULL,NULL,NULL,NULL,NULL,NULL,0,0,0,NULL,NULL,0.0000,0.0000,0.0000,0.0000,0.0000,0.0000,0.0000,0.0000,0.0000,0.0000,0.0000,0.0000,0.0000,0.0000,0.0000,NULL,'a:0:{}',NULL,NULL,NULL,0.0000,NULL,NULL,NULL,NULL,NULL,NULL,0.0000,0.0000,NULL,NULL,NULL,NULL,NULL),(54,14,'2013-12-04 10:20:47','2013-12-04 10:20:47',NULL,0,NULL,'shipping',NULL,NULL,NULL,NULL,NULL,NULL,NULL,NULL,NULL,NULL,NULL,NULL,NULL,NULL,NULL,1,0,0,NULL,NULL,2.0000,1000.0000,1000.0000,0.0000,0.0000,0.0000,0.0000,0.0000,0.0000,0.0000,0.0000,0.0000,0.0000,1000.0000,1000.0000,NULL,'a:0:{}',NULL,0.0000,0.0000,1000.0000,NULL,NULL,0.0000,0.0000,0.0000,NULL,0.0000,0.0000,NULL,NULL,NULL,NULL,NULL),(57,15,'2013-12-11 15:01:34','2013-12-11 15:01:34',NULL,0,NULL,'billing',NULL,NULL,NULL,NULL,NULL,NULL,NULL,NULL,NULL,NULL,NULL,NULL,NULL,NULL,NULL,0,0,0,NULL,NULL,0.0000,0.0000,0.0000,0.0000,0.0000,0.0000,0.0000,0.0000,0.0000,0.0000,0.0000,0.0000,0.0000,0.0000,0.0000,NULL,'a:0:{}',NULL,NULL,NULL,0.0000,NULL,NULL,NULL,NULL,NULL,NULL,0.0000,0.0000,NULL,NULL,NULL,NULL,NULL),(58,15,'2013-12-11 15:01:34','2013-12-11 15:01:34',NULL,0,NULL,'shipping',NULL,NULL,NULL,NULL,NULL,NULL,NULL,NULL,NULL,NULL,NULL,NULL,NULL,NULL,NULL,1,0,0,NULL,NULL,2.0000,1000.0000,1000.0000,0.0000,0.0000,0.0000,0.0000,0.0000,0.0000,0.0000,0.0000,0.0000,0.0000,1000.0000,1000.0000,NULL,'a:0:{}',NULL,0.0000,0.0000,1000.0000,NULL,NULL,0.0000,0.0000,0.0000,NULL,0.0000,0.0000,NULL,NULL,NULL,NULL,NULL),(61,16,'2013-12-18 12:19:25','2013-12-18 12:19:25',NULL,0,NULL,'billing',NULL,NULL,NULL,NULL,NULL,NULL,NULL,NULL,NULL,NULL,NULL,NULL,NULL,NULL,NULL,0,0,0,NULL,NULL,0.0000,0.0000,0.0000,0.0000,0.0000,0.0000,0.0000,0.0000,0.0000,0.0000,0.0000,0.0000,0.0000,0.0000,0.0000,NULL,'a:0:{}',NULL,NULL,NULL,0.0000,NULL,NULL,NULL,NULL,NULL,NULL,0.0000,0.0000,NULL,NULL,NULL,NULL,NULL),(62,16,'2013-12-18 12:19:25','2013-12-18 12:19:25',NULL,0,NULL,'shipping',NULL,NULL,NULL,NULL,NULL,NULL,NULL,NULL,NULL,NULL,NULL,NULL,NULL,NULL,NULL,1,0,0,NULL,NULL,2.0000,1000.0000,1000.0000,0.0000,0.0000,0.0000,0.0000,0.0000,0.0000,0.0000,0.0000,0.0000,0.0000,1000.0000,1000.0000,NULL,'a:0:{}',NULL,0.0000,0.0000,1000.0000,NULL,NULL,0.0000,0.0000,0.0000,NULL,0.0000,0.0000,NULL,NULL,NULL,NULL,NULL),(65,17,'2013-12-25 10:08:29','2013-12-25 10:08:29',NULL,0,NULL,'billing',NULL,NULL,NULL,NULL,NULL,NULL,NULL,NULL,NULL,NULL,NULL,NULL,NULL,NULL,NULL,0,0,0,NULL,NULL,0.0000,0.0000,0.0000,0.0000,0.0000,0.0000,0.0000,0.0000,0.0000,0.0000,0.0000,0.0000,0.0000,0.0000,0.0000,NULL,'a:0:{}',NULL,NULL,NULL,0.0000,NULL,NULL,NULL,NULL,NULL,NULL,0.0000,0.0000,NULL,NULL,NULL,NULL,NULL),(66,17,'2013-12-25 10:08:29','2013-12-25 10:08:29',NULL,0,NULL,'shipping',NULL,NULL,NULL,NULL,NULL,NULL,NULL,NULL,NULL,NULL,NULL,NULL,NULL,NULL,NULL,1,0,0,NULL,NULL,2.0000,1000.0000,1000.0000,0.0000,0.0000,0.0000,0.0000,0.0000,0.0000,0.0000,0.0000,0.0000,0.0000,1000.0000,1000.0000,NULL,'a:0:{}',NULL,0.0000,0.0000,1000.0000,NULL,NULL,0.0000,0.0000,0.0000,NULL,0.0000,0.0000,NULL,NULL,NULL,NULL,NULL),(69,18,'2014-01-01 10:05:31','2014-01-01 10:05:31',NULL,0,NULL,'billing',NULL,NULL,NULL,NULL,NULL,NULL,NULL,NULL,NULL,NULL,NULL,NULL,NULL,NULL,NULL,0,0,0,NULL,NULL,0.0000,0.0000,0.0000,0.0000,0.0000,0.0000,0.0000,0.0000,0.0000,0.0000,0.0000,0.0000,0.0000,0.0000,0.0000,NULL,'a:0:{}',NULL,NULL,NULL,0.0000,NULL,NULL,NULL,NULL,NULL,NULL,0.0000,0.0000,NULL,NULL,NULL,NULL,NULL),(70,18,'2014-01-01 10:05:31','2014-01-01 10:05:31',NULL,0,NULL,'shipping',NULL,NULL,NULL,NULL,NULL,NULL,NULL,NULL,NULL,NULL,NULL,NULL,NULL,NULL,NULL,1,0,0,NULL,NULL,2.0000,1000.0000,1000.0000,0.0000,0.0000,0.0000,0.0000,0.0000,0.0000,0.0000,0.0000,0.0000,0.0000,1000.0000,1000.0000,NULL,'a:0:{}',NULL,0.0000,0.0000,1000.0000,NULL,NULL,0.0000,0.0000,0.0000,NULL,0.0000,0.0000,NULL,NULL,NULL,NULL,NULL),(73,19,'2014-01-08 10:22:03','2014-01-08 10:22:03',NULL,0,NULL,'billing',NULL,NULL,NULL,NULL,NULL,NULL,NULL,NULL,NULL,NULL,NULL,NULL,NULL,NULL,NULL,0,0,0,NULL,NULL,0.0000,0.0000,0.0000,0.0000,0.0000,0.0000,0.0000,0.0000,0.0000,0.0000,0.0000,0.0000,0.0000,0.0000,0.0000,NULL,'a:0:{}',NULL,NULL,NULL,0.0000,NULL,NULL,NULL,NULL,NULL,NULL,0.0000,0.0000,NULL,NULL,NULL,NULL,NULL),(74,19,'2014-01-08 10:22:03','2014-01-08 10:22:03',NULL,0,NULL,'shipping',NULL,NULL,NULL,NULL,NULL,NULL,NULL,NULL,NULL,NULL,NULL,NULL,NULL,NULL,NULL,1,0,0,NULL,NULL,2.0000,1000.0000,1000.0000,0.0000,0.0000,0.0000,0.0000,0.0000,0.0000,0.0000,0.0000,0.0000,0.0000,1000.0000,1000.0000,NULL,'a:0:{}',NULL,0.0000,0.0000,1000.0000,NULL,NULL,0.0000,0.0000,0.0000,NULL,0.0000,0.0000,NULL,NULL,NULL,NULL,NULL),(77,20,'2014-01-15 10:07:48','2014-01-15 10:07:48',NULL,0,NULL,'billing',NULL,NULL,NULL,NULL,NULL,NULL,NULL,NULL,NULL,NULL,NULL,NULL,NULL,NULL,NULL,0,0,0,NULL,NULL,0.0000,0.0000,0.0000,0.0000,0.0000,0.0000,0.0000,0.0000,0.0000,0.0000,0.0000,0.0000,0.0000,0.0000,0.0000,NULL,'a:0:{}',NULL,NULL,NULL,0.0000,NULL,NULL,NULL,NULL,NULL,NULL,0.0000,0.0000,NULL,NULL,NULL,NULL,NULL),(78,20,'2014-01-15 10:07:48','2014-01-15 10:07:48',NULL,0,NULL,'shipping',NULL,NULL,NULL,NULL,NULL,NULL,NULL,NULL,NULL,NULL,NULL,NULL,NULL,NULL,NULL,1,0,0,NULL,NULL,2.0000,1000.0000,1000.0000,0.0000,0.0000,0.0000,0.0000,0.0000,0.0000,0.0000,0.0000,0.0000,0.0000,1000.0000,1000.0000,NULL,'a:0:{}',NULL,0.0000,0.0000,1000.0000,NULL,NULL,0.0000,0.0000,0.0000,NULL,0.0000,0.0000,NULL,NULL,NULL,NULL,NULL),(81,21,'2014-01-22 10:06:48','2014-01-22 10:06:48',NULL,0,NULL,'billing',NULL,NULL,NULL,NULL,NULL,NULL,NULL,NULL,NULL,NULL,NULL,NULL,NULL,NULL,NULL,0,0,0,NULL,NULL,0.0000,0.0000,0.0000,0.0000,0.0000,0.0000,0.0000,0.0000,0.0000,0.0000,0.0000,0.0000,0.0000,0.0000,0.0000,NULL,'a:0:{}',NULL,NULL,NULL,0.0000,NULL,NULL,NULL,NULL,NULL,NULL,0.0000,0.0000,NULL,NULL,NULL,NULL,NULL),(82,21,'2014-01-22 10:06:48','2014-01-22 10:06:48',NULL,0,NULL,'shipping',NULL,NULL,NULL,NULL,NULL,NULL,NULL,NULL,NULL,NULL,NULL,NULL,NULL,NULL,NULL,1,0,0,NULL,NULL,2.0000,1000.0000,1000.0000,0.0000,0.0000,0.0000,0.0000,0.0000,0.0000,0.0000,0.0000,0.0000,0.0000,1000.0000,1000.0000,NULL,'a:0:{}',NULL,0.0000,0.0000,1000.0000,NULL,NULL,0.0000,0.0000,0.0000,NULL,0.0000,0.0000,NULL,NULL,NULL,NULL,NULL),(85,22,'2014-01-29 10:14:39','2014-01-29 10:14:39',NULL,0,NULL,'billing',NULL,NULL,NULL,NULL,NULL,NULL,NULL,NULL,NULL,NULL,NULL,NULL,NULL,NULL,NULL,0,0,0,NULL,NULL,0.0000,0.0000,0.0000,0.0000,0.0000,0.0000,0.0000,0.0000,0.0000,0.0000,0.0000,0.0000,0.0000,0.0000,0.0000,NULL,'a:0:{}',NULL,NULL,NULL,0.0000,NULL,NULL,NULL,NULL,NULL,NULL,0.0000,0.0000,NULL,NULL,NULL,NULL,NULL),(86,22,'2014-01-29 10:14:39','2014-01-29 10:14:39',NULL,0,NULL,'shipping',NULL,NULL,NULL,NULL,NULL,NULL,NULL,NULL,NULL,NULL,NULL,NULL,NULL,NULL,NULL,1,0,0,NULL,NULL,2.0000,1000.0000,1000.0000,0.0000,0.0000,0.0000,0.0000,0.0000,0.0000,0.0000,0.0000,0.0000,0.0000,1000.0000,1000.0000,NULL,'a:0:{}',NULL,0.0000,0.0000,1000.0000,NULL,NULL,0.0000,0.0000,0.0000,NULL,0.0000,0.0000,NULL,NULL,NULL,NULL,NULL),(89,23,'2014-02-05 10:25:22','2014-02-05 10:25:22',NULL,0,NULL,'billing',NULL,NULL,NULL,NULL,NULL,NULL,NULL,NULL,NULL,NULL,NULL,NULL,NULL,NULL,NULL,0,0,0,NULL,NULL,0.0000,0.0000,0.0000,0.0000,0.0000,0.0000,0.0000,0.0000,0.0000,0.0000,0.0000,0.0000,0.0000,0.0000,0.0000,NULL,'a:0:{}',NULL,NULL,NULL,0.0000,NULL,NULL,NULL,NULL,NULL,NULL,0.0000,0.0000,NULL,NULL,NULL,NULL,NULL),(90,23,'2014-02-05 10:25:22','2014-02-05 10:25:22',NULL,0,NULL,'shipping',NULL,NULL,NULL,NULL,NULL,NULL,NULL,NULL,NULL,NULL,NULL,NULL,NULL,NULL,NULL,1,0,0,NULL,NULL,2.0000,1000.0000,1000.0000,0.0000,0.0000,0.0000,0.0000,0.0000,0.0000,0.0000,0.0000,0.0000,0.0000,1000.0000,1000.0000,NULL,'a:0:{}',NULL,0.0000,0.0000,1000.0000,NULL,NULL,0.0000,0.0000,0.0000,NULL,0.0000,0.0000,NULL,NULL,NULL,NULL,NULL),(93,24,'2014-02-12 10:50:05','2014-02-12 10:50:05',NULL,0,NULL,'billing',NULL,NULL,NULL,NULL,NULL,NULL,NULL,NULL,NULL,NULL,NULL,NULL,NULL,NULL,NULL,0,0,0,NULL,NULL,0.0000,0.0000,0.0000,0.0000,0.0000,0.0000,0.0000,0.0000,0.0000,0.0000,0.0000,0.0000,0.0000,0.0000,0.0000,NULL,'a:0:{}',NULL,NULL,NULL,0.0000,NULL,NULL,NULL,NULL,NULL,NULL,0.0000,0.0000,NULL,NULL,NULL,NULL,NULL),(94,24,'2014-02-12 10:50:05','2014-02-12 10:50:05',NULL,0,NULL,'shipping',NULL,NULL,NULL,NULL,NULL,NULL,NULL,NULL,NULL,NULL,NULL,NULL,NULL,NULL,NULL,1,0,0,NULL,NULL,2.0000,1000.0000,1000.0000,0.0000,0.0000,0.0000,0.0000,0.0000,0.0000,0.0000,0.0000,0.0000,0.0000,1000.0000,1000.0000,NULL,'a:0:{}',NULL,0.0000,0.0000,1000.0000,NULL,NULL,0.0000,0.0000,0.0000,NULL,0.0000,0.0000,NULL,NULL,NULL,NULL,NULL),(97,25,'2014-02-12 12:54:40','2014-02-12 12:54:40',NULL,0,NULL,'billing',NULL,NULL,NULL,NULL,NULL,NULL,NULL,NULL,NULL,NULL,NULL,NULL,NULL,NULL,NULL,0,0,0,NULL,NULL,0.0000,0.0000,0.0000,0.0000,0.0000,0.0000,0.0000,0.0000,0.0000,0.0000,0.0000,0.0000,0.0000,0.0000,0.0000,NULL,'a:0:{}',NULL,NULL,NULL,0.0000,NULL,NULL,NULL,NULL,NULL,NULL,0.0000,0.0000,NULL,NULL,NULL,NULL,NULL),(98,25,'2014-02-12 12:54:40','2014-02-12 12:54:40',NULL,0,NULL,'shipping',NULL,NULL,NULL,NULL,NULL,NULL,NULL,NULL,NULL,NULL,NULL,NULL,NULL,NULL,NULL,1,0,0,NULL,NULL,2.0000,1000.0000,1000.0000,0.0000,0.0000,0.0000,0.0000,0.0000,0.0000,0.0000,0.0000,0.0000,0.0000,1000.0000,1000.0000,NULL,'a:0:{}',NULL,0.0000,0.0000,1000.0000,NULL,NULL,0.0000,0.0000,0.0000,NULL,0.0000,0.0000,NULL,NULL,NULL,NULL,NULL),(101,26,'2014-02-19 10:27:08','2014-02-19 10:27:08',NULL,0,NULL,'billing',NULL,NULL,NULL,NULL,NULL,NULL,NULL,NULL,NULL,NULL,NULL,NULL,NULL,NULL,NULL,0,0,0,NULL,NULL,0.0000,0.0000,0.0000,0.0000,0.0000,0.0000,0.0000,0.0000,0.0000,0.0000,0.0000,0.0000,0.0000,0.0000,0.0000,NULL,'a:0:{}',NULL,NULL,NULL,0.0000,NULL,NULL,NULL,NULL,NULL,NULL,0.0000,0.0000,NULL,NULL,NULL,NULL,NULL),(102,26,'2014-02-19 10:27:08','2014-02-19 10:27:08',NULL,0,NULL,'shipping',NULL,NULL,NULL,NULL,NULL,NULL,NULL,NULL,NULL,NULL,NULL,NULL,NULL,NULL,NULL,1,0,0,NULL,NULL,2.0000,1000.0000,1000.0000,0.0000,0.0000,0.0000,0.0000,0.0000,0.0000,0.0000,0.0000,0.0000,0.0000,1000.0000,1000.0000,NULL,'a:0:{}',NULL,0.0000,0.0000,1000.0000,NULL,NULL,0.0000,0.0000,0.0000,NULL,0.0000,0.0000,NULL,NULL,NULL,NULL,NULL),(105,27,'2014-02-26 10:21:02','2014-02-26 10:21:02',NULL,0,NULL,'billing',NULL,NULL,NULL,NULL,NULL,NULL,NULL,NULL,NULL,NULL,NULL,NULL,NULL,NULL,NULL,0,0,0,NULL,NULL,0.0000,0.0000,0.0000,0.0000,0.0000,0.0000,0.0000,0.0000,0.0000,0.0000,0.0000,0.0000,0.0000,0.0000,0.0000,NULL,'a:0:{}',NULL,NULL,NULL,0.0000,NULL,NULL,NULL,NULL,NULL,NULL,0.0000,0.0000,NULL,NULL,NULL,NULL,NULL),(106,27,'2014-02-26 10:21:02','2014-02-26 10:21:02',NULL,0,NULL,'shipping',NULL,NULL,NULL,NULL,NULL,NULL,NULL,NULL,NULL,NULL,NULL,NULL,NULL,NULL,NULL,1,0,0,NULL,NULL,2.0000,1000.0000,1000.0000,0.0000,0.0000,0.0000,0.0000,0.0000,0.0000,0.0000,0.0000,0.0000,0.0000,1000.0000,1000.0000,NULL,'a:0:{}',NULL,0.0000,0.0000,1000.0000,NULL,NULL,0.0000,0.0000,0.0000,NULL,0.0000,0.0000,NULL,NULL,NULL,NULL,NULL),(109,28,'2014-03-05 10:15:22','2014-03-05 10:15:22',NULL,0,NULL,'billing',NULL,NULL,NULL,NULL,NULL,NULL,NULL,NULL,NULL,NULL,NULL,NULL,NULL,NULL,NULL,0,0,0,NULL,NULL,0.0000,0.0000,0.0000,0.0000,0.0000,0.0000,0.0000,0.0000,0.0000,0.0000,0.0000,0.0000,0.0000,0.0000,0.0000,NULL,'a:0:{}',NULL,NULL,NULL,0.0000,NULL,NULL,NULL,NULL,NULL,NULL,0.0000,0.0000,NULL,NULL,NULL,NULL,NULL),(110,28,'2014-03-05 10:15:22','2014-03-05 10:15:22',NULL,0,NULL,'shipping',NULL,NULL,NULL,NULL,NULL,NULL,NULL,NULL,NULL,NULL,NULL,NULL,NULL,NULL,NULL,1,0,0,NULL,NULL,2.0000,1000.0000,1000.0000,0.0000,0.0000,0.0000,0.0000,0.0000,0.0000,0.0000,0.0000,0.0000,0.0000,1000.0000,1000.0000,NULL,'a:0:{}',NULL,0.0000,0.0000,1000.0000,NULL,NULL,0.0000,0.0000,0.0000,NULL,0.0000,0.0000,NULL,NULL,NULL,NULL,NULL),(113,29,'2014-03-12 11:40:51','2014-03-12 11:40:51',NULL,0,NULL,'billing',NULL,NULL,NULL,NULL,NULL,NULL,NULL,NULL,NULL,NULL,NULL,NULL,NULL,NULL,NULL,0,0,0,NULL,NULL,0.0000,0.0000,0.0000,0.0000,0.0000,0.0000,0.0000,0.0000,0.0000,0.0000,0.0000,0.0000,0.0000,0.0000,0.0000,NULL,'a:0:{}',NULL,NULL,NULL,0.0000,NULL,NULL,NULL,NULL,NULL,NULL,0.0000,0.0000,NULL,NULL,NULL,NULL,NULL),(114,29,'2014-03-12 11:40:51','2014-03-12 11:40:51',NULL,0,NULL,'shipping',NULL,NULL,NULL,NULL,NULL,NULL,NULL,NULL,NULL,NULL,NULL,NULL,NULL,NULL,NULL,1,0,0,NULL,NULL,2.0000,1000.0000,1000.0000,0.0000,0.0000,0.0000,0.0000,0.0000,0.0000,0.0000,0.0000,0.0000,0.0000,1000.0000,1000.0000,NULL,'a:0:{}',NULL,0.0000,0.0000,1000.0000,NULL,NULL,0.0000,0.0000,0.0000,NULL,0.0000,0.0000,NULL,NULL,NULL,NULL,NULL),(117,30,'2014-03-19 09:13:20','2014-03-19 09:13:20',NULL,0,NULL,'billing',NULL,NULL,NULL,NULL,NULL,NULL,NULL,NULL,NULL,NULL,NULL,NULL,NULL,NULL,NULL,0,0,0,NULL,NULL,0.0000,0.0000,0.0000,0.0000,0.0000,0.0000,0.0000,0.0000,0.0000,0.0000,0.0000,0.0000,0.0000,0.0000,0.0000,NULL,'a:0:{}',NULL,NULL,NULL,0.0000,NULL,NULL,NULL,NULL,NULL,NULL,0.0000,0.0000,NULL,NULL,NULL,NULL,NULL),(118,30,'2014-03-19 09:13:20','2014-03-19 09:13:20',NULL,0,NULL,'shipping',NULL,NULL,NULL,NULL,NULL,NULL,NULL,NULL,NULL,NULL,NULL,NULL,NULL,NULL,NULL,1,0,0,NULL,NULL,2.0000,1000.0000,1000.0000,0.0000,0.0000,0.0000,0.0000,0.0000,0.0000,0.0000,0.0000,0.0000,0.0000,1000.0000,1000.0000,NULL,'a:0:{}',NULL,0.0000,0.0000,1000.0000,NULL,NULL,0.0000,0.0000,0.0000,NULL,0.0000,0.0000,NULL,NULL,NULL,NULL,NULL),(121,31,'2014-03-24 22:22:19','2014-03-24 22:22:19',NULL,0,NULL,'billing',NULL,NULL,NULL,NULL,NULL,NULL,NULL,NULL,NULL,NULL,NULL,NULL,NULL,NULL,NULL,0,0,0,NULL,NULL,0.0000,0.0000,0.0000,0.0000,0.0000,0.0000,0.0000,0.0000,0.0000,0.0000,0.0000,0.0000,0.0000,0.0000,0.0000,NULL,'a:0:{}',NULL,NULL,NULL,0.0000,NULL,NULL,NULL,NULL,NULL,NULL,0.0000,0.0000,NULL,NULL,NULL,NULL,NULL),(122,31,'2014-03-24 22:22:19','2014-03-24 22:22:19',NULL,0,NULL,'shipping',NULL,NULL,NULL,NULL,NULL,NULL,NULL,NULL,NULL,NULL,NULL,NULL,NULL,NULL,NULL,1,0,0,NULL,NULL,2.0000,1000.0000,1000.0000,0.0000,0.0000,0.0000,0.0000,0.0000,0.0000,0.0000,0.0000,0.0000,0.0000,1000.0000,1000.0000,NULL,'a:0:{}',NULL,0.0000,0.0000,1000.0000,NULL,NULL,0.0000,0.0000,0.0000,NULL,0.0000,0.0000,NULL,NULL,NULL,NULL,NULL),(125,32,'2014-03-26 21:36:26','2014-03-26 21:36:26',NULL,0,NULL,'billing',NULL,NULL,NULL,NULL,NULL,NULL,NULL,NULL,NULL,NULL,NULL,NULL,NULL,NULL,NULL,0,0,0,NULL,NULL,0.0000,0.0000,0.0000,0.0000,0.0000,0.0000,0.0000,0.0000,0.0000,0.0000,0.0000,0.0000,0.0000,0.0000,0.0000,NULL,'a:0:{}',NULL,NULL,NULL,0.0000,NULL,NULL,NULL,NULL,NULL,NULL,0.0000,0.0000,NULL,NULL,NULL,NULL,NULL),(126,32,'2014-03-26 21:36:26','2014-03-26 21:36:26',NULL,0,NULL,'shipping',NULL,NULL,NULL,NULL,NULL,NULL,NULL,NULL,NULL,NULL,NULL,NULL,NULL,NULL,NULL,1,0,0,NULL,NULL,2.0000,1000.0000,1000.0000,0.0000,0.0000,0.0000,0.0000,0.0000,0.0000,0.0000,0.0000,0.0000,0.0000,1000.0000,1000.0000,NULL,'a:0:{}',NULL,0.0000,0.0000,1000.0000,NULL,NULL,0.0000,0.0000,0.0000,NULL,0.0000,0.0000,NULL,NULL,NULL,NULL,NULL),(129,33,'2014-04-02 09:15:10','2014-04-02 09:15:10',NULL,0,NULL,'billing',NULL,NULL,NULL,NULL,NULL,NULL,NULL,NULL,NULL,NULL,NULL,NULL,NULL,NULL,NULL,0,0,0,NULL,NULL,0.0000,0.0000,0.0000,0.0000,0.0000,0.0000,0.0000,0.0000,0.0000,0.0000,0.0000,0.0000,0.0000,0.0000,0.0000,NULL,'a:0:{}',NULL,NULL,NULL,0.0000,NULL,NULL,NULL,NULL,NULL,NULL,0.0000,0.0000,NULL,NULL,NULL,NULL,NULL),(130,33,'2014-04-02 09:15:10','2014-04-02 09:15:10',NULL,0,NULL,'shipping',NULL,NULL,NULL,NULL,NULL,NULL,NULL,NULL,NULL,NULL,NULL,NULL,NULL,NULL,NULL,1,0,0,NULL,NULL,2.0000,1000.0000,1000.0000,0.0000,0.0000,0.0000,0.0000,0.0000,0.0000,0.0000,0.0000,0.0000,0.0000,1000.0000,1000.0000,NULL,'a:0:{}',NULL,0.0000,0.0000,1000.0000,NULL,NULL,0.0000,0.0000,0.0000,NULL,0.0000,0.0000,NULL,NULL,NULL,NULL,NULL),(133,34,'2014-04-09 09:24:32','2014-04-09 09:24:32',NULL,0,NULL,'billing',NULL,NULL,NULL,NULL,NULL,NULL,NULL,NULL,NULL,NULL,NULL,NULL,NULL,NULL,NULL,0,0,0,NULL,NULL,0.0000,0.0000,0.0000,0.0000,0.0000,0.0000,0.0000,0.0000,0.0000,0.0000,0.0000,0.0000,0.0000,0.0000,0.0000,NULL,'a:0:{}',NULL,NULL,NULL,0.0000,NULL,NULL,NULL,NULL,NULL,NULL,0.0000,0.0000,NULL,NULL,NULL,NULL,NULL),(134,34,'2014-04-09 09:24:32','2014-04-09 09:24:32',NULL,0,NULL,'shipping',NULL,NULL,NULL,NULL,NULL,NULL,NULL,NULL,NULL,NULL,NULL,NULL,NULL,NULL,NULL,1,0,0,NULL,NULL,2.0000,1000.0000,1000.0000,0.0000,0.0000,0.0000,0.0000,0.0000,0.0000,0.0000,0.0000,0.0000,0.0000,1000.0000,1000.0000,NULL,'a:0:{}',NULL,0.0000,0.0000,1000.0000,NULL,NULL,0.0000,0.0000,0.0000,NULL,0.0000,0.0000,NULL,NULL,NULL,NULL,NULL),(137,35,'2014-04-16 09:13:41','2014-04-16 09:13:41',NULL,0,NULL,'billing',NULL,NULL,NULL,NULL,NULL,NULL,NULL,NULL,NULL,NULL,NULL,NULL,NULL,NULL,NULL,0,0,0,NULL,NULL,0.0000,0.0000,0.0000,0.0000,0.0000,0.0000,0.0000,0.0000,0.0000,0.0000,0.0000,0.0000,0.0000,0.0000,0.0000,NULL,'a:0:{}',NULL,NULL,NULL,0.0000,NULL,NULL,NULL,NULL,NULL,NULL,0.0000,0.0000,NULL,NULL,NULL,NULL,NULL),(138,35,'2014-04-16 09:13:41','2014-04-16 09:13:41',NULL,0,NULL,'shipping',NULL,NULL,NULL,NULL,NULL,NULL,NULL,NULL,NULL,NULL,NULL,NULL,NULL,NULL,NULL,1,0,0,NULL,NULL,2.0000,1000.0000,1000.0000,0.0000,0.0000,0.0000,0.0000,0.0000,0.0000,0.0000,0.0000,0.0000,0.0000,1000.0000,1000.0000,NULL,'a:0:{}',NULL,0.0000,0.0000,1000.0000,NULL,NULL,0.0000,0.0000,0.0000,NULL,0.0000,0.0000,NULL,NULL,NULL,NULL,NULL),(141,36,'2014-04-23 09:09:10','2014-04-23 09:09:10',NULL,0,NULL,'billing',NULL,NULL,NULL,NULL,NULL,NULL,NULL,NULL,NULL,NULL,NULL,NULL,NULL,NULL,NULL,0,0,0,NULL,NULL,0.0000,0.0000,0.0000,0.0000,0.0000,0.0000,0.0000,0.0000,0.0000,0.0000,0.0000,0.0000,0.0000,0.0000,0.0000,NULL,'a:0:{}',NULL,NULL,NULL,0.0000,NULL,NULL,NULL,NULL,NULL,NULL,0.0000,0.0000,NULL,NULL,NULL,NULL,NULL),(142,36,'2014-04-23 09:09:10','2014-04-23 09:09:10',NULL,0,NULL,'shipping',NULL,NULL,NULL,NULL,NULL,NULL,NULL,NULL,NULL,NULL,NULL,NULL,NULL,NULL,NULL,1,0,0,NULL,NULL,2.0000,1000.0000,1000.0000,0.0000,0.0000,0.0000,0.0000,0.0000,0.0000,0.0000,0.0000,0.0000,0.0000,1000.0000,1000.0000,NULL,'a:0:{}',NULL,0.0000,0.0000,1000.0000,NULL,NULL,0.0000,0.0000,0.0000,NULL,0.0000,0.0000,NULL,NULL,NULL,NULL,NULL),(145,37,'2014-04-30 09:25:18','2014-04-30 09:25:18',NULL,0,NULL,'billing',NULL,NULL,NULL,NULL,NULL,NULL,NULL,NULL,NULL,NULL,NULL,NULL,NULL,NULL,NULL,0,0,0,NULL,NULL,0.0000,0.0000,0.0000,0.0000,0.0000,0.0000,0.0000,0.0000,0.0000,0.0000,0.0000,0.0000,0.0000,0.0000,0.0000,NULL,'a:0:{}',NULL,NULL,NULL,0.0000,NULL,NULL,NULL,NULL,NULL,NULL,0.0000,0.0000,NULL,NULL,NULL,NULL,NULL),(146,37,'2014-04-30 09:25:18','2014-04-30 09:25:18',NULL,0,NULL,'shipping',NULL,NULL,NULL,NULL,NULL,NULL,NULL,NULL,NULL,NULL,NULL,NULL,NULL,NULL,NULL,1,0,0,NULL,NULL,2.0000,1000.0000,1000.0000,0.0000,0.0000,0.0000,0.0000,0.0000,0.0000,0.0000,0.0000,0.0000,0.0000,1000.0000,1000.0000,NULL,'a:0:{}',NULL,0.0000,0.0000,1000.0000,NULL,NULL,0.0000,0.0000,0.0000,NULL,0.0000,0.0000,NULL,NULL,NULL,NULL,NULL),(149,38,'2014-05-07 09:24:46','2014-05-07 09:24:46',NULL,0,NULL,'billing',NULL,NULL,NULL,NULL,NULL,NULL,NULL,NULL,NULL,NULL,NULL,NULL,NULL,NULL,NULL,0,0,0,NULL,NULL,0.0000,0.0000,0.0000,0.0000,0.0000,0.0000,0.0000,0.0000,0.0000,0.0000,0.0000,0.0000,0.0000,0.0000,0.0000,NULL,'a:0:{}',NULL,NULL,NULL,0.0000,NULL,NULL,NULL,NULL,NULL,NULL,0.0000,0.0000,NULL,NULL,NULL,NULL,NULL),(150,38,'2014-05-07 09:24:46','2014-05-07 09:24:46',NULL,0,NULL,'shipping',NULL,NULL,NULL,NULL,NULL,NULL,NULL,NULL,NULL,NULL,NULL,NULL,NULL,NULL,NULL,1,0,0,NULL,NULL,2.0000,1000.0000,1000.0000,0.0000,0.0000,0.0000,0.0000,0.0000,0.0000,0.0000,0.0000,0.0000,0.0000,1000.0000,1000.0000,NULL,'a:0:{}',NULL,0.0000,0.0000,1000.0000,NULL,NULL,0.0000,0.0000,0.0000,NULL,0.0000,0.0000,NULL,NULL,NULL,NULL,NULL),(153,39,'2014-05-14 09:23:09','2014-05-14 09:23:09',NULL,0,NULL,'billing',NULL,NULL,NULL,NULL,NULL,NULL,NULL,NULL,NULL,NULL,NULL,NULL,NULL,NULL,NULL,0,0,0,NULL,NULL,0.0000,0.0000,0.0000,0.0000,0.0000,0.0000,0.0000,0.0000,0.0000,0.0000,0.0000,0.0000,0.0000,0.0000,0.0000,NULL,'a:0:{}',NULL,NULL,NULL,0.0000,NULL,NULL,NULL,NULL,NULL,NULL,0.0000,0.0000,NULL,NULL,NULL,NULL,NULL),(154,39,'2014-05-14 09:23:09','2014-05-14 09:23:09',NULL,0,NULL,'shipping',NULL,NULL,NULL,NULL,NULL,NULL,NULL,NULL,NULL,NULL,NULL,NULL,NULL,NULL,NULL,1,0,0,NULL,NULL,2.0000,1000.0000,1000.0000,0.0000,0.0000,0.0000,0.0000,0.0000,0.0000,0.0000,0.0000,0.0000,0.0000,1000.0000,1000.0000,NULL,'a:0:{}',NULL,0.0000,0.0000,1000.0000,NULL,NULL,0.0000,0.0000,0.0000,NULL,0.0000,0.0000,NULL,NULL,NULL,NULL,NULL),(157,40,'2014-05-21 09:12:06','2014-05-21 09:12:06',NULL,0,NULL,'billing',NULL,NULL,NULL,NULL,NULL,NULL,NULL,NULL,NULL,NULL,NULL,NULL,NULL,NULL,NULL,0,0,0,NULL,NULL,0.0000,0.0000,0.0000,0.0000,0.0000,0.0000,0.0000,0.0000,0.0000,0.0000,0.0000,0.0000,0.0000,0.0000,0.0000,NULL,'a:0:{}',NULL,NULL,NULL,0.0000,NULL,NULL,NULL,NULL,NULL,NULL,0.0000,0.0000,NULL,NULL,NULL,NULL,NULL),(158,40,'2014-05-21 09:12:06','2014-05-21 09:12:06',NULL,0,NULL,'shipping',NULL,NULL,NULL,NULL,NULL,NULL,NULL,NULL,NULL,NULL,NULL,NULL,NULL,NULL,NULL,1,0,0,NULL,NULL,2.0000,1000.0000,1000.0000,0.0000,0.0000,0.0000,0.0000,0.0000,0.0000,0.0000,0.0000,0.0000,0.0000,1000.0000,1000.0000,NULL,'a:0:{}',NULL,0.0000,0.0000,1000.0000,NULL,NULL,0.0000,0.0000,0.0000,NULL,0.0000,0.0000,NULL,NULL,NULL,NULL,NULL),(161,41,'2014-05-28 09:28:36','2014-05-28 09:28:36',NULL,0,NULL,'billing',NULL,NULL,NULL,NULL,NULL,NULL,NULL,NULL,NULL,NULL,NULL,NULL,NULL,NULL,NULL,0,0,0,NULL,NULL,0.0000,0.0000,0.0000,0.0000,0.0000,0.0000,0.0000,0.0000,0.0000,0.0000,0.0000,0.0000,0.0000,0.0000,0.0000,NULL,'a:0:{}',NULL,NULL,NULL,0.0000,NULL,NULL,NULL,NULL,NULL,NULL,0.0000,0.0000,NULL,NULL,NULL,NULL,NULL),(162,41,'2014-05-28 09:28:37','2014-05-28 09:28:37',NULL,0,NULL,'shipping',NULL,NULL,NULL,NULL,NULL,NULL,NULL,NULL,NULL,NULL,NULL,NULL,NULL,NULL,NULL,1,0,0,NULL,NULL,2.0000,1000.0000,1000.0000,0.0000,0.0000,0.0000,0.0000,0.0000,0.0000,0.0000,0.0000,0.0000,0.0000,1000.0000,1000.0000,NULL,'a:0:{}',NULL,0.0000,0.0000,1000.0000,NULL,NULL,0.0000,0.0000,0.0000,NULL,0.0000,0.0000,NULL,NULL,NULL,NULL,NULL),(165,42,'2014-06-04 09:25:44','2014-06-04 09:25:44',NULL,0,NULL,'billing',NULL,NULL,NULL,NULL,NULL,NULL,NULL,NULL,NULL,NULL,NULL,NULL,NULL,NULL,NULL,0,0,0,NULL,NULL,0.0000,0.0000,0.0000,0.0000,0.0000,0.0000,0.0000,0.0000,0.0000,0.0000,0.0000,0.0000,0.0000,0.0000,0.0000,NULL,'a:0:{}',NULL,NULL,NULL,0.0000,NULL,NULL,NULL,NULL,NULL,NULL,0.0000,0.0000,NULL,NULL,NULL,NULL,NULL),(166,42,'2014-06-04 09:25:44','2014-06-04 09:25:44',NULL,0,NULL,'shipping',NULL,NULL,NULL,NULL,NULL,NULL,NULL,NULL,NULL,NULL,NULL,NULL,NULL,NULL,NULL,1,0,0,NULL,NULL,2.0000,1000.0000,1000.0000,0.0000,0.0000,0.0000,0.0000,0.0000,0.0000,0.0000,0.0000,0.0000,0.0000,1000.0000,1000.0000,NULL,'a:0:{}',NULL,0.0000,0.0000,1000.0000,NULL,NULL,0.0000,0.0000,0.0000,NULL,0.0000,0.0000,NULL,NULL,NULL,NULL,NULL),(169,43,'2014-06-11 09:19:42','2014-06-11 09:19:42',NULL,0,NULL,'billing',NULL,NULL,NULL,NULL,NULL,NULL,NULL,NULL,NULL,NULL,NULL,NULL,NULL,NULL,NULL,0,0,0,NULL,NULL,0.0000,0.0000,0.0000,0.0000,0.0000,0.0000,0.0000,0.0000,0.0000,0.0000,0.0000,0.0000,0.0000,0.0000,0.0000,NULL,'a:0:{}',NULL,NULL,NULL,0.0000,NULL,NULL,NULL,NULL,NULL,NULL,0.0000,0.0000,NULL,NULL,NULL,NULL,NULL),(170,43,'2014-06-11 09:19:42','2014-06-11 09:19:42',NULL,0,NULL,'shipping',NULL,NULL,NULL,NULL,NULL,NULL,NULL,NULL,NULL,NULL,NULL,NULL,NULL,NULL,NULL,1,0,0,NULL,NULL,2.0000,1000.0000,1000.0000,0.0000,0.0000,0.0000,0.0000,0.0000,0.0000,0.0000,0.0000,0.0000,0.0000,1000.0000,1000.0000,NULL,'a:0:{}',NULL,0.0000,0.0000,1000.0000,NULL,NULL,0.0000,0.0000,0.0000,NULL,0.0000,0.0000,NULL,NULL,NULL,NULL,NULL),(173,44,'2014-06-18 09:13:39','2014-06-18 09:13:39',NULL,0,NULL,'billing',NULL,NULL,NULL,NULL,NULL,NULL,NULL,NULL,NULL,NULL,NULL,NULL,NULL,NULL,NULL,0,0,0,NULL,NULL,0.0000,0.0000,0.0000,0.0000,0.0000,0.0000,0.0000,0.0000,0.0000,0.0000,0.0000,0.0000,0.0000,0.0000,0.0000,NULL,'a:0:{}',NULL,NULL,NULL,0.0000,NULL,NULL,NULL,NULL,NULL,NULL,0.0000,0.0000,NULL,NULL,NULL,NULL,NULL),(174,44,'2014-06-18 09:13:39','2014-06-18 09:13:39',NULL,0,NULL,'shipping',NULL,NULL,NULL,NULL,NULL,NULL,NULL,NULL,NULL,NULL,NULL,NULL,NULL,NULL,NULL,1,0,0,NULL,NULL,2.0000,1000.0000,1000.0000,0.0000,0.0000,0.0000,0.0000,0.0000,0.0000,0.0000,0.0000,0.0000,0.0000,1000.0000,1000.0000,NULL,'a:0:{}',NULL,0.0000,0.0000,1000.0000,NULL,NULL,0.0000,0.0000,0.0000,NULL,0.0000,0.0000,NULL,NULL,NULL,NULL,NULL),(177,45,'2014-06-23 01:25:34','2014-06-23 01:25:34',NULL,0,NULL,'billing',NULL,NULL,NULL,NULL,NULL,NULL,NULL,NULL,NULL,NULL,NULL,NULL,NULL,NULL,NULL,0,0,0,NULL,NULL,0.0000,0.0000,0.0000,0.0000,0.0000,0.0000,0.0000,0.0000,0.0000,0.0000,0.0000,0.0000,0.0000,0.0000,0.0000,NULL,'a:0:{}',NULL,NULL,NULL,0.0000,NULL,NULL,NULL,NULL,NULL,NULL,0.0000,0.0000,NULL,NULL,NULL,NULL,NULL),(178,45,'2014-06-23 01:25:34','2014-06-23 01:25:34',NULL,0,NULL,'shipping',NULL,NULL,NULL,NULL,NULL,NULL,NULL,NULL,NULL,NULL,NULL,NULL,NULL,NULL,NULL,1,0,0,NULL,NULL,2.0000,1000.0000,1000.0000,0.0000,0.0000,0.0000,0.0000,0.0000,0.0000,0.0000,0.0000,0.0000,0.0000,1000.0000,1000.0000,NULL,'a:0:{}',NULL,0.0000,0.0000,1000.0000,NULL,NULL,0.0000,0.0000,0.0000,NULL,0.0000,0.0000,NULL,NULL,NULL,NULL,NULL),(181,46,'2014-06-25 09:20:25','2014-06-25 09:20:25',NULL,0,NULL,'billing',NULL,NULL,NULL,NULL,NULL,NULL,NULL,NULL,NULL,NULL,NULL,NULL,NULL,NULL,NULL,0,0,0,NULL,NULL,0.0000,0.0000,0.0000,0.0000,0.0000,0.0000,0.0000,0.0000,0.0000,0.0000,0.0000,0.0000,0.0000,0.0000,0.0000,NULL,'a:0:{}',NULL,NULL,NULL,0.0000,NULL,NULL,NULL,NULL,NULL,NULL,0.0000,0.0000,NULL,NULL,NULL,NULL,NULL),(182,46,'2014-06-25 09:20:25','2014-06-25 09:20:25',NULL,0,NULL,'shipping',NULL,NULL,NULL,NULL,NULL,NULL,NULL,NULL,NULL,NULL,NULL,NULL,NULL,NULL,NULL,1,0,0,NULL,NULL,2.0000,1000.0000,1000.0000,0.0000,0.0000,0.0000,0.0000,0.0000,0.0000,0.0000,0.0000,0.0000,0.0000,1000.0000,1000.0000,NULL,'a:0:{}',NULL,0.0000,0.0000,1000.0000,NULL,NULL,0.0000,0.0000,0.0000,NULL,0.0000,0.0000,NULL,NULL,NULL,NULL,NULL),(185,47,'2014-07-02 09:18:56','2014-07-02 09:18:56',NULL,0,NULL,'billing',NULL,NULL,NULL,NULL,NULL,NULL,NULL,NULL,NULL,NULL,NULL,NULL,NULL,NULL,NULL,0,0,0,NULL,NULL,0.0000,0.0000,0.0000,0.0000,0.0000,0.0000,0.0000,0.0000,0.0000,0.0000,0.0000,0.0000,0.0000,0.0000,0.0000,NULL,'a:0:{}',NULL,NULL,NULL,0.0000,NULL,NULL,NULL,NULL,NULL,NULL,0.0000,0.0000,NULL,NULL,NULL,NULL,NULL),(186,47,'2014-07-02 09:18:56','2014-07-02 09:18:56',NULL,0,NULL,'shipping',NULL,NULL,NULL,NULL,NULL,NULL,NULL,NULL,NULL,NULL,NULL,NULL,NULL,NULL,NULL,1,0,0,NULL,NULL,2.0000,1000.0000,1000.0000,0.0000,0.0000,0.0000,0.0000,0.0000,0.0000,0.0000,0.0000,0.0000,0.0000,1000.0000,1000.0000,NULL,'a:0:{}',NULL,0.0000,0.0000,1000.0000,NULL,NULL,0.0000,0.0000,0.0000,NULL,0.0000,0.0000,NULL,NULL,NULL,NULL,NULL),(189,48,'2014-07-09 09:16:08','2014-07-09 09:16:08',NULL,0,NULL,'billing',NULL,NULL,NULL,NULL,NULL,NULL,NULL,NULL,NULL,NULL,NULL,NULL,NULL,NULL,NULL,0,0,0,NULL,NULL,0.0000,0.0000,0.0000,0.0000,0.0000,0.0000,0.0000,0.0000,0.0000,0.0000,0.0000,0.0000,0.0000,0.0000,0.0000,NULL,'a:0:{}',NULL,NULL,NULL,0.0000,NULL,NULL,NULL,NULL,NULL,NULL,0.0000,0.0000,NULL,NULL,NULL,NULL,NULL),(190,48,'2014-07-09 09:16:08','2014-07-09 09:16:08',NULL,0,NULL,'shipping',NULL,NULL,NULL,NULL,NULL,NULL,NULL,NULL,NULL,NULL,NULL,NULL,NULL,NULL,NULL,1,0,0,NULL,NULL,2.0000,1000.0000,1000.0000,0.0000,0.0000,0.0000,0.0000,0.0000,0.0000,0.0000,0.0000,0.0000,0.0000,1000.0000,1000.0000,NULL,'a:0:{}',NULL,0.0000,0.0000,1000.0000,NULL,NULL,0.0000,0.0000,0.0000,NULL,0.0000,0.0000,NULL,NULL,NULL,NULL,NULL),(193,49,'2014-07-16 09:33:28','2014-07-16 09:33:28',NULL,0,NULL,'billing',NULL,NULL,NULL,NULL,NULL,NULL,NULL,NULL,NULL,NULL,NULL,NULL,NULL,NULL,NULL,0,0,0,NULL,NULL,0.0000,0.0000,0.0000,0.0000,0.0000,0.0000,0.0000,0.0000,0.0000,0.0000,0.0000,0.0000,0.0000,0.0000,0.0000,NULL,'a:0:{}',NULL,NULL,NULL,0.0000,NULL,NULL,NULL,NULL,NULL,NULL,0.0000,0.0000,NULL,NULL,NULL,NULL,NULL),(194,49,'2014-07-16 09:33:28','2014-07-16 09:33:28',NULL,0,NULL,'shipping',NULL,NULL,NULL,NULL,NULL,NULL,NULL,NULL,NULL,NULL,NULL,NULL,NULL,NULL,NULL,1,0,0,NULL,NULL,2.0000,1000.0000,1000.0000,0.0000,0.0000,0.0000,0.0000,0.0000,0.0000,0.0000,0.0000,0.0000,0.0000,1000.0000,1000.0000,NULL,'a:0:{}',NULL,0.0000,0.0000,1000.0000,NULL,NULL,0.0000,0.0000,0.0000,NULL,0.0000,0.0000,NULL,NULL,NULL,NULL,NULL),(197,50,'2014-07-23 09:08:08','2014-07-23 09:08:08',NULL,0,NULL,'billing',NULL,NULL,NULL,NULL,NULL,NULL,NULL,NULL,NULL,NULL,NULL,NULL,NULL,NULL,NULL,0,0,0,NULL,NULL,0.0000,0.0000,0.0000,0.0000,0.0000,0.0000,0.0000,0.0000,0.0000,0.0000,0.0000,0.0000,0.0000,0.0000,0.0000,NULL,'a:0:{}',NULL,NULL,NULL,0.0000,NULL,NULL,NULL,NULL,NULL,NULL,0.0000,0.0000,NULL,NULL,NULL,NULL,NULL),(198,50,'2014-07-23 09:08:08','2014-07-23 09:08:08',NULL,0,NULL,'shipping',NULL,NULL,NULL,NULL,NULL,NULL,NULL,NULL,NULL,NULL,NULL,NULL,NULL,NULL,NULL,1,0,0,NULL,NULL,2.0000,1000.0000,1000.0000,0.0000,0.0000,0.0000,0.0000,0.0000,0.0000,0.0000,0.0000,0.0000,0.0000,1000.0000,1000.0000,NULL,'a:0:{}',NULL,0.0000,0.0000,1000.0000,NULL,NULL,0.0000,0.0000,0.0000,NULL,0.0000,0.0000,NULL,NULL,NULL,NULL,NULL),(201,51,'2014-07-30 09:18:32','2014-07-30 09:18:32',NULL,0,NULL,'billing',NULL,NULL,NULL,NULL,NULL,NULL,NULL,NULL,NULL,NULL,NULL,NULL,NULL,NULL,NULL,0,0,0,NULL,NULL,0.0000,0.0000,0.0000,0.0000,0.0000,0.0000,0.0000,0.0000,0.0000,0.0000,0.0000,0.0000,0.0000,0.0000,0.0000,NULL,'a:0:{}',NULL,NULL,NULL,0.0000,NULL,NULL,NULL,NULL,NULL,NULL,0.0000,0.0000,NULL,NULL,NULL,NULL,NULL),(202,51,'2014-07-30 09:18:32','2014-07-30 09:18:32',NULL,0,NULL,'shipping',NULL,NULL,NULL,NULL,NULL,NULL,NULL,NULL,NULL,NULL,NULL,NULL,NULL,NULL,NULL,1,0,0,NULL,NULL,2.0000,1000.0000,1000.0000,0.0000,0.0000,0.0000,0.0000,0.0000,0.0000,0.0000,0.0000,0.0000,0.0000,1000.0000,1000.0000,NULL,'a:0:{}',NULL,0.0000,0.0000,1000.0000,NULL,NULL,0.0000,0.0000,0.0000,NULL,0.0000,0.0000,NULL,NULL,NULL,NULL,NULL),(205,52,'2014-08-06 09:24:27','2014-08-06 09:24:27',NULL,0,NULL,'billing',NULL,NULL,NULL,NULL,NULL,NULL,NULL,NULL,NULL,NULL,NULL,NULL,NULL,NULL,NULL,0,0,0,NULL,NULL,0.0000,0.0000,0.0000,0.0000,0.0000,0.0000,0.0000,0.0000,0.0000,0.0000,0.0000,0.0000,0.0000,0.0000,0.0000,NULL,'a:0:{}',NULL,NULL,NULL,0.0000,NULL,NULL,NULL,NULL,NULL,NULL,0.0000,0.0000,NULL,NULL,NULL,NULL,NULL),(206,52,'2014-08-06 09:24:27','2014-08-06 09:24:27',NULL,0,NULL,'shipping',NULL,NULL,NULL,NULL,NULL,NULL,NULL,NULL,NULL,NULL,NULL,NULL,NULL,NULL,NULL,1,0,0,NULL,NULL,2.0000,1000.0000,1000.0000,0.0000,0.0000,0.0000,0.0000,0.0000,0.0000,0.0000,0.0000,0.0000,0.0000,1000.0000,1000.0000,NULL,'a:0:{}',NULL,0.0000,0.0000,1000.0000,NULL,NULL,0.0000,0.0000,0.0000,NULL,0.0000,0.0000,NULL,NULL,NULL,NULL,NULL),(209,53,'2014-08-13 09:12:19','2014-08-13 09:12:19',NULL,0,NULL,'billing',NULL,NULL,NULL,NULL,NULL,NULL,NULL,NULL,NULL,NULL,NULL,NULL,NULL,NULL,NULL,0,0,0,NULL,NULL,0.0000,0.0000,0.0000,0.0000,0.0000,0.0000,0.0000,0.0000,0.0000,0.0000,0.0000,0.0000,0.0000,0.0000,0.0000,NULL,'a:0:{}',NULL,NULL,NULL,0.0000,NULL,NULL,NULL,NULL,NULL,NULL,0.0000,0.0000,NULL,NULL,NULL,NULL,NULL),(210,53,'2014-08-13 09:12:19','2014-08-13 09:12:19',NULL,0,NULL,'shipping',NULL,NULL,NULL,NULL,NULL,NULL,NULL,NULL,NULL,NULL,NULL,NULL,NULL,NULL,NULL,1,0,0,NULL,NULL,2.0000,1000.0000,1000.0000,0.0000,0.0000,0.0000,0.0000,0.0000,0.0000,0.0000,0.0000,0.0000,0.0000,1000.0000,1000.0000,NULL,'a:0:{}',NULL,0.0000,0.0000,1000.0000,NULL,NULL,0.0000,0.0000,0.0000,NULL,0.0000,0.0000,NULL,NULL,NULL,NULL,NULL),(213,54,'2014-08-20 09:20:11','2014-08-20 09:20:11',NULL,0,NULL,'billing',NULL,NULL,NULL,NULL,NULL,NULL,NULL,NULL,NULL,NULL,NULL,NULL,NULL,NULL,NULL,0,0,0,NULL,NULL,0.0000,0.0000,0.0000,0.0000,0.0000,0.0000,0.0000,0.0000,0.0000,0.0000,0.0000,0.0000,0.0000,0.0000,0.0000,NULL,'a:0:{}',NULL,NULL,NULL,0.0000,NULL,NULL,NULL,NULL,NULL,NULL,0.0000,0.0000,NULL,NULL,NULL,NULL,NULL),(214,54,'2014-08-20 09:20:11','2014-08-20 09:20:11',NULL,0,NULL,'shipping',NULL,NULL,NULL,NULL,NULL,NULL,NULL,NULL,NULL,NULL,NULL,NULL,NULL,NULL,NULL,1,0,0,NULL,NULL,2.0000,1000.0000,1000.0000,0.0000,0.0000,0.0000,0.0000,0.0000,0.0000,0.0000,0.0000,0.0000,0.0000,1000.0000,1000.0000,NULL,'a:0:{}',NULL,0.0000,0.0000,1000.0000,NULL,NULL,0.0000,0.0000,0.0000,NULL,0.0000,0.0000,NULL,NULL,NULL,NULL,NULL),(217,55,'2014-08-27 11:57:35','2014-08-27 11:57:35',NULL,0,NULL,'billing',NULL,NULL,NULL,NULL,NULL,NULL,NULL,NULL,NULL,NULL,NULL,NULL,NULL,NULL,NULL,0,0,0,NULL,NULL,0.0000,0.0000,0.0000,0.0000,0.0000,0.0000,0.0000,0.0000,0.0000,0.0000,0.0000,0.0000,0.0000,0.0000,0.0000,NULL,'a:0:{}',NULL,NULL,NULL,0.0000,NULL,NULL,NULL,NULL,NULL,NULL,0.0000,0.0000,NULL,NULL,NULL,NULL,NULL),(218,55,'2014-08-27 11:57:35','2014-08-27 11:57:35',NULL,0,NULL,'shipping',NULL,NULL,NULL,NULL,NULL,NULL,NULL,NULL,NULL,NULL,NULL,NULL,NULL,NULL,NULL,1,0,0,NULL,NULL,2.0000,1000.0000,1000.0000,0.0000,0.0000,0.0000,0.0000,0.0000,0.0000,0.0000,0.0000,0.0000,0.0000,1000.0000,1000.0000,NULL,'a:0:{}',NULL,0.0000,0.0000,1000.0000,NULL,NULL,0.0000,0.0000,0.0000,NULL,0.0000,0.0000,NULL,NULL,NULL,NULL,NULL),(221,56,'2014-09-03 09:13:40','2014-09-03 09:13:40',NULL,0,NULL,'billing',NULL,NULL,NULL,NULL,NULL,NULL,NULL,NULL,NULL,NULL,NULL,NULL,NULL,NULL,NULL,0,0,0,NULL,NULL,0.0000,0.0000,0.0000,0.0000,0.0000,0.0000,0.0000,0.0000,0.0000,0.0000,0.0000,0.0000,0.0000,0.0000,0.0000,NULL,'a:0:{}',NULL,NULL,NULL,0.0000,NULL,NULL,NULL,NULL,NULL,NULL,0.0000,0.0000,NULL,NULL,NULL,NULL,NULL),(222,56,'2014-09-03 09:13:40','2014-09-03 09:13:40',NULL,0,NULL,'shipping',NULL,NULL,NULL,NULL,NULL,NULL,NULL,NULL,NULL,NULL,NULL,NULL,NULL,NULL,NULL,1,0,0,NULL,NULL,2.0000,1000.0000,1000.0000,0.0000,0.0000,0.0000,0.0000,0.0000,0.0000,0.0000,0.0000,0.0000,0.0000,1000.0000,1000.0000,NULL,'a:0:{}',NULL,0.0000,0.0000,1000.0000,NULL,NULL,0.0000,0.0000,0.0000,NULL,0.0000,0.0000,NULL,NULL,NULL,NULL,NULL),(225,57,'2014-09-10 09:31:17','2014-09-10 09:31:17',NULL,0,NULL,'billing',NULL,NULL,NULL,NULL,NULL,NULL,NULL,NULL,NULL,NULL,NULL,NULL,NULL,NULL,NULL,0,0,0,NULL,NULL,0.0000,0.0000,0.0000,0.0000,0.0000,0.0000,0.0000,0.0000,0.0000,0.0000,0.0000,0.0000,0.0000,0.0000,0.0000,NULL,'a:0:{}',NULL,NULL,NULL,0.0000,NULL,NULL,NULL,NULL,NULL,NULL,0.0000,0.0000,NULL,NULL,NULL,NULL,NULL),(226,57,'2014-09-10 09:31:17','2014-09-10 09:31:17',NULL,0,NULL,'shipping',NULL,NULL,NULL,NULL,NULL,NULL,NULL,NULL,NULL,NULL,NULL,NULL,NULL,NULL,NULL,1,0,0,NULL,NULL,2.0000,1000.0000,1000.0000,0.0000,0.0000,0.0000,0.0000,0.0000,0.0000,0.0000,0.0000,0.0000,0.0000,1000.0000,1000.0000,NULL,'a:0:{}',NULL,0.0000,0.0000,1000.0000,NULL,NULL,0.0000,0.0000,0.0000,NULL,0.0000,0.0000,NULL,NULL,NULL,NULL,NULL),(229,58,'2014-09-12 18:36:50','2014-09-12 18:36:50',NULL,0,NULL,'billing',NULL,NULL,NULL,NULL,NULL,NULL,NULL,NULL,NULL,NULL,NULL,NULL,NULL,NULL,NULL,0,0,0,NULL,NULL,0.0000,0.0000,0.0000,0.0000,0.0000,0.0000,0.0000,0.0000,0.0000,0.0000,0.0000,0.0000,0.0000,0.0000,0.0000,NULL,'a:0:{}',NULL,NULL,NULL,0.0000,NULL,NULL,NULL,NULL,NULL,NULL,0.0000,0.0000,NULL,NULL,NULL,NULL,NULL),(230,58,'2014-09-12 18:36:50','2014-09-12 18:36:50',NULL,0,NULL,'shipping',NULL,NULL,NULL,NULL,NULL,NULL,NULL,NULL,NULL,NULL,NULL,NULL,NULL,NULL,NULL,1,0,0,NULL,NULL,2.0000,1000.0000,1000.0000,0.0000,0.0000,0.0000,0.0000,0.0000,0.0000,0.0000,0.0000,0.0000,0.0000,1000.0000,1000.0000,NULL,'a:0:{}',NULL,0.0000,0.0000,1000.0000,NULL,NULL,0.0000,0.0000,0.0000,NULL,0.0000,0.0000,NULL,NULL,NULL,NULL,NULL),(233,59,'2014-09-14 02:38:55','2014-09-14 02:38:55',NULL,0,NULL,'billing',NULL,NULL,NULL,NULL,NULL,NULL,NULL,NULL,NULL,NULL,NULL,NULL,NULL,NULL,NULL,0,0,0,NULL,NULL,0.0000,0.0000,0.0000,0.0000,0.0000,0.0000,0.0000,0.0000,0.0000,0.0000,0.0000,0.0000,0.0000,0.0000,0.0000,NULL,'a:0:{}',NULL,NULL,NULL,0.0000,NULL,NULL,NULL,NULL,NULL,NULL,0.0000,0.0000,NULL,NULL,NULL,NULL,NULL),(234,59,'2014-09-14 02:38:55','2014-09-14 02:38:55',NULL,0,NULL,'shipping',NULL,NULL,NULL,NULL,NULL,NULL,NULL,NULL,NULL,NULL,NULL,NULL,NULL,NULL,NULL,1,0,0,NULL,NULL,2.0000,1000.0000,1000.0000,0.0000,0.0000,0.0000,0.0000,0.0000,0.0000,0.0000,0.0000,0.0000,0.0000,1000.0000,1000.0000,NULL,'a:0:{}',NULL,0.0000,0.0000,1000.0000,NULL,NULL,0.0000,0.0000,0.0000,NULL,0.0000,0.0000,NULL,NULL,NULL,NULL,NULL),(237,60,'2014-09-17 09:20:20','2014-09-17 09:20:20',NULL,0,NULL,'billing',NULL,NULL,NULL,NULL,NULL,NULL,NULL,NULL,NULL,NULL,NULL,NULL,NULL,NULL,NULL,0,0,0,NULL,NULL,0.0000,0.0000,0.0000,0.0000,0.0000,0.0000,0.0000,0.0000,0.0000,0.0000,0.0000,0.0000,0.0000,0.0000,0.0000,NULL,'a:0:{}',NULL,NULL,NULL,0.0000,NULL,NULL,NULL,NULL,NULL,NULL,0.0000,0.0000,NULL,NULL,NULL,NULL,NULL),(238,60,'2014-09-17 09:20:20','2014-09-17 09:20:20',NULL,0,NULL,'shipping',NULL,NULL,NULL,NULL,NULL,NULL,NULL,NULL,NULL,NULL,NULL,NULL,NULL,NULL,NULL,1,0,0,NULL,NULL,2.0000,1000.0000,1000.0000,0.0000,0.0000,0.0000,0.0000,0.0000,0.0000,0.0000,0.0000,0.0000,0.0000,1000.0000,1000.0000,NULL,'a:0:{}',NULL,0.0000,0.0000,1000.0000,NULL,NULL,0.0000,0.0000,0.0000,NULL,0.0000,0.0000,NULL,NULL,NULL,NULL,NULL),(241,61,'2014-09-24 09:36:04','2014-09-24 09:36:04',NULL,0,NULL,'billing',NULL,NULL,NULL,NULL,NULL,NULL,NULL,NULL,NULL,NULL,NULL,NULL,NULL,NULL,NULL,0,0,0,NULL,NULL,0.0000,0.0000,0.0000,0.0000,0.0000,0.0000,0.0000,0.0000,0.0000,0.0000,0.0000,0.0000,0.0000,0.0000,0.0000,NULL,'a:0:{}',NULL,NULL,NULL,0.0000,NULL,NULL,NULL,NULL,NULL,NULL,0.0000,0.0000,NULL,NULL,NULL,NULL,NULL),(242,61,'2014-09-24 09:36:04','2014-09-24 09:36:04',NULL,0,NULL,'shipping',NULL,NULL,NULL,NULL,NULL,NULL,NULL,NULL,NULL,NULL,NULL,NULL,NULL,NULL,NULL,1,0,0,NULL,NULL,2.0000,1000.0000,1000.0000,0.0000,0.0000,0.0000,0.0000,0.0000,0.0000,0.0000,0.0000,0.0000,0.0000,1000.0000,1000.0000,NULL,'a:0:{}',NULL,0.0000,0.0000,1000.0000,NULL,NULL,0.0000,0.0000,0.0000,NULL,0.0000,0.0000,NULL,NULL,NULL,NULL,NULL),(245,62,'2014-09-25 11:08:32','2014-09-25 11:08:39',NULL,0,NULL,'billing',NULL,NULL,NULL,NULL,NULL,NULL,NULL,NULL,NULL,NULL,NULL,NULL,NULL,NULL,NULL,0,0,0,NULL,NULL,0.0000,0.0000,0.0000,0.0000,0.0000,0.0000,0.0000,0.0000,0.0000,0.0000,0.0000,0.0000,0.0000,0.0000,0.0000,NULL,'a:0:{}',NULL,NULL,NULL,0.0000,NULL,NULL,NULL,NULL,NULL,NULL,0.0000,0.0000,NULL,NULL,NULL,NULL,NULL),(246,62,'2014-09-25 11:08:32','2014-09-25 11:08:39',NULL,0,NULL,'shipping',NULL,NULL,NULL,NULL,NULL,NULL,NULL,NULL,NULL,NULL,NULL,NULL,NULL,NULL,NULL,1,0,0,NULL,NULL,2.0000,1000.0000,1000.0000,0.0000,0.0000,0.0000,0.0000,0.0000,0.0000,0.0000,0.0000,0.0000,0.0000,1000.0000,1000.0000,NULL,'a:0:{}',NULL,0.0000,0.0000,1000.0000,NULL,NULL,0.0000,0.0000,0.0000,NULL,0.0000,0.0000,NULL,NULL,NULL,NULL,NULL),(249,63,'2014-09-28 04:48:00','2014-09-28 04:48:00',NULL,0,NULL,'billing',NULL,NULL,NULL,NULL,NULL,NULL,NULL,NULL,NULL,NULL,NULL,NULL,NULL,NULL,NULL,0,0,0,NULL,NULL,0.0000,0.0000,0.0000,0.0000,0.0000,0.0000,0.0000,0.0000,0.0000,0.0000,0.0000,0.0000,0.0000,0.0000,0.0000,NULL,'a:0:{}',NULL,NULL,NULL,0.0000,NULL,NULL,NULL,NULL,NULL,NULL,0.0000,0.0000,NULL,NULL,NULL,NULL,NULL),(250,63,'2014-09-28 04:48:00','2014-09-28 04:48:00',NULL,0,NULL,'shipping',NULL,NULL,NULL,NULL,NULL,NULL,NULL,NULL,NULL,NULL,NULL,NULL,NULL,NULL,NULL,1,0,0,NULL,NULL,2.0000,1000.0000,1000.0000,0.0000,0.0000,0.0000,0.0000,0.0000,0.0000,0.0000,0.0000,0.0000,0.0000,1000.0000,1000.0000,NULL,'a:0:{}',NULL,0.0000,0.0000,1000.0000,NULL,NULL,0.0000,0.0000,0.0000,NULL,0.0000,0.0000,NULL,NULL,NULL,NULL,NULL),(253,64,'2014-10-01 09:36:38','2014-10-01 09:36:38',NULL,0,NULL,'billing',NULL,NULL,NULL,NULL,NULL,NULL,NULL,NULL,NULL,NULL,NULL,NULL,NULL,NULL,NULL,0,0,0,NULL,NULL,0.0000,0.0000,0.0000,0.0000,0.0000,0.0000,0.0000,0.0000,0.0000,0.0000,0.0000,0.0000,0.0000,0.0000,0.0000,NULL,'a:0:{}',NULL,NULL,NULL,0.0000,NULL,NULL,NULL,NULL,NULL,NULL,0.0000,0.0000,NULL,NULL,NULL,NULL,NULL),(254,64,'2014-10-01 09:36:38','2014-10-01 09:36:38',NULL,0,NULL,'shipping',NULL,NULL,NULL,NULL,NULL,NULL,NULL,NULL,NULL,NULL,NULL,NULL,NULL,NULL,NULL,1,0,0,NULL,NULL,2.0000,1000.0000,1000.0000,0.0000,0.0000,0.0000,0.0000,0.0000,0.0000,0.0000,0.0000,0.0000,0.0000,1000.0000,1000.0000,NULL,'a:0:{}',NULL,0.0000,0.0000,1000.0000,NULL,NULL,0.0000,0.0000,0.0000,NULL,0.0000,0.0000,NULL,NULL,NULL,NULL,NULL),(257,65,'2014-10-02 07:52:02','2014-10-02 07:52:07',NULL,0,NULL,'billing',NULL,NULL,NULL,NULL,NULL,NULL,NULL,NULL,NULL,NULL,NULL,NULL,NULL,NULL,NULL,0,0,0,NULL,NULL,0.0000,0.0000,0.0000,0.0000,0.0000,0.0000,0.0000,0.0000,0.0000,0.0000,0.0000,0.0000,0.0000,0.0000,0.0000,NULL,'a:0:{}',NULL,NULL,NULL,0.0000,NULL,NULL,NULL,NULL,NULL,NULL,0.0000,0.0000,NULL,NULL,NULL,NULL,NULL),(258,65,'2014-10-02 07:52:02','2014-10-02 07:52:07',NULL,0,NULL,'shipping',NULL,NULL,NULL,NULL,NULL,NULL,NULL,NULL,NULL,'bwNudaAxNfuWqAlTnC',NULL,'gNpLHBTWxWLPYzEyuOU','US',NULL,NULL,1,0,0,NULL,NULL,2.0000,1000.0000,1000.0000,0.0000,0.0000,0.0000,0.0000,0.0000,0.0000,0.0000,0.0000,0.0000,0.0000,1000.0000,1000.0000,NULL,'a:0:{}',NULL,0.0000,0.0000,1000.0000,NULL,NULL,0.0000,0.0000,0.0000,NULL,0.0000,0.0000,NULL,NULL,NULL,NULL,NULL),(261,66,'2014-10-02 07:52:12','2014-10-02 07:52:37',NULL,0,NULL,'billing',NULL,NULL,NULL,NULL,NULL,NULL,NULL,NULL,NULL,NULL,NULL,NULL,NULL,NULL,NULL,0,0,0,NULL,NULL,0.0000,0.0000,0.0000,0.0000,0.0000,0.0000,0.0000,0.0000,0.0000,0.0000,0.0000,0.0000,0.0000,0.0000,0.0000,NULL,'a:0:{}',NULL,NULL,NULL,0.0000,NULL,NULL,NULL,NULL,NULL,NULL,0.0000,0.0000,NULL,NULL,NULL,NULL,NULL),(262,66,'2014-10-02 07:52:12','2014-10-02 07:52:37',NULL,0,NULL,'shipping',NULL,NULL,NULL,NULL,NULL,NULL,NULL,NULL,NULL,NULL,NULL,NULL,NULL,NULL,NULL,1,0,0,NULL,NULL,2.0000,1000.0000,1000.0000,0.0000,0.0000,0.0000,0.0000,0.0000,0.0000,0.0000,0.0000,0.0000,0.0000,1000.0000,1000.0000,NULL,'a:0:{}',NULL,0.0000,0.0000,1000.0000,NULL,NULL,0.0000,0.0000,0.0000,NULL,0.0000,0.0000,NULL,NULL,NULL,NULL,NULL),(265,67,'2014-10-02 11:45:52','2014-10-02 11:45:59',NULL,0,NULL,'billing',NULL,NULL,NULL,NULL,NULL,NULL,NULL,NULL,NULL,NULL,NULL,NULL,NULL,NULL,NULL,0,0,0,NULL,NULL,0.0000,0.0000,0.0000,0.0000,0.0000,0.0000,0.0000,0.0000,0.0000,0.0000,0.0000,0.0000,0.0000,0.0000,0.0000,NULL,'a:0:{}',NULL,NULL,NULL,0.0000,NULL,NULL,NULL,NULL,NULL,NULL,0.0000,0.0000,NULL,NULL,NULL,NULL,NULL),(266,67,'2014-10-02 11:45:52','2014-10-02 11:45:59',NULL,0,NULL,'shipping',NULL,NULL,NULL,NULL,NULL,NULL,NULL,NULL,NULL,NULL,NULL,NULL,NULL,NULL,NULL,1,0,0,NULL,NULL,2.0000,1000.0000,1000.0000,0.0000,0.0000,0.0000,0.0000,0.0000,0.0000,0.0000,0.0000,0.0000,0.0000,1000.0000,1000.0000,NULL,'a:0:{}',NULL,0.0000,0.0000,1000.0000,NULL,NULL,0.0000,0.0000,0.0000,NULL,0.0000,0.0000,NULL,NULL,NULL,NULL,NULL),(269,68,'2014-10-03 05:12:04','2014-10-03 05:12:10',NULL,0,NULL,'billing',NULL,NULL,NULL,NULL,NULL,NULL,NULL,NULL,NULL,NULL,NULL,NULL,NULL,NULL,NULL,0,0,0,NULL,NULL,0.0000,0.0000,0.0000,0.0000,0.0000,0.0000,0.0000,0.0000,0.0000,0.0000,0.0000,0.0000,0.0000,0.0000,0.0000,NULL,'a:0:{}',NULL,NULL,NULL,0.0000,NULL,NULL,NULL,NULL,NULL,NULL,0.0000,0.0000,NULL,NULL,NULL,NULL,NULL),(270,68,'2014-10-03 05:12:04','2014-10-03 05:12:10',NULL,0,NULL,'shipping',NULL,NULL,NULL,NULL,NULL,NULL,NULL,NULL,NULL,NULL,NULL,NULL,NULL,NULL,NULL,1,0,0,NULL,NULL,2.0000,1000.0000,1000.0000,0.0000,0.0000,0.0000,0.0000,0.0000,0.0000,0.0000,0.0000,0.0000,0.0000,1000.0000,1000.0000,NULL,'a:0:{}',NULL,0.0000,0.0000,1000.0000,NULL,NULL,0.0000,0.0000,0.0000,NULL,0.0000,0.0000,NULL,NULL,NULL,NULL,NULL),(273,69,'2014-10-08 09:19:28','2014-10-08 09:19:28',NULL,0,NULL,'billing',NULL,NULL,NULL,NULL,NULL,NULL,NULL,NULL,NULL,NULL,NULL,NULL,NULL,NULL,NULL,0,0,0,NULL,NULL,0.0000,0.0000,0.0000,0.0000,0.0000,0.0000,0.0000,0.0000,0.0000,0.0000,0.0000,0.0000,0.0000,0.0000,0.0000,NULL,'a:0:{}',NULL,NULL,NULL,0.0000,NULL,NULL,NULL,NULL,NULL,NULL,0.0000,0.0000,NULL,NULL,NULL,NULL,NULL),(274,69,'2014-10-08 09:19:28','2014-10-08 09:19:28',NULL,0,NULL,'shipping',NULL,NULL,NULL,NULL,NULL,NULL,NULL,NULL,NULL,NULL,NULL,NULL,NULL,NULL,NULL,1,0,0,NULL,NULL,2.0000,1000.0000,1000.0000,0.0000,0.0000,0.0000,0.0000,0.0000,0.0000,0.0000,0.0000,0.0000,0.0000,1000.0000,1000.0000,NULL,'a:0:{}',NULL,0.0000,0.0000,1000.0000,NULL,NULL,0.0000,0.0000,0.0000,NULL,0.0000,0.0000,NULL,NULL,NULL,NULL,NULL),(277,70,'2014-10-15 09:26:52','2014-10-15 09:26:52',NULL,0,NULL,'billing',NULL,NULL,NULL,NULL,NULL,NULL,NULL,NULL,NULL,NULL,NULL,NULL,NULL,NULL,NULL,0,0,0,NULL,NULL,0.0000,0.0000,0.0000,0.0000,0.0000,0.0000,0.0000,0.0000,0.0000,0.0000,0.0000,0.0000,0.0000,0.0000,0.0000,NULL,'a:0:{}',NULL,NULL,NULL,0.0000,NULL,NULL,NULL,NULL,NULL,NULL,0.0000,0.0000,NULL,NULL,NULL,NULL,NULL),(278,70,'2014-10-15 09:26:52','2014-10-15 09:26:52',NULL,0,NULL,'shipping',NULL,NULL,NULL,NULL,NULL,NULL,NULL,NULL,NULL,NULL,NULL,NULL,NULL,NULL,NULL,1,0,0,NULL,NULL,2.0000,1000.0000,1000.0000,0.0000,0.0000,0.0000,0.0000,0.0000,0.0000,0.0000,0.0000,0.0000,0.0000,1000.0000,1000.0000,NULL,'a:0:{}',NULL,0.0000,0.0000,1000.0000,NULL,NULL,0.0000,0.0000,0.0000,NULL,0.0000,0.0000,NULL,NULL,NULL,NULL,NULL),(281,71,'2014-10-18 15:38:36','2014-10-18 15:38:39',NULL,0,NULL,'billing',NULL,NULL,NULL,NULL,NULL,NULL,NULL,NULL,NULL,NULL,NULL,NULL,NULL,NULL,NULL,0,0,0,NULL,NULL,0.0000,0.0000,0.0000,0.0000,0.0000,0.0000,0.0000,0.0000,0.0000,0.0000,0.0000,0.0000,0.0000,0.0000,0.0000,NULL,'a:0:{}',NULL,NULL,NULL,0.0000,NULL,NULL,NULL,NULL,NULL,NULL,0.0000,0.0000,NULL,NULL,NULL,NULL,NULL),(282,71,'2014-10-18 15:38:36','2014-10-18 15:38:39',NULL,0,NULL,'shipping',NULL,NULL,NULL,NULL,NULL,NULL,NULL,NULL,NULL,NULL,NULL,NULL,NULL,NULL,NULL,1,0,0,NULL,NULL,2.0000,1000.0000,1000.0000,0.0000,0.0000,0.0000,0.0000,0.0000,0.0000,0.0000,0.0000,0.0000,0.0000,1000.0000,1000.0000,NULL,'a:0:{}',NULL,0.0000,0.0000,1000.0000,NULL,NULL,0.0000,0.0000,0.0000,NULL,0.0000,0.0000,NULL,NULL,NULL,NULL,NULL),(285,72,'2014-10-18 15:44:53','2014-10-18 15:44:53',NULL,0,NULL,'billing',NULL,NULL,NULL,NULL,NULL,NULL,NULL,NULL,NULL,NULL,NULL,NULL,NULL,NULL,NULL,0,0,0,NULL,NULL,0.0000,0.0000,0.0000,0.0000,0.0000,0.0000,0.0000,0.0000,0.0000,0.0000,0.0000,0.0000,0.0000,0.0000,0.0000,NULL,'a:0:{}',NULL,NULL,NULL,0.0000,NULL,NULL,NULL,NULL,NULL,NULL,0.0000,0.0000,NULL,NULL,NULL,NULL,NULL),(286,72,'2014-10-18 15:44:53','2014-10-18 15:44:53',NULL,0,NULL,'shipping',NULL,NULL,NULL,NULL,NULL,NULL,NULL,NULL,NULL,NULL,NULL,NULL,NULL,NULL,NULL,1,0,0,NULL,NULL,2.0000,1000.0000,1000.0000,0.0000,0.0000,0.0000,0.0000,0.0000,0.0000,0.0000,0.0000,0.0000,0.0000,1000.0000,1000.0000,NULL,'a:0:{}',NULL,0.0000,0.0000,1000.0000,NULL,NULL,0.0000,0.0000,0.0000,NULL,0.0000,0.0000,NULL,NULL,NULL,NULL,NULL),(289,73,'2014-10-19 09:53:36','2014-10-19 09:53:36',NULL,0,NULL,'billing',NULL,NULL,NULL,NULL,NULL,NULL,NULL,NULL,NULL,NULL,NULL,NULL,NULL,NULL,NULL,0,0,0,NULL,NULL,0.0000,0.0000,0.0000,0.0000,0.0000,0.0000,0.0000,0.0000,0.0000,0.0000,0.0000,0.0000,0.0000,0.0000,0.0000,NULL,'a:0:{}',NULL,NULL,NULL,0.0000,NULL,NULL,NULL,NULL,NULL,NULL,0.0000,0.0000,NULL,NULL,NULL,NULL,NULL),(290,73,'2014-10-19 09:53:36','2014-10-19 09:53:36',NULL,0,NULL,'shipping',NULL,NULL,NULL,NULL,NULL,NULL,NULL,NULL,NULL,NULL,NULL,NULL,NULL,NULL,NULL,1,0,0,NULL,NULL,2.0000,1000.0000,1000.0000,0.0000,0.0000,0.0000,0.0000,0.0000,0.0000,0.0000,0.0000,0.0000,0.0000,1000.0000,1000.0000,NULL,'a:0:{}',NULL,0.0000,0.0000,1000.0000,NULL,NULL,0.0000,0.0000,0.0000,NULL,0.0000,0.0000,NULL,NULL,NULL,NULL,NULL),(293,74,'2014-10-19 10:28:08','2014-10-19 10:28:09',NULL,0,NULL,'billing',NULL,NULL,NULL,NULL,NULL,NULL,NULL,NULL,NULL,NULL,NULL,NULL,NULL,NULL,NULL,0,0,0,NULL,NULL,0.0000,0.0000,0.0000,0.0000,0.0000,0.0000,0.0000,0.0000,0.0000,0.0000,0.0000,0.0000,0.0000,0.0000,0.0000,NULL,'a:0:{}',NULL,NULL,NULL,0.0000,NULL,NULL,NULL,NULL,NULL,NULL,0.0000,0.0000,NULL,NULL,NULL,NULL,NULL),(294,74,'2014-10-19 10:28:08','2014-10-19 10:28:09',NULL,0,NULL,'shipping',NULL,NULL,NULL,NULL,NULL,NULL,NULL,NULL,NULL,NULL,NULL,NULL,NULL,NULL,NULL,1,0,0,NULL,NULL,2.0000,1000.0000,1000.0000,0.0000,0.0000,0.0000,0.0000,0.0000,0.0000,0.0000,0.0000,0.0000,0.0000,1000.0000,1000.0000,NULL,'a:0:{}',NULL,0.0000,0.0000,1000.0000,NULL,NULL,0.0000,0.0000,0.0000,NULL,0.0000,0.0000,NULL,NULL,NULL,NULL,NULL),(297,75,'2014-10-19 12:05:19','2014-10-19 12:05:19',NULL,0,NULL,'billing',NULL,NULL,NULL,NULL,NULL,NULL,NULL,NULL,NULL,NULL,NULL,NULL,NULL,NULL,NULL,0,0,0,NULL,NULL,0.0000,0.0000,0.0000,0.0000,0.0000,0.0000,0.0000,0.0000,0.0000,0.0000,0.0000,0.0000,0.0000,0.0000,0.0000,NULL,'a:0:{}',NULL,NULL,NULL,0.0000,NULL,NULL,NULL,NULL,NULL,NULL,0.0000,0.0000,NULL,NULL,NULL,NULL,NULL),(298,75,'2014-10-19 12:05:19','2014-10-19 12:05:19',NULL,0,NULL,'shipping',NULL,NULL,NULL,NULL,NULL,NULL,NULL,NULL,NULL,NULL,NULL,NULL,NULL,NULL,NULL,1,0,0,NULL,NULL,2.0000,1000.0000,1000.0000,0.0000,0.0000,0.0000,0.0000,0.0000,0.0000,0.0000,0.0000,0.0000,0.0000,1000.0000,1000.0000,NULL,'a:0:{}',NULL,0.0000,0.0000,1000.0000,NULL,NULL,0.0000,0.0000,0.0000,NULL,0.0000,0.0000,NULL,NULL,NULL,NULL,NULL),(301,76,'2014-10-22 09:10:22','2014-10-22 09:10:22',NULL,0,NULL,'billing',NULL,NULL,NULL,NULL,NULL,NULL,NULL,NULL,NULL,NULL,NULL,NULL,NULL,NULL,NULL,0,0,0,NULL,NULL,0.0000,0.0000,0.0000,0.0000,0.0000,0.0000,0.0000,0.0000,0.0000,0.0000,0.0000,0.0000,0.0000,0.0000,0.0000,NULL,'a:0:{}',NULL,NULL,NULL,0.0000,NULL,NULL,NULL,NULL,NULL,NULL,0.0000,0.0000,NULL,NULL,NULL,NULL,NULL),(302,76,'2014-10-22 09:10:22','2014-10-22 09:10:22',NULL,0,NULL,'shipping',NULL,NULL,NULL,NULL,NULL,NULL,NULL,NULL,NULL,NULL,NULL,NULL,NULL,NULL,NULL,1,0,0,NULL,NULL,2.0000,1000.0000,1000.0000,0.0000,0.0000,0.0000,0.0000,0.0000,0.0000,0.0000,0.0000,0.0000,0.0000,1000.0000,1000.0000,NULL,'a:0:{}',NULL,0.0000,0.0000,1000.0000,NULL,NULL,0.0000,0.0000,0.0000,NULL,0.0000,0.0000,NULL,NULL,NULL,NULL,NULL),(305,77,'2014-10-29 09:18:32','2014-10-29 09:18:32',NULL,0,NULL,'billing',NULL,NULL,NULL,NULL,NULL,NULL,NULL,NULL,NULL,NULL,NULL,NULL,NULL,NULL,NULL,0,0,0,NULL,NULL,0.0000,0.0000,0.0000,0.0000,0.0000,0.0000,0.0000,0.0000,0.0000,0.0000,0.0000,0.0000,0.0000,0.0000,0.0000,NULL,'a:0:{}',NULL,NULL,NULL,0.0000,NULL,NULL,NULL,NULL,NULL,NULL,0.0000,0.0000,NULL,NULL,NULL,NULL,NULL),(306,77,'2014-10-29 09:18:32','2014-10-29 09:18:32',NULL,0,NULL,'shipping',NULL,NULL,NULL,NULL,NULL,NULL,NULL,NULL,NULL,NULL,NULL,NULL,NULL,NULL,NULL,1,0,0,NULL,NULL,2.0000,1000.0000,1000.0000,0.0000,0.0000,0.0000,0.0000,0.0000,0.0000,0.0000,0.0000,0.0000,0.0000,1000.0000,1000.0000,NULL,'a:0:{}',NULL,0.0000,0.0000,1000.0000,NULL,NULL,0.0000,0.0000,0.0000,NULL,0.0000,0.0000,NULL,NULL,NULL,NULL,NULL),(309,78,'2014-11-05 10:21:37','2014-11-05 10:21:37',NULL,0,NULL,'billing',NULL,NULL,NULL,NULL,NULL,NULL,NULL,NULL,NULL,NULL,NULL,NULL,NULL,NULL,NULL,0,0,0,NULL,NULL,0.0000,0.0000,0.0000,0.0000,0.0000,0.0000,0.0000,0.0000,0.0000,0.0000,0.0000,0.0000,0.0000,0.0000,0.0000,NULL,'a:0:{}',NULL,NULL,NULL,0.0000,NULL,NULL,NULL,NULL,NULL,NULL,0.0000,0.0000,NULL,NULL,NULL,NULL,NULL),(310,78,'2014-11-05 10:21:37','2014-11-05 10:21:37',NULL,0,NULL,'shipping',NULL,NULL,NULL,NULL,NULL,NULL,NULL,NULL,NULL,NULL,NULL,NULL,NULL,NULL,NULL,1,0,0,NULL,NULL,2.0000,1000.0000,1000.0000,0.0000,0.0000,0.0000,0.0000,0.0000,0.0000,0.0000,0.0000,0.0000,0.0000,1000.0000,1000.0000,NULL,'a:0:{}',NULL,0.0000,0.0000,1000.0000,NULL,NULL,0.0000,0.0000,0.0000,NULL,0.0000,0.0000,NULL,NULL,NULL,NULL,NULL),(313,79,'2014-11-12 10:13:58','2014-11-12 10:13:58',NULL,0,NULL,'billing',NULL,NULL,NULL,NULL,NULL,NULL,NULL,NULL,NULL,NULL,NULL,NULL,NULL,NULL,NULL,0,0,0,NULL,NULL,0.0000,0.0000,0.0000,0.0000,0.0000,0.0000,0.0000,0.0000,0.0000,0.0000,0.0000,0.0000,0.0000,0.0000,0.0000,NULL,'a:0:{}',NULL,NULL,NULL,0.0000,NULL,NULL,NULL,NULL,NULL,NULL,0.0000,0.0000,NULL,NULL,NULL,NULL,NULL),(314,79,'2014-11-12 10:13:58','2014-11-12 10:13:58',NULL,0,NULL,'shipping',NULL,NULL,NULL,NULL,NULL,NULL,NULL,NULL,NULL,NULL,NULL,NULL,NULL,NULL,NULL,1,0,0,NULL,NULL,2.0000,1000.0000,1000.0000,0.0000,0.0000,0.0000,0.0000,0.0000,0.0000,0.0000,0.0000,0.0000,0.0000,1000.0000,1000.0000,NULL,'a:0:{}',NULL,0.0000,0.0000,1000.0000,NULL,NULL,0.0000,0.0000,0.0000,NULL,0.0000,0.0000,NULL,NULL,NULL,NULL,NULL),(317,80,'2014-11-19 10:23:44','2014-11-19 10:23:44',NULL,0,NULL,'billing',NULL,NULL,NULL,NULL,NULL,NULL,NULL,NULL,NULL,NULL,NULL,NULL,NULL,NULL,NULL,0,0,0,NULL,NULL,0.0000,0.0000,0.0000,0.0000,0.0000,0.0000,0.0000,0.0000,0.0000,0.0000,0.0000,0.0000,0.0000,0.0000,0.0000,NULL,'a:0:{}',NULL,NULL,NULL,0.0000,NULL,NULL,NULL,NULL,NULL,NULL,0.0000,0.0000,NULL,NULL,NULL,NULL,NULL),(318,80,'2014-11-19 10:23:44','2014-11-19 10:23:44',NULL,0,NULL,'shipping',NULL,NULL,NULL,NULL,NULL,NULL,NULL,NULL,NULL,NULL,NULL,NULL,NULL,NULL,NULL,1,0,0,NULL,NULL,2.0000,1000.0000,1000.0000,0.0000,0.0000,0.0000,0.0000,0.0000,0.0000,0.0000,0.0000,0.0000,0.0000,1000.0000,1000.0000,NULL,'a:0:{}',NULL,0.0000,0.0000,1000.0000,NULL,NULL,0.0000,0.0000,0.0000,NULL,0.0000,0.0000,NULL,NULL,NULL,NULL,NULL),(321,81,'2014-11-26 10:24:27','2014-11-26 10:24:27',NULL,0,NULL,'billing',NULL,NULL,NULL,NULL,NULL,NULL,NULL,NULL,NULL,NULL,NULL,NULL,NULL,NULL,NULL,0,0,0,NULL,NULL,0.0000,0.0000,0.0000,0.0000,0.0000,0.0000,0.0000,0.0000,0.0000,0.0000,0.0000,0.0000,0.0000,0.0000,0.0000,NULL,'a:0:{}',NULL,NULL,NULL,0.0000,NULL,NULL,NULL,NULL,NULL,NULL,0.0000,0.0000,NULL,NULL,NULL,NULL,NULL),(322,81,'2014-11-26 10:24:27','2014-11-26 10:24:27',NULL,0,NULL,'shipping',NULL,NULL,NULL,NULL,NULL,NULL,NULL,NULL,NULL,NULL,NULL,NULL,NULL,NULL,NULL,1,0,0,NULL,NULL,2.0000,1000.0000,1000.0000,0.0000,0.0000,0.0000,0.0000,0.0000,0.0000,0.0000,0.0000,0.0000,0.0000,1000.0000,1000.0000,NULL,'a:0:{}',NULL,0.0000,0.0000,1000.0000,NULL,NULL,0.0000,0.0000,0.0000,NULL,0.0000,0.0000,NULL,NULL,NULL,NULL,NULL),(325,82,'2014-12-03 10:09:24','2014-12-03 10:09:24',NULL,0,NULL,'billing',NULL,NULL,NULL,NULL,NULL,NULL,NULL,NULL,NULL,NULL,NULL,NULL,NULL,NULL,NULL,0,0,0,NULL,NULL,0.0000,0.0000,0.0000,0.0000,0.0000,0.0000,0.0000,0.0000,0.0000,0.0000,0.0000,0.0000,0.0000,0.0000,0.0000,NULL,'a:0:{}',NULL,NULL,NULL,0.0000,NULL,NULL,NULL,NULL,NULL,NULL,0.0000,0.0000,NULL,NULL,NULL,NULL,NULL),(326,82,'2014-12-03 10:09:24','2014-12-03 10:09:24',NULL,0,NULL,'shipping',NULL,NULL,NULL,NULL,NULL,NULL,NULL,NULL,NULL,NULL,NULL,NULL,NULL,NULL,NULL,1,0,0,NULL,NULL,2.0000,1000.0000,1000.0000,0.0000,0.0000,0.0000,0.0000,0.0000,0.0000,0.0000,0.0000,0.0000,0.0000,1000.0000,1000.0000,NULL,'a:0:{}',NULL,0.0000,0.0000,1000.0000,NULL,NULL,0.0000,0.0000,0.0000,NULL,0.0000,0.0000,NULL,NULL,NULL,NULL,NULL),(329,83,'2014-12-10 10:12:44','2014-12-10 10:12:44',NULL,0,NULL,'billing',NULL,NULL,NULL,NULL,NULL,NULL,NULL,NULL,NULL,NULL,NULL,NULL,NULL,NULL,NULL,0,0,0,NULL,NULL,0.0000,0.0000,0.0000,0.0000,0.0000,0.0000,0.0000,0.0000,0.0000,0.0000,0.0000,0.0000,0.0000,0.0000,0.0000,NULL,'a:0:{}',NULL,NULL,NULL,0.0000,NULL,NULL,NULL,NULL,NULL,NULL,0.0000,0.0000,NULL,NULL,NULL,NULL,NULL),(330,83,'2014-12-10 10:12:44','2014-12-10 10:12:44',NULL,0,NULL,'shipping',NULL,NULL,NULL,NULL,NULL,NULL,NULL,NULL,NULL,NULL,NULL,NULL,NULL,NULL,NULL,1,0,0,NULL,NULL,2.0000,1000.0000,1000.0000,0.0000,0.0000,0.0000,0.0000,0.0000,0.0000,0.0000,0.0000,0.0000,0.0000,1000.0000,1000.0000,NULL,'a:0:{}',NULL,0.0000,0.0000,1000.0000,NULL,NULL,0.0000,0.0000,0.0000,NULL,0.0000,0.0000,NULL,NULL,NULL,NULL,NULL),(333,84,'2014-12-17 10:07:14','2014-12-17 10:07:14',NULL,0,NULL,'billing',NULL,NULL,NULL,NULL,NULL,NULL,NULL,NULL,NULL,NULL,NULL,NULL,NULL,NULL,NULL,0,0,0,NULL,NULL,0.0000,0.0000,0.0000,0.0000,0.0000,0.0000,0.0000,0.0000,0.0000,0.0000,0.0000,0.0000,0.0000,0.0000,0.0000,NULL,'a:0:{}',NULL,NULL,NULL,0.0000,NULL,NULL,NULL,NULL,NULL,NULL,0.0000,0.0000,NULL,NULL,NULL,NULL,NULL),(334,84,'2014-12-17 10:07:14','2014-12-17 10:07:14',NULL,0,NULL,'shipping',NULL,NULL,NULL,NULL,NULL,NULL,NULL,NULL,NULL,NULL,NULL,NULL,NULL,NULL,NULL,1,0,0,NULL,NULL,2.0000,1000.0000,1000.0000,0.0000,0.0000,0.0000,0.0000,0.0000,0.0000,0.0000,0.0000,0.0000,0.0000,1000.0000,1000.0000,NULL,'a:0:{}',NULL,0.0000,0.0000,1000.0000,NULL,NULL,0.0000,0.0000,0.0000,NULL,0.0000,0.0000,NULL,NULL,NULL,NULL,NULL),(337,85,'2014-12-17 13:50:15','2014-12-17 13:50:17',NULL,0,NULL,'billing',NULL,NULL,NULL,NULL,NULL,NULL,NULL,NULL,NULL,NULL,NULL,NULL,NULL,NULL,NULL,0,0,0,NULL,NULL,0.0000,0.0000,0.0000,0.0000,0.0000,0.0000,0.0000,0.0000,0.0000,0.0000,0.0000,0.0000,0.0000,0.0000,0.0000,NULL,'a:0:{}',NULL,NULL,NULL,0.0000,NULL,NULL,NULL,NULL,NULL,NULL,0.0000,0.0000,NULL,NULL,NULL,NULL,NULL),(338,85,'2014-12-17 13:50:15','2014-12-17 13:50:17',NULL,0,NULL,'shipping',NULL,NULL,NULL,NULL,NULL,NULL,NULL,NULL,NULL,'XTKwrlttnHRIeM',NULL,'OsQumkYdBQz','US',NULL,NULL,1,0,0,NULL,NULL,2.0000,1000.0000,1000.0000,0.0000,0.0000,0.0000,0.0000,0.0000,0.0000,0.0000,0.0000,0.0000,0.0000,1000.0000,1000.0000,NULL,'a:0:{}',NULL,0.0000,0.0000,1000.0000,NULL,NULL,0.0000,0.0000,0.0000,NULL,0.0000,0.0000,NULL,NULL,NULL,NULL,NULL),(341,86,'2014-12-17 13:50:20','2014-12-17 13:50:30',NULL,0,NULL,'billing',NULL,NULL,NULL,NULL,NULL,NULL,NULL,NULL,NULL,NULL,NULL,NULL,NULL,NULL,NULL,0,0,0,NULL,NULL,0.0000,0.0000,0.0000,0.0000,0.0000,0.0000,0.0000,0.0000,0.0000,0.0000,0.0000,0.0000,0.0000,0.0000,0.0000,NULL,'a:0:{}',NULL,NULL,NULL,0.0000,NULL,NULL,NULL,NULL,NULL,NULL,0.0000,0.0000,NULL,NULL,NULL,NULL,NULL),(342,86,'2014-12-17 13:50:20','2014-12-17 13:50:30',NULL,0,NULL,'shipping',NULL,NULL,NULL,NULL,NULL,NULL,NULL,NULL,NULL,NULL,NULL,NULL,NULL,NULL,NULL,1,0,0,NULL,NULL,2.0000,1000.0000,1000.0000,0.0000,0.0000,0.0000,0.0000,0.0000,0.0000,0.0000,0.0000,0.0000,0.0000,1000.0000,1000.0000,NULL,'a:0:{}',NULL,0.0000,0.0000,1000.0000,NULL,NULL,0.0000,0.0000,0.0000,NULL,0.0000,0.0000,NULL,NULL,NULL,NULL,NULL),(345,87,'2014-12-20 11:32:55','2014-12-20 11:32:55',NULL,0,NULL,'billing',NULL,NULL,NULL,NULL,NULL,NULL,NULL,NULL,NULL,NULL,NULL,NULL,NULL,NULL,NULL,0,0,0,NULL,NULL,0.0000,0.0000,0.0000,0.0000,0.0000,0.0000,0.0000,0.0000,0.0000,0.0000,0.0000,0.0000,0.0000,0.0000,0.0000,NULL,'a:0:{}',NULL,NULL,NULL,0.0000,NULL,NULL,NULL,NULL,NULL,NULL,0.0000,0.0000,NULL,NULL,NULL,NULL,NULL),(346,87,'2014-12-20 11:32:55','2014-12-20 11:32:55',NULL,0,NULL,'shipping',NULL,NULL,NULL,NULL,NULL,NULL,NULL,NULL,NULL,NULL,NULL,NULL,NULL,NULL,NULL,1,0,0,NULL,NULL,2.0000,1000.0000,1000.0000,0.0000,0.0000,0.0000,0.0000,0.0000,0.0000,0.0000,0.0000,0.0000,0.0000,1000.0000,1000.0000,NULL,'a:0:{}',NULL,0.0000,0.0000,1000.0000,NULL,NULL,0.0000,0.0000,0.0000,NULL,0.0000,0.0000,NULL,NULL,NULL,NULL,NULL),(349,88,'2014-12-24 10:10:46','2014-12-24 10:10:46',NULL,0,NULL,'billing',NULL,NULL,NULL,NULL,NULL,NULL,NULL,NULL,NULL,NULL,NULL,NULL,NULL,NULL,NULL,0,0,0,NULL,NULL,0.0000,0.0000,0.0000,0.0000,0.0000,0.0000,0.0000,0.0000,0.0000,0.0000,0.0000,0.0000,0.0000,0.0000,0.0000,NULL,'a:0:{}',NULL,NULL,NULL,0.0000,NULL,NULL,NULL,NULL,NULL,NULL,0.0000,0.0000,NULL,NULL,NULL,NULL,NULL),(350,88,'2014-12-24 10:10:46','2014-12-24 10:10:46',NULL,0,NULL,'shipping',NULL,NULL,NULL,NULL,NULL,NULL,NULL,NULL,NULL,NULL,NULL,NULL,NULL,NULL,NULL,1,0,0,NULL,NULL,2.0000,1000.0000,1000.0000,0.0000,0.0000,0.0000,0.0000,0.0000,0.0000,0.0000,0.0000,0.0000,0.0000,1000.0000,1000.0000,NULL,'a:0:{}',NULL,0.0000,0.0000,1000.0000,NULL,NULL,0.0000,0.0000,0.0000,NULL,0.0000,0.0000,NULL,NULL,NULL,NULL,NULL),(351,89,'2014-12-24 12:00:11','2014-12-24 12:07:42',NULL,0,NULL,'billing',NULL,NULL,NULL,NULL,NULL,NULL,NULL,NULL,NULL,NULL,NULL,NULL,NULL,NULL,NULL,0,0,0,NULL,NULL,0.0000,0.0000,0.0000,0.0000,0.0000,0.0000,0.0000,0.0000,0.0000,0.0000,0.0000,0.0000,0.0000,0.0000,0.0000,NULL,'a:0:{}',NULL,NULL,NULL,0.0000,NULL,NULL,NULL,NULL,NULL,NULL,0.0000,0.0000,NULL,NULL,NULL,NULL,NULL),(352,89,'2014-12-24 12:00:11','2014-12-24 12:07:42',NULL,0,NULL,'shipping',NULL,NULL,NULL,NULL,NULL,NULL,NULL,NULL,NULL,NULL,NULL,NULL,NULL,NULL,NULL,1,0,1,NULL,NULL,0.0000,0.0000,0.0000,0.0000,0.0000,0.0000,0.0000,0.0000,0.0000,0.0000,0.0000,0.0000,0.0000,0.0000,0.0000,NULL,'a:0:{}',NULL,0.0000,0.0000,0.0000,NULL,NULL,0.0000,0.0000,0.0000,NULL,0.0000,0.0000,NULL,NULL,NULL,NULL,NULL),(355,90,'2014-12-31 10:23:01','2014-12-31 10:23:01',NULL,0,NULL,'billing',NULL,NULL,NULL,NULL,NULL,NULL,NULL,NULL,NULL,NULL,NULL,NULL,NULL,NULL,NULL,0,0,0,NULL,NULL,0.0000,0.0000,0.0000,0.0000,0.0000,0.0000,0.0000,0.0000,0.0000,0.0000,0.0000,0.0000,0.0000,0.0000,0.0000,NULL,'a:0:{}',NULL,NULL,NULL,0.0000,NULL,NULL,NULL,NULL,NULL,NULL,0.0000,0.0000,NULL,NULL,NULL,NULL,NULL),(356,90,'2014-12-31 10:23:01','2014-12-31 10:23:01',NULL,0,NULL,'shipping',NULL,NULL,NULL,NULL,NULL,NULL,NULL,NULL,NULL,NULL,NULL,NULL,NULL,NULL,NULL,1,0,0,NULL,NULL,2.0000,1000.0000,1000.0000,0.0000,0.0000,0.0000,0.0000,0.0000,0.0000,0.0000,0.0000,0.0000,0.0000,1000.0000,1000.0000,NULL,'a:0:{}',NULL,0.0000,0.0000,1000.0000,NULL,NULL,0.0000,0.0000,0.0000,NULL,0.0000,0.0000,NULL,NULL,NULL,NULL,NULL),(359,91,'2015-01-07 10:22:47','2015-01-07 10:22:47',NULL,0,NULL,'billing',NULL,NULL,NULL,NULL,NULL,NULL,NULL,NULL,NULL,NULL,NULL,NULL,NULL,NULL,NULL,0,0,0,NULL,NULL,0.0000,0.0000,0.0000,0.0000,0.0000,0.0000,0.0000,0.0000,0.0000,0.0000,0.0000,0.0000,0.0000,0.0000,0.0000,NULL,'a:0:{}',NULL,NULL,NULL,0.0000,NULL,NULL,NULL,NULL,NULL,NULL,0.0000,0.0000,NULL,NULL,NULL,NULL,NULL),(360,91,'2015-01-07 10:22:47','2015-01-07 10:22:47',NULL,0,NULL,'shipping',NULL,NULL,NULL,NULL,NULL,NULL,NULL,NULL,NULL,NULL,NULL,NULL,NULL,NULL,NULL,1,0,0,NULL,NULL,2.0000,1000.0000,1000.0000,0.0000,0.0000,0.0000,0.0000,0.0000,0.0000,0.0000,0.0000,0.0000,0.0000,1000.0000,1000.0000,NULL,'a:0:{}',NULL,0.0000,0.0000,1000.0000,NULL,NULL,0.0000,0.0000,0.0000,NULL,0.0000,0.0000,NULL,NULL,NULL,NULL,NULL),(363,92,'2015-01-09 05:36:18','2015-01-09 05:46:26',NULL,0,NULL,'billing',NULL,NULL,NULL,NULL,NULL,NULL,NULL,NULL,NULL,NULL,NULL,NULL,NULL,NULL,NULL,0,0,0,NULL,NULL,0.0000,0.0000,0.0000,0.0000,0.0000,0.0000,0.0000,0.0000,0.0000,0.0000,0.0000,0.0000,0.0000,0.0000,0.0000,NULL,'a:0:{}',NULL,NULL,NULL,0.0000,NULL,NULL,NULL,NULL,NULL,NULL,0.0000,0.0000,NULL,NULL,NULL,NULL,NULL),(364,92,'2015-01-09 05:36:18','2015-01-09 05:46:26',NULL,0,NULL,'shipping',NULL,NULL,NULL,NULL,NULL,NULL,NULL,NULL,NULL,'Jalisco',NULL,'44230','MX',NULL,NULL,1,0,0,'flatrate_flatrate','Flat Rate - Fixed',4.0000,2000.0000,2000.0000,0.0000,0.0000,0.0000,0.0000,10.0000,10.0000,0.0000,0.0000,0.0000,0.0000,2010.0000,2010.0000,NULL,'a:0:{}',NULL,0.0000,0.0000,2000.0000,NULL,NULL,0.0000,0.0000,0.0000,NULL,10.0000,10.0000,NULL,NULL,NULL,NULL,NULL),(367,93,'2015-01-11 01:15:36','2015-01-11 01:15:39',NULL,0,NULL,'billing',NULL,NULL,NULL,NULL,NULL,NULL,NULL,NULL,NULL,NULL,NULL,NULL,NULL,NULL,NULL,0,0,0,NULL,NULL,0.0000,0.0000,0.0000,0.0000,0.0000,0.0000,0.0000,0.0000,0.0000,0.0000,0.0000,0.0000,0.0000,0.0000,0.0000,NULL,'a:0:{}',NULL,NULL,NULL,0.0000,NULL,NULL,NULL,NULL,NULL,NULL,0.0000,0.0000,NULL,NULL,NULL,NULL,NULL),(368,93,'2015-01-11 01:15:36','2015-01-11 01:15:39',NULL,0,NULL,'shipping',NULL,NULL,NULL,NULL,NULL,NULL,NULL,NULL,NULL,'New York',NULL,'8576','US',NULL,NULL,1,0,0,NULL,NULL,2.0000,1000.0000,1000.0000,0.0000,0.0000,0.0000,0.0000,0.0000,0.0000,0.0000,0.0000,0.0000,0.0000,1000.0000,1000.0000,NULL,'a:0:{}',NULL,0.0000,0.0000,1000.0000,NULL,NULL,0.0000,0.0000,0.0000,NULL,0.0000,0.0000,NULL,NULL,NULL,NULL,NULL),(371,94,'2015-01-11 01:15:42','2015-01-11 01:15:50',NULL,0,NULL,'billing',NULL,NULL,NULL,NULL,NULL,NULL,NULL,NULL,NULL,NULL,NULL,NULL,NULL,NULL,NULL,0,0,0,NULL,NULL,0.0000,0.0000,0.0000,0.0000,0.0000,0.0000,0.0000,0.0000,0.0000,0.0000,0.0000,0.0000,0.0000,0.0000,0.0000,NULL,'a:0:{}',NULL,NULL,NULL,0.0000,NULL,NULL,NULL,NULL,NULL,NULL,0.0000,0.0000,NULL,NULL,NULL,NULL,NULL),(372,94,'2015-01-11 01:15:42','2015-01-11 01:15:50',NULL,0,NULL,'shipping',NULL,NULL,NULL,NULL,NULL,NULL,NULL,NULL,NULL,NULL,NULL,NULL,NULL,NULL,NULL,1,0,0,NULL,NULL,2.0000,1000.0000,1000.0000,0.0000,0.0000,0.0000,0.0000,0.0000,0.0000,0.0000,0.0000,0.0000,0.0000,1000.0000,1000.0000,NULL,'a:0:{}',NULL,0.0000,0.0000,1000.0000,NULL,NULL,0.0000,0.0000,0.0000,NULL,0.0000,0.0000,NULL,NULL,NULL,NULL,NULL),(375,95,'2015-01-14 11:35:43','2015-01-14 11:35:43',NULL,0,NULL,'billing',NULL,NULL,NULL,NULL,NULL,NULL,NULL,NULL,NULL,NULL,NULL,NULL,NULL,NULL,NULL,0,0,0,NULL,NULL,0.0000,0.0000,0.0000,0.0000,0.0000,0.0000,0.0000,0.0000,0.0000,0.0000,0.0000,0.0000,0.0000,0.0000,0.0000,NULL,'a:0:{}',NULL,NULL,NULL,0.0000,NULL,NULL,NULL,NULL,NULL,NULL,0.0000,0.0000,NULL,NULL,NULL,NULL,NULL),(376,95,'2015-01-14 11:35:43','2015-01-14 11:35:43',NULL,0,NULL,'shipping',NULL,NULL,NULL,NULL,NULL,NULL,NULL,NULL,NULL,NULL,NULL,NULL,NULL,NULL,NULL,1,0,0,NULL,NULL,2.0000,1000.0000,1000.0000,0.0000,0.0000,0.0000,0.0000,0.0000,0.0000,0.0000,0.0000,0.0000,0.0000,1000.0000,1000.0000,NULL,'a:0:{}',NULL,0.0000,0.0000,1000.0000,NULL,NULL,0.0000,0.0000,0.0000,NULL,0.0000,0.0000,NULL,NULL,NULL,NULL,NULL),(379,96,'2015-01-21 10:25:19','2015-01-21 10:25:19',NULL,0,NULL,'billing',NULL,NULL,NULL,NULL,NULL,NULL,NULL,NULL,NULL,NULL,NULL,NULL,NULL,NULL,NULL,0,0,0,NULL,NULL,0.0000,0.0000,0.0000,0.0000,0.0000,0.0000,0.0000,0.0000,0.0000,0.0000,0.0000,0.0000,0.0000,0.0000,0.0000,NULL,'a:0:{}',NULL,NULL,NULL,0.0000,NULL,NULL,NULL,NULL,NULL,NULL,0.0000,0.0000,NULL,NULL,NULL,NULL,NULL),(380,96,'2015-01-21 10:25:19','2015-01-21 10:25:19',NULL,0,NULL,'shipping',NULL,NULL,NULL,NULL,NULL,NULL,NULL,NULL,NULL,NULL,NULL,NULL,NULL,NULL,NULL,1,0,0,NULL,NULL,2.0000,1000.0000,1000.0000,0.0000,0.0000,0.0000,0.0000,0.0000,0.0000,0.0000,0.0000,0.0000,0.0000,1000.0000,1000.0000,NULL,'a:0:{}',NULL,0.0000,0.0000,1000.0000,NULL,NULL,0.0000,0.0000,0.0000,NULL,0.0000,0.0000,NULL,NULL,NULL,NULL,NULL),(383,97,'2015-01-28 10:10:59','2015-01-28 10:10:59',NULL,0,NULL,'billing',NULL,NULL,NULL,NULL,NULL,NULL,NULL,NULL,NULL,NULL,NULL,NULL,NULL,NULL,NULL,0,0,0,NULL,NULL,0.0000,0.0000,0.0000,0.0000,0.0000,0.0000,0.0000,0.0000,0.0000,0.0000,0.0000,0.0000,0.0000,0.0000,0.0000,NULL,'a:0:{}',NULL,NULL,NULL,0.0000,NULL,NULL,NULL,NULL,NULL,NULL,0.0000,0.0000,NULL,NULL,NULL,NULL,NULL),(384,97,'2015-01-28 10:10:59','2015-01-28 10:10:59',NULL,0,NULL,'shipping',NULL,NULL,NULL,NULL,NULL,NULL,NULL,NULL,NULL,NULL,NULL,NULL,NULL,NULL,NULL,1,0,0,NULL,NULL,2.0000,1000.0000,1000.0000,0.0000,0.0000,0.0000,0.0000,0.0000,0.0000,0.0000,0.0000,0.0000,0.0000,1000.0000,1000.0000,NULL,'a:0:{}',NULL,0.0000,0.0000,1000.0000,NULL,NULL,0.0000,0.0000,0.0000,NULL,0.0000,0.0000,NULL,NULL,NULL,NULL,NULL),(385,98,'2015-01-31 15:32:26','2015-01-31 15:38:04',NULL,0,NULL,'billing',NULL,NULL,NULL,NULL,NULL,NULL,NULL,NULL,NULL,NULL,NULL,NULL,NULL,NULL,NULL,0,0,0,NULL,NULL,0.0000,0.0000,0.0000,0.0000,0.0000,0.0000,0.0000,0.0000,0.0000,0.0000,0.0000,0.0000,0.0000,0.0000,0.0000,NULL,'a:0:{}',NULL,NULL,NULL,0.0000,NULL,NULL,NULL,NULL,NULL,NULL,0.0000,0.0000,NULL,NULL,NULL,NULL,NULL),(386,98,'2015-01-31 15:32:26','2015-01-31 15:38:04',NULL,0,NULL,'shipping',NULL,NULL,NULL,NULL,NULL,NULL,NULL,NULL,NULL,NULL,NULL,NULL,NULL,NULL,NULL,1,0,0,NULL,NULL,4.0000,2000.0000,2000.0000,0.0000,0.0000,0.0000,0.0000,0.0000,0.0000,0.0000,0.0000,0.0000,0.0000,2000.0000,2000.0000,NULL,'a:0:{}',NULL,0.0000,0.0000,2000.0000,NULL,NULL,0.0000,0.0000,0.0000,NULL,0.0000,0.0000,NULL,NULL,NULL,NULL,NULL),(389,99,'2015-02-04 10:23:24','2015-02-04 10:23:24',NULL,0,NULL,'billing',NULL,NULL,NULL,NULL,NULL,NULL,NULL,NULL,NULL,NULL,NULL,NULL,NULL,NULL,NULL,0,0,0,NULL,NULL,0.0000,0.0000,0.0000,0.0000,0.0000,0.0000,0.0000,0.0000,0.0000,0.0000,0.0000,0.0000,0.0000,0.0000,0.0000,NULL,'a:0:{}',NULL,NULL,NULL,0.0000,NULL,NULL,NULL,NULL,NULL,NULL,0.0000,0.0000,NULL,NULL,NULL,NULL,NULL),(390,99,'2015-02-04 10:23:24','2015-02-04 10:23:24',NULL,0,NULL,'shipping',NULL,NULL,NULL,NULL,NULL,NULL,NULL,NULL,NULL,NULL,NULL,NULL,NULL,NULL,NULL,1,0,0,NULL,NULL,2.0000,1000.0000,1000.0000,0.0000,0.0000,0.0000,0.0000,0.0000,0.0000,0.0000,0.0000,0.0000,0.0000,1000.0000,1000.0000,NULL,'a:0:{}',NULL,0.0000,0.0000,1000.0000,NULL,NULL,0.0000,0.0000,0.0000,NULL,0.0000,0.0000,NULL,NULL,NULL,NULL,NULL),(393,100,'2015-02-11 10:19:32','2015-02-11 10:19:32',NULL,0,NULL,'billing',NULL,NULL,NULL,NULL,NULL,NULL,NULL,NULL,NULL,NULL,NULL,NULL,NULL,NULL,NULL,0,0,0,NULL,NULL,0.0000,0.0000,0.0000,0.0000,0.0000,0.0000,0.0000,0.0000,0.0000,0.0000,0.0000,0.0000,0.0000,0.0000,0.0000,NULL,'a:0:{}',NULL,NULL,NULL,0.0000,NULL,NULL,NULL,NULL,NULL,NULL,0.0000,0.0000,NULL,NULL,NULL,NULL,NULL),(394,100,'2015-02-11 10:19:32','2015-02-11 10:19:32',NULL,0,NULL,'shipping',NULL,NULL,NULL,NULL,NULL,NULL,NULL,NULL,NULL,NULL,NULL,NULL,NULL,NULL,NULL,1,0,0,NULL,NULL,2.0000,1000.0000,1000.0000,0.0000,0.0000,0.0000,0.0000,0.0000,0.0000,0.0000,0.0000,0.0000,0.0000,1000.0000,1000.0000,NULL,'a:0:{}',NULL,0.0000,0.0000,1000.0000,NULL,NULL,0.0000,0.0000,0.0000,NULL,0.0000,0.0000,NULL,NULL,NULL,NULL,NULL),(397,101,'2015-02-18 10:12:47','2015-02-18 10:12:47',NULL,0,NULL,'billing',NULL,NULL,NULL,NULL,NULL,NULL,NULL,NULL,NULL,NULL,NULL,NULL,NULL,NULL,NULL,0,0,0,NULL,NULL,0.0000,0.0000,0.0000,0.0000,0.0000,0.0000,0.0000,0.0000,0.0000,0.0000,0.0000,0.0000,0.0000,0.0000,0.0000,NULL,'a:0:{}',NULL,NULL,NULL,0.0000,NULL,NULL,NULL,NULL,NULL,NULL,0.0000,0.0000,NULL,NULL,NULL,NULL,NULL),(398,101,'2015-02-18 10:12:47','2015-02-18 10:12:47',NULL,0,NULL,'shipping',NULL,NULL,NULL,NULL,NULL,NULL,NULL,NULL,NULL,NULL,NULL,NULL,NULL,NULL,NULL,1,0,0,NULL,NULL,2.0000,1000.0000,1000.0000,0.0000,0.0000,0.0000,0.0000,0.0000,0.0000,0.0000,0.0000,0.0000,0.0000,1000.0000,1000.0000,NULL,'a:0:{}',NULL,0.0000,0.0000,1000.0000,NULL,NULL,0.0000,0.0000,0.0000,NULL,0.0000,0.0000,NULL,NULL,NULL,NULL,NULL),(401,102,'2015-02-25 10:11:23','2015-02-25 10:11:23',NULL,0,NULL,'billing',NULL,NULL,NULL,NULL,NULL,NULL,NULL,NULL,NULL,NULL,NULL,NULL,NULL,NULL,NULL,0,0,0,NULL,NULL,0.0000,0.0000,0.0000,0.0000,0.0000,0.0000,0.0000,0.0000,0.0000,0.0000,0.0000,0.0000,0.0000,0.0000,0.0000,NULL,'a:0:{}',NULL,NULL,NULL,0.0000,NULL,NULL,NULL,NULL,NULL,NULL,0.0000,0.0000,NULL,NULL,NULL,NULL,NULL),(402,102,'2015-02-25 10:11:23','2015-02-25 10:11:23',NULL,0,NULL,'shipping',NULL,NULL,NULL,NULL,NULL,NULL,NULL,NULL,NULL,NULL,NULL,NULL,NULL,NULL,NULL,1,0,0,NULL,NULL,2.0000,1000.0000,1000.0000,0.0000,0.0000,0.0000,0.0000,0.0000,0.0000,0.0000,0.0000,0.0000,0.0000,1000.0000,1000.0000,NULL,'a:0:{}',NULL,0.0000,0.0000,1000.0000,NULL,NULL,0.0000,0.0000,0.0000,NULL,0.0000,0.0000,NULL,NULL,NULL,NULL,NULL),(405,103,'2015-03-04 10:13:04','2015-03-04 10:13:04',NULL,0,NULL,'billing',NULL,NULL,NULL,NULL,NULL,NULL,NULL,NULL,NULL,NULL,NULL,NULL,NULL,NULL,NULL,0,0,0,NULL,NULL,0.0000,0.0000,0.0000,0.0000,0.0000,0.0000,0.0000,0.0000,0.0000,0.0000,0.0000,0.0000,0.0000,0.0000,0.0000,NULL,'a:0:{}',NULL,NULL,NULL,0.0000,NULL,NULL,NULL,NULL,NULL,NULL,0.0000,0.0000,NULL,NULL,NULL,NULL,NULL),(406,103,'2015-03-04 10:13:04','2015-03-04 10:13:04',NULL,0,NULL,'shipping',NULL,NULL,NULL,NULL,NULL,NULL,NULL,NULL,NULL,NULL,NULL,NULL,NULL,NULL,NULL,1,0,0,NULL,NULL,2.0000,1000.0000,1000.0000,0.0000,0.0000,0.0000,0.0000,0.0000,0.0000,0.0000,0.0000,0.0000,0.0000,1000.0000,1000.0000,NULL,'a:0:{}',NULL,0.0000,0.0000,1000.0000,NULL,NULL,0.0000,0.0000,0.0000,NULL,0.0000,0.0000,NULL,NULL,NULL,NULL,NULL),(409,104,'2015-03-04 22:10:04','2015-03-04 22:10:04',NULL,0,NULL,'billing',NULL,NULL,NULL,NULL,NULL,NULL,NULL,NULL,NULL,NULL,NULL,NULL,NULL,NULL,NULL,0,0,0,NULL,NULL,0.0000,0.0000,0.0000,0.0000,0.0000,0.0000,0.0000,0.0000,0.0000,0.0000,0.0000,0.0000,0.0000,0.0000,0.0000,NULL,'a:0:{}',NULL,NULL,NULL,0.0000,NULL,NULL,NULL,NULL,NULL,NULL,0.0000,0.0000,NULL,NULL,NULL,NULL,NULL),(410,104,'2015-03-04 22:10:04','2015-03-04 22:10:04',NULL,0,NULL,'shipping',NULL,NULL,NULL,NULL,NULL,NULL,NULL,NULL,NULL,NULL,NULL,NULL,NULL,NULL,NULL,1,0,0,NULL,NULL,2.0000,1000.0000,1000.0000,0.0000,0.0000,0.0000,0.0000,0.0000,0.0000,0.0000,0.0000,0.0000,0.0000,1000.0000,1000.0000,NULL,'a:0:{}',NULL,0.0000,0.0000,1000.0000,NULL,NULL,0.0000,0.0000,0.0000,NULL,0.0000,0.0000,NULL,NULL,NULL,NULL,NULL),(413,105,'2015-03-11 13:11:57','2015-03-11 13:11:57',NULL,0,NULL,'billing',NULL,NULL,NULL,NULL,NULL,NULL,NULL,NULL,NULL,NULL,NULL,NULL,NULL,NULL,NULL,0,0,0,NULL,NULL,0.0000,0.0000,0.0000,0.0000,0.0000,0.0000,0.0000,0.0000,0.0000,0.0000,0.0000,0.0000,0.0000,0.0000,0.0000,NULL,'a:0:{}',NULL,NULL,NULL,0.0000,NULL,NULL,NULL,NULL,NULL,NULL,0.0000,0.0000,NULL,NULL,NULL,NULL,NULL),(414,105,'2015-03-11 13:11:57','2015-03-11 13:11:57',NULL,0,NULL,'shipping',NULL,NULL,NULL,NULL,NULL,NULL,NULL,NULL,NULL,NULL,NULL,NULL,NULL,NULL,NULL,1,0,0,NULL,NULL,2.0000,1000.0000,1000.0000,0.0000,0.0000,0.0000,0.0000,0.0000,0.0000,0.0000,0.0000,0.0000,0.0000,1000.0000,1000.0000,NULL,'a:0:{}',NULL,0.0000,0.0000,1000.0000,NULL,NULL,0.0000,0.0000,0.0000,NULL,0.0000,0.0000,NULL,NULL,NULL,NULL,NULL),(417,106,'2015-03-18 09:22:25','2015-03-18 09:22:25',NULL,0,NULL,'billing',NULL,NULL,NULL,NULL,NULL,NULL,NULL,NULL,NULL,NULL,NULL,NULL,NULL,NULL,NULL,0,0,0,NULL,NULL,0.0000,0.0000,0.0000,0.0000,0.0000,0.0000,0.0000,0.0000,0.0000,0.0000,0.0000,0.0000,0.0000,0.0000,0.0000,NULL,'a:0:{}',NULL,NULL,NULL,0.0000,NULL,NULL,NULL,NULL,NULL,NULL,0.0000,0.0000,NULL,NULL,NULL,NULL,NULL),(418,106,'2015-03-18 09:22:25','2015-03-18 09:22:25',NULL,0,NULL,'shipping',NULL,NULL,NULL,NULL,NULL,NULL,NULL,NULL,NULL,NULL,NULL,NULL,NULL,NULL,NULL,1,0,0,NULL,NULL,2.0000,1000.0000,1000.0000,0.0000,0.0000,0.0000,0.0000,0.0000,0.0000,0.0000,0.0000,0.0000,0.0000,1000.0000,1000.0000,NULL,'a:0:{}',NULL,0.0000,0.0000,1000.0000,NULL,NULL,0.0000,0.0000,0.0000,NULL,0.0000,0.0000,NULL,NULL,NULL,NULL,NULL),(421,107,'2015-03-25 09:38:57','2015-03-25 09:38:57',NULL,0,NULL,'billing',NULL,NULL,NULL,NULL,NULL,NULL,NULL,NULL,NULL,NULL,NULL,NULL,NULL,NULL,NULL,0,0,0,NULL,NULL,0.0000,0.0000,0.0000,0.0000,0.0000,0.0000,0.0000,0.0000,0.0000,0.0000,0.0000,0.0000,0.0000,0.0000,0.0000,NULL,'a:0:{}',NULL,NULL,NULL,0.0000,NULL,NULL,NULL,NULL,NULL,NULL,0.0000,0.0000,NULL,NULL,NULL,NULL,NULL),(422,107,'2015-03-25 09:38:57','2015-03-25 09:38:57',NULL,0,NULL,'shipping',NULL,NULL,NULL,NULL,NULL,NULL,NULL,NULL,NULL,NULL,NULL,NULL,NULL,NULL,NULL,1,0,0,NULL,NULL,2.0000,1000.0000,1000.0000,0.0000,0.0000,0.0000,0.0000,0.0000,0.0000,0.0000,0.0000,0.0000,0.0000,1000.0000,1000.0000,NULL,'a:0:{}',NULL,0.0000,0.0000,1000.0000,NULL,NULL,0.0000,0.0000,0.0000,NULL,0.0000,0.0000,NULL,NULL,NULL,NULL,NULL),(425,108,'2015-03-30 16:32:16','2015-03-30 16:32:16',NULL,0,NULL,'billing',NULL,NULL,NULL,NULL,NULL,NULL,NULL,NULL,NULL,NULL,NULL,NULL,NULL,NULL,NULL,0,0,0,NULL,NULL,0.0000,0.0000,0.0000,0.0000,0.0000,0.0000,0.0000,0.0000,0.0000,0.0000,0.0000,0.0000,0.0000,0.0000,0.0000,NULL,'a:0:{}',NULL,NULL,NULL,0.0000,NULL,NULL,NULL,NULL,NULL,NULL,0.0000,0.0000,NULL,NULL,NULL,NULL,NULL),(426,108,'2015-03-30 16:32:16','2015-03-30 16:32:16',NULL,0,NULL,'shipping',NULL,NULL,NULL,NULL,NULL,NULL,NULL,NULL,NULL,NULL,NULL,NULL,NULL,NULL,NULL,1,0,0,NULL,NULL,2.0000,1000.0000,1000.0000,0.0000,0.0000,0.0000,0.0000,0.0000,0.0000,0.0000,0.0000,0.0000,0.0000,1000.0000,1000.0000,NULL,'a:0:{}',NULL,0.0000,0.0000,1000.0000,NULL,NULL,0.0000,0.0000,0.0000,NULL,0.0000,0.0000,NULL,NULL,NULL,NULL,NULL),(429,109,'2015-03-30 19:29:44','2015-03-30 19:29:44',NULL,0,NULL,'billing',NULL,NULL,NULL,NULL,NULL,NULL,NULL,NULL,NULL,NULL,NULL,NULL,NULL,NULL,NULL,0,0,0,NULL,NULL,0.0000,0.0000,0.0000,0.0000,0.0000,0.0000,0.0000,0.0000,0.0000,0.0000,0.0000,0.0000,0.0000,0.0000,0.0000,NULL,'a:0:{}',NULL,NULL,NULL,0.0000,NULL,NULL,NULL,NULL,NULL,NULL,0.0000,0.0000,NULL,NULL,NULL,NULL,NULL),(430,109,'2015-03-30 19:29:44','2015-03-30 19:29:44',NULL,0,NULL,'shipping',NULL,NULL,NULL,NULL,NULL,NULL,NULL,NULL,NULL,NULL,NULL,NULL,NULL,NULL,NULL,1,0,0,NULL,NULL,2.0000,1000.0000,1000.0000,0.0000,0.0000,0.0000,0.0000,0.0000,0.0000,0.0000,0.0000,0.0000,0.0000,1000.0000,1000.0000,NULL,'a:0:{}',NULL,0.0000,0.0000,1000.0000,NULL,NULL,0.0000,0.0000,0.0000,NULL,0.0000,0.0000,NULL,NULL,NULL,NULL,NULL),(433,110,'2015-04-01 15:16:49','2015-04-01 15:16:49',NULL,0,NULL,'billing',NULL,NULL,NULL,NULL,NULL,NULL,NULL,NULL,NULL,NULL,NULL,NULL,NULL,NULL,NULL,0,0,0,NULL,NULL,0.0000,0.0000,0.0000,0.0000,0.0000,0.0000,0.0000,0.0000,0.0000,0.0000,0.0000,0.0000,0.0000,0.0000,0.0000,NULL,'a:0:{}',NULL,NULL,NULL,0.0000,NULL,NULL,NULL,NULL,NULL,NULL,0.0000,0.0000,NULL,NULL,NULL,NULL,NULL),(434,110,'2015-04-01 15:16:49','2015-04-01 15:16:49',NULL,0,NULL,'shipping',NULL,NULL,NULL,NULL,NULL,NULL,NULL,NULL,NULL,NULL,NULL,NULL,NULL,NULL,NULL,1,0,0,NULL,NULL,2.0000,1000.0000,1000.0000,0.0000,0.0000,0.0000,0.0000,0.0000,0.0000,0.0000,0.0000,0.0000,0.0000,1000.0000,1000.0000,NULL,'a:0:{}',NULL,0.0000,0.0000,1000.0000,NULL,NULL,0.0000,0.0000,0.0000,NULL,0.0000,0.0000,NULL,NULL,NULL,NULL,NULL),(437,111,'2015-04-04 16:50:51','2015-04-04 16:50:57',NULL,0,NULL,'billing',NULL,NULL,NULL,NULL,NULL,NULL,NULL,NULL,NULL,NULL,NULL,NULL,NULL,NULL,NULL,0,0,0,NULL,NULL,0.0000,0.0000,0.0000,0.0000,0.0000,0.0000,0.0000,0.0000,0.0000,0.0000,0.0000,0.0000,0.0000,0.0000,0.0000,NULL,'a:0:{}',NULL,NULL,NULL,0.0000,NULL,NULL,NULL,NULL,NULL,NULL,0.0000,0.0000,NULL,NULL,NULL,NULL,NULL),(438,111,'2015-04-04 16:50:51','2015-04-04 16:50:57',NULL,0,NULL,'shipping',NULL,NULL,NULL,NULL,NULL,NULL,NULL,NULL,NULL,NULL,NULL,NULL,NULL,NULL,NULL,1,0,0,NULL,NULL,2.0000,1000.0000,1000.0000,0.0000,0.0000,0.0000,0.0000,0.0000,0.0000,0.0000,0.0000,0.0000,0.0000,1000.0000,1000.0000,NULL,'a:0:{}',NULL,0.0000,0.0000,1000.0000,NULL,NULL,0.0000,0.0000,0.0000,NULL,0.0000,0.0000,NULL,NULL,NULL,NULL,NULL);

--
-- Table structure for table `sales_flat_quote_address_item`
--

CREATE TABLE `sales_flat_quote_address_item` (
  `address_item_id` int(10) unsigned NOT NULL AUTO_INCREMENT COMMENT 'Address Item Id',
  `parent_item_id` int(10) unsigned DEFAULT NULL COMMENT 'Parent Item Id',
  `quote_address_id` int(10) unsigned NOT NULL COMMENT 'Quote Address Id',
  `quote_item_id` int(10) unsigned NOT NULL COMMENT 'Quote Item Id',
  `created_at` timestamp NOT NULL DEFAULT CURRENT_TIMESTAMP ON UPDATE CURRENT_TIMESTAMP COMMENT 'Created At',
  `updated_at` timestamp NOT NULL DEFAULT '0000-00-00 00:00:00' COMMENT 'Updated At',
  `applied_rule_ids` text COMMENT 'Applied Rule Ids',
  `additional_data` text COMMENT 'Additional Data',
  `weight` decimal(12,4) DEFAULT '0.0000' COMMENT 'Weight',
  `qty` decimal(12,4) NOT NULL DEFAULT '0.0000' COMMENT 'Qty',
  `discount_amount` decimal(12,4) DEFAULT '0.0000' COMMENT 'Discount Amount',
  `tax_amount` decimal(12,4) DEFAULT '0.0000' COMMENT 'Tax Amount',
  `row_total` decimal(12,4) NOT NULL DEFAULT '0.0000' COMMENT 'Row Total',
  `base_row_total` decimal(12,4) NOT NULL DEFAULT '0.0000' COMMENT 'Base Row Total',
  `row_total_with_discount` decimal(12,4) DEFAULT '0.0000' COMMENT 'Row Total With Discount',
  `base_discount_amount` decimal(12,4) DEFAULT '0.0000' COMMENT 'Base Discount Amount',
  `base_tax_amount` decimal(12,4) DEFAULT '0.0000' COMMENT 'Base Tax Amount',
  `row_weight` decimal(12,4) DEFAULT '0.0000' COMMENT 'Row Weight',
  `gift_message_id` int(11) DEFAULT NULL COMMENT 'Gift Message Id',
  `base_cost` decimal(12,4) DEFAULT NULL COMMENT 'Base Cost',
  `product_id` int(10) unsigned DEFAULT NULL COMMENT 'Product Id',
  `super_product_id` int(10) unsigned DEFAULT NULL COMMENT 'Super Product Id',
  `parent_product_id` int(10) unsigned DEFAULT NULL COMMENT 'Parent Product Id',
  `sku` varchar(255) DEFAULT NULL COMMENT 'Sku',
  `image` varchar(255) DEFAULT NULL COMMENT 'Image',
  `name` varchar(255) DEFAULT NULL COMMENT 'Name',
  `description` text COMMENT 'Description',
  `free_shipping` int(10) unsigned DEFAULT NULL COMMENT 'Free Shipping',
  `is_qty_decimal` int(10) unsigned DEFAULT NULL COMMENT 'Is Qty Decimal',
  `price` decimal(12,4) DEFAULT NULL COMMENT 'Price',
  `discount_percent` decimal(12,4) DEFAULT NULL COMMENT 'Discount Percent',
  `no_discount` int(10) unsigned DEFAULT NULL COMMENT 'No Discount',
  `tax_percent` decimal(12,4) DEFAULT NULL COMMENT 'Tax Percent',
  `base_price` decimal(12,4) DEFAULT NULL COMMENT 'Base Price',
  `price_incl_tax` decimal(12,4) DEFAULT NULL COMMENT 'Price Incl Tax',
  `base_price_incl_tax` decimal(12,4) DEFAULT NULL COMMENT 'Base Price Incl Tax',
  `row_total_incl_tax` decimal(12,4) DEFAULT NULL COMMENT 'Row Total Incl Tax',
  `base_row_total_incl_tax` decimal(12,4) DEFAULT NULL COMMENT 'Base Row Total Incl Tax',
  `hidden_tax_amount` decimal(12,4) DEFAULT NULL COMMENT 'Hidden Tax Amount',
  `base_hidden_tax_amount` decimal(12,4) DEFAULT NULL COMMENT 'Base Hidden Tax Amount',
  PRIMARY KEY (`address_item_id`),
  KEY `IDX_SALES_FLAT_QUOTE_ADDRESS_ITEM_QUOTE_ADDRESS_ID` (`quote_address_id`),
  KEY `IDX_SALES_FLAT_QUOTE_ADDRESS_ITEM_PARENT_ITEM_ID` (`parent_item_id`),
  KEY `IDX_SALES_FLAT_QUOTE_ADDRESS_ITEM_QUOTE_ITEM_ID` (`quote_item_id`),
  CONSTRAINT `FK_2EF8E28181D666D94D4E30DC2B0F80BF` FOREIGN KEY (`quote_item_id`) REFERENCES `sales_flat_quote_item` (`item_id`) ON DELETE CASCADE ON UPDATE CASCADE,
  CONSTRAINT `FK_A345FC758F20C314169CE27DCE53477F` FOREIGN KEY (`parent_item_id`) REFERENCES `sales_flat_quote_address_item` (`address_item_id`) ON DELETE CASCADE ON UPDATE CASCADE,
  CONSTRAINT `FK_B521389746C00700D1B2B76EBBE53854` FOREIGN KEY (`quote_address_id`) REFERENCES `sales_flat_quote_address` (`address_id`) ON DELETE CASCADE ON UPDATE CASCADE
) ENGINE=InnoDB DEFAULT CHARSET=utf8 COMMENT='Sales Flat Quote Address Item';

--
-- Dumping data for table `sales_flat_quote_address_item`
--


--
-- Table structure for table `sales_flat_quote_item`
--

CREATE TABLE `sales_flat_quote_item` (
  `item_id` int(10) unsigned NOT NULL AUTO_INCREMENT COMMENT 'Item Id',
  `quote_id` int(10) unsigned NOT NULL COMMENT 'Quote Id',
  `created_at` timestamp NOT NULL DEFAULT CURRENT_TIMESTAMP ON UPDATE CURRENT_TIMESTAMP COMMENT 'Created At',
  `updated_at` timestamp NOT NULL DEFAULT '0000-00-00 00:00:00' COMMENT 'Updated At',
  `product_id` int(10) unsigned DEFAULT NULL COMMENT 'Product Id',
  `store_id` smallint(5) unsigned DEFAULT NULL COMMENT 'Store Id',
  `parent_item_id` int(10) unsigned DEFAULT NULL COMMENT 'Parent Item Id',
  `is_virtual` smallint(5) unsigned DEFAULT NULL COMMENT 'Is Virtual',
  `sku` varchar(255) DEFAULT NULL COMMENT 'Sku',
  `name` varchar(255) DEFAULT NULL COMMENT 'Name',
  `description` text COMMENT 'Description',
  `applied_rule_ids` text COMMENT 'Applied Rule Ids',
  `additional_data` text COMMENT 'Additional Data',
  `free_shipping` smallint(5) unsigned NOT NULL COMMENT 'Free Shipping',
  `is_qty_decimal` smallint(5) unsigned DEFAULT NULL COMMENT 'Is Qty Decimal',
  `no_discount` smallint(5) unsigned DEFAULT '0' COMMENT 'No Discount',
  `weight` decimal(12,4) DEFAULT '0.0000' COMMENT 'Weight',
  `qty` decimal(12,4) NOT NULL DEFAULT '0.0000' COMMENT 'Qty',
  `price` decimal(12,4) NOT NULL DEFAULT '0.0000' COMMENT 'Price',
  `base_price` decimal(12,4) NOT NULL DEFAULT '0.0000' COMMENT 'Base Price',
  `custom_price` decimal(12,4) DEFAULT NULL COMMENT 'Custom Price',
  `discount_percent` decimal(12,4) DEFAULT '0.0000' COMMENT 'Discount Percent',
  `discount_amount` decimal(12,4) DEFAULT '0.0000' COMMENT 'Discount Amount',
  `base_discount_amount` decimal(12,4) DEFAULT '0.0000' COMMENT 'Base Discount Amount',
  `tax_percent` decimal(12,4) DEFAULT '0.0000' COMMENT 'Tax Percent',
  `tax_amount` decimal(12,4) DEFAULT '0.0000' COMMENT 'Tax Amount',
  `base_tax_amount` decimal(12,4) DEFAULT '0.0000' COMMENT 'Base Tax Amount',
  `row_total` decimal(12,4) NOT NULL DEFAULT '0.0000' COMMENT 'Row Total',
  `base_row_total` decimal(12,4) NOT NULL DEFAULT '0.0000' COMMENT 'Base Row Total',
  `row_total_with_discount` decimal(12,4) DEFAULT '0.0000' COMMENT 'Row Total With Discount',
  `row_weight` decimal(12,4) DEFAULT '0.0000' COMMENT 'Row Weight',
  `product_type` varchar(255) DEFAULT NULL COMMENT 'Product Type',
  `base_tax_before_discount` decimal(12,4) DEFAULT NULL COMMENT 'Base Tax Before Discount',
  `tax_before_discount` decimal(12,4) DEFAULT NULL COMMENT 'Tax Before Discount',
  `original_custom_price` decimal(12,4) DEFAULT NULL COMMENT 'Original Custom Price',
  `gift_message_id` int(11) DEFAULT NULL COMMENT 'Gift Message Id',
  `weee_tax_applied` text COMMENT 'Weee Tax Applied',
  `weee_tax_applied_amount` decimal(12,4) DEFAULT NULL COMMENT 'Weee Tax Applied Amount',
  `weee_tax_applied_row_amount` decimal(12,4) DEFAULT NULL COMMENT 'Weee Tax Applied Row Amount',
  `base_weee_tax_applied_amount` decimal(12,4) DEFAULT NULL COMMENT 'Base Weee Tax Applied Amount',
  `base_weee_tax_applied_row_amnt` decimal(12,4) DEFAULT NULL COMMENT 'Base Weee Tax Applied Row Amnt',
  `weee_tax_disposition` decimal(12,4) DEFAULT NULL COMMENT 'Weee Tax Disposition',
  `weee_tax_row_disposition` decimal(12,4) DEFAULT NULL COMMENT 'Weee Tax Row Disposition',
  `base_weee_tax_disposition` decimal(12,4) DEFAULT NULL COMMENT 'Base Weee Tax Disposition',
  `base_weee_tax_row_disposition` decimal(12,4) DEFAULT NULL COMMENT 'Base Weee Tax Row Disposition',
  `redirect_url` varchar(255) DEFAULT NULL COMMENT 'Redirect Url',
  `base_cost` decimal(12,4) DEFAULT NULL COMMENT 'Base Cost',
  `price_incl_tax` decimal(12,4) DEFAULT NULL COMMENT 'Price Incl Tax',
  `base_price_incl_tax` decimal(12,4) DEFAULT NULL COMMENT 'Base Price Incl Tax',
  `row_total_incl_tax` decimal(12,4) DEFAULT NULL COMMENT 'Row Total Incl Tax',
  `base_row_total_incl_tax` decimal(12,4) DEFAULT NULL COMMENT 'Base Row Total Incl Tax',
  `hidden_tax_amount` decimal(12,4) DEFAULT NULL COMMENT 'Hidden Tax Amount',
  `base_hidden_tax_amount` decimal(12,4) DEFAULT NULL COMMENT 'Base Hidden Tax Amount',
  PRIMARY KEY (`item_id`),
  KEY `IDX_SALES_FLAT_QUOTE_ITEM_PARENT_ITEM_ID` (`parent_item_id`),
  KEY `IDX_SALES_FLAT_QUOTE_ITEM_PRODUCT_ID` (`product_id`),
  KEY `IDX_SALES_FLAT_QUOTE_ITEM_QUOTE_ID` (`quote_id`),
  KEY `IDX_SALES_FLAT_QUOTE_ITEM_STORE_ID` (`store_id`),
  CONSTRAINT `FK_B201DEB5DE51B791AF5C5BF87053C5A7` FOREIGN KEY (`parent_item_id`) REFERENCES `sales_flat_quote_item` (`item_id`) ON DELETE CASCADE ON UPDATE CASCADE,
  CONSTRAINT `FK_SALES_FLAT_QUOTE_ITEM_PRD_ID_CAT_PRD_ENTT_ENTT_ID` FOREIGN KEY (`product_id`) REFERENCES `catalog_product_entity` (`entity_id`) ON DELETE CASCADE ON UPDATE CASCADE,
  CONSTRAINT `FK_SALES_FLAT_QUOTE_ITEM_QUOTE_ID_SALES_FLAT_QUOTE_ENTITY_ID` FOREIGN KEY (`quote_id`) REFERENCES `sales_flat_quote` (`entity_id`) ON DELETE CASCADE ON UPDATE CASCADE,
  CONSTRAINT `FK_SALES_FLAT_QUOTE_ITEM_STORE_ID_CORE_STORE_STORE_ID` FOREIGN KEY (`store_id`) REFERENCES `core_store` (`store_id`) ON DELETE SET NULL ON UPDATE CASCADE
) ENGINE=InnoDB AUTO_INCREMENT=114 DEFAULT CHARSET=utf8 COMMENT='Sales Flat Quote Item';

--
-- Dumping data for table `sales_flat_quote_item`
--

INSERT INTO `sales_flat_quote_item` VALUES (1,1,'2013-06-01 18:07:59','2013-06-01 22:24:07',167,1,NULL,0,'aculife','Aculife',NULL,NULL,NULL,0,0,0,2.0000,4.0000,1000.0000,1000.0000,NULL,0.0000,0.0000,0.0000,0.0000,0.0000,0.0000,4000.0000,4000.0000,0.0000,8.0000,'simple',NULL,NULL,NULL,NULL,'a:0:{}',0.0000,0.0000,0.0000,NULL,0.0000,0.0000,0.0000,0.0000,NULL,NULL,1000.0000,1000.0000,4000.0000,4000.0000,NULL,NULL),(2,2,'2013-06-01 23:18:47','2013-06-01 23:18:47',167,1,NULL,0,'aculife','Aculife',NULL,NULL,NULL,0,0,0,2.0000,1.0000,1000.0000,1000.0000,NULL,0.0000,0.0000,0.0000,0.0000,0.0000,0.0000,1000.0000,1000.0000,0.0000,2.0000,'simple',NULL,NULL,NULL,NULL,'a:0:{}',0.0000,0.0000,0.0000,NULL,0.0000,0.0000,0.0000,0.0000,NULL,NULL,1000.0000,1000.0000,1000.0000,1000.0000,NULL,NULL),(3,3,'2013-06-03 01:44:35','2013-06-03 01:44:35',167,1,NULL,0,'aculife','Aculife',NULL,NULL,NULL,0,0,0,2.0000,1.0000,1000.0000,1000.0000,NULL,0.0000,0.0000,0.0000,0.0000,0.0000,0.0000,1000.0000,1000.0000,0.0000,2.0000,'simple',NULL,NULL,NULL,NULL,'a:0:{}',0.0000,0.0000,0.0000,NULL,0.0000,0.0000,0.0000,0.0000,NULL,NULL,1000.0000,1000.0000,1000.0000,1000.0000,NULL,NULL),(4,5,'2013-10-09 09:01:42','2013-10-09 09:01:42',167,1,NULL,0,'aculife','Aculife',NULL,NULL,NULL,0,0,0,2.0000,1.0000,1000.0000,1000.0000,NULL,0.0000,0.0000,0.0000,0.0000,0.0000,0.0000,1000.0000,1000.0000,0.0000,2.0000,'simple',NULL,NULL,NULL,NULL,'a:0:{}',0.0000,0.0000,0.0000,NULL,0.0000,0.0000,0.0000,0.0000,NULL,NULL,1000.0000,1000.0000,1000.0000,1000.0000,NULL,NULL),(5,6,'2013-10-16 08:12:36','2013-10-16 08:12:36',167,1,NULL,0,'aculife','Aculife',NULL,NULL,NULL,0,0,0,2.0000,1.0000,1000.0000,1000.0000,NULL,0.0000,0.0000,0.0000,0.0000,0.0000,0.0000,1000.0000,1000.0000,0.0000,2.0000,'simple',NULL,NULL,NULL,NULL,'a:0:{}',0.0000,0.0000,0.0000,NULL,0.0000,0.0000,0.0000,0.0000,NULL,NULL,1000.0000,1000.0000,1000.0000,1000.0000,NULL,NULL),(6,7,'2013-10-23 08:15:45','2013-10-23 08:15:45',167,1,NULL,0,'aculife','Aculife',NULL,NULL,NULL,0,0,0,2.0000,1.0000,1000.0000,1000.0000,NULL,0.0000,0.0000,0.0000,0.0000,0.0000,0.0000,1000.0000,1000.0000,0.0000,2.0000,'simple',NULL,NULL,NULL,NULL,'a:0:{}',0.0000,0.0000,0.0000,NULL,0.0000,0.0000,0.0000,0.0000,NULL,NULL,1000.0000,1000.0000,1000.0000,1000.0000,NULL,NULL),(7,8,'2013-10-30 09:13:34','2013-10-30 09:13:34',167,1,NULL,0,'aculife','Aculife',NULL,NULL,NULL,0,0,0,2.0000,1.0000,1000.0000,1000.0000,NULL,0.0000,0.0000,0.0000,0.0000,0.0000,0.0000,1000.0000,1000.0000,0.0000,2.0000,'simple',NULL,NULL,NULL,NULL,'a:0:{}',0.0000,0.0000,0.0000,NULL,0.0000,0.0000,0.0000,0.0000,NULL,NULL,1000.0000,1000.0000,1000.0000,1000.0000,NULL,NULL),(8,9,'2013-11-06 10:17:44','2013-11-06 10:17:44',167,1,NULL,0,'aculife','Aculife',NULL,NULL,NULL,0,0,0,2.0000,1.0000,1000.0000,1000.0000,NULL,0.0000,0.0000,0.0000,0.0000,0.0000,0.0000,1000.0000,1000.0000,0.0000,2.0000,'simple',NULL,NULL,NULL,NULL,'a:0:{}',0.0000,0.0000,0.0000,NULL,0.0000,0.0000,0.0000,0.0000,NULL,NULL,1000.0000,1000.0000,1000.0000,1000.0000,NULL,NULL),(9,10,'2013-11-13 10:12:54','2013-11-13 10:12:54',167,1,NULL,0,'aculife','Aculife',NULL,NULL,NULL,0,0,0,2.0000,1.0000,1000.0000,1000.0000,NULL,0.0000,0.0000,0.0000,0.0000,0.0000,0.0000,1000.0000,1000.0000,0.0000,2.0000,'simple',NULL,NULL,NULL,NULL,'a:0:{}',0.0000,0.0000,0.0000,NULL,0.0000,0.0000,0.0000,0.0000,NULL,NULL,1000.0000,1000.0000,1000.0000,1000.0000,NULL,NULL),(10,11,'2013-11-20 10:15:46','2013-11-20 10:15:46',167,1,NULL,0,'aculife','Aculife',NULL,NULL,NULL,0,0,0,2.0000,1.0000,1000.0000,1000.0000,NULL,0.0000,0.0000,0.0000,0.0000,0.0000,0.0000,1000.0000,1000.0000,0.0000,2.0000,'simple',NULL,NULL,NULL,NULL,'a:0:{}',0.0000,0.0000,0.0000,NULL,0.0000,0.0000,0.0000,0.0000,NULL,NULL,1000.0000,1000.0000,1000.0000,1000.0000,NULL,NULL),(11,12,'2013-11-21 16:51:34','2013-11-21 16:51:34',167,1,NULL,0,'aculife','Aculife',NULL,NULL,NULL,0,0,0,2.0000,1.0000,1000.0000,1000.0000,NULL,0.0000,0.0000,0.0000,0.0000,0.0000,0.0000,1000.0000,1000.0000,0.0000,2.0000,'simple',NULL,NULL,NULL,NULL,'a:0:{}',0.0000,0.0000,0.0000,NULL,0.0000,0.0000,0.0000,0.0000,NULL,NULL,1000.0000,1000.0000,1000.0000,1000.0000,NULL,NULL),(12,13,'2013-11-27 10:19:20','2013-11-27 10:19:20',167,1,NULL,0,'aculife','Aculife',NULL,NULL,NULL,0,0,0,2.0000,1.0000,1000.0000,1000.0000,NULL,0.0000,0.0000,0.0000,0.0000,0.0000,0.0000,1000.0000,1000.0000,0.0000,2.0000,'simple',NULL,NULL,NULL,NULL,'a:0:{}',0.0000,0.0000,0.0000,NULL,0.0000,0.0000,0.0000,0.0000,NULL,NULL,1000.0000,1000.0000,1000.0000,1000.0000,NULL,NULL),(13,14,'2013-12-04 10:20:46','2013-12-04 10:20:46',167,1,NULL,0,'aculife','Aculife',NULL,NULL,NULL,0,0,0,2.0000,1.0000,1000.0000,1000.0000,NULL,0.0000,0.0000,0.0000,0.0000,0.0000,0.0000,1000.0000,1000.0000,0.0000,2.0000,'simple',NULL,NULL,NULL,NULL,'a:0:{}',0.0000,0.0000,0.0000,NULL,0.0000,0.0000,0.0000,0.0000,NULL,NULL,1000.0000,1000.0000,1000.0000,1000.0000,NULL,NULL),(14,15,'2013-12-11 15:01:33','2013-12-11 15:01:33',167,1,NULL,0,'aculife','Aculife',NULL,NULL,NULL,0,0,0,2.0000,1.0000,1000.0000,1000.0000,NULL,0.0000,0.0000,0.0000,0.0000,0.0000,0.0000,1000.0000,1000.0000,0.0000,2.0000,'simple',NULL,NULL,NULL,NULL,'a:0:{}',0.0000,0.0000,0.0000,NULL,0.0000,0.0000,0.0000,0.0000,NULL,NULL,1000.0000,1000.0000,1000.0000,1000.0000,NULL,NULL),(15,16,'2013-12-18 12:19:23','2013-12-18 12:19:23',167,1,NULL,0,'aculife','Aculife',NULL,NULL,NULL,0,0,0,2.0000,1.0000,1000.0000,1000.0000,NULL,0.0000,0.0000,0.0000,0.0000,0.0000,0.0000,1000.0000,1000.0000,0.0000,2.0000,'simple',NULL,NULL,NULL,NULL,'a:0:{}',0.0000,0.0000,0.0000,NULL,0.0000,0.0000,0.0000,0.0000,NULL,NULL,1000.0000,1000.0000,1000.0000,1000.0000,NULL,NULL),(16,17,'2013-12-25 10:08:28','2013-12-25 10:08:28',167,1,NULL,0,'aculife','Aculife',NULL,NULL,NULL,0,0,0,2.0000,1.0000,1000.0000,1000.0000,NULL,0.0000,0.0000,0.0000,0.0000,0.0000,0.0000,1000.0000,1000.0000,0.0000,2.0000,'simple',NULL,NULL,NULL,NULL,'a:0:{}',0.0000,0.0000,0.0000,NULL,0.0000,0.0000,0.0000,0.0000,NULL,NULL,1000.0000,1000.0000,1000.0000,1000.0000,NULL,NULL),(17,18,'2014-01-01 10:05:30','2014-01-01 10:05:30',167,1,NULL,0,'aculife','Aculife',NULL,NULL,NULL,0,0,0,2.0000,1.0000,1000.0000,1000.0000,NULL,0.0000,0.0000,0.0000,0.0000,0.0000,0.0000,1000.0000,1000.0000,0.0000,2.0000,'simple',NULL,NULL,NULL,NULL,'a:0:{}',0.0000,0.0000,0.0000,NULL,0.0000,0.0000,0.0000,0.0000,NULL,NULL,1000.0000,1000.0000,1000.0000,1000.0000,NULL,NULL),(18,19,'2014-01-08 10:22:03','2014-01-08 10:22:03',167,1,NULL,0,'aculife','Aculife',NULL,NULL,NULL,0,0,0,2.0000,1.0000,1000.0000,1000.0000,NULL,0.0000,0.0000,0.0000,0.0000,0.0000,0.0000,1000.0000,1000.0000,0.0000,2.0000,'simple',NULL,NULL,NULL,NULL,'a:0:{}',0.0000,0.0000,0.0000,NULL,0.0000,0.0000,0.0000,0.0000,NULL,NULL,1000.0000,1000.0000,1000.0000,1000.0000,NULL,NULL),(19,20,'2014-01-15 10:07:47','2014-01-15 10:07:47',167,1,NULL,0,'aculife','Aculife',NULL,NULL,NULL,0,0,0,2.0000,1.0000,1000.0000,1000.0000,NULL,0.0000,0.0000,0.0000,0.0000,0.0000,0.0000,1000.0000,1000.0000,0.0000,2.0000,'simple',NULL,NULL,NULL,NULL,'a:0:{}',0.0000,0.0000,0.0000,NULL,0.0000,0.0000,0.0000,0.0000,NULL,NULL,1000.0000,1000.0000,1000.0000,1000.0000,NULL,NULL),(20,21,'2014-01-22 10:06:48','2014-01-22 10:06:48',167,1,NULL,0,'aculife','Aculife',NULL,NULL,NULL,0,0,0,2.0000,1.0000,1000.0000,1000.0000,NULL,0.0000,0.0000,0.0000,0.0000,0.0000,0.0000,1000.0000,1000.0000,0.0000,2.0000,'simple',NULL,NULL,NULL,NULL,'a:0:{}',0.0000,0.0000,0.0000,NULL,0.0000,0.0000,0.0000,0.0000,NULL,NULL,1000.0000,1000.0000,1000.0000,1000.0000,NULL,NULL),(21,22,'2014-01-29 10:14:38','2014-01-29 10:14:38',167,1,NULL,0,'aculife','Aculife',NULL,NULL,NULL,0,0,0,2.0000,1.0000,1000.0000,1000.0000,NULL,0.0000,0.0000,0.0000,0.0000,0.0000,0.0000,1000.0000,1000.0000,0.0000,2.0000,'simple',NULL,NULL,NULL,NULL,'a:0:{}',0.0000,0.0000,0.0000,NULL,0.0000,0.0000,0.0000,0.0000,NULL,NULL,1000.0000,1000.0000,1000.0000,1000.0000,NULL,NULL),(22,23,'2014-02-05 10:25:21','2014-02-05 10:25:21',167,1,NULL,0,'aculife','Aculife',NULL,NULL,NULL,0,0,0,2.0000,1.0000,1000.0000,1000.0000,NULL,0.0000,0.0000,0.0000,0.0000,0.0000,0.0000,1000.0000,1000.0000,0.0000,2.0000,'simple',NULL,NULL,NULL,NULL,'a:0:{}',0.0000,0.0000,0.0000,NULL,0.0000,0.0000,0.0000,0.0000,NULL,NULL,1000.0000,1000.0000,1000.0000,1000.0000,NULL,NULL),(23,24,'2014-02-12 10:50:05','2014-02-12 10:50:05',167,1,NULL,0,'aculife','Aculife',NULL,NULL,NULL,0,0,0,2.0000,1.0000,1000.0000,1000.0000,NULL,0.0000,0.0000,0.0000,0.0000,0.0000,0.0000,1000.0000,1000.0000,0.0000,2.0000,'simple',NULL,NULL,NULL,NULL,'a:0:{}',0.0000,0.0000,0.0000,NULL,0.0000,0.0000,0.0000,0.0000,NULL,NULL,1000.0000,1000.0000,1000.0000,1000.0000,NULL,NULL),(24,25,'2014-02-12 12:54:39','2014-02-12 12:54:39',167,1,NULL,0,'aculife','Aculife',NULL,NULL,NULL,0,0,0,2.0000,1.0000,1000.0000,1000.0000,NULL,0.0000,0.0000,0.0000,0.0000,0.0000,0.0000,1000.0000,1000.0000,0.0000,2.0000,'simple',NULL,NULL,NULL,NULL,'a:0:{}',0.0000,0.0000,0.0000,NULL,0.0000,0.0000,0.0000,0.0000,NULL,NULL,1000.0000,1000.0000,1000.0000,1000.0000,NULL,NULL),(25,26,'2014-02-19 10:27:06','2014-02-19 10:27:06',167,1,NULL,0,'aculife','Aculife',NULL,NULL,NULL,0,0,0,2.0000,1.0000,1000.0000,1000.0000,NULL,0.0000,0.0000,0.0000,0.0000,0.0000,0.0000,1000.0000,1000.0000,0.0000,2.0000,'simple',NULL,NULL,NULL,NULL,'a:0:{}',0.0000,0.0000,0.0000,NULL,0.0000,0.0000,0.0000,0.0000,NULL,NULL,1000.0000,1000.0000,1000.0000,1000.0000,NULL,NULL),(26,27,'2014-02-26 10:21:01','2014-02-26 10:21:01',167,1,NULL,0,'aculife','Aculife',NULL,NULL,NULL,0,0,0,2.0000,1.0000,1000.0000,1000.0000,NULL,0.0000,0.0000,0.0000,0.0000,0.0000,0.0000,1000.0000,1000.0000,0.0000,2.0000,'simple',NULL,NULL,NULL,NULL,'a:0:{}',0.0000,0.0000,0.0000,NULL,0.0000,0.0000,0.0000,0.0000,NULL,NULL,1000.0000,1000.0000,1000.0000,1000.0000,NULL,NULL),(27,28,'2014-03-05 10:15:21','2014-03-05 10:15:21',167,1,NULL,0,'aculife','Aculife',NULL,NULL,NULL,0,0,0,2.0000,1.0000,1000.0000,1000.0000,NULL,0.0000,0.0000,0.0000,0.0000,0.0000,0.0000,1000.0000,1000.0000,0.0000,2.0000,'simple',NULL,NULL,NULL,NULL,'a:0:{}',0.0000,0.0000,0.0000,NULL,0.0000,0.0000,0.0000,0.0000,NULL,NULL,1000.0000,1000.0000,1000.0000,1000.0000,NULL,NULL),(28,29,'2014-03-12 11:40:50','2014-03-12 11:40:50',167,1,NULL,0,'aculife','Aculife',NULL,NULL,NULL,0,0,0,2.0000,1.0000,1000.0000,1000.0000,NULL,0.0000,0.0000,0.0000,0.0000,0.0000,0.0000,1000.0000,1000.0000,0.0000,2.0000,'simple',NULL,NULL,NULL,NULL,'a:0:{}',0.0000,0.0000,0.0000,NULL,0.0000,0.0000,0.0000,0.0000,NULL,NULL,1000.0000,1000.0000,1000.0000,1000.0000,NULL,NULL),(29,30,'2014-03-19 09:13:19','2014-03-19 09:13:19',167,1,NULL,0,'aculife','Aculife',NULL,NULL,NULL,0,0,0,2.0000,1.0000,1000.0000,1000.0000,NULL,0.0000,0.0000,0.0000,0.0000,0.0000,0.0000,1000.0000,1000.0000,0.0000,2.0000,'simple',NULL,NULL,NULL,NULL,'a:0:{}',0.0000,0.0000,0.0000,NULL,0.0000,0.0000,0.0000,0.0000,NULL,NULL,1000.0000,1000.0000,1000.0000,1000.0000,NULL,NULL),(30,31,'2014-03-24 22:22:18','2014-03-24 22:22:18',167,1,NULL,0,'aculife','Aculife',NULL,NULL,NULL,0,0,0,2.0000,1.0000,1000.0000,1000.0000,NULL,0.0000,0.0000,0.0000,0.0000,0.0000,0.0000,1000.0000,1000.0000,0.0000,2.0000,'simple',NULL,NULL,NULL,NULL,'a:0:{}',0.0000,0.0000,0.0000,NULL,0.0000,0.0000,0.0000,0.0000,NULL,NULL,1000.0000,1000.0000,1000.0000,1000.0000,NULL,NULL),(31,32,'2014-03-26 21:36:25','2014-03-26 21:36:25',167,1,NULL,0,'aculife','Aculife',NULL,NULL,NULL,0,0,0,2.0000,1.0000,1000.0000,1000.0000,NULL,0.0000,0.0000,0.0000,0.0000,0.0000,0.0000,1000.0000,1000.0000,0.0000,2.0000,'simple',NULL,NULL,NULL,NULL,'a:0:{}',0.0000,0.0000,0.0000,NULL,0.0000,0.0000,0.0000,0.0000,NULL,NULL,1000.0000,1000.0000,1000.0000,1000.0000,NULL,NULL),(32,33,'2014-04-02 09:15:10','2014-04-02 09:15:10',167,1,NULL,0,'aculife','Aculife',NULL,NULL,NULL,0,0,0,2.0000,1.0000,1000.0000,1000.0000,NULL,0.0000,0.0000,0.0000,0.0000,0.0000,0.0000,1000.0000,1000.0000,0.0000,2.0000,'simple',NULL,NULL,NULL,NULL,'a:0:{}',0.0000,0.0000,0.0000,NULL,0.0000,0.0000,0.0000,0.0000,NULL,NULL,1000.0000,1000.0000,1000.0000,1000.0000,NULL,NULL),(33,34,'2014-04-09 09:24:31','2014-04-09 09:24:31',167,1,NULL,0,'aculife','Aculife',NULL,NULL,NULL,0,0,0,2.0000,1.0000,1000.0000,1000.0000,NULL,0.0000,0.0000,0.0000,0.0000,0.0000,0.0000,1000.0000,1000.0000,0.0000,2.0000,'simple',NULL,NULL,NULL,NULL,'a:0:{}',0.0000,0.0000,0.0000,NULL,0.0000,0.0000,0.0000,0.0000,NULL,NULL,1000.0000,1000.0000,1000.0000,1000.0000,NULL,NULL),(34,35,'2014-04-16 09:13:40','2014-04-16 09:13:40',167,1,NULL,0,'aculife','Aculife',NULL,NULL,NULL,0,0,0,2.0000,1.0000,1000.0000,1000.0000,NULL,0.0000,0.0000,0.0000,0.0000,0.0000,0.0000,1000.0000,1000.0000,0.0000,2.0000,'simple',NULL,NULL,NULL,NULL,'a:0:{}',0.0000,0.0000,0.0000,NULL,0.0000,0.0000,0.0000,0.0000,NULL,NULL,1000.0000,1000.0000,1000.0000,1000.0000,NULL,NULL),(35,36,'2014-04-23 09:09:10','2014-04-23 09:09:10',167,1,NULL,0,'aculife','Aculife',NULL,NULL,NULL,0,0,0,2.0000,1.0000,1000.0000,1000.0000,NULL,0.0000,0.0000,0.0000,0.0000,0.0000,0.0000,1000.0000,1000.0000,0.0000,2.0000,'simple',NULL,NULL,NULL,NULL,'a:0:{}',0.0000,0.0000,0.0000,NULL,0.0000,0.0000,0.0000,0.0000,NULL,NULL,1000.0000,1000.0000,1000.0000,1000.0000,NULL,NULL),(36,37,'2014-04-30 09:25:17','2014-04-30 09:25:17',167,1,NULL,0,'aculife','Aculife',NULL,NULL,NULL,0,0,0,2.0000,1.0000,1000.0000,1000.0000,NULL,0.0000,0.0000,0.0000,0.0000,0.0000,0.0000,1000.0000,1000.0000,0.0000,2.0000,'simple',NULL,NULL,NULL,NULL,'a:0:{}',0.0000,0.0000,0.0000,NULL,0.0000,0.0000,0.0000,0.0000,NULL,NULL,1000.0000,1000.0000,1000.0000,1000.0000,NULL,NULL),(37,38,'2014-05-07 09:24:45','2014-05-07 09:24:45',167,1,NULL,0,'aculife','Aculife',NULL,NULL,NULL,0,0,0,2.0000,1.0000,1000.0000,1000.0000,NULL,0.0000,0.0000,0.0000,0.0000,0.0000,0.0000,1000.0000,1000.0000,0.0000,2.0000,'simple',NULL,NULL,NULL,NULL,'a:0:{}',0.0000,0.0000,0.0000,NULL,0.0000,0.0000,0.0000,0.0000,NULL,NULL,1000.0000,1000.0000,1000.0000,1000.0000,NULL,NULL),(38,39,'2014-05-14 09:23:08','2014-05-14 09:23:08',167,1,NULL,0,'aculife','Aculife',NULL,NULL,NULL,0,0,0,2.0000,1.0000,1000.0000,1000.0000,NULL,0.0000,0.0000,0.0000,0.0000,0.0000,0.0000,1000.0000,1000.0000,0.0000,2.0000,'simple',NULL,NULL,NULL,NULL,'a:0:{}',0.0000,0.0000,0.0000,NULL,0.0000,0.0000,0.0000,0.0000,NULL,NULL,1000.0000,1000.0000,1000.0000,1000.0000,NULL,NULL),(39,40,'2014-05-21 09:12:06','2014-05-21 09:12:06',167,1,NULL,0,'aculife','Aculife',NULL,NULL,NULL,0,0,0,2.0000,1.0000,1000.0000,1000.0000,NULL,0.0000,0.0000,0.0000,0.0000,0.0000,0.0000,1000.0000,1000.0000,0.0000,2.0000,'simple',NULL,NULL,NULL,NULL,'a:0:{}',0.0000,0.0000,0.0000,NULL,0.0000,0.0000,0.0000,0.0000,NULL,NULL,1000.0000,1000.0000,1000.0000,1000.0000,NULL,NULL),(40,41,'2014-05-28 09:28:36','2014-05-28 09:28:36',167,1,NULL,0,'aculife','Aculife',NULL,NULL,NULL,0,0,0,2.0000,1.0000,1000.0000,1000.0000,NULL,0.0000,0.0000,0.0000,0.0000,0.0000,0.0000,1000.0000,1000.0000,0.0000,2.0000,'simple',NULL,NULL,NULL,NULL,'a:0:{}',0.0000,0.0000,0.0000,NULL,0.0000,0.0000,0.0000,0.0000,NULL,NULL,1000.0000,1000.0000,1000.0000,1000.0000,NULL,NULL),(41,42,'2014-06-04 09:25:44','2014-06-04 09:25:44',167,1,NULL,0,'aculife','Aculife',NULL,NULL,NULL,0,0,0,2.0000,1.0000,1000.0000,1000.0000,NULL,0.0000,0.0000,0.0000,0.0000,0.0000,0.0000,1000.0000,1000.0000,0.0000,2.0000,'simple',NULL,NULL,NULL,NULL,'a:0:{}',0.0000,0.0000,0.0000,NULL,0.0000,0.0000,0.0000,0.0000,NULL,NULL,1000.0000,1000.0000,1000.0000,1000.0000,NULL,NULL),(42,43,'2014-06-11 09:19:42','2014-06-11 09:19:42',167,1,NULL,0,'aculife','Aculife',NULL,NULL,NULL,0,0,0,2.0000,1.0000,1000.0000,1000.0000,NULL,0.0000,0.0000,0.0000,0.0000,0.0000,0.0000,1000.0000,1000.0000,0.0000,2.0000,'simple',NULL,NULL,NULL,NULL,'a:0:{}',0.0000,0.0000,0.0000,NULL,0.0000,0.0000,0.0000,0.0000,NULL,NULL,1000.0000,1000.0000,1000.0000,1000.0000,NULL,NULL),(43,44,'2014-06-18 09:13:39','2014-06-18 09:13:39',167,1,NULL,0,'aculife','Aculife',NULL,NULL,NULL,0,0,0,2.0000,1.0000,1000.0000,1000.0000,NULL,0.0000,0.0000,0.0000,0.0000,0.0000,0.0000,1000.0000,1000.0000,0.0000,2.0000,'simple',NULL,NULL,NULL,NULL,'a:0:{}',0.0000,0.0000,0.0000,NULL,0.0000,0.0000,0.0000,0.0000,NULL,NULL,1000.0000,1000.0000,1000.0000,1000.0000,NULL,NULL),(44,45,'2014-06-23 01:25:34','2014-06-23 01:25:34',167,1,NULL,0,'aculife','Aculife',NULL,NULL,NULL,0,0,0,2.0000,1.0000,1000.0000,1000.0000,NULL,0.0000,0.0000,0.0000,0.0000,0.0000,0.0000,1000.0000,1000.0000,0.0000,2.0000,'simple',NULL,NULL,NULL,NULL,'a:0:{}',0.0000,0.0000,0.0000,NULL,0.0000,0.0000,0.0000,0.0000,NULL,NULL,1000.0000,1000.0000,1000.0000,1000.0000,NULL,NULL),(45,46,'2014-06-25 09:20:25','2014-06-25 09:20:25',167,1,NULL,0,'aculife','Aculife',NULL,NULL,NULL,0,0,0,2.0000,1.0000,1000.0000,1000.0000,NULL,0.0000,0.0000,0.0000,0.0000,0.0000,0.0000,1000.0000,1000.0000,0.0000,2.0000,'simple',NULL,NULL,NULL,NULL,'a:0:{}',0.0000,0.0000,0.0000,NULL,0.0000,0.0000,0.0000,0.0000,NULL,NULL,1000.0000,1000.0000,1000.0000,1000.0000,NULL,NULL),(46,47,'2014-07-02 09:18:55','2014-07-02 09:18:55',167,1,NULL,0,'aculife','Aculife',NULL,NULL,NULL,0,0,0,2.0000,1.0000,1000.0000,1000.0000,NULL,0.0000,0.0000,0.0000,0.0000,0.0000,0.0000,1000.0000,1000.0000,0.0000,2.0000,'simple',NULL,NULL,NULL,NULL,'a:0:{}',0.0000,0.0000,0.0000,NULL,0.0000,0.0000,0.0000,0.0000,NULL,NULL,1000.0000,1000.0000,1000.0000,1000.0000,NULL,NULL),(47,48,'2014-07-09 09:16:07','2014-07-09 09:16:07',167,1,NULL,0,'aculife','Aculife',NULL,NULL,NULL,0,0,0,2.0000,1.0000,1000.0000,1000.0000,NULL,0.0000,0.0000,0.0000,0.0000,0.0000,0.0000,1000.0000,1000.0000,0.0000,2.0000,'simple',NULL,NULL,NULL,NULL,'a:0:{}',0.0000,0.0000,0.0000,NULL,0.0000,0.0000,0.0000,0.0000,NULL,NULL,1000.0000,1000.0000,1000.0000,1000.0000,NULL,NULL),(48,49,'2014-07-16 09:33:27','2014-07-16 09:33:27',167,1,NULL,0,'aculife','Aculife',NULL,NULL,NULL,0,0,0,2.0000,1.0000,1000.0000,1000.0000,NULL,0.0000,0.0000,0.0000,0.0000,0.0000,0.0000,1000.0000,1000.0000,0.0000,2.0000,'simple',NULL,NULL,NULL,NULL,'a:0:{}',0.0000,0.0000,0.0000,NULL,0.0000,0.0000,0.0000,0.0000,NULL,NULL,1000.0000,1000.0000,1000.0000,1000.0000,NULL,NULL),(49,50,'2014-07-23 09:08:07','2014-07-23 09:08:07',167,1,NULL,0,'aculife','Aculife',NULL,NULL,NULL,0,0,0,2.0000,1.0000,1000.0000,1000.0000,NULL,0.0000,0.0000,0.0000,0.0000,0.0000,0.0000,1000.0000,1000.0000,0.0000,2.0000,'simple',NULL,NULL,NULL,NULL,'a:0:{}',0.0000,0.0000,0.0000,NULL,0.0000,0.0000,0.0000,0.0000,NULL,NULL,1000.0000,1000.0000,1000.0000,1000.0000,NULL,NULL),(50,51,'2014-07-30 09:18:31','2014-07-30 09:18:31',167,1,NULL,0,'aculife','Aculife',NULL,NULL,NULL,0,0,0,2.0000,1.0000,1000.0000,1000.0000,NULL,0.0000,0.0000,0.0000,0.0000,0.0000,0.0000,1000.0000,1000.0000,0.0000,2.0000,'simple',NULL,NULL,NULL,NULL,'a:0:{}',0.0000,0.0000,0.0000,NULL,0.0000,0.0000,0.0000,0.0000,NULL,NULL,1000.0000,1000.0000,1000.0000,1000.0000,NULL,NULL),(51,52,'2014-08-06 09:24:26','2014-08-06 09:24:26',167,1,NULL,0,'aculife','Aculife',NULL,NULL,NULL,0,0,0,2.0000,1.0000,1000.0000,1000.0000,NULL,0.0000,0.0000,0.0000,0.0000,0.0000,0.0000,1000.0000,1000.0000,0.0000,2.0000,'simple',NULL,NULL,NULL,NULL,'a:0:{}',0.0000,0.0000,0.0000,NULL,0.0000,0.0000,0.0000,0.0000,NULL,NULL,1000.0000,1000.0000,1000.0000,1000.0000,NULL,NULL),(52,53,'2014-08-13 09:12:19','2014-08-13 09:12:19',167,1,NULL,0,'aculife','Aculife',NULL,NULL,NULL,0,0,0,2.0000,1.0000,1000.0000,1000.0000,NULL,0.0000,0.0000,0.0000,0.0000,0.0000,0.0000,1000.0000,1000.0000,0.0000,2.0000,'simple',NULL,NULL,NULL,NULL,'a:0:{}',0.0000,0.0000,0.0000,NULL,0.0000,0.0000,0.0000,0.0000,NULL,NULL,1000.0000,1000.0000,1000.0000,1000.0000,NULL,NULL),(53,54,'2014-08-20 09:20:10','2014-08-20 09:20:10',167,1,NULL,0,'aculife','Aculife',NULL,NULL,NULL,0,0,0,2.0000,1.0000,1000.0000,1000.0000,NULL,0.0000,0.0000,0.0000,0.0000,0.0000,0.0000,1000.0000,1000.0000,0.0000,2.0000,'simple',NULL,NULL,NULL,NULL,'a:0:{}',0.0000,0.0000,0.0000,NULL,0.0000,0.0000,0.0000,0.0000,NULL,NULL,1000.0000,1000.0000,1000.0000,1000.0000,NULL,NULL),(54,55,'2014-08-27 11:57:34','2014-08-27 11:57:34',167,1,NULL,0,'aculife','Aculife',NULL,NULL,NULL,0,0,0,2.0000,1.0000,1000.0000,1000.0000,NULL,0.0000,0.0000,0.0000,0.0000,0.0000,0.0000,1000.0000,1000.0000,0.0000,2.0000,'simple',NULL,NULL,NULL,NULL,'a:0:{}',0.0000,0.0000,0.0000,NULL,0.0000,0.0000,0.0000,0.0000,NULL,NULL,1000.0000,1000.0000,1000.0000,1000.0000,NULL,NULL),(55,56,'2014-09-03 09:13:39','2014-09-03 09:13:39',167,1,NULL,0,'aculife','Aculife',NULL,NULL,NULL,0,0,0,2.0000,1.0000,1000.0000,1000.0000,NULL,0.0000,0.0000,0.0000,0.0000,0.0000,0.0000,1000.0000,1000.0000,0.0000,2.0000,'simple',NULL,NULL,NULL,NULL,'a:0:{}',0.0000,0.0000,0.0000,NULL,0.0000,0.0000,0.0000,0.0000,NULL,NULL,1000.0000,1000.0000,1000.0000,1000.0000,NULL,NULL),(56,57,'2014-09-10 09:31:16','2014-09-10 09:31:16',167,1,NULL,0,'aculife','Aculife',NULL,NULL,NULL,0,0,0,2.0000,1.0000,1000.0000,1000.0000,NULL,0.0000,0.0000,0.0000,0.0000,0.0000,0.0000,1000.0000,1000.0000,0.0000,2.0000,'simple',NULL,NULL,NULL,NULL,'a:0:{}',0.0000,0.0000,0.0000,NULL,0.0000,0.0000,0.0000,0.0000,NULL,NULL,1000.0000,1000.0000,1000.0000,1000.0000,NULL,NULL),(57,58,'2014-09-12 18:36:49','2014-09-12 18:36:49',167,1,NULL,0,'aculife','Aculife',NULL,NULL,NULL,0,0,0,2.0000,1.0000,1000.0000,1000.0000,NULL,0.0000,0.0000,0.0000,0.0000,0.0000,0.0000,1000.0000,1000.0000,0.0000,2.0000,'simple',NULL,NULL,NULL,NULL,'a:0:{}',0.0000,0.0000,0.0000,NULL,0.0000,0.0000,0.0000,0.0000,NULL,NULL,1000.0000,1000.0000,1000.0000,1000.0000,NULL,NULL),(58,59,'2014-09-14 02:38:54','2014-09-14 02:38:54',167,1,NULL,0,'aculife','Aculife',NULL,NULL,NULL,0,0,0,2.0000,1.0000,1000.0000,1000.0000,NULL,0.0000,0.0000,0.0000,0.0000,0.0000,0.0000,1000.0000,1000.0000,0.0000,2.0000,'simple',NULL,NULL,NULL,NULL,'a:0:{}',0.0000,0.0000,0.0000,NULL,0.0000,0.0000,0.0000,0.0000,NULL,NULL,1000.0000,1000.0000,1000.0000,1000.0000,NULL,NULL),(59,60,'2014-09-17 09:20:19','2014-09-17 09:20:19',167,1,NULL,0,'aculife','Aculife',NULL,NULL,NULL,0,0,0,2.0000,1.0000,1000.0000,1000.0000,NULL,0.0000,0.0000,0.0000,0.0000,0.0000,0.0000,1000.0000,1000.0000,0.0000,2.0000,'simple',NULL,NULL,NULL,NULL,'a:0:{}',0.0000,0.0000,0.0000,NULL,0.0000,0.0000,0.0000,0.0000,NULL,NULL,1000.0000,1000.0000,1000.0000,1000.0000,NULL,NULL),(60,61,'2014-09-24 09:36:03','2014-09-24 09:36:03',167,1,NULL,0,'aculife','Aculife',NULL,NULL,NULL,0,0,0,2.0000,1.0000,1000.0000,1000.0000,NULL,0.0000,0.0000,0.0000,0.0000,0.0000,0.0000,1000.0000,1000.0000,0.0000,2.0000,'simple',NULL,NULL,NULL,NULL,'a:0:{}',0.0000,0.0000,0.0000,NULL,0.0000,0.0000,0.0000,0.0000,NULL,NULL,1000.0000,1000.0000,1000.0000,1000.0000,NULL,NULL),(61,62,'2014-09-25 11:08:32','2014-09-25 11:08:32',167,1,NULL,0,'aculife','Aculife',NULL,NULL,NULL,0,0,0,2.0000,1.0000,1000.0000,1000.0000,NULL,0.0000,0.0000,0.0000,0.0000,0.0000,0.0000,1000.0000,1000.0000,0.0000,2.0000,'simple',NULL,NULL,NULL,NULL,'a:0:{}',0.0000,0.0000,0.0000,NULL,0.0000,0.0000,0.0000,0.0000,NULL,NULL,1000.0000,1000.0000,1000.0000,1000.0000,NULL,NULL),(62,63,'2014-09-28 04:47:59','2014-09-28 04:47:59',167,1,NULL,0,'aculife','Aculife',NULL,NULL,NULL,0,0,0,2.0000,1.0000,1000.0000,1000.0000,NULL,0.0000,0.0000,0.0000,0.0000,0.0000,0.0000,1000.0000,1000.0000,0.0000,2.0000,'simple',NULL,NULL,NULL,NULL,'a:0:{}',0.0000,0.0000,0.0000,NULL,0.0000,0.0000,0.0000,0.0000,NULL,NULL,1000.0000,1000.0000,1000.0000,1000.0000,NULL,NULL),(63,64,'2014-10-01 09:36:37','2014-10-01 09:36:37',167,1,NULL,0,'aculife','Aculife',NULL,NULL,NULL,0,0,0,2.0000,1.0000,1000.0000,1000.0000,NULL,0.0000,0.0000,0.0000,0.0000,0.0000,0.0000,1000.0000,1000.0000,0.0000,2.0000,'simple',NULL,NULL,NULL,NULL,'a:0:{}',0.0000,0.0000,0.0000,NULL,0.0000,0.0000,0.0000,0.0000,NULL,NULL,1000.0000,1000.0000,1000.0000,1000.0000,NULL,NULL),(64,65,'2014-10-02 07:52:00','2014-10-02 07:52:00',167,1,NULL,0,'aculife','Aculife',NULL,NULL,NULL,0,0,0,2.0000,1.0000,1000.0000,1000.0000,NULL,0.0000,0.0000,0.0000,0.0000,0.0000,0.0000,1000.0000,1000.0000,0.0000,2.0000,'simple',NULL,NULL,NULL,NULL,'a:0:{}',0.0000,0.0000,0.0000,NULL,0.0000,0.0000,0.0000,0.0000,NULL,NULL,1000.0000,1000.0000,1000.0000,1000.0000,NULL,NULL),(65,66,'2014-10-02 07:52:11','2014-10-02 07:52:11',167,1,NULL,0,'aculife','Aculife',NULL,NULL,NULL,0,0,0,2.0000,1.0000,1000.0000,1000.0000,NULL,0.0000,0.0000,0.0000,0.0000,0.0000,0.0000,1000.0000,1000.0000,0.0000,2.0000,'simple',NULL,NULL,NULL,NULL,'a:0:{}',0.0000,0.0000,0.0000,NULL,0.0000,0.0000,0.0000,0.0000,NULL,NULL,1000.0000,1000.0000,1000.0000,1000.0000,NULL,NULL),(66,67,'2014-10-02 11:45:51','2014-10-02 11:45:51',167,1,NULL,0,'aculife','Aculife',NULL,NULL,NULL,0,0,0,2.0000,1.0000,1000.0000,1000.0000,NULL,0.0000,0.0000,0.0000,0.0000,0.0000,0.0000,1000.0000,1000.0000,0.0000,2.0000,'simple',NULL,NULL,NULL,NULL,'a:0:{}',0.0000,0.0000,0.0000,NULL,0.0000,0.0000,0.0000,0.0000,NULL,NULL,1000.0000,1000.0000,1000.0000,1000.0000,NULL,NULL),(67,68,'2014-10-03 05:12:03','2014-10-03 05:12:03',167,1,NULL,0,'aculife','Aculife',NULL,NULL,NULL,0,0,0,2.0000,1.0000,1000.0000,1000.0000,NULL,0.0000,0.0000,0.0000,0.0000,0.0000,0.0000,1000.0000,1000.0000,0.0000,2.0000,'simple',NULL,NULL,NULL,NULL,'a:0:{}',0.0000,0.0000,0.0000,NULL,0.0000,0.0000,0.0000,0.0000,NULL,NULL,1000.0000,1000.0000,1000.0000,1000.0000,NULL,NULL),(68,69,'2014-10-08 09:19:27','2014-10-08 09:19:27',167,1,NULL,0,'aculife','Aculife',NULL,NULL,NULL,0,0,0,2.0000,1.0000,1000.0000,1000.0000,NULL,0.0000,0.0000,0.0000,0.0000,0.0000,0.0000,1000.0000,1000.0000,0.0000,2.0000,'simple',NULL,NULL,NULL,NULL,'a:0:{}',0.0000,0.0000,0.0000,NULL,0.0000,0.0000,0.0000,0.0000,NULL,NULL,1000.0000,1000.0000,1000.0000,1000.0000,NULL,NULL),(69,70,'2014-10-15 09:26:51','2014-10-15 09:26:51',167,1,NULL,0,'aculife','Aculife',NULL,NULL,NULL,0,0,0,2.0000,1.0000,1000.0000,1000.0000,NULL,0.0000,0.0000,0.0000,0.0000,0.0000,0.0000,1000.0000,1000.0000,0.0000,2.0000,'simple',NULL,NULL,NULL,NULL,'a:0:{}',0.0000,0.0000,0.0000,NULL,0.0000,0.0000,0.0000,0.0000,NULL,NULL,1000.0000,1000.0000,1000.0000,1000.0000,NULL,NULL),(70,71,'2014-10-18 15:38:35','2014-10-18 15:38:35',167,1,NULL,0,'aculife','Aculife',NULL,NULL,NULL,0,0,0,2.0000,1.0000,1000.0000,1000.0000,NULL,0.0000,0.0000,0.0000,0.0000,0.0000,0.0000,1000.0000,1000.0000,0.0000,2.0000,'simple',NULL,NULL,NULL,NULL,'a:0:{}',0.0000,0.0000,0.0000,NULL,0.0000,0.0000,0.0000,0.0000,NULL,NULL,1000.0000,1000.0000,1000.0000,1000.0000,NULL,NULL),(71,72,'2014-10-18 15:44:52','2014-10-18 15:44:52',167,1,NULL,0,'aculife','Aculife',NULL,NULL,NULL,0,0,0,2.0000,1.0000,1000.0000,1000.0000,NULL,0.0000,0.0000,0.0000,0.0000,0.0000,0.0000,1000.0000,1000.0000,0.0000,2.0000,'simple',NULL,NULL,NULL,NULL,'a:0:{}',0.0000,0.0000,0.0000,NULL,0.0000,0.0000,0.0000,0.0000,NULL,NULL,1000.0000,1000.0000,1000.0000,1000.0000,NULL,NULL),(72,73,'2014-10-19 09:53:35','2014-10-19 09:53:35',167,1,NULL,0,'aculife','Aculife',NULL,NULL,NULL,0,0,0,2.0000,1.0000,1000.0000,1000.0000,NULL,0.0000,0.0000,0.0000,0.0000,0.0000,0.0000,1000.0000,1000.0000,0.0000,2.0000,'simple',NULL,NULL,NULL,NULL,'a:0:{}',0.0000,0.0000,0.0000,NULL,0.0000,0.0000,0.0000,0.0000,NULL,NULL,1000.0000,1000.0000,1000.0000,1000.0000,NULL,NULL),(73,74,'2014-10-19 10:28:07','2014-10-19 10:28:07',167,1,NULL,0,'aculife','Aculife',NULL,NULL,NULL,0,0,0,2.0000,1.0000,1000.0000,1000.0000,NULL,0.0000,0.0000,0.0000,0.0000,0.0000,0.0000,1000.0000,1000.0000,0.0000,2.0000,'simple',NULL,NULL,NULL,NULL,'a:0:{}',0.0000,0.0000,0.0000,NULL,0.0000,0.0000,0.0000,0.0000,NULL,NULL,1000.0000,1000.0000,1000.0000,1000.0000,NULL,NULL),(74,75,'2014-10-19 12:05:18','2014-10-19 12:05:18',167,1,NULL,0,'aculife','Aculife',NULL,NULL,NULL,0,0,0,2.0000,1.0000,1000.0000,1000.0000,NULL,0.0000,0.0000,0.0000,0.0000,0.0000,0.0000,1000.0000,1000.0000,0.0000,2.0000,'simple',NULL,NULL,NULL,NULL,'a:0:{}',0.0000,0.0000,0.0000,NULL,0.0000,0.0000,0.0000,0.0000,NULL,NULL,1000.0000,1000.0000,1000.0000,1000.0000,NULL,NULL),(75,76,'2014-10-22 09:10:21','2014-10-22 09:10:21',167,1,NULL,0,'aculife','Aculife',NULL,NULL,NULL,0,0,0,2.0000,1.0000,1000.0000,1000.0000,NULL,0.0000,0.0000,0.0000,0.0000,0.0000,0.0000,1000.0000,1000.0000,0.0000,2.0000,'simple',NULL,NULL,NULL,NULL,'a:0:{}',0.0000,0.0000,0.0000,NULL,0.0000,0.0000,0.0000,0.0000,NULL,NULL,1000.0000,1000.0000,1000.0000,1000.0000,NULL,NULL),(76,77,'2014-10-29 09:18:31','2014-10-29 09:18:31',167,1,NULL,0,'aculife','Aculife',NULL,NULL,NULL,0,0,0,2.0000,1.0000,1000.0000,1000.0000,NULL,0.0000,0.0000,0.0000,0.0000,0.0000,0.0000,1000.0000,1000.0000,0.0000,2.0000,'simple',NULL,NULL,NULL,NULL,'a:0:{}',0.0000,0.0000,0.0000,NULL,0.0000,0.0000,0.0000,0.0000,NULL,NULL,1000.0000,1000.0000,1000.0000,1000.0000,NULL,NULL),(77,78,'2014-11-05 10:21:36','2014-11-05 10:21:36',167,1,NULL,0,'aculife','Aculife',NULL,NULL,NULL,0,0,0,2.0000,1.0000,1000.0000,1000.0000,NULL,0.0000,0.0000,0.0000,0.0000,0.0000,0.0000,1000.0000,1000.0000,0.0000,2.0000,'simple',NULL,NULL,NULL,NULL,'a:0:{}',0.0000,0.0000,0.0000,NULL,0.0000,0.0000,0.0000,0.0000,NULL,NULL,1000.0000,1000.0000,1000.0000,1000.0000,NULL,NULL),(78,79,'2014-11-12 10:13:57','2014-11-12 10:13:57',167,1,NULL,0,'aculife','Aculife',NULL,NULL,NULL,0,0,0,2.0000,1.0000,1000.0000,1000.0000,NULL,0.0000,0.0000,0.0000,0.0000,0.0000,0.0000,1000.0000,1000.0000,0.0000,2.0000,'simple',NULL,NULL,NULL,NULL,'a:0:{}',0.0000,0.0000,0.0000,NULL,0.0000,0.0000,0.0000,0.0000,NULL,NULL,1000.0000,1000.0000,1000.0000,1000.0000,NULL,NULL),(79,80,'2014-11-19 10:23:43','2014-11-19 10:23:43',167,1,NULL,0,'aculife','Aculife',NULL,NULL,NULL,0,0,0,2.0000,1.0000,1000.0000,1000.0000,NULL,0.0000,0.0000,0.0000,0.0000,0.0000,0.0000,1000.0000,1000.0000,0.0000,2.0000,'simple',NULL,NULL,NULL,NULL,'a:0:{}',0.0000,0.0000,0.0000,NULL,0.0000,0.0000,0.0000,0.0000,NULL,NULL,1000.0000,1000.0000,1000.0000,1000.0000,NULL,NULL),(80,81,'2014-11-26 10:24:26','2014-11-26 10:24:26',167,1,NULL,0,'aculife','Aculife',NULL,NULL,NULL,0,0,0,2.0000,1.0000,1000.0000,1000.0000,NULL,0.0000,0.0000,0.0000,0.0000,0.0000,0.0000,1000.0000,1000.0000,0.0000,2.0000,'simple',NULL,NULL,NULL,NULL,'a:0:{}',0.0000,0.0000,0.0000,NULL,0.0000,0.0000,0.0000,0.0000,NULL,NULL,1000.0000,1000.0000,1000.0000,1000.0000,NULL,NULL),(81,82,'2014-12-03 10:09:23','2014-12-03 10:09:23',167,1,NULL,0,'aculife','Aculife',NULL,NULL,NULL,0,0,0,2.0000,1.0000,1000.0000,1000.0000,NULL,0.0000,0.0000,0.0000,0.0000,0.0000,0.0000,1000.0000,1000.0000,0.0000,2.0000,'simple',NULL,NULL,NULL,NULL,'a:0:{}',0.0000,0.0000,0.0000,NULL,0.0000,0.0000,0.0000,0.0000,NULL,NULL,1000.0000,1000.0000,1000.0000,1000.0000,NULL,NULL),(82,83,'2014-12-10 10:12:44','2014-12-10 10:12:44',167,1,NULL,0,'aculife','Aculife',NULL,NULL,NULL,0,0,0,2.0000,1.0000,1000.0000,1000.0000,NULL,0.0000,0.0000,0.0000,0.0000,0.0000,0.0000,1000.0000,1000.0000,0.0000,2.0000,'simple',NULL,NULL,NULL,NULL,'a:0:{}',0.0000,0.0000,0.0000,NULL,0.0000,0.0000,0.0000,0.0000,NULL,NULL,1000.0000,1000.0000,1000.0000,1000.0000,NULL,NULL),(83,84,'2014-12-17 10:07:14','2014-12-17 10:07:14',167,1,NULL,0,'aculife','Aculife',NULL,NULL,NULL,0,0,0,2.0000,1.0000,1000.0000,1000.0000,NULL,0.0000,0.0000,0.0000,0.0000,0.0000,0.0000,1000.0000,1000.0000,0.0000,2.0000,'simple',NULL,NULL,NULL,NULL,'a:0:{}',0.0000,0.0000,0.0000,NULL,0.0000,0.0000,0.0000,0.0000,NULL,NULL,1000.0000,1000.0000,1000.0000,1000.0000,NULL,NULL),(84,85,'2014-12-17 13:50:14','2014-12-17 13:50:14',167,1,NULL,0,'aculife','Aculife',NULL,NULL,NULL,0,0,0,2.0000,1.0000,1000.0000,1000.0000,NULL,0.0000,0.0000,0.0000,0.0000,0.0000,0.0000,1000.0000,1000.0000,0.0000,2.0000,'simple',NULL,NULL,NULL,NULL,'a:0:{}',0.0000,0.0000,0.0000,NULL,0.0000,0.0000,0.0000,0.0000,NULL,NULL,1000.0000,1000.0000,1000.0000,1000.0000,NULL,NULL),(85,86,'2014-12-17 13:50:20','2014-12-17 13:50:20',167,1,NULL,0,'aculife','Aculife',NULL,NULL,NULL,0,0,0,2.0000,1.0000,1000.0000,1000.0000,NULL,0.0000,0.0000,0.0000,0.0000,0.0000,0.0000,1000.0000,1000.0000,0.0000,2.0000,'simple',NULL,NULL,NULL,NULL,'a:0:{}',0.0000,0.0000,0.0000,NULL,0.0000,0.0000,0.0000,0.0000,NULL,NULL,1000.0000,1000.0000,1000.0000,1000.0000,NULL,NULL),(86,87,'2014-12-20 11:32:55','2014-12-20 11:32:55',167,1,NULL,0,'aculife','Aculife',NULL,NULL,NULL,0,0,0,2.0000,1.0000,1000.0000,1000.0000,NULL,0.0000,0.0000,0.0000,0.0000,0.0000,0.0000,1000.0000,1000.0000,0.0000,2.0000,'simple',NULL,NULL,NULL,NULL,'a:0:{}',0.0000,0.0000,0.0000,NULL,0.0000,0.0000,0.0000,0.0000,NULL,NULL,1000.0000,1000.0000,1000.0000,1000.0000,NULL,NULL),(87,88,'2014-12-24 10:10:45','2014-12-24 10:10:45',167,1,NULL,0,'aculife','Aculife',NULL,NULL,NULL,0,0,0,2.0000,1.0000,1000.0000,1000.0000,NULL,0.0000,0.0000,0.0000,0.0000,0.0000,0.0000,1000.0000,1000.0000,0.0000,2.0000,'simple',NULL,NULL,NULL,NULL,'a:0:{}',0.0000,0.0000,0.0000,NULL,0.0000,0.0000,0.0000,0.0000,NULL,NULL,1000.0000,1000.0000,1000.0000,1000.0000,NULL,NULL),(91,90,'2014-12-31 10:23:00','2014-12-31 10:23:00',167,1,NULL,0,'aculife','Aculife',NULL,NULL,NULL,0,0,0,2.0000,1.0000,1000.0000,1000.0000,NULL,0.0000,0.0000,0.0000,0.0000,0.0000,0.0000,1000.0000,1000.0000,0.0000,2.0000,'simple',NULL,NULL,NULL,NULL,'a:0:{}',0.0000,0.0000,0.0000,NULL,0.0000,0.0000,0.0000,0.0000,NULL,NULL,1000.0000,1000.0000,1000.0000,1000.0000,NULL,NULL),(92,91,'2015-01-07 10:22:47','2015-01-07 10:22:47',167,1,NULL,0,'aculife','Aculife',NULL,NULL,NULL,0,0,0,2.0000,1.0000,1000.0000,1000.0000,NULL,0.0000,0.0000,0.0000,0.0000,0.0000,0.0000,1000.0000,1000.0000,0.0000,2.0000,'simple',NULL,NULL,NULL,NULL,'a:0:{}',0.0000,0.0000,0.0000,NULL,0.0000,0.0000,0.0000,0.0000,NULL,NULL,1000.0000,1000.0000,1000.0000,1000.0000,NULL,NULL),(93,92,'2015-01-09 05:36:17','2015-01-09 05:40:26',167,1,NULL,0,'aculife','Aculife',NULL,NULL,NULL,0,0,0,2.0000,2.0000,1000.0000,1000.0000,NULL,0.0000,0.0000,0.0000,0.0000,0.0000,0.0000,2000.0000,2000.0000,0.0000,4.0000,'simple',NULL,NULL,NULL,NULL,'a:0:{}',0.0000,0.0000,0.0000,NULL,0.0000,0.0000,0.0000,0.0000,NULL,NULL,1000.0000,1000.0000,2000.0000,2000.0000,NULL,NULL),(94,93,'2015-01-11 01:15:36','2015-01-11 01:15:36',167,1,NULL,0,'aculife','Aculife',NULL,NULL,NULL,0,0,0,2.0000,1.0000,1000.0000,1000.0000,NULL,0.0000,0.0000,0.0000,0.0000,0.0000,0.0000,1000.0000,1000.0000,0.0000,2.0000,'simple',NULL,NULL,NULL,NULL,'a:0:{}',0.0000,0.0000,0.0000,NULL,0.0000,0.0000,0.0000,0.0000,NULL,NULL,1000.0000,1000.0000,1000.0000,1000.0000,NULL,NULL),(95,94,'2015-01-11 01:15:41','2015-01-11 01:15:41',167,1,NULL,0,'aculife','Aculife',NULL,NULL,NULL,0,0,0,2.0000,1.0000,1000.0000,1000.0000,NULL,0.0000,0.0000,0.0000,0.0000,0.0000,0.0000,1000.0000,1000.0000,0.0000,2.0000,'simple',NULL,NULL,NULL,NULL,'a:0:{}',0.0000,0.0000,0.0000,NULL,0.0000,0.0000,0.0000,0.0000,NULL,NULL,1000.0000,1000.0000,1000.0000,1000.0000,NULL,NULL),(96,95,'2015-01-14 11:35:43','2015-01-14 11:35:43',167,1,NULL,0,'aculife','Aculife',NULL,NULL,NULL,0,0,0,2.0000,1.0000,1000.0000,1000.0000,NULL,0.0000,0.0000,0.0000,0.0000,0.0000,0.0000,1000.0000,1000.0000,0.0000,2.0000,'simple',NULL,NULL,NULL,NULL,'a:0:{}',0.0000,0.0000,0.0000,NULL,0.0000,0.0000,0.0000,0.0000,NULL,NULL,1000.0000,1000.0000,1000.0000,1000.0000,NULL,NULL),(97,96,'2015-01-21 10:25:19','2015-01-21 10:25:19',167,1,NULL,0,'aculife','Aculife',NULL,NULL,NULL,0,0,0,2.0000,1.0000,1000.0000,1000.0000,NULL,0.0000,0.0000,0.0000,0.0000,0.0000,0.0000,1000.0000,1000.0000,0.0000,2.0000,'simple',NULL,NULL,NULL,NULL,'a:0:{}',0.0000,0.0000,0.0000,NULL,0.0000,0.0000,0.0000,0.0000,NULL,NULL,1000.0000,1000.0000,1000.0000,1000.0000,NULL,NULL),(98,97,'2015-01-28 10:10:59','2015-01-28 10:10:59',167,1,NULL,0,'aculife','Aculife',NULL,NULL,NULL,0,0,0,2.0000,1.0000,1000.0000,1000.0000,NULL,0.0000,0.0000,0.0000,0.0000,0.0000,0.0000,1000.0000,1000.0000,0.0000,2.0000,'simple',NULL,NULL,NULL,NULL,'a:0:{}',0.0000,0.0000,0.0000,NULL,0.0000,0.0000,0.0000,0.0000,NULL,NULL,1000.0000,1000.0000,1000.0000,1000.0000,NULL,NULL),(100,98,'2015-01-31 15:36:11','2015-01-31 15:38:04',167,1,NULL,0,'aculife','Aculife',NULL,NULL,NULL,0,0,0,2.0000,2.0000,1000.0000,1000.0000,NULL,0.0000,0.0000,0.0000,0.0000,0.0000,0.0000,2000.0000,2000.0000,0.0000,4.0000,'simple',NULL,NULL,NULL,NULL,'a:0:{}',0.0000,0.0000,0.0000,NULL,0.0000,0.0000,0.0000,0.0000,NULL,NULL,1000.0000,1000.0000,2000.0000,2000.0000,NULL,NULL),(101,99,'2015-02-04 10:23:23','2015-02-04 10:23:23',167,1,NULL,0,'aculife','Aculife',NULL,NULL,NULL,0,0,0,2.0000,1.0000,1000.0000,1000.0000,NULL,0.0000,0.0000,0.0000,0.0000,0.0000,0.0000,1000.0000,1000.0000,0.0000,2.0000,'simple',NULL,NULL,NULL,NULL,'a:0:{}',0.0000,0.0000,0.0000,NULL,0.0000,0.0000,0.0000,0.0000,NULL,NULL,1000.0000,1000.0000,1000.0000,1000.0000,NULL,NULL),(102,100,'2015-02-11 10:19:32','2015-02-11 10:19:32',167,1,NULL,0,'aculife','Aculife',NULL,NULL,NULL,0,0,0,2.0000,1.0000,1000.0000,1000.0000,NULL,0.0000,0.0000,0.0000,0.0000,0.0000,0.0000,1000.0000,1000.0000,0.0000,2.0000,'simple',NULL,NULL,NULL,NULL,'a:0:{}',0.0000,0.0000,0.0000,NULL,0.0000,0.0000,0.0000,0.0000,NULL,NULL,1000.0000,1000.0000,1000.0000,1000.0000,NULL,NULL),(103,101,'2015-02-18 10:12:47','2015-02-18 10:12:47',167,1,NULL,0,'aculife','Aculife',NULL,NULL,NULL,0,0,0,2.0000,1.0000,1000.0000,1000.0000,NULL,0.0000,0.0000,0.0000,0.0000,0.0000,0.0000,1000.0000,1000.0000,0.0000,2.0000,'simple',NULL,NULL,NULL,NULL,'a:0:{}',0.0000,0.0000,0.0000,NULL,0.0000,0.0000,0.0000,0.0000,NULL,NULL,1000.0000,1000.0000,1000.0000,1000.0000,NULL,NULL),(104,102,'2015-02-25 10:11:23','2015-02-25 10:11:23',167,1,NULL,0,'aculife','Aculife',NULL,NULL,NULL,0,0,0,2.0000,1.0000,1000.0000,1000.0000,NULL,0.0000,0.0000,0.0000,0.0000,0.0000,0.0000,1000.0000,1000.0000,0.0000,2.0000,'simple',NULL,NULL,NULL,NULL,'a:0:{}',0.0000,0.0000,0.0000,NULL,0.0000,0.0000,0.0000,0.0000,NULL,NULL,1000.0000,1000.0000,1000.0000,1000.0000,NULL,NULL),(105,103,'2015-03-04 10:13:04','2015-03-04 10:13:04',167,1,NULL,0,'aculife','Aculife',NULL,NULL,NULL,0,0,0,2.0000,1.0000,1000.0000,1000.0000,NULL,0.0000,0.0000,0.0000,0.0000,0.0000,0.0000,1000.0000,1000.0000,0.0000,2.0000,'simple',NULL,NULL,NULL,NULL,'a:0:{}',0.0000,0.0000,0.0000,NULL,0.0000,0.0000,0.0000,0.0000,NULL,NULL,1000.0000,1000.0000,1000.0000,1000.0000,NULL,NULL),(106,104,'2015-03-04 22:10:03','2015-03-04 22:10:03',167,1,NULL,0,'aculife','Aculife',NULL,NULL,NULL,0,0,0,2.0000,1.0000,1000.0000,1000.0000,NULL,0.0000,0.0000,0.0000,0.0000,0.0000,0.0000,1000.0000,1000.0000,0.0000,2.0000,'simple',NULL,NULL,NULL,NULL,'a:0:{}',0.0000,0.0000,0.0000,NULL,0.0000,0.0000,0.0000,0.0000,NULL,NULL,1000.0000,1000.0000,1000.0000,1000.0000,NULL,NULL),(107,105,'2015-03-11 13:11:56','2015-03-11 13:11:56',167,1,NULL,0,'aculife','Aculife',NULL,NULL,NULL,0,0,0,2.0000,1.0000,1000.0000,1000.0000,NULL,0.0000,0.0000,0.0000,0.0000,0.0000,0.0000,1000.0000,1000.0000,0.0000,2.0000,'simple',NULL,NULL,NULL,NULL,'a:0:{}',0.0000,0.0000,0.0000,NULL,0.0000,0.0000,0.0000,0.0000,NULL,NULL,1000.0000,1000.0000,1000.0000,1000.0000,NULL,NULL),(108,106,'2015-03-18 09:22:24','2015-03-18 09:22:24',167,1,NULL,0,'aculife','Aculife',NULL,NULL,NULL,0,0,0,2.0000,1.0000,1000.0000,1000.0000,NULL,0.0000,0.0000,0.0000,0.0000,0.0000,0.0000,1000.0000,1000.0000,0.0000,2.0000,'simple',NULL,NULL,NULL,NULL,'a:0:{}',0.0000,0.0000,0.0000,NULL,0.0000,0.0000,0.0000,0.0000,NULL,NULL,1000.0000,1000.0000,1000.0000,1000.0000,NULL,NULL),(109,107,'2015-03-25 09:38:56','2015-03-25 09:38:56',167,1,NULL,0,'aculife','Aculife',NULL,NULL,NULL,0,0,0,2.0000,1.0000,1000.0000,1000.0000,NULL,0.0000,0.0000,0.0000,0.0000,0.0000,0.0000,1000.0000,1000.0000,0.0000,2.0000,'simple',NULL,NULL,NULL,NULL,'a:0:{}',0.0000,0.0000,0.0000,NULL,0.0000,0.0000,0.0000,0.0000,NULL,NULL,1000.0000,1000.0000,1000.0000,1000.0000,NULL,NULL),(110,108,'2015-03-30 16:32:15','2015-03-30 16:32:15',167,1,NULL,0,'aculife','Aculife',NULL,NULL,NULL,0,0,0,2.0000,1.0000,1000.0000,1000.0000,NULL,0.0000,0.0000,0.0000,0.0000,0.0000,0.0000,1000.0000,1000.0000,0.0000,2.0000,'simple',NULL,NULL,NULL,NULL,'a:0:{}',0.0000,0.0000,0.0000,NULL,0.0000,0.0000,0.0000,0.0000,NULL,NULL,1000.0000,1000.0000,1000.0000,1000.0000,NULL,NULL),(111,109,'2015-03-30 19:29:43','2015-03-30 19:29:43',167,1,NULL,0,'aculife','Aculife',NULL,NULL,NULL,0,0,0,2.0000,1.0000,1000.0000,1000.0000,NULL,0.0000,0.0000,0.0000,0.0000,0.0000,0.0000,1000.0000,1000.0000,0.0000,2.0000,'simple',NULL,NULL,NULL,NULL,'a:0:{}',0.0000,0.0000,0.0000,NULL,0.0000,0.0000,0.0000,0.0000,NULL,NULL,1000.0000,1000.0000,1000.0000,1000.0000,NULL,NULL),(112,110,'2015-04-01 15:16:48','2015-04-01 15:16:48',167,1,NULL,0,'aculife','Aculife',NULL,NULL,NULL,0,0,0,2.0000,1.0000,1000.0000,1000.0000,NULL,0.0000,0.0000,0.0000,0.0000,0.0000,0.0000,1000.0000,1000.0000,0.0000,2.0000,'simple',NULL,NULL,NULL,NULL,'a:0:{}',0.0000,0.0000,0.0000,NULL,0.0000,0.0000,0.0000,0.0000,NULL,NULL,1000.0000,1000.0000,1000.0000,1000.0000,NULL,NULL),(113,111,'2015-04-04 16:50:50','2015-04-04 16:50:50',167,1,NULL,0,'aculife','Aculife',NULL,NULL,NULL,0,0,0,2.0000,1.0000,1000.0000,1000.0000,NULL,0.0000,0.0000,0.0000,0.0000,0.0000,0.0000,1000.0000,1000.0000,0.0000,2.0000,'simple',NULL,NULL,NULL,NULL,'a:0:{}',0.0000,0.0000,0.0000,NULL,0.0000,0.0000,0.0000,0.0000,NULL,NULL,1000.0000,1000.0000,1000.0000,1000.0000,NULL,NULL);

--
-- Table structure for table `sales_flat_quote_item_option`
--

CREATE TABLE `sales_flat_quote_item_option` (
  `option_id` int(10) unsigned NOT NULL AUTO_INCREMENT COMMENT 'Option Id',
  `item_id` int(10) unsigned NOT NULL COMMENT 'Item Id',
  `product_id` int(10) unsigned NOT NULL COMMENT 'Product Id',
  `code` varchar(255) NOT NULL COMMENT 'Code',
  `value` text COMMENT 'Value',
  PRIMARY KEY (`option_id`),
  KEY `IDX_SALES_FLAT_QUOTE_ITEM_OPTION_ITEM_ID` (`item_id`),
  CONSTRAINT `FK_5F20E478CA64B6891EA8A9D6C2735739` FOREIGN KEY (`item_id`) REFERENCES `sales_flat_quote_item` (`item_id`) ON DELETE CASCADE ON UPDATE CASCADE
) ENGINE=InnoDB AUTO_INCREMENT=114 DEFAULT CHARSET=utf8 COMMENT='Sales Flat Quote Item Option';

--
-- Dumping data for table `sales_flat_quote_item_option`
--

INSERT INTO `sales_flat_quote_item_option` VALUES (1,1,167,'info_buyRequest','a:3:{s:4:\"uenc\";s:60:\"aHR0cDovL3d3dy55b3NveXNhbHVkeWJlbGxlemEubmV0L2luZGV4LnBocC8,\";s:7:\"product\";s:3:\"167\";s:3:\"qty\";i:1;}'),(2,2,167,'info_buyRequest','a:3:{s:4:\"uenc\";s:48:\"aHR0cDovL3d3dy55b3NveXNhbHVkeWJlbGxlemEubmV0Lw,,\";s:7:\"product\";s:3:\"167\";s:3:\"qty\";i:1;}'),(3,3,167,'info_buyRequest','a:4:{s:4:\"uenc\";s:100:\"aHR0cDovL3d3dy55b3NveXNhbHVkeWJlbGxlemEubmV0L2luZGV4LnBocC9hY3VsaWZlL2FjdWxpZmUuaHRtbD9fX19TSUQ9VQ,,\";s:7:\"product\";s:3:\"167\";s:15:\"related_product\";s:0:\"\";s:3:\"qty\";s:1:\"1\";}'),(4,4,167,'info_buyRequest','a:3:{s:4:\"uenc\";s:76:\"aHR0cDovL3d3dy55b3NveXNhbHVkeWJlbGxlemEubmV0L2luZGV4LnBocC9hY3VsaWZlLmh0bWw,\";s:7:\"product\";s:3:\"167\";s:3:\"qty\";i:1;}'),(5,5,167,'info_buyRequest','a:3:{s:4:\"uenc\";s:76:\"aHR0cDovL3d3dy55b3NveXNhbHVkeWJlbGxlemEubmV0L2luZGV4LnBocC9hY3VsaWZlLmh0bWw,\";s:7:\"product\";s:3:\"167\";s:3:\"qty\";i:1;}'),(6,6,167,'info_buyRequest','a:3:{s:4:\"uenc\";s:76:\"aHR0cDovL3d3dy55b3NveXNhbHVkeWJlbGxlemEubmV0L2luZGV4LnBocC9hY3VsaWZlLmh0bWw,\";s:7:\"product\";s:3:\"167\";s:3:\"qty\";i:1;}'),(7,7,167,'info_buyRequest','a:3:{s:4:\"uenc\";s:76:\"aHR0cDovL3d3dy55b3NveXNhbHVkeWJlbGxlemEubmV0L2luZGV4LnBocC9hY3VsaWZlLmh0bWw,\";s:7:\"product\";s:3:\"167\";s:3:\"qty\";i:1;}'),(8,8,167,'info_buyRequest','a:3:{s:4:\"uenc\";s:76:\"aHR0cDovL3d3dy55b3NveXNhbHVkeWJlbGxlemEubmV0L2luZGV4LnBocC9hY3VsaWZlLmh0bWw,\";s:7:\"product\";s:3:\"167\";s:3:\"qty\";i:1;}'),(9,9,167,'info_buyRequest','a:3:{s:4:\"uenc\";s:76:\"aHR0cDovL3d3dy55b3NveXNhbHVkeWJlbGxlemEubmV0L2luZGV4LnBocC9hY3VsaWZlLmh0bWw,\";s:7:\"product\";s:3:\"167\";s:3:\"qty\";i:1;}'),(10,10,167,'info_buyRequest','a:3:{s:4:\"uenc\";s:76:\"aHR0cDovL3d3dy55b3NveXNhbHVkeWJlbGxlemEubmV0L2luZGV4LnBocC9hY3VsaWZlLmh0bWw,\";s:7:\"product\";s:3:\"167\";s:3:\"qty\";i:1;}'),(11,11,167,'info_buyRequest','a:3:{s:4:\"uenc\";s:76:\"aHR0cDovL3d3dy55b3NveXNhbHVkeWJlbGxlemEubmV0L2luZGV4LnBocC9hY3VsaWZlLmh0bWw,\";s:7:\"product\";s:3:\"167\";s:3:\"qty\";i:1;}'),(12,12,167,'info_buyRequest','a:3:{s:4:\"uenc\";s:76:\"aHR0cDovL3d3dy55b3NveXNhbHVkeWJlbGxlemEubmV0L2luZGV4LnBocC9hY3VsaWZlLmh0bWw,\";s:7:\"product\";s:3:\"167\";s:3:\"qty\";i:1;}'),(13,13,167,'info_buyRequest','a:3:{s:4:\"uenc\";s:76:\"aHR0cDovL3d3dy55b3NveXNhbHVkeWJlbGxlemEubmV0L2luZGV4LnBocC9hY3VsaWZlLmh0bWw,\";s:7:\"product\";s:3:\"167\";s:3:\"qty\";i:1;}'),(14,14,167,'info_buyRequest','a:3:{s:4:\"uenc\";s:76:\"aHR0cDovL3d3dy55b3NveXNhbHVkeWJlbGxlemEubmV0L2luZGV4LnBocC9hY3VsaWZlLmh0bWw,\";s:7:\"product\";s:3:\"167\";s:3:\"qty\";i:1;}'),(15,15,167,'info_buyRequest','a:3:{s:4:\"uenc\";s:76:\"aHR0cDovL3d3dy55b3NveXNhbHVkeWJlbGxlemEubmV0L2luZGV4LnBocC9hY3VsaWZlLmh0bWw,\";s:7:\"product\";s:3:\"167\";s:3:\"qty\";i:1;}'),(16,16,167,'info_buyRequest','a:3:{s:4:\"uenc\";s:76:\"aHR0cDovL3d3dy55b3NveXNhbHVkeWJlbGxlemEubmV0L2luZGV4LnBocC9hY3VsaWZlLmh0bWw,\";s:7:\"product\";s:3:\"167\";s:3:\"qty\";i:1;}'),(17,17,167,'info_buyRequest','a:3:{s:4:\"uenc\";s:76:\"aHR0cDovL3d3dy55b3NveXNhbHVkeWJlbGxlemEubmV0L2luZGV4LnBocC9hY3VsaWZlLmh0bWw,\";s:7:\"product\";s:3:\"167\";s:3:\"qty\";i:1;}'),(18,18,167,'info_buyRequest','a:3:{s:4:\"uenc\";s:76:\"aHR0cDovL3d3dy55b3NveXNhbHVkeWJlbGxlemEubmV0L2luZGV4LnBocC9hY3VsaWZlLmh0bWw,\";s:7:\"product\";s:3:\"167\";s:3:\"qty\";i:1;}'),(19,19,167,'info_buyRequest','a:3:{s:4:\"uenc\";s:76:\"aHR0cDovL3d3dy55b3NveXNhbHVkeWJlbGxlemEubmV0L2luZGV4LnBocC9hY3VsaWZlLmh0bWw,\";s:7:\"product\";s:3:\"167\";s:3:\"qty\";i:1;}'),(20,20,167,'info_buyRequest','a:3:{s:4:\"uenc\";s:76:\"aHR0cDovL3d3dy55b3NveXNhbHVkeWJlbGxlemEubmV0L2luZGV4LnBocC9hY3VsaWZlLmh0bWw,\";s:7:\"product\";s:3:\"167\";s:3:\"qty\";i:1;}'),(21,21,167,'info_buyRequest','a:3:{s:4:\"uenc\";s:76:\"aHR0cDovL3d3dy55b3NveXNhbHVkeWJlbGxlemEubmV0L2luZGV4LnBocC9hY3VsaWZlLmh0bWw,\";s:7:\"product\";s:3:\"167\";s:3:\"qty\";i:1;}'),(22,22,167,'info_buyRequest','a:3:{s:4:\"uenc\";s:76:\"aHR0cDovL3d3dy55b3NveXNhbHVkeWJlbGxlemEubmV0L2luZGV4LnBocC9hY3VsaWZlLmh0bWw,\";s:7:\"product\";s:3:\"167\";s:3:\"qty\";i:1;}'),(23,23,167,'info_buyRequest','a:3:{s:4:\"uenc\";s:76:\"aHR0cDovL3d3dy55b3NveXNhbHVkeWJlbGxlemEubmV0L2luZGV4LnBocC9hY3VsaWZlLmh0bWw,\";s:7:\"product\";s:3:\"167\";s:3:\"qty\";i:1;}'),(24,24,167,'info_buyRequest','a:3:{s:4:\"uenc\";s:76:\"aHR0cDovL3d3dy55b3NveXNhbHVkeWJlbGxlemEubmV0L2luZGV4LnBocC9hY3VsaWZlLmh0bWw,\";s:7:\"product\";s:3:\"167\";s:3:\"qty\";i:1;}'),(25,25,167,'info_buyRequest','a:3:{s:4:\"uenc\";s:76:\"aHR0cDovL3d3dy55b3NveXNhbHVkeWJlbGxlemEubmV0L2luZGV4LnBocC9hY3VsaWZlLmh0bWw,\";s:7:\"product\";s:3:\"167\";s:3:\"qty\";i:1;}'),(26,26,167,'info_buyRequest','a:3:{s:4:\"uenc\";s:76:\"aHR0cDovL3d3dy55b3NveXNhbHVkeWJlbGxlemEubmV0L2luZGV4LnBocC9hY3VsaWZlLmh0bWw,\";s:7:\"product\";s:3:\"167\";s:3:\"qty\";i:1;}'),(27,27,167,'info_buyRequest','a:3:{s:4:\"uenc\";s:76:\"aHR0cDovL3d3dy55b3NveXNhbHVkeWJlbGxlemEubmV0L2luZGV4LnBocC9hY3VsaWZlLmh0bWw,\";s:7:\"product\";s:3:\"167\";s:3:\"qty\";i:1;}'),(28,28,167,'info_buyRequest','a:3:{s:4:\"uenc\";s:76:\"aHR0cDovL3d3dy55b3NveXNhbHVkeWJlbGxlemEubmV0L2luZGV4LnBocC9hY3VsaWZlLmh0bWw,\";s:7:\"product\";s:3:\"167\";s:3:\"qty\";i:1;}'),(29,29,167,'info_buyRequest','a:3:{s:4:\"uenc\";s:76:\"aHR0cDovL3d3dy55b3NveXNhbHVkeWJlbGxlemEubmV0L2luZGV4LnBocC9hY3VsaWZlLmh0bWw,\";s:7:\"product\";s:3:\"167\";s:3:\"qty\";i:1;}'),(30,30,167,'info_buyRequest','a:3:{s:4:\"uenc\";s:76:\"aHR0cDovL3d3dy55b3NveXNhbHVkeWJlbGxlemEubmV0L2luZGV4LnBocC9hY3VsaWZlLmh0bWw,\";s:7:\"product\";s:3:\"167\";s:3:\"qty\";i:1;}'),(31,31,167,'info_buyRequest','a:3:{s:4:\"uenc\";s:76:\"aHR0cDovL3d3dy55b3NveXNhbHVkeWJlbGxlemEubmV0L2luZGV4LnBocC9hY3VsaWZlLmh0bWw,\";s:7:\"product\";s:3:\"167\";s:3:\"qty\";i:1;}'),(32,32,167,'info_buyRequest','a:3:{s:4:\"uenc\";s:76:\"aHR0cDovL3d3dy55b3NveXNhbHVkeWJlbGxlemEubmV0L2luZGV4LnBocC9hY3VsaWZlLmh0bWw,\";s:7:\"product\";s:3:\"167\";s:3:\"qty\";i:1;}'),(33,33,167,'info_buyRequest','a:3:{s:4:\"uenc\";s:76:\"aHR0cDovL3d3dy55b3NveXNhbHVkeWJlbGxlemEubmV0L2luZGV4LnBocC9hY3VsaWZlLmh0bWw,\";s:7:\"product\";s:3:\"167\";s:3:\"qty\";i:1;}'),(34,34,167,'info_buyRequest','a:3:{s:4:\"uenc\";s:76:\"aHR0cDovL3d3dy55b3NveXNhbHVkeWJlbGxlemEubmV0L2luZGV4LnBocC9hY3VsaWZlLmh0bWw,\";s:7:\"product\";s:3:\"167\";s:3:\"qty\";i:1;}'),(35,35,167,'info_buyRequest','a:3:{s:4:\"uenc\";s:76:\"aHR0cDovL3d3dy55b3NveXNhbHVkeWJlbGxlemEubmV0L2luZGV4LnBocC9hY3VsaWZlLmh0bWw,\";s:7:\"product\";s:3:\"167\";s:3:\"qty\";i:1;}'),(36,36,167,'info_buyRequest','a:3:{s:4:\"uenc\";s:76:\"aHR0cDovL3d3dy55b3NveXNhbHVkeWJlbGxlemEubmV0L2luZGV4LnBocC9hY3VsaWZlLmh0bWw,\";s:7:\"product\";s:3:\"167\";s:3:\"qty\";i:1;}'),(37,37,167,'info_buyRequest','a:3:{s:4:\"uenc\";s:76:\"aHR0cDovL3d3dy55b3NveXNhbHVkeWJlbGxlemEubmV0L2luZGV4LnBocC9hY3VsaWZlLmh0bWw,\";s:7:\"product\";s:3:\"167\";s:3:\"qty\";i:1;}'),(38,38,167,'info_buyRequest','a:3:{s:4:\"uenc\";s:76:\"aHR0cDovL3d3dy55b3NveXNhbHVkeWJlbGxlemEubmV0L2luZGV4LnBocC9hY3VsaWZlLmh0bWw,\";s:7:\"product\";s:3:\"167\";s:3:\"qty\";i:1;}'),(39,39,167,'info_buyRequest','a:3:{s:4:\"uenc\";s:76:\"aHR0cDovL3d3dy55b3NveXNhbHVkeWJlbGxlemEubmV0L2luZGV4LnBocC9hY3VsaWZlLmh0bWw,\";s:7:\"product\";s:3:\"167\";s:3:\"qty\";i:1;}'),(40,40,167,'info_buyRequest','a:3:{s:4:\"uenc\";s:76:\"aHR0cDovL3d3dy55b3NveXNhbHVkeWJlbGxlemEubmV0L2luZGV4LnBocC9hY3VsaWZlLmh0bWw,\";s:7:\"product\";s:3:\"167\";s:3:\"qty\";i:1;}'),(41,41,167,'info_buyRequest','a:3:{s:4:\"uenc\";s:76:\"aHR0cDovL3d3dy55b3NveXNhbHVkeWJlbGxlemEubmV0L2luZGV4LnBocC9hY3VsaWZlLmh0bWw,\";s:7:\"product\";s:3:\"167\";s:3:\"qty\";i:1;}'),(42,42,167,'info_buyRequest','a:3:{s:4:\"uenc\";s:76:\"aHR0cDovL3d3dy55b3NveXNhbHVkeWJlbGxlemEubmV0L2luZGV4LnBocC9hY3VsaWZlLmh0bWw,\";s:7:\"product\";s:3:\"167\";s:3:\"qty\";i:1;}'),(43,43,167,'info_buyRequest','a:3:{s:4:\"uenc\";s:76:\"aHR0cDovL3d3dy55b3NveXNhbHVkeWJlbGxlemEubmV0L2luZGV4LnBocC9hY3VsaWZlLmh0bWw,\";s:7:\"product\";s:3:\"167\";s:3:\"qty\";i:1;}'),(44,44,167,'info_buyRequest','a:3:{s:4:\"uenc\";s:48:\"aHR0cDovL3d3dy55b3NveXNhbHVkeWJlbGxlemEubmV0Lw,,\";s:7:\"product\";s:3:\"167\";s:3:\"qty\";i:1;}'),(45,45,167,'info_buyRequest','a:3:{s:4:\"uenc\";s:76:\"aHR0cDovL3d3dy55b3NveXNhbHVkeWJlbGxlemEubmV0L2luZGV4LnBocC9hY3VsaWZlLmh0bWw,\";s:7:\"product\";s:3:\"167\";s:3:\"qty\";i:1;}'),(46,46,167,'info_buyRequest','a:3:{s:4:\"uenc\";s:76:\"aHR0cDovL3d3dy55b3NveXNhbHVkeWJlbGxlemEubmV0L2luZGV4LnBocC9hY3VsaWZlLmh0bWw,\";s:7:\"product\";s:3:\"167\";s:3:\"qty\";i:1;}'),(47,47,167,'info_buyRequest','a:3:{s:4:\"uenc\";s:76:\"aHR0cDovL3d3dy55b3NveXNhbHVkeWJlbGxlemEubmV0L2luZGV4LnBocC9hY3VsaWZlLmh0bWw,\";s:7:\"product\";s:3:\"167\";s:3:\"qty\";i:1;}'),(48,48,167,'info_buyRequest','a:3:{s:4:\"uenc\";s:76:\"aHR0cDovL3d3dy55b3NveXNhbHVkeWJlbGxlemEubmV0L2luZGV4LnBocC9hY3VsaWZlLmh0bWw,\";s:7:\"product\";s:3:\"167\";s:3:\"qty\";i:1;}'),(49,49,167,'info_buyRequest','a:3:{s:4:\"uenc\";s:76:\"aHR0cDovL3d3dy55b3NveXNhbHVkeWJlbGxlemEubmV0L2luZGV4LnBocC9hY3VsaWZlLmh0bWw,\";s:7:\"product\";s:3:\"167\";s:3:\"qty\";i:1;}'),(50,50,167,'info_buyRequest','a:3:{s:4:\"uenc\";s:76:\"aHR0cDovL3d3dy55b3NveXNhbHVkeWJlbGxlemEubmV0L2luZGV4LnBocC9hY3VsaWZlLmh0bWw,\";s:7:\"product\";s:3:\"167\";s:3:\"qty\";i:1;}'),(51,51,167,'info_buyRequest','a:3:{s:4:\"uenc\";s:76:\"aHR0cDovL3d3dy55b3NveXNhbHVkeWJlbGxlemEubmV0L2luZGV4LnBocC9hY3VsaWZlLmh0bWw,\";s:7:\"product\";s:3:\"167\";s:3:\"qty\";i:1;}'),(52,52,167,'info_buyRequest','a:3:{s:4:\"uenc\";s:76:\"aHR0cDovL3d3dy55b3NveXNhbHVkeWJlbGxlemEubmV0L2luZGV4LnBocC9hY3VsaWZlLmh0bWw,\";s:7:\"product\";s:3:\"167\";s:3:\"qty\";i:1;}'),(53,53,167,'info_buyRequest','a:3:{s:4:\"uenc\";s:76:\"aHR0cDovL3d3dy55b3NveXNhbHVkeWJlbGxlemEubmV0L2luZGV4LnBocC9hY3VsaWZlLmh0bWw,\";s:7:\"product\";s:3:\"167\";s:3:\"qty\";i:1;}'),(54,54,167,'info_buyRequest','a:3:{s:4:\"uenc\";s:76:\"aHR0cDovL3d3dy55b3NveXNhbHVkeWJlbGxlemEubmV0L2luZGV4LnBocC9hY3VsaWZlLmh0bWw,\";s:7:\"product\";s:3:\"167\";s:3:\"qty\";i:1;}'),(55,55,167,'info_buyRequest','a:3:{s:4:\"uenc\";s:76:\"aHR0cDovL3d3dy55b3NveXNhbHVkeWJlbGxlemEubmV0L2luZGV4LnBocC9hY3VsaWZlLmh0bWw,\";s:7:\"product\";s:3:\"167\";s:3:\"qty\";i:1;}'),(56,56,167,'info_buyRequest','a:3:{s:4:\"uenc\";s:76:\"aHR0cDovL3d3dy55b3NveXNhbHVkeWJlbGxlemEubmV0L2luZGV4LnBocC9hY3VsaWZlLmh0bWw,\";s:7:\"product\";s:3:\"167\";s:3:\"qty\";i:1;}'),(57,57,167,'info_buyRequest','a:3:{s:4:\"uenc\";s:76:\"aHR0cDovL3d3dy55b3NveXNhbHVkeWJlbGxlemEubmV0L2luZGV4LnBocC9hY3VsaWZlLmh0bWw,\";s:7:\"product\";s:3:\"167\";s:3:\"qty\";i:1;}'),(58,58,167,'info_buyRequest','a:3:{s:4:\"uenc\";s:76:\"aHR0cDovL3d3dy55b3NveXNhbHVkeWJlbGxlemEubmV0L2luZGV4LnBocC9hY3VsaWZlLmh0bWw,\";s:7:\"product\";s:3:\"167\";s:3:\"qty\";i:1;}'),(59,59,167,'info_buyRequest','a:3:{s:4:\"uenc\";s:76:\"aHR0cDovL3d3dy55b3NveXNhbHVkeWJlbGxlemEubmV0L2luZGV4LnBocC9hY3VsaWZlLmh0bWw,\";s:7:\"product\";s:3:\"167\";s:3:\"qty\";i:1;}'),(60,60,167,'info_buyRequest','a:3:{s:4:\"uenc\";s:76:\"aHR0cDovL3d3dy55b3NveXNhbHVkeWJlbGxlemEubmV0L2luZGV4LnBocC9hY3VsaWZlLmh0bWw,\";s:7:\"product\";s:3:\"167\";s:3:\"qty\";i:1;}'),(61,61,167,'info_buyRequest','a:3:{s:4:\"uenc\";s:76:\"aHR0cDovL3d3dy55b3NveXNhbHVkeWJlbGxlemEubmV0L2luZGV4LnBocC9hY3VsaWZlLmh0bWw,\";s:7:\"product\";s:3:\"167\";s:3:\"qty\";i:1;}'),(62,62,167,'info_buyRequest','a:3:{s:4:\"uenc\";s:48:\"aHR0cDovL3d3dy55b3NveXNhbHVkeWJlbGxlemEubmV0Lw,,\";s:7:\"product\";s:3:\"167\";s:3:\"qty\";i:1;}'),(63,63,167,'info_buyRequest','a:3:{s:4:\"uenc\";s:76:\"aHR0cDovL3d3dy55b3NveXNhbHVkeWJlbGxlemEubmV0L2luZGV4LnBocC9hY3VsaWZlLmh0bWw,\";s:7:\"product\";s:3:\"167\";s:3:\"qty\";i:1;}'),(64,64,167,'info_buyRequest','a:3:{s:4:\"uenc\";s:76:\"aHR0cDovL3d3dy55b3NveXNhbHVkeWJlbGxlemEubmV0L2luZGV4LnBocC9hY3VsaWZlLmh0bWw,\";s:7:\"product\";s:3:\"167\";s:3:\"qty\";i:1;}'),(65,65,167,'info_buyRequest','a:3:{s:4:\"uenc\";s:76:\"aHR0cDovL3d3dy55b3NveXNhbHVkeWJlbGxlemEubmV0L2luZGV4LnBocC9hY3VsaWZlLmh0bWw,\";s:7:\"product\";s:3:\"167\";s:3:\"qty\";i:1;}'),(66,66,167,'info_buyRequest','a:3:{s:4:\"uenc\";s:76:\"aHR0cDovL3d3dy55b3NveXNhbHVkeWJlbGxlemEubmV0L2luZGV4LnBocC9hY3VsaWZlLmh0bWw,\";s:7:\"product\";s:3:\"167\";s:3:\"qty\";i:1;}'),(67,67,167,'info_buyRequest','a:3:{s:4:\"uenc\";s:48:\"aHR0cDovL3d3dy55b3NveXNhbHVkeWJlbGxlemEubmV0Lw,,\";s:7:\"product\";s:3:\"167\";s:3:\"qty\";i:1;}'),(68,68,167,'info_buyRequest','a:3:{s:4:\"uenc\";s:76:\"aHR0cDovL3d3dy55b3NveXNhbHVkeWJlbGxlemEubmV0L2luZGV4LnBocC9hY3VsaWZlLmh0bWw,\";s:7:\"product\";s:3:\"167\";s:3:\"qty\";i:1;}'),(69,69,167,'info_buyRequest','a:3:{s:4:\"uenc\";s:76:\"aHR0cDovL3d3dy55b3NveXNhbHVkeWJlbGxlemEubmV0L2luZGV4LnBocC9hY3VsaWZlLmh0bWw,\";s:7:\"product\";s:3:\"167\";s:3:\"qty\";i:1;}'),(70,70,167,'info_buyRequest','a:3:{s:4:\"uenc\";s:48:\"aHR0cDovL3d3dy55b3NveXNhbHVkeWJlbGxlemEubmV0Lw,,\";s:7:\"product\";s:3:\"167\";s:3:\"qty\";i:1;}'),(71,71,167,'info_buyRequest','a:3:{s:4:\"uenc\";s:48:\"aHR0cDovL3d3dy55b3NveXNhbHVkeWJlbGxlemEubmV0Lw,,\";s:7:\"product\";s:3:\"167\";s:3:\"qty\";i:1;}'),(72,72,167,'info_buyRequest','a:3:{s:4:\"uenc\";s:48:\"aHR0cDovL3d3dy55b3NveXNhbHVkeWJlbGxlemEubmV0Lw,,\";s:7:\"product\";s:3:\"167\";s:3:\"qty\";i:1;}'),(73,73,167,'info_buyRequest','a:3:{s:4:\"uenc\";s:80:\"aHR0cDovL3d3dy55b3NveXNhbHVkeWJlbGxlemEubmV0L2NhdGFsb2dzZWFyY2gvcmVzdWx0Lz9xPTE,\";s:7:\"product\";s:3:\"167\";s:3:\"qty\";i:1;}'),(74,74,167,'info_buyRequest','a:3:{s:4:\"uenc\";s:80:\"aHR0cDovL3d3dy55b3NveXNhbHVkeWJlbGxlemEubmV0Ly9jYXRhbG9nc2VhcmNoL3Jlc3VsdC8_cT0x\";s:7:\"product\";s:3:\"167\";s:3:\"qty\";i:1;}'),(75,75,167,'info_buyRequest','a:3:{s:4:\"uenc\";s:76:\"aHR0cDovL3d3dy55b3NveXNhbHVkeWJlbGxlemEubmV0L2luZGV4LnBocC9hY3VsaWZlLmh0bWw,\";s:7:\"product\";s:3:\"167\";s:3:\"qty\";i:1;}'),(76,76,167,'info_buyRequest','a:3:{s:4:\"uenc\";s:76:\"aHR0cDovL3d3dy55b3NveXNhbHVkeWJlbGxlemEubmV0L2luZGV4LnBocC9hY3VsaWZlLmh0bWw,\";s:7:\"product\";s:3:\"167\";s:3:\"qty\";i:1;}'),(77,77,167,'info_buyRequest','a:3:{s:4:\"uenc\";s:76:\"aHR0cDovL3d3dy55b3NveXNhbHVkeWJlbGxlemEubmV0L2luZGV4LnBocC9hY3VsaWZlLmh0bWw,\";s:7:\"product\";s:3:\"167\";s:3:\"qty\";i:1;}'),(78,78,167,'info_buyRequest','a:3:{s:4:\"uenc\";s:76:\"aHR0cDovL3d3dy55b3NveXNhbHVkeWJlbGxlemEubmV0L2luZGV4LnBocC9hY3VsaWZlLmh0bWw,\";s:7:\"product\";s:3:\"167\";s:3:\"qty\";i:1;}'),(79,79,167,'info_buyRequest','a:3:{s:4:\"uenc\";s:76:\"aHR0cDovL3d3dy55b3NveXNhbHVkeWJlbGxlemEubmV0L2luZGV4LnBocC9hY3VsaWZlLmh0bWw,\";s:7:\"product\";s:3:\"167\";s:3:\"qty\";i:1;}'),(80,80,167,'info_buyRequest','a:3:{s:4:\"uenc\";s:76:\"aHR0cDovL3d3dy55b3NveXNhbHVkeWJlbGxlemEubmV0L2luZGV4LnBocC9hY3VsaWZlLmh0bWw,\";s:7:\"product\";s:3:\"167\";s:3:\"qty\";i:1;}'),(81,81,167,'info_buyRequest','a:3:{s:4:\"uenc\";s:76:\"aHR0cDovL3d3dy55b3NveXNhbHVkeWJlbGxlemEubmV0L2luZGV4LnBocC9hY3VsaWZlLmh0bWw,\";s:7:\"product\";s:3:\"167\";s:3:\"qty\";i:1;}'),(82,82,167,'info_buyRequest','a:3:{s:4:\"uenc\";s:76:\"aHR0cDovL3d3dy55b3NveXNhbHVkeWJlbGxlemEubmV0L2luZGV4LnBocC9hY3VsaWZlLmh0bWw,\";s:7:\"product\";s:3:\"167\";s:3:\"qty\";i:1;}'),(83,83,167,'info_buyRequest','a:3:{s:4:\"uenc\";s:76:\"aHR0cDovL3d3dy55b3NveXNhbHVkeWJlbGxlemEubmV0L2luZGV4LnBocC9hY3VsaWZlLmh0bWw,\";s:7:\"product\";s:3:\"167\";s:3:\"qty\";i:1;}'),(84,84,167,'info_buyRequest','a:3:{s:4:\"uenc\";s:76:\"aHR0cDovL3d3dy55b3NveXNhbHVkeWJlbGxlemEubmV0L2luZGV4LnBocC9hY3VsaWZlLmh0bWw,\";s:7:\"product\";s:3:\"167\";s:3:\"qty\";i:1;}'),(85,85,167,'info_buyRequest','a:3:{s:4:\"uenc\";s:76:\"aHR0cDovL3d3dy55b3NveXNhbHVkeWJlbGxlemEubmV0L2luZGV4LnBocC9hY3VsaWZlLmh0bWw,\";s:7:\"product\";s:3:\"167\";s:3:\"qty\";i:1;}'),(86,86,167,'info_buyRequest','a:3:{s:4:\"uenc\";s:48:\"aHR0cDovL3d3dy55b3NveXNhbHVkeWJlbGxlemEubmV0Lw,,\";s:7:\"product\";s:3:\"167\";s:3:\"qty\";i:1;}'),(87,87,167,'info_buyRequest','a:3:{s:4:\"uenc\";s:76:\"aHR0cDovL3d3dy55b3NveXNhbHVkeWJlbGxlemEubmV0L2luZGV4LnBocC9hY3VsaWZlLmh0bWw,\";s:7:\"product\";s:3:\"167\";s:3:\"qty\";i:1;}'),(91,91,167,'info_buyRequest','a:3:{s:4:\"uenc\";s:76:\"aHR0cDovL3d3dy55b3NveXNhbHVkeWJlbGxlemEubmV0L2luZGV4LnBocC9hY3VsaWZlLmh0bWw,\";s:7:\"product\";s:3:\"167\";s:3:\"qty\";i:1;}'),(92,92,167,'info_buyRequest','a:3:{s:4:\"uenc\";s:76:\"aHR0cDovL3d3dy55b3NveXNhbHVkeWJlbGxlemEubmV0L2luZGV4LnBocC9hY3VsaWZlLmh0bWw,\";s:7:\"product\";s:3:\"167\";s:3:\"qty\";i:1;}'),(93,93,167,'info_buyRequest','a:4:{s:4:\"uenc\";s:100:\"aHR0cDovL3d3dy55b3NveXNhbHVkeWJlbGxlemEubmV0L2luZGV4LnBocC9hY3VsaWZlL2FjdWxpZmUuaHRtbD9fX19TSUQ9VQ,,\";s:7:\"product\";s:3:\"167\";s:15:\"related_product\";s:0:\"\";s:3:\"qty\";s:1:\"0\";}'),(94,94,167,'info_buyRequest','a:3:{s:4:\"uenc\";s:76:\"aHR0cDovL3d3dy55b3NveXNhbHVkeWJlbGxlemEubmV0L2luZGV4LnBocC9hY3VsaWZlLmh0bWw,\";s:7:\"product\";s:3:\"167\";s:3:\"qty\";i:1;}'),(95,95,167,'info_buyRequest','a:3:{s:4:\"uenc\";s:76:\"aHR0cDovL3d3dy55b3NveXNhbHVkeWJlbGxlemEubmV0L2luZGV4LnBocC9hY3VsaWZlLmh0bWw,\";s:7:\"product\";s:3:\"167\";s:3:\"qty\";i:1;}'),(96,96,167,'info_buyRequest','a:3:{s:4:\"uenc\";s:76:\"aHR0cDovL3d3dy55b3NveXNhbHVkeWJlbGxlemEubmV0L2luZGV4LnBocC9hY3VsaWZlLmh0bWw,\";s:7:\"product\";s:3:\"167\";s:3:\"qty\";i:1;}'),(97,97,167,'info_buyRequest','a:3:{s:4:\"uenc\";s:76:\"aHR0cDovL3d3dy55b3NveXNhbHVkeWJlbGxlemEubmV0L2luZGV4LnBocC9hY3VsaWZlLmh0bWw,\";s:7:\"product\";s:3:\"167\";s:3:\"qty\";i:1;}'),(98,98,167,'info_buyRequest','a:3:{s:4:\"uenc\";s:76:\"aHR0cDovL3d3dy55b3NveXNhbHVkeWJlbGxlemEubmV0L2luZGV4LnBocC9hY3VsaWZlLmh0bWw,\";s:7:\"product\";s:3:\"167\";s:3:\"qty\";i:1;}'),(100,100,167,'info_buyRequest','a:3:{s:4:\"uenc\";s:76:\"aHR0cDovL3d3dy55b3NveXNhbHVkeWJlbGxlemEubmV0L2luZGV4LnBocC9hY3VsaWZlLmh0bWw,\";s:7:\"product\";s:3:\"167\";s:3:\"qty\";i:1;}'),(101,101,167,'info_buyRequest','a:3:{s:4:\"uenc\";s:76:\"aHR0cDovL3d3dy55b3NveXNhbHVkeWJlbGxlemEubmV0L2luZGV4LnBocC9hY3VsaWZlLmh0bWw,\";s:7:\"product\";s:3:\"167\";s:3:\"qty\";i:1;}'),(102,102,167,'info_buyRequest','a:3:{s:4:\"uenc\";s:76:\"aHR0cDovL3d3dy55b3NveXNhbHVkeWJlbGxlemEubmV0L2luZGV4LnBocC9hY3VsaWZlLmh0bWw,\";s:7:\"product\";s:3:\"167\";s:3:\"qty\";i:1;}'),(103,103,167,'info_buyRequest','a:3:{s:4:\"uenc\";s:76:\"aHR0cDovL3d3dy55b3NveXNhbHVkeWJlbGxlemEubmV0L2luZGV4LnBocC9hY3VsaWZlLmh0bWw,\";s:7:\"product\";s:3:\"167\";s:3:\"qty\";i:1;}'),(104,104,167,'info_buyRequest','a:3:{s:4:\"uenc\";s:76:\"aHR0cDovL3d3dy55b3NveXNhbHVkeWJlbGxlemEubmV0L2luZGV4LnBocC9hY3VsaWZlLmh0bWw,\";s:7:\"product\";s:3:\"167\";s:3:\"qty\";i:1;}'),(105,105,167,'info_buyRequest','a:3:{s:4:\"uenc\";s:76:\"aHR0cDovL3d3dy55b3NveXNhbHVkeWJlbGxlemEubmV0L2luZGV4LnBocC9hY3VsaWZlLmh0bWw,\";s:7:\"product\";s:3:\"167\";s:3:\"qty\";i:1;}'),(106,106,167,'info_buyRequest','a:3:{s:4:\"uenc\";s:76:\"aHR0cDovL3d3dy55b3NveXNhbHVkeWJlbGxlemEubmV0L2luZGV4LnBocC9hY3VsaWZlLmh0bWw,\";s:7:\"product\";s:3:\"167\";s:3:\"qty\";i:1;}'),(107,107,167,'info_buyRequest','a:3:{s:4:\"uenc\";s:76:\"aHR0cDovL3d3dy55b3NveXNhbHVkeWJlbGxlemEubmV0L2luZGV4LnBocC9hY3VsaWZlLmh0bWw,\";s:7:\"product\";s:3:\"167\";s:3:\"qty\";i:1;}'),(108,108,167,'info_buyRequest','a:3:{s:4:\"uenc\";s:76:\"aHR0cDovL3d3dy55b3NveXNhbHVkeWJlbGxlemEubmV0L2luZGV4LnBocC9hY3VsaWZlLmh0bWw,\";s:7:\"product\";s:3:\"167\";s:3:\"qty\";i:1;}'),(109,109,167,'info_buyRequest','a:3:{s:4:\"uenc\";s:76:\"aHR0cDovL3d3dy55b3NveXNhbHVkeWJlbGxlemEubmV0L2luZGV4LnBocC9hY3VsaWZlLmh0bWw,\";s:7:\"product\";s:3:\"167\";s:3:\"qty\";i:1;}'),(110,110,167,'info_buyRequest','a:3:{s:4:\"uenc\";s:48:\"aHR0cDovL3d3dy55b3NveXNhbHVkeWJlbGxlemEubmV0Lw,,\";s:7:\"product\";s:3:\"167\";s:3:\"qty\";i:1;}'),(111,111,167,'info_buyRequest','a:3:{s:4:\"uenc\";s:48:\"aHR0cDovL3d3dy55b3NveXNhbHVkeWJlbGxlemEubmV0Lw,,\";s:7:\"product\";s:3:\"167\";s:3:\"qty\";i:1;}'),(112,112,167,'info_buyRequest','a:3:{s:4:\"uenc\";s:76:\"aHR0cDovL3d3dy55b3NveXNhbHVkeWJlbGxlemEubmV0L2luZGV4LnBocC9hY3VsaWZlLmh0bWw,\";s:7:\"product\";s:3:\"167\";s:3:\"qty\";i:1;}'),(113,113,167,'info_buyRequest','a:3:{s:4:\"uenc\";s:48:\"aHR0cDovL3d3dy55b3NveXNhbHVkeWJlbGxlemEubmV0Lw,,\";s:7:\"product\";s:3:\"167\";s:3:\"qty\";i:1;}');

--
-- Table structure for table `sales_flat_quote_payment`
--

CREATE TABLE `sales_flat_quote_payment` (
  `payment_id` int(10) unsigned NOT NULL AUTO_INCREMENT COMMENT 'Payment Id',
  `quote_id` int(10) unsigned NOT NULL COMMENT 'Quote Id',
  `created_at` timestamp NOT NULL DEFAULT CURRENT_TIMESTAMP ON UPDATE CURRENT_TIMESTAMP COMMENT 'Created At',
  `updated_at` timestamp NOT NULL DEFAULT '0000-00-00 00:00:00' COMMENT 'Updated At',
  `method` varchar(255) DEFAULT NULL COMMENT 'Method',
  `cc_type` varchar(255) DEFAULT NULL COMMENT 'Cc Type',
  `cc_number_enc` varchar(255) DEFAULT NULL COMMENT 'Cc Number Enc',
  `cc_last4` varchar(255) DEFAULT NULL COMMENT 'Cc Last4',
  `cc_cid_enc` varchar(255) DEFAULT NULL COMMENT 'Cc Cid Enc',
  `cc_owner` varchar(255) DEFAULT NULL COMMENT 'Cc Owner',
  `cc_exp_month` smallint(5) unsigned DEFAULT '0' COMMENT 'Cc Exp Month',
  `cc_exp_year` smallint(5) unsigned DEFAULT '0' COMMENT 'Cc Exp Year',
  `cc_ss_owner` varchar(255) DEFAULT NULL COMMENT 'Cc Ss Owner',
  `cc_ss_start_month` smallint(5) unsigned DEFAULT '0' COMMENT 'Cc Ss Start Month',
  `cc_ss_start_year` smallint(5) unsigned DEFAULT '0' COMMENT 'Cc Ss Start Year',
  `cybersource_token` varchar(255) DEFAULT '',
  `paypal_correlation_id` varchar(255) DEFAULT NULL COMMENT 'Paypal Correlation Id',
  `paypal_payer_id` varchar(255) DEFAULT NULL COMMENT 'Paypal Payer Id',
  `paypal_payer_status` varchar(255) DEFAULT NULL COMMENT 'Paypal Payer Status',
  `po_number` varchar(255) DEFAULT NULL COMMENT 'Po Number',
  `ideal_issuer_id` varchar(255) DEFAULT NULL,
  `ideal_issuer_list` varchar(255) DEFAULT NULL,
  `additional_information` text COMMENT 'Additional Information',
  `additional_data` text COMMENT 'Additional Data',
  `cc_ss_issue` varchar(255) DEFAULT NULL COMMENT 'Cc Ss Issue',
  PRIMARY KEY (`payment_id`),
  KEY `IDX_SALES_FLAT_QUOTE_PAYMENT_QUOTE_ID` (`quote_id`),
  CONSTRAINT `FK_SALES_FLAT_QUOTE_PAYMENT_QUOTE_ID_SALES_FLAT_QUOTE_ENTITY_ID` FOREIGN KEY (`quote_id`) REFERENCES `sales_flat_quote` (`entity_id`) ON DELETE CASCADE ON UPDATE CASCADE
) ENGINE=InnoDB AUTO_INCREMENT=10 DEFAULT CHARSET=utf8 COMMENT='Sales Flat Quote Payment';

--
-- Dumping data for table `sales_flat_quote_payment`
--

INSERT INTO `sales_flat_quote_payment` VALUES (1,1,'2013-06-01 18:08:18','2013-06-01 18:08:18',NULL,NULL,NULL,NULL,NULL,NULL,0,0,NULL,0,0,'',NULL,NULL,NULL,NULL,NULL,NULL,NULL,NULL,NULL),(2,62,'2014-09-25 11:08:39','2014-09-25 11:08:39',NULL,NULL,NULL,NULL,NULL,NULL,0,0,NULL,0,0,'',NULL,NULL,NULL,NULL,NULL,NULL,NULL,NULL,NULL),(3,66,'2014-10-02 07:52:17','2014-10-02 07:52:17',NULL,NULL,NULL,NULL,NULL,NULL,0,0,NULL,0,0,'',NULL,NULL,NULL,NULL,NULL,NULL,NULL,NULL,NULL),(4,67,'2014-10-02 11:45:59','2014-10-02 11:45:59',NULL,NULL,NULL,NULL,NULL,NULL,0,0,NULL,0,0,'',NULL,NULL,NULL,NULL,NULL,NULL,NULL,NULL,NULL),(5,68,'2014-10-03 05:12:10','2014-10-03 05:12:10',NULL,NULL,NULL,NULL,NULL,NULL,0,0,NULL,0,0,'',NULL,NULL,NULL,NULL,NULL,NULL,NULL,NULL,NULL),(6,86,'2014-12-17 13:50:23','2014-12-17 13:50:23',NULL,NULL,NULL,NULL,NULL,NULL,0,0,NULL,0,0,'',NULL,NULL,NULL,NULL,NULL,NULL,NULL,NULL,NULL),(7,89,'2014-12-24 12:01:19','2014-12-24 12:01:19',NULL,NULL,NULL,NULL,NULL,NULL,0,0,NULL,0,0,'',NULL,NULL,NULL,NULL,NULL,NULL,NULL,NULL,NULL),(8,94,'2015-01-11 01:15:43','2015-01-11 01:15:43',NULL,NULL,NULL,NULL,NULL,NULL,0,0,NULL,0,0,'',NULL,NULL,NULL,NULL,NULL,NULL,NULL,NULL,NULL),(9,111,'2015-04-04 16:50:57','2015-04-04 16:50:57',NULL,NULL,NULL,NULL,NULL,NULL,0,0,NULL,0,0,'',NULL,NULL,NULL,NULL,NULL,NULL,NULL,NULL,NULL);

--
-- Table structure for table `sales_flat_quote_shipping_rate`
--

CREATE TABLE `sales_flat_quote_shipping_rate` (
  `rate_id` int(10) unsigned NOT NULL AUTO_INCREMENT COMMENT 'Rate Id',
  `address_id` int(10) unsigned NOT NULL COMMENT 'Address Id',
  `created_at` timestamp NOT NULL DEFAULT CURRENT_TIMESTAMP ON UPDATE CURRENT_TIMESTAMP COMMENT 'Created At',
  `updated_at` timestamp NOT NULL DEFAULT '0000-00-00 00:00:00' COMMENT 'Updated At',
  `carrier` varchar(255) DEFAULT NULL COMMENT 'Carrier',
  `carrier_title` varchar(255) DEFAULT NULL COMMENT 'Carrier Title',
  `code` varchar(255) DEFAULT NULL COMMENT 'Code',
  `method` varchar(255) DEFAULT NULL COMMENT 'Method',
  `method_description` text COMMENT 'Method Description',
  `price` decimal(12,4) NOT NULL DEFAULT '0.0000' COMMENT 'Price',
  `method_title` text COMMENT 'Method Title',
  `error_message` text COMMENT 'Error Message',
  PRIMARY KEY (`rate_id`),
  KEY `IDX_SALES_FLAT_QUOTE_SHIPPING_RATE_ADDRESS_ID` (`address_id`),
  CONSTRAINT `FK_B1F177EFB73D3EDF5322BA64AC48D150` FOREIGN KEY (`address_id`) REFERENCES `sales_flat_quote_address` (`address_id`) ON DELETE CASCADE ON UPDATE CASCADE
) ENGINE=InnoDB AUTO_INCREMENT=8 DEFAULT CHARSET=utf8 COMMENT='Sales Flat Quote Shipping Rate';

--
-- Dumping data for table `sales_flat_quote_shipping_rate`
--

INSERT INTO `sales_flat_quote_shipping_rate` VALUES (1,258,'2014-10-02 07:52:07','2014-10-02 07:52:07','flatrate','Flat Rate','flatrate_flatrate','flatrate',NULL,5.0000,'Fixed',NULL),(2,338,'2014-12-17 13:50:17','2014-12-17 13:50:17','flatrate','Flat Rate','flatrate_flatrate','flatrate',NULL,5.0000,'Fixed',NULL),(6,364,'2015-01-09 05:46:26','2015-01-09 05:46:26','flatrate','Flat Rate','flatrate_flatrate','flatrate',NULL,10.0000,'Fixed',NULL),(7,368,'2015-01-11 01:15:39','2015-01-11 01:15:39','flatrate','Flat Rate','flatrate_flatrate','flatrate',NULL,5.0000,'Fixed',NULL);

--
-- Table structure for table `sales_flat_shipment`
--

CREATE TABLE `sales_flat_shipment` (
  `entity_id` int(10) unsigned NOT NULL AUTO_INCREMENT COMMENT 'Entity Id',
  `store_id` smallint(5) unsigned DEFAULT NULL COMMENT 'Store Id',
  `total_weight` decimal(12,4) DEFAULT NULL COMMENT 'Total Weight',
  `total_qty` decimal(12,4) DEFAULT NULL COMMENT 'Total Qty',
  `email_sent` smallint(5) unsigned DEFAULT NULL COMMENT 'Email Sent',
  `order_id` int(10) unsigned NOT NULL COMMENT 'Order Id',
  `customer_id` int(11) DEFAULT NULL COMMENT 'Customer Id',
  `shipping_address_id` int(11) DEFAULT NULL COMMENT 'Shipping Address Id',
  `billing_address_id` int(11) DEFAULT NULL COMMENT 'Billing Address Id',
  `shipment_status` int(11) DEFAULT NULL COMMENT 'Shipment Status',
  `increment_id` varchar(50) DEFAULT NULL COMMENT 'Increment Id',
  `created_at` timestamp NULL DEFAULT NULL COMMENT 'Created At',
  `updated_at` timestamp NULL DEFAULT NULL COMMENT 'Updated At',
  `packages` text COMMENT 'Packed Products in Packages',
  `shipping_label` mediumblob COMMENT 'Shipping Label Content',
  PRIMARY KEY (`entity_id`),
  UNIQUE KEY `UNQ_SALES_FLAT_SHIPMENT_INCREMENT_ID` (`increment_id`),
  KEY `IDX_SALES_FLAT_SHIPMENT_STORE_ID` (`store_id`),
  KEY `IDX_SALES_FLAT_SHIPMENT_TOTAL_QTY` (`total_qty`),
  KEY `IDX_SALES_FLAT_SHIPMENT_ORDER_ID` (`order_id`),
  KEY `IDX_SALES_FLAT_SHIPMENT_CREATED_AT` (`created_at`),
  KEY `IDX_SALES_FLAT_SHIPMENT_UPDATED_AT` (`updated_at`),
  CONSTRAINT `FK_SALES_FLAT_SHIPMENT_ORDER_ID_SALES_FLAT_ORDER_ENTITY_ID` FOREIGN KEY (`order_id`) REFERENCES `sales_flat_order` (`entity_id`) ON DELETE CASCADE ON UPDATE CASCADE,
  CONSTRAINT `FK_SALES_FLAT_SHIPMENT_STORE_ID_CORE_STORE_STORE_ID` FOREIGN KEY (`store_id`) REFERENCES `core_store` (`store_id`) ON DELETE SET NULL ON UPDATE CASCADE
) ENGINE=InnoDB DEFAULT CHARSET=utf8 COMMENT='Sales Flat Shipment';

--
-- Dumping data for table `sales_flat_shipment`
--


--
-- Table structure for table `sales_flat_shipment_comment`
--

CREATE TABLE `sales_flat_shipment_comment` (
  `entity_id` int(10) unsigned NOT NULL AUTO_INCREMENT COMMENT 'Entity Id',
  `parent_id` int(10) unsigned NOT NULL COMMENT 'Parent Id',
  `is_customer_notified` int(11) DEFAULT NULL COMMENT 'Is Customer Notified',
  `is_visible_on_front` smallint(5) unsigned NOT NULL COMMENT 'Is Visible On Front',
  `comment` text COMMENT 'Comment',
  `created_at` timestamp NULL DEFAULT NULL COMMENT 'Created At',
  PRIMARY KEY (`entity_id`),
  KEY `IDX_SALES_FLAT_SHIPMENT_COMMENT_CREATED_AT` (`created_at`),
  KEY `IDX_SALES_FLAT_SHIPMENT_COMMENT_PARENT_ID` (`parent_id`),
  CONSTRAINT `FK_C2D69CC1FB03D2B2B794B0439F6650CF` FOREIGN KEY (`parent_id`) REFERENCES `sales_flat_shipment` (`entity_id`) ON DELETE CASCADE ON UPDATE CASCADE
) ENGINE=InnoDB DEFAULT CHARSET=utf8 COMMENT='Sales Flat Shipment Comment';

--
-- Dumping data for table `sales_flat_shipment_comment`
--


--
-- Table structure for table `sales_flat_shipment_grid`
--

CREATE TABLE `sales_flat_shipment_grid` (
  `entity_id` int(10) unsigned NOT NULL COMMENT 'Entity Id',
  `store_id` smallint(5) unsigned DEFAULT NULL COMMENT 'Store Id',
  `total_qty` decimal(12,4) DEFAULT NULL COMMENT 'Total Qty',
  `order_id` int(10) unsigned NOT NULL COMMENT 'Order Id',
  `shipment_status` int(11) DEFAULT NULL COMMENT 'Shipment Status',
  `increment_id` varchar(50) DEFAULT NULL COMMENT 'Increment Id',
  `order_increment_id` varchar(50) DEFAULT NULL COMMENT 'Order Increment Id',
  `created_at` timestamp NULL DEFAULT NULL COMMENT 'Created At',
  `order_created_at` timestamp NULL DEFAULT NULL COMMENT 'Order Created At',
  `shipping_name` varchar(255) DEFAULT NULL COMMENT 'Shipping Name',
  PRIMARY KEY (`entity_id`),
  UNIQUE KEY `UNQ_SALES_FLAT_SHIPMENT_GRID_INCREMENT_ID` (`increment_id`),
  KEY `IDX_SALES_FLAT_SHIPMENT_GRID_STORE_ID` (`store_id`),
  KEY `IDX_SALES_FLAT_SHIPMENT_GRID_TOTAL_QTY` (`total_qty`),
  KEY `IDX_SALES_FLAT_SHIPMENT_GRID_ORDER_ID` (`order_id`),
  KEY `IDX_SALES_FLAT_SHIPMENT_GRID_SHIPMENT_STATUS` (`shipment_status`),
  KEY `IDX_SALES_FLAT_SHIPMENT_GRID_ORDER_INCREMENT_ID` (`order_increment_id`),
  KEY `IDX_SALES_FLAT_SHIPMENT_GRID_CREATED_AT` (`created_at`),
  KEY `IDX_SALES_FLAT_SHIPMENT_GRID_ORDER_CREATED_AT` (`order_created_at`),
  KEY `IDX_SALES_FLAT_SHIPMENT_GRID_SHIPPING_NAME` (`shipping_name`),
  CONSTRAINT `FK_SALES_FLAT_SHIPMENT_GRID_ENTT_ID_SALES_FLAT_SHIPMENT_ENTT_ID` FOREIGN KEY (`entity_id`) REFERENCES `sales_flat_shipment` (`entity_id`) ON DELETE CASCADE ON UPDATE CASCADE,
  CONSTRAINT `FK_SALES_FLAT_SHIPMENT_GRID_STORE_ID_CORE_STORE_STORE_ID` FOREIGN KEY (`store_id`) REFERENCES `core_store` (`store_id`) ON DELETE SET NULL ON UPDATE CASCADE
) ENGINE=InnoDB DEFAULT CHARSET=utf8 COMMENT='Sales Flat Shipment Grid';

--
-- Dumping data for table `sales_flat_shipment_grid`
--


--
-- Table structure for table `sales_flat_shipment_item`
--

CREATE TABLE `sales_flat_shipment_item` (
  `entity_id` int(10) unsigned NOT NULL AUTO_INCREMENT COMMENT 'Entity Id',
  `parent_id` int(10) unsigned NOT NULL COMMENT 'Parent Id',
  `row_total` decimal(12,4) DEFAULT NULL COMMENT 'Row Total',
  `price` decimal(12,4) DEFAULT NULL COMMENT 'Price',
  `weight` decimal(12,4) DEFAULT NULL COMMENT 'Weight',
  `qty` decimal(12,4) DEFAULT NULL COMMENT 'Qty',
  `product_id` int(11) DEFAULT NULL COMMENT 'Product Id',
  `order_item_id` int(11) DEFAULT NULL COMMENT 'Order Item Id',
  `additional_data` text COMMENT 'Additional Data',
  `description` text COMMENT 'Description',
  `name` varchar(255) DEFAULT NULL COMMENT 'Name',
  `sku` varchar(255) DEFAULT NULL COMMENT 'Sku',
  PRIMARY KEY (`entity_id`),
  KEY `IDX_SALES_FLAT_SHIPMENT_ITEM_PARENT_ID` (`parent_id`),
  CONSTRAINT `FK_3AECE5007D18F159231B87E8306FC02A` FOREIGN KEY (`parent_id`) REFERENCES `sales_flat_shipment` (`entity_id`) ON DELETE CASCADE ON UPDATE CASCADE
) ENGINE=InnoDB DEFAULT CHARSET=utf8 COMMENT='Sales Flat Shipment Item';

--
-- Dumping data for table `sales_flat_shipment_item`
--


--
-- Table structure for table `sales_flat_shipment_track`
--

CREATE TABLE `sales_flat_shipment_track` (
  `entity_id` int(10) unsigned NOT NULL AUTO_INCREMENT COMMENT 'Entity Id',
  `parent_id` int(10) unsigned NOT NULL COMMENT 'Parent Id',
  `weight` decimal(12,4) DEFAULT NULL COMMENT 'Weight',
  `qty` decimal(12,4) DEFAULT NULL COMMENT 'Qty',
  `order_id` int(10) unsigned NOT NULL COMMENT 'Order Id',
  `track_number` text COMMENT 'Number',
  `description` text COMMENT 'Description',
  `title` varchar(255) DEFAULT NULL COMMENT 'Title',
  `carrier_code` varchar(32) DEFAULT NULL COMMENT 'Carrier Code',
  `created_at` timestamp NULL DEFAULT NULL COMMENT 'Created At',
  `updated_at` timestamp NULL DEFAULT NULL COMMENT 'Updated At',
  PRIMARY KEY (`entity_id`),
  KEY `IDX_SALES_FLAT_SHIPMENT_TRACK_PARENT_ID` (`parent_id`),
  KEY `IDX_SALES_FLAT_SHIPMENT_TRACK_ORDER_ID` (`order_id`),
  KEY `IDX_SALES_FLAT_SHIPMENT_TRACK_CREATED_AT` (`created_at`),
  CONSTRAINT `FK_BCD2FA28717D29F37E10A153E6F2F841` FOREIGN KEY (`parent_id`) REFERENCES `sales_flat_shipment` (`entity_id`) ON DELETE CASCADE ON UPDATE CASCADE
) ENGINE=InnoDB DEFAULT CHARSET=utf8 COMMENT='Sales Flat Shipment Track';

--
-- Dumping data for table `sales_flat_shipment_track`
--


--
-- Table structure for table `sales_invoiced_aggregated`
--

CREATE TABLE `sales_invoiced_aggregated` (
  `id` int(10) unsigned NOT NULL AUTO_INCREMENT COMMENT 'Id',
  `period` date DEFAULT NULL COMMENT 'Period',
  `store_id` smallint(5) unsigned DEFAULT NULL COMMENT 'Store Id',
  `order_status` varchar(50) DEFAULT NULL COMMENT 'Order Status',
  `orders_count` int(11) NOT NULL COMMENT 'Orders Count',
  `orders_invoiced` decimal(12,4) DEFAULT NULL COMMENT 'Orders Invoiced',
  `invoiced` decimal(12,4) DEFAULT NULL COMMENT 'Invoiced',
  `invoiced_captured` decimal(12,4) DEFAULT NULL COMMENT 'Invoiced Captured',
  `invoiced_not_captured` decimal(12,4) DEFAULT NULL COMMENT 'Invoiced Not Captured',
  PRIMARY KEY (`id`),
  UNIQUE KEY `UNQ_SALES_INVOICED_AGGREGATED_PERIOD_STORE_ID_ORDER_STATUS` (`period`,`store_id`,`order_status`),
  KEY `IDX_SALES_INVOICED_AGGREGATED_STORE_ID` (`store_id`),
  CONSTRAINT `FK_SALES_INVOICED_AGGREGATED_STORE_ID_CORE_STORE_STORE_ID` FOREIGN KEY (`store_id`) REFERENCES `core_store` (`store_id`) ON DELETE SET NULL ON UPDATE CASCADE
) ENGINE=InnoDB DEFAULT CHARSET=utf8 COMMENT='Sales Invoiced Aggregated';

--
-- Dumping data for table `sales_invoiced_aggregated`
--


--
-- Table structure for table `sales_invoiced_aggregated_order`
--

CREATE TABLE `sales_invoiced_aggregated_order` (
  `id` int(10) unsigned NOT NULL AUTO_INCREMENT COMMENT 'Id',
  `period` date DEFAULT NULL COMMENT 'Period',
  `store_id` smallint(5) unsigned DEFAULT NULL COMMENT 'Store Id',
  `order_status` varchar(50) NOT NULL COMMENT 'Order Status',
  `orders_count` int(11) NOT NULL COMMENT 'Orders Count',
  `orders_invoiced` decimal(12,4) DEFAULT NULL COMMENT 'Orders Invoiced',
  `invoiced` decimal(12,4) DEFAULT NULL COMMENT 'Invoiced',
  `invoiced_captured` decimal(12,4) DEFAULT NULL COMMENT 'Invoiced Captured',
  `invoiced_not_captured` decimal(12,4) DEFAULT NULL COMMENT 'Invoiced Not Captured',
  PRIMARY KEY (`id`),
  UNIQUE KEY `UNQ_SALES_INVOICED_AGGREGATED_ORDER_PERIOD_STORE_ID_ORDER_STATUS` (`period`,`store_id`,`order_status`),
  KEY `IDX_SALES_INVOICED_AGGREGATED_ORDER_STORE_ID` (`store_id`),
  CONSTRAINT `FK_SALES_INVOICED_AGGREGATED_ORDER_STORE_ID_CORE_STORE_STORE_ID` FOREIGN KEY (`store_id`) REFERENCES `core_store` (`store_id`) ON DELETE SET NULL ON UPDATE CASCADE
) ENGINE=InnoDB DEFAULT CHARSET=utf8 COMMENT='Sales Invoiced Aggregated Order';

--
-- Dumping data for table `sales_invoiced_aggregated_order`
--


--
-- Table structure for table `sales_order_aggregated_created`
--

CREATE TABLE `sales_order_aggregated_created` (
  `id` int(10) unsigned NOT NULL AUTO_INCREMENT COMMENT 'Id',
  `period` date DEFAULT NULL COMMENT 'Period',
  `store_id` smallint(5) unsigned DEFAULT NULL COMMENT 'Store Id',
  `order_status` varchar(50) NOT NULL COMMENT 'Order Status',
  `orders_count` int(11) NOT NULL COMMENT 'Orders Count',
  `total_qty_ordered` decimal(12,4) NOT NULL DEFAULT '0.0000' COMMENT 'Total Qty Ordered',
  `total_qty_invoiced` decimal(12,4) NOT NULL DEFAULT '0.0000' COMMENT 'Total Qty Invoiced',
  `total_income_amount` decimal(12,4) NOT NULL DEFAULT '0.0000' COMMENT 'Total Income Amount',
  `total_revenue_amount` decimal(12,4) NOT NULL DEFAULT '0.0000' COMMENT 'Total Revenue Amount',
  `total_profit_amount` decimal(12,4) NOT NULL DEFAULT '0.0000' COMMENT 'Total Profit Amount',
  `total_invoiced_amount` decimal(12,4) NOT NULL DEFAULT '0.0000' COMMENT 'Total Invoiced Amount',
  `total_canceled_amount` decimal(12,4) NOT NULL DEFAULT '0.0000' COMMENT 'Total Canceled Amount',
  `total_paid_amount` decimal(12,4) NOT NULL DEFAULT '0.0000' COMMENT 'Total Paid Amount',
  `total_refunded_amount` decimal(12,4) NOT NULL DEFAULT '0.0000' COMMENT 'Total Refunded Amount',
  `total_tax_amount` decimal(12,4) NOT NULL DEFAULT '0.0000' COMMENT 'Total Tax Amount',
  `total_tax_amount_actual` decimal(12,4) NOT NULL DEFAULT '0.0000' COMMENT 'Total Tax Amount Actual',
  `total_shipping_amount` decimal(12,4) NOT NULL DEFAULT '0.0000' COMMENT 'Total Shipping Amount',
  `total_shipping_amount_actual` decimal(12,4) NOT NULL DEFAULT '0.0000' COMMENT 'Total Shipping Amount Actual',
  `total_discount_amount` decimal(12,4) NOT NULL DEFAULT '0.0000' COMMENT 'Total Discount Amount',
  `total_discount_amount_actual` decimal(12,4) NOT NULL DEFAULT '0.0000' COMMENT 'Total Discount Amount Actual',
  PRIMARY KEY (`id`),
  UNIQUE KEY `UNQ_SALES_ORDER_AGGREGATED_CREATED_PERIOD_STORE_ID_ORDER_STATUS` (`period`,`store_id`,`order_status`),
  KEY `IDX_SALES_ORDER_AGGREGATED_CREATED_STORE_ID` (`store_id`),
  CONSTRAINT `FK_SALES_ORDER_AGGREGATED_CREATED_STORE_ID_CORE_STORE_STORE_ID` FOREIGN KEY (`store_id`) REFERENCES `core_store` (`store_id`) ON DELETE SET NULL ON UPDATE CASCADE
) ENGINE=InnoDB DEFAULT CHARSET=utf8 COMMENT='Sales Order Aggregated Created';

--
-- Dumping data for table `sales_order_aggregated_created`
--


--
-- Table structure for table `sales_order_aggregated_updated`
--

CREATE TABLE `sales_order_aggregated_updated` (
  `id` int(10) unsigned NOT NULL AUTO_INCREMENT COMMENT 'Id',
  `period` date DEFAULT NULL COMMENT 'Period',
  `store_id` smallint(5) unsigned DEFAULT NULL COMMENT 'Store Id',
  `order_status` varchar(50) NOT NULL COMMENT 'Order Status',
  `orders_count` int(11) NOT NULL COMMENT 'Orders Count',
  `total_qty_ordered` decimal(12,4) NOT NULL DEFAULT '0.0000' COMMENT 'Total Qty Ordered',
  `total_qty_invoiced` decimal(12,4) NOT NULL DEFAULT '0.0000' COMMENT 'Total Qty Invoiced',
  `total_income_amount` decimal(12,4) NOT NULL DEFAULT '0.0000' COMMENT 'Total Income Amount',
  `total_revenue_amount` decimal(12,4) NOT NULL DEFAULT '0.0000' COMMENT 'Total Revenue Amount',
  `total_profit_amount` decimal(12,4) NOT NULL DEFAULT '0.0000' COMMENT 'Total Profit Amount',
  `total_invoiced_amount` decimal(12,4) NOT NULL DEFAULT '0.0000' COMMENT 'Total Invoiced Amount',
  `total_canceled_amount` decimal(12,4) NOT NULL DEFAULT '0.0000' COMMENT 'Total Canceled Amount',
  `total_paid_amount` decimal(12,4) NOT NULL DEFAULT '0.0000' COMMENT 'Total Paid Amount',
  `total_refunded_amount` decimal(12,4) NOT NULL DEFAULT '0.0000' COMMENT 'Total Refunded Amount',
  `total_tax_amount` decimal(12,4) NOT NULL DEFAULT '0.0000' COMMENT 'Total Tax Amount',
  `total_tax_amount_actual` decimal(12,4) NOT NULL DEFAULT '0.0000' COMMENT 'Total Tax Amount Actual',
  `total_shipping_amount` decimal(12,4) NOT NULL DEFAULT '0.0000' COMMENT 'Total Shipping Amount',
  `total_shipping_amount_actual` decimal(12,4) NOT NULL DEFAULT '0.0000' COMMENT 'Total Shipping Amount Actual',
  `total_discount_amount` decimal(12,4) NOT NULL DEFAULT '0.0000' COMMENT 'Total Discount Amount',
  `total_discount_amount_actual` decimal(12,4) NOT NULL DEFAULT '0.0000' COMMENT 'Total Discount Amount Actual',
  PRIMARY KEY (`id`),
  UNIQUE KEY `UNQ_SALES_ORDER_AGGREGATED_UPDATED_PERIOD_STORE_ID_ORDER_STATUS` (`period`,`store_id`,`order_status`),
  KEY `IDX_SALES_ORDER_AGGREGATED_UPDATED_STORE_ID` (`store_id`),
  CONSTRAINT `FK_SALES_ORDER_AGGREGATED_UPDATED_STORE_ID_CORE_STORE_STORE_ID` FOREIGN KEY (`store_id`) REFERENCES `core_store` (`store_id`) ON DELETE SET NULL ON UPDATE CASCADE
) ENGINE=InnoDB DEFAULT CHARSET=utf8 COMMENT='Sales Order Aggregated Updated';

--
-- Dumping data for table `sales_order_aggregated_updated`
--


--
-- Table structure for table `sales_order_status`
--

CREATE TABLE `sales_order_status` (
  `status` varchar(32) NOT NULL COMMENT 'Status',
  `label` varchar(128) NOT NULL COMMENT 'Label',
  PRIMARY KEY (`status`)
) ENGINE=InnoDB DEFAULT CHARSET=utf8 COMMENT='Sales Order Status Table';

--
-- Dumping data for table `sales_order_status`
--

INSERT INTO `sales_order_status` VALUES ('canceled','Canceled'),('closed','Closed'),('complete','Complete'),('fraud','Suspected Fraud'),('holded','On Hold'),('payment_review','Payment Review'),('pending','Pending'),('pending_payment','Pending Payment'),('pending_paypal','Pending PayPal'),('processing','Processing');

--
-- Table structure for table `sales_order_status_label`
--

CREATE TABLE `sales_order_status_label` (
  `status` varchar(32) NOT NULL COMMENT 'Status',
  `store_id` smallint(5) unsigned NOT NULL COMMENT 'Store Id',
  `label` varchar(128) NOT NULL COMMENT 'Label',
  PRIMARY KEY (`status`,`store_id`),
  KEY `IDX_SALES_ORDER_STATUS_LABEL_STORE_ID` (`store_id`),
  CONSTRAINT `FK_SALES_ORDER_STATUS_LABEL_STATUS_SALES_ORDER_STATUS_STATUS` FOREIGN KEY (`status`) REFERENCES `sales_order_status` (`status`) ON DELETE CASCADE ON UPDATE CASCADE,
  CONSTRAINT `FK_SALES_ORDER_STATUS_LABEL_STORE_ID_CORE_STORE_STORE_ID` FOREIGN KEY (`store_id`) REFERENCES `core_store` (`store_id`) ON DELETE CASCADE ON UPDATE CASCADE
) ENGINE=InnoDB DEFAULT CHARSET=utf8 COMMENT='Sales Order Status Label Table';

--
-- Dumping data for table `sales_order_status_label`
--


--
-- Table structure for table `sales_order_status_state`
--

CREATE TABLE `sales_order_status_state` (
  `status` varchar(32) NOT NULL COMMENT 'Status',
  `state` varchar(32) NOT NULL COMMENT 'Label',
  `is_default` smallint(5) unsigned NOT NULL COMMENT 'Is Default',
  PRIMARY KEY (`status`,`state`),
  CONSTRAINT `FK_SALES_ORDER_STATUS_STATE_STATUS_SALES_ORDER_STATUS_STATUS` FOREIGN KEY (`status`) REFERENCES `sales_order_status` (`status`) ON DELETE CASCADE ON UPDATE CASCADE
) ENGINE=InnoDB DEFAULT CHARSET=utf8 COMMENT='Sales Order Status Table';

--
-- Dumping data for table `sales_order_status_state`
--

INSERT INTO `sales_order_status_state` VALUES ('canceled','canceled',1),('closed','closed',1),('complete','complete',1),('fraud','payment_review',0),('holded','holded',1),('payment_review','payment_review',1),('pending','new',1),('pending_payment','pending_payment',1),('processing','processing',1);

--
-- Table structure for table `sales_order_tax`
--

CREATE TABLE `sales_order_tax` (
  `tax_id` int(10) unsigned NOT NULL AUTO_INCREMENT COMMENT 'Tax Id',
  `order_id` int(10) unsigned NOT NULL COMMENT 'Order Id',
  `code` varchar(255) DEFAULT NULL COMMENT 'Code',
  `title` varchar(255) DEFAULT NULL COMMENT 'Title',
  `percent` decimal(12,4) DEFAULT NULL COMMENT 'Percent',
  `amount` decimal(12,4) DEFAULT NULL COMMENT 'Amount',
  `priority` int(11) NOT NULL COMMENT 'Priority',
  `position` int(11) NOT NULL COMMENT 'Position',
  `base_amount` decimal(12,4) DEFAULT NULL COMMENT 'Base Amount',
  `process` smallint(6) NOT NULL COMMENT 'Process',
  `base_real_amount` decimal(12,4) DEFAULT NULL COMMENT 'Base Real Amount',
  `hidden` smallint(5) unsigned NOT NULL COMMENT 'Hidden',
  PRIMARY KEY (`tax_id`),
  KEY `IDX_SALES_ORDER_TAX_ORDER_ID_PRIORITY_POSITION` (`order_id`,`priority`,`position`)
) ENGINE=InnoDB DEFAULT CHARSET=utf8 COMMENT='Sales Order Tax Table';

--
-- Dumping data for table `sales_order_tax`
--


--
-- Table structure for table `sales_order_tax_item`
--

CREATE TABLE `sales_order_tax_item` (
  `tax_item_id` int(10) unsigned NOT NULL AUTO_INCREMENT COMMENT 'Tax Item Id',
  `tax_id` int(10) unsigned NOT NULL COMMENT 'Tax Id',
  `item_id` int(10) unsigned NOT NULL COMMENT 'Item Id',
  `tax_percent` decimal(12,4) NOT NULL COMMENT 'Real Tax Percent For Item',
  PRIMARY KEY (`tax_item_id`),
  UNIQUE KEY `UNQ_SALES_ORDER_TAX_ITEM_TAX_ID_ITEM_ID` (`tax_id`,`item_id`),
  KEY `IDX_SALES_ORDER_TAX_ITEM_TAX_ID` (`tax_id`),
  KEY `IDX_SALES_ORDER_TAX_ITEM_ITEM_ID` (`item_id`),
  CONSTRAINT `FK_SALES_ORDER_TAX_ITEM_ITEM_ID_SALES_FLAT_ORDER_ITEM_ITEM_ID` FOREIGN KEY (`item_id`) REFERENCES `sales_flat_order_item` (`item_id`) ON DELETE CASCADE ON UPDATE CASCADE,
  CONSTRAINT `FK_SALES_ORDER_TAX_ITEM_TAX_ID_SALES_ORDER_TAX_TAX_ID` FOREIGN KEY (`tax_id`) REFERENCES `sales_order_tax` (`tax_id`) ON DELETE CASCADE ON UPDATE CASCADE
) ENGINE=InnoDB DEFAULT CHARSET=utf8 COMMENT='Sales Order Tax Item';

--
-- Dumping data for table `sales_order_tax_item`
--


--
-- Table structure for table `sales_payment_transaction`
--

CREATE TABLE `sales_payment_transaction` (
  `transaction_id` int(10) unsigned NOT NULL AUTO_INCREMENT COMMENT 'Transaction Id',
  `parent_id` int(10) unsigned DEFAULT NULL COMMENT 'Parent Id',
  `order_id` int(10) unsigned NOT NULL COMMENT 'Order Id',
  `payment_id` int(10) unsigned NOT NULL COMMENT 'Payment Id',
  `txn_id` varchar(100) DEFAULT NULL COMMENT 'Txn Id',
  `parent_txn_id` varchar(100) DEFAULT NULL COMMENT 'Parent Txn Id',
  `txn_type` varchar(15) DEFAULT NULL COMMENT 'Txn Type',
  `is_closed` smallint(5) unsigned NOT NULL DEFAULT '1' COMMENT 'Is Closed',
  `additional_information` blob COMMENT 'Additional Information',
  `created_at` timestamp NULL DEFAULT NULL COMMENT 'Created At',
  PRIMARY KEY (`transaction_id`),
  UNIQUE KEY `UNQ_SALES_PAYMENT_TRANSACTION_ORDER_ID_PAYMENT_ID_TXN_ID` (`order_id`,`payment_id`,`txn_id`),
  KEY `IDX_SALES_PAYMENT_TRANSACTION_ORDER_ID` (`order_id`),
  KEY `IDX_SALES_PAYMENT_TRANSACTION_PARENT_ID` (`parent_id`),
  KEY `IDX_SALES_PAYMENT_TRANSACTION_PAYMENT_ID` (`payment_id`),
  CONSTRAINT `FK_B99FF1A06402D725EBDB0F3A7ECD47A2` FOREIGN KEY (`parent_id`) REFERENCES `sales_payment_transaction` (`transaction_id`) ON DELETE CASCADE ON UPDATE CASCADE,
  CONSTRAINT `FK_DA51A10B2405B64A4DAEF77A64F0DAAD` FOREIGN KEY (`payment_id`) REFERENCES `sales_flat_order_payment` (`entity_id`) ON DELETE CASCADE ON UPDATE CASCADE,
  CONSTRAINT `FK_SALES_PAYMENT_TRANSACTION_ORDER_ID_SALES_FLAT_ORDER_ENTITY_ID` FOREIGN KEY (`order_id`) REFERENCES `sales_flat_order` (`entity_id`) ON DELETE CASCADE ON UPDATE CASCADE
) ENGINE=InnoDB DEFAULT CHARSET=utf8 COMMENT='Sales Payment Transaction';

--
-- Dumping data for table `sales_payment_transaction`
--


--
-- Table structure for table `sales_recurring_profile`
--

CREATE TABLE `sales_recurring_profile` (
  `profile_id` int(10) unsigned NOT NULL AUTO_INCREMENT COMMENT 'Profile Id',
  `state` varchar(20) NOT NULL COMMENT 'State',
  `customer_id` int(10) unsigned DEFAULT NULL COMMENT 'Customer Id',
  `store_id` smallint(5) unsigned DEFAULT NULL COMMENT 'Store Id',
  `method_code` varchar(32) NOT NULL COMMENT 'Method Code',
  `created_at` timestamp NOT NULL DEFAULT CURRENT_TIMESTAMP ON UPDATE CURRENT_TIMESTAMP COMMENT 'Created At',
  `updated_at` timestamp NULL DEFAULT NULL COMMENT 'Updated At',
  `reference_id` varchar(32) DEFAULT NULL COMMENT 'Reference Id',
  `subscriber_name` varchar(150) DEFAULT NULL COMMENT 'Subscriber Name',
  `start_datetime` timestamp NOT NULL DEFAULT '0000-00-00 00:00:00' COMMENT 'Start Datetime',
  `internal_reference_id` varchar(42) NOT NULL COMMENT 'Internal Reference Id',
  `schedule_description` varchar(255) NOT NULL COMMENT 'Schedule Description',
  `suspension_threshold` smallint(5) unsigned DEFAULT NULL COMMENT 'Suspension Threshold',
  `bill_failed_later` smallint(5) unsigned NOT NULL COMMENT 'Bill Failed Later',
  `period_unit` varchar(20) NOT NULL COMMENT 'Period Unit',
  `period_frequency` smallint(5) unsigned DEFAULT NULL COMMENT 'Period Frequency',
  `period_max_cycles` smallint(5) unsigned DEFAULT NULL COMMENT 'Period Max Cycles',
  `billing_amount` decimal(12,4) NOT NULL DEFAULT '0.0000' COMMENT 'Billing Amount',
  `trial_period_unit` varchar(20) DEFAULT NULL COMMENT 'Trial Period Unit',
  `trial_period_frequency` smallint(5) unsigned DEFAULT NULL COMMENT 'Trial Period Frequency',
  `trial_period_max_cycles` smallint(5) unsigned DEFAULT NULL COMMENT 'Trial Period Max Cycles',
  `trial_billing_amount` text COMMENT 'Trial Billing Amount',
  `currency_code` varchar(3) NOT NULL COMMENT 'Currency Code',
  `shipping_amount` decimal(12,4) DEFAULT NULL COMMENT 'Shipping Amount',
  `tax_amount` decimal(12,4) DEFAULT NULL COMMENT 'Tax Amount',
  `init_amount` decimal(12,4) DEFAULT NULL COMMENT 'Init Amount',
  `init_may_fail` smallint(5) unsigned NOT NULL COMMENT 'Init May Fail',
  `order_info` text NOT NULL COMMENT 'Order Info',
  `order_item_info` text NOT NULL COMMENT 'Order Item Info',
  `billing_address_info` text NOT NULL COMMENT 'Billing Address Info',
  `shipping_address_info` text COMMENT 'Shipping Address Info',
  `profile_vendor_info` text COMMENT 'Profile Vendor Info',
  `additional_info` text COMMENT 'Additional Info',
  PRIMARY KEY (`profile_id`),
  UNIQUE KEY `UNQ_SALES_RECURRING_PROFILE_INTERNAL_REFERENCE_ID` (`internal_reference_id`),
  KEY `IDX_SALES_RECURRING_PROFILE_CUSTOMER_ID` (`customer_id`),
  KEY `IDX_SALES_RECURRING_PROFILE_STORE_ID` (`store_id`),
  CONSTRAINT `FK_SALES_RECURRING_PROFILE_CUSTOMER_ID_CUSTOMER_ENTITY_ENTITY_ID` FOREIGN KEY (`customer_id`) REFERENCES `customer_entity` (`entity_id`) ON DELETE SET NULL ON UPDATE CASCADE,
  CONSTRAINT `FK_SALES_RECURRING_PROFILE_STORE_ID_CORE_STORE_STORE_ID` FOREIGN KEY (`store_id`) REFERENCES `core_store` (`store_id`) ON DELETE SET NULL ON UPDATE CASCADE
) ENGINE=InnoDB DEFAULT CHARSET=utf8 COMMENT='Sales Recurring Profile';

--
-- Dumping data for table `sales_recurring_profile`
--


--
-- Table structure for table `sales_recurring_profile_order`
--

CREATE TABLE `sales_recurring_profile_order` (
  `link_id` int(10) unsigned NOT NULL AUTO_INCREMENT COMMENT 'Link Id',
  `profile_id` int(10) unsigned NOT NULL COMMENT 'Profile Id',
  `order_id` int(10) unsigned NOT NULL COMMENT 'Order Id',
  PRIMARY KEY (`link_id`),
  UNIQUE KEY `UNQ_SALES_RECURRING_PROFILE_ORDER_PROFILE_ID_ORDER_ID` (`profile_id`,`order_id`),
  KEY `IDX_SALES_RECURRING_PROFILE_ORDER_ORDER_ID` (`order_id`),
  CONSTRAINT `FK_7FF85741C66DCD37A4FBE3E3255A5A01` FOREIGN KEY (`order_id`) REFERENCES `sales_flat_order` (`entity_id`) ON DELETE CASCADE ON UPDATE CASCADE,
  CONSTRAINT `FK_B8A7A5397B67455786E55461748C59F4` FOREIGN KEY (`profile_id`) REFERENCES `sales_recurring_profile` (`profile_id`) ON DELETE CASCADE ON UPDATE CASCADE
) ENGINE=InnoDB DEFAULT CHARSET=utf8 COMMENT='Sales Recurring Profile Order';

--
-- Dumping data for table `sales_recurring_profile_order`
--


--
-- Table structure for table `sales_refunded_aggregated`
--

CREATE TABLE `sales_refunded_aggregated` (
  `id` int(10) unsigned NOT NULL AUTO_INCREMENT COMMENT 'Id',
  `period` date DEFAULT NULL COMMENT 'Period',
  `store_id` smallint(5) unsigned DEFAULT NULL COMMENT 'Store Id',
  `order_status` varchar(50) NOT NULL COMMENT 'Order Status',
  `orders_count` int(11) NOT NULL COMMENT 'Orders Count',
  `refunded` decimal(12,4) DEFAULT NULL COMMENT 'Refunded',
  `online_refunded` decimal(12,4) DEFAULT NULL COMMENT 'Online Refunded',
  `offline_refunded` decimal(12,4) DEFAULT NULL COMMENT 'Offline Refunded',
  PRIMARY KEY (`id`),
  UNIQUE KEY `UNQ_SALES_REFUNDED_AGGREGATED_PERIOD_STORE_ID_ORDER_STATUS` (`period`,`store_id`,`order_status`),
  KEY `IDX_SALES_REFUNDED_AGGREGATED_STORE_ID` (`store_id`),
  CONSTRAINT `FK_SALES_REFUNDED_AGGREGATED_STORE_ID_CORE_STORE_STORE_ID` FOREIGN KEY (`store_id`) REFERENCES `core_store` (`store_id`) ON DELETE SET NULL ON UPDATE CASCADE
) ENGINE=InnoDB DEFAULT CHARSET=utf8 COMMENT='Sales Refunded Aggregated';

--
-- Dumping data for table `sales_refunded_aggregated`
--


--
-- Table structure for table `sales_refunded_aggregated_order`
--

CREATE TABLE `sales_refunded_aggregated_order` (
  `id` int(10) unsigned NOT NULL AUTO_INCREMENT COMMENT 'Id',
  `period` date DEFAULT NULL COMMENT 'Period',
  `store_id` smallint(5) unsigned DEFAULT NULL COMMENT 'Store Id',
  `order_status` varchar(50) DEFAULT NULL COMMENT 'Order Status',
  `orders_count` int(11) NOT NULL COMMENT 'Orders Count',
  `refunded` decimal(12,4) DEFAULT NULL COMMENT 'Refunded',
  `online_refunded` decimal(12,4) DEFAULT NULL COMMENT 'Online Refunded',
  `offline_refunded` decimal(12,4) DEFAULT NULL COMMENT 'Offline Refunded',
  PRIMARY KEY (`id`),
  UNIQUE KEY `UNQ_SALES_REFUNDED_AGGREGATED_ORDER_PERIOD_STORE_ID_ORDER_STATUS` (`period`,`store_id`,`order_status`),
  KEY `IDX_SALES_REFUNDED_AGGREGATED_ORDER_STORE_ID` (`store_id`),
  CONSTRAINT `FK_SALES_REFUNDED_AGGREGATED_ORDER_STORE_ID_CORE_STORE_STORE_ID` FOREIGN KEY (`store_id`) REFERENCES `core_store` (`store_id`) ON DELETE SET NULL ON UPDATE CASCADE
) ENGINE=InnoDB DEFAULT CHARSET=utf8 COMMENT='Sales Refunded Aggregated Order';

--
-- Dumping data for table `sales_refunded_aggregated_order`
--


--
-- Table structure for table `sales_shipping_aggregated`
--

CREATE TABLE `sales_shipping_aggregated` (
  `id` int(10) unsigned NOT NULL AUTO_INCREMENT COMMENT 'Id',
  `period` date DEFAULT NULL COMMENT 'Period',
  `store_id` smallint(5) unsigned DEFAULT NULL COMMENT 'Store Id',
  `order_status` varchar(50) DEFAULT NULL COMMENT 'Order Status',
  `shipping_description` varchar(255) DEFAULT NULL COMMENT 'Shipping Description',
  `orders_count` int(11) NOT NULL COMMENT 'Orders Count',
  `total_shipping` decimal(12,4) DEFAULT NULL COMMENT 'Total Shipping',
  `total_shipping_actual` decimal(12,4) DEFAULT NULL COMMENT 'Total Shipping Actual',
  PRIMARY KEY (`id`),
  UNIQUE KEY `UNQ_SALES_SHPP_AGGRED_PERIOD_STORE_ID_ORDER_STS_SHPP_DESCRIPTION` (`period`,`store_id`,`order_status`,`shipping_description`),
  KEY `IDX_SALES_SHIPPING_AGGREGATED_STORE_ID` (`store_id`),
  CONSTRAINT `FK_SALES_SHIPPING_AGGREGATED_STORE_ID_CORE_STORE_STORE_ID` FOREIGN KEY (`store_id`) REFERENCES `core_store` (`store_id`) ON DELETE SET NULL ON UPDATE CASCADE
) ENGINE=InnoDB DEFAULT CHARSET=utf8 COMMENT='Sales Shipping Aggregated';

--
-- Dumping data for table `sales_shipping_aggregated`
--


--
-- Table structure for table `sales_shipping_aggregated_order`
--

CREATE TABLE `sales_shipping_aggregated_order` (
  `id` int(10) unsigned NOT NULL AUTO_INCREMENT COMMENT 'Id',
  `period` date DEFAULT NULL COMMENT 'Period',
  `store_id` smallint(5) unsigned DEFAULT NULL COMMENT 'Store Id',
  `order_status` varchar(50) DEFAULT NULL COMMENT 'Order Status',
  `shipping_description` varchar(255) DEFAULT NULL COMMENT 'Shipping Description',
  `orders_count` int(11) NOT NULL COMMENT 'Orders Count',
  `total_shipping` decimal(12,4) DEFAULT NULL COMMENT 'Total Shipping',
  `total_shipping_actual` decimal(12,4) DEFAULT NULL COMMENT 'Total Shipping Actual',
  PRIMARY KEY (`id`),
  UNIQUE KEY `C05FAE47282EEA68654D0924E946761F` (`period`,`store_id`,`order_status`,`shipping_description`),
  KEY `IDX_SALES_SHIPPING_AGGREGATED_ORDER_STORE_ID` (`store_id`),
  CONSTRAINT `FK_SALES_SHIPPING_AGGREGATED_ORDER_STORE_ID_CORE_STORE_STORE_ID` FOREIGN KEY (`store_id`) REFERENCES `core_store` (`store_id`) ON DELETE SET NULL ON UPDATE CASCADE
) ENGINE=InnoDB DEFAULT CHARSET=utf8 COMMENT='Sales Shipping Aggregated Order';

--
-- Dumping data for table `sales_shipping_aggregated_order`
--


--
-- Table structure for table `salesrule`
--

CREATE TABLE `salesrule` (
  `rule_id` int(10) unsigned NOT NULL AUTO_INCREMENT COMMENT 'Rule Id',
  `name` varchar(255) DEFAULT NULL COMMENT 'Name',
  `description` text COMMENT 'Description',
  `from_date` date DEFAULT NULL,
  `to_date` date DEFAULT NULL,
  `uses_per_customer` int(11) NOT NULL DEFAULT '0' COMMENT 'Uses Per Customer',
  `is_active` smallint(6) NOT NULL DEFAULT '0' COMMENT 'Is Active',
  `conditions_serialized` mediumtext COMMENT 'Conditions Serialized',
  `actions_serialized` mediumtext COMMENT 'Actions Serialized',
  `stop_rules_processing` smallint(6) NOT NULL DEFAULT '1' COMMENT 'Stop Rules Processing',
  `is_advanced` smallint(5) unsigned NOT NULL DEFAULT '1' COMMENT 'Is Advanced',
  `product_ids` text COMMENT 'Product Ids',
  `sort_order` int(10) unsigned NOT NULL DEFAULT '0' COMMENT 'Sort Order',
  `simple_action` varchar(32) DEFAULT NULL COMMENT 'Simple Action',
  `discount_amount` decimal(12,4) NOT NULL DEFAULT '0.0000' COMMENT 'Discount Amount',
  `discount_qty` decimal(12,4) DEFAULT NULL COMMENT 'Discount Qty',
  `discount_step` int(10) unsigned NOT NULL DEFAULT '0' COMMENT 'Discount Step',
  `simple_free_shipping` smallint(5) unsigned NOT NULL DEFAULT '0' COMMENT 'Simple Free Shipping',
  `apply_to_shipping` smallint(5) unsigned NOT NULL DEFAULT '0' COMMENT 'Apply To Shipping',
  `times_used` int(10) unsigned NOT NULL DEFAULT '0' COMMENT 'Times Used',
  `is_rss` smallint(6) NOT NULL DEFAULT '0' COMMENT 'Is Rss',
  `coupon_type` smallint(5) unsigned NOT NULL DEFAULT '1' COMMENT 'Coupon Type',
  `use_auto_generation` smallint(6) NOT NULL DEFAULT '0' COMMENT 'Use Auto Generation',
  `uses_per_coupon` int(11) NOT NULL DEFAULT '0' COMMENT 'Uses Per Coupon',
  PRIMARY KEY (`rule_id`),
  KEY `IDX_SALESRULE_IS_ACTIVE_SORT_ORDER_TO_DATE_FROM_DATE` (`is_active`,`sort_order`,`to_date`,`from_date`)
) ENGINE=InnoDB DEFAULT CHARSET=utf8 COMMENT='Salesrule';

--
-- Dumping data for table `salesrule`
--


--
-- Table structure for table `salesrule_coupon`
--

CREATE TABLE `salesrule_coupon` (
  `coupon_id` int(10) unsigned NOT NULL AUTO_INCREMENT COMMENT 'Coupon Id',
  `rule_id` int(10) unsigned NOT NULL COMMENT 'Rule Id',
  `code` varchar(255) DEFAULT NULL COMMENT 'Code',
  `usage_limit` int(10) unsigned DEFAULT NULL COMMENT 'Usage Limit',
  `usage_per_customer` int(10) unsigned DEFAULT NULL COMMENT 'Usage Per Customer',
  `times_used` int(10) unsigned NOT NULL DEFAULT '0' COMMENT 'Times Used',
  `expiration_date` timestamp NULL DEFAULT NULL COMMENT 'Expiration Date',
  `is_primary` smallint(5) unsigned DEFAULT NULL COMMENT 'Is Primary',
  `created_at` timestamp NOT NULL DEFAULT CURRENT_TIMESTAMP COMMENT 'Coupon Code Creation Date',
  `type` smallint(6) DEFAULT '0' COMMENT 'Coupon Code Type',
  PRIMARY KEY (`coupon_id`),
  UNIQUE KEY `UNQ_SALESRULE_COUPON_CODE` (`code`),
  UNIQUE KEY `UNQ_SALESRULE_COUPON_RULE_ID_IS_PRIMARY` (`rule_id`,`is_primary`),
  KEY `IDX_SALESRULE_COUPON_RULE_ID` (`rule_id`),
  CONSTRAINT `FK_SALESRULE_COUPON_RULE_ID_SALESRULE_RULE_ID` FOREIGN KEY (`rule_id`) REFERENCES `salesrule` (`rule_id`) ON DELETE CASCADE ON UPDATE CASCADE
) ENGINE=InnoDB DEFAULT CHARSET=utf8 COMMENT='Salesrule Coupon';

--
-- Dumping data for table `salesrule_coupon`
--


--
-- Table structure for table `salesrule_coupon_usage`
--

CREATE TABLE `salesrule_coupon_usage` (
  `coupon_id` int(10) unsigned NOT NULL COMMENT 'Coupon Id',
  `customer_id` int(10) unsigned NOT NULL COMMENT 'Customer Id',
  `times_used` int(10) unsigned NOT NULL DEFAULT '0' COMMENT 'Times Used',
  PRIMARY KEY (`coupon_id`,`customer_id`),
  KEY `IDX_SALESRULE_COUPON_USAGE_COUPON_ID` (`coupon_id`),
  KEY `IDX_SALESRULE_COUPON_USAGE_CUSTOMER_ID` (`customer_id`),
  CONSTRAINT `FK_SALESRULE_COUPON_USAGE_COUPON_ID_SALESRULE_COUPON_COUPON_ID` FOREIGN KEY (`coupon_id`) REFERENCES `salesrule_coupon` (`coupon_id`) ON DELETE CASCADE ON UPDATE CASCADE,
  CONSTRAINT `FK_SALESRULE_COUPON_USAGE_CUSTOMER_ID_CUSTOMER_ENTITY_ENTITY_ID` FOREIGN KEY (`customer_id`) REFERENCES `customer_entity` (`entity_id`) ON DELETE CASCADE ON UPDATE CASCADE
) ENGINE=InnoDB DEFAULT CHARSET=utf8 COMMENT='Salesrule Coupon Usage';

--
-- Dumping data for table `salesrule_coupon_usage`
--


--
-- Table structure for table `salesrule_customer`
--

CREATE TABLE `salesrule_customer` (
  `rule_customer_id` int(10) unsigned NOT NULL AUTO_INCREMENT COMMENT 'Rule Customer Id',
  `rule_id` int(10) unsigned NOT NULL DEFAULT '0' COMMENT 'Rule Id',
  `customer_id` int(10) unsigned NOT NULL DEFAULT '0' COMMENT 'Customer Id',
  `times_used` smallint(5) unsigned NOT NULL DEFAULT '0' COMMENT 'Times Used',
  PRIMARY KEY (`rule_customer_id`),
  KEY `IDX_SALESRULE_CUSTOMER_RULE_ID_CUSTOMER_ID` (`rule_id`,`customer_id`),
  KEY `IDX_SALESRULE_CUSTOMER_CUSTOMER_ID_RULE_ID` (`customer_id`,`rule_id`),
  CONSTRAINT `FK_SALESRULE_CUSTOMER_CUSTOMER_ID_CUSTOMER_ENTITY_ENTITY_ID` FOREIGN KEY (`customer_id`) REFERENCES `customer_entity` (`entity_id`) ON DELETE CASCADE ON UPDATE CASCADE,
  CONSTRAINT `FK_SALESRULE_CUSTOMER_RULE_ID_SALESRULE_RULE_ID` FOREIGN KEY (`rule_id`) REFERENCES `salesrule` (`rule_id`) ON DELETE CASCADE ON UPDATE CASCADE
) ENGINE=InnoDB DEFAULT CHARSET=utf8 COMMENT='Salesrule Customer';

--
-- Dumping data for table `salesrule_customer`
--


--
-- Table structure for table `salesrule_customer_group`
--

CREATE TABLE `salesrule_customer_group` (
  `rule_id` int(10) unsigned NOT NULL COMMENT 'Rule Id',
  `customer_group_id` smallint(5) unsigned NOT NULL COMMENT 'Customer Group Id',
  PRIMARY KEY (`rule_id`,`customer_group_id`),
  KEY `IDX_SALESRULE_CUSTOMER_GROUP_RULE_ID` (`rule_id`),
  KEY `IDX_SALESRULE_CUSTOMER_GROUP_CUSTOMER_GROUP_ID` (`customer_group_id`),
  CONSTRAINT `FK_SALESRULE_CSTR_GROUP_CSTR_GROUP_ID_CSTR_GROUP_CSTR_GROUP_ID` FOREIGN KEY (`customer_group_id`) REFERENCES `customer_group` (`customer_group_id`) ON DELETE CASCADE ON UPDATE CASCADE,
  CONSTRAINT `FK_SALESRULE_CUSTOMER_GROUP_RULE_ID_SALESRULE_RULE_ID` FOREIGN KEY (`rule_id`) REFERENCES `salesrule` (`rule_id`) ON DELETE CASCADE ON UPDATE CASCADE
) ENGINE=InnoDB DEFAULT CHARSET=utf8 COMMENT='Sales Rules To Customer Groups Relations';

--
-- Dumping data for table `salesrule_customer_group`
--


--
-- Table structure for table `salesrule_label`
--

CREATE TABLE `salesrule_label` (
  `label_id` int(10) unsigned NOT NULL AUTO_INCREMENT COMMENT 'Label Id',
  `rule_id` int(10) unsigned NOT NULL COMMENT 'Rule Id',
  `store_id` smallint(5) unsigned NOT NULL COMMENT 'Store Id',
  `label` varchar(255) DEFAULT NULL COMMENT 'Label',
  PRIMARY KEY (`label_id`),
  UNIQUE KEY `UNQ_SALESRULE_LABEL_RULE_ID_STORE_ID` (`rule_id`,`store_id`),
  KEY `IDX_SALESRULE_LABEL_STORE_ID` (`store_id`),
  KEY `IDX_SALESRULE_LABEL_RULE_ID` (`rule_id`),
  CONSTRAINT `FK_SALESRULE_LABEL_RULE_ID_SALESRULE_RULE_ID` FOREIGN KEY (`rule_id`) REFERENCES `salesrule` (`rule_id`) ON DELETE CASCADE ON UPDATE CASCADE,
  CONSTRAINT `FK_SALESRULE_LABEL_STORE_ID_CORE_STORE_STORE_ID` FOREIGN KEY (`store_id`) REFERENCES `core_store` (`store_id`) ON DELETE CASCADE ON UPDATE CASCADE
) ENGINE=InnoDB DEFAULT CHARSET=utf8 COMMENT='Salesrule Label';

--
-- Dumping data for table `salesrule_label`
--


--
-- Table structure for table `salesrule_product_attribute`
--

CREATE TABLE `salesrule_product_attribute` (
  `rule_id` int(10) unsigned NOT NULL COMMENT 'Rule Id',
  `website_id` smallint(5) unsigned NOT NULL COMMENT 'Website Id',
  `customer_group_id` smallint(5) unsigned NOT NULL COMMENT 'Customer Group Id',
  `attribute_id` smallint(5) unsigned NOT NULL COMMENT 'Attribute Id',
  PRIMARY KEY (`rule_id`,`website_id`,`customer_group_id`,`attribute_id`),
  KEY `IDX_SALESRULE_PRODUCT_ATTRIBUTE_WEBSITE_ID` (`website_id`),
  KEY `IDX_SALESRULE_PRODUCT_ATTRIBUTE_CUSTOMER_GROUP_ID` (`customer_group_id`),
  KEY `IDX_SALESRULE_PRODUCT_ATTRIBUTE_ATTRIBUTE_ID` (`attribute_id`),
  CONSTRAINT `FK_SALESRULE_PRD_ATTR_ATTR_ID_EAV_ATTR_ATTR_ID` FOREIGN KEY (`attribute_id`) REFERENCES `eav_attribute` (`attribute_id`) ON DELETE CASCADE ON UPDATE NO ACTION,
  CONSTRAINT `FK_SALESRULE_PRD_ATTR_CSTR_GROUP_ID_CSTR_GROUP_CSTR_GROUP_ID` FOREIGN KEY (`customer_group_id`) REFERENCES `customer_group` (`customer_group_id`) ON DELETE CASCADE ON UPDATE NO ACTION,
  CONSTRAINT `FK_SALESRULE_PRD_ATTR_WS_ID_CORE_WS_WS_ID` FOREIGN KEY (`website_id`) REFERENCES `core_website` (`website_id`) ON DELETE CASCADE ON UPDATE NO ACTION,
  CONSTRAINT `FK_SALESRULE_PRODUCT_ATTRIBUTE_RULE_ID_SALESRULE_RULE_ID` FOREIGN KEY (`rule_id`) REFERENCES `salesrule` (`rule_id`) ON DELETE CASCADE ON UPDATE NO ACTION
) ENGINE=InnoDB DEFAULT CHARSET=utf8 COMMENT='Salesrule Product Attribute';

--
-- Dumping data for table `salesrule_product_attribute`
--


--
-- Table structure for table `salesrule_website`
--

CREATE TABLE `salesrule_website` (
  `rule_id` int(10) unsigned NOT NULL COMMENT 'Rule Id',
  `website_id` smallint(5) unsigned NOT NULL COMMENT 'Website Id',
  PRIMARY KEY (`rule_id`,`website_id`),
  KEY `IDX_SALESRULE_WEBSITE_RULE_ID` (`rule_id`),
  KEY `IDX_SALESRULE_WEBSITE_WEBSITE_ID` (`website_id`),
  CONSTRAINT `FK_SALESRULE_WEBSITE_RULE_ID_SALESRULE_RULE_ID` FOREIGN KEY (`rule_id`) REFERENCES `salesrule` (`rule_id`) ON DELETE CASCADE ON UPDATE CASCADE,
  CONSTRAINT `FK_SALESRULE_WEBSITE_WEBSITE_ID_CORE_WEBSITE_WEBSITE_ID` FOREIGN KEY (`website_id`) REFERENCES `core_website` (`website_id`) ON DELETE CASCADE ON UPDATE CASCADE
) ENGINE=InnoDB DEFAULT CHARSET=utf8 COMMENT='Sales Rules To Websites Relations';

--
-- Dumping data for table `salesrule_website`
--


--
-- Table structure for table `sendfriend_log`
--

CREATE TABLE `sendfriend_log` (
  `log_id` int(10) unsigned NOT NULL AUTO_INCREMENT COMMENT 'Log ID',
  `ip` bigint(20) unsigned NOT NULL DEFAULT '0' COMMENT 'Customer IP address',
  `time` int(10) unsigned NOT NULL DEFAULT '0' COMMENT 'Log time',
  `website_id` smallint(5) unsigned NOT NULL DEFAULT '0' COMMENT 'Website ID',
  PRIMARY KEY (`log_id`),
  KEY `IDX_SENDFRIEND_LOG_IP` (`ip`),
  KEY `IDX_SENDFRIEND_LOG_TIME` (`time`)
) ENGINE=InnoDB DEFAULT CHARSET=utf8 COMMENT='Send to friend function log storage table';

--
-- Dumping data for table `sendfriend_log`
--


--
-- Table structure for table `shipping_tablerate`
--

CREATE TABLE `shipping_tablerate` (
  `pk` int(10) unsigned NOT NULL AUTO_INCREMENT COMMENT 'Primary key',
  `website_id` int(11) NOT NULL DEFAULT '0' COMMENT 'Website Id',
  `dest_country_id` varchar(4) NOT NULL DEFAULT '0' COMMENT 'Destination coutry ISO/2 or ISO/3 code',
  `dest_region_id` int(11) NOT NULL DEFAULT '0' COMMENT 'Destination Region Id',
  `dest_zip` varchar(10) NOT NULL DEFAULT '*' COMMENT 'Destination Post Code (Zip)',
  `condition_name` varchar(20) NOT NULL COMMENT 'Rate Condition name',
  `condition_value` decimal(12,4) NOT NULL DEFAULT '0.0000' COMMENT 'Rate condition value',
  `price` decimal(12,4) NOT NULL DEFAULT '0.0000' COMMENT 'Price',
  `cost` decimal(12,4) NOT NULL DEFAULT '0.0000' COMMENT 'Cost',
  PRIMARY KEY (`pk`),
  UNIQUE KEY `D60821CDB2AFACEE1566CFC02D0D4CAA` (`website_id`,`dest_country_id`,`dest_region_id`,`dest_zip`,`condition_name`,`condition_value`)
) ENGINE=InnoDB DEFAULT CHARSET=utf8 COMMENT='Shipping Tablerate';

--
-- Dumping data for table `shipping_tablerate`
--


--
-- Table structure for table `sitemap`
--

CREATE TABLE `sitemap` (
  `sitemap_id` int(10) unsigned NOT NULL AUTO_INCREMENT COMMENT 'Sitemap Id',
  `sitemap_type` varchar(32) DEFAULT NULL COMMENT 'Sitemap Type',
  `sitemap_filename` varchar(32) DEFAULT NULL COMMENT 'Sitemap Filename',
  `sitemap_path` varchar(255) DEFAULT NULL COMMENT 'Sitemap Path',
  `sitemap_time` timestamp NULL DEFAULT NULL COMMENT 'Sitemap Time',
  `store_id` smallint(5) unsigned NOT NULL DEFAULT '0' COMMENT 'Store id',
  PRIMARY KEY (`sitemap_id`),
  KEY `IDX_SITEMAP_STORE_ID` (`store_id`),
  CONSTRAINT `FK_SITEMAP_STORE_ID_CORE_STORE_STORE_ID` FOREIGN KEY (`store_id`) REFERENCES `core_store` (`store_id`) ON DELETE CASCADE ON UPDATE CASCADE
) ENGINE=InnoDB DEFAULT CHARSET=utf8 COMMENT='Google Sitemap';

--
-- Dumping data for table `sitemap`
--


--
-- Table structure for table `tag`
--

CREATE TABLE `tag` (
  `tag_id` int(10) unsigned NOT NULL AUTO_INCREMENT COMMENT 'Tag Id',
  `name` varchar(255) DEFAULT NULL COMMENT 'Name',
  `status` smallint(6) NOT NULL DEFAULT '0' COMMENT 'Status',
  `first_customer_id` int(10) unsigned DEFAULT NULL COMMENT 'First Customer Id',
  `first_store_id` smallint(5) unsigned DEFAULT NULL COMMENT 'First Store Id',
  PRIMARY KEY (`tag_id`),
  KEY `FK_TAG_FIRST_CUSTOMER_ID_CUSTOMER_ENTITY_ENTITY_ID` (`first_customer_id`),
  KEY `FK_TAG_FIRST_STORE_ID_CORE_STORE_STORE_ID` (`first_store_id`),
  CONSTRAINT `FK_TAG_FIRST_CUSTOMER_ID_CUSTOMER_ENTITY_ENTITY_ID` FOREIGN KEY (`first_customer_id`) REFERENCES `customer_entity` (`entity_id`) ON DELETE SET NULL ON UPDATE NO ACTION,
  CONSTRAINT `FK_TAG_FIRST_STORE_ID_CORE_STORE_STORE_ID` FOREIGN KEY (`first_store_id`) REFERENCES `core_store` (`store_id`) ON DELETE SET NULL ON UPDATE NO ACTION
) ENGINE=InnoDB AUTO_INCREMENT=199 DEFAULT CHARSET=utf8 ROW_FORMAT=DYNAMIC COMMENT='Tag';

--
-- Dumping data for table `tag`
--

INSERT INTO `tag` VALUES (1,'bed',1,1,1),(2,'trendy',1,1,1),(3,'wood',1,1,1),(4,'young',1,1,1),(5,'hip',1,1,1),(6,'Excellent',1,1,1),(7,'Furniture',1,1,1),(8,'modern',1,1,1),(9,'pocket',1,1,1),(10,'clean',1,1,1),(11,'apple',1,1,1),(12,'cool',1,1,1),(13,'universal',1,1,1),(14,'clogs',1,1,1),(15,'outdoor',1,1,1),(16,'green',1,1,1),(17,'bones',1,1,1),(18,'pda',1,1,1),(19,'slider',1,1,1),(20,'mobile',1,1,1),(21,'joe',1,1,1),(22,'laces',1,1,1),(23,'Camera',1,1,2),(24,'charger',1,1,2),(25,'Geil',1,1,2),(26,'crackberry',1,1,1),(27,'SEXY',1,1,1),(28,'tight',1,1,1),(29,'Test',1,1,1),(30,'red',1,1,1),(31,'sandals',1,1,1),(32,'design',1,1,1),(33,'ugly',1,1,1),(34,'rubber',1,1,1),(35,'light',1,1,1),(36,'monikas',1,1,1),(37,'t-shirt',1,1,1),(38,'test,',1,1,1),(39,'Sportsshoes',1,1,1),(40,'very',1,1,1),(41,'good',1,1,1),(42,'phone',1,1,1),(43,'favorite',1,1,1),(44,'shoe',1,1,1),(45,'shirt',1,1,1),(46,'monkeybutt',1,1,1),(47,'pizzamonkey',1,1,1),(48,'silver',1,1,1),(49,'black',1,1,1),(50,'sony',1,1,1),(51,'laptop',1,1,1),(52,'compact',1,1,1),(53,'small screen',1,1,1),(54,'tee-shirt',1,1,1),(55,'computer',1,1,1),(56,'shoes',1,1,1),(57,'sandale',1,1,1),(58,'tina',1,1,1),(59,'brown',1,1,1),(60,'lova',1,1,1),(61,'Tag',1,1,1),(62,'toes',-1,1,1),(63,'mniam',1,1,1),(64,'couch',1,1,1),(65,'chair',1,1,1),(66,'sandals,',1,1,1),(67,'blue,',1,1,1),(68,'shoes,',1,1,1),(69,'small',1,1,1),(70,'nice',1,1,1),(71,'badassness',1,1,1),(72,'cellotastic',1,1,1),(73,'macbook',1,1,1),(74,'mac',1,1,1),(75,'thongs',1,1,1),(76,'bla',1,1,3),(77,'notebook',1,1,2),(78,'phonex',1,1,1),(79,'süper',1,1,1),(80,'testing',1,1,1),(81,'awesome',1,1,1),(82,'holeys',1,1,1),(83,'Innovate',1,1,1),(84,'buenisimo',1,1,1),(85,'laptopik',1,1,1),(86,'rouge',1,1,1),(87,'modern,',1,1,1),(88,'moderne',1,1,1),(89,'blue',1,1,1),(90,'sandally',1,1,1),(91,'zoom',1,1,1),(92,'amazing',1,1,1),(93,'acer',1,1,1),(94,'portable',1,1,1),(95,'nippley',1,1,1),(96,'headless',1,1,1),(97,'prettyboy',1,1,1),(98,'grey',1,1,1),(99,'pouffe',1,1,1),(100,'teste',1,1,1),(101,'photography',1,1,1),(102,'handy',1,1,2),(103,'strange',1,1,2),(104,'skeleton',1,1,2),(105,'terry\'s',1,1,1),(106,'green,',1,1,1),(107,'sexy,',1,1,1),(108,'hi',1,1,1),(109,'Hohoho',1,1,2),(110,'Image',1,1,1),(111,'canape',1,1,1),(112,'chic',1,1,1),(113,'dresser',1,1,1),(114,'lens',1,1,1),(115,'schoen',1,1,1),(116,'golf',1,1,1),(117,'philip',1,1,1),(118,'coconut',1,1,1),(119,'mytag',1,1,1),(120,'mesas',1,1,1),(121,'hideous',1,1,1),(122,'mystuff',1,1,1),(123,'user',1,1,1),(124,'shittt',1,1,1),(125,'sex',1,1,1),(126,'sucks',1,1,1),(127,'whynot',1,1,3),(128,'camera-photo',1,1,3),(129,'wow',1,1,1),(130,'kzyhu',1,1,1),(131,'badminded',1,1,2),(132,'noerd',1,1,2),(133,'square',1,1,1),(134,'beach',1,1,1),(135,'Core Duo',1,1,1),(136,'spray',1,1,1),(137,'paint',1,1,1),(138,'tempos',1,1,1),(139,'teacher',1,1,1),(140,'ATT',1,1,1),(141,'BlackBerry',1,1,1),(142,'gadget',1,1,1),(143,'pas',1,1,3),(144,'mal',1,1,3),(145,'SMUKKE',1,1,1),(146,'kurti',1,1,1),(147,'larum',1,1,1),(148,'try',1,0,0),(149,'WAAAAAOOO',1,1,1),(150,'portatil',1,1,1),(151,'CRAPOTO',1,1,3),(152,'Kamera,',1,1,2),(153,'Camera,',1,1,2),(154,'Olympus',1,1,2),(155,'Nine',1,1,1),(156,'West',1,1,1),(157,'Women\'s',1,1,1),(158,'Lucero',1,1,1),(159,'Pump',1,1,1),(160,'Web',1,1,1),(161,'browser',1,1,1),(162,'content,',1,1,1),(163,'messaging',1,1,1),(164,'sessions,',1,1,1),(165,'and',-1,1,1),(166,'attachments.',1,1,1),(167,'Anashria',1,1,1),(168,'Womens',1,1,1),(169,'Premier',1,1,1),(170,'Leather',1,1,1),(171,'Sandal',1,1,1),(172,'arbeit',-1,1,2),(173,'crap',1,1,1),(174,'Walkman',1,1,1),(175,'gift',1,1,1),(176,'for',-1,1,1),(177,'her',1,1,1),(178,'Hupe',1,1,1),(179,'sleek',-1,1,1),(180,'samsung',1,1,1),(181,'footrest',1,1,1),(182,'shit',1,1,1),(183,'jogging',1,1,1),(184,'cool t-shirt',1,1,1),(185,'must get',1,1,1),(186,'bright',1,1,2),(187,'cellphone',1,1,1),(188,'comfort',1,1,3),(189,'ferrari',1,1,1),(190,'shiny',1,1,1),(191,'toll',1,1,1),(192,'warm',1,1,1),(193,'SOFA',1,1,1),(194,'fast',1,1,1),(195,'emo',1,1,1),(196,'smart',1,1,1),(197,'Canon',1,1,3),(198,'appletoys',1,1,1);

--
-- Table structure for table `tag_properties`
--

CREATE TABLE `tag_properties` (
  `tag_id` int(10) unsigned NOT NULL DEFAULT '0' COMMENT 'Tag Id',
  `store_id` smallint(5) unsigned NOT NULL DEFAULT '0' COMMENT 'Store Id',
  `base_popularity` int(10) unsigned NOT NULL DEFAULT '0' COMMENT 'Base Popularity',
  PRIMARY KEY (`tag_id`,`store_id`),
  KEY `IDX_TAG_PROPERTIES_STORE_ID` (`store_id`),
  CONSTRAINT `FK_TAG_PROPERTIES_STORE_ID_CORE_STORE_STORE_ID` FOREIGN KEY (`store_id`) REFERENCES `core_store` (`store_id`) ON DELETE CASCADE ON UPDATE CASCADE,
  CONSTRAINT `FK_TAG_PROPERTIES_TAG_ID_TAG_TAG_ID` FOREIGN KEY (`tag_id`) REFERENCES `tag` (`tag_id`) ON DELETE CASCADE ON UPDATE CASCADE
) ENGINE=InnoDB DEFAULT CHARSET=utf8 COMMENT='Tag Properties';

--
-- Dumping data for table `tag_properties`
--


--
-- Table structure for table `tag_relation`
--

CREATE TABLE `tag_relation` (
  `tag_relation_id` int(10) unsigned NOT NULL AUTO_INCREMENT COMMENT 'Tag Relation Id',
  `tag_id` int(10) unsigned NOT NULL DEFAULT '0' COMMENT 'Tag Id',
  `customer_id` int(10) unsigned DEFAULT NULL COMMENT 'Customer Id',
  `product_id` int(10) unsigned NOT NULL DEFAULT '0' COMMENT 'Product Id',
  `store_id` smallint(5) unsigned NOT NULL DEFAULT '1' COMMENT 'Store Id',
  `active` smallint(5) unsigned NOT NULL DEFAULT '1' COMMENT 'Active',
  `created_at` timestamp NULL DEFAULT NULL COMMENT 'Created At',
  PRIMARY KEY (`tag_relation_id`),
  UNIQUE KEY `UNQ_TAG_RELATION_TAG_ID_CUSTOMER_ID_PRODUCT_ID_STORE_ID` (`tag_id`,`customer_id`,`product_id`,`store_id`),
  KEY `IDX_TAG_RELATION_PRODUCT_ID` (`product_id`),
  KEY `IDX_TAG_RELATION_TAG_ID` (`tag_id`),
  KEY `IDX_TAG_RELATION_CUSTOMER_ID` (`customer_id`),
  KEY `IDX_TAG_RELATION_STORE_ID` (`store_id`),
  CONSTRAINT `FK_TAG_RELATION_CUSTOMER_ID_CUSTOMER_ENTITY_ENTITY_ID` FOREIGN KEY (`customer_id`) REFERENCES `customer_entity` (`entity_id`) ON DELETE CASCADE ON UPDATE CASCADE,
  CONSTRAINT `FK_TAG_RELATION_PRODUCT_ID_CATALOG_PRODUCT_ENTITY_ENTITY_ID` FOREIGN KEY (`product_id`) REFERENCES `catalog_product_entity` (`entity_id`) ON DELETE CASCADE ON UPDATE CASCADE,
  CONSTRAINT `FK_TAG_RELATION_STORE_ID_CORE_STORE_STORE_ID` FOREIGN KEY (`store_id`) REFERENCES `core_store` (`store_id`) ON DELETE CASCADE ON UPDATE CASCADE,
  CONSTRAINT `FK_TAG_RELATION_TAG_ID_TAG_TAG_ID` FOREIGN KEY (`tag_id`) REFERENCES `tag` (`tag_id`) ON DELETE CASCADE ON UPDATE CASCADE
) ENGINE=InnoDB DEFAULT CHARSET=utf8 COMMENT='Tag Relation';

--
-- Dumping data for table `tag_relation`
--


--
-- Table structure for table `tag_summary`
--

CREATE TABLE `tag_summary` (
  `tag_id` int(10) unsigned NOT NULL DEFAULT '0' COMMENT 'Tag Id',
  `store_id` smallint(5) unsigned NOT NULL DEFAULT '0' COMMENT 'Store Id',
  `customers` int(10) unsigned NOT NULL DEFAULT '0' COMMENT 'Customers',
  `products` int(10) unsigned NOT NULL DEFAULT '0' COMMENT 'Products',
  `uses` int(10) unsigned NOT NULL DEFAULT '0' COMMENT 'Uses',
  `historical_uses` int(10) unsigned NOT NULL DEFAULT '0' COMMENT 'Historical Uses',
  `popularity` int(10) unsigned NOT NULL DEFAULT '0' COMMENT 'Popularity',
  `base_popularity` int(10) unsigned NOT NULL DEFAULT '0' COMMENT 'Base Popularity',
  PRIMARY KEY (`tag_id`,`store_id`),
  KEY `IDX_TAG_SUMMARY_STORE_ID` (`store_id`),
  KEY `IDX_TAG_SUMMARY_TAG_ID` (`tag_id`),
  CONSTRAINT `FK_TAG_SUMMARY_STORE_ID_CORE_STORE_STORE_ID` FOREIGN KEY (`store_id`) REFERENCES `core_store` (`store_id`) ON DELETE CASCADE ON UPDATE CASCADE,
  CONSTRAINT `FK_TAG_SUMMARY_TAG_ID_TAG_TAG_ID` FOREIGN KEY (`tag_id`) REFERENCES `tag` (`tag_id`) ON DELETE CASCADE ON UPDATE CASCADE
) ENGINE=InnoDB DEFAULT CHARSET=utf8 COMMENT='Tag Summary';

--
-- Dumping data for table `tag_summary`
--


--
-- Table structure for table `tax_calculation`
--

CREATE TABLE `tax_calculation` (
  `tax_calculation_rate_id` int(11) NOT NULL COMMENT 'Tax Calculation Rate Id',
  `tax_calculation_rule_id` int(11) NOT NULL COMMENT 'Tax Calculation Rule Id',
  `customer_tax_class_id` smallint(6) NOT NULL COMMENT 'Customer Tax Class Id',
  `product_tax_class_id` smallint(6) NOT NULL COMMENT 'Product Tax Class Id',
  `tax_calculation_id` int(11) NOT NULL AUTO_INCREMENT COMMENT 'Tax Calculation Id',
  PRIMARY KEY (`tax_calculation_id`),
  KEY `IDX_TAX_CALCULATION_TAX_CALCULATION_RULE_ID` (`tax_calculation_rule_id`),
  KEY `IDX_TAX_CALCULATION_TAX_CALCULATION_RATE_ID` (`tax_calculation_rate_id`),
  KEY `IDX_TAX_CALCULATION_CUSTOMER_TAX_CLASS_ID` (`customer_tax_class_id`),
  KEY `IDX_TAX_CALCULATION_PRODUCT_TAX_CLASS_ID` (`product_tax_class_id`),
  KEY `IDX_TAX_CALC_TAX_CALC_RATE_ID_CSTR_TAX_CLASS_ID_PRD_TAX_CLASS_ID` (`tax_calculation_rate_id`,`customer_tax_class_id`,`product_tax_class_id`),
  CONSTRAINT `FK_TAX_CALCULATION_CUSTOMER_TAX_CLASS_ID_TAX_CLASS_CLASS_ID` FOREIGN KEY (`customer_tax_class_id`) REFERENCES `tax_class` (`class_id`) ON DELETE CASCADE ON UPDATE CASCADE,
  CONSTRAINT `FK_TAX_CALCULATION_PRODUCT_TAX_CLASS_ID_TAX_CLASS_CLASS_ID` FOREIGN KEY (`product_tax_class_id`) REFERENCES `tax_class` (`class_id`) ON DELETE CASCADE ON UPDATE CASCADE,
  CONSTRAINT `FK_TAX_CALC_TAX_CALC_RATE_ID_TAX_CALC_RATE_TAX_CALC_RATE_ID` FOREIGN KEY (`tax_calculation_rate_id`) REFERENCES `tax_calculation_rate` (`tax_calculation_rate_id`) ON DELETE CASCADE ON UPDATE CASCADE,
  CONSTRAINT `FK_TAX_CALC_TAX_CALC_RULE_ID_TAX_CALC_RULE_TAX_CALC_RULE_ID` FOREIGN KEY (`tax_calculation_rule_id`) REFERENCES `tax_calculation_rule` (`tax_calculation_rule_id`) ON DELETE CASCADE ON UPDATE CASCADE
) ENGINE=InnoDB AUTO_INCREMENT=5 DEFAULT CHARSET=utf8 COMMENT='Tax Calculation';

--
-- Dumping data for table `tax_calculation`
--

INSERT INTO `tax_calculation` VALUES (1,2,3,1,1),(2,2,3,1,2),(1,1,3,2,3),(2,1,3,2,4);

--
-- Table structure for table `tax_calculation_rate`
--

CREATE TABLE `tax_calculation_rate` (
  `tax_calculation_rate_id` int(11) NOT NULL AUTO_INCREMENT COMMENT 'Tax Calculation Rate Id',
  `tax_country_id` varchar(2) NOT NULL COMMENT 'Tax Country Id',
  `tax_region_id` int(11) NOT NULL COMMENT 'Tax Region Id',
  `tax_postcode` varchar(21) DEFAULT NULL COMMENT 'Tax Postcode',
  `code` varchar(255) NOT NULL COMMENT 'Code',
  `rate` decimal(12,4) NOT NULL DEFAULT '0.0000' COMMENT 'Rate',
  `zip_is_range` smallint(6) DEFAULT NULL COMMENT 'Zip Is Range',
  `zip_from` int(10) unsigned DEFAULT NULL COMMENT 'Zip From',
  `zip_to` int(10) unsigned DEFAULT NULL COMMENT 'Zip To',
  PRIMARY KEY (`tax_calculation_rate_id`),
  KEY `IDX_TAX_CALC_RATE_TAX_COUNTRY_ID_TAX_REGION_ID_TAX_POSTCODE` (`tax_country_id`,`tax_region_id`,`tax_postcode`),
  KEY `IDX_TAX_CALCULATION_RATE_CODE` (`code`),
  KEY `CA799F1E2CB843495F601E56C84A626D` (`tax_calculation_rate_id`,`tax_country_id`,`tax_region_id`,`zip_is_range`,`tax_postcode`)
) ENGINE=InnoDB AUTO_INCREMENT=3 DEFAULT CHARSET=utf8 COMMENT='Tax Calculation Rate';

--
-- Dumping data for table `tax_calculation_rate`
--

INSERT INTO `tax_calculation_rate` VALUES (1,'US',12,'*','US-CA-*-Rate 1',8.2500,NULL,NULL,NULL),(2,'US',43,'*','US-NY-*-Rate 1',8.3750,NULL,NULL,NULL);

--
-- Table structure for table `tax_calculation_rate_title`
--

CREATE TABLE `tax_calculation_rate_title` (
  `tax_calculation_rate_title_id` int(11) NOT NULL AUTO_INCREMENT COMMENT 'Tax Calculation Rate Title Id',
  `tax_calculation_rate_id` int(11) NOT NULL COMMENT 'Tax Calculation Rate Id',
  `store_id` smallint(5) unsigned NOT NULL COMMENT 'Store Id',
  `value` varchar(255) NOT NULL COMMENT 'Value',
  PRIMARY KEY (`tax_calculation_rate_title_id`),
  KEY `IDX_TAX_CALCULATION_RATE_TITLE_TAX_CALCULATION_RATE_ID_STORE_ID` (`tax_calculation_rate_id`,`store_id`),
  KEY `IDX_TAX_CALCULATION_RATE_TITLE_TAX_CALCULATION_RATE_ID` (`tax_calculation_rate_id`),
  KEY `IDX_TAX_CALCULATION_RATE_TITLE_STORE_ID` (`store_id`),
  CONSTRAINT `FK_37FB965F786AD5897BB3AE90470C42AB` FOREIGN KEY (`tax_calculation_rate_id`) REFERENCES `tax_calculation_rate` (`tax_calculation_rate_id`) ON DELETE CASCADE ON UPDATE CASCADE,
  CONSTRAINT `FK_TAX_CALCULATION_RATE_TITLE_STORE_ID_CORE_STORE_STORE_ID` FOREIGN KEY (`store_id`) REFERENCES `core_store` (`store_id`) ON DELETE CASCADE ON UPDATE CASCADE
) ENGINE=InnoDB DEFAULT CHARSET=utf8 COMMENT='Tax Calculation Rate Title';

--
-- Dumping data for table `tax_calculation_rate_title`
--


--
-- Table structure for table `tax_calculation_rule`
--

CREATE TABLE `tax_calculation_rule` (
  `tax_calculation_rule_id` int(11) NOT NULL AUTO_INCREMENT COMMENT 'Tax Calculation Rule Id',
  `code` varchar(255) NOT NULL COMMENT 'Code',
  `priority` int(11) NOT NULL COMMENT 'Priority',
  `position` int(11) NOT NULL COMMENT 'Position',
  PRIMARY KEY (`tax_calculation_rule_id`),
  KEY `IDX_TAX_CALC_RULE_PRIORITY_POSITION_TAX_CALC_RULE_ID` (`priority`,`position`,`tax_calculation_rule_id`),
  KEY `IDX_TAX_CALCULATION_RULE_CODE` (`code`)
) ENGINE=InnoDB AUTO_INCREMENT=3 DEFAULT CHARSET=utf8 COMMENT='Tax Calculation Rule';

--
-- Dumping data for table `tax_calculation_rule`
--

INSERT INTO `tax_calculation_rule` VALUES (1,'Retail Customer-Taxable Goods-Rate 1',1,1),(2,'Retail Customer-default-Rate 1',1,1);

--
-- Table structure for table `tax_class`
--

CREATE TABLE `tax_class` (
  `class_id` smallint(6) NOT NULL AUTO_INCREMENT COMMENT 'Class Id',
  `class_name` varchar(255) NOT NULL COMMENT 'Class Name',
  `class_type` varchar(8) NOT NULL DEFAULT 'CUSTOMER' COMMENT 'Class Type',
  PRIMARY KEY (`class_id`)
) ENGINE=InnoDB AUTO_INCREMENT=5 DEFAULT CHARSET=utf8 COMMENT='Tax Class';

--
-- Dumping data for table `tax_class`
--

INSERT INTO `tax_class` VALUES (1,'default','PRODUCT'),(2,'Taxable Goods','PRODUCT'),(3,'Retail Customer','CUSTOMER'),(4,'Shipping','PRODUCT');

--
-- Table structure for table `tax_order_aggregated_created`
--

CREATE TABLE `tax_order_aggregated_created` (
  `id` int(10) unsigned NOT NULL AUTO_INCREMENT COMMENT 'Id',
  `period` date DEFAULT NULL COMMENT 'Period',
  `store_id` smallint(5) unsigned DEFAULT NULL COMMENT 'Store Id',
  `code` varchar(255) NOT NULL COMMENT 'Code',
  `order_status` varchar(50) NOT NULL COMMENT 'Order Status',
  `percent` float DEFAULT NULL COMMENT 'Percent',
  `orders_count` int(10) unsigned NOT NULL DEFAULT '0' COMMENT 'Orders Count',
  `tax_base_amount_sum` float DEFAULT NULL COMMENT 'Tax Base Amount Sum',
  PRIMARY KEY (`id`),
  UNIQUE KEY `FCA5E2C02689EB2641B30580D7AACF12` (`period`,`store_id`,`code`,`percent`,`order_status`),
  KEY `IDX_TAX_ORDER_AGGREGATED_CREATED_STORE_ID` (`store_id`),
  CONSTRAINT `FK_TAX_ORDER_AGGREGATED_CREATED_STORE_ID_CORE_STORE_STORE_ID` FOREIGN KEY (`store_id`) REFERENCES `core_store` (`store_id`) ON DELETE CASCADE ON UPDATE CASCADE
) ENGINE=InnoDB DEFAULT CHARSET=utf8 COMMENT='Tax Order Aggregation';

--
-- Dumping data for table `tax_order_aggregated_created`
--


--
-- Table structure for table `tax_order_aggregated_updated`
--

CREATE TABLE `tax_order_aggregated_updated` (
  `id` int(10) unsigned NOT NULL AUTO_INCREMENT COMMENT 'Id',
  `period` date DEFAULT NULL COMMENT 'Period',
  `store_id` smallint(5) unsigned DEFAULT NULL COMMENT 'Store Id',
  `code` varchar(255) NOT NULL COMMENT 'Code',
  `order_status` varchar(50) NOT NULL COMMENT 'Order Status',
  `percent` float DEFAULT NULL COMMENT 'Percent',
  `orders_count` int(10) unsigned NOT NULL DEFAULT '0' COMMENT 'Orders Count',
  `tax_base_amount_sum` float DEFAULT NULL COMMENT 'Tax Base Amount Sum',
  PRIMARY KEY (`id`),
  UNIQUE KEY `DB0AF14011199AA6CD31D5078B90AA8D` (`period`,`store_id`,`code`,`percent`,`order_status`),
  KEY `IDX_TAX_ORDER_AGGREGATED_UPDATED_STORE_ID` (`store_id`),
  CONSTRAINT `FK_TAX_ORDER_AGGREGATED_UPDATED_STORE_ID_CORE_STORE_STORE_ID` FOREIGN KEY (`store_id`) REFERENCES `core_store` (`store_id`) ON DELETE CASCADE ON UPDATE CASCADE
) ENGINE=InnoDB DEFAULT CHARSET=utf8 COMMENT='Tax Order Aggregated Updated';

--
-- Dumping data for table `tax_order_aggregated_updated`
--


--
-- Table structure for table `weee_discount`
--

CREATE TABLE `weee_discount` (
  `entity_id` int(10) unsigned NOT NULL DEFAULT '0' COMMENT 'Entity Id',
  `website_id` smallint(5) unsigned NOT NULL DEFAULT '0' COMMENT 'Website Id',
  `customer_group_id` smallint(5) unsigned NOT NULL COMMENT 'Customer Group Id',
  `value` decimal(12,4) NOT NULL DEFAULT '0.0000' COMMENT 'Value',
  KEY `IDX_WEEE_DISCOUNT_WEBSITE_ID` (`website_id`),
  KEY `IDX_WEEE_DISCOUNT_ENTITY_ID` (`entity_id`),
  KEY `IDX_WEEE_DISCOUNT_CUSTOMER_GROUP_ID` (`customer_group_id`),
  CONSTRAINT `FK_WEEE_DISCOUNT_CSTR_GROUP_ID_CSTR_GROUP_CSTR_GROUP_ID` FOREIGN KEY (`customer_group_id`) REFERENCES `customer_group` (`customer_group_id`) ON DELETE CASCADE ON UPDATE CASCADE,
  CONSTRAINT `FK_WEEE_DISCOUNT_ENTITY_ID_CATALOG_PRODUCT_ENTITY_ENTITY_ID` FOREIGN KEY (`entity_id`) REFERENCES `catalog_product_entity` (`entity_id`) ON DELETE CASCADE ON UPDATE CASCADE,
  CONSTRAINT `FK_WEEE_DISCOUNT_WEBSITE_ID_CORE_WEBSITE_WEBSITE_ID` FOREIGN KEY (`website_id`) REFERENCES `core_website` (`website_id`) ON DELETE CASCADE ON UPDATE CASCADE
) ENGINE=InnoDB DEFAULT CHARSET=utf8 COMMENT='Weee Discount';

--
-- Dumping data for table `weee_discount`
--


--
-- Table structure for table `weee_tax`
--

CREATE TABLE `weee_tax` (
  `value_id` int(11) NOT NULL AUTO_INCREMENT COMMENT 'Value Id',
  `website_id` smallint(5) unsigned NOT NULL DEFAULT '0' COMMENT 'Website Id',
  `entity_id` int(10) unsigned NOT NULL DEFAULT '0' COMMENT 'Entity Id',
  `country` varchar(2) DEFAULT NULL COMMENT 'Country',
  `value` decimal(12,4) NOT NULL DEFAULT '0.0000' COMMENT 'Value',
  `state` varchar(255) NOT NULL DEFAULT '*' COMMENT 'State',
  `attribute_id` smallint(5) unsigned NOT NULL COMMENT 'Attribute Id',
  `entity_type_id` smallint(5) unsigned NOT NULL COMMENT 'Entity Type Id',
  PRIMARY KEY (`value_id`),
  KEY `IDX_WEEE_TAX_WEBSITE_ID` (`website_id`),
  KEY `IDX_WEEE_TAX_ENTITY_ID` (`entity_id`),
  KEY `IDX_WEEE_TAX_COUNTRY` (`country`),
  KEY `IDX_WEEE_TAX_ATTRIBUTE_ID` (`attribute_id`),
  CONSTRAINT `FK_WEEE_TAX_ATTRIBUTE_ID_EAV_ATTRIBUTE_ATTRIBUTE_ID` FOREIGN KEY (`attribute_id`) REFERENCES `eav_attribute` (`attribute_id`) ON DELETE CASCADE ON UPDATE CASCADE,
  CONSTRAINT `FK_WEEE_TAX_COUNTRY_DIRECTORY_COUNTRY_COUNTRY_ID` FOREIGN KEY (`country`) REFERENCES `directory_country` (`country_id`) ON DELETE CASCADE ON UPDATE CASCADE,
  CONSTRAINT `FK_WEEE_TAX_ENTITY_ID_CATALOG_PRODUCT_ENTITY_ENTITY_ID` FOREIGN KEY (`entity_id`) REFERENCES `catalog_product_entity` (`entity_id`) ON DELETE CASCADE ON UPDATE CASCADE,
  CONSTRAINT `FK_WEEE_TAX_WEBSITE_ID_CORE_WEBSITE_WEBSITE_ID` FOREIGN KEY (`website_id`) REFERENCES `core_website` (`website_id`) ON DELETE CASCADE ON UPDATE CASCADE
) ENGINE=InnoDB DEFAULT CHARSET=utf8 COMMENT='Weee Tax';

--
-- Dumping data for table `weee_tax`
--


--
-- Table structure for table `widget`
--

CREATE TABLE `widget` (
  `widget_id` int(10) unsigned NOT NULL AUTO_INCREMENT COMMENT 'Widget Id',
  `widget_code` varchar(255) DEFAULT NULL COMMENT 'Widget code for template directive',
  `widget_type` varchar(255) DEFAULT NULL COMMENT 'Widget Type',
  `parameters` text COMMENT 'Parameters',
  PRIMARY KEY (`widget_id`),
  KEY `IDX_WIDGET_WIDGET_CODE` (`widget_code`)
) ENGINE=InnoDB DEFAULT CHARSET=utf8 COMMENT='Preconfigured Widgets';

--
-- Dumping data for table `widget`
--


--
-- Table structure for table `widget_instance`
--

CREATE TABLE `widget_instance` (
  `instance_id` int(10) unsigned NOT NULL AUTO_INCREMENT COMMENT 'Instance Id',
  `instance_type` varchar(255) DEFAULT NULL COMMENT 'Instance Type',
  `package_theme` varchar(255) DEFAULT NULL COMMENT 'Package Theme',
  `title` varchar(255) DEFAULT NULL COMMENT 'Widget Title',
  `store_ids` varchar(255) NOT NULL DEFAULT '0' COMMENT 'Store ids',
  `widget_parameters` text COMMENT 'Widget parameters',
  `sort_order` smallint(5) unsigned NOT NULL DEFAULT '0' COMMENT 'Sort order',
  PRIMARY KEY (`instance_id`)
) ENGINE=InnoDB DEFAULT CHARSET=utf8 COMMENT='Instances of Widget for Package Theme';

--
-- Dumping data for table `widget_instance`
--


--
-- Table structure for table `widget_instance_page`
--

CREATE TABLE `widget_instance_page` (
  `page_id` int(10) unsigned NOT NULL AUTO_INCREMENT COMMENT 'Page Id',
  `instance_id` int(10) unsigned NOT NULL DEFAULT '0' COMMENT 'Instance Id',
  `page_group` varchar(25) DEFAULT NULL COMMENT 'Block Group Type',
  `layout_handle` varchar(255) DEFAULT NULL COMMENT 'Layout Handle',
  `block_reference` varchar(255) DEFAULT NULL COMMENT 'Block Reference',
  `page_for` varchar(25) DEFAULT NULL COMMENT 'For instance entities',
  `entities` text COMMENT 'Catalog entities (comma separated)',
  `page_template` varchar(255) DEFAULT NULL COMMENT 'Path to widget template',
  PRIMARY KEY (`page_id`),
  KEY `IDX_WIDGET_INSTANCE_PAGE_INSTANCE_ID` (`instance_id`),
  CONSTRAINT `FK_WIDGET_INSTANCE_PAGE_INSTANCE_ID_WIDGET_INSTANCE_INSTANCE_ID` FOREIGN KEY (`instance_id`) REFERENCES `widget_instance` (`instance_id`) ON DELETE CASCADE ON UPDATE CASCADE
) ENGINE=InnoDB DEFAULT CHARSET=utf8 COMMENT='Instance of Widget on Page';

--
-- Dumping data for table `widget_instance_page`
--


--
-- Table structure for table `widget_instance_page_layout`
--

CREATE TABLE `widget_instance_page_layout` (
  `page_id` int(10) unsigned NOT NULL DEFAULT '0' COMMENT 'Page Id',
  `layout_update_id` int(10) unsigned NOT NULL DEFAULT '0' COMMENT 'Layout Update Id',
  UNIQUE KEY `UNQ_WIDGET_INSTANCE_PAGE_LAYOUT_LAYOUT_UPDATE_ID_PAGE_ID` (`layout_update_id`,`page_id`),
  KEY `IDX_WIDGET_INSTANCE_PAGE_LAYOUT_PAGE_ID` (`page_id`),
  KEY `IDX_WIDGET_INSTANCE_PAGE_LAYOUT_LAYOUT_UPDATE_ID` (`layout_update_id`),
  CONSTRAINT `FK_0A5D06DCEC6A6845F50E5FAAC5A1C96D` FOREIGN KEY (`layout_update_id`) REFERENCES `core_layout_update` (`layout_update_id`) ON DELETE CASCADE ON UPDATE CASCADE,
  CONSTRAINT `FK_WIDGET_INSTANCE_PAGE_LYT_PAGE_ID_WIDGET_INSTANCE_PAGE_PAGE_ID` FOREIGN KEY (`page_id`) REFERENCES `widget_instance_page` (`page_id`) ON DELETE CASCADE ON UPDATE CASCADE
) ENGINE=InnoDB DEFAULT CHARSET=utf8 COMMENT='Layout updates';

--
-- Dumping data for table `widget_instance_page_layout`
--


--
-- Table structure for table `wishlist`
--

CREATE TABLE `wishlist` (
  `wishlist_id` int(10) unsigned NOT NULL AUTO_INCREMENT COMMENT 'Wishlist ID',
  `customer_id` int(10) unsigned NOT NULL DEFAULT '0' COMMENT 'Customer ID',
  `shared` smallint(5) unsigned NOT NULL DEFAULT '0' COMMENT 'Sharing flag (0 or 1)',
  `sharing_code` varchar(32) DEFAULT NULL COMMENT 'Sharing encrypted code',
  `updated_at` timestamp NULL DEFAULT NULL COMMENT 'Last updated date',
  PRIMARY KEY (`wishlist_id`),
  UNIQUE KEY `UNQ_WISHLIST_CUSTOMER_ID` (`customer_id`),
  KEY `IDX_WISHLIST_SHARED` (`shared`),
  CONSTRAINT `FK_WISHLIST_CUSTOMER_ID_CUSTOMER_ENTITY_ENTITY_ID` FOREIGN KEY (`customer_id`) REFERENCES `customer_entity` (`entity_id`) ON DELETE CASCADE ON UPDATE CASCADE
) ENGINE=InnoDB AUTO_INCREMENT=2 DEFAULT CHARSET=utf8 ROW_FORMAT=DYNAMIC COMMENT='Wishlist main Table';

--
-- Dumping data for table `wishlist`
--

INSERT INTO `wishlist` VALUES (1,2,0,'8cb9044456c1db39732ac3ca66d06691','2013-06-03 05:01:19');

--
-- Table structure for table `wishlist_item`
--

CREATE TABLE `wishlist_item` (
  `wishlist_item_id` int(10) unsigned NOT NULL AUTO_INCREMENT COMMENT 'Wishlist item ID',
  `wishlist_id` int(10) unsigned NOT NULL DEFAULT '0' COMMENT 'Wishlist ID',
  `product_id` int(10) unsigned NOT NULL DEFAULT '0' COMMENT 'Product ID',
  `store_id` smallint(5) unsigned DEFAULT NULL COMMENT 'Store ID',
  `added_at` timestamp NULL DEFAULT NULL COMMENT 'Add date and time',
  `description` text COMMENT 'Short description of wish list item',
  `qty` decimal(12,4) NOT NULL COMMENT 'Qty',
  PRIMARY KEY (`wishlist_item_id`),
  KEY `IDX_WISHLIST_ITEM_WISHLIST_ID` (`wishlist_id`),
  KEY `IDX_WISHLIST_ITEM_PRODUCT_ID` (`product_id`),
  KEY `IDX_WISHLIST_ITEM_STORE_ID` (`store_id`),
  CONSTRAINT `FK_WISHLIST_ITEM_PRODUCT_ID_CATALOG_PRODUCT_ENTITY_ENTITY_ID` FOREIGN KEY (`product_id`) REFERENCES `catalog_product_entity` (`entity_id`) ON DELETE CASCADE ON UPDATE CASCADE,
  CONSTRAINT `FK_WISHLIST_ITEM_STORE_ID_CORE_STORE_STORE_ID` FOREIGN KEY (`store_id`) REFERENCES `core_store` (`store_id`) ON DELETE SET NULL ON UPDATE CASCADE,
  CONSTRAINT `FK_WISHLIST_ITEM_WISHLIST_ID_WISHLIST_WISHLIST_ID` FOREIGN KEY (`wishlist_id`) REFERENCES `wishlist` (`wishlist_id`) ON DELETE CASCADE ON UPDATE CASCADE
) ENGINE=InnoDB DEFAULT CHARSET=utf8 COMMENT='Wishlist items';

--
-- Dumping data for table `wishlist_item`
--


--
-- Table structure for table `wishlist_item_option`
--

CREATE TABLE `wishlist_item_option` (
  `option_id` int(10) unsigned NOT NULL AUTO_INCREMENT COMMENT 'Option Id',
  `wishlist_item_id` int(10) unsigned NOT NULL COMMENT 'Wishlist Item Id',
  `product_id` int(10) unsigned NOT NULL COMMENT 'Product Id',
  `code` varchar(255) NOT NULL COMMENT 'Code',
  `value` text COMMENT 'Value',
  PRIMARY KEY (`option_id`),
  KEY `FK_A014B30B04B72DD0EAB3EECD779728D6` (`wishlist_item_id`),
  CONSTRAINT `FK_A014B30B04B72DD0EAB3EECD779728D6` FOREIGN KEY (`wishlist_item_id`) REFERENCES `wishlist_item` (`wishlist_item_id`) ON DELETE CASCADE ON UPDATE CASCADE
) ENGINE=InnoDB DEFAULT CHARSET=utf8 COMMENT='Wishlist Item Option Table';

--
-- Dumping data for table `wishlist_item_option`
--


--
-- Table structure for table `xmlconnect_application`
--

CREATE TABLE `xmlconnect_application` (
  `application_id` smallint(5) unsigned NOT NULL AUTO_INCREMENT COMMENT 'Application Id',
  `name` varchar(255) NOT NULL COMMENT 'Application Name',
  `code` varchar(32) NOT NULL COMMENT 'Application Code',
  `type` varchar(32) NOT NULL COMMENT 'Device Type',
  `store_id` smallint(5) unsigned DEFAULT NULL COMMENT 'Store Id',
  `active_from` date DEFAULT NULL COMMENT 'Active From',
  `active_to` date DEFAULT NULL COMMENT 'Active To',
  `updated_at` timestamp NULL DEFAULT NULL COMMENT 'Updated At',
  `status` smallint(5) unsigned NOT NULL DEFAULT '0' COMMENT 'Status',
  `browsing_mode` smallint(5) unsigned DEFAULT '0' COMMENT 'Browsing Mode',
  PRIMARY KEY (`application_id`),
  UNIQUE KEY `UNQ_XMLCONNECT_APPLICATION_CODE` (`code`),
  KEY `FK_XMLCONNECT_APPLICATION_STORE_ID_CORE_STORE_STORE_ID` (`store_id`),
  CONSTRAINT `FK_XMLCONNECT_APPLICATION_STORE_ID_CORE_STORE_STORE_ID` FOREIGN KEY (`store_id`) REFERENCES `core_store` (`store_id`) ON DELETE SET NULL ON UPDATE SET NULL
) ENGINE=InnoDB DEFAULT CHARSET=utf8 COMMENT='Xmlconnect Application';

--
-- Dumping data for table `xmlconnect_application`
--


--
-- Table structure for table `xmlconnect_config_data`
--

CREATE TABLE `xmlconnect_config_data` (
  `application_id` smallint(5) unsigned NOT NULL COMMENT 'Application Id',
  `category` varchar(60) NOT NULL DEFAULT 'default' COMMENT 'Category',
  `path` varchar(250) NOT NULL COMMENT 'Path',
  `value` text NOT NULL COMMENT 'Value',
  UNIQUE KEY `UNQ_XMLCONNECT_CONFIG_DATA_APPLICATION_ID_CATEGORY_PATH` (`application_id`,`category`,`path`),
  CONSTRAINT `FK_31EE36D814216200D7C0723145AC510E` FOREIGN KEY (`application_id`) REFERENCES `xmlconnect_application` (`application_id`) ON DELETE CASCADE ON UPDATE CASCADE
) ENGINE=InnoDB DEFAULT CHARSET=utf8 COMMENT='Xmlconnect Configuration Data';

--
-- Dumping data for table `xmlconnect_config_data`
--


--
-- Table structure for table `xmlconnect_history`
--

CREATE TABLE `xmlconnect_history` (
  `history_id` int(10) unsigned NOT NULL AUTO_INCREMENT COMMENT 'History Id',
  `application_id` smallint(5) unsigned NOT NULL COMMENT 'Application Id',
  `created_at` timestamp NULL DEFAULT NULL COMMENT 'Created At',
  `store_id` smallint(5) unsigned DEFAULT NULL COMMENT 'Store Id',
  `params` blob COMMENT 'Params',
  `title` varchar(200) NOT NULL COMMENT 'Title',
  `activation_key` varchar(255) NOT NULL COMMENT 'Activation Key',
  `name` varchar(255) NOT NULL COMMENT 'Application Name',
  `code` varchar(32) NOT NULL COMMENT 'Application Code',
  PRIMARY KEY (`history_id`),
  KEY `FK_8F08B9513373BC19F49EE3EF8340E270` (`application_id`),
  CONSTRAINT `FK_8F08B9513373BC19F49EE3EF8340E270` FOREIGN KEY (`application_id`) REFERENCES `xmlconnect_application` (`application_id`) ON DELETE CASCADE ON UPDATE CASCADE
) ENGINE=InnoDB DEFAULT CHARSET=utf8 COMMENT='Xmlconnect History';

--
-- Dumping data for table `xmlconnect_history`
--


--
-- Table structure for table `xmlconnect_notification_template`
--

CREATE TABLE `xmlconnect_notification_template` (
  `template_id` int(10) unsigned NOT NULL AUTO_INCREMENT COMMENT 'Template Id',
  `name` varchar(255) NOT NULL COMMENT 'Template Name',
  `push_title` varchar(140) NOT NULL COMMENT 'Push Notification Title',
  `message_title` varchar(255) NOT NULL COMMENT 'Message Title',
  `content` text NOT NULL COMMENT 'Message Content',
  `created_at` timestamp NULL DEFAULT NULL COMMENT 'Created At',
  `modified_at` timestamp NULL DEFAULT NULL COMMENT 'Modified At',
  `application_id` smallint(5) unsigned NOT NULL COMMENT 'Application Id',
  PRIMARY KEY (`template_id`),
  KEY `FK_F9927C7518A907CF5C350942FD296DC3` (`application_id`),
  CONSTRAINT `FK_F9927C7518A907CF5C350942FD296DC3` FOREIGN KEY (`application_id`) REFERENCES `xmlconnect_application` (`application_id`) ON DELETE CASCADE ON UPDATE CASCADE
) ENGINE=InnoDB DEFAULT CHARSET=utf8 COMMENT='Xmlconnect Notification Template';

--
-- Dumping data for table `xmlconnect_notification_template`
--


--
-- Table structure for table `xmlconnect_queue`
--

CREATE TABLE `xmlconnect_queue` (
  `queue_id` int(10) unsigned NOT NULL AUTO_INCREMENT COMMENT 'Queue Id',
  `create_time` timestamp NULL DEFAULT NULL COMMENT 'Created At',
  `exec_time` timestamp NULL DEFAULT NULL COMMENT 'Scheduled Execution Time',
  `template_id` int(10) unsigned NOT NULL COMMENT 'Template Id',
  `push_title` varchar(140) NOT NULL COMMENT 'Push Notification Title',
  `message_title` varchar(255) DEFAULT '' COMMENT 'Message Title',
  `content` text COMMENT 'Message Content',
  `status` smallint(5) unsigned NOT NULL DEFAULT '0' COMMENT 'Status',
  `type` varchar(12) NOT NULL COMMENT 'Type of Notification',
  PRIMARY KEY (`queue_id`),
  KEY `FK_2019AEC5FC55A516965583447CA26B14` (`template_id`),
  CONSTRAINT `FK_2019AEC5FC55A516965583447CA26B14` FOREIGN KEY (`template_id`) REFERENCES `xmlconnect_notification_template` (`template_id`) ON DELETE CASCADE ON UPDATE CASCADE
) ENGINE=InnoDB DEFAULT CHARSET=utf8 COMMENT='Xmlconnect Notification Queue';

--
-- Dumping data for table `xmlconnect_queue`
--


--
-- Dumping events for database 'yssyb'
--

--
-- Dumping routines for database 'yssyb'
--


