INSERT INTO `log_visitor_info` VALUES (14293,NULL,'Mozilla/5.0 (Windows; U; Windows NT 6.1; ru; rv:1.9.2) Gecko/20100115 MRA 5.6 (build 03278) Firefox/3.6 (.NET CLR 3.5.30729)','windows-1251,utf-8;q=0.7,*;q=0.7','ru-ru,ru;q=0.8,en-us;q=0.5,en;q=0.3',-1563330474,1547655279),(14294,NULL,NULL,NULL,NULL,-1563330474,1547655279),(14295,NULL,'Mozilla/5.0 (Windows; U; Windows NT 6.1; ru; rv:1.9.2) Gecko/20100115 MRA 5.6 (build 03278) Firefox/3.6 (.NET CLR 3.5.30729)','windows-1251,utf-8;q=0.7,*;q=0.7','ru-ru,ru;q=0.8,en-us;q=0.5,en;q=0.3',-1563330474,1547655279),(14296,NULL,NULL,NULL,NULL,-1563330474,1547655279),(14297,NULL,'Mozilla/5.0 (Windows; U; Windows NT 6.1; ru; rv:1.9.2) Gecko/20100115 MRA 5.6 (build 03278) Firefox/3.6 (.NET CLR 3.5.30729)','windows-1251,utf-8;q=0.7,*;q=0.7','ru-ru,ru;q=0.8,en-us;q=0.5,en;q=0.3',-1563330474,1547655279),(14298,NULL,NULL,NULL,NULL,-1563330474,1547655279),(14299,NULL,'Mozilla/5.0 (Windows; U; Windows NT 6.1; ru; rv:1.9.2) Gecko/20100115 MRA 5.6 (build 03278) Firefox/3.6 (.NET CLR 3.5.30729)','windows-1251,utf-8;q=0.7,*;q=0.7','ru-ru,ru;q=0.8,en-us;q=0.5,en;q=0.3',-1563330474,1547655279),(14300,NULL,NULL,NULL,NULL,-1563330474,1547655279),(14301,NULL,'Mozilla/5.0 (Windows; U; Windows NT 6.1; ru; rv:1.9.2) Gecko/20100115 MRA 5.6 (build 03278) Firefox/3.6 (.NET CLR 3.5.30729)','windows-1251,utf-8;q=0.7,*;q=0.7','ru-ru,ru;q=0.8,en-us;q=0.5,en;q=0.3',-1563330474,1547655279),(14302,NULL,NULL,NULL,NULL,-1563330474,1547655279),(14303,NULL,'Mozilla/5.0 (Windows; U; Windows NT 6.1; ru; rv:1.9.2) Gecko/20100115 MRA 5.6 (build 03278) Firefox/3.6 (.NET CLR 3.5.30729)','windows-1251,utf-8;q=0.7,*;q=0.7','ru-ru,ru;q=0.8,en-us;q=0.5,en;q=0.3',-1563330474,1547655279),(14304,NULL,NULL,NULL,NULL,-1563330474,1547655279),(14305,NULL,'Mozilla/5.0 (Windows; U; Windows NT 6.1; ru; rv:1.9.2) Gecko/20100115 MRA 5.6 (build 03278) Firefox/3.6 (.NET CLR 3.5.30729)','windows-1251,utf-8;q=0.7,*;q=0.7','ru-ru,ru;q=0.8,en-us;q=0.5,en;q=0.3',-1563330474,1547655279),(14306,NULL,NULL,NULL,NULL,-1563330474,1547655279),(14307,NULL,'Mozilla/5.0 (Windows; U; Windows NT 6.1; ru; rv:1.9.2) Gecko/20100115 MRA 5.6 (build 03278) Firefox/3.6 (.NET CLR 3.5.30729)','windows-1251,utf-8;q=0.7,*;q=0.7','ru-ru,ru;q=0.8,en-us;q=0.5,en;q=0.3',-1563330474,1547655279),(14308,NULL,NULL,NULL,NULL,-1563330474,1547655279),(14309,NULL,'Mozilla/5.0 (Windows; U; Windows NT 6.1; ru; rv:1.9.2) Gecko/20100115 MRA 5.6 (build 03278) Firefox/3.6 (.NET CLR 3.5.30729)','windows-1251,utf-8;q=0.7,*;q=0.7','ru-ru,ru;q=0.8,en-us;q=0.5,en;q=0.3',-1563330474,1547655279),(14310,NULL,'Mozilla/4.0 (compatible; MSIE 7.0; Windows NT 6.0)',NULL,'zh-cn',-1563330474,-1270086637),(14311,NULL,NULL,NULL,NULL,-1563330474,-1066429918),(14312,'http://semalt.semalt.com/crawler.php?u=http://yosoysaludybelleza.net','Mozilla/5.0 (Windows NT 6.1; WOW64) AppleWebKit/537.36 (KHTML, like Gecko) Chrome/36.0.1985.143 Safari/537.36',NULL,'en-CA,*',-1563330474,1677193387),(14313,NULL,'Mozilla/5.0 (Windows NT 5.1; rv:6.0.2) Gecko/20100101 Firefox/6.0.2',NULL,NULL,-1563330474,-1270086338),(14314,NULL,'Mozilla/5.0 (compatible; Baiduspider/2.0; +http://www.baidu.com/search/spider.html)',NULL,'en-US',-1563330474,-1270086373),(14315,NULL,NULL,NULL,NULL,-1563330474,916451217),(14316,NULL,'Mozilla/5.0 (compatible; Baiduspider/2.0; +http://www.baidu.com/search/spider.html)',NULL,'en-US',-1563330474,-1270086009),(14317,'http://vseproaveo.ru/','Opera/9.01 (Windows NT 5.1; U; en)',NULL,NULL,-1563330474,-1341630178),(14318,'http://vseproaveo.ru/','Opera/9.01 (Windows NT 5.1; U; en)',NULL,NULL,-1563330474,-1341630178),(14319,'http://vseproaveo.ru/','Opera/9.01 (Windows NT 5.1; U; en)',NULL,NULL,-1563330474,-1341630178),(14320,'http://finansovyjgid.ru/','Mozilla/0.6 Beta (Windows)',NULL,NULL,-1563330474,779581119),(14321,'http://mirtorrent.net/','Mozilla/0.91 Beta (Windows)',NULL,NULL,-1563330474,779581119),(14322,'http://finansovyjgid.ru/','Mozilla/0.6 Beta (Windows)',NULL,NULL,-1563330474,779581119),(14323,'http://mirtorrent.net/','Mozilla/0.91 Beta (Windows)',NULL,NULL,-1563330474,779581119),(14324,'http://mirtorrent.net/','Mozilla/0.91 Beta (Windows)',NULL,NULL,-1563330474,779581119),(14325,'http://finansovyjgid.ru/','Mozilla/0.6 Beta (Windows)',NULL,NULL,-1563330474,779581119),(14326,NULL,'Mozilla/5.0 (compatible; Baiduspider/2.0; +http://www.baidu.com/search/spider.html)',NULL,'en-US',-1563330474,-1270086380),(14327,NULL,'Mozilla/5.0 (Windows NT 5.1) APPWebKit/537.36 (KHTML, like Gecko) Chrome/27.0.1453.116 Safari/537.36',NULL,NULL,-1563330474,1116159768),(14328,NULL,'Mozilla/5.0 (Windows NT 5.1) APPWebKit/537.36 (KHTML, like Gecko) Chrome/27.0.1453.116 Safari/537.36',NULL,NULL,-1563330474,1116159768),(14329,NULL,'Mozilla/5.0 (Windows NT 5.1) APPWebKit/537.36 (KHTML, like Gecko) Chrome/27.0.1453.116 Safari/537.36',NULL,NULL,-1563330474,1116159768),(14330,NULL,NULL,NULL,NULL,-1563330474,1547655279),(14331,NULL,'Mozilla/5.0 (Windows; U; Windows NT 6.1; ru; rv:1.9.2) Gecko/20100115 MRA 5.6 (build 03278) Firefox/3.6 (.NET CLR 3.5.30729)','windows-1251,utf-8;q=0.7,*;q=0.7','ru-ru,ru;q=0.8,en-us;q=0.5,en;q=0.3',-1563330474,1547655279),(14332,NULL,NULL,NULL,NULL,-1563330474,1547655279),(14333,NULL,'Mozilla/5.0 (Windows; U; Windows NT 6.1; ru; rv:1.9.2) Gecko/20100115 MRA 5.6 (build 03278) Firefox/3.6 (.NET CLR 3.5.30729)','windows-1251,utf-8;q=0.7,*;q=0.7','ru-ru,ru;q=0.8,en-us;q=0.5,en;q=0.3',-1563330474,1547655279),(14334,NULL,'Mozilla/5.0 (compatible; Baiduspider/2.0; +http://www.baidu.com/search/spider.html)',NULL,'en-US',-1563330474,-1270085999),(14335,NULL,'Mozilla/5.0 (compatible; Baiduspider/2.0; +http://www.baidu.com/search/spider.html)',NULL,'en-US',-1563330474,-1270086329),(14336,'http://hundejo.com/','Mozilla/5.0 (X11; Linux x86_64) AppleWebKit/537.36 (KHTML, like Gecko) Chrome/37.0.2062.120 Safari/537.36',NULL,NULL,-1563330474,1053993499),(14337,NULL,'Mozilla/5.0 (Windows; U; Windows NT 6.0; en-US; rv:1.9.2.3) Gecko/20100401 Firefox/3.6.3 GTB6 (.NET CLR 3.5.30729)',NULL,NULL,-1563330474,915665497),(14338,'http://www.yosoysaludybelleza.net/','Mozilla/5.0 (Windows NT 6.1; WOW64) AppleWebKit/537.36 (KHTML, like Gecko) Chrome/38.0.2125.111 Safari/537.36',NULL,NULL,-1563330474,779517135),(14339,NULL,NULL,NULL,NULL,-1563330474,1547655279),(14340,NULL,'Mozilla/5.0 (Windows; U; Windows NT 6.1; ru; rv:1.9.2) Gecko/20100115 MRA 5.6 (build 03278) Firefox/3.6 (.NET CLR 3.5.30729)','windows-1251,utf-8;q=0.7,*;q=0.7','ru-ru,ru;q=0.8,en-us;q=0.5,en;q=0.3',-1563330474,1547655279),(14341,NULL,NULL,NULL,NULL,-1563330474,1547655279),(14342,NULL,'Mozilla/5.0 (Windows; U; Windows NT 6.1; ru; rv:1.9.2) Gecko/20100115 MRA 5.6 (build 03278) Firefox/3.6 (.NET CLR 3.5.30729)','windows-1251,utf-8;q=0.7,*;q=0.7','ru-ru,ru;q=0.8,en-us;q=0.5,en;q=0.3',-1563330474,1547655279),(14343,NULL,'Mozilla/5.0 (compatible; Baiduspider/2.0; +http://www.baidu.com/search/spider.html)',NULL,'en-US',-1563330474,-1270086374),(14344,NULL,'NerdyBot',NULL,NULL,-1563330474,-1375768558),(14345,'http://www.artparquet.ru/','Mozilla/5.0 (compatible; Add Catalog/2.1;)',NULL,NULL,-1563330474,1836621235),(14346,'http://www.artparquet.ru/','Mozilla/5.0 (compatible; Add Catalog/2.1;)',NULL,NULL,-1563330474,1836621235),(14347,'http://www.artparquet.ru/','Mozilla/5.0 (compatible; Add Catalog/2.1;)',NULL,NULL,-1563330474,1836621235),(14348,NULL,'Mozilla/5.0 (compatible; Baiduspider/2.0; +http://www.baidu.com/search/spider.html)',NULL,'en-US',-1563330474,-1270086319),(14349,NULL,'Mozilla/5.0 (compatible; Baiduspider/2.0; +http://www.baidu.com/search/spider.html)',NULL,'en-US',-1563330474,-1270085911),(14350,'http://semalt.semalt.com/crawler.php?u=http://yosoysaludybelleza.net','Mozilla/5.0 (Windows NT 6.1; WOW64) AppleWebKit/537.36 (KHTML, like Gecko) Chrome/35.0.1916.153 Safari/537.36',NULL,'en-AU,*',-1563330474,1706766688),(14351,'http://hvd-store.com/','Mozilla/5.0 (X11; Linux x86_64) AppleWebKit/537.36 (KHTML, like Gecko) Chrome/37.0.2062.120 Safari/537.36',NULL,NULL,-1563330474,1308079522),(14352,NULL,NULL,NULL,NULL,-1563330474,-1061454174),(14353,'http://buttons-for-website.com','Mozilla/5.0 (Windows NT 6.1; WOW64) AppleWebKit/537.36 (KHTML, like Gecko) Chrome/36.0.1985.143 Safari/537.36',NULL,'pt-BR,en,*',-1563330474,-1277923202),(14354,'http://bumper-stickers.ru/','Mozilla/4.0 (compatible; MSIE 6.0; Windows NT 5.1; SV1; InfoPath.1',NULL,NULL,-1563330474,-1299639623),(14355,'http://www.kirpich-kupit.ru/','Mozilla/4.7 (compatible; OffByOne; Windows 2000) Webster Pro V3.4',NULL,NULL,-1563330474,-1299639623),(14356,'http://www.bogema-hotel.ru/','Opera/9.00 (Windows NT 5.1; U; ru)',NULL,NULL,-1563330474,-1299639623),(14357,'http://www.bogema-hotel.ru/','Opera/9.00 (Windows NT 5.1; U; ru)',NULL,NULL,-1563330474,-1299639623),(14358,'http://bumper-stickers.ru/','Mozilla/4.0 (compatible; MSIE 6.0; Windows NT 5.1; SV1; InfoPath.1',NULL,NULL,-1563330474,-1299639623),(14359,'http://www.kirpich-kupit.ru/','Mozilla/4.7 (compatible; OffByOne; Windows 2000) Webster Pro V3.4',NULL,NULL,-1563330474,-1299639623),(14360,'http://bumper-stickers.ru/','Mozilla/4.0 (compatible; MSIE 6.0; Windows NT 5.1; SV1; InfoPath.1',NULL,NULL,-1563330474,-1299639623),(14361,'http://www.bogema-hotel.ru/','Opera/9.00 (Windows NT 5.1; U; ru)',NULL,NULL,-1563330474,-1299639623),(14362,'http://www.kirpich-kupit.ru/','Mozilla/4.7 (compatible; OffByOne; Windows 2000) Webster Pro V3.4',NULL,NULL,-1563330474,-1299639623),(14363,'http://megamix-media.com/','Mozilla/4.0 (compatible; Powermarks/3.5; Windows 95/98/2000/NT)',NULL,NULL,-1563330474,779581119),(14364,'http://megamix-media.com/','Mozilla/4.0 (compatible; Powermarks/3.5; Windows 95/98/2000/NT)',NULL,NULL,-1563330474,779581119),(14365,'http://megamix-media.com/','Mozilla/4.0 (compatible; Powermarks/3.5; Windows 95/98/2000/NT)',NULL,NULL,-1563330474,779581119),(14366,NULL,'Mozilla/5.0 (compatible; Baiduspider/2.0; +http://www.baidu.com/search/spider.html)',NULL,'en-US',-1563330474,-1270086208),(14367,NULL,'Mozilla/5.0 (compatible; Baiduspider/2.0; +http://www.baidu.com/search/spider.html)',NULL,'en-US',-1563330474,-1270086329),(14368,'http://specialdessous.com/','Mozilla/5.0 (X11; Linux x86_64) AppleWebKit/537.36 (KHTML, like Gecko) Chrome/37.0.2062.120 Safari/537.36',NULL,NULL,-1563330474,1836627189),(14369,NULL,'Mozilla/5.0 (compatible; Baiduspider/2.0; +http://www.baidu.com/search/spider.html)',NULL,'en-US',-1563330474,-1270085986),(14370,'http://proekt-gaz.ru/','Mozilla/4.0 (compatible; Powermarks/3.5; Windows 95/98/2000/NT)',NULL,NULL,-1563330474,-1341630178),(14371,'http://xoztovari.ru/','Mozilla/4.0 (compatible; Powermarks/3.5; Windows 95/98/2000/NT)',NULL,NULL,-1563330474,-1341630178),(14372,'http://proekt-gaz.ru/','Mozilla/4.0 (compatible; Powermarks/3.5; Windows 95/98/2000/NT)',NULL,NULL,-1563330474,-1341630178),(14373,'http://xoztovari.ru/','Mozilla/4.0 (compatible; Powermarks/3.5; Windows 95/98/2000/NT)',NULL,NULL,-1563330474,-1341630178),(14374,'http://proekt-gaz.ru/','Mozilla/4.0 (compatible; Powermarks/3.5; Windows 95/98/2000/NT)',NULL,NULL,-1563330474,-1341630178),(14375,'http://xoztovari.ru/','Mozilla/4.0 (compatible; Powermarks/3.5; Windows 95/98/2000/NT)',NULL,NULL,-1563330474,-1341630178),(14376,'http://milediva.ru/','Mozilla/4.0 (compatible; Powermarks/3.5; Windows 95/98/2000/NT)',NULL,NULL,-1563330474,779581119),(14377,'http://milediva.ru/','Mozilla/4.0 (compatible; Powermarks/3.5; Windows 95/98/2000/NT)',NULL,NULL,-1563330474,779581119),(14378,'http://milediva.ru/','Mozilla/4.0 (compatible; Powermarks/3.5; Windows 95/98/2000/NT)',NULL,NULL,-1563330474,779581119),(14379,'http://smorcycles.com/','Mozilla/4.7 (compatible; OffByOne; Windows 2000) Webster Pro V3.4',NULL,NULL,-1563330474,-1299639623),(14380,'http://smorcycles.com/','Mozilla/4.7 (compatible; OffByOne; Windows 2000) Webster Pro V3.4',NULL,NULL,-1563330474,-1299639623),(14381,'http://smorcycles.com/','Mozilla/4.7 (compatible; OffByOne; Windows 2000) Webster Pro V3.4',NULL,NULL,-1563330474,-1299639623),(14382,NULL,'Mozilla/5.0 (compatible; Baiduspider/2.0; +http://www.baidu.com/search/spider.html)',NULL,'en-US',-1563330474,-1270086000),(14383,'YOSOYSALUDYBELLEZA.net/admin/FCKeditor/editor/filemanager/upload/php/upload.php','Mozilla/5.0 (Windows NT 6.3; WOW64; rv:33.0) Gecko/20100101 Firefox/33.0',NULL,NULL,-1563330474,-1299623230),(14384,'YOSOYSALUDYBELLEZA.net/admin/FCKeditor/editor/filemanager/upload/php/upload.phpindex.php','Mozilla/5.0 (Windows NT 6.1; WOW64; rv:33.0) Gecko/20100101 Firefox/33.0',NULL,NULL,-1563330474,-1299623230),(14385,NULL,'NerdyBot',NULL,NULL,-1563330474,-1835772306),(14386,'http://buttons-for-website.com','Mozilla/5.0 (Windows NT 6.1; WOW64) AppleWebKit/537.36 (KHTML, like Gecko) Chrome/36.0.1985.143 Safari/537.36',NULL,'el-GR,en,*',-1563330474,1430950918),(14387,'http://filmstrek.ru/','Mozilla/4.0 (compatible; MSIE 6.0; Windows NT 5.1; SV1; .NET CLR 1.1.4322)',NULL,NULL,-1563330474,1540294702),(14388,'http://filmstrek.ru/','Mozilla/4.0 (compatible; MSIE 6.0; Windows NT 5.1; SV1; .NET CLR 1.1.4322)',NULL,NULL,-1563330474,1540294702),(14389,'http://filmstrek.ru/','Mozilla/4.0 (compatible; MSIE 6.0; Windows NT 5.1; SV1; .NET CLR 1.1.4322)',NULL,NULL,-1563330474,1540294702),(14390,NULL,'Mozilla/5.0 (compatible; Baiduspider/2.0; +http://www.baidu.com/search/spider.html)',NULL,'en-US',-1563330474,-1270086227),(14391,'http://semalt.semalt.com/crawler.php?u=http://yosoysaludybelleza.net','Mozilla/5.0 (Windows NT 6.1; WOW64) AppleWebKit/537.36 (KHTML, like Gecko) Chrome/36.0.1985.143 Safari/537.36',NULL,'it-IT,en,*',-1563330474,1325612772),(14392,NULL,'Mozilla/5.0 (compatible; Baiduspider/2.0; +http://www.baidu.com/search/spider.html)',NULL,'en-US',-1563330474,-1270086205),(14393,'http://bristolhotel.com.ua/','Mozilla/4.0 (compatible; MSIE 4.01; Digital AlphaServer 1000A 4/233; Windows NT; Powered By 64-Bit Alpha Processor)',NULL,NULL,-1563330474,-1341630178),(14394,'http://bristolhotel.com.ua/','Mozilla/4.0 (compatible; MSIE 4.01; Digital AlphaServer 1000A 4/233; Windows NT; Powered By 64-Bit Alpha Processor)',NULL,NULL,-1563330474,-1341630178),(14395,'http://bristolhotel.com.ua/','Mozilla/4.0 (compatible; MSIE 4.01; Digital AlphaServer 1000A 4/233; Windows NT; Powered By 64-Bit Alpha Processor)',NULL,NULL,-1563330474,-1341630178),(14396,NULL,'Mozilla/5.0 (X11; Linux x86_64) AppleWebKit/534.24 (KHTML, like Gecko) Chrome/11.0.696.34 Safari/534.24','utf-8,windows-1251;q=0.7,*;q=0.5','en-us,en;q=0.7',-1563330474,-1874050957),(14397,NULL,'Mozilla/5.0 (compatible; Baiduspider/2.0; +http://www.baidu.com/search/spider.html)',NULL,'en-US',-1563330474,-1270086100),(14398,'http://ccpfy.net/','Mozilla/4.0 (compatible; MSIE 6.0; Windows NT 5.1; .NET CLR 1.1.4322)',NULL,NULL,-1563330474,779581119),(14399,'http://moomi-daeri.com/','Mozilla/4.0 (compatible; MSIE 6.0; Windows NT 5.0)',NULL,NULL,-1563330474,779581119),(14400,'http://ccpfy.net/','Mozilla/4.0 (compatible; MSIE 6.0; Windows NT 5.1; .NET CLR 1.1.4322)',NULL,NULL,-1563330474,779581119),(14401,'http://moomi-daeri.com/','Mozilla/4.0 (compatible; MSIE 6.0; Windows NT 5.0)',NULL,NULL,-1563330474,779581119),(14402,'http://ccpfy.net/','Mozilla/4.0 (compatible; MSIE 6.0; Windows NT 5.1; .NET CLR 1.1.4322)',NULL,NULL,-1563330474,779581119),(14403,'http://moomi-daeri.com/','Mozilla/4.0 (compatible; MSIE 6.0; Windows NT 5.0)',NULL,NULL,-1563330474,779581119),(14404,'http://burger-imperia.com/','Mozilla/5.0 (X11; Linux x86_64) AppleWebKit/537.36 (KHTML, like Gecko) Chrome/37.0.2062.120 Safari/537.36',NULL,NULL,-1563330474,-1030313905),(14405,'http://ufa-medosmotr.ru/','Mozilla/4.0 (compatible; MSIE 6.0; AOL 9.0; Windows NT 5.1)',NULL,NULL,-1563330474,-1341630178),(14406,'http://ufa-medosmotr.ru/','Mozilla/4.0 (compatible; MSIE 6.0; AOL 9.0; Windows NT 5.1)',NULL,NULL,-1563330474,-1341630178),(14407,'http://ufa-medosmotr.ru/','Mozilla/4.0 (compatible; MSIE 6.0; AOL 9.0; Windows NT 5.1)',NULL,NULL,-1563330474,-1341630178),(14408,NULL,'Mozilla/5.0 (compatible; Baiduspider/2.0; +http://www.baidu.com/search/spider.html)',NULL,'en-US',-1563330474,-1270086248),(14409,NULL,'Mozilla/5.0 (compatible; Baiduspider/2.0; +http://www.baidu.com/search/spider.html)',NULL,'en-US',-1563330474,-1270086116),(14410,NULL,'Mozilla/5.0 (compatible; Baiduspider/2.0; +http://www.baidu.com/search/spider.html)',NULL,'en-US',-1563330474,-1270086380),(14411,'http://www.lazy-z.com/','Opera/9.00 (Windows NT 5.1; U; en)',NULL,NULL,-1563330474,1540294702),(14412,'http://www.lazy-z.com/','Opera/9.00 (Windows NT 5.1; U; en)',NULL,NULL,-1563330474,1540294702),(14413,'http://www.lazy-z.com/','Opera/9.00 (Windows NT 5.1; U; en)',NULL,NULL,-1563330474,1540294702),(14414,NULL,'Mozilla/5.0 (compatible; bingbot/2.0; +http://www.bing.com/bingbot.htm)',NULL,NULL,-1563330474,-1657329856),(14415,NULL,'Mozilla/5.0 (compatible; bingbot/2.0; +http://www.bing.com/bingbot.htm)',NULL,NULL,-1563330474,-1657329856),(14416,'YOSOYSALUDYBELLEZA.net/admin/fckeditor/editor/filemanager/upload/php/upload.php','Mozilla/5.0 (Windows NT 5.1; rv:33.0) Gecko/20100101 Firefox/33.0',NULL,NULL,-1563330474,-1299623230),(14417,'http://chcu.net/','Mozilla/4.0 (compatible; MSIE 6.0; Windows NT 5.1; SV1; YPC 3.0.2; .NET CLR 1.1.4322; yplus 4.4.02b)',NULL,NULL,-1563330474,-1299639623),(14418,'http://www.nakolochka.in/','Mozilla/4.0 (compatible; MSIE 6.0; Windows NT 5.1; ru) Opera 8.01',NULL,NULL,-1563330474,-1299639623),(14419,'http://chcu.net/','Mozilla/4.0 (compatible; MSIE 6.0; Windows NT 5.1; SV1; YPC 3.0.2; .NET CLR 1.1.4322; yplus 4.4.02b)',NULL,NULL,-1563330474,-1299639623),(14420,'http://www.nakolochka.in/','Mozilla/4.0 (compatible; MSIE 6.0; Windows NT 5.1; ru) Opera 8.01',NULL,NULL,-1563330474,-1299639623),(14421,'http://chcu.net/','Mozilla/4.0 (compatible; MSIE 6.0; Windows NT 5.1; SV1; YPC 3.0.2; .NET CLR 1.1.4322; yplus 4.4.02b)',NULL,NULL,-1563330474,-1299639623),(14422,'http://www.nakolochka.in/','Mozilla/4.0 (compatible; MSIE 6.0; Windows NT 5.1; ru) Opera 8.01',NULL,NULL,-1563330474,-1299639623),(14423,NULL,NULL,NULL,NULL,-1563330474,-1298755940),(14424,NULL,'Mozilla/5.0 (compatible; spbot/4.4.2; +http://OpenLinkProfiler.org/bot )',NULL,'en-us,en;q=0.5',-1563330474,-1561128554),(14425,NULL,'Mozilla/5.0 (compatible; spbot/4.4.2; +http://OpenLinkProfiler.org/bot )',NULL,'en-us,en;q=0.5',-1563330474,-1561128554),(14426,'http://www.yosoysaludybelleza.net/','Mozilla/5.0 (compatible; spbot/4.4.2; +http://OpenLinkProfiler.org/bot )',NULL,'en-us,en;q=0.5',-1563330474,-1561128554),(14427,'http://www.yosoysaludybelleza.net/','Mozilla/5.0 (compatible; spbot/4.4.2; +http://OpenLinkProfiler.org/bot )',NULL,'en-us,en;q=0.5',-1563330474,-1561128554),(14428,'http://www.yosoysaludybelleza.net/','Mozilla/5.0 (compatible; spbot/4.4.2; +http://OpenLinkProfiler.org/bot )',NULL,'en-us,en;q=0.5',-1563330474,-1561128554),(14429,'http://www.yosoysaludybelleza.net/','Mozilla/5.0 (compatible; spbot/4.4.2; +http://OpenLinkProfiler.org/bot )',NULL,'en-us,en;q=0.5',-1563330474,-1561128554),(14430,'http://www.yosoysaludybelleza.net/','Mozilla/5.0 (compatible; spbot/4.4.2; +http://OpenLinkProfiler.org/bot )',NULL,'en-us,en;q=0.5',-1563330474,-1561128554),(14431,'http://www.yosoysaludybelleza.net/','Mozilla/5.0 (compatible; spbot/4.4.2; +http://OpenLinkProfiler.org/bot )',NULL,'en-us,en;q=0.5',-1563330474,-1561128554),(14432,'http://www.yosoysaludybelleza.net/','Mozilla/5.0 (compatible; spbot/4.4.2; +http://OpenLinkProfiler.org/bot )',NULL,'en-us,en;q=0.5',-1563330474,-1561128554),(14433,'http://www.yosoysaludybelleza.net/','Mozilla/5.0 (compatible; spbot/4.4.2; +http://OpenLinkProfiler.org/bot )',NULL,'en-us,en;q=0.5',-1563330474,-1561128554),(14434,'http://www.yosoysaludybelleza.net/','Mozilla/5.0 (compatible; spbot/4.4.2; +http://OpenLinkProfiler.org/bot )',NULL,'en-us,en;q=0.5',-1563330474,-1561128554),(14435,'http://www.yosoysaludybelleza.net/','Mozilla/5.0 (compatible; spbot/4.4.2; +http://OpenLinkProfiler.org/bot )',NULL,'en-us,en;q=0.5',-1563330474,-1561128554),(14436,'http://www.yosoysaludybelleza.net/','Mozilla/5.0 (compatible; spbot/4.4.2; +http://OpenLinkProfiler.org/bot )',NULL,'en-us,en;q=0.5',-1563330474,-1561128554),(14437,'http://www.yosoysaludybelleza.net/','Mozilla/5.0 (compatible; spbot/4.4.2; +http://OpenLinkProfiler.org/bot )',NULL,'en-us,en;q=0.5',-1563330474,-1561128554),(14438,'http://www.yosoysaludybelleza.net/','Mozilla/5.0 (compatible; spbot/4.4.2; +http://OpenLinkProfiler.org/bot )',NULL,'en-us,en;q=0.5',-1563330474,-1561128554),(14439,'http://www.yosoysaludybelleza.net/','Mozilla/5.0 (compatible; spbot/4.4.2; +http://OpenLinkProfiler.org/bot )',NULL,'en-us,en;q=0.5',-1563330474,-1561128554),(14440,'http://www.yosoysaludybelleza.net/index.php/checkout/','Mozilla/5.0 (compatible; spbot/4.4.2; +http://OpenLinkProfiler.org/bot )',NULL,'en-us,en;q=0.5',-1563330474,-1561128554),(14441,'http://www.yosoysaludybelleza.net/','Mozilla/5.0 (compatible; spbot/4.4.2; +http://OpenLinkProfiler.org/bot )',NULL,'en-us,en;q=0.5',-1563330474,-1561128554),(14442,'http://www.yosoysaludybelleza.net/','Mozilla/5.0 (compatible; spbot/4.4.2; +http://OpenLinkProfiler.org/bot )',NULL,'en-us,en;q=0.5',-1563330474,-1561128554),(14443,'http://www.yosoysaludybelleza.net/','Mozilla/5.0 (compatible; spbot/4.4.2; +http://OpenLinkProfiler.org/bot )',NULL,'en-us,en;q=0.5',-1563330474,-1561128554),(14444,'http://www.yosoysaludybelleza.net/index.php/aculife.html','Mozilla/5.0 (compatible; spbot/4.4.2; +http://OpenLinkProfiler.org/bot )',NULL,'en-us,en;q=0.5',-1563330474,-1561128554),(14445,'http://www.yosoysaludybelleza.net/index.php/aculife.html?mode=list','Mozilla/5.0 (compatible; spbot/4.4.2; +http://OpenLinkProfiler.org/bot )',NULL,'en-us,en;q=0.5',-1563330474,-1561128554),(14446,'http://www.yosoysaludybelleza.net/','Mozilla/5.0 (compatible; spbot/4.4.2; +http://OpenLinkProfiler.org/bot )',NULL,'en-us,en;q=0.5',-1563330474,-1561128554),(14447,'http://www.yosoysaludybelleza.net/','Mozilla/5.0 (compatible; spbot/4.4.2; +http://OpenLinkProfiler.org/bot )',NULL,'en-us,en;q=0.5',-1563330474,-1561128554),(14448,'http://www.yosoysaludybelleza.net/index.php/catalogsearch/term/popular/','Mozilla/5.0 (compatible; spbot/4.4.2; +http://OpenLinkProfiler.org/bot )',NULL,'en-us,en;q=0.5',-1563330474,-1561128554),(14449,'http://www.yosoysaludybelleza.net/index.php/catalogsearch/result/?q=1','Mozilla/5.0 (compatible; spbot/4.4.2; +http://OpenLinkProfiler.org/bot )',NULL,'en-us,en;q=0.5',-1563330474,-1561128554),(14450,'http://www.yosoysaludybelleza.net/index.php/aculife-167.html','Mozilla/5.0 (compatible; spbot/4.4.2; +http://OpenLinkProfiler.org/bot )',NULL,'en-us,en;q=0.5',-1563330474,-1561128554),(14451,'http://www.yosoysaludybelleza.net/index.php/catalog/category/view/id/35','Mozilla/5.0 (compatible; spbot/4.4.2; +http://OpenLinkProfiler.org/bot )',NULL,'en-us,en;q=0.5',-1563330474,-1561128554),(14452,'http://www.yosoysaludybelleza.net/index.php/catalogsearch/term/popular/','Mozilla/5.0 (compatible; spbot/4.4.2; +http://OpenLinkProfiler.org/bot )',NULL,'en-us,en;q=0.5',-1563330474,-1561128554),(14453,'http://www.yosoysaludybelleza.net/','Mozilla/5.0 (compatible; spbot/4.4.2; +http://OpenLinkProfiler.org/bot )',NULL,'en-us,en;q=0.5',-1563330474,-1561128554),(14454,'http://www.yosoysaludybelleza.net/index.php/catalog/seo_sitemap/category/','Mozilla/5.0 (compatible; spbot/4.4.2; +http://OpenLinkProfiler.org/bot )',NULL,'en-us,en;q=0.5',-1563330474,-1561128554),(14455,'http://www.yosoysaludybelleza.net/index.php/aculife.html','Mozilla/5.0 (compatible; spbot/4.4.2; +http://OpenLinkProfiler.org/bot )',NULL,'en-us,en;q=0.5',-1563330474,-1561128554),(14456,'http://www.yosoysaludybelleza.net/index.php/wishlist/index/add/product/167/','Mozilla/5.0 (compatible; spbot/4.4.2; +http://OpenLinkProfiler.org/bot )',NULL,'en-us,en;q=0.5',-1563330474,-1561128554),(14457,'http://www.yosoysaludybelleza.net/index.php/aculife-167.html','Mozilla/5.0 (compatible; spbot/4.4.2; +http://OpenLinkProfiler.org/bot )',NULL,'en-us,en;q=0.5',-1563330474,-1561128554),(14458,'http://www.yosoysaludybelleza.net/index.php/customer/account/login/','Mozilla/5.0 (compatible; spbot/4.4.2; +http://OpenLinkProfiler.org/bot )',NULL,'en-us,en;q=0.5',-1563330474,-1561128554),(14459,'http://www.yosoysaludybelleza.net/index.php/catalogsearch/result/?q=1','Mozilla/5.0 (compatible; spbot/4.4.2; +http://OpenLinkProfiler.org/bot )',NULL,'en-us,en;q=0.5',-1563330474,-1561128554),(14460,'http://www.yosoysaludybelleza.net/index.php/catalogsearch/result/index/?cat=36&q=1','Mozilla/5.0 (compatible; spbot/4.4.2; +http://OpenLinkProfiler.org/bot )',NULL,'en-us,en;q=0.5',-1563330474,-1561128554),(14461,'http://www.yosoysaludybelleza.net/index.php/aculife/aculife.html','Mozilla/5.0 (compatible; spbot/4.4.2; +http://OpenLinkProfiler.org/bot )',NULL,'en-us,en;q=0.5',-1563330474,-1561128554),(14462,'http://www.yosoysaludybelleza.net/index.php/aculife/aculife.html','Mozilla/5.0 (compatible; spbot/4.4.2; +http://OpenLinkProfiler.org/bot )',NULL,'en-us,en;q=0.5',-1563330474,-1561128554),(14463,'http://www.yosoysaludybelleza.net/index.php/catalogsearch/result/?q=1','Mozilla/5.0 (compatible; spbot/4.4.2; +http://OpenLinkProfiler.org/bot )',NULL,'en-us,en;q=0.5',-1563330474,-1561128554),(14464,'http://www.yosoysaludybelleza.net/index.php/catalogsearch/result/index/?mode=list&q=1','Mozilla/5.0 (compatible; spbot/4.4.2; +http://OpenLinkProfiler.org/bot )',NULL,'en-us,en;q=0.5',-1563330474,-1561128554),(14465,'http://www.yosoysaludybelleza.net/index.php/catalogsearch/result/?q=1','Mozilla/5.0 (compatible; spbot/4.4.2; +http://OpenLinkProfiler.org/bot )',NULL,'en-us,en;q=0.5',-1563330474,-1561128554),(14466,'http://www.yosoysaludybelleza.net/index.php/catalogsearch/result/index/?mode=grid&q=1','Mozilla/5.0 (compatible; spbot/4.4.2; +http://OpenLinkProfiler.org/bot )',NULL,'en-us,en;q=0.5',-1563330474,-1561128554),(14467,'http://www.yosoysaludybelleza.net/index.php/catalogsearch/result/index/?cat=36&q=1','Mozilla/5.0 (compatible; spbot/4.4.2; +http://OpenLinkProfiler.org/bot )',NULL,'en-us,en;q=0.5',-1563330474,-1561128554),(14468,'http://www.yosoysaludybelleza.net/index.php/catalogsearch/result/index/?cat=36&q=1','Mozilla/5.0 (compatible; spbot/4.4.2; +http://OpenLinkProfiler.org/bot )',NULL,'en-us,en;q=0.5',-1563330474,-1561128554),(14469,'http://www.yosoysaludybelleza.net/index.php/catalogsearch/result/index/?mode=grid&q=1','Mozilla/5.0 (compatible; spbot/4.4.2; +http://OpenLinkProfiler.org/bot )',NULL,'en-us,en;q=0.5',-1563330474,-1561128554),(14470,'http://www.yosoysaludybelleza.net/index.php/catalogsearch/result/index/?mode=list&q=1','Mozilla/5.0 (compatible; spbot/4.4.2; +http://OpenLinkProfiler.org/bot )',NULL,'en-us,en;q=0.5',-1563330474,-1561128554),(14471,'http://www.yosoysaludybelleza.net/index.php/catalogsearch/result/?q=1','Mozilla/5.0 (compatible; spbot/4.4.2; +http://OpenLinkProfiler.org/bot )',NULL,'en-us,en;q=0.5',-1563330474,-1561128554),(14472,'http://www.yosoysaludybelleza.net/index.php/catalogsearch/result/index/?cat=36&mode=grid&q=1','Mozilla/5.0 (compatible; spbot/4.4.2; +http://OpenLinkProfiler.org/bot )',NULL,'en-us,en;q=0.5',-1563330474,-1561128554),(14473,'http://www.yosoysaludybelleza.net/index.php/catalogsearch/result/index/?cat=36&mode=list&q=1','Mozilla/5.0 (compatible; spbot/4.4.2; +http://OpenLinkProfiler.org/bot )',NULL,'en-us,en;q=0.5',-1563330474,-1561128554),(14474,'http://www.yosoysaludybelleza.net/index.php/catalogsearch/result/index/?cat=36&q=1','Mozilla/5.0 (compatible; spbot/4.4.2; +http://OpenLinkProfiler.org/bot )',NULL,'en-us,en;q=0.5',-1563330474,-1561128554),(14475,'http://www.yosoysaludybelleza.net/index.php/catalogsearch/result/index/?mode=list&q=1','Mozilla/5.0 (compatible; spbot/4.4.2; +http://OpenLinkProfiler.org/bot )',NULL,'en-us,en;q=0.5',-1563330474,-1561128554),(14476,'http://www.yosoysaludybelleza.net/index.php/catalogsearch/result/index/?mode=grid&q=1','Mozilla/5.0 (compatible; spbot/4.4.2; +http://OpenLinkProfiler.org/bot )',NULL,'en-us,en;q=0.5',-1563330474,-1561128554),(14477,'http://www.yosoysaludybelleza.net/index.php/catalogsearch/result/index/?price=1000-&q=1','Mozilla/5.0 (compatible; spbot/4.4.2; +http://OpenLinkProfiler.org/bot )',NULL,'en-us,en;q=0.5',-1563330474,-1561128554),(14478,'http://www.yosoysaludybelleza.net/index.php/catalogsearch/result/index/?cat=36&mode=list&q=1','Mozilla/5.0 (compatible; spbot/4.4.2; +http://OpenLinkProfiler.org/bot )',NULL,'en-us,en;q=0.5',-1563330474,-1561128554),(14479,'http://www.yosoysaludybelleza.net/index.php/catalogsearch/result/index/?cat=36&mode=grid&q=1','Mozilla/5.0 (compatible; spbot/4.4.2; +http://OpenLinkProfiler.org/bot )',NULL,'en-us,en;q=0.5',-1563330474,-1561128554),(14480,'http://www.yosoysaludybelleza.net/index.php/catalogsearch/result/index/?cat=36&price=1000-&q=1','Mozilla/5.0 (compatible; spbot/4.4.2; +http://OpenLinkProfiler.org/bot )',NULL,'en-us,en;q=0.5',-1563330474,-1561128554),(14481,'http://www.yosoysaludybelleza.net/index.php/catalogsearch/result/index/?mode=grid&price=1000-&q=1','Mozilla/5.0 (compatible; spbot/4.4.2; +http://OpenLinkProfiler.org/bot )',NULL,'en-us,en;q=0.5',-1563330474,-1561128554),(14482,'http://www.yosoysaludybelleza.net/index.php/catalogsearch/result/index/?mode=list&price=1000-&q=1','Mozilla/5.0 (compatible; spbot/4.4.2; +http://OpenLinkProfiler.org/bot )',NULL,'en-us,en;q=0.5',-1563330474,-1561128554),(14483,'http://www.yosoysaludybelleza.net/index.php/catalogsearch/result/index/?cat=36&mode=grid&price=1000-&q=1','Mozilla/5.0 (compatible; spbot/4.4.2; +http://OpenLinkProfiler.org/bot )',NULL,'en-us,en;q=0.5',-1563330474,-1561128554),(14484,'http://www.yosoysaludybelleza.net/','Mozilla/5.0 (compatible; spbot/4.4.2; +http://OpenLinkProfiler.org/bot )',NULL,'en-us,en;q=0.5',-1563330474,-1561128554),(14485,'http://www.yosoysaludybelleza.net/index.php/catalogsearch/result/index/?cat=36&mode=list&price=1000-&q=1','Mozilla/5.0 (compatible; spbot/4.4.2; +http://OpenLinkProfiler.org/bot )',NULL,'en-us,en;q=0.5',-1563330474,-1561128554),(14486,'http://www.yosoysaludybelleza.net/index.php/','Mozilla/5.0 (compatible; spbot/4.4.2; +http://OpenLinkProfiler.org/bot )',NULL,'en-us,en;q=0.5',-1563330474,-1561128554),(14487,'http://www.yosoysaludybelleza.net/index.php/aculife.html','Mozilla/5.0 (compatible; spbot/4.4.2; +http://OpenLinkProfiler.org/bot )',NULL,'en-us,en;q=0.5',-1563330474,-1561128554),(14488,NULL,'Mozilla/5.0 (compatible; Baiduspider/2.0; +http://www.baidu.com/search/spider.html)',NULL,'en-US',-1563330474,-1270086108),(14489,'http://www.rospromtest.ru/','Mozilla/4.0 (compatible; MSIE 5.5; Windows 98)',NULL,NULL,-1563330474,779581119),(14490,'http://www.rospromtest.ru/','Mozilla/4.0 (compatible; MSIE 5.5; Windows 98)',NULL,NULL,-1563330474,779581119),(14491,'http://www.rospromtest.ru/','Mozilla/4.0 (compatible; MSIE 5.5; Windows 98)',NULL,NULL,-1563330474,779581119),(14492,NULL,'Mozilla/5.0 (compatible; Baiduspider/2.0; +http://www.baidu.com/search/spider.html)',NULL,'en-US',-1563330474,-1270086329),(14493,'http://fin48.ru/','Opera/9.00 (Windows NT 4.0; U; en)',NULL,NULL,-1563330474,-1341630178),(14494,'http://med-poisk.com/','Opera/9.00 (Windows NT 4.0; U; en)',NULL,NULL,-1563330474,-1341630178),(14495,'http://med-poisk.com/','Opera/9.00 (Windows NT 4.0; U; en)',NULL,NULL,-1563330474,-1341630178),(14496,'http://fin48.ru/','Opera/9.00 (Windows NT 4.0; U; en)',NULL,NULL,-1563330474,-1341630178),(14497,'http://med-poisk.com/','Opera/9.00 (Windows NT 4.0; U; en)',NULL,NULL,-1563330474,-1341630178),(14498,'http://fin48.ru/','Opera/9.00 (Windows NT 4.0; U; en)',NULL,NULL,-1563330474,-1341630178),(14499,'http://nanoagro.net/','Mozilla/4.0 (compatible; MSIE 6.0; Windows NT 5.0; Avant Browser [avantbrowser.com]; Hotbar 4.4.5.0)',NULL,NULL,-1563330474,779581119),(14500,'http://nanoagro.net/','Mozilla/4.0 (compatible; MSIE 6.0; Windows NT 5.0; Avant Browser [avantbrowser.com]; Hotbar 4.4.5.0)',NULL,NULL,-1563330474,779581119),(14501,'http://nanoagro.net/','Mozilla/4.0 (compatible; MSIE 6.0; Windows NT 5.0; Avant Browser [avantbrowser.com]; Hotbar 4.4.5.0)',NULL,NULL,-1563330474,779581119),(14502,NULL,'Mozilla/5.0 (compatible; Baiduspider/2.0; +http://www.baidu.com/search/spider.html)',NULL,'en-US',-1563330474,-1270086104),(14503,'http://buttons-for-website.com','Mozilla/5.0 (Windows NT 6.1; WOW64) AppleWebKit/537.36 (KHTML, like Gecko) Chrome/36.0.1985.143 Safari/537.36',NULL,'pt-BR,en,*',-1563330474,-919975400),(14504,NULL,'rogerbot/1.0 (http://moz.com/help/pro/what-is-rogerbot-, rogerbot-wherecat@moz.com)',NULL,NULL,-1563330474,-772209156),(14505,NULL,'rogerbot/1.0 (http://moz.com/help/pro/what-is-rogerbot-, rogerbot-wherecat@moz.com)',NULL,NULL,-1563330474,-772209156),(14506,NULL,'Mozilla/5.0 (Windows NT 6.1; WOW64) AppleWebKit/537.36 (KHTML, like Gecko) Chrome/40.0.2214.111 Safari/537.36','utf-8,windows-1251;q=0.7,*;q=0.5','en-us,en;q=0.8',-1563330474,635859665),(14507,'http://www.bogema-hotel.ru/','Mozilla/4.0 (compatible; MSIE 6.0; Windows NT 5.1; .NET CLR 1.0.3705)',NULL,NULL,-1563330474,-1299639623),(14508,'http://www.bogema-hotel.ru/','Mozilla/4.0 (compatible; MSIE 6.0; Windows NT 5.1; .NET CLR 1.0.3705)',NULL,NULL,-1563330474,-1299639623),(14509,'http://www.bogema-hotel.ru/','Mozilla/4.0 (compatible; MSIE 6.0; Windows NT 5.1; .NET CLR 1.0.3705)',NULL,NULL,-1563330474,-1299639623),(14510,'http://www.yosoysaludybelleza.net/','Mozilla/5.0 (Windows NT 6.3; WOW64) AppleWebKit/537.36 (KHTML, like Gecko) Chrome/39.0.2171.71 Safari/537.36',NULL,NULL,-1563330474,-1299623230),(14511,NULL,'Mozilla/5.0 (compatible; Baiduspider/2.0; +http://www.baidu.com/search/spider.html)',NULL,'en-US',-1563330474,-1270086325),(14512,NULL,'Mozilla/5.0 (compatible; Baiduspider/2.0; +http://www.baidu.com/search/spider.html)',NULL,'en-US',-1563330474,-1270086338),(14513,'http://semalt.semalt.com/crawler.php?u=http://yosoysaludybelleza.net','Mozilla/5.0 (Windows NT 6.1; WOW64) AppleWebKit/537.36 (KHTML, like Gecko) Chrome/36.0.1985.143 Safari/537.36',NULL,'en-US,*',-1563330474,2006840463),(14514,NULL,'NerdyBot',NULL,NULL,-1563330474,-1835778257),(14515,'http://www.izumrud-d.ru/','Mozilla/4.0 (compatible; MSIE 6.0; Windows NT 5.1; SV1)',NULL,NULL,-1563330474,-1341630178),(14516,'http://www.izumrud-d.ru/','Mozilla/4.0 (compatible; MSIE 6.0; Windows NT 5.1; SV1)',NULL,NULL,-1563330474,-1341630178),(14517,'http://www.izumrud-d.ru/','Mozilla/4.0 (compatible; MSIE 6.0; Windows NT 5.1; SV1)',NULL,NULL,-1563330474,-1341630178),(14518,'http://yosoysaludybelleza.net/magmi/web/magmi.php','Mozilla/4.0 (compatible; MSIE 6.0; Windows NT 5.1; SV1)',NULL,NULL,-1563330474,-705548844),(14519,NULL,'Mozilla/5.0 (compatible; Baiduspider/2.0; +http://www.baidu.com/search/spider.html)',NULL,'en-US',-1563330474,-1270086205),(14520,'http://dostoprim.com/','Mozilla/4.0 (compatible; MSIE 6.0; Windows NT 5.1; SV1; .NET CLR 1.1.4322; .NET CLR 2.0.50727)',NULL,NULL,-1563330474,-1341630178),(14521,'http://dostoprim.com/','Mozilla/4.0 (compatible; MSIE 6.0; Windows NT 5.1; SV1; .NET CLR 1.1.4322; .NET CLR 2.0.50727)',NULL,NULL,-1563330474,-1341630178),(14522,'http://dostoprim.com/','Mozilla/4.0 (compatible; MSIE 6.0; Windows NT 5.1; SV1; .NET CLR 1.1.4322; .NET CLR 2.0.50727)',NULL,NULL,-1563330474,-1341630178),(14523,'http://ccpfy.net/','Mozilla/4.0 (compatible; MSIE 6.0; Windows NT 5.1; MRA 4.6 (build 01425))',NULL,NULL,-1563330474,779581119),(14524,'http://krasivoe-hd.com/','Mozilla/4.0 (compatible; MSIE 6.0; Windows NT 5.1; SV1; InfoPath.1)',NULL,NULL,-1563330474,779581119),(14525,'http://ccpfy.net/','Mozilla/4.0 (compatible; MSIE 6.0; Windows NT 5.1; MRA 4.6 (build 01425))',NULL,NULL,-1563330474,779581119),(14526,'http://krasivoe-hd.com/','Mozilla/4.0 (compatible; MSIE 6.0; Windows NT 5.1; SV1; InfoPath.1)',NULL,NULL,-1563330474,779581119),(14527,'http://ccpfy.net/','Mozilla/4.0 (compatible; MSIE 6.0; Windows NT 5.1; MRA 4.6 (build 01425))',NULL,NULL,-1563330474,779581119),(14528,'http://krasivoe-hd.com/','Mozilla/4.0 (compatible; MSIE 6.0; Windows NT 5.1; SV1; InfoPath.1)',NULL,NULL,-1563330474,779581119),(14529,'http://buttons-for-website.com','Mozilla/5.0 (Windows NT 6.1; WOW64) AppleWebKit/537.36 (KHTML, like Gecko) Chrome/36.0.1985.143 Safari/537.36',NULL,'he-IL,en,*',-1563330474,1587511966),(14530,NULL,'Mozilla/5.0 (compatible; Baiduspider/2.0; +http://www.baidu.com/search/spider.html)',NULL,'en-US',-1563330474,-1270085911),(14531,'http://semalt.semalt.com/crawler.php?u=http://yosoysaludybelleza.net','Mozilla/5.0 (Windows NT 6.1; WOW64) AppleWebKit/537.36 (KHTML, like Gecko) Chrome/36.0.1985.143 Safari/537.36',NULL,'es-ES,en,*',-1563330474,1594928056),(14532,NULL,'Mozilla/5.0 (compatible; Baiduspider/2.0; +http://www.baidu.com/search/spider.html)',NULL,'en-US',-1563330474,-1270086124),(14533,NULL,'Mozilla/5.0 (compatible; Baiduspider/2.0; +http://www.baidu.com/search/spider.html)',NULL,'en-US',-1563330474,-1270086333),(14534,NULL,'Mozilla/5.0 (Windows NT 5.1; rv:6.0.2) Gecko/20100101 Firefox/6.0.2',NULL,NULL,-1563330474,-1270086376),(14535,NULL,'Mozilla/5.0 (compatible; Baiduspider/2.0; +http://www.baidu.com/search/spider.html)',NULL,'en-US',-1563330474,-1270086334),(14536,NULL,'Mozilla/5.0 (compatible; Baiduspider/2.0; +http://www.baidu.com/search/spider.html)',NULL,'en-US',-1563330474,-1270086342),(14537,'http://pornogig.com/','Opera/7.60 (Windows NT 5.2; U)  [en] (IBM EVV/3.0/EAK01AG9/LE)',NULL,NULL,-1563330474,-1299639623),(14538,'http://pornogig.com/','Opera/7.60 (Windows NT 5.2; U)  [en] (IBM EVV/3.0/EAK01AG9/LE)',NULL,NULL,-1563330474,-1299639623),(14539,'http://pornogig.com/','Opera/7.60 (Windows NT 5.2; U)  [en] (IBM EVV/3.0/EAK01AG9/LE)',NULL,NULL,-1563330474,-1299639623),(14540,NULL,NULL,NULL,NULL,-1563330474,-1061454174),(14541,NULL,NULL,NULL,NULL,-1563330474,-1061454174),(14542,NULL,NULL,NULL,NULL,-1563330474,-1061454174),(14543,NULL,NULL,NULL,NULL,-1563330474,-1061454174),(14544,NULL,NULL,NULL,NULL,-1563330474,-1061454174),(14545,NULL,NULL,NULL,NULL,-1563330474,-1061454174),(14546,'http://www.google.com/url?sa=i&rct=j&q=&esrc=s&source=images&cd=&ved=0CAMQjxw&url=http%3A%2F%2Fyosoysaludybelleza.net%2F&ei=T64XVeuwL6nRygOW1oHICw&bvm=bv.89381419,d.bGQ&psig=AFQjCNF73DKUpCVwwA11yKexwfjiivnCgA&ust=1427701655053226','Mozilla/5.0 (Windows NT 5.1; rv:36.0) Gecko/20100101 Firefox/36.0',NULL,'ru-RU,ru;q=0.8,en-US;q=0.5,en;q=0.3',-1563330474,532741808),(14547,NULL,'Mozilla/5.0 (Windows; U; Windows NT 5.1; en; rv:1.9.0.13) Gecko/2009073022 Firefox/3.5.2 (.NET CLR 3.5.30729) SurveyBot/2.3 (DomainTools)',NULL,'en-us,fr-be;q=0.5',-1563330474,-661583010),(14548,'http://whois.domaintools.com/yosoysaludybelleza.net','Mozilla/5.0 (Windows; U; Windows NT 5.1; en; rv:1.9.0.13) Gecko/2009073022 Firefox/3.5.2 (.NET CLR 3.5.30729) SurveyBot/2.3 (DomainTools)',NULL,'en-us,fr-be;q=0.5',-1563330474,-661583010),(14549,'http://www.nakolochka.in/','Mozilla/4.0 (compatible; MSIE 6.0; Windows NT 5.1; FREE; .NET CLR 1.1.4322)',NULL,NULL,-1563330474,-1299639623),(14550,'http://www.nakolochka.in/','Mozilla/4.0 (compatible; MSIE 6.0; Windows NT 5.1; FREE; .NET CLR 1.1.4322)',NULL,NULL,-1563330474,-1299639623),(14551,'http://www.nakolochka.in/','Mozilla/4.0 (compatible; MSIE 6.0; Windows NT 5.1; FREE; .NET CLR 1.1.4322)',NULL,NULL,-1563330474,-1299639623),(14552,'http://aibolita.ru/','Mozilla/4.0 (compatible; MSIE 6.0; Windows NT 5.1; SV1; InfoPath.1',NULL,NULL,-1563330474,779581119),(14553,'http://aibolita.ru/','Mozilla/4.0 (compatible; MSIE 6.0; Windows NT 5.1; SV1; InfoPath.1',NULL,NULL,-1563330474,779581119),(14554,'http://aibolita.ru/','Mozilla/4.0 (compatible; MSIE 6.0; Windows NT 5.1; SV1; InfoPath.1',NULL,NULL,-1563330474,779581119),(14555,NULL,'Mozilla/5.0 (compatible; Baiduspider/2.0; +http://www.baidu.com/search/spider.html)',NULL,'en-US',-1563330474,-1270086326),(14556,NULL,'Mozilla/5.0 (compatible; Baiduspider/2.0; +http://www.baidu.com/search/spider.html)',NULL,'en-US',-1563330474,-1270086012),(14557,NULL,'Mozilla/5.0 (compatible; bingbot/2.0; +http://www.bing.com/bingbot.htm)',NULL,NULL,-1563330474,-1657329856),(14558,NULL,'Mozilla/5.0 (compatible; bingbot/2.0; +http://www.bing.com/bingbot.htm)',NULL,NULL,-1563330474,-1657329856),(14559,NULL,'Mozilla/5.0 (compatible; Baiduspider/2.0; +http://www.baidu.com/search/spider.html)',NULL,'en-US',-1563330474,-1270086376),(14560,NULL,'Mozilla/5.0 (Windows NT 6.1; WOW64) AppleWebKit/537.36 (KHTML, like Gecko) Chrome/36.0.1985.125 Safari/537.36',NULL,'zh-cn,zh-tw',-1563330474,-902938978),(14561,NULL,'Mozilla/5.0 (Windows NT 6.1; WOW64) AppleWebKit/537.36 (KHTML, like Gecko) Chrome/36.0.1985.125 Safari/537.36',NULL,'zh-cn,zh-tw',-1563330474,-902939101),(14562,NULL,'Mozilla/5.0 (compatible; bingbot/2.0; +http://www.bing.com/bingbot.htm)',NULL,NULL,-1563330474,-1657329856),(14563,NULL,'Mozilla/5.0 (Windows NT 6.1; WOW64) AppleWebKit/537.36 (KHTML, like Gecko) Chrome/36.0.1985.125 Safari/537.36',NULL,'zh-cn,zh-tw',-1563330474,-902940308),(14564,NULL,'Mozilla/5.0 (Windows; U; Windows NT 6.1; ru; rv:1.9.2) Gecko/20100115 MRA 5.6 (build 03278) Firefox/3.6 (.NET CLR 3.5.30729)','windows-1251,utf-8;q=0.7,*;q=0.7','ru-ru,ru;q=0.8,en-us;q=0.5,en;q=0.3',-1563330474,1547655279),(14565,NULL,NULL,NULL,NULL,-1563330474,1547655279),(14566,NULL,'Mozilla/5.0 (Windows; U; Windows NT 6.1; ru; rv:1.9.2) Gecko/20100115 MRA 5.6 (build 03278) Firefox/3.6 (.NET CLR 3.5.30729)','windows-1251,utf-8;q=0.7,*;q=0.7','ru-ru,ru;q=0.8,en-us;q=0.5,en;q=0.3',-1563330474,1547655279),(14567,NULL,'Mozilla/5.0 (Windows NT 5.1; rv:6.0.2) Gecko/20100101 Firefox/6.0.2',NULL,NULL,-1563330474,-1270086372),(14568,NULL,'Microsoft Internet Explorer/4.0b1 (Windows 95)',NULL,NULL,-1563330474,-1560440461),(14569,'http://semalt.semalt.com/crawler.php?u=http://yosoysaludybelleza.net','Mozilla/5.0 (Windows NT 6.1; WOW64) AppleWebKit/537.36 (KHTML, like Gecko) Chrome/36.0.1985.143 Safari/537.36',NULL,'en-US,*',-1563330474,-979494139),(14570,NULL,'Mozilla/5.0 (compatible; meanpathbot/1.0; +http://www.meanpath.com/meanpathbot.html)',NULL,NULL,-1563330474,-1067226320),(14571,NULL,'Mozilla/5.0 (compatible; meanpathbot/1.0; +http://www.meanpath.com/meanpathbot.html)',NULL,NULL,-1563330474,-1067226315),(14572,NULL,'Mozilla/4.0 (compatible; MSIE 6.0; Windows NT 5.1; SV1)',NULL,NULL,-1563330474,-1131419629),(14573,'http://semalt.semalt.com/crawler.php?u=http://yosoysaludybelleza.net','Mozilla/5.0 (Windows NT 6.1; WOW64) AppleWebKit/537.36 (KHTML, like Gecko) Chrome/36.0.1985.143 Safari/537.36',NULL,'pt-BR,en,*',-1563330474,-1276328191),(14574,'http://hvd-store.com/','Mozilla/5.0 (X11; Linux x86_64) AppleWebKit/537.36 (KHTML, like Gecko) Chrome/37.0.2062.120 Safari/537.36',NULL,NULL,-1563330474,-1131806235),(14575,NULL,'Mozilla/5.0 (compatible; Baiduspider/2.0; +http://www.baidu.com/search/spider.html)',NULL,'en-US',-1563330474,-1270085994),(14576,NULL,'NerdyBot',NULL,NULL,-1563330474,-2100067527),(14577,NULL,'Mozilla/5.0 (Windows NT 5.1) APPWebKit/537.36 (KHTML, like Gecko) Chrome/27.0.1453.116 Safari/537.36',NULL,NULL,-1563330474,-1129986433),(14578,NULL,'Mozilla/5.0 (Windows NT 5.1) APPWebKit/537.36 (KHTML, like Gecko) Chrome/27.0.1453.116 Safari/537.36',NULL,NULL,-1563330474,-1129986433),(14579,NULL,'LSSRocketCrawler/1.0 LightspeedSystems',NULL,NULL,-1563330474,1163186166),(14580,NULL,'Mozilla/5.0 (compatible; Baiduspider/2.0; +http://www.baidu.com/search/spider.html)',NULL,'en-US',-1563330474,-1270086009),(14581,NULL,'Mozilla/4.0 (compatible; MSIE 6.0; Windows NT 5.1; SV1)',NULL,NULL,-1563330474,-1061454174),(14582,NULL,'Mozilla/5.0 (compatible; Baiduspider/2.0; +http://www.baidu.com/search/spider.html)',NULL,'en-US',-1563330474,-1270086088),(14583,NULL,'Mozilla/4.0 (compatible; MSIE 6.0; Windows NT 5.1; SV1; .NET CLR 1.1.4322)',NULL,NULL,-1563330474,1625521189),(14584,NULL,'Mozilla/5.0 (compatible; Baiduspider/2.0; +http://www.baidu.com/search/spider.html)',NULL,'en-US',-1563330474,-1270086177),(14585,NULL,'Mozilla/5.0 (compatible; Baiduspider/2.0; +http://www.baidu.com/search/spider.html)',NULL,'en-US',-1563330474,-1270086012),(14586,'http://semalt.semalt.com/crawler.php?u=http://yosoysaludybelleza.net','Mozilla/5.0 (Windows NT 6.1; WOW64) AppleWebKit/537.36 (KHTML, like Gecko) Chrome/36.0.1985.143 Safari/537.36',NULL,'pt-BR,en,*',-1563330474,-1077026288),(14587,NULL,'Mozilla/5.0 (compatible; Baiduspider/2.0; +http://www.baidu.com/search/spider.html)',NULL,'en-US',-1563330474,-1270086246),(14588,NULL,'Mozilla/5.0 (compatible; bingbot/2.0; +http://www.bing.com/bingbot.htm)',NULL,NULL,-1563330474,-819065471),(14589,'http://yosoysaludybelleza.net/blog/','Mozilla/4.0 (compatible; MSIE 6.0; Windows NT 5.1; SV1)',NULL,NULL,-1563330474,711123640),(14590,'http://yosoysaludybelleza.net','Go 1.1 package http',NULL,NULL,-1563330474,387244326),(14591,NULL,'Mozilla/5.0 (Windows NT 6.3; WOW64) AppleWebKit/537.36 (KHTML, like Gecko) Chrome/32.0.1700.76 Safari/537.36',NULL,'en,*',-1563330474,911261731),(14592,'http://semalt.semalt.com/crawler.php?u=http://yosoysaludybelleza.net','Mozilla/5.0 (Windows NT 6.1; WOW64) AppleWebKit/537.36 (KHTML, like Gecko) Chrome/36.0.1985.143 Safari/537.36',NULL,'es-ES,en,*',-1563330474,-1167456417),(14593,NULL,'Mozilla/5.0 (Windows NT 5.1; rv:6.0.2) Gecko/20100101 Firefox/6.0.2',NULL,NULL,-1563330474,-1270086087),(14594,'http://buttons-for-website.com','Mozilla/5.0 (Windows NT 6.1; WOW64) AppleWebKit/537.36 (KHTML, like Gecko) Chrome/36.0.1985.143 Safari/537.36',NULL,'ar-SA,en,*',-1563330474,1320571920),(14595,'http://semalt.semalt.com/crawler.php?u=http://yosoysaludybelleza.net','Mozilla/5.0 (Windows NT 6.1; WOW64) AppleWebKit/537.36 (KHTML, like Gecko) Chrome/36.0.1985.143 Safari/537.36',NULL,'es-ES,en,*',-1563330474,1306868317),(14596,NULL,'Mozilla/5.0 (compatible; Baiduspider/2.0; +http://www.baidu.com/search/spider.html)',NULL,'en-US',-1563330474,-1270086232),(14597,NULL,'Mozilla/5.0 (iPhone; CPU iPhone OS 6_0 like Mac OS X) AppleWebKit/536.26 (KHTML, like Gecko) Version/6.0 Mobile/10A5376e Safari/8536.25 (compatible; Googlebot/2.1; +http://www.google.com/bot.html)',NULL,NULL,-1563330474,1123631136),(14598,NULL,'Mozilla/4.0 (compatible; MSIE 6.0; Windows NT 5.1; SV1)',NULL,NULL,-1563330474,-1013255827),(14599,NULL,'Mozilla/5.0 (compatible; Baiduspider/2.0; +http://www.baidu.com/search/spider.html)',NULL,'en-US',-1563330474,-1270086382),(14600,NULL,'Mozilla/5.0 (compatible; Baiduspider/2.0; +http://www.baidu.com/search/spider.html)',NULL,'en-US',-1563330474,-1270086005),(14601,NULL,'Mozilla/5.0 (compatible; bingbot/2.0; +http://www.bing.com/bingbot.htm)',NULL,NULL,-1563330474,-819065595),(14602,NULL,'Mozilla/5.0 (compatible; bingbot/2.0; +http://www.bing.com/bingbot.htm)',NULL,NULL,-1563330474,-819065595),(14603,NULL,NULL,NULL,NULL,-1563330474,919839051),(14604,NULL,'Mozilla/5.0 (compatible; Baiduspider/2.0; +http://www.baidu.com/search/spider.html)',NULL,'en-US',-1563330474,-1270086101),(14605,'http://semalt.semalt.com/crawler.php?u=http://yosoysaludybelleza.net','Mozilla/5.0 (Windows NT 6.1; WOW64) AppleWebKit/537.36 (KHTML, like Gecko) Chrome/36.0.1985.143 Safari/537.36',NULL,'pt-BR,en,*',-1563330474,-1119206170),(14606,NULL,'NerdyBot',NULL,NULL,-1563330474,1754938741),(14607,'http://semalt.semalt.com/crawler.php?u=http://yosoysaludybelleza.net','Mozilla/5.0 (Windows NT 6.1; WOW64) AppleWebKit/537.36 (KHTML, like Gecko) Chrome/36.0.1985.143 Safari/537.36',NULL,'it-IT,en,*',-1563330474,1046632518),(14608,NULL,'Mozilla/5.0 (compatible; Baiduspider/2.0; +http://www.baidu.com/search/spider.html)',NULL,'en-US',-1563330474,-1270086305),(14609,NULL,'Mozilla/5.0 (compatible; Baiduspider/2.0; +http://www.baidu.com/search/spider.html)',NULL,'en-US',-1563330474,-1270085986),(14610,'http://best-seo-solution.com/try.php?u=http://yosoysaludybelleza.net','Mozilla/5.0 (Windows NT 6.1; WOW64) AppleWebKit/537.36 (KHTML, like Gecko) Chrome/36.0.1985.143 Safari/537.36',NULL,'pt-BR,en,*',-1563330474,-1153305584),(14611,NULL,'Mozilla/5.0 (iPhone; CPU iPhone OS 6_0 like Mac OS X) AppleWebKit/536.26 (KHTML, like Gecko) Version/6.0 Mobile/10A5376e Safari/8536.25 (compatible; Googlebot/2.1; +http://www.google.com/bot.html)',NULL,NULL,-1563330474,1123631980),(14612,NULL,'Mozilla/5.0 (compatible; Baiduspider/2.0; +http://www.baidu.com/search/spider.html)',NULL,'en-US',-1563330474,-1270086325),(14613,NULL,'Mozilla/5.0 (compatible; Baiduspider/2.0; +http://www.baidu.com/search/spider.html)',NULL,'en-US',-1563330474,-1270086247),(14614,NULL,'Mozilla/5.0 (compatible; Baiduspider/2.0; +http://www.baidu.com/search/spider.html)',NULL,'en-US',-1563330474,-1270086224),(14615,NULL,'NerdyBot',NULL,NULL,-1563330474,-2100056427),(14616,NULL,'Mozilla/5.0 (compatible; bingbot/2.0; +http://www.bing.com/bingbot.htm)',NULL,NULL,-1563330474,-819065595),(14617,'http://best-seo-solution.com/try.php?u=http://yosoysaludybelleza.net','Mozilla/5.0 (Windows NT 6.1; WOW64) AppleWebKit/537.36 (KHTML, like Gecko) Chrome/36.0.1985.143 Safari/537.36',NULL,'sr-RS,en,*',-1563330474,-1294108956),(14618,NULL,'Mozilla/5.0 (Windows; U; Windows NT 6.1; ru; rv:1.9.2) Gecko/20100115 MRA 5.6 (build 03278) Firefox/3.6 (.NET CLR 3.5.30729)','windows-1251,utf-8;q=0.7,*;q=0.7','ru-ru,ru;q=0.8,en-us;q=0.5,en;q=0.3',-1563330474,1547655279),(14619,NULL,'Porkbun/Mustache (Website Analysis; http://porkbun.com; tech@porkbun.com)',NULL,NULL,-1563330474,915762114),(14620,'http://yosoysaludybelleza.net/','Mozilla/4.0 (compatible; MSIE 6.0; Windows NT 5.1; SV1)',NULL,NULL,-1563330474,-653472116),(14621,NULL,'Mozilla/5.0 (compatible; bingbot/2.0; +http://www.bing.com/bingbot.htm)',NULL,NULL,-1563330474,-1657329669),(14622,NULL,'Mozilla/5.0 (compatible; bingbot/2.0; +http://www.bing.com/bingbot.htm)',NULL,NULL,-1563330474,-1657329669),(14623,NULL,'Mozilla/5.0 (compatible; Baiduspider/2.0; +http://www.baidu.com/search/spider.html)',NULL,'en-US',-1563330474,-1270085912),(14624,NULL,'Mozilla/5.0 (Windows NT 6.1; WOW64) AppleWebKit/535.19 (KHTML, like Gecko) Chrome/18.0.1003.1 Safari/535.19 Awesomium/1.7.4.2','iso-8859-1,*,utf-8','en-us,en',-1563330474,-798132311),(14625,NULL,'Mozilla/5.0 (compatible; bingbot/2.0; +http://www.bing.com/bingbot.htm)',NULL,NULL,-1563330474,-1657329669),(14626,NULL,'Mozilla/5.0 (Windows; U; Windows NT 6.1; ru; rv:1.9.2) Gecko/20100115 MRA 5.6 (build 03278) Firefox/3.6 (.NET CLR 3.5.30729)','windows-1251,utf-8;q=0.7,*;q=0.7','ru-ru,ru;q=0.8,en-us;q=0.5,en;q=0.3',-1563330474,1547655279),(14627,NULL,NULL,NULL,NULL,-1563330474,1547655279),(14628,NULL,'Mozilla/5.0 (Windows; U; Windows NT 6.1; ru; rv:1.9.2) Gecko/20100115 MRA 5.6 (build 03278) Firefox/3.6 (.NET CLR 3.5.30729)','windows-1251,utf-8;q=0.7,*;q=0.7','ru-ru,ru;q=0.8,en-us;q=0.5,en;q=0.3',-1563330474,1547655279),(14629,NULL,NULL,NULL,NULL,-1563330474,1547655279),(14630,NULL,'Mozilla/5.0 (Windows; U; Windows NT 6.1; ru; rv:1.9.2) Gecko/20100115 MRA 5.6 (build 03278) Firefox/3.6 (.NET CLR 3.5.30729)','windows-1251,utf-8;q=0.7,*;q=0.7','ru-ru,ru;q=0.8,en-us;q=0.5,en;q=0.3',-1563330474,1547655279),(14631,NULL,NULL,NULL,NULL,-1563330474,1547655279),(14632,NULL,'Mozilla/5.0 (Windows; U; Windows NT 6.1; ru; rv:1.9.2) Gecko/20100115 MRA 5.6 (build 03278) Firefox/3.6 (.NET CLR 3.5.30729)','windows-1251,utf-8;q=0.7,*;q=0.7','ru-ru,ru;q=0.8,en-us;q=0.5,en;q=0.3',-1563330474,1547655279),(14633,NULL,NULL,NULL,NULL,-1563330474,1547655279),(14634,NULL,'Mozilla/5.0 (Windows; U; Windows NT 6.1; ru; rv:1.9.2) Gecko/20100115 MRA 5.6 (build 03278) Firefox/3.6 (.NET CLR 3.5.30729)','windows-1251,utf-8;q=0.7,*;q=0.7','ru-ru,ru;q=0.8,en-us;q=0.5,en;q=0.3',-1563330474,1547655279),(14635,NULL,NULL,NULL,NULL,-1563330474,1547655279),(14636,NULL,'Mozilla/5.0 (Windows; U; Windows NT 6.1; ru; rv:1.9.2) Gecko/20100115 MRA 5.6 (build 03278) Firefox/3.6 (.NET CLR 3.5.30729)','windows-1251,utf-8;q=0.7,*;q=0.7','ru-ru,ru;q=0.8,en-us;q=0.5,en;q=0.3',-1563330474,1547655279),(14637,NULL,'Mozilla/5.0 (compatible; Baiduspider/2.0; +http://www.baidu.com/search/spider.html)',NULL,'en-US',-1563330474,-1270086247),(14638,'http://best-seo-solution.com/try.php?u=http://yosoysaludybelleza.net','Mozilla/5.0 (Windows NT 6.1; WOW64) AppleWebKit/537.36 (KHTML, like Gecko) Chrome/36.0.1985.143 Safari/537.36',NULL,'en-US,*',-1563330474,2001879234),(14639,NULL,'Mozilla/5.0 (Windows; U; Windows NT 6.1; ru; rv:1.9.2) Gecko/20100115 MRA 5.6 (build 03278) Firefox/3.6 (.NET CLR 3.5.30729)','windows-1251,utf-8;q=0.7,*;q=0.7','ru-ru,ru;q=0.8,en-us;q=0.5,en;q=0.3',-1563330474,1547655279),(14640,NULL,'Mozilla/5.0 (compatible; Baiduspider/2.0; +http://www.baidu.com/search/spider.html)',NULL,'en-US',-1563330474,-1270085919),(14641,NULL,'Mozilla/5.0 (Windows NT 6.1; WOW64; rv:22.0) Gecko/20100101 Firefox/22.0',NULL,'en-US',-1563330474,-902939028),(14642,NULL,'Mozilla/5.0 (Windows NT 5.1; rv:6.0.2) Gecko/20100101 Firefox/6.0.2',NULL,NULL,-1563330474,-902942585),(14643,NULL,NULL,NULL,NULL,-1563330474,1547655279),(14644,NULL,'Mozilla/5.0 (Windows; U; Windows NT 6.1; ru; rv:1.9.2) Gecko/20100115 MRA 5.6 (build 03278) Firefox/3.6 (.NET CLR 3.5.30729)','windows-1251,utf-8;q=0.7,*;q=0.7','ru-ru,ru;q=0.8,en-us;q=0.5,en;q=0.3',-1563330474,1547655279),(14645,NULL,NULL,NULL,NULL,-1563330474,1547655279),(14646,NULL,'Mozilla/5.0 (Windows; U; Windows NT 6.1; ru; rv:1.9.2) Gecko/20100115 MRA 5.6 (build 03278) Firefox/3.6 (.NET CLR 3.5.30729)','windows-1251,utf-8;q=0.7,*;q=0.7','ru-ru,ru;q=0.8,en-us;q=0.5,en;q=0.3',-1563330474,1547655279),(14647,NULL,'Mozilla/4.0 (compatible; MSIE 6.0; Windows NT 5.1; SV1; Mozilla/4.0 (compatible; MSIE 6.0; Windows NT 5.1; SV1) ; .NET CLR 2.0.50727 ; .NET CLR 4.0.30319)',NULL,NULL,-1563330474,-1013255827),(14648,NULL,'Mozilla/5.0 (compatible; Baiduspider/2.0; +http://www.baidu.com/search/spider.html)',NULL,'en-US',-1563330474,-1270086230),(14649,NULL,'Mozilla/5.0 (Windows NT 6.1; WOW64; rv:22.0) Gecko/20100101 Firefox/22.0',NULL,'en-US',-1563330474,-902938989),(14650,'http://best-seo-solution.com/try.php?u=http://yosoysaludybelleza.net','Mozilla/5.0 (Windows NT 6.1; WOW64) AppleWebKit/537.36 (KHTML, like Gecko) Chrome/36.0.1985.143 Safari/537.36',NULL,'en-US,*',-1563330474,1333083007),(14651,NULL,'Mozilla/5.0 (compatible; bingbot/2.0; +http://www.bing.com/bingbot.htm)',NULL,NULL,-1563330474,-1657329856),(14652,NULL,'Mozilla/5.0 (compatible; bingbot/2.0; +http://www.bing.com/bingbot.htm)',NULL,NULL,-1563330474,-1657329856),(14653,NULL,'Mozilla/5.0 (compatible; Baiduspider/2.0; +http://www.baidu.com/search/spider.html)',NULL,'en-US',-1563330474,-1270086087),(14654,'http://best-seo-solution.com/try.php?u=http://yosoysaludybelleza.net','Mozilla/5.0 (Windows NT 6.1; WOW64) AppleWebKit/537.36 (KHTML, like Gecko) Chrome/36.0.1985.143 Safari/537.36',NULL,'en-US,*',-1563330474,1908906924),(14655,NULL,'Mozilla/5.0 (Windows; U; Windows NT 6.1; ru; rv:1.9.2) Gecko/20100115 MRA 5.6 (build 03278) Firefox/3.6 (.NET CLR 3.5.30729)','windows-1251,utf-8;q=0.7,*;q=0.7','ru-ru,ru;q=0.8,en-us;q=0.5,en;q=0.3',-1563330474,1547655279),(14656,NULL,'Mozilla/4.0 (compatible; MSIE 6.0; Windows NT 5.1; SV1)',NULL,NULL,-1563330474,-1341495069),(14657,NULL,'Mozilla/4.0 (compatible; MSIE 6.0; Windows NT 5.1; SV1)',NULL,NULL,-1563330474,-1341495069),(14658,NULL,'Mozilla/5.0 (Windows NT 5.1; rv:6.0.2) Gecko/20100101 Firefox/6.0.2',NULL,NULL,-1563330474,1863149065),(14659,NULL,'Mozilla/5.0 (Windows NT 5.1; rv:6.0.2) Gecko/20100101 Firefox/6.0.2',NULL,NULL,-1563330474,-1270086087),(14660,NULL,'Mozilla/5.0 (compatible; Baiduspider/2.0; +http://www.baidu.com/search/spider.html)',NULL,'en-US',-1563330474,-1270086003),(14661,NULL,'Mozilla/5.0 (compatible; Baiduspider/2.0; +http://www.baidu.com/search/spider.html)',NULL,'en-US',-1563330474,-1270086009),(14662,NULL,'Mozilla/5.0 (compatible; bingbot/2.0; +http://www.bing.com/bingbot.htm)',NULL,NULL,-1563330474,-819065595),(14663,NULL,'Mozilla/5.0 (compatible; bingbot/2.0; +http://www.bing.com/bingbot.htm)',NULL,NULL,-1563330474,-1657329856),(14664,NULL,'Mozilla/5.0 (compatible; bingbot/2.0; +http://www.bing.com/bingbot.htm)',NULL,NULL,-1563330474,-1657329668),(14665,NULL,'Mozilla/5.0 (compatible; bingbot/2.0; +http://www.bing.com/bingbot.htm)',NULL,NULL,-1563330474,-1657329856),(14666,'http://best-seo-solution.com/try.php?u=http://yosoysaludybelleza.net','Mozilla/5.0 (Windows NT 6.1; WOW64) AppleWebKit/537.36 (KHTML, like Gecko) Chrome/36.0.1985.143 Safari/537.36',NULL,'es-MX,en,*',-1563330474,-1108517086),(14667,NULL,'Mozilla/5.0 (compatible; Baiduspider/2.0; +http://www.baidu.com/search/spider.html)',NULL,'en-US',-1563330474,-1270085985),(14668,NULL,'Mozilla/5.0 (compatible; Baiduspider/2.0; +http://www.baidu.com/search/spider.html)',NULL,'en-US',-1563330474,-1270086343),(14669,NULL,'Mozilla/5.0 (compatible; Baiduspider/2.0; +http://www.baidu.com/search/spider.html)',NULL,'en-US',-1563330474,-1270086256),(14670,'http://buttons-for-website.com','Mozilla/5.0 (Windows NT 6.1; WOW64) AppleWebKit/537.36 (KHTML, like Gecko) Chrome/36.0.1985.143 Safari/537.36',NULL,'en-US,*',-1563330474,-1563701957),(14671,NULL,'Mozilla/5.0 (compatible; Baiduspider/2.0; +http://www.baidu.com/search/spider.html)',NULL,'en-US',-1563330474,-1270086009),(14672,NULL,'Mozilla/5.0 (Windows; U; Windows NT 5.1; en-US; rv:1.7.8) Gecko/20050511 Firefox/1.0.4',NULL,NULL,-1563330474,872780836),(14673,NULL,'Mozilla/5.0 (Windows; U; Windows NT 5.1; en-US; rv:1.7.8) Gecko/20050511 Firefox/1.0.4',NULL,NULL,-1563330474,872780836),(14674,NULL,'Mozilla/5.0 (Windows; U; Windows NT 5.1; en-US; rv:1.7.8) Gecko/20050511 Firefox/1.0.4',NULL,NULL,-1563330474,872780836),(14675,NULL,'Mozilla/5.0 (Windows; U; Windows NT 5.1; en-US; rv:1.7.8) Gecko/20050511 Firefox/1.0.4',NULL,NULL,-1563330474,872780836),(14676,NULL,'Mozilla/5.0 (Windows; U; Windows NT 5.1; en-US; rv:1.7.8) Gecko/20050511 Firefox/1.0.4',NULL,NULL,-1563330474,872780836),(14677,NULL,'Mozilla/5.0 (Windows; U; Windows NT 5.1; en-US; rv:1.7.8) Gecko/20050511 Firefox/1.0.4',NULL,NULL,-1563330474,872780836),(14678,NULL,'Mozilla/5.0 (Windows; U; Windows NT 5.1; en-US; rv:1.7.8) Gecko/20050511 Firefox/1.0.4',NULL,NULL,-1563330474,872780836),(14679,NULL,'Mozilla/5.0 (Windows; U; Windows NT 5.1; en-US; rv:1.7.8) Gecko/20050511 Firefox/1.0.4',NULL,NULL,-1563330474,872780836),(14680,NULL,'Mozilla/5.0 (Windows; U; Windows NT 5.1; en-US; rv:1.7.8) Gecko/20050511 Firefox/1.0.4',NULL,NULL,-1563330474,872780836),(14681,NULL,'Mozilla/5.0 (compatible; Baiduspider/2.0; +http://www.baidu.com/search/spider.html)',NULL,'en-US',-1563330474,-1270086233),(14682,NULL,'Mozilla/5.0 (Windows; U; Windows NT 6.1; ru; rv:1.9.2) Gecko/20100115 MRA 5.6 (build 03278) Firefox/3.6 (.NET CLR 3.5.30729)','windows-1251,utf-8;q=0.7,*;q=0.7','ru-ru,ru;q=0.8,en-us;q=0.5,en;q=0.3',-1563330474,1547655279),(14683,NULL,NULL,NULL,NULL,-1563330474,1547655279),(14684,NULL,'Mozilla/5.0 (Windows; U; Windows NT 6.1; ru; rv:1.9.2) Gecko/20100115 MRA 5.6 (build 03278) Firefox/3.6 (.NET CLR 3.5.30729)','windows-1251,utf-8;q=0.7,*;q=0.7','ru-ru,ru;q=0.8,en-us;q=0.5,en;q=0.3',-1563330474,1547655279),(14685,'http://www.yosoysaludybelleza.net/index.php/contacts/','Mozilla/5.0 (Windows NT 6.3; WOW64) AppleWebKit/537.36 (KHTML, like Gecko) Chrome/37.0.2062.124 YaBrowser/14.10.2062.12061 Safari/537.36',NULL,NULL,-1563330474,-1299622457),(14686,NULL,'Mozilla/5.0 (compatible; bingbot/2.0; +http://www.bing.com/bingbot.htm)',NULL,NULL,-1563330474,-1657329669),(14687,NULL,'Mozilla/5.0 (Windows; U; Windows NT 6.1; ru; rv:1.9.2) Gecko/20100115 MRA 5.6 (build 03278) Firefox/3.6 (.NET CLR 3.5.30729)','windows-1251,utf-8;q=0.7,*;q=0.7','ru-ru,ru;q=0.8,en-us;q=0.5,en;q=0.3',-1563330474,1547655279),(14688,NULL,NULL,NULL,NULL,-1563330474,1547655279),(14689,NULL,'Mozilla/5.0 (Windows; U; Windows NT 6.1; ru; rv:1.9.2) Gecko/20100115 MRA 5.6 (build 03278) Firefox/3.6 (.NET CLR 3.5.30729)','windows-1251,utf-8;q=0.7,*;q=0.7','ru-ru,ru;q=0.8,en-us;q=0.5,en;q=0.3',-1563330474,1547655279),(14690,NULL,'NerdyBot',NULL,NULL,-1563330474,-2100053311),(14691,NULL,'Mozilla/5.0 (compatible; Baiduspider/2.0; +http://www.baidu.com/search/spider.html)',NULL,'en-US',-1563330474,-1270086080),(14692,NULL,'Mozilla/5.0 (compatible; Baiduspider/2.0; +http://www.baidu.com/search/spider.html)',NULL,'en-US',-1563330474,-1270085994),(14693,NULL,'Mozilla/5.0 (compatible; Baiduspider/2.0; +http://www.baidu.com/search/spider.html)',NULL,'en-US',-1563330474,-1270086115),(14694,NULL,'Mozilla/5.0 (Windows NT 5.1; rv:6.0.2) Gecko/20100101 Firefox/6.0.2',NULL,NULL,-1563330474,-1270086092),(14695,NULL,'Mozilla/5.0 (compatible; Baiduspider/2.0; +http://www.baidu.com/search/spider.html)',NULL,'en-US',-1563330474,-1270086255),(14696,NULL,'Mozilla/5.0 (compatible; Baiduspider/2.0; +http://www.baidu.com/search/spider.html)',NULL,'en-US',-1563330474,-1270086013),(14697,NULL,'Mozilla/5.0 (compatible; Baiduspider/2.0; +http://www.baidu.com/search/spider.html)',NULL,'en-US',-1563330474,-1270086096),(14698,NULL,'Mozilla/5.0 (compatible; Baiduspider/2.0; +http://www.baidu.com/search/spider.html)',NULL,'en-US',-1563330474,-1270086234),(14699,NULL,'Mozilla/5.0 (Windows; U; Windows NT 6.1; ru; rv:1.9.2) Gecko/20100115 MRA 5.6 (build 03278) Firefox/3.6 (.NET CLR 3.5.30729)','windows-1251,utf-8;q=0.7,*;q=0.7','ru-ru,ru;q=0.8,en-us;q=0.5,en;q=0.3',-1563330474,1547655279),(14700,NULL,'Mozilla/5.0 (compatible; meanpathbot/1.0; +http://www.meanpath.com/meanpathbot.html)',NULL,NULL,-1563330474,-1067226225),(14701,NULL,'Mozilla/5.0 (compatible; meanpathbot/1.0; +http://www.meanpath.com/meanpathbot.html)',NULL,NULL,-1563330474,-1067226224),(14702,NULL,'Mozilla/5.0 (Windows; U; Windows NT 6.1; ru; rv:1.9.2) Gecko/20100115 MRA 5.6 (build 03278) Firefox/3.6 (.NET CLR 3.5.30729)','windows-1251,utf-8;q=0.7,*;q=0.7','ru-ru,ru;q=0.8,en-us;q=0.5,en;q=0.3',-1563330474,1547655279),(14703,NULL,'NerdyBot',NULL,NULL,-1563330474,1757751794),(14704,NULL,'Mozilla/5.0 (compatible; Baiduspider/2.0; +http://www.baidu.com/search/spider.html)',NULL,'en-US',-1563330474,-1270086229),(14705,NULL,'Mozilla/5.0 (Windows NT 5.1) APPWebKit/537.36 (KHTML, like Gecko) Chrome/27.0.1453.116 Safari/537.36',NULL,NULL,-1563330474,1116159768),(14706,NULL,'Mozilla/5.0 (Windows NT 5.1) APPWebKit/537.36 (KHTML, like Gecko) Chrome/27.0.1453.116 Safari/537.36',NULL,NULL,-1563330474,1116159768),(14707,NULL,'Mozilla/5.0 (Windows NT 5.1) APPWebKit/537.36 (KHTML, like Gecko) Chrome/27.0.1453.116 Safari/537.36',NULL,NULL,-1563330474,1116159768),(14708,'http://buttons-for-website.com','Mozilla/5.0 (Windows NT 6.1; WOW64) AppleWebKit/537.36 (KHTML, like Gecko) Chrome/36.0.1985.143 Safari/537.36',NULL,'pt-BR,en,*',-1563330474,-1160271254),(14709,NULL,'Mozilla/5.0 (Windows NT 6.1; WOW64) AppleWebKit/537.36 (KHTML, like Gecko) Chrome/36.0.1985.125 Safari/537.36',NULL,'zh-cn,zh-tw',-1563330474,-902938776),(14710,NULL,'Mozilla/5.0 (Windows NT 6.1; WOW64) AppleWebKit/537.36 (KHTML, like Gecko) Chrome/36.0.1985.125 Safari/537.36',NULL,'zh-cn,zh-tw',-1563330474,-902939065),(14711,NULL,'Mozilla/5.0 (Windows NT 6.1; WOW64) AppleWebKit/537.36 (KHTML, like Gecko) Chrome/36.0.1985.125 Safari/537.36',NULL,'zh-cn,zh-tw',-1563330474,-902939343),(14712,NULL,'Mozilla/5.0 (compatible; Baiduspider/2.0; +http://www.baidu.com/search/spider.html)',NULL,'en-US',-1563330474,-1270086333),(14713,NULL,'Mozilla/5.0 (Windows NT 6.1; WOW64) AppleWebKit/537.36 (KHTML, like Gecko) Chrome/36.0.1985.125 Safari/537.36',NULL,'zh-cn,zh-tw',-1563330474,-902942155),(14714,NULL,'Mozilla/4.0 (compatible; MSIE 6.0; Windows NT 5.1; SV1)',NULL,NULL,-1563330474,-1131419629),(14715,'http://yosoysaludybelleza.net','Go 1.1 package http',NULL,NULL,-1563330474,387396286),(14716,'http://best-seo-solution.com/try.php?u=http://yosoysaludybelleza.net','Mozilla/5.0 (Windows NT 6.1; WOW64) AppleWebKit/537.36 (KHTML, like Gecko) Chrome/35.0.1916.153 Safari/537.36',NULL,'pt-BR,en,*',-1563330474,-1319859605),(14717,NULL,'Mozilla/5.0 (Windows; U; Windows NT 5.1; en-US; rv:1.9.2) Gecko/20100115 Firefox/3.6',NULL,NULL,-1563330474,-1129986433),(14718,'http://best-seo-solution.com/try.php?u=http://yosoysaludybelleza.net','Mozilla/5.0 (Windows NT 6.1; WOW64) AppleWebKit/537.36 (KHTML, like Gecko) Chrome/35.0.1916.153 Safari/537.36',NULL,'es-ES,en,*',-1563330474,1476796534),(14719,NULL,'Mozilla/5.0 (compatible; bingbot/2.0; +http://www.bing.com/bingbot.htm)',NULL,NULL,-1563330474,-819065595),(14720,NULL,'Mozilla/5.0 (compatible; Baiduspider/2.0; +http://www.baidu.com/search/spider.html)',NULL,'en-US',-1563330474,-1270086013),(14721,NULL,'Mozilla/5.0 (compatible; Baiduspider/2.0; +http://www.baidu.com/search/spider.html)',NULL,'en-US',-1563330474,-1270086229),(14722,NULL,'Mozilla/5.0 (compatible; Baiduspider/2.0; +http://www.baidu.com/search/spider.html)',NULL,'en-US',-1563330474,-1270086084),(14723,NULL,'Mozilla/5.0 (compatible; Baiduspider/2.0; +http://www.baidu.com/search/spider.html)',NULL,'en-US',-1563330474,-1270085992),(14724,'http://www.yosoysaludybelleza.net','Mozilla/4.0 (compatible; MSIE 6.0; Windows NT 5.1; en) Opera 8.50',NULL,'*',-1563330474,-1366635193),(14725,NULL,'NerdyBot',NULL,NULL,-1563330474,1757749751),(14726,'http://buttons-for-website.com','Mozilla/5.0 (Windows NT 6.1; WOW64) AppleWebKit/537.36 (KHTML, like Gecko) Chrome/36.0.1985.143 Safari/537.36',NULL,'pt-BR,en,*',-1563330474,-1161002174),(14727,NULL,'Mozilla/5.0 (compatible; Baiduspider/2.0; +http://www.baidu.com/search/spider.html)',NULL,'en-US',-1563330474,-1270086010),(14728,'http://buttons-for-website.com','Mozilla/5.0 (Windows NT 6.1; WOW64) AppleWebKit/537.36 (KHTML, like Gecko) Chrome/36.0.1985.143 Safari/537.36',NULL,'pt-BR,en,*',-1563330474,-1312018505);

--
-- Table structure for table `log_visitor_online`
--

CREATE TABLE `log_visitor_online` (
  `visitor_id` bigint(20) unsigned NOT NULL AUTO_INCREMENT COMMENT 'Visitor ID',
  `visitor_type` varchar(1) NOT NULL COMMENT 'Visitor Type',
  `remote_addr` bigint(20) NOT NULL COMMENT 'Remote Address',
  `first_visit_at` timestamp NULL DEFAULT NULL COMMENT 'First Visit Time',
  `last_visit_at` timestamp NULL DEFAULT NULL COMMENT 'Last Visit Time',
  `customer_id` int(10) unsigned DEFAULT NULL COMMENT 'Customer ID',
  `last_url` varchar(255) DEFAULT NULL COMMENT 'Last URL',
  PRIMARY KEY (`visitor_id`),
  KEY `IDX_LOG_VISITOR_ONLINE_VISITOR_TYPE` (`visitor_type`),
  KEY `IDX_LOG_VISITOR_ONLINE_FIRST_VISIT_AT_LAST_VISIT_AT` (`first_visit_at`,`last_visit_at`),
  KEY `IDX_LOG_VISITOR_ONLINE_CUSTOMER_ID` (`customer_id`)
) ENGINE=InnoDB DEFAULT CHARSET=utf8 COMMENT='Log Visitor Online Table';

--
-- Dumping data for table `log_visitor_online`
--


--
-- Table structure for table `newsletter_problem`
--

CREATE TABLE `newsletter_problem` (
  `problem_id` int(10) unsigned NOT NULL AUTO_INCREMENT COMMENT 'Problem Id',
  `subscriber_id` int(10) unsigned DEFAULT NULL COMMENT 'Subscriber Id',
  `queue_id` int(10) unsigned NOT NULL DEFAULT '0' COMMENT 'Queue Id',
  `problem_error_code` int(10) unsigned DEFAULT '0' COMMENT 'Problem Error Code',
  `problem_error_text` varchar(200) DEFAULT NULL COMMENT 'Problem Error Text',
  PRIMARY KEY (`problem_id`),
  KEY `IDX_NEWSLETTER_PROBLEM_SUBSCRIBER_ID` (`subscriber_id`),
  KEY `IDX_NEWSLETTER_PROBLEM_QUEUE_ID` (`queue_id`),
  CONSTRAINT `FK_NEWSLETTER_PROBLEM_QUEUE_ID_NEWSLETTER_QUEUE_QUEUE_ID` FOREIGN KEY (`queue_id`) REFERENCES `newsletter_queue` (`queue_id`) ON DELETE CASCADE ON UPDATE CASCADE,
  CONSTRAINT `FK_NLTTR_PROBLEM_SUBSCRIBER_ID_NLTTR_SUBSCRIBER_SUBSCRIBER_ID` FOREIGN KEY (`subscriber_id`) REFERENCES `newsletter_subscriber` (`subscriber_id`) ON DELETE CASCADE ON UPDATE CASCADE
) ENGINE=InnoDB DEFAULT CHARSET=utf8 COMMENT='Newsletter Problems';

--
-- Dumping data for table `newsletter_problem`
--


--
-- Table structure for table `newsletter_queue`
--

CREATE TABLE `newsletter_queue` (
  `queue_id` int(10) unsigned NOT NULL AUTO_INCREMENT COMMENT 'Queue Id',
  `template_id` int(10) unsigned NOT NULL DEFAULT '0' COMMENT 'Template Id',
  `newsletter_type` int(11) DEFAULT NULL COMMENT 'Newsletter Type',
  `newsletter_text` text COMMENT 'Newsletter Text',
  `newsletter_styles` text COMMENT 'Newsletter Styles',
  `newsletter_subject` varchar(200) DEFAULT NULL COMMENT 'Newsletter Subject',
  `newsletter_sender_name` varchar(200) DEFAULT NULL COMMENT 'Newsletter Sender Name',
  `newsletter_sender_email` varchar(200) DEFAULT NULL COMMENT 'Newsletter Sender Email',
  `queue_status` int(10) unsigned NOT NULL DEFAULT '0' COMMENT 'Queue Status',
  `queue_start_at` timestamp NULL DEFAULT NULL COMMENT 'Queue Start At',
  `queue_finish_at` timestamp NULL DEFAULT NULL COMMENT 'Queue Finish At',
  PRIMARY KEY (`queue_id`),
  KEY `IDX_NEWSLETTER_QUEUE_TEMPLATE_ID` (`template_id`),
  CONSTRAINT `FK_NEWSLETTER_QUEUE_TEMPLATE_ID_NEWSLETTER_TEMPLATE_TEMPLATE_ID` FOREIGN KEY (`template_id`) REFERENCES `newsletter_template` (`template_id`) ON DELETE CASCADE ON UPDATE CASCADE
) ENGINE=InnoDB DEFAULT CHARSET=utf8 COMMENT='Newsletter Queue';

--
-- Dumping data for table `newsletter_queue`
--


--
-- Table structure for table `newsletter_queue_link`
--

CREATE TABLE `newsletter_queue_link` (
  `queue_link_id` int(10) unsigned NOT NULL AUTO_INCREMENT COMMENT 'Queue Link Id',
  `queue_id` int(10) unsigned NOT NULL DEFAULT '0' COMMENT 'Queue Id',
  `subscriber_id` int(10) unsigned NOT NULL DEFAULT '0' COMMENT 'Subscriber Id',
  `letter_sent_at` timestamp NULL DEFAULT NULL COMMENT 'Letter Sent At',
  PRIMARY KEY (`queue_link_id`),
  KEY `IDX_NEWSLETTER_QUEUE_LINK_SUBSCRIBER_ID` (`subscriber_id`),
  KEY `IDX_NEWSLETTER_QUEUE_LINK_QUEUE_ID` (`queue_id`),
  KEY `IDX_NEWSLETTER_QUEUE_LINK_QUEUE_ID_LETTER_SENT_AT` (`queue_id`,`letter_sent_at`),
  CONSTRAINT `FK_NEWSLETTER_QUEUE_LINK_QUEUE_ID_NEWSLETTER_QUEUE_QUEUE_ID` FOREIGN KEY (`queue_id`) REFERENCES `newsletter_queue` (`queue_id`) ON DELETE CASCADE ON UPDATE CASCADE,
  CONSTRAINT `FK_NLTTR_QUEUE_LNK_SUBSCRIBER_ID_NLTTR_SUBSCRIBER_SUBSCRIBER_ID` FOREIGN KEY (`subscriber_id`) REFERENCES `newsletter_subscriber` (`subscriber_id`) ON DELETE CASCADE ON UPDATE CASCADE
) ENGINE=InnoDB DEFAULT CHARSET=utf8 COMMENT='Newsletter Queue Link';

--
-- Dumping data for table `newsletter_queue_link`
--


--
-- Table structure for table `newsletter_queue_store_link`
--

CREATE TABLE `newsletter_queue_store_link` (
  `queue_id` int(10) unsigned NOT NULL DEFAULT '0' COMMENT 'Queue Id',
  `store_id` smallint(5) unsigned NOT NULL DEFAULT '0' COMMENT 'Store Id',
  PRIMARY KEY (`queue_id`,`store_id`),
  KEY `IDX_NEWSLETTER_QUEUE_STORE_LINK_STORE_ID` (`store_id`),
  CONSTRAINT `FK_NEWSLETTER_QUEUE_STORE_LINK_STORE_ID_CORE_STORE_STORE_ID` FOREIGN KEY (`store_id`) REFERENCES `core_store` (`store_id`) ON DELETE CASCADE ON UPDATE CASCADE,
  CONSTRAINT `FK_NLTTR_QUEUE_STORE_LNK_QUEUE_ID_NLTTR_QUEUE_QUEUE_ID` FOREIGN KEY (`queue_id`) REFERENCES `newsletter_queue` (`queue_id`) ON DELETE CASCADE ON UPDATE CASCADE
) ENGINE=InnoDB DEFAULT CHARSET=utf8 COMMENT='Newsletter Queue Store Link';

--
-- Dumping data for table `newsletter_queue_store_link`
--


--
-- Table structure for table `newsletter_subscriber`
--

CREATE TABLE `newsletter_subscriber` (
  `subscriber_id` int(10) unsigned NOT NULL AUTO_INCREMENT COMMENT 'Subscriber Id',
  `store_id` smallint(5) unsigned DEFAULT '0' COMMENT 'Store Id',
  `change_status_at` timestamp NULL DEFAULT NULL COMMENT 'Change Status At',
  `customer_id` int(10) unsigned NOT NULL DEFAULT '0' COMMENT 'Customer Id',
  `subscriber_email` varchar(150) NOT NULL COMMENT 'Subscriber Email',
  `subscriber_status` int(11) NOT NULL DEFAULT '0' COMMENT 'Subscriber Status',
  `subscriber_confirm_code` varchar(32) DEFAULT 'NULL' COMMENT 'Subscriber Confirm Code',
  PRIMARY KEY (`subscriber_id`),
  KEY `IDX_NEWSLETTER_SUBSCRIBER_CUSTOMER_ID` (`customer_id`),
  KEY `IDX_NEWSLETTER_SUBSCRIBER_STORE_ID` (`store_id`),
  CONSTRAINT `FK_NEWSLETTER_SUBSCRIBER_STORE_ID_CORE_STORE_STORE_ID` FOREIGN KEY (`store_id`) REFERENCES `core_store` (`store_id`) ON DELETE SET NULL ON UPDATE CASCADE
) ENGINE=InnoDB AUTO_INCREMENT=2 DEFAULT CHARSET=utf8 COMMENT='Newsletter Subscriber';

--
-- Dumping data for table `newsletter_subscriber`
--

INSERT INTO `newsletter_subscriber` VALUES (1,1,NULL,2,'hugoleoes@hotmail.com',1,'5x08i2qk8vx0wug5alwbysg9i3qb44ld');

--
-- Table structure for table `newsletter_template`
--

CREATE TABLE `newsletter_template` (
  `template_id` int(10) unsigned NOT NULL AUTO_INCREMENT COMMENT 'Template Id',
  `template_code` varchar(150) DEFAULT NULL COMMENT 'Template Code',
  `template_text` text COMMENT 'Template Text',
  `template_text_preprocessed` text COMMENT 'Template Text Preprocessed',
  `template_styles` text COMMENT 'Template Styles',
  `template_type` int(10) unsigned DEFAULT NULL COMMENT 'Template Type',
  `template_subject` varchar(200) DEFAULT NULL COMMENT 'Template Subject',
  `template_sender_name` varchar(200) DEFAULT NULL COMMENT 'Template Sender Name',
  `template_sender_email` varchar(200) DEFAULT NULL COMMENT 'Template Sender Email',
  `template_actual` smallint(5) unsigned DEFAULT '1' COMMENT 'Template Actual',
  `added_at` timestamp NULL DEFAULT NULL COMMENT 'Added At',
  `modified_at` timestamp NULL DEFAULT NULL COMMENT 'Modified At',
  PRIMARY KEY (`template_id`),
  KEY `IDX_NEWSLETTER_TEMPLATE_TEMPLATE_ACTUAL` (`template_actual`),
  KEY `IDX_NEWSLETTER_TEMPLATE_ADDED_AT` (`added_at`),
  KEY `IDX_NEWSLETTER_TEMPLATE_MODIFIED_AT` (`modified_at`)
) ENGINE=InnoDB DEFAULT CHARSET=utf8 COMMENT='Newsletter Template';

--
-- Dumping data for table `newsletter_template`
--


--
-- Table structure for table `oauth_consumer`
--

CREATE TABLE `oauth_consumer` (
  `entity_id` int(10) unsigned NOT NULL AUTO_INCREMENT COMMENT 'Entity Id',
  `created_at` timestamp NOT NULL DEFAULT CURRENT_TIMESTAMP COMMENT 'Created At',
  `updated_at` timestamp NULL DEFAULT NULL COMMENT 'Updated At',
  `name` varchar(255) NOT NULL COMMENT 'Name of consumer',
  `key` varchar(32) NOT NULL COMMENT 'Key code',
  `secret` varchar(32) NOT NULL COMMENT 'Secret code',
  `callback_url` varchar(255) DEFAULT NULL COMMENT 'Callback URL',
  `rejected_callback_url` varchar(255) NOT NULL COMMENT 'Rejected callback URL',
  PRIMARY KEY (`entity_id`),
  UNIQUE KEY `UNQ_OAUTH_CONSUMER_KEY` (`key`),
  UNIQUE KEY `UNQ_OAUTH_CONSUMER_SECRET` (`secret`),
  KEY `IDX_OAUTH_CONSUMER_CREATED_AT` (`created_at`),
  KEY `IDX_OAUTH_CONSUMER_UPDATED_AT` (`updated_at`)
) ENGINE=InnoDB DEFAULT CHARSET=utf8 COMMENT='OAuth Consumers';

--
-- Dumping data for table `oauth_consumer`
--


--
-- Table structure for table `oauth_nonce`
--

CREATE TABLE `oauth_nonce` (
  `nonce` varchar(32) NOT NULL COMMENT 'Nonce String',
  `timestamp` int(10) unsigned NOT NULL COMMENT 'Nonce Timestamp',
  UNIQUE KEY `UNQ_OAUTH_NONCE_NONCE` (`nonce`)
) ENGINE=MyISAM DEFAULT CHARSET=utf8 COMMENT='oauth_nonce';

--
-- Dumping data for table `oauth_nonce`
--


--
-- Table structure for table `oauth_token`
--

CREATE TABLE `oauth_token` (
  `entity_id` int(10) unsigned NOT NULL AUTO_INCREMENT COMMENT 'Entity ID',
  `consumer_id` int(10) unsigned NOT NULL COMMENT 'Consumer ID',
  `admin_id` int(10) unsigned DEFAULT NULL COMMENT 'Admin user ID',
  `customer_id` int(10) unsigned DEFAULT NULL COMMENT 'Customer user ID',
  `type` varchar(16) NOT NULL COMMENT 'Token Type',
  `token` varchar(32) NOT NULL COMMENT 'Token',
  `secret` varchar(32) NOT NULL COMMENT 'Token Secret',
  `verifier` varchar(32) DEFAULT NULL COMMENT 'Token Verifier',
  `callback_url` varchar(255) NOT NULL COMMENT 'Token Callback URL',
  `revoked` smallint(5) unsigned NOT NULL DEFAULT '0' COMMENT 'Is Token revoked',
  `authorized` smallint(5) unsigned NOT NULL DEFAULT '0' COMMENT 'Is Token authorized',
  `created_at` timestamp NOT NULL DEFAULT CURRENT_TIMESTAMP COMMENT 'Token creation timestamp',
  PRIMARY KEY (`entity_id`),
  UNIQUE KEY `UNQ_OAUTH_TOKEN_TOKEN` (`token`),
  KEY `IDX_OAUTH_TOKEN_CONSUMER_ID` (`consumer_id`),
  KEY `FK_OAUTH_TOKEN_ADMIN_ID_ADMIN_USER_USER_ID` (`admin_id`),
  KEY `FK_OAUTH_TOKEN_CUSTOMER_ID_CUSTOMER_ENTITY_ENTITY_ID` (`customer_id`),
  CONSTRAINT `FK_OAUTH_TOKEN_ADMIN_ID_ADMIN_USER_USER_ID` FOREIGN KEY (`admin_id`) REFERENCES `admin_user` (`user_id`) ON DELETE CASCADE ON UPDATE CASCADE,
  CONSTRAINT `FK_OAUTH_TOKEN_CONSUMER_ID_OAUTH_CONSUMER_ENTITY_ID` FOREIGN KEY (`consumer_id`) REFERENCES `oauth_consumer` (`entity_id`) ON DELETE CASCADE ON UPDATE CASCADE,
  CONSTRAINT `FK_OAUTH_TOKEN_CUSTOMER_ID_CUSTOMER_ENTITY_ENTITY_ID` FOREIGN KEY (`customer_id`) REFERENCES `customer_entity` (`entity_id`) ON DELETE CASCADE ON UPDATE CASCADE
) ENGINE=InnoDB DEFAULT CHARSET=utf8 COMMENT='OAuth Tokens';

--
-- Dumping data for table `oauth_token`
--


--
-- Table structure for table `paypal_cert`
--

CREATE TABLE `paypal_cert` (
  `cert_id` smallint(5) unsigned NOT NULL AUTO_INCREMENT COMMENT 'Cert Id',
  `website_id` smallint(5) unsigned NOT NULL DEFAULT '0' COMMENT 'Website Id',
  `content` text COMMENT 'Content',
  `updated_at` timestamp NULL DEFAULT NULL COMMENT 'Updated At',
  PRIMARY KEY (`cert_id`),
  KEY `IDX_PAYPAL_CERT_WEBSITE_ID` (`website_id`),
  CONSTRAINT `FK_PAYPAL_CERT_WEBSITE_ID_CORE_WEBSITE_WEBSITE_ID` FOREIGN KEY (`website_id`) REFERENCES `core_website` (`website_id`) ON DELETE CASCADE ON UPDATE CASCADE
) ENGINE=InnoDB DEFAULT CHARSET=utf8 COMMENT='Paypal Certificate Table';

--
-- Dumping data for table `paypal_cert`
--


--
-- Table structure for table `paypal_payment_transaction`
--

CREATE TABLE `paypal_payment_transaction` (
  `transaction_id` int(10) unsigned NOT NULL AUTO_INCREMENT COMMENT 'Entity Id',
  `txn_id` varchar(100) DEFAULT NULL COMMENT 'Txn Id',
  `additional_information` blob COMMENT 'Additional Information',
  `created_at` timestamp NULL DEFAULT NULL COMMENT 'Created At',
  PRIMARY KEY (`transaction_id`),
  UNIQUE KEY `UNQ_PAYPAL_PAYMENT_TRANSACTION_TXN_ID` (`txn_id`)
) ENGINE=InnoDB DEFAULT CHARSET=utf8 COMMENT='PayPal Payflow Link Payment Transaction';

--
-- Dumping data for table `paypal_payment_transaction`
--


--
-- Table structure for table `paypal_settlement_report`
--

CREATE TABLE `paypal_settlement_report` (
  `report_id` int(10) unsigned NOT NULL AUTO_INCREMENT COMMENT 'Report Id',
  `report_date` timestamp NULL DEFAULT NULL COMMENT 'Report Date',
  `account_id` varchar(64) DEFAULT NULL COMMENT 'Account Id',
  `filename` varchar(24) DEFAULT NULL COMMENT 'Filename',
  `last_modified` timestamp NULL DEFAULT NULL COMMENT 'Last Modified',
  PRIMARY KEY (`report_id`),
  UNIQUE KEY `UNQ_PAYPAL_SETTLEMENT_REPORT_REPORT_DATE_ACCOUNT_ID` (`report_date`,`account_id`)
) ENGINE=InnoDB DEFAULT CHARSET=utf8 COMMENT='Paypal Settlement Report Table';

--
-- Dumping data for table `paypal_settlement_report`
--


--
-- Table structure for table `paypal_settlement_report_row`
--

CREATE TABLE `paypal_settlement_report_row` (
  `row_id` int(10) unsigned NOT NULL AUTO_INCREMENT COMMENT 'Row Id',
  `report_id` int(10) unsigned NOT NULL COMMENT 'Report Id',
  `transaction_id` varchar(19) DEFAULT NULL COMMENT 'Transaction Id',
  `invoice_id` varchar(127) DEFAULT NULL COMMENT 'Invoice Id',
  `paypal_reference_id` varchar(19) DEFAULT NULL COMMENT 'Paypal Reference Id',
  `paypal_reference_id_type` varchar(3) DEFAULT NULL COMMENT 'Paypal Reference Id Type',
  `transaction_event_code` varchar(5) DEFAULT NULL COMMENT 'Transaction Event Code',
  `transaction_initiation_date` timestamp NULL DEFAULT NULL COMMENT 'Transaction Initiation Date',
  `transaction_completion_date` timestamp NULL DEFAULT NULL COMMENT 'Transaction Completion Date',
  `transaction_debit_or_credit` varchar(2) NOT NULL DEFAULT 'CR' COMMENT 'Transaction Debit Or Credit',
  `gross_transaction_amount` decimal(20,6) NOT NULL DEFAULT '0.000000' COMMENT 'Gross Transaction Amount',
  `gross_transaction_currency` varchar(3) DEFAULT '' COMMENT 'Gross Transaction Currency',
  `fee_debit_or_credit` varchar(2) DEFAULT NULL COMMENT 'Fee Debit Or Credit',
  `fee_amount` decimal(20,6) NOT NULL DEFAULT '0.000000' COMMENT 'Fee Amount',
  `fee_currency` varchar(3) DEFAULT NULL COMMENT 'Fee Currency',
  `custom_field` varchar(255) DEFAULT NULL COMMENT 'Custom Field',
  `consumer_id` varchar(127) DEFAULT NULL COMMENT 'Consumer Id',
  `payment_tracking_id` varchar(255) DEFAULT NULL COMMENT 'Payment Tracking ID',
  PRIMARY KEY (`row_id`),
  KEY `IDX_PAYPAL_SETTLEMENT_REPORT_ROW_REPORT_ID` (`report_id`),
  CONSTRAINT `FK_E183E488F593E0DE10C6EBFFEBAC9B55` FOREIGN KEY (`report_id`) REFERENCES `paypal_settlement_report` (`report_id`) ON DELETE CASCADE ON UPDATE CASCADE
) ENGINE=InnoDB DEFAULT CHARSET=utf8 COMMENT='Paypal Settlement Report Row Table';

--
-- Dumping data for table `paypal_settlement_report_row`
--


--
-- Table structure for table `persistent_session`
--

CREATE TABLE `persistent_session` (
  `persistent_id` int(10) unsigned NOT NULL AUTO_INCREMENT COMMENT 'Session id',
  `key` varchar(50) NOT NULL COMMENT 'Unique cookie key',
  `customer_id` int(10) unsigned DEFAULT NULL COMMENT 'Customer id',
  `website_id` smallint(5) unsigned NOT NULL DEFAULT '0' COMMENT 'Website ID',
  `info` text COMMENT 'Session Data',
  `updated_at` timestamp NULL DEFAULT NULL COMMENT 'Updated At',
  PRIMARY KEY (`persistent_id`),
  UNIQUE KEY `IDX_PERSISTENT_SESSION_KEY` (`key`),
  UNIQUE KEY `IDX_PERSISTENT_SESSION_CUSTOMER_ID` (`customer_id`),
  KEY `IDX_PERSISTENT_SESSION_UPDATED_AT` (`updated_at`),
  KEY `FK_PERSISTENT_SESSION_WEBSITE_ID_CORE_WEBSITE_WEBSITE_ID` (`website_id`),
  CONSTRAINT `FK_PERSISTENT_SESSION_CUSTOMER_ID_CUSTOMER_ENTITY_ENTITY_ID` FOREIGN KEY (`customer_id`) REFERENCES `customer_entity` (`entity_id`) ON DELETE CASCADE ON UPDATE NO ACTION,
  CONSTRAINT `FK_PERSISTENT_SESSION_WEBSITE_ID_CORE_WEBSITE_WEBSITE_ID` FOREIGN KEY (`website_id`) REFERENCES `core_website` (`website_id`) ON DELETE CASCADE ON UPDATE NO ACTION
) ENGINE=InnoDB DEFAULT CHARSET=utf8 COMMENT='Persistent Session';

--
-- Dumping data for table `persistent_session`
--


--
-- Table structure for table `poll`
--

CREATE TABLE `poll` (
  `poll_id` int(10) unsigned NOT NULL AUTO_INCREMENT COMMENT 'Poll Id',
  `poll_title` varchar(255) DEFAULT NULL COMMENT 'Poll title',
  `votes_count` int(10) unsigned NOT NULL DEFAULT '0' COMMENT 'Votes Count',
  `store_id` smallint(5) unsigned NOT NULL DEFAULT '0' COMMENT 'Store id',
  `date_posted` timestamp NOT NULL DEFAULT CURRENT_TIMESTAMP ON UPDATE CURRENT_TIMESTAMP COMMENT 'Date posted',
  `date_closed` timestamp NULL DEFAULT NULL COMMENT 'Date closed',
  `active` smallint(6) NOT NULL DEFAULT '1' COMMENT 'Is active',
  `closed` smallint(6) NOT NULL DEFAULT '0' COMMENT 'Is closed',
  `answers_display` smallint(6) DEFAULT NULL COMMENT 'Answers display',
  PRIMARY KEY (`poll_id`),
  KEY `IDX_POLL_STORE_ID` (`store_id`),
  CONSTRAINT `FK_POLL_STORE_ID_CORE_STORE_STORE_ID` FOREIGN KEY (`store_id`) REFERENCES `core_store` (`store_id`) ON DELETE CASCADE ON UPDATE CASCADE
) ENGINE=InnoDB AUTO_INCREMENT=3 DEFAULT CHARSET=utf8 COMMENT='Poll';

--
-- Dumping data for table `poll`
--

INSERT INTO `poll` VALUES (1,'What is your favorite color',7,1,'2007-06-15 23:17:49','2007-08-31 11:41:32',1,1,NULL),(2,'What is your favorite Magento feature?',4708,0,'2007-08-31 11:41:20',NULL,1,0,NULL);

--
-- Table structure for table `poll_answer`
--

CREATE TABLE `poll_answer` (
  `answer_id` int(10) unsigned NOT NULL AUTO_INCREMENT COMMENT 'Answer Id',
  `poll_id` int(10) unsigned NOT NULL DEFAULT '0' COMMENT 'Poll Id',
  `answer_title` varchar(255) DEFAULT NULL COMMENT 'Answer title',
  `votes_count` int(10) unsigned NOT NULL DEFAULT '0' COMMENT 'Votes Count',
  `answer_order` smallint(6) NOT NULL DEFAULT '0' COMMENT 'Answers display',
  PRIMARY KEY (`answer_id`),
  KEY `IDX_POLL_ANSWER_POLL_ID` (`poll_id`),
  CONSTRAINT `FK_POLL_ANSWER_POLL_ID_POLL_POLL_ID` FOREIGN KEY (`poll_id`) REFERENCES `poll` (`poll_id`) ON DELETE CASCADE ON UPDATE CASCADE
) ENGINE=InnoDB AUTO_INCREMENT=9 DEFAULT CHARSET=utf8 COMMENT='Poll Answers';

--
-- Dumping data for table `poll_answer`
--

INSERT INTO `poll_answer` VALUES (1,1,'Green',0,0),(2,1,'Red',0,0),(3,1,'Black',2,0),(4,1,'Magenta',5,0),(5,2,'Layered Navigation',1889,0),(6,2,'Price Rules',1340,0),(7,2,'Category Management',724,0),(8,2,'Compare Products',762,0);

--
-- Table structure for table `poll_store`
--

CREATE TABLE `poll_store` (
  `poll_id` int(10) unsigned NOT NULL DEFAULT '0' COMMENT 'Poll Id',
  `store_id` smallint(5) unsigned NOT NULL DEFAULT '0' COMMENT 'Store id',
  PRIMARY KEY (`poll_id`,`store_id`),
  KEY `IDX_POLL_STORE_STORE_ID` (`store_id`),
  CONSTRAINT `FK_POLL_STORE_POLL_ID_POLL_POLL_ID` FOREIGN KEY (`poll_id`) REFERENCES `poll` (`poll_id`) ON DELETE CASCADE ON UPDATE CASCADE,
  CONSTRAINT `FK_POLL_STORE_STORE_ID_CORE_STORE_STORE_ID` FOREIGN KEY (`store_id`) REFERENCES `core_store` (`store_id`) ON DELETE CASCADE ON UPDATE CASCADE
) ENGINE=InnoDB DEFAULT CHARSET=utf8 COMMENT='Poll Store';

--
-- Dumping data for table `poll_store`
--

INSERT INTO `poll_store` VALUES (2,1),(2,2),(2,3);

--
-- Table structure for table `poll_vote`
--

CREATE TABLE `poll_vote` (
  `vote_id` int(10) unsigned NOT NULL AUTO_INCREMENT COMMENT 'Vote Id',
  `poll_id` int(10) unsigned NOT NULL DEFAULT '0' COMMENT 'Poll Id',
  `poll_answer_id` int(10) unsigned NOT NULL DEFAULT '0' COMMENT 'Poll answer id',
  `ip_address` bigint(20) DEFAULT NULL COMMENT 'Poll answer id',
  `customer_id` int(11) DEFAULT NULL COMMENT 'Customer id',
  `vote_time` timestamp NULL DEFAULT NULL COMMENT 'Date closed',
  PRIMARY KEY (`vote_id`),
  KEY `IDX_POLL_VOTE_POLL_ANSWER_ID` (`poll_answer_id`),
  CONSTRAINT `FK_POLL_VOTE_POLL_ANSWER_ID_POLL_ANSWER_ANSWER_ID` FOREIGN KEY (`poll_answer_id`) REFERENCES `poll_answer` (`answer_id`) ON DELETE CASCADE ON UPDATE CASCADE
) ENGINE=InnoDB DEFAULT CHARSET=utf8 COMMENT='Poll Vote';

--
-- Dumping data for table `poll_vote`
--


--
-- Table structure for table `product_alert_price`
--

CREATE TABLE `product_alert_price` (
  `alert_price_id` int(10) unsigned NOT NULL AUTO_INCREMENT COMMENT 'Product alert price id',
  `customer_id` int(10) unsigned NOT NULL DEFAULT '0' COMMENT 'Customer id',
  `product_id` int(10) unsigned NOT NULL DEFAULT '0' COMMENT 'Product id',
  `price` decimal(12,4) NOT NULL DEFAULT '0.0000' COMMENT 'Price amount',
  `website_id` smallint(5) unsigned NOT NULL DEFAULT '0' COMMENT 'Website id',
  `add_date` timestamp NOT NULL DEFAULT CURRENT_TIMESTAMP ON UPDATE CURRENT_TIMESTAMP COMMENT 'Product alert add date',
  `last_send_date` timestamp NULL DEFAULT NULL COMMENT 'Product alert last send date',
  `send_count` smallint(5) unsigned NOT NULL DEFAULT '0' COMMENT 'Product alert send count',
  `status` smallint(5) unsigned NOT NULL DEFAULT '0' COMMENT 'Product alert status',
  PRIMARY KEY (`alert_price_id`),
  KEY `IDX_PRODUCT_ALERT_PRICE_CUSTOMER_ID` (`customer_id`),
  KEY `IDX_PRODUCT_ALERT_PRICE_PRODUCT_ID` (`product_id`),
  KEY `IDX_PRODUCT_ALERT_PRICE_WEBSITE_ID` (`website_id`),
  CONSTRAINT `FK_PRD_ALERT_PRICE_PRD_ID_CAT_PRD_ENTT_ENTT_ID` FOREIGN KEY (`product_id`) REFERENCES `catalog_product_entity` (`entity_id`) ON DELETE CASCADE ON UPDATE CASCADE,
  CONSTRAINT `FK_PRODUCT_ALERT_PRICE_CUSTOMER_ID_CUSTOMER_ENTITY_ENTITY_ID` FOREIGN KEY (`customer_id`) REFERENCES `customer_entity` (`entity_id`) ON DELETE CASCADE ON UPDATE CASCADE,
  CONSTRAINT `FK_PRODUCT_ALERT_PRICE_WEBSITE_ID_CORE_WEBSITE_WEBSITE_ID` FOREIGN KEY (`website_id`) REFERENCES `core_website` (`website_id`) ON DELETE CASCADE ON UPDATE CASCADE
) ENGINE=InnoDB DEFAULT CHARSET=utf8 COMMENT='Product Alert Price';

--
-- Dumping data for table `product_alert_price`
--


--
-- Table structure for table `product_alert_stock`
--

CREATE TABLE `product_alert_stock` (
  `alert_stock_id` int(10) unsigned NOT NULL AUTO_INCREMENT COMMENT 'Product alert stock id',
  `customer_id` int(10) unsigned NOT NULL DEFAULT '0' COMMENT 'Customer id',
  `product_id` int(10) unsigned NOT NULL DEFAULT '0' COMMENT 'Product id',
  `website_id` smallint(5) unsigned NOT NULL DEFAULT '0' COMMENT 'Website id',
  `add_date` timestamp NOT NULL DEFAULT CURRENT_TIMESTAMP ON UPDATE CURRENT_TIMESTAMP COMMENT 'Product alert add date',
  `send_date` timestamp NULL DEFAULT NULL COMMENT 'Product alert send date',
  `send_count` smallint(5) unsigned NOT NULL DEFAULT '0' COMMENT 'Send Count',
  `status` smallint(5) unsigned NOT NULL DEFAULT '0' COMMENT 'Product alert status',
  PRIMARY KEY (`alert_stock_id`),
  KEY `IDX_PRODUCT_ALERT_STOCK_CUSTOMER_ID` (`customer_id`),
  KEY `IDX_PRODUCT_ALERT_STOCK_PRODUCT_ID` (`product_id`),
  KEY `IDX_PRODUCT_ALERT_STOCK_WEBSITE_ID` (`website_id`),
  CONSTRAINT `FK_PRD_ALERT_STOCK_PRD_ID_CAT_PRD_ENTT_ENTT_ID` FOREIGN KEY (`product_id`) REFERENCES `catalog_product_entity` (`entity_id`) ON DELETE CASCADE ON UPDATE CASCADE,
  CONSTRAINT `FK_PRODUCT_ALERT_STOCK_CUSTOMER_ID_CUSTOMER_ENTITY_ENTITY_ID` FOREIGN KEY (`customer_id`) REFERENCES `customer_entity` (`entity_id`) ON DELETE CASCADE ON UPDATE CASCADE,
  CONSTRAINT `FK_PRODUCT_ALERT_STOCK_WEBSITE_ID_CORE_WEBSITE_WEBSITE_ID` FOREIGN KEY (`website_id`) REFERENCES `core_website` (`website_id`) ON DELETE CASCADE ON UPDATE CASCADE
) ENGINE=InnoDB DEFAULT CHARSET=utf8 COMMENT='Product Alert Stock';

--
-- Dumping data for table `product_alert_stock`
--


--
-- Table structure for table `rating`
--

CREATE TABLE `rating` (
  `rating_id` smallint(5) unsigned NOT NULL AUTO_INCREMENT COMMENT 'Rating Id',
  `entity_id` smallint(5) unsigned NOT NULL DEFAULT '0' COMMENT 'Entity Id',
  `rating_code` varchar(64) NOT NULL COMMENT 'Rating Code',
  `position` smallint(5) unsigned NOT NULL DEFAULT '0' COMMENT 'Rating Position On Frontend',
  PRIMARY KEY (`rating_id`),
  UNIQUE KEY `UNQ_RATING_RATING_CODE` (`rating_code`),
  KEY `IDX_RATING_ENTITY_ID` (`entity_id`),
  CONSTRAINT `FK_RATING_ENTITY_ID_RATING_ENTITY_ENTITY_ID` FOREIGN KEY (`entity_id`) REFERENCES `rating_entity` (`entity_id`) ON DELETE CASCADE ON UPDATE CASCADE
) ENGINE=InnoDB AUTO_INCREMENT=4 DEFAULT CHARSET=utf8 COMMENT='Ratings';

--
-- Dumping data for table `rating`
--

INSERT INTO `rating` VALUES (1,1,'Quality',0),(2,1,'Value',0),(3,1,'Price',0);

--
-- Table structure for table `rating_entity`
--

CREATE TABLE `rating_entity` (
  `entity_id` smallint(5) unsigned NOT NULL AUTO_INCREMENT COMMENT 'Entity Id',
  `entity_code` varchar(64) NOT NULL COMMENT 'Entity Code',
  PRIMARY KEY (`entity_id`),
  UNIQUE KEY `UNQ_RATING_ENTITY_ENTITY_CODE` (`entity_code`)
) ENGINE=InnoDB AUTO_INCREMENT=4 DEFAULT CHARSET=utf8 COMMENT='Rating entities';

--
-- Dumping data for table `rating_entity`
--

INSERT INTO `rating_entity` VALUES (1,'product'),(2,'product_review'),(3,'review');

--
-- Table structure for table `rating_option`
--

CREATE TABLE `rating_option` (
  `option_id` int(10) unsigned NOT NULL AUTO_INCREMENT COMMENT 'Rating Option Id',
  `rating_id` smallint(5) unsigned NOT NULL DEFAULT '0' COMMENT 'Rating Id',
  `code` varchar(32) NOT NULL COMMENT 'Rating Option Code',
  `value` smallint(5) unsigned NOT NULL DEFAULT '0' COMMENT 'Rating Option Value',
  `position` smallint(5) unsigned NOT NULL DEFAULT '0' COMMENT 'Ration option position on frontend',
  PRIMARY KEY (`option_id`),
  KEY `IDX_RATING_OPTION_RATING_ID` (`rating_id`),
  CONSTRAINT `FK_RATING_OPTION_RATING_ID_RATING_RATING_ID` FOREIGN KEY (`rating_id`) REFERENCES `rating` (`rating_id`) ON DELETE CASCADE ON UPDATE CASCADE
) ENGINE=InnoDB AUTO_INCREMENT=16 DEFAULT CHARSET=utf8 COMMENT='Rating options';

--
-- Dumping data for table `rating_option`
--

INSERT INTO `rating_option` VALUES (1,1,'1',1,1),(2,1,'2',2,2),(3,1,'3',3,3),(4,1,'4',4,4),(5,1,'5',5,5),(6,2,'1',1,1),(7,2,'2',2,2),(8,2,'3',3,3),(9,2,'4',4,4),(10,2,'5',5,5),(11,3,'1',1,1),(12,3,'2',2,2),(13,3,'3',3,3),(14,3,'4',4,4),(15,3,'5',5,5);

--
-- Table structure for table `rating_option_vote`
--

CREATE TABLE `rating_option_vote` (
  `vote_id` bigint(20) unsigned NOT NULL AUTO_INCREMENT COMMENT 'Vote id',
  `option_id` int(10) unsigned NOT NULL DEFAULT '0' COMMENT 'Vote option id',
  `remote_ip` varchar(16) NOT NULL COMMENT 'Customer IP',
  `remote_ip_long` bigint(20) NOT NULL DEFAULT '0' COMMENT 'Customer IP converted to long integer format',
  `customer_id` int(10) unsigned DEFAULT '0' COMMENT 'Customer Id',
  `entity_pk_value` bigint(20) unsigned NOT NULL DEFAULT '0' COMMENT 'Product id',
  `rating_id` smallint(5) unsigned NOT NULL DEFAULT '0' COMMENT 'Rating id',
  `review_id` bigint(20) unsigned DEFAULT NULL COMMENT 'Review id',
  `percent` smallint(6) NOT NULL DEFAULT '0' COMMENT 'Percent amount',
  `value` smallint(6) NOT NULL DEFAULT '0' COMMENT 'Vote option value',
  PRIMARY KEY (`vote_id`),
  KEY `IDX_RATING_OPTION_VOTE_OPTION_ID` (`option_id`),
  KEY `FK_RATING_OPTION_VOTE_REVIEW_ID_REVIEW_REVIEW_ID` (`review_id`),
  CONSTRAINT `FK_RATING_OPTION_VOTE_OPTION_ID_RATING_OPTION_OPTION_ID` FOREIGN KEY (`option_id`) REFERENCES `rating_option` (`option_id`) ON DELETE CASCADE ON UPDATE CASCADE,
  CONSTRAINT `FK_RATING_OPTION_VOTE_REVIEW_ID_REVIEW_REVIEW_ID` FOREIGN KEY (`review_id`) REFERENCES `review` (`review_id`) ON DELETE CASCADE ON UPDATE CASCADE
) ENGINE=InnoDB AUTO_INCREMENT=506 DEFAULT CHARSET=utf8 COMMENT='Rating option values';

--
-- Dumping data for table `rating_option_vote`
--

INSERT INTO `rating_option_vote` VALUES (332,4,'31.6.71.136',520505224,NULL,167,1,115,80,4),(333,12,'31.6.71.136',520505224,NULL,167,3,115,40,2),(334,8,'31.6.71.136',520505224,NULL,167,2,115,60,3),(335,4,'31.6.71.136',520505224,NULL,167,1,116,80,4),(336,12,'31.6.71.136',520505224,NULL,167,3,116,40,2),(337,8,'31.6.71.136',520505224,NULL,167,2,116,60,3),(338,2,'203.172.222.214',-877863210,NULL,167,1,117,40,2),(339,14,'203.172.222.214',-877863210,NULL,167,3,117,80,4),(340,7,'203.172.222.214',-877863210,NULL,167,2,117,40,2),(341,4,'91.121.170.197',1534700229,NULL,167,1,118,80,4),(342,12,'91.121.170.197',1534700229,NULL,167,3,118,40,2),(343,9,'91.121.170.197',1534700229,NULL,167,2,118,80,4),(344,4,'91.121.170.197',1534700229,NULL,167,1,119,80,4),(345,12,'91.121.170.197',1534700229,NULL,167,3,119,40,2),(346,9,'91.121.170.197',1534700229,NULL,167,2,119,80,4),(347,4,'91.121.170.197',1534700229,NULL,167,1,120,80,4),(348,12,'91.121.170.197',1534700229,NULL,167,3,120,40,2),(349,9,'91.121.170.197',1534700229,NULL,167,2,120,80,4),(350,4,'91.121.170.197',1534700229,NULL,167,1,121,80,4),(351,12,'91.121.170.197',1534700229,NULL,167,3,121,40,2),(352,9,'91.121.170.197',1534700229,NULL,167,2,121,80,4),(353,4,'91.121.170.197',1534700229,NULL,167,1,122,80,4),(354,12,'91.121.170.197',1534700229,NULL,167,3,122,40,2),(355,9,'91.121.170.197',1534700229,NULL,167,2,122,80,4),(356,3,'91.121.170.197',1534700229,NULL,167,1,123,60,3),(357,14,'91.121.170.197',1534700229,NULL,167,3,123,80,4),(358,7,'91.121.170.197',1534700229,NULL,167,2,123,40,2),(359,3,'91.121.170.197',1534700229,NULL,167,1,124,60,3),(360,14,'91.121.170.197',1534700229,NULL,167,3,124,80,4),(361,7,'91.121.170.197',1534700229,NULL,167,2,124,40,2),(362,3,'91.121.170.197',1534700229,NULL,167,1,125,60,3),(363,14,'91.121.170.197',1534700229,NULL,167,3,125,80,4),(364,7,'91.121.170.197',1534700229,NULL,167,2,125,40,2),(365,3,'91.121.170.197',1534700229,NULL,167,1,126,60,3),(366,14,'91.121.170.197',1534700229,NULL,167,3,126,80,4),(367,7,'91.121.170.197',1534700229,NULL,167,2,126,40,2),(368,3,'91.121.170.197',1534700229,NULL,167,1,127,60,3),(369,14,'91.121.170.197',1534700229,NULL,167,3,127,80,4),(370,7,'91.121.170.197',1534700229,NULL,167,2,127,40,2),(371,4,'91.121.170.197',1534700229,NULL,167,1,128,80,4),(372,14,'91.121.170.197',1534700229,NULL,167,3,128,80,4),(373,8,'91.121.170.197',1534700229,NULL,167,2,128,60,3),(374,4,'91.121.170.197',1534700229,NULL,167,1,129,80,4),(375,14,'91.121.170.197',1534700229,NULL,167,3,129,80,4),(376,8,'91.121.170.197',1534700229,NULL,167,2,129,60,3),(377,4,'91.121.170.197',1534700229,NULL,167,1,130,80,4),(378,14,'91.121.170.197',1534700229,NULL,167,3,130,80,4),(379,8,'91.121.170.197',1534700229,NULL,167,2,130,60,3),(380,4,'91.121.170.197',1534700229,NULL,167,1,131,80,4),(381,14,'91.121.170.197',1534700229,NULL,167,3,131,80,4),(382,8,'91.121.170.197',1534700229,NULL,167,2,131,60,3),(383,4,'91.121.170.197',1534700229,NULL,167,1,132,80,4),(384,14,'91.121.170.197',1534700229,NULL,167,3,132,80,4),(385,8,'91.121.170.197',1534700229,NULL,167,2,132,60,3),(386,2,'93.115.94.85',1567841877,NULL,167,1,133,40,2),(387,13,'93.115.94.85',1567841877,NULL,167,3,133,60,3),(388,7,'93.115.94.85',1567841877,NULL,167,2,133,40,2),(389,2,'93.115.94.85',1567841877,NULL,167,1,134,40,2),(390,13,'93.115.94.85',1567841877,NULL,167,3,134,60,3),(391,7,'93.115.94.85',1567841877,NULL,167,2,134,40,2),(392,2,'93.115.94.85',1567841877,NULL,167,1,135,40,2),(393,13,'93.115.94.85',1567841877,NULL,167,3,135,60,3),(394,7,'93.115.94.85',1567841877,NULL,167,2,135,40,2),(395,2,'93.115.94.85',1567841877,NULL,167,1,136,40,2),(396,13,'93.115.94.85',1567841877,NULL,167,3,136,60,3),(397,7,'93.115.94.85',1567841877,NULL,167,2,136,40,2),(398,2,'93.115.94.85',1567841877,NULL,167,1,137,40,2),(399,13,'93.115.94.85',1567841877,NULL,167,3,137,60,3),(400,7,'93.115.94.85',1567841877,NULL,167,2,137,40,2),(401,3,'91.121.170.197',1534700229,NULL,167,1,138,60,3),(402,12,'91.121.170.197',1534700229,NULL,167,3,138,40,2),(403,9,'91.121.170.197',1534700229,NULL,167,2,138,80,4),(404,3,'91.121.170.197',1534700229,NULL,167,1,139,60,3),(405,12,'91.121.170.197',1534700229,NULL,167,3,139,40,2),(406,9,'91.121.170.197',1534700229,NULL,167,2,139,80,4),(407,3,'91.121.170.197',1534700229,NULL,167,1,140,60,3),(408,12,'91.121.170.197',1534700229,NULL,167,3,140,40,2),(409,9,'91.121.170.197',1534700229,NULL,167,2,140,80,4),(410,3,'91.121.170.197',1534700229,NULL,167,1,141,60,3),(411,12,'91.121.170.197',1534700229,NULL,167,3,141,40,2),(412,9,'91.121.170.197',1534700229,NULL,167,2,141,80,4),(413,3,'91.121.170.197',1534700229,NULL,167,1,142,60,3),(414,12,'91.121.170.197',1534700229,NULL,167,3,142,40,2),(415,9,'91.121.170.197',1534700229,NULL,167,2,142,80,4),(416,3,'37.187.142.194',633048770,NULL,167,1,143,60,3),(417,12,'37.187.142.194',633048770,NULL,167,3,143,40,2),(418,8,'37.187.142.194',633048770,NULL,167,2,143,60,3),(419,3,'37.187.142.194',633048770,NULL,167,1,144,60,3),(420,12,'37.187.142.194',633048770,NULL,167,3,144,40,2),(421,8,'37.187.142.194',633048770,NULL,167,2,144,60,3),(422,3,'37.187.142.194',633048770,NULL,167,1,145,60,3),(423,12,'37.187.142.194',633048770,NULL,167,3,145,40,2),(424,8,'37.187.142.194',633048770,NULL,167,2,145,60,3),(425,3,'37.187.142.194',633048770,NULL,167,1,146,60,3),(426,12,'37.187.142.194',633048770,NULL,167,3,146,40,2),(427,8,'37.187.142.194',633048770,NULL,167,2,146,60,3),(428,3,'37.187.142.194',633048770,NULL,167,1,147,60,3),(429,12,'37.187.142.194',633048770,NULL,167,3,147,40,2),(430,8,'37.187.142.194',633048770,NULL,167,2,147,60,3),(431,4,'62.210.142.7',1053986311,NULL,167,1,148,80,4),(432,12,'62.210.142.7',1053986311,NULL,167,3,148,40,2),(433,7,'62.210.142.7',1053986311,NULL,167,2,148,40,2),(434,4,'62.210.142.7',1053986311,NULL,167,1,149,80,4),(435,12,'62.210.142.7',1053986311,NULL,167,3,149,40,2),(436,7,'62.210.142.7',1053986311,NULL,167,2,149,40,2),(437,4,'62.210.142.7',1053986311,NULL,167,1,150,80,4),(438,12,'62.210.142.7',1053986311,NULL,167,3,150,40,2),(439,7,'62.210.142.7',1053986311,NULL,167,2,150,40,2),(440,4,'62.210.142.7',1053986311,NULL,167,1,151,80,4),(441,12,'62.210.142.7',1053986311,NULL,167,3,151,40,2),(442,7,'62.210.142.7',1053986311,NULL,167,2,151,40,2),(443,4,'62.210.142.7',1053986311,NULL,167,1,152,80,4),(444,12,'62.210.142.7',1053986311,NULL,167,3,152,40,2),(445,7,'62.210.142.7',1053986311,NULL,167,2,152,40,2),(446,3,'62.210.122.209',1053981393,NULL,167,1,153,60,3),(447,14,'62.210.122.209',1053981393,NULL,167,3,153,80,4),(448,8,'62.210.122.209',1053981393,NULL,167,2,153,60,3),(449,3,'62.210.122.209',1053981393,NULL,167,1,154,60,3),(450,14,'62.210.122.209',1053981393,NULL,167,3,154,80,4),(451,8,'62.210.122.209',1053981393,NULL,167,2,154,60,3),(452,3,'62.210.122.209',1053981393,NULL,167,1,155,60,3),(453,14,'62.210.122.209',1053981393,NULL,167,3,155,80,4),(454,8,'62.210.122.209',1053981393,NULL,167,2,155,60,3),(455,3,'62.210.122.209',1053981393,NULL,167,1,156,60,3),(456,14,'62.210.122.209',1053981393,NULL,167,3,156,80,4),(457,8,'62.210.122.209',1053981393,NULL,167,2,156,60,3),(458,3,'62.210.122.209',1053981393,NULL,167,1,157,60,3),(459,14,'62.210.122.209',1053981393,NULL,167,3,157,80,4),(460,8,'62.210.122.209',1053981393,NULL,167,2,157,60,3),(461,3,'192.99.4.25',-1067252711,NULL,167,1,158,60,3),(462,14,'192.99.4.25',-1067252711,NULL,167,3,158,80,4),(463,9,'192.99.4.25',-1067252711,NULL,167,2,158,80,4),(464,3,'192.99.4.25',-1067252711,NULL,167,1,159,60,3),(465,14,'192.99.4.25',-1067252711,NULL,167,3,159,80,4),(466,9,'192.99.4.25',-1067252711,NULL,167,2,159,80,4),(467,3,'192.99.4.25',-1067252711,NULL,167,1,160,60,3),(468,14,'192.99.4.25',-1067252711,NULL,167,3,160,80,4),(469,9,'192.99.4.25',-1067252711,NULL,167,2,160,80,4),(470,3,'192.99.4.25',-1067252711,NULL,167,1,161,60,3),(471,14,'192.99.4.25',-1067252711,NULL,167,3,161,80,4),(472,9,'192.99.4.25',-1067252711,NULL,167,2,161,80,4),(473,3,'192.99.4.25',-1067252711,NULL,167,1,162,60,3),(474,14,'192.99.4.25',-1067252711,NULL,167,3,162,80,4),(475,9,'192.99.4.25',-1067252711,NULL,167,2,162,80,4),(476,2,'94.23.233.204',1578625484,NULL,167,1,163,40,2),(477,13,'94.23.233.204',1578625484,NULL,167,3,163,60,3),(478,9,'94.23.233.204',1578625484,NULL,167,2,163,80,4),(479,2,'94.23.233.204',1578625484,NULL,167,1,164,40,2),(480,13,'94.23.233.204',1578625484,NULL,167,3,164,60,3),(481,9,'94.23.233.204',1578625484,NULL,167,2,164,80,4),(482,2,'94.23.233.204',1578625484,NULL,167,1,165,40,2),(483,13,'94.23.233.204',1578625484,NULL,167,3,165,60,3),(484,9,'94.23.233.204',1578625484,NULL,167,2,165,80,4),(485,2,'94.23.233.204',1578625484,NULL,167,1,166,40,2),(486,13,'94.23.233.204',1578625484,NULL,167,3,166,60,3),(487,9,'94.23.233.204',1578625484,NULL,167,2,166,80,4),(488,2,'94.23.233.204',1578625484,NULL,167,1,167,40,2),(489,13,'94.23.233.204',1578625484,NULL,167,3,167,60,3),(490,9,'94.23.233.204',1578625484,NULL,167,2,167,80,4),(491,2,'91.121.170.197',1534700229,NULL,167,1,168,40,2),(492,12,'91.121.170.197',1534700229,NULL,167,3,168,40,2),(493,8,'91.121.170.197',1534700229,NULL,167,2,168,60,3),(494,2,'91.121.170.197',1534700229,NULL,167,1,169,40,2),(495,12,'91.121.170.197',1534700229,NULL,167,3,169,40,2),(496,8,'91.121.170.197',1534700229,NULL,167,2,169,60,3),(497,2,'91.121.170.197',1534700229,NULL,167,1,170,40,2),(498,12,'91.121.170.197',1534700229,NULL,167,3,170,40,2),(499,8,'91.121.170.197',1534700229,NULL,167,2,170,60,3),(500,2,'91.121.170.197',1534700229,NULL,167,1,171,40,2),(501,12,'91.121.170.197',1534700229,NULL,167,3,171,40,2),(502,8,'91.121.170.197',1534700229,NULL,167,2,171,60,3),(503,2,'91.121.170.197',1534700229,NULL,167,1,172,40,2),(504,12,'91.121.170.197',1534700229,NULL,167,3,172,40,2),(505,8,'91.121.170.197',1534700229,NULL,167,2,172,60,3);

--
-- Table structure for table `rating_option_vote_aggregated`
--

CREATE TABLE `rating_option_vote_aggregated` (
  `primary_id` int(11) NOT NULL AUTO_INCREMENT COMMENT 'Vote aggregation id',
  `rating_id` smallint(5) unsigned NOT NULL DEFAULT '0' COMMENT 'Rating id',
  `entity_pk_value` bigint(20) unsigned NOT NULL DEFAULT '0' COMMENT 'Product id',
  `vote_count` int(10) unsigned NOT NULL DEFAULT '0' COMMENT 'Vote dty',
  `vote_value_sum` int(10) unsigned NOT NULL DEFAULT '0' COMMENT 'General vote sum',
  `percent` smallint(6) NOT NULL DEFAULT '0' COMMENT 'Vote percent',
  `percent_approved` smallint(6) DEFAULT '0' COMMENT 'Vote percent approved by admin',
  `store_id` smallint(5) unsigned NOT NULL DEFAULT '0' COMMENT 'Store Id',
  PRIMARY KEY (`primary_id`),
  KEY `IDX_RATING_OPTION_VOTE_AGGREGATED_RATING_ID` (`rating_id`),
  KEY `IDX_RATING_OPTION_VOTE_AGGREGATED_STORE_ID` (`store_id`),
  CONSTRAINT `FK_RATING_OPTION_VOTE_AGGREGATED_RATING_ID_RATING_RATING_ID` FOREIGN KEY (`rating_id`) REFERENCES `rating` (`rating_id`) ON DELETE CASCADE ON UPDATE CASCADE,
  CONSTRAINT `FK_RATING_OPTION_VOTE_AGGREGATED_STORE_ID_CORE_STORE_STORE_ID` FOREIGN KEY (`store_id`) REFERENCES `core_store` (`store_id`) ON DELETE CASCADE ON UPDATE CASCADE
) ENGINE=InnoDB AUTO_INCREMENT=205 DEFAULT CHARSET=utf8 COMMENT='Rating vote aggregated';

--
-- Dumping data for table `rating_option_vote_aggregated`
--

INSERT INTO `rating_option_vote_aggregated` VALUES (199,1,167,58,175,60,0,0),(200,1,167,58,175,60,0,1),(201,3,167,58,168,58,0,0),(202,3,167,58,168,58,0,1),(203,2,167,58,178,61,0,0),(204,2,167,58,178,61,0,1);

--
-- Table structure for table `rating_store`
--

CREATE TABLE `rating_store` (
  `rating_id` smallint(5) unsigned NOT NULL DEFAULT '0' COMMENT 'Rating id',
  `store_id` smallint(5) unsigned NOT NULL DEFAULT '0' COMMENT 'Store id',
  PRIMARY KEY (`rating_id`,`store_id`),
  KEY `IDX_RATING_STORE_STORE_ID` (`store_id`),
  CONSTRAINT `FK_RATING_STORE_RATING_ID_RATING_RATING_ID` FOREIGN KEY (`rating_id`) REFERENCES `rating` (`rating_id`) ON DELETE CASCADE ON UPDATE NO ACTION,
  CONSTRAINT `FK_RATING_STORE_STORE_ID_CORE_STORE_STORE_ID` FOREIGN KEY (`store_id`) REFERENCES `core_store` (`store_id`) ON DELETE CASCADE ON UPDATE CASCADE
) ENGINE=InnoDB DEFAULT CHARSET=utf8 COMMENT='Rating Store';

--
-- Dumping data for table `rating_store`
--

INSERT INTO `rating_store` VALUES (1,0),(2,0),(3,0),(1,1),(2,1),(3,1),(1,2),(2,2),(3,2),(1,3),(2,3),(3,3);

--
-- Table structure for table `rating_title`
--

CREATE TABLE `rating_title` (
  `rating_id` smallint(5) unsigned NOT NULL DEFAULT '0' COMMENT 'Rating Id',
  `store_id` smallint(5) unsigned NOT NULL DEFAULT '0' COMMENT 'Store Id',
  `value` varchar(255) NOT NULL COMMENT 'Rating Label',
  PRIMARY KEY (`rating_id`,`store_id`),
  KEY `IDX_RATING_TITLE_STORE_ID` (`store_id`),
  CONSTRAINT `FK_RATING_TITLE_RATING_ID_RATING_RATING_ID` FOREIGN KEY (`rating_id`) REFERENCES `rating` (`rating_id`) ON DELETE CASCADE ON UPDATE CASCADE,
  CONSTRAINT `FK_RATING_TITLE_STORE_ID_CORE_STORE_STORE_ID` FOREIGN KEY (`store_id`) REFERENCES `core_store` (`store_id`) ON DELETE CASCADE ON UPDATE CASCADE
) ENGINE=InnoDB DEFAULT CHARSET=utf8 COMMENT='Rating Title';

--
-- Dumping data for table `rating_title`
--


--
-- Table structure for table `report_compared_product_index`
--

CREATE TABLE `report_compared_product_index` (
  `index_id` bigint(20) unsigned NOT NULL AUTO_INCREMENT COMMENT 'Index Id',
  `visitor_id` int(10) unsigned DEFAULT NULL COMMENT 'Visitor Id',
  `customer_id` int(10) unsigned DEFAULT NULL COMMENT 'Customer Id',
  `product_id` int(10) unsigned NOT NULL COMMENT 'Product Id',
  `store_id` smallint(5) unsigned DEFAULT NULL COMMENT 'Store Id',
  `added_at` timestamp NOT NULL DEFAULT CURRENT_TIMESTAMP ON UPDATE CURRENT_TIMESTAMP COMMENT 'Added At',
  PRIMARY KEY (`index_id`),
  UNIQUE KEY `UNQ_REPORT_COMPARED_PRODUCT_INDEX_VISITOR_ID_PRODUCT_ID` (`visitor_id`,`product_id`),
  UNIQUE KEY `UNQ_REPORT_COMPARED_PRODUCT_INDEX_CUSTOMER_ID_PRODUCT_ID` (`customer_id`,`product_id`),
  KEY `IDX_REPORT_COMPARED_PRODUCT_INDEX_STORE_ID` (`store_id`),
  KEY `IDX_REPORT_COMPARED_PRODUCT_INDEX_ADDED_AT` (`added_at`),
  KEY `IDX_REPORT_COMPARED_PRODUCT_INDEX_PRODUCT_ID` (`product_id`),
  CONSTRAINT `FK_REPORT_CMPD_PRD_IDX_CSTR_ID_CSTR_ENTT_ENTT_ID` FOREIGN KEY (`customer_id`) REFERENCES `customer_entity` (`entity_id`) ON DELETE CASCADE ON UPDATE CASCADE,
  CONSTRAINT `FK_REPORT_CMPD_PRD_IDX_PRD_ID_CAT_PRD_ENTT_ENTT_ID` FOREIGN KEY (`product_id`) REFERENCES `catalog_product_entity` (`entity_id`) ON DELETE CASCADE ON UPDATE CASCADE,
  CONSTRAINT `FK_REPORT_COMPARED_PRODUCT_INDEX_STORE_ID_CORE_STORE_STORE_ID` FOREIGN KEY (`store_id`) REFERENCES `core_store` (`store_id`) ON DELETE SET NULL ON UPDATE CASCADE
) ENGINE=InnoDB AUTO_INCREMENT=5 DEFAULT CHARSET=utf8 COMMENT='Reports Compared Product Index Table';

--
-- Dumping data for table `report_compared_product_index`
--

INSERT INTO `report_compared_product_index` VALUES (1,3293,NULL,167,1,'2014-02-13 22:57:50'),(2,3392,NULL,167,1,'2014-02-22 22:08:49'),(3,9321,NULL,167,1,'2014-12-24 12:07:37'),(4,11425,NULL,167,1,'2015-01-31 15:37:19');

--
-- Table structure for table `report_event`
--

CREATE TABLE `report_event` (
  `event_id` bigint(20) unsigned NOT NULL AUTO_INCREMENT COMMENT 'Event Id',
  `logged_at` timestamp NOT NULL DEFAULT CURRENT_TIMESTAMP ON UPDATE CURRENT_TIMESTAMP COMMENT 'Logged At',
  `event_type_id` smallint(5) unsigned NOT NULL DEFAULT '0' COMMENT 'Event Type Id',
  `object_id` int(10) unsigned NOT NULL DEFAULT '0' COMMENT 'Object Id',
  `subject_id` int(10) unsigned NOT NULL DEFAULT '0' COMMENT 'Subject Id',
  `subtype` smallint(5) unsigned NOT NULL DEFAULT '0' COMMENT 'Subtype',
  `store_id` smallint(5) unsigned NOT NULL COMMENT 'Store Id',
  PRIMARY KEY (`event_id`),
  KEY `IDX_REPORT_EVENT_EVENT_TYPE_ID` (`event_type_id`),
  KEY `IDX_REPORT_EVENT_SUBJECT_ID` (`subject_id`),
  KEY `IDX_REPORT_EVENT_OBJECT_ID` (`object_id`),
  KEY `IDX_REPORT_EVENT_SUBTYPE` (`subtype`),
  KEY `IDX_REPORT_EVENT_STORE_ID` (`store_id`),
  CONSTRAINT `FK_REPORT_EVENT_EVENT_TYPE_ID_REPORT_EVENT_TYPES_EVENT_TYPE_ID` FOREIGN KEY (`event_type_id`) REFERENCES `report_event_types` (`event_type_id`) ON DELETE CASCADE ON UPDATE CASCADE,
  CONSTRAINT `FK_REPORT_EVENT_STORE_ID_CORE_STORE_STORE_ID` FOREIGN KEY (`store_id`) REFERENCES `core_store` (`store_id`) ON DELETE CASCADE ON UPDATE CASCADE
) ENGINE=InnoDB AUTO_INCREMENT=479 DEFAULT CHARSET=utf8 COMMENT='Reports Event Table';

--
-- Dumping data for table `report_event`
--

INSERT INTO `report_event` VALUES (1,'2011-10-24 17:29:36',1,27,2,1,1),(2,'2011-10-24 17:30:03',1,27,2,1,1),(3,'2011-10-24 17:30:30',1,135,2,1,1),(4,'2013-06-01 18:07:59',4,167,113,1,1),(5,'2013-06-01 19:33:31',1,167,124,1,1),(6,'2013-06-01 19:36:27',1,167,124,1,1),(7,'2013-06-01 20:50:57',1,167,113,1,1),(8,'2013-06-01 20:51:29',1,167,113,1,1),(9,'2013-06-01 22:25:25',1,167,113,1,1),(10,'2013-06-01 23:09:39',1,167,125,1,1),(11,'2013-06-01 23:18:47',4,167,126,1,1),(12,'2013-06-02 06:29:00',1,167,0,1,1),(13,'2013-06-03 01:44:00',1,167,128,1,1),(14,'2013-06-03 01:44:35',4,167,128,1,1),(15,'2013-06-03 11:27:27',1,167,0,1,1),(16,'2013-06-06 22:44:02',1,167,159,1,1),(17,'2013-06-07 22:41:02',1,167,196,1,1),(18,'2013-06-07 22:41:29',1,167,197,1,1),(19,'2013-06-09 04:03:43',1,167,213,1,1),(20,'2013-06-14 02:50:04',1,167,227,1,1),(21,'2013-06-16 06:11:55',1,167,252,1,1),(22,'2013-07-03 23:39:59',1,167,443,1,1),(23,'2013-07-13 06:07:09',1,167,592,1,1),(24,'2013-07-16 03:59:53',1,167,669,1,1),(25,'2013-07-18 19:05:58',1,167,704,1,1),(26,'2013-07-18 19:06:04',1,167,705,1,1),(27,'2013-07-18 19:06:09',1,167,706,1,1),(28,'2013-07-18 19:06:35',1,167,707,1,1),(29,'2013-07-18 19:06:40',1,167,708,1,1),(30,'2013-07-18 19:06:46',1,167,709,1,1),(31,'2013-07-18 19:06:51',1,167,710,1,1),(32,'2013-07-18 19:06:56',1,167,711,1,1),(33,'2013-07-25 03:03:30',1,167,0,1,1),(34,'2013-07-25 03:12:27',1,167,0,1,1),(35,'2013-07-25 03:14:44',1,167,0,1,1),(36,'2013-07-27 00:09:26',1,167,0,1,1),(37,'2013-08-01 20:04:39',1,167,0,1,1),(38,'2013-08-01 20:07:19',1,167,0,1,1),(39,'2013-08-04 20:43:07',1,167,0,1,1),(40,'2013-08-07 08:38:49',1,167,875,1,1),(41,'2013-08-08 09:13:16',1,167,900,1,1),(42,'2013-08-11 05:58:03',1,167,954,1,1),(43,'2013-08-11 05:59:41',1,167,954,1,1),(44,'2013-08-11 05:59:47',1,167,954,1,1),(45,'2013-08-11 07:53:20',1,167,956,1,1),(46,'2013-08-16 01:59:02',1,167,998,1,1),(47,'2013-08-17 18:22:07',1,167,1017,1,1),(48,'2013-08-19 16:42:52',1,167,0,1,1),(49,'2013-08-19 17:38:44',1,167,0,1,1),(50,'2013-08-29 22:08:40',1,167,0,1,1),(51,'2013-08-30 04:05:14',1,167,0,1,1),(52,'2013-08-30 21:25:05',1,167,0,1,1),(53,'2013-09-03 01:02:35',1,167,0,1,1),(54,'2013-09-05 18:55:05',1,167,0,1,1),(55,'2013-09-16 00:11:44',1,167,1201,1,1),(56,'2013-09-16 13:44:20',1,167,1213,1,1),(57,'2013-09-19 10:48:26',1,167,1246,1,1),(58,'2013-09-19 10:50:03',1,167,1292,1,1),(59,'2013-09-22 22:35:44',1,167,0,1,1),(60,'2013-09-25 15:30:46',1,167,1375,1,1),(61,'2013-10-07 00:30:04',1,167,1477,1,1),(62,'2013-10-09 09:01:42',4,167,1512,1,1),(63,'2013-10-16 08:12:36',4,167,1532,1,1),(64,'2013-10-18 20:53:48',1,167,1551,1,1),(65,'2013-10-19 14:41:43',1,167,1559,1,1),(66,'2013-10-23 08:15:45',4,167,1593,1,1),(67,'2013-10-24 02:33:46',1,167,1597,1,1),(68,'2013-10-30 09:13:34',4,167,1665,1,1),(69,'2013-11-06 10:17:44',4,167,1712,1,1),(70,'2013-11-08 22:45:53',1,167,0,1,1),(71,'2013-11-09 13:42:12',1,167,1755,1,1),(72,'2013-11-09 13:43:07',1,167,1765,1,1),(73,'2013-11-12 17:43:25',1,167,1810,1,1),(74,'2013-11-13 10:12:54',4,167,1818,1,1),(75,'2013-11-19 07:27:17',1,167,1882,1,1),(76,'2013-11-19 07:28:11',1,167,1892,1,1),(77,'2013-11-20 10:15:46',4,167,1906,1,1),(78,'2013-11-21 16:51:34',4,167,1913,1,1),(79,'2013-11-21 16:55:47',1,167,1914,1,1),(80,'2013-11-26 07:01:47',1,167,1957,1,1),(81,'2013-11-26 07:02:42',1,167,1967,1,1),(82,'2013-11-27 10:19:20',4,167,1983,1,1),(83,'2013-11-30 16:12:42',1,167,2004,1,1),(84,'2013-11-30 16:12:42',1,167,2004,1,1),(85,'2013-12-03 09:36:38',1,167,2041,1,1),(86,'2013-12-03 09:37:22',1,167,2050,1,1),(87,'2013-12-04 10:09:47',1,167,0,1,1),(88,'2013-12-04 10:20:46',4,167,2067,1,1),(89,'2013-12-06 00:00:31',1,167,2077,1,1),(90,'2013-12-07 02:00:26',1,167,2104,1,1),(91,'2013-12-10 04:02:51',1,167,2139,1,1),(92,'2013-12-11 15:01:33',4,167,2171,1,1),(93,'2013-12-12 06:43:22',1,167,2191,1,1),(94,'2013-12-12 06:44:08',1,167,2200,1,1),(95,'2013-12-12 08:12:37',1,167,2225,1,1),(96,'2013-12-16 13:35:23',1,167,0,1,1),(97,'2013-12-18 07:34:32',1,167,2290,1,1),(98,'2013-12-18 12:19:23',4,167,2313,1,1),(99,'2013-12-23 12:43:15',1,167,0,1,1),(100,'2013-12-23 16:55:22',1,167,2367,1,1),(101,'2013-12-24 20:45:00',1,167,0,1,1),(102,'2013-12-25 10:08:28',4,167,2377,1,1),(103,'2013-12-25 21:37:31',1,167,2399,1,1),(104,'2013-12-25 21:38:26',1,167,2408,1,1),(105,'2013-12-26 09:49:58',1,167,2421,1,1),(106,'2013-12-27 07:42:20',1,167,0,1,1),(107,'2013-12-28 13:55:35',1,167,2450,1,1),(108,'2014-01-01 10:05:30',4,167,2475,1,1),(109,'2014-01-03 05:09:29',1,167,2511,1,1),(110,'2014-01-03 05:10:14',1,167,2520,1,1),(111,'2014-01-08 10:22:03',4,167,2604,1,1),(112,'2014-01-09 08:14:10',1,167,0,1,1),(113,'2014-01-10 14:23:57',1,167,2646,1,1),(114,'2014-01-10 14:24:51',1,167,2655,1,1),(115,'2014-01-12 22:41:37',1,167,0,1,1),(116,'2014-01-14 08:36:17',1,167,0,1,1),(117,'2014-01-14 11:47:36',1,167,2713,1,1),(118,'2014-01-15 10:07:47',4,167,2722,1,1),(119,'2014-01-17 21:48:37',1,167,2763,1,1),(120,'2014-01-17 21:49:22',1,167,2772,1,1),(121,'2014-01-19 11:29:20',1,167,2793,1,1),(122,'2014-01-22 10:06:48',4,167,2860,1,1),(123,'2014-01-23 09:06:57',1,167,0,1,1),(124,'2014-01-24 04:42:47',1,167,2880,1,1),(125,'2014-01-25 00:38:28',1,167,2909,1,1),(126,'2014-01-25 00:39:13',1,167,2918,1,1),(127,'2014-01-25 04:34:37',1,167,2943,1,1),(128,'2014-01-29 10:14:38',4,167,3007,1,1),(129,'2014-02-02 23:50:37',1,167,3068,1,1),(130,'2014-02-05 10:25:21',4,167,3084,1,1),(131,'2014-02-05 10:30:29',1,167,3085,1,1),(132,'2014-02-06 02:40:46',1,167,0,1,1),(133,'2014-02-06 12:56:56',1,167,3111,1,1),(134,'2014-02-06 12:57:40',1,167,3120,1,1),(135,'2014-02-08 16:37:04',1,167,0,1,1),(136,'2014-02-11 20:55:38',1,167,3185,1,1),(137,'2014-02-11 20:57:24',1,167,3238,1,1),(138,'2014-02-11 22:46:57',1,167,0,1,1),(139,'2014-02-12 10:50:05',4,167,3257,1,1),(140,'2014-02-12 11:53:28',1,167,3272,1,1),(141,'2014-02-12 12:54:39',4,167,3277,1,1),(142,'2014-02-13 22:57:47',1,167,3293,1,1),(143,'2014-02-13 22:57:50',3,167,3293,1,1),(144,'2014-02-13 22:57:50',1,167,3293,1,1),(145,'2014-02-16 21:02:20',1,167,3329,1,1),(146,'2014-02-19 10:27:06',4,167,3352,1,1),(147,'2014-02-22 17:45:05',1,167,0,1,1),(148,'2014-02-22 22:08:47',1,167,3392,1,1),(149,'2014-02-22 22:08:49',3,167,3392,1,1),(150,'2014-02-24 19:25:28',1,167,0,1,1),(151,'2014-02-25 12:21:26',1,167,3408,1,1),(152,'2014-02-26 10:21:01',4,167,3416,1,1),(153,'2014-02-26 16:15:25',1,167,3435,1,1),(154,'2014-02-26 16:16:10',1,167,3444,1,1),(155,'2014-02-27 23:59:30',1,167,3478,1,1),(156,'2014-03-03 12:21:11',1,167,0,1,1),(157,'2014-03-05 10:15:21',4,167,3511,1,1),(158,'2014-03-05 16:34:30',1,167,3559,1,1),(159,'2014-03-05 16:35:14',1,167,3568,1,1),(160,'2014-03-08 05:58:15',1,167,3599,1,1),(161,'2014-03-12 03:09:29',1,167,3637,1,1),(162,'2014-03-12 11:40:50',4,167,3643,1,1),(163,'2014-03-12 20:05:39',1,167,3647,1,1),(164,'2014-03-14 06:42:47',1,167,3665,1,1),(165,'2014-03-17 08:27:48',1,167,3698,1,1),(166,'2014-03-19 09:13:19',4,167,3710,1,1),(167,'2014-03-20 09:21:42',1,167,0,1,1),(168,'2014-03-21 11:22:53',1,167,3787,1,1),(169,'2014-03-21 11:23:47',1,167,3797,1,1),(170,'2014-03-24 22:15:41',1,167,3884,1,1),(171,'2014-03-24 22:22:18',4,167,3884,1,1),(172,'2014-03-26 21:36:25',4,167,3893,1,1),(173,'2014-03-27 14:06:30',1,167,0,1,1),(174,'2014-03-29 18:23:09',1,167,3939,1,1),(175,'2014-03-30 16:10:49',1,167,0,1,1),(176,'2014-04-02 09:15:10',4,167,3964,1,1),(177,'2014-04-05 10:21:14',1,167,0,1,1),(178,'2014-04-09 09:24:31',4,167,4032,1,1),(179,'2014-04-10 11:46:46',1,167,0,1,1),(180,'2014-04-10 21:29:04',1,167,4081,1,1),(181,'2014-04-10 21:29:59',1,167,4091,1,1),(182,'2014-04-11 14:31:12',1,167,4122,1,1),(183,'2014-04-16 09:13:40',4,167,4167,1,1),(184,'2014-04-17 06:06:51',1,167,0,1,1),(185,'2014-04-22 02:37:55',1,167,0,1,1),(186,'2014-04-23 09:09:10',4,167,4234,1,1),(187,'2014-04-24 16:58:42',1,167,0,1,1),(188,'2014-04-29 06:33:16',1,167,0,1,1),(189,'2014-04-30 06:44:40',1,167,0,1,1),(190,'2014-04-30 09:25:17',4,167,4328,1,1),(191,'2014-04-30 21:25:34',1,167,0,1,1),(192,'2014-05-01 01:18:41',1,167,4332,1,1),(193,'2014-05-02 03:14:13',1,167,0,1,1),(194,'2014-05-04 02:43:01',1,167,4389,1,1),(195,'2014-05-04 02:43:56',1,167,4399,1,1),(196,'2014-05-04 09:06:15',1,167,0,1,1),(197,'2014-05-05 03:11:27',1,167,0,1,1),(198,'2014-05-07 09:24:45',4,167,4439,1,1),(199,'2014-05-08 09:54:09',1,167,0,1,1),(200,'2014-05-11 05:46:18',1,167,4496,1,1),(201,'2014-05-13 05:07:57',1,167,0,1,1),(202,'2014-05-13 17:27:30',1,167,4517,1,1),(203,'2014-05-14 09:23:08',4,167,4529,1,1),(204,'2014-05-15 01:43:58',1,167,0,1,1),(205,'2014-05-15 20:26:44',1,167,0,1,1),(206,'2014-05-18 20:17:57',1,167,0,1,1),(207,'2014-05-20 03:06:54',1,167,4612,1,1),(208,'2014-05-21 09:12:06',4,167,4641,1,1),(209,'2014-05-22 08:11:17',1,167,0,1,1),(210,'2014-05-24 00:35:26',1,167,0,1,1),(211,'2014-05-24 06:04:40',1,167,4694,1,1),(212,'2014-05-24 06:05:35',1,167,4704,1,1),(213,'2014-05-24 16:58:08',1,167,4720,1,1),(214,'2014-05-26 23:11:38',1,167,0,1,1),(215,'2014-05-27 21:09:34',1,167,0,1,1),(216,'2014-05-28 09:28:36',4,167,4769,1,1),(217,'2014-05-31 19:11:02',1,167,0,1,1),(218,'2014-06-01 23:06:41',1,167,4832,1,1),(219,'2014-06-04 09:25:44',4,167,4858,1,1),(220,'2014-06-11 09:19:42',4,167,4924,1,1),(221,'2014-06-11 10:05:21',1,167,4940,1,1),(222,'2014-06-12 09:45:00',1,167,4971,1,1),(223,'2014-06-12 09:45:54',1,167,4981,1,1),(224,'2014-06-15 13:27:16',1,167,5041,1,1),(225,'2014-06-18 07:32:38',1,167,0,1,1),(226,'2014-06-18 09:13:39',4,167,5077,1,1),(227,'2014-06-21 13:39:56',1,167,0,1,1),(228,'2014-06-22 01:17:25',1,167,0,1,1),(229,'2014-06-23 01:25:22',1,167,5155,1,1),(230,'2014-06-23 01:25:28',1,167,5155,1,1),(231,'2014-06-23 01:25:34',4,167,5155,1,1),(232,'2014-06-25 09:20:25',4,167,5182,1,1),(233,'2014-06-29 02:13:22',1,167,5252,1,1),(234,'2014-06-29 02:14:17',1,167,5262,1,1),(235,'2014-07-02 09:18:55',4,167,5314,1,1),(236,'2014-07-04 00:38:44',1,167,5329,1,1),(237,'2014-07-07 21:17:45',1,167,5387,1,1),(238,'2014-07-09 09:16:07',4,167,5403,1,1),(239,'2014-07-10 01:39:46',1,167,0,1,1),(240,'2014-07-10 23:21:29',1,167,5442,1,1),(241,'2014-07-11 02:09:06',1,167,0,1,1),(242,'2014-07-12 04:06:45',1,167,0,1,1),(243,'2014-07-12 18:24:05',1,167,0,1,1),(244,'2014-07-13 01:27:49',1,167,0,1,1),(245,'2014-07-14 14:40:22',1,167,5509,1,1),(246,'2014-07-14 22:33:32',1,167,5516,1,1),(247,'2014-07-15 05:28:16',1,167,5540,1,1),(248,'2014-07-15 05:29:13',1,167,5550,1,1),(249,'2014-07-16 09:33:27',4,167,5579,1,1),(250,'2014-07-17 10:45:52',1,167,0,1,1),(251,'2014-07-18 06:45:04',1,167,0,1,1),(252,'2014-07-23 09:08:07',4,167,5697,1,1),(253,'2014-07-24 03:28:21',1,167,5738,1,1),(254,'2014-07-24 03:29:50',1,167,5789,1,1),(255,'2014-07-25 09:07:47',1,167,0,1,1),(256,'2014-07-30 07:18:11',1,167,5943,1,1),(257,'2014-07-30 09:18:31',4,167,5945,1,1),(258,'2014-07-31 19:24:48',1,167,5979,1,1),(259,'2014-08-02 09:34:31',1,167,6055,1,1),(260,'2014-08-02 09:35:26',1,167,6065,1,1),(261,'2014-08-02 21:18:52',1,167,6081,1,1),(262,'2014-08-04 06:38:29',1,167,6112,1,1),(263,'2014-08-04 09:03:32',1,167,0,1,1),(264,'2014-08-05 05:16:49',1,167,0,1,1),(265,'2014-08-05 13:19:05',1,167,6133,1,1),(266,'2014-08-06 06:44:49',1,167,0,1,1),(267,'2014-08-06 09:24:26',4,167,6153,1,1),(268,'2014-08-08 04:25:00',1,167,0,1,1),(269,'2014-08-11 06:15:58',1,167,6276,1,1),(270,'2014-08-13 09:12:19',4,167,6317,1,1),(271,'2014-08-15 14:29:32',1,167,6376,1,1),(272,'2014-08-17 04:51:21',1,167,6404,1,1),(273,'2014-08-20 09:20:10',4,167,6477,1,1),(274,'2014-08-20 12:07:24',1,167,6478,1,1),(275,'2014-08-20 21:36:55',1,167,6489,1,1),(276,'2014-08-21 02:22:33',1,167,6518,1,1),(277,'2014-08-21 02:23:27',1,167,6528,1,1),(278,'2014-08-23 10:47:47',1,167,0,1,1),(279,'2014-08-23 18:09:36',1,167,0,1,1),(280,'2014-08-24 16:46:18',1,167,0,1,1),(281,'2014-08-25 03:26:37',1,167,0,1,1),(282,'2014-08-27 11:57:34',4,167,6704,1,1),(283,'2014-09-03 09:13:39',4,167,6867,1,1),(284,'2014-09-06 08:06:38',1,167,0,1,1),(285,'2014-09-07 04:29:38',1,167,6925,1,1),(286,'2014-09-07 18:02:24',1,167,6954,1,1),(287,'2014-09-07 18:03:19',1,167,6964,1,1),(288,'2014-09-10 09:31:16',4,167,7017,1,1),(289,'2014-09-12 18:36:49',4,167,7059,1,1),(290,'2014-09-13 05:24:10',1,167,7082,1,1),(291,'2014-09-13 08:21:42',1,167,7092,1,1),(292,'2014-09-13 13:26:12',1,167,7098,1,1),(293,'2014-09-14 02:29:46',1,167,0,1,1),(294,'2014-09-14 02:38:54',4,167,7107,1,1),(295,'2014-09-15 07:53:48',1,167,0,1,1),(296,'2014-09-15 14:24:09',1,167,7164,1,1),(297,'2014-09-16 02:46:56',1,167,0,1,1),(298,'2014-09-16 13:17:31',1,167,0,1,1),(299,'2014-09-16 18:09:06',1,167,0,1,1),(300,'2014-09-17 09:20:19',4,167,7211,1,1),(301,'2014-09-23 16:26:09',1,167,7344,1,1),(302,'2014-09-24 09:36:03',4,167,7354,1,1),(303,'2014-09-24 21:36:31',1,167,0,1,1),(304,'2014-09-25 11:08:32',4,167,7371,1,1),(305,'2014-09-26 10:45:27',1,167,7402,1,1),(306,'2014-09-26 10:46:22',1,167,7412,1,1),(307,'2014-09-26 23:09:42',1,167,0,1,1),(308,'2014-09-27 02:48:58',1,167,7438,1,1),(309,'2014-09-27 04:16:27',1,167,0,1,1),(310,'2014-09-27 14:07:29',1,167,7474,1,1),(311,'2014-09-28 04:47:59',4,167,7486,1,1),(312,'2014-09-29 18:11:31',1,167,7513,1,1),(313,'2014-10-01 09:36:37',4,167,7542,1,1),(314,'2014-10-02 07:52:00',4,167,7562,1,1),(315,'2014-10-02 07:52:11',4,167,7563,1,1),(316,'2014-10-02 07:52:32',1,167,7563,1,1),(317,'2014-10-02 11:45:51',4,167,7566,1,1),(318,'2014-10-03 05:12:03',4,167,7579,1,1),(319,'2014-10-08 09:19:27',4,167,7654,1,1),(320,'2014-10-09 04:39:07',1,167,7661,1,1),(321,'2014-10-09 08:58:52',1,167,7664,1,1),(322,'2014-10-09 11:55:42',1,167,7683,1,1),(323,'2014-10-09 11:56:37',1,167,7693,1,1),(324,'2014-10-11 08:26:42',1,167,7744,1,1),(325,'2014-10-15 09:26:51',4,167,7811,1,1),(326,'2014-10-18 15:38:35',4,167,7838,1,1),(327,'2014-10-18 15:44:52',4,167,7839,1,1),(328,'2014-10-19 09:53:35',4,167,7853,1,1),(329,'2014-10-19 10:28:07',4,167,7854,1,1),(330,'2014-10-19 12:05:18',4,167,7855,1,1),(331,'2014-10-20 17:09:09',1,167,0,1,1),(332,'2014-10-21 05:07:30',1,167,0,1,1),(333,'2014-10-21 16:59:44',1,167,0,1,1),(334,'2014-10-22 09:10:21',4,167,7891,1,1),(335,'2014-10-23 01:38:03',1,167,0,1,1),(336,'2014-10-24 20:48:24',1,167,7931,1,1),(337,'2014-10-27 05:44:27',1,167,7961,1,1),(338,'2014-10-29 09:18:31',4,167,7981,1,1),(339,'2014-10-29 11:01:17',1,167,7993,1,1),(340,'2014-10-29 11:01:52',1,167,8028,1,1),(341,'2014-11-02 04:11:01',1,167,8158,1,1),(342,'2014-11-02 04:11:36',1,167,8165,1,1),(343,'2014-11-05 10:21:36',4,167,8295,1,1),(344,'2014-11-10 07:48:27',1,167,8372,1,1),(345,'2014-11-10 16:58:10',1,167,8396,1,1),(346,'2014-11-11 23:13:58',1,167,8423,1,1),(347,'2014-11-12 10:13:57',4,167,8427,1,1),(348,'2014-11-13 17:31:28',1,167,8444,1,1),(349,'2014-11-16 03:32:52',1,167,0,1,1),(350,'2014-11-17 15:47:48',1,167,0,1,1),(351,'2014-11-18 07:41:31',1,167,0,1,1),(352,'2014-11-19 05:04:22',1,167,0,1,1),(353,'2014-11-19 10:23:43',4,167,8542,1,1),(354,'2014-11-19 20:40:12',1,167,0,1,1),(355,'2014-11-22 03:12:26',1,167,0,1,1),(356,'2014-11-23 02:01:00',1,167,8628,1,1),(357,'2014-11-23 13:48:46',1,167,8654,1,1),(358,'2014-11-23 13:49:21',1,167,8661,1,1),(359,'2014-11-24 15:24:18',1,167,8715,1,1),(360,'2014-11-26 10:24:26',4,167,8747,1,1),(361,'2014-11-27 15:16:32',1,167,0,1,1),(362,'2014-12-03 10:09:23',4,167,8863,1,1),(363,'2014-12-08 13:26:26',1,167,8959,1,1),(364,'2014-12-10 10:12:44',4,167,9013,1,1),(365,'2014-12-11 11:23:26',1,167,9045,1,1),(366,'2014-12-11 11:24:01',1,167,9052,1,1),(367,'2014-12-11 13:01:46',1,167,9106,1,1),(368,'2014-12-13 04:09:27',1,167,9142,1,1),(369,'2014-12-17 08:28:28',1,167,0,1,1),(370,'2014-12-17 10:07:14',4,167,9196,1,1),(371,'2014-12-17 13:50:14',4,167,9197,1,1),(372,'2014-12-17 13:50:20',4,167,9198,1,1),(373,'2014-12-17 13:50:29',1,167,9198,1,1),(374,'2014-12-20 11:32:45',1,167,9240,1,1),(375,'2014-12-20 11:32:50',1,167,9240,1,1),(376,'2014-12-20 11:32:55',4,167,9240,1,1),(377,'2014-12-21 15:28:38',1,167,9264,1,1),(378,'2014-12-24 10:10:45',4,167,9320,1,1),(379,'2014-12-24 12:00:06',1,167,9321,1,1),(380,'2014-12-24 12:00:11',4,167,9321,1,1),(381,'2014-12-24 12:01:55',3,167,9321,1,1),(382,'2014-12-24 12:02:24',1,167,9321,1,1),(383,'2014-12-24 12:02:54',3,167,9321,1,1),(384,'2014-12-24 12:03:05',3,167,9321,1,1),(385,'2014-12-24 12:03:35',3,167,9321,1,1),(386,'2014-12-24 12:03:45',3,167,9321,1,1),(387,'2014-12-24 12:03:50',4,167,9321,1,1),(388,'2014-12-24 12:05:21',4,167,9321,1,1),(389,'2014-12-24 12:06:07',3,167,9321,1,1),(390,'2014-12-24 12:06:22',3,167,9321,1,1),(391,'2014-12-24 12:06:37',3,167,9321,1,1),(392,'2014-12-24 12:06:47',3,167,9321,1,1),(393,'2014-12-24 12:07:37',3,167,9321,1,1),(394,'2014-12-31 10:23:00',4,167,9518,1,1),(395,'2015-01-03 03:37:58',1,167,9704,1,1),(396,'2015-01-03 03:39:23',1,167,9761,1,1),(397,'2015-01-06 23:40:26',1,167,9932,1,1),(398,'2015-01-06 23:41:01',1,167,9939,1,1),(399,'2015-01-07 10:22:47',4,167,9984,1,1),(400,'2015-01-08 09:55:56',1,167,10005,1,1),(401,'2015-01-08 10:08:54',1,167,10005,1,1),(402,'2015-01-09 01:37:55',1,167,0,1,1),(403,'2015-01-09 05:35:16',1,167,10035,1,1),(404,'2015-01-09 05:36:17',4,167,10035,1,1),(405,'2015-01-09 05:39:41',1,167,10035,1,1),(406,'2015-01-10 17:54:52',1,167,10093,1,1),(407,'2015-01-11 00:20:57',1,167,0,1,1),(408,'2015-01-11 01:15:36',4,167,10107,1,1),(409,'2015-01-11 01:15:41',4,167,10108,1,1),(410,'2015-01-11 01:15:49',1,167,10108,1,1),(411,'2015-01-11 21:03:04',1,167,0,1,1),(412,'2015-01-12 02:05:46',1,167,0,1,1),(413,'2015-01-13 00:46:23',1,167,0,1,1),(414,'2015-01-13 12:09:03',1,167,0,1,1),(415,'2015-01-14 11:35:43',4,167,10182,1,1),(416,'2015-01-16 11:49:43',1,167,10224,1,1),(417,'2015-01-17 19:31:22',1,167,10329,1,1),(418,'2015-01-20 02:26:05',1,167,10616,1,1),(419,'2015-01-21 10:25:19',4,167,10745,1,1),(420,'2015-01-22 05:31:59',1,167,10765,1,1),(421,'2015-01-22 14:28:24',1,167,10785,1,1),(422,'2015-01-22 20:08:15',1,167,0,1,1),(423,'2015-01-23 00:31:46',1,167,0,1,1),(424,'2015-01-23 10:46:34',1,167,0,1,1),(425,'2015-01-23 15:45:05',1,167,0,1,1),(426,'2015-01-24 10:58:22',1,167,10872,1,1),(427,'2015-01-24 10:58:57',1,167,10879,1,1),(428,'2015-01-28 10:10:59',4,167,11159,1,1),(429,'2015-01-29 14:27:18',1,167,11286,1,1),(430,'2015-01-29 14:27:23',1,167,11286,1,1),(431,'2015-01-30 23:55:53',1,167,0,1,1),(432,'2015-01-31 15:32:26',4,167,11425,1,1),(433,'2015-01-31 15:34:04',1,167,11425,1,1),(434,'2015-01-31 15:34:44',1,167,11425,1,1),(435,'2015-01-31 15:35:36',3,167,11425,1,1),(436,'2015-01-31 15:35:56',3,167,11425,1,1),(437,'2015-01-31 15:36:11',4,167,11425,1,1),(438,'2015-01-31 15:37:10',3,167,11425,1,1),(439,'2015-01-31 15:37:19',3,167,11425,1,1),(440,'2015-02-04 10:23:23',4,167,11520,1,1),(441,'2015-02-10 20:01:15',1,167,11757,1,1),(442,'2015-02-10 20:01:48',1,167,11764,1,1),(443,'2015-02-11 10:19:32',4,167,11814,1,1),(444,'2015-02-11 22:33:13',1,167,11835,1,1),(445,'2015-02-12 00:32:38',1,167,11844,1,1),(446,'2015-02-15 14:24:26',1,167,11991,1,1),(447,'2015-02-16 16:10:08',1,167,12021,1,1),(448,'2015-02-18 10:12:47',4,167,12093,1,1),(449,'2015-02-19 00:46:21',1,167,0,1,1),(450,'2015-02-25 10:11:23',4,167,12376,1,1),(451,'2015-02-27 02:19:00',1,167,12447,1,1),(452,'2015-02-27 02:19:35',1,167,12454,1,1),(453,'2015-03-04 10:13:04',4,167,12704,1,1),(454,'2015-03-04 22:10:03',4,167,12714,1,1),(455,'2015-03-10 13:19:27',1,167,12996,1,1),(456,'2015-03-11 00:09:50',1,167,13013,1,1),(457,'2015-03-11 12:32:10',1,167,13030,1,1),(458,'2015-03-11 13:11:56',4,167,13032,1,1),(459,'2015-03-12 11:01:24',1,167,13101,1,1),(460,'2015-03-12 11:01:59',1,167,13108,1,1),(461,'2015-03-12 12:14:32',1,167,13148,1,1),(462,'2015-03-17 17:23:30',1,167,13496,1,1),(463,'2015-03-17 17:24:03',1,167,13531,1,1),(464,'2015-03-18 09:22:24',4,167,13636,1,1),(465,'2015-03-21 07:48:57',1,167,13800,1,1),(466,'2015-03-21 07:48:58',1,167,13808,1,1),(467,'2015-03-21 07:49:07',1,167,13867,1,1),(468,'2015-03-21 07:49:08',1,167,13870,1,1),(469,'2015-03-22 10:26:59',1,167,14033,1,1),(470,'2015-03-25 09:38:56',4,167,14315,1,1),(471,'2015-03-28 00:49:37',1,167,14442,1,1),(472,'2015-03-28 00:50:11',1,167,14449,1,1),(473,'2015-03-30 16:32:15',4,167,14572,1,1),(474,'2015-03-30 19:29:35',1,167,14579,1,1),(475,'2015-03-30 19:29:40',1,167,14579,1,1),(476,'2015-03-30 19:29:43',4,167,14579,1,1),(477,'2015-04-01 15:16:48',4,167,14603,1,1),(478,'2015-04-04 16:50:50',4,167,14657,1,1);

--
-- Table structure for table `report_event_types`
--

CREATE TABLE `report_event_types` (
  `event_type_id` smallint(5) unsigned NOT NULL AUTO_INCREMENT COMMENT 'Event Type Id',
  `event_name` varchar(64) NOT NULL COMMENT 'Event Name',
  `customer_login` smallint(5) unsigned NOT NULL DEFAULT '0' COMMENT 'Customer Login',
  PRIMARY KEY (`event_type_id`)
) ENGINE=InnoDB AUTO_INCREMENT=7 DEFAULT CHARSET=utf8 COMMENT='Reports Event Type Table';

--
-- Dumping data for table `report_event_types`
--

INSERT INTO `report_event_types` VALUES (1,'catalog_product_view',1),(2,'sendfriend_product',1),(3,'catalog_product_compare_add_product',1),(4,'checkout_cart_add_product',1),(5,'wishlist_add_product',1),(6,'wishlist_share',1);

--
-- Table structure for table `report_viewed_product_aggregated_daily`
--

CREATE TABLE `report_viewed_product_aggregated_daily` (
  `id` int(10) unsigned NOT NULL AUTO_INCREMENT COMMENT 'Id',
  `period` date DEFAULT NULL COMMENT 'Period',
  `store_id` smallint(5) unsigned DEFAULT NULL COMMENT 'Store Id',
  `product_id` int(10) unsigned DEFAULT NULL COMMENT 'Product Id',
  `product_name` varchar(255) DEFAULT NULL COMMENT 'Product Name',
  `product_price` decimal(12,4) NOT NULL DEFAULT '0.0000' COMMENT 'Product Price',
  `views_num` int(11) NOT NULL DEFAULT '0' COMMENT 'Number of Views',
  `rating_pos` smallint(5) unsigned NOT NULL DEFAULT '0' COMMENT 'Rating Pos',
  PRIMARY KEY (`id`),
  UNIQUE KEY `UNQ_REPORT_VIEWED_PRD_AGGRED_DAILY_PERIOD_STORE_ID_PRD_ID` (`period`,`store_id`,`product_id`),
  KEY `IDX_REPORT_VIEWED_PRODUCT_AGGREGATED_DAILY_STORE_ID` (`store_id`),
  KEY `IDX_REPORT_VIEWED_PRODUCT_AGGREGATED_DAILY_PRODUCT_ID` (`product_id`),
  CONSTRAINT `FK_REPORT_VIEWED_PRD_AGGRED_DAILY_PRD_ID_CAT_PRD_ENTT_ENTT_ID` FOREIGN KEY (`product_id`) REFERENCES `catalog_product_entity` (`entity_id`) ON DELETE CASCADE ON UPDATE CASCADE,
  CONSTRAINT `FK_REPORT_VIEWED_PRD_AGGRED_DAILY_STORE_ID_CORE_STORE_STORE_ID` FOREIGN KEY (`store_id`) REFERENCES `core_store` (`store_id`) ON DELETE CASCADE ON UPDATE CASCADE
) ENGINE=InnoDB DEFAULT CHARSET=utf8 COMMENT='Most Viewed Products Aggregated Daily';

--
-- Dumping data for table `report_viewed_product_aggregated_daily`
--


--
-- Table structure for table `report_viewed_product_aggregated_monthly`
--

CREATE TABLE `report_viewed_product_aggregated_monthly` (
  `id` int(10) unsigned NOT NULL AUTO_INCREMENT COMMENT 'Id',
  `period` date DEFAULT NULL COMMENT 'Period',
  `store_id` smallint(5) unsigned DEFAULT NULL COMMENT 'Store Id',
  `product_id` int(10) unsigned DEFAULT NULL COMMENT 'Product Id',
  `product_name` varchar(255) DEFAULT NULL COMMENT 'Product Name',
  `product_price` decimal(12,4) NOT NULL DEFAULT '0.0000' COMMENT 'Product Price',
  `views_num` int(11) NOT NULL DEFAULT '0' COMMENT 'Number of Views',
  `rating_pos` smallint(5) unsigned NOT NULL DEFAULT '0' COMMENT 'Rating Pos',
  PRIMARY KEY (`id`),
  UNIQUE KEY `UNQ_REPORT_VIEWED_PRD_AGGRED_MONTHLY_PERIOD_STORE_ID_PRD_ID` (`period`,`store_id`,`product_id`),
  KEY `IDX_REPORT_VIEWED_PRODUCT_AGGREGATED_MONTHLY_STORE_ID` (`store_id`),
  KEY `IDX_REPORT_VIEWED_PRODUCT_AGGREGATED_MONTHLY_PRODUCT_ID` (`product_id`),
  CONSTRAINT `FK_REPORT_VIEWED_PRD_AGGRED_MONTHLY_PRD_ID_CAT_PRD_ENTT_ENTT_ID` FOREIGN KEY (`product_id`) REFERENCES `catalog_product_entity` (`entity_id`) ON DELETE CASCADE ON UPDATE CASCADE,
  CONSTRAINT `FK_REPORT_VIEWED_PRD_AGGRED_MONTHLY_STORE_ID_CORE_STORE_STORE_ID` FOREIGN KEY (`store_id`) REFERENCES `core_store` (`store_id`) ON DELETE CASCADE ON UPDATE CASCADE
) ENGINE=InnoDB DEFAULT CHARSET=utf8 COMMENT='Most Viewed Products Aggregated Monthly';

--
-- Dumping data for table `report_viewed_product_aggregated_monthly`
--


--
-- Table structure for table `report_viewed_product_aggregated_yearly`
--

CREATE TABLE `report_viewed_product_aggregated_yearly` (
  `id` int(10) unsigned NOT NULL AUTO_INCREMENT COMMENT 'Id',
  `period` date DEFAULT NULL COMMENT 'Period',
  `store_id` smallint(5) unsigned DEFAULT NULL COMMENT 'Store Id',
  `product_id` int(10) unsigned DEFAULT NULL COMMENT 'Product Id',
  `product_name` varchar(255) DEFAULT NULL COMMENT 'Product Name',
  `product_price` decimal(12,4) NOT NULL DEFAULT '0.0000' COMMENT 'Product Price',
  `views_num` int(11) NOT NULL DEFAULT '0' COMMENT 'Number of Views',
  `rating_pos` smallint(5) unsigned NOT NULL DEFAULT '0' COMMENT 'Rating Pos',
  PRIMARY KEY (`id`),
  UNIQUE KEY `UNQ_REPORT_VIEWED_PRD_AGGRED_YEARLY_PERIOD_STORE_ID_PRD_ID` (`period`,`store_id`,`product_id`),
  KEY `IDX_REPORT_VIEWED_PRODUCT_AGGREGATED_YEARLY_STORE_ID` (`store_id`),
  KEY `IDX_REPORT_VIEWED_PRODUCT_AGGREGATED_YEARLY_PRODUCT_ID` (`product_id`),
  CONSTRAINT `FK_REPORT_VIEWED_PRD_AGGRED_YEARLY_PRD_ID_CAT_PRD_ENTT_ENTT_ID` FOREIGN KEY (`product_id`) REFERENCES `catalog_product_entity` (`entity_id`) ON DELETE CASCADE ON UPDATE CASCADE,
  CONSTRAINT `FK_REPORT_VIEWED_PRD_AGGRED_YEARLY_STORE_ID_CORE_STORE_STORE_ID` FOREIGN KEY (`store_id`) REFERENCES `core_store` (`store_id`) ON DELETE CASCADE ON UPDATE CASCADE
) ENGINE=InnoDB DEFAULT CHARSET=utf8 COMMENT='Most Viewed Products Aggregated Yearly';

--
-- Dumping data for table `report_viewed_product_aggregated_yearly`
--


--
-- Table structure for table `report_viewed_product_index`
--

CREATE TABLE `report_viewed_product_index` (
  `index_id` bigint(20) unsigned NOT NULL AUTO_INCREMENT COMMENT 'Index Id',
  `visitor_id` int(10) unsigned DEFAULT NULL COMMENT 'Visitor Id',
  `customer_id` int(10) unsigned DEFAULT NULL COMMENT 'Customer Id',
  `product_id` int(10) unsigned NOT NULL COMMENT 'Product Id',
  `store_id` smallint(5) unsigned DEFAULT NULL COMMENT 'Store Id',
  `added_at` timestamp NOT NULL DEFAULT CURRENT_TIMESTAMP ON UPDATE CURRENT_TIMESTAMP COMMENT 'Added At',
  PRIMARY KEY (`index_id`),
  UNIQUE KEY `UNQ_REPORT_VIEWED_PRODUCT_INDEX_VISITOR_ID_PRODUCT_ID` (`visitor_id`,`product_id`),
  UNIQUE KEY `UNQ_REPORT_VIEWED_PRODUCT_INDEX_CUSTOMER_ID_PRODUCT_ID` (`customer_id`,`product_id`),
  KEY `IDX_REPORT_VIEWED_PRODUCT_INDEX_STORE_ID` (`store_id`),
  KEY `IDX_REPORT_VIEWED_PRODUCT_INDEX_ADDED_AT` (`added_at`),
  KEY `IDX_REPORT_VIEWED_PRODUCT_INDEX_PRODUCT_ID` (`product_id`),
  CONSTRAINT `FK_REPORT_VIEWED_PRD_IDX_CSTR_ID_CSTR_ENTT_ENTT_ID` FOREIGN KEY (`customer_id`) REFERENCES `customer_entity` (`entity_id`) ON DELETE CASCADE ON UPDATE CASCADE,
  CONSTRAINT `FK_REPORT_VIEWED_PRD_IDX_PRD_ID_CAT_PRD_ENTT_ENTT_ID` FOREIGN KEY (`product_id`) REFERENCES `catalog_product_entity` (`entity_id`) ON DELETE CASCADE ON UPDATE CASCADE,
  CONSTRAINT `FK_REPORT_VIEWED_PRODUCT_INDEX_STORE_ID_CORE_STORE_STORE_ID` FOREIGN KEY (`store_id`) REFERENCES `core_store` (`store_id`) ON DELETE SET NULL ON UPDATE CASCADE
) ENGINE=InnoDB AUTO_INCREMENT=342 DEFAULT CHARSET=utf8 COMMENT='Reports Viewed Product Index Table';

--
-- Dumping data for table `report_viewed_product_index`
--

INSERT INTO `report_viewed_product_index` VALUES (4,124,NULL,167,1,'2013-06-01 19:36:26'),(5,113,NULL,167,1,'2013-06-01 22:25:25'),(6,125,NULL,167,1,'2013-06-01 23:09:39'),(7,NULL,NULL,167,1,'2013-06-02 06:28:59'),(8,128,NULL,167,1,'2013-06-03 01:44:00'),(9,NULL,NULL,167,1,'2013-06-03 11:27:27'),(10,159,NULL,167,1,'2013-06-06 22:44:01'),(11,196,NULL,167,1,'2013-06-07 22:40:55'),(12,197,NULL,167,1,'2013-06-07 22:41:27'),(13,213,NULL,167,1,'2013-06-09 04:03:42'),(14,227,NULL,167,1,'2013-06-14 02:50:04'),(15,252,NULL,167,1,'2013-06-16 06:11:55'),(16,443,NULL,167,1,'2013-07-03 23:39:59'),(17,592,NULL,167,1,'2013-07-13 06:07:09'),(18,669,NULL,167,1,'2013-07-16 03:59:53'),(19,704,NULL,167,1,'2013-07-18 19:05:58'),(20,705,NULL,167,1,'2013-07-18 19:06:04'),(21,706,NULL,167,1,'2013-07-18 19:06:09'),(22,707,NULL,167,1,'2013-07-18 19:06:35'),(23,708,NULL,167,1,'2013-07-18 19:06:40'),(24,709,NULL,167,1,'2013-07-18 19:06:46'),(25,710,NULL,167,1,'2013-07-18 19:06:51'),(26,711,NULL,167,1,'2013-07-18 19:06:56'),(27,NULL,NULL,167,1,'2013-07-25 03:03:19'),(28,NULL,NULL,167,1,'2013-07-25 03:12:07'),(29,NULL,NULL,167,1,'2013-07-25 03:14:41'),(30,NULL,NULL,167,1,'2013-07-27 00:09:24'),(31,NULL,NULL,167,1,'2013-08-01 20:04:37'),(32,NULL,NULL,167,1,'2013-08-01 20:07:19'),(33,NULL,NULL,167,1,'2013-08-04 20:43:07'),(34,875,NULL,167,1,'2013-08-07 08:38:49'),(35,900,NULL,167,1,'2013-08-08 09:13:16'),(36,954,NULL,167,1,'2013-08-11 05:59:47'),(37,956,NULL,167,1,'2013-08-11 07:53:19'),(38,998,NULL,167,1,'2013-08-16 01:59:02'),(39,1017,NULL,167,1,'2013-08-17 18:22:07'),(40,NULL,NULL,167,1,'2013-08-19 16:42:51'),(41,NULL,NULL,167,1,'2013-08-19 17:38:44'),(42,NULL,NULL,167,1,'2013-08-29 22:08:39'),(43,NULL,NULL,167,1,'2013-08-30 04:05:13'),(44,NULL,NULL,167,1,'2013-08-30 21:25:05'),(45,NULL,NULL,167,1,'2013-09-03 01:02:33'),(46,NULL,NULL,167,1,'2013-09-05 18:55:04'),(47,1201,NULL,167,1,'2013-09-16 00:11:43'),(48,1213,NULL,167,1,'2013-09-16 13:44:19'),(49,1246,NULL,167,1,'2013-09-19 10:48:25'),(50,1292,NULL,167,1,'2013-09-19 10:50:03'),(51,NULL,NULL,167,1,'2013-09-22 22:35:43'),(52,1375,NULL,167,1,'2013-09-25 15:30:45'),(53,1477,NULL,167,1,'2013-10-07 00:30:04'),(54,1551,NULL,167,1,'2013-10-18 20:53:48'),(55,1559,NULL,167,1,'2013-10-19 14:41:43'),(56,1597,NULL,167,1,'2013-10-24 02:33:46'),(57,NULL,NULL,167,1,'2013-11-08 22:45:53'),(58,1755,NULL,167,1,'2013-11-09 13:42:12'),(59,1765,NULL,167,1,'2013-11-09 13:43:07'),(60,1810,NULL,167,1,'2013-11-12 17:43:25'),(61,1882,NULL,167,1,'2013-11-19 07:27:17'),(62,1892,NULL,167,1,'2013-11-19 07:28:11'),(63,1914,NULL,167,1,'2013-11-21 16:55:47'),(64,1957,NULL,167,1,'2013-11-26 07:01:47'),(65,1967,NULL,167,1,'2013-11-26 07:02:42'),(66,2004,NULL,167,1,'2013-11-30 16:12:42'),(67,2041,NULL,167,1,'2013-12-03 09:36:38'),(68,2050,NULL,167,1,'2013-12-03 09:37:22'),(69,NULL,NULL,167,1,'2013-12-04 10:09:47'),(70,2077,NULL,167,1,'2013-12-06 00:00:31'),(71,2104,NULL,167,1,'2013-12-07 02:00:26'),(72,2139,NULL,167,1,'2013-12-10 04:02:51'),(73,2191,NULL,167,1,'2013-12-12 06:43:22'),(74,2200,NULL,167,1,'2013-12-12 06:44:08'),(75,2225,NULL,167,1,'2013-12-12 08:12:37'),(76,NULL,NULL,167,1,'2013-12-16 13:35:23'),(77,2290,NULL,167,1,'2013-12-18 07:34:32'),(78,NULL,NULL,167,1,'2013-12-23 12:43:15'),(79,2367,NULL,167,1,'2013-12-23 16:55:22'),(80,NULL,NULL,167,1,'2013-12-24 20:45:00'),(81,2399,NULL,167,1,'2013-12-25 21:37:31'),(82,2408,NULL,167,1,'2013-12-25 21:38:26'),(83,2421,NULL,167,1,'2013-12-26 09:49:58'),(84,NULL,NULL,167,1,'2013-12-27 07:42:20'),(85,2450,NULL,167,1,'2013-12-28 13:55:35'),(86,2511,NULL,167,1,'2014-01-03 05:09:29'),(87,2520,NULL,167,1,'2014-01-03 05:10:14'),(88,NULL,NULL,167,1,'2014-01-09 08:14:10'),(89,2646,NULL,167,1,'2014-01-10 14:23:57'),(90,2655,NULL,167,1,'2014-01-10 14:24:51'),(91,NULL,NULL,167,1,'2014-01-12 22:41:37'),(92,NULL,NULL,167,1,'2014-01-14 08:36:17'),(93,2713,NULL,167,1,'2014-01-14 11:47:36'),(94,2763,NULL,167,1,'2014-01-17 21:48:37'),(95,2772,NULL,167,1,'2014-01-17 21:49:22'),(96,2793,NULL,167,1,'2014-01-19 11:29:20'),(97,NULL,NULL,167,1,'2014-01-23 09:06:57'),(98,2880,NULL,167,1,'2014-01-24 04:42:47'),(99,2909,NULL,167,1,'2014-01-25 00:38:28'),(100,2918,NULL,167,1,'2014-01-25 00:39:13'),(101,2943,NULL,167,1,'2014-01-25 04:34:37'),(102,3068,NULL,167,1,'2014-02-02 23:50:36'),(103,3085,NULL,167,1,'2014-02-05 10:30:29'),(104,NULL,NULL,167,1,'2014-02-06 02:40:46'),(105,3111,NULL,167,1,'2014-02-06 12:56:56'),(106,3120,NULL,167,1,'2014-02-06 12:57:40'),(107,NULL,NULL,167,1,'2014-02-08 16:37:04'),(108,3185,NULL,167,1,'2014-02-11 20:55:38'),(109,3238,NULL,167,1,'2014-02-11 20:57:24'),(110,NULL,NULL,167,1,'2014-02-11 22:46:57'),(111,3272,NULL,167,1,'2014-02-12 11:53:28'),(112,3293,NULL,167,1,'2014-02-13 22:57:50'),(113,3329,NULL,167,1,'2014-02-16 21:02:20'),(114,NULL,NULL,167,1,'2014-02-22 17:45:05'),(115,3392,NULL,167,1,'2014-02-22 22:08:47'),(116,NULL,NULL,167,1,'2014-02-24 19:25:28'),(117,3408,NULL,167,1,'2014-02-25 12:21:26'),(118,3435,NULL,167,1,'2014-02-26 16:15:25'),(119,3444,NULL,167,1,'2014-02-26 16:16:10'),(120,3478,NULL,167,1,'2014-02-27 23:59:30'),(121,NULL,NULL,167,1,'2014-03-03 12:21:11'),(122,3559,NULL,167,1,'2014-03-05 16:34:30'),(123,3568,NULL,167,1,'2014-03-05 16:35:14'),(124,3599,NULL,167,1,'2014-03-08 05:58:15'),(125,3637,NULL,167,1,'2014-03-12 03:09:29'),(126,3647,NULL,167,1,'2014-03-12 20:05:39'),(127,3665,NULL,167,1,'2014-03-14 06:42:47'),(128,3698,NULL,167,1,'2014-03-17 08:27:48'),(129,NULL,NULL,167,1,'2014-03-20 09:21:41'),(130,3787,NULL,167,1,'2014-03-21 11:22:53'),(131,3797,NULL,167,1,'2014-03-21 11:23:47'),(132,3884,NULL,167,1,'2014-03-24 22:15:41'),(133,NULL,NULL,167,1,'2014-03-27 14:06:30'),(134,3939,NULL,167,1,'2014-03-29 18:23:09'),(135,NULL,NULL,167,1,'2014-03-30 16:10:49'),(136,NULL,NULL,167,1,'2014-04-05 10:21:13'),(137,NULL,NULL,167,1,'2014-04-10 11:46:46'),(138,4081,NULL,167,1,'2014-04-10 21:29:04'),(139,4091,NULL,167,1,'2014-04-10 21:29:59'),(140,4122,NULL,167,1,'2014-04-11 14:31:12'),(141,NULL,NULL,167,1,'2014-04-17 06:06:51'),(142,NULL,NULL,167,1,'2014-04-22 02:37:55'),(143,NULL,NULL,167,1,'2014-04-24 16:58:42'),(144,NULL,NULL,167,1,'2014-04-29 06:33:13'),(145,NULL,NULL,167,1,'2014-04-30 06:44:40'),(146,NULL,NULL,167,1,'2014-04-30 21:25:34'),(147,4332,NULL,167,1,'2014-05-01 01:18:41'),(148,NULL,NULL,167,1,'2014-05-02 03:14:13'),(149,4389,NULL,167,1,'2014-05-04 02:43:01'),(150,4399,NULL,167,1,'2014-05-04 02:43:55'),(151,NULL,NULL,167,1,'2014-05-04 09:06:15'),(152,NULL,NULL,167,1,'2014-05-05 03:11:27'),(153,NULL,NULL,167,1,'2014-05-08 09:54:09'),(154,4496,NULL,167,1,'2014-05-11 05:46:18'),(155,NULL,NULL,167,1,'2014-05-13 05:07:57'),(156,4517,NULL,167,1,'2014-05-13 17:27:30'),(157,NULL,NULL,167,1,'2014-05-15 01:43:58'),(158,NULL,NULL,167,1,'2014-05-15 20:26:44'),(159,NULL,NULL,167,1,'2014-05-18 20:17:57'),(160,4612,NULL,167,1,'2014-05-20 03:06:54'),(161,NULL,NULL,167,1,'2014-05-22 08:11:17'),(162,NULL,NULL,167,1,'2014-05-24 00:35:26'),(163,4694,NULL,167,1,'2014-05-24 06:04:40'),(164,4704,NULL,167,1,'2014-05-24 06:05:35'),(165,4720,NULL,167,1,'2014-05-24 16:58:08'),(166,NULL,NULL,167,1,'2014-05-26 23:11:38'),(167,NULL,NULL,167,1,'2014-05-27 21:09:34'),(168,NULL,NULL,167,1,'2014-05-31 19:11:02'),(169,4832,NULL,167,1,'2014-06-01 23:06:41'),(170,4940,NULL,167,1,'2014-06-11 10:05:20'),(171,4971,NULL,167,1,'2014-06-12 09:45:00'),(172,4981,NULL,167,1,'2014-06-12 09:45:54'),(173,5041,NULL,167,1,'2014-06-15 13:27:16'),(174,NULL,NULL,167,1,'2014-06-18 07:32:38'),(175,NULL,NULL,167,1,'2014-06-21 13:39:56'),(176,NULL,NULL,167,1,'2014-06-22 01:17:25'),(177,5155,NULL,167,1,'2014-06-23 01:25:28'),(179,5252,NULL,167,1,'2014-06-29 02:13:22'),(180,5262,NULL,167,1,'2014-06-29 02:14:17'),(181,5329,NULL,167,1,'2014-07-04 00:38:44'),(182,5387,NULL,167,1,'2014-07-07 21:17:45'),(183,NULL,NULL,167,1,'2014-07-10 01:39:46'),(184,5442,NULL,167,1,'2014-07-10 23:21:29'),(185,NULL,NULL,167,1,'2014-07-11 02:09:06'),(186,NULL,NULL,167,1,'2014-07-12 04:06:45'),(187,NULL,NULL,167,1,'2014-07-12 18:24:05'),(188,NULL,NULL,167,1,'2014-07-13 01:27:49'),(189,5509,NULL,167,1,'2014-07-14 14:40:22'),(190,5516,NULL,167,1,'2014-07-14 22:33:32'),(191,5540,NULL,167,1,'2014-07-15 05:28:16'),(192,5550,NULL,167,1,'2014-07-15 05:29:13'),(193,NULL,NULL,167,1,'2014-07-17 10:45:52'),(194,NULL,NULL,167,1,'2014-07-18 06:45:04'),(195,5738,NULL,167,1,'2014-07-24 03:28:21'),(196,5789,NULL,167,1,'2014-07-24 03:29:50'),(197,NULL,NULL,167,1,'2014-07-25 09:07:47'),(198,5943,NULL,167,1,'2014-07-30 07:18:11'),(199,5979,NULL,167,1,'2014-07-31 19:24:47'),(200,6055,NULL,167,1,'2014-08-02 09:34:31'),(201,6065,NULL,167,1,'2014-08-02 09:35:26'),(202,6081,NULL,167,1,'2014-08-02 21:18:52'),(203,6112,NULL,167,1,'2014-08-04 06:38:29'),(204,NULL,NULL,167,1,'2014-08-04 09:03:32'),(205,NULL,NULL,167,1,'2014-08-05 05:16:49'),(206,6133,NULL,167,1,'2014-08-05 13:19:05'),(207,NULL,NULL,167,1,'2014-08-06 06:44:48'),(208,NULL,NULL,167,1,'2014-08-08 04:25:00'),(209,6276,NULL,167,1,'2014-08-11 06:15:57'),(210,6376,NULL,167,1,'2014-08-15 14:29:32'),(211,6404,NULL,167,1,'2014-08-17 04:51:20'),(212,6478,NULL,167,1,'2014-08-20 12:07:24'),(213,6489,NULL,167,1,'2014-08-20 21:36:55'),(214,6518,NULL,167,1,'2014-08-21 02:22:33'),(215,6528,NULL,167,1,'2014-08-21 02:23:27'),(216,NULL,NULL,167,1,'2014-08-23 10:47:47'),(217,NULL,NULL,167,1,'2014-08-23 18:09:36'),(218,NULL,NULL,167,1,'2014-08-24 16:46:18'),(219,NULL,NULL,167,1,'2014-08-25 03:26:37'),(220,NULL,NULL,167,1,'2014-09-06 08:06:38'),(221,6925,NULL,167,1,'2014-09-07 04:29:38'),(222,6954,NULL,167,1,'2014-09-07 18:02:23'),(223,6964,NULL,167,1,'2014-09-07 18:03:19'),(224,7082,NULL,167,1,'2014-09-13 05:24:10'),(225,7092,NULL,167,1,'2014-09-13 08:21:41'),(226,7098,NULL,167,1,'2014-09-13 13:26:12'),(227,NULL,NULL,167,1,'2014-09-14 02:29:46'),(228,NULL,NULL,167,1,'2014-09-15 07:53:48'),(229,7164,NULL,167,1,'2014-09-15 14:24:09'),(230,NULL,NULL,167,1,'2014-09-16 02:46:56'),(231,NULL,NULL,167,1,'2014-09-16 13:17:31'),(232,NULL,NULL,167,1,'2014-09-16 18:09:06'),(233,7344,NULL,167,1,'2014-09-23 16:26:09'),(234,NULL,NULL,167,1,'2014-09-24 21:36:31'),(235,7402,NULL,167,1,'2014-09-26 10:45:27'),(236,7412,NULL,167,1,'2014-09-26 10:46:22'),(237,NULL,NULL,167,1,'2014-09-26 23:09:42'),(238,7438,NULL,167,1,'2014-09-27 02:48:58'),(239,NULL,NULL,167,1,'2014-09-27 04:16:27'),(240,7474,NULL,167,1,'2014-09-27 14:07:29'),(241,7513,NULL,167,1,'2014-09-29 18:11:31'),(242,7563,NULL,167,1,'2014-10-02 07:52:32'),(243,7661,NULL,167,1,'2014-10-09 04:39:07'),(244,7664,NULL,167,1,'2014-10-09 08:58:52'),(245,7683,NULL,167,1,'2014-10-09 11:55:42'),(246,7693,NULL,167,1,'2014-10-09 11:56:37'),(247,7744,NULL,167,1,'2014-10-11 08:26:42'),(248,NULL,NULL,167,1,'2014-10-20 17:09:09'),(249,NULL,NULL,167,1,'2014-10-21 05:07:30'),(250,NULL,NULL,167,1,'2014-10-21 16:59:44'),(251,NULL,NULL,167,1,'2014-10-23 01:38:03'),(252,7931,NULL,167,1,'2014-10-24 20:48:24'),(253,7961,NULL,167,1,'2014-10-27 05:44:27'),(254,7993,NULL,167,1,'2014-10-29 11:01:17'),(255,8028,NULL,167,1,'2014-10-29 11:01:52'),(256,8158,NULL,167,1,'2014-11-02 04:11:00'),(257,8165,NULL,167,1,'2014-11-02 04:11:36'),(258,8372,NULL,167,1,'2014-11-10 07:48:27'),(259,8396,NULL,167,1,'2014-11-10 16:58:10'),(260,8423,NULL,167,1,'2014-11-11 23:13:58'),(261,8444,NULL,167,1,'2014-11-13 17:31:28'),(262,NULL,NULL,167,1,'2014-11-16 03:32:52'),(263,NULL,NULL,167,1,'2014-11-17 15:47:48'),(264,NULL,NULL,167,1,'2014-11-18 07:41:31'),(265,NULL,NULL,167,1,'2014-11-19 05:04:22'),(266,NULL,NULL,167,1,'2014-11-19 20:40:12'),(267,NULL,NULL,167,1,'2014-11-22 03:12:26'),(268,8628,NULL,167,1,'2014-11-23 02:01:00'),(269,8654,NULL,167,1,'2014-11-23 13:48:46'),(270,8661,NULL,167,1,'2014-11-23 13:49:21'),(271,8715,NULL,167,1,'2014-11-24 15:24:18'),(272,NULL,NULL,167,1,'2014-11-27 15:16:32'),(273,8959,NULL,167,1,'2014-12-08 13:26:26'),(274,9045,NULL,167,1,'2014-12-11 11:23:26'),(275,9052,NULL,167,1,'2014-12-11 11:24:01'),(276,9106,NULL,167,1,'2014-12-11 13:01:46'),(277,9142,NULL,167,1,'2014-12-13 04:09:26'),(278,NULL,NULL,167,1,'2014-12-17 08:28:26'),(279,9198,NULL,167,1,'2014-12-17 13:50:29'),(280,9240,NULL,167,1,'2014-12-20 11:32:50'),(282,9264,NULL,167,1,'2014-12-21 15:28:38'),(283,9321,NULL,167,1,'2014-12-24 12:02:24'),(285,9704,NULL,167,1,'2015-01-03 03:37:58'),(286,9761,NULL,167,1,'2015-01-03 03:39:23'),(287,9932,NULL,167,1,'2015-01-06 23:40:26'),(288,9939,NULL,167,1,'2015-01-06 23:41:01'),(289,10005,NULL,167,1,'2015-01-08 10:08:53'),(291,NULL,NULL,167,1,'2015-01-09 01:37:55'),(292,10035,NULL,167,1,'2015-01-09 05:39:41'),(294,10093,NULL,167,1,'2015-01-10 17:54:52'),(295,NULL,NULL,167,1,'2015-01-11 00:20:57'),(296,10108,NULL,167,1,'2015-01-11 01:15:49'),(297,NULL,NULL,167,1,'2015-01-11 21:03:04'),(298,NULL,NULL,167,1,'2015-01-12 02:05:46'),(299,NULL,NULL,167,1,'2015-01-13 00:46:23'),(300,NULL,NULL,167,1,'2015-01-13 12:09:03'),(301,10224,NULL,167,1,'2015-01-16 11:49:43'),(302,10329,NULL,167,1,'2015-01-17 19:31:22'),(303,10616,NULL,167,1,'2015-01-20 02:26:05'),(304,10765,NULL,167,1,'2015-01-22 05:31:59'),(305,10785,NULL,167,1,'2015-01-22 14:28:24'),(306,NULL,NULL,167,1,'2015-01-22 20:08:15'),(307,NULL,NULL,167,1,'2015-01-23 00:31:46'),(308,NULL,NULL,167,1,'2015-01-23 10:46:34'),(309,NULL,NULL,167,1,'2015-01-23 15:45:05'),(310,10872,NULL,167,1,'2015-01-24 10:58:22'),(311,10879,NULL,167,1,'2015-01-24 10:58:57'),(312,11286,NULL,167,1,'2015-01-29 14:27:23'),(314,NULL,NULL,167,1,'2015-01-30 23:55:53'),(315,11425,NULL,167,1,'2015-01-31 15:34:44'),(317,11757,NULL,167,1,'2015-02-10 20:01:15'),(318,11764,NULL,167,1,'2015-02-10 20:01:48'),(319,11835,NULL,167,1,'2015-02-11 22:33:13'),(320,11844,NULL,167,1,'2015-02-12 00:32:38'),(321,11991,NULL,167,1,'2015-02-15 14:24:26'),(322,12021,NULL,167,1,'2015-02-16 16:10:08'),(323,NULL,NULL,167,1,'2015-02-19 00:46:21'),(324,12447,NULL,167,1,'2015-02-27 02:19:00'),(325,12454,NULL,167,1,'2015-02-27 02:19:35'),(326,12996,NULL,167,1,'2015-03-10 13:19:27'),(327,13013,NULL,167,1,'2015-03-11 00:09:50'),(328,13030,NULL,167,1,'2015-03-11 12:32:10'),(329,13101,NULL,167,1,'2015-03-12 11:01:24'),(330,13108,NULL,167,1,'2015-03-12 11:01:59'),(331,13148,NULL,167,1,'2015-03-12 12:14:32'),(332,13496,NULL,167,1,'2015-03-17 17:23:30'),(333,13531,NULL,167,1,'2015-03-17 17:24:03'),(334,13800,NULL,167,1,'2015-03-21 07:48:57'),(335,13808,NULL,167,1,'2015-03-21 07:48:58'),(336,13867,NULL,167,1,'2015-03-21 07:49:07'),(337,13870,NULL,167,1,'2015-03-21 07:49:08'),(338,14033,NULL,167,1,'2015-03-22 10:26:59'),(339,14442,NULL,167,1,'2015-03-28 00:49:37'),(340,14449,NULL,167,1,'2015-03-28 00:50:11'),(341,14579,NULL,167,1,'2015-03-30 19:29:40');

--
-- Table structure for table `review`
--

CREATE TABLE `review` (
  `review_id` bigint(20) unsigned NOT NULL AUTO_INCREMENT COMMENT 'Review id',
  `created_at` timestamp NOT NULL DEFAULT CURRENT_TIMESTAMP ON UPDATE CURRENT_TIMESTAMP COMMENT 'Review create date',
  `entity_id` smallint(5) unsigned NOT NULL DEFAULT '0' COMMENT 'Entity id',
  `entity_pk_value` int(10) unsigned NOT NULL DEFAULT '0' COMMENT 'Product id',
  `status_id` smallint(5) unsigned NOT NULL DEFAULT '0' COMMENT 'Status code',
  PRIMARY KEY (`review_id`),
  KEY `IDX_REVIEW_ENTITY_ID` (`entity_id`),
  KEY `IDX_REVIEW_STATUS_ID` (`status_id`),
  KEY `IDX_REVIEW_ENTITY_PK_VALUE` (`entity_pk_value`),
  CONSTRAINT `FK_REVIEW_ENTITY_ID_REVIEW_ENTITY_ENTITY_ID` FOREIGN KEY (`entity_id`) REFERENCES `review_entity` (`entity_id`) ON DELETE CASCADE ON UPDATE CASCADE,
  CONSTRAINT `FK_REVIEW_STATUS_ID_REVIEW_STATUS_STATUS_ID` FOREIGN KEY (`status_id`) REFERENCES `review_status` (`status_id`) ON DELETE NO ACTION ON UPDATE NO ACTION
) ENGINE=InnoDB AUTO_INCREMENT=173 DEFAULT CHARSET=utf8 COMMENT='Review base information';

--
-- Dumping data for table `review`
--

INSERT INTO `review` VALUES (114,'2013-08-27 15:28:20',1,167,2),(115,'2013-09-24 16:37:31',1,167,2),(116,'2013-11-13 23:02:50',1,167,2),(117,'2014-02-22 22:08:19',1,167,2),(118,'2014-03-21 19:08:34',1,167,2),(119,'2014-03-21 19:08:36',1,167,2),(120,'2014-03-21 19:08:38',1,167,2),(121,'2014-03-21 19:08:39',1,167,2),(122,'2014-03-21 19:08:42',1,167,2),(123,'2014-03-28 20:14:06',1,167,2),(124,'2014-03-28 20:14:09',1,167,2),(125,'2014-03-28 20:14:11',1,167,2),(126,'2014-03-28 20:14:13',1,167,2),(127,'2014-03-28 20:14:15',1,167,2),(128,'2014-04-04 21:33:10',1,167,2),(129,'2014-04-04 21:33:14',1,167,2),(130,'2014-04-04 21:33:16',1,167,2),(131,'2014-04-04 21:33:19',1,167,2),(132,'2014-04-04 21:33:22',1,167,2),(133,'2014-04-11 04:39:53',1,167,2),(134,'2014-04-11 04:39:55',1,167,2),(135,'2014-04-11 04:39:57',1,167,2),(136,'2014-04-11 04:39:59',1,167,2),(137,'2014-04-11 04:40:01',1,167,2),(138,'2014-04-11 09:00:33',1,167,2),(139,'2014-04-11 09:00:39',1,167,2),(140,'2014-04-11 09:00:41',1,167,2),(141,'2014-04-11 09:00:44',1,167,2),(142,'2014-04-11 09:00:47',1,167,2),(143,'2014-04-11 19:14:38',1,167,2),(144,'2014-04-11 19:14:40',1,167,2),(145,'2014-04-11 19:14:42',1,167,2),(146,'2014-04-11 19:14:43',1,167,2),(147,'2014-04-11 19:14:45',1,167,2),(148,'2014-04-12 09:09:14',1,167,2),(149,'2014-04-12 09:09:19',1,167,2),(150,'2014-04-12 09:09:20',1,167,2),(151,'2014-04-12 09:09:23',1,167,2),(152,'2014-04-12 09:09:25',1,167,2),(153,'2014-04-12 21:37:44',1,167,2),(154,'2014-04-12 21:37:46',1,167,2),(155,'2014-04-12 21:37:47',1,167,2),(156,'2014-04-12 21:37:49',1,167,2),(157,'2014-04-12 21:37:50',1,167,2),(158,'2014-04-12 22:08:54',1,167,2),(159,'2014-04-12 22:08:55',1,167,2),(160,'2014-04-12 22:08:56',1,167,2),(161,'2014-04-12 22:08:57',1,167,2),(162,'2014-04-12 22:08:58',1,167,2),(163,'2014-04-13 09:59:42',1,167,2),(164,'2014-04-13 09:59:58',1,167,2),(165,'2014-04-13 10:00:00',1,167,2),(166,'2014-04-13 10:00:02',1,167,2),(167,'2014-04-13 10:00:15',1,167,2),(168,'2014-04-27 14:40:26',1,167,2),(169,'2014-04-27 14:40:28',1,167,2),(170,'2014-04-27 14:40:29',1,167,2),(171,'2014-04-27 14:40:31',1,167,2),(172,'2014-04-27 14:40:33',1,167,2);

--
-- Table structure for table `review_detail`
--

CREATE TABLE `review_detail` (
  `detail_id` bigint(20) unsigned NOT NULL AUTO_INCREMENT COMMENT 'Review detail id',
  `review_id` bigint(20) unsigned NOT NULL DEFAULT '0' COMMENT 'Review id',
  `store_id` smallint(5) unsigned DEFAULT '0' COMMENT 'Store id',
  `title` varchar(255) NOT NULL COMMENT 'Title',
  `detail` text NOT NULL COMMENT 'Detail description',
  `nickname` varchar(128) NOT NULL COMMENT 'User nickname',
  `customer_id` int(10) unsigned DEFAULT NULL COMMENT 'Customer Id',
  PRIMARY KEY (`detail_id`),
  KEY `IDX_REVIEW_DETAIL_REVIEW_ID` (`review_id`),
  KEY `IDX_REVIEW_DETAIL_STORE_ID` (`store_id`),
  KEY `IDX_REVIEW_DETAIL_CUSTOMER_ID` (`customer_id`),
  CONSTRAINT `FK_REVIEW_DETAIL_CUSTOMER_ID_CUSTOMER_ENTITY_ENTITY_ID` FOREIGN KEY (`customer_id`) REFERENCES `customer_entity` (`entity_id`) ON DELETE SET NULL ON UPDATE CASCADE,
  CONSTRAINT `FK_REVIEW_DETAIL_REVIEW_ID_REVIEW_REVIEW_ID` FOREIGN KEY (`review_id`) REFERENCES `review` (`review_id`) ON DELETE CASCADE ON UPDATE CASCADE,
  CONSTRAINT `FK_REVIEW_DETAIL_STORE_ID_CORE_STORE_STORE_ID` FOREIGN KEY (`store_id`) REFERENCES `core_store` (`store_id`) ON DELETE SET NULL ON UPDATE CASCADE
) ENGINE=InnoDB AUTO_INCREMENT=173 DEFAULT CHARSET=utf8 COMMENT='Review detail information';

--
-- Dumping data for table `review_detail`
--

INSERT INTO `review_detail` VALUES (114,114,1,'Very good product but...','I\'m little bit angry, because i bought it here, and today i found it cheaper here: http://tiny.cc/r2og2w','ArkadioMorales',NULL),(115,115,1,'I\'m not satisfied','I bought it here, and today i found better deal here: http://topamshop.com','GarryV',NULL),(116,116,1,'It was hard to find this product in google','This product is very good but it was hard to find it in google, i found it on 20 spot. You should add some social bookmarks and your website will hit google top10 very soon, then your traffic and sales will double or even triple. Search in google for - Insane google ranking boost - it helped my sites to rank','MikeT',NULL),(117,117,1,'tYANpfjWZa','TTqXZq http://www.MHyzKpN7h4ERauvS72jUbdI0HeKxuZom.com','patrik',NULL),(118,118,1,'cimQZLZyvozy','I can\'t get through at the moment <a href=\" http://www.e-studio.ch/services/sites-internet \">retin a micro for acne scars</a>  Recipient No Auth field is in addition to an entry in the\n <a href=\" http://1chancerylane.co.uk/about-us/ \">accutane online india</a>  455 Prescription/Service N 1 variable R 1 = RX Billing.\n <a href=\" http://www.kariera.aimtec.cz/programator-analytik \">cheap lexapro generic</a>  mechanism through which the School\'s professional and continuing education programs can be\n <a href=\" http://www.salelinks.net/pr-domains \">tablet cefixime</a>  B) Covered for outpatients, when used as less costly alternatives to prescription\n ','Juan',NULL),(119,119,1,'tlXDnSSzmBoYbuXf','Have you read any good books lately? <a href=\" http://www.highhouseproductionpark.co.uk/contact-us \">50mg topamax weight loss</a>  United States. We lost a student briefly, thinking he had not returned from a Kilimanjaro climb.\n <a href=\" http://www.all-tech-mechanical.com/cooling-services/ \">clomiphene citrate tablets</a>  4. It will take immediate action to correct a situation where a student\'s actions endanger patient\n <a href=\" http://www.salelinks.net/pr-domains \">suprax 100 mg</a>  some tasks to best some tasks to best Occasionally aware of most tasks to best all tasks to best\n ','Lillian',NULL),(120,120,1,'XPUZfNTpCBGbANpFBn','I love the theatre <a href=\" http://www.highhouseproductionpark.co.uk/contact-us \">50 mg topamax birth control</a>  includes a focus on rapid scale up of treatment services. 3 Demonstrating models of\n <a href=\" http://www.cleansingwithfood.com/store/ \">methotrexate tablet</a>  mechanism through which the School\'s professional and continuing education programs can be\n <a href=\" http://www.salelinks.net/pr-domains \">suprax generation</a>  (registration dates should accompany this\n ','Emma',NULL),(121,121,1,'mEjIqCKogA','Will I get paid for overtime? <a href=\" http://www.e-studio.ch/services/sites-internet \">buying retin a in mexico</a>  Accurately obtain all required information when filling and/or refilling prescriptions\n <a href=\" http://1chancerylane.co.uk/about-us/ \">cheapest place get accutane</a>  017 Family Health Plus Services Only\n <a href=\" http://www.eastwest.nu/geldleihen-9672/ \">how to wean off effexor 75mg</a>  care training programs at Indiana. Residents consistently describe the experience in\n ','Matthew',NULL),(122,122,1,'VRtmtHoaXmULn','Recorded Delivery <a href=\" http://www.ideahotel.es/about/ \">trazodone 50 mg for sleep</a>  to meet standard´ on competen cy.\n <a href=\" http://www.insolvencni-spravce.com/clanky/16_aktuality/ \">25 mg seroquel xr</a>  Son of Woman by Charles Mangua\n <a href=\" http://www.eastwest.nu/geldleihen-9672/ \">there generic form effexor xr</a>  Under co-payment prescriptions must be added to the Prescription Record Card as a\n <a href=\" http://www.cleansingwithfood.com/store/ \">methotrexate methotrexate</a>  common ground in shared values and goals.\n ','Brooke',NULL),(123,123,1,'sWPExPXeAzSlCTtT','No, I\'m not particularly sporty <a href=\" http://www.smartpraxis.com/index.php/beneficios/ \">vermox suspension</a>  Pharmacists are health professionals who assist individuals in making the best use of medications. This Code,\n <a href=\" http://www.cbar.org.br/12congresso/ \">order wellbutrin no prescription</a>  Bring down the top and seal all open sides with a paste made of flour and water. You should end up with\n <a href=\" http://www.commissioningtogether.org.uk/useful-links/ \">can buy ventolin over counter uk</a>  Board of Pharmacy experience requirement (1500 hours) to sit for the licensure examination.\n <a href=\" http://hasebikes.com/28-0-Links.html \">abilify coupons printable</a>  care sites, independent pharmacies and small hospitals where the clinical pharmacists play an\n ','Brody',NULL),(124,124,1,'XARhUVpvytOlqzj','Can you put it on the scales, please? <a href=\" http://www.cbar.org.br/12congresso/ \">generic wellbutrin sr complaints</a>  code UG to opt out of the program. This will allow the claim to be processed; however, since the cardholder has opted out of\n <a href=\" http://www.titanroofingandcontracting.com/about-us/ \">robaxin 5 mg</a>  from the wall outlet before cleaning.manufacturer\'s instructions have been\n <a href=\" http://www.jselabs.com/aboutpb.php \">desyrel trazodone</a>  Describes the leadership style(s) utilized by managers and supervisors. Meets Partially Does Not\n <a href=\" http://www.marcata.net/walkmen/ \">albendazole 400 mg tablet</a>  What level of education, training and skills do these\n ','Leslie',NULL),(125,125,1,'bYYdOXhFbs','Could you transfer $1000 from my current account to my deposit account? <a href=\" http://www.cbar.org.br/12congresso/ \">fda pulls one generic form of wellbutrin off the market</a>  implemented on June 1, 1994 and is currently being administered by the eMedNY\n <a href=\" http://www.titanroofingandcontracting.com/about-us/ \">robaxin 500 mg muscle relaxer</a>  Preceptor and Other tone, slang or provides correct Maintains a good easily provide or interactions; uses\n <a href=\" http://hasebikes.com/28-0-Links.html \">much does abilify cost canada</a>  (medication and/or non-interviews and complete /\n <a href=\" http://udidregistrations.com/terms \">use of paroxetine</a>  Route of Administration Problem\n ','getjoy',NULL),(126,126,1,'YKJjpedPEAsjMjB','Go travelling <a href=\" http://www.cbar.org.br/12congresso/ \">25 mg of zoloft and 150 mg of wellbutrin</a>  by the pharmacy for a period corresponding to the state pharmacy laws in which the\n <a href=\" http://www.titanroofingandcontracting.com/about-us/ \">buy robaxin</a>  The appropriate suffix is determined by the prescription. If the prescription is for a single\n <a href=\" http://hasebikes.com/28-0-Links.html \">abilify online canada</a>  How to Report Suspected Fraud or Abuse .23\n <a href=\" http://www.marcata.net/walkmen/ \">zentel 200 mg albendazole</a>  poster. Clinical student scholars are highly encouraged to submit their work as a poster\n ','Alexander',NULL),(127,127,1,'YbNandpdkTJfOYQXrg','The line\'s engaged <a href=\" http://www.titanroofingandcontracting.com/about-us/ \">iv robaxin</a>  Kenyan medical students to take two-month clinical electives in the US. Currently,\n <a href=\" http://www.redplanetmusic.ch/accueil/ \">can you purchase diflucan over counter</a>  Members of the PSHCP will have a Carrier Code of 12 on their pay-direct drug cards. Examples of the cards can be found on\n <a href=\" http://hasebikes.com/28-0-Links.html \">abilify without rx</a>  1.2. Identify and prioritize medication-related problems\n <a href=\" http://www.jselabs.com/aboutpb.php \">desyrel hcl</a>  cardholder, you will be asked to provide the following information:\n ','Benjamin',NULL),(128,128,1,'QpGmkbBYQPCz','I like watching football <a href=\" http://www.wcg.pe/amoxil/ \">amoxil order</a>  406 Compound Code N 1 variable R Acceptable values are:\n <a href=\" http://www.wcg.pe/prevacid/ \">cheap prevacid</a>  FTP access is obtained through an enrollment process. To obtain a user name and\n <a href=\" http://www.wcg.pe/voltaren/ \">voltaren gel coupon</a>  coronary and other atherosclerotic vascular disease. Pharmacists Letter 2006 June. Detail No.:\n ','Madelyn',NULL),(129,129,1,'bZOoteMfiRmqrFD','I\'ll put her on <a href=\" http://www.wcg.pe/methotrexate/ \">methotrexate brand</a>  b. The pharmacist can reasonably assume that the last preceding supply has been\n <a href=\" http://www.wcg.pe/flomax/ \">what is flomax</a>  Considers drug and non-drug therapy\n <a href=\" http://www.wcg.pe/cytotec/ \">cytotec cheap</a>  adjustment of other controlsCAUTION:\n <a href=\" http://www.wcg.pe/lisinopril/ \">lisinopril 10 mg tablet</a>  GENERAL SKILLS 4 3 2 1 N/A\n ','Nevaeh',NULL),(130,130,1,'TtsazIoREwJGfTDupCX','How do you know each other? <a href=\" http://www.wcg.pe/ibuprofen/ \">what is the dosage for ibuprofen</a>  clearly identify the contents of this additional message.\n <a href=\" http://www.wcg.pe/flomax/ \">flomax 4 mg</a>  once the order is deemed appropriate.\n <a href=\" http://www.wcg.pe/prevacid/ \">prevacid odt</a>  C. Medical Notes (e.g.\n ','Nicholas',NULL),(131,131,1,'xrbBKuauEIxI','Best Site Good Work <a href=\" http://www.wcg.pe/proventil/ \">proventil online</a>  Check the following items. If any abnormality is found, consult the seller or our branch/office\n <a href=\" http://www.wcg.pe/flomax/ \">tamsulosin price</a>  Use this product under the rated electrical conditions.\n <a href=\" http://www.wcg.pe/amoxil/ \">amoxil buy</a>  district may issue a Temporary Medicaid Authorization pending the client receipt of a\n <a href=\" http://www.wcg.pe/cytotec/ \">cost of cytotec</a>  attendance during rotation. At the discretion of the preceptor, an excused absence during one\n ','coolman',NULL),(132,132,1,'WLqZHwioJPst','A few months <a href=\" http://www.wcg.pe/cleocin/ \">cleocin solution</a>  Maximum Quantity Plan Limitations (100 Tablets) numeric field, which contains 3\n <a href=\" http://www.wcg.pe/flomax/ \">flomax coupons</a>  State how they will be sent e.g. fax/email.\n <a href=\" http://www.wcg.pe/prevacid/ \">prevacid generic name</a>  436 Product/Service ID A/N 2 variable R Use this field to identify the\n ','Genesis',NULL),(133,133,1,'WsQGhhuOKprmzMU','A few months <a href=\" http://www.porschekortet.se/om-porschekortet/fordelar \">doxycycline 20 mg</a>  to embed this assessment into the Pharmacotherapy Skills Lab in the new\n <a href=\" http://www.hi-techblog.it/chi-siamo/ \">phenergan 25mg</a>  process for the PY4 year is similar to the process used for regional placement for IPPEs in the first\n <a href=\" http://campeonissimo.net/denis/ \">buy premarin online</a>  Medicaid ID. On September 1,\n ','Megan',NULL),(134,134,1,'nPDebWhdavqMatZSNZ','Could you ask her to call me? <a href=\" http://www.litci.org/inicio/mujeres \">propecia cost without insurance</a>  members, other healthcare providers, and decision makers. Thus, it is important that you begin to understand\n <a href=\" http://www.e-brane.com/servicos/ \">dapoxetine in canada</a>  can be found on the recipient\'s\n <a href=\" http://www.acrissul.com.br/noticias \">fluticasone online</a>  a. Appropriateness/effectiveness (indication for drug therapy, optimal drug selection,\n <a href=\" http://campeonissimo.net/denis/ \">generic premarin</a>  problems or irregularities, they are covered from 10-30 % depending on the category (for\n ','Andrew',NULL),(135,135,1,'aWQPCfeulWdsOxko','I\'d like to send this parcel to  <a href=\" http://concatenum.com/temas/tecnologia/ \">prevacid naprapac 500</a>  9 through 11 = zeroes when 461-EU contains µ01. Or enter the full 11 digit prior\n <a href=\" http://www.hi-techblog.it/chi-siamo/ \">buy cheap promethazine</a>  approved for payment. (C - capture (field\n <a href=\" http://soappresentations.com/products/ \">purchase stendra online</a>  Please use the following standard NCPDP standard codes for submitting secondary\n <a href=\" http://campeonissimo.net/denis/ \">order premarin</a>  Page 12 of 111\n ','Megan',NULL),(136,136,1,'HydykztAeEitCH','The United States <a href=\" http://concatenum.com/temas/tecnologia/ \">lansoprazole 15 mg</a>  responsibility for responsibility for full responsibility for responsibility for responsibility for\n <a href=\" http://www.villasilvia.com/laboratorio-analisi \">buy prednisone online</a>  Code in field positions 1-3. Zeros in\n <a href=\" http://www.e-brane.com/servicos/ \">dapoxetine 30mg</a>  clinical information and data; document and manage patient care and practice; manage safe\n <a href=\" http://www.acrissul.com.br/noticias \">cheap fluticasone</a>  govern the performance of all academic work and student conduct at the\n ','Mackenzie',NULL),(137,137,1,'QIroEqhnPpAiEtj','What do you study? <a href=\" http://www.puntocomsistemas.es/tpv-toledo-ayd \">where to buy estradiol</a>  or the field was the wrong size. The E6 code indicates there is a problem with the\n <a href=\" http://www.villasilvia.com/laboratorio-analisi \">order prednisone</a>  the primary literature (scientific, professional organizations, preceptors format\n <a href=\" http://www.porschekortet.se/om-porschekortet/fordelar \">doxycycline hyclate 100 mg</a>  must be on the prescription when it is presented to you for dispensing. Prescriptions submitted for\n <a href=\" http://campeonissimo.net/denis/ \">premarin online</a>  a central role in adherence counseling.\n ','Aaliyah',NULL),(138,138,1,'lUYnLzbYpGTMEP','I\'ve been cut off <a href=\" http://www.pinballvalencia.com/evento-futuro-6o-torneo-de-pinballs-de-silla/ \">buy medroxyprogesterone online</a>  the same tasks in the same time frame;\n <a href=\" http://feirametalmecanica.com.br/sobre-a-feira/ \">generic montelukast</a>  720 Days Supply is Less than the 19 M/I Days Supply\n <a href=\" http://vertest.com.au/index.php/employment \">buy rogaine foam in stores</a>  https://travelregistration.state.gov. By registering, American citizens make it easier for\n ','Melissa',NULL),(139,139,1,'PGceQIlmCuwbAqt','I can\'t get a signal <a href=\" http://feirametalmecanica.com.br/sobre-a-feira/ \">buy cheap montelukast</a>  309 Claim Type Unequal to Prior Approval Record Class\n <a href=\" http://www.qzland.com/a/shichangfenxi/ \">how much does synthroid cost</a>  attitudes or behaviors have you observed in this setting submitted by 6:00 pm on\n <a href=\" http://www.leidenlokaal.nl/ll2012/wordpress/introweekblog/ \">order prozac online canada</a>  ( including chief complaint, history of present illness, family history, social history, medical history, medication review, and, where appropriate, physical\n <a href=\" http://www.englishcoursesengland.net/courses-to-learn-english-in-england \">buy cheap ivermectin</a>  others as a member or leader money available to\n ','Samuel',NULL),(140,140,1,'gFSDMyLVfjKlHwCXcDp','Children with disabilities <a href=\" http://cursosinglesdublin.com/academia-ingles-dublin/ \">suprax tablets</a>  i. Currently malnourished: A Subjective Global Assessment\n <a href=\" http://www.leidenlokaal.nl/ll2012/wordpress/introweekblog/ \">prozac discount card</a>  Video cable (RCA pin connector) (3 m)1\n <a href=\" http://vertest.com.au/index.php/employment \">rogaine foam price india</a>  found at www.emedny.org by clicking: General Policy.\n ','Gabrielle',NULL),(141,141,1,'RMSyoTXsNVqAgsxdbOg','I like watching TV <a href=\" http://cursosinglesdublin.com/academia-ingles-dublin/ \">cefixime trihydrate</a>  Program Secretary 1001 W. 10 St F: 317-613-2316\n <a href=\" http://www.qzland.com/a/shichangfenxi/ \">synthroid 10 mg</a>  A High Use Health Card is issued to an individual and not a family.\n <a href=\" http://www.leidenlokaal.nl/ll2012/wordpress/introweekblog/ \">prozac prices australia</a>  Providers can request other sort patterns that may better suit their accounting systems.\n <a href=\" http://www.parquet.com.au/index.php/contact-us \">generic proventil</a>  The pharmacy practice experiences must integrate, apply, reinforce, and advance the\n ','William',NULL),(142,142,1,'QYWRbEuWNHXI','Do you know each other?  <a href=\" http://peepshowstories.com \">no prescription orlistat</a>  faculty members will monitor students achievement of the competencies and ability outcomes of\n <a href=\" http://www.qzland.com/a/shichangfenxi/ \">synthroid cost without insurance</a>  Outcome(s) Objective Course Outcome/Objective (The following\n <a href=\" http://www.parquet.com.au/index.php/contact-us \">generic albuterol</a>  Appropriately and accurately responds to drug information requests.\n <a href=\" http://vertest.com.au/index.php/employment \">cheap rogaine for men uk</a>  Section 10 - e-Sampling Program\n ','crazyivan',NULL),(143,143,1,'XorfBgcjgqxcZNW','Will I have to work shifts? <a href=\" http://pinellasanimalfoundation.org/prozac/ \">prozac generic</a>  toward completing the skills checklist.\n <a href=\" http://www.ashmorerealty.com/imitrex/ \">order imitrex</a>  (This is subject to changes based on IU meal costs, costs associated with\n <a href=\" http://www.jammu-kashmir.com/wellbutrin/ \">order wellbutrin no prescription</a>  initiative and leadership medications Apply knowledge of drug\n <a href=\" http://www.newenergyresearch.net/zithromax/ \">purchase zithromax online</a>  2 9-10 Utilization Threshold/Post &\n ','friend35',NULL),(144,144,1,'dXTMdmKvIDLPB','Hello good day <a href=\" http://www.westerncasewriters.org/zoloft/ \">cheap zoloft</a>  company and a transaction is sent using\n <a href=\" http://www.sarahjmiller.com/neurontin/ \">neurontin online pharmacy</a>  reduced fee services at the University Campus Health Service. However, students should be\n <a href=\" http://www.jammu-kashmir.com/wellbutrin/ \">buy generic wellbutrin</a>  be used in the Submission Clarification Code field if requesting a UT override.\n <a href=\" http://mba4phd.com/effexor/ \">effexor 37.5 mg</a>  Paper Remittance Advice. 30\n ','Maria',NULL),(145,145,1,'mexAOIOMboGH','Hold the line, please <a href=\" http://www.cathysavels.com/clomipramine/ \">cheap clomipramine</a>  Scholars Programs and their affiliated institutions. IRB review, however, is not a\n <a href=\" http://www.jammu-kashmir.com/wellbutrin/ \">buy generic wellbutrin</a>  required to have a PPD rechecked 3 months after return.\n <a href=\" http://cornerstar.com/kamagra/ \">buy cheap kamagra</a>  0 Alcoholic beverages .\n ','Michael',NULL),(146,146,1,'aVsFbiAIvFZrsIpAj','What sort of work do you do? <a href=\" http://www.cathysavels.com/clomipramine/ \">clomipramine hydrochloride</a>  Reject Codes (up to 10)\n <a href=\" http://mba4phd.com/effexor/ \">buy effexor xr</a>  commonly made during medical rounds or other meetings in which clinicians need to share\n <a href=\" http://cornerstar.com/kamagra/ \">kamagra jelly cheap</a>  email accounts will not be accepted.\n ','Zoey',NULL),(147,147,1,'jEgsrvIAqupylT','It\'s OK <a href=\" http://tev.net/minoxidil/ \">generic minoxidil</a>  8. Review prescriptions and medication orders for accuracy and appropriateness\n <a href=\" http://behavioralecology.com/elavil/ \">elavil online pharmacy</a>  Red Sea. This supersedes the Public Announcement of January 4, 2007.\n <a href=\" http://www.cathysavels.com/clomipramine/ \">cost clomipramine</a>  Students who fail an APPE rotation will be required to repeat and pass that\n <a href=\" http://www.sarahjmiller.com/neurontin/ \">neurontin gabapentin</a>  Pharmacy Audits by PharmDUR\n ','Kyle',NULL),(148,148,1,'NdyqIjFasjCBMGq','Could I make an appointment to see ? <a href=\" http://www.pulselearning.com/company/careers/ \">retin a 0.025 acne</a>  Effectively and actively participates in groups and with individuals\n <a href=\" http://marketingsharpnesstest.com/testimonials/ \">cost of wellbutrin sr without insurance</a>  a group of drugs for a specific cardholder. Other family members and employees at that\n <a href=\" http://opposehr1161.com/what-others-are-saying \">1000 mg of amoxicillin</a>  5. Provide concise, applicable, and timely responses to requests for drug information from\n ','Sarah',NULL),(149,149,1,'txkPmUYZuDIjeaIst','How much will it cost to send this letter to ? <a href=\" http://www.pulselearning.com/company/careers/ \">retin-a prescription strengths</a>  dispensed drug, only an 11 digit\n <a href=\" http://www.mibisunset.com/office/curriculum \">buy spironolactone</a>  supplies that are only billable under Category of Service\n <a href=\" http://www.mobiledentandpaintrepair.com/our-commercials/ \">dose ibuprofen</a>  scheduled in early November and the UNC Eshelman School of Pharmacy Student\n ','Hunter',NULL),(150,150,1,'tkHibzdzEPY','Pleased to meet you <a href=\" http://www.chicago86.org/feedback.html \">buy cheap domperidone</a>  Chapter SubjectPage Revision Dat e\n <a href=\" http://marketingsharpnesstest.com/testimonials/ \">450 mg wellbutrin xl too much</a>  receipt of a valid application at Sector Services. If prescriptions are presented prior to\n <a href=\" http://opposehr1161.com/what-others-are-saying \">amoxicillin purchase online</a>  Attend other meetings with the pharmacy director or his designee as\n <a href=\" http://fanfusion.org/apply/ \">cheap kamagra fast</a>  read before the appliance isrecommended by the manufacturer.\n ','Logan',NULL),(151,151,1,'PtpJaYxDcNUidjVWj','Could I have , please? <a href=\" http://www.bioextratus.com.br/produtos \">propranolol hydrochloride 10mg</a>  learning. Never learning. Rarely Occasionally own learning. Usually learning. Always\n <a href=\" http://www.cogniteq.com/news/2011 \">ibuprofen motrin</a>  participate confrontation participates if directed player assertive\n <a href=\" http://www.mobiledentandpaintrepair.com/our-commercials/ \">200 mg ibuprofen</a>   Dispensing date - per item\n <a href=\" http://www.ten-percent.co.uk/career-coaching \">fluconazole mg</a>  ability to retrieve patient data, perform basic disease assessment, and prioritizing patient\n ','Samantha',NULL),(152,152,1,'kXkDtjlONVFSlY','Sorry, I ran out of credit <a href=\" http://www.pulselearning.com/company/careers/ \">can i buy retin a over the counter in canada</a>  23. Services or treatment in a long term care facility rehabilitation centre, spa, hydro, rest care ,\n <a href=\" http://www.mobiledentandpaintrepair.com/our-commercials/ \">where to buy ibuprofen</a>  A: If you have any questions regarding your software, refer them to your software\n <a href=\" http://fanfusion.org/apply/ \">kamagra 50 gel oral</a>  (1 alpha, 4 numeric) found in the MMIS Pharmacy Provider Manual in sections 4.2\n ','Tommy',NULL),(153,153,1,'RZGCPtijSVYqZ','What\'s your number? <a href=\" http://www.danieldavis.com/parametricmodel-com/ \">alli orlistat 60 mg 150 capsules</a>  therapies and reasons for selecting this particular course of treatment, expected outcomes, proper dosing,\n <a href=\" http://birgitengelhardt.de/impressum/ \">cytotec 400 mg</a>  access to computer systems) while maintaining confidentiality.\n <a href=\" http://www.mauricecarlin.com/cv/ \">price accutane without insurance canada</a>  Ad irected teaching and learning experience whereby the student applies the knowledge\n <a href=\" http://www.gingliders.com/flygin/ \">zoloft trouble sleeping</a>  by availability, program requirements and available resources. Students will be asked to\n ','Haley',NULL),(154,154,1,'OnzPRHGjtPztpY','Which year are you in? <a href=\" http://www.buchstartclub.ch/jury \">prozac joint pain</a>  social justice and equality in your practice.\n <a href=\" http://www.gingliders.com/flygin/ \">zoloft good ocd anxiety</a>  Field 431-DV = and a maximum of 20% Coinsurance\n <a href=\" http://senditforward.net/dear-ellen/ \">cipro ciprofloxacin</a>  MEVS Denial Code The MEVS Denial Code returned within the Additional\n ','Hannah',NULL),(155,155,1,'kssZbnmBvWXkEJwEL','I\'d like to cancel this standing order <a href=\" http://www.buchstartclub.ch/jury \">order generic prozac online</a>  Water and Moisture Ð Do not useintended to operate from battery\n <a href=\" http://raventosrosell.com/portfolio/cava/ \">betnovate c skin cream</a>  prescription (claim) response status code. Each prescription (claim) in the transaction will\n <a href=\" http://birgitengelhardt.de/impressum/ \">cytotec 200 microgram tablets</a>  common acute and chronic disease states encountered in the inpatient care setting.\n <a href=\" http://www.gingliders.com/flygin/ \">zoloft price per pill</a>  If you simply do not want to do your wash, you can arrange with Margaret, Lucy, or Janet to have it done at\n ','Austin',NULL),(156,156,1,'FVosxLTrDRAtCQoEVOy','Jonny was here <a href=\" http://www.danieldavis.com/parametricmodel-com/ \">cheap orlistat uk</a>  patients may visit several healthcare professionals for different problems and these prescribers may not always be aware of all\n <a href=\" http://www.cottages-with-a-view.co.uk/croft-cottage/ \">suprax injections</a>  claim lines for each of the billed\n <a href=\" http://senditforward.net/dear-ellen/ \">cipro online pharmacy</a>  services coding and billing for\n ','Curt',NULL),(157,157,1,'RHuXgrTlnrpCdULwZ','Looking for a job <a href=\" http://www.danieldavis.com/parametricmodel-com/ \">xenical mechanism of action</a>  All of the Table 7 codes are denial codes. Their presence in your response means that the\n <a href=\" http://raventosrosell.com/portfolio/cava/ \">betamethasone dipropionate cream usp</a>  medication or change in therapy guidelines and present to pharmacy staff.\n <a href=\" http://www.mauricecarlin.com/cv/ \">10mg of accutane per day</a>  TCN entered in this field.\n <a href=\" http://www.gingliders.com/flygin/ \">zoloft sale no prescription</a>  Wednesday when the hours are 9.30am - 5.00pm.\n ','lightsoul',NULL),(158,158,1,'ebRhFPsuYZ','Directory enquiries <a href=\" http://inspiredstructures.com/services/ \">doxycycline 100mg acne</a>  The pharmacy may fax a prior authorization form to PerformRx for review; however,\n <a href=\" http://fanfaremedia.co.uk/about/ \">metronidazole online pharmacy</a>  numeric entry is acceptable.\n <a href=\" http://www.penguinworld.com/profpenguin/ \">propecia cost without insurance</a>  to one edge. Roll up dough into a cone, press both ends in, and make a ball again. Repeat that process\n ','Dylan',NULL),(159,159,1,'KFpZStmvhyHylG','Sorry, I ran out of credit <a href=\" http://www.chartierscc.com/dining/ \">albuterol hfa</a>  Center is completed. This will be Kenyaâs only facility dedicated to patient care,\n <a href=\" http://fanfaremedia.co.uk/about/ \">flagyl 40mg /ml</a>  Rarely respects the culture of others. Usually respects the\n <a href=\" http://iomhockfest.com/next-year/ \">buy cheap cipro</a>  A few other helpful hints weâve figured out in our time here as well.\n ','Kimberly',NULL),(160,160,1,'rJWdLJzpjJyoZnkrS','I enjoy travelling <a href=\" http://iskeroon.com/guide-books/ \">finpecia hair loss</a>  If you need to reverse a previously paid ECCA, paper or electronic batch claim online, you\n <a href=\" http://www.mburtonphoto.com/about/ \">buy metformin online</a>  Change in legal name (see Instruction C)\n <a href=\" http://www.hbfha.com/web/105.html \">generic propranolol er</a>  completed this requirement within the prior twelve months. Without such documentation, students\n <a href=\" http://makemistakes.us/mixes-2/ \">order spironolactone online</a>  Standards 2007. There are many challenges for us in Standards 2007, particularly those that pertain to\n ','Kimberly',NULL),(161,161,1,'oowtfGHEsBDX','Other amount <a href=\" http://iskeroon.com/guide-books/ \">order finasteride online</a>  Version 2009 - 1 (10/01/09) Page 9 of 54\n <a href=\" http://www.chartierscc.com/dining/ \">proventil atrovent</a>  Use of the correct relationship code with the wrong date of birth (DOB) will result in the rejection of the claim. This also applies\n <a href=\" http://inspiredstructures.com/services/ \">doxycycline cheap</a>  payer would pay, as private insurance is intended to supplement coverage.\n <a href=\" http://opleiding-fotografie.be/artikel/marketingtips-voor-fotografen/ \">zyban cst</a>  adequate opportunities to develop, hone and demonstrate competence in practice functions\n ','goodboy',NULL),(162,162,1,'hEWivDSzKvBVEAFh','The United States <a href=\" http://www.chartierscc.com/dining/ \">albuterol 5 mg</a>  and self-directed learning skills · Act professionally and\n <a href=\" http://fanfaremedia.co.uk/about/ \">flagyl generic for</a>  Pharmacies that choose to submit claims on paper forms must use the New York State eMedNY-000301 claim form.\n <a href=\" http://www.mburtonphoto.com/about/ \">glucophage 850 mg</a>  including, but not limited to, · Describe the process develop a service to aid in screening and referral necessary to develop a disease state management\n ','Genesis',NULL),(163,163,1,'AnFfuaDeKXOb','How many would you like? <a href=\" http://www.foundsomerville.com/about.html \">imitrex cheap free</a>  academic medical centers across the developing world. To a large extent they were\n <a href=\" https://www.freshspring.co.uk/accessibility/ \">prescriptin zyban</a>  4-6 month before Arrange for evacuation insurance\n <a href=\" http://www.tigerchick.com/price \">anyone purchase clomid online</a>  Beclomethasone inhaler 100mcg/dose 4 puffs bd increasing to 8 puffs bd prn\n ','Aaliyah',NULL),(164,164,1,'nghkpbzyBJQM','Could you please repeat that? <a href=\" http://www.statelyway.com/garbage \">phenergan 10 mg</a>  abbreviated seminar evaluation form. Students are evaluated by a team of three faculty evaluators\n <a href=\" http://safarirvpark.com/houston-area-attractions/ \">nolvadex 20mg or 40mg</a>  qualified pharmacist preceptors licensed in the United States.\n <a href=\" https://www.freshspring.co.uk/accessibility/ \">zyban mechanism f actin</a>  formal training in health care research. They are already active in ongoing\n ','Bob',NULL),(165,165,1,'oBmZNVAulZ','I\'m not sure <a href=\" http://www.scbat.org/about/ \">much does abilify cost canada</a>  here with an additional handout or Blackboard posting provided for detailed assignment instructions]\n <a href=\" http://safarirvpark.com/houston-area-attractions/ \">tamoxifeno 20mg/dia</a>  predisposed in any way and how would such an adverse event affect this particular patient?\n <a href=\" https://www.freshspring.co.uk/accessibility/ \">zybanï¿¾ (buprpin hydrchlride) sustained-release tablets</a>  category A VIP or A V 30 %, category A 25 %, category B 20 %, category C 15 % and category D\n ','Elijah',NULL),(166,166,1,'EdntlFLBFc','I\'m on holiday <a href=\" http://www.statelyway.com/garbage \">phenergan with codeine</a>  Attachments Ð Do not use\n <a href=\" http://www.scbat.org/about/ \">abilify 10 mg tablets</a>  Smith J, Canton EM. Weight-based administration of dalteparin in obese patients. Am J Health-Syst\n <a href=\" https://www.freshspring.co.uk/accessibility/ \">buy zyban nline uk</a>  Franklin, Granville, Johnston, Lee, Person, Vance, Wake, and Warren. The mission of the Wake\n <a href=\" http://www.tigerchick.com/price \">mg clomid should take</a>  July 2010 3.2.11 Variable 5.1 Request Format\n ','Madison',NULL),(167,167,1,'fwpwaTCdbjBbgcdBpxZ','I support Manchester United <a href=\" http://www.icelandsafari.com/index.php/tour-obtions/is-08-south-coast-nature-tour \">flagyl 400</a>  each individual ingredient will be populated in the Plan Ingredient Cost. If the sum of\n <a href=\" http://safarirvpark.com/houston-area-attractions/ \">tamoxifen 40 mg preis</a>  population, AmeriHealth Mercy\'s core products include management and administrative\n <a href=\" https://www.freshspring.co.uk/accessibility/ \">d yu need prescriptin zyban</a>  Students will be required to maintain a self reflective diary of all services learning\n ','Autumn',NULL),(168,168,1,'NiNNdrjJaRRJvPS','How do you spell that? <a href=\" http://www.rjackbalthazar.com/about-us.html \">clotrimazole and betamethasone dipropionate lotion</a>  official and private interests. Examples of such targets include high-profile sporting\n <a href=\" http://www.justcuckoos.co.uk/install/ \">mebendazole vermox</a>  443 Other Payer Date N 8 variable O Enter the date the payment was\n <a href=\" http://eastcountyins.com/about-us/ \">zithromax z</a>  displayed on the package.\n <a href=\" http://www.appartement-huren-alanya.nl/mahmutlar/ \">terbinafine hydrochloride</a>  The Vision: One College, One Mission, One Goal\n ','Joseph',NULL),(169,169,1,'hISqFfniWxPYP','I\'ve just started at  <a href=\" http://www.cbar.org.br/12congresso/ \">wellbutrin sr 300 mg weight loss</a>  amount charged for the prescription.\n <a href=\" http://www.taxonomyoftrash.com/the-sounds/ \">buy generic tamoxifen citrate</a>  and life-long learning skills.\n <a href=\" http://eastcountyins.com/about-us/ \">buy zithromax online no prescription</a>  2. Claims Submission. 5\n <a href=\" http://www.appartement-huren-alanya.nl/mahmutlar/ \">terbinafine 250 mg tabs</a>  flows, finger stick blood (6) proper storage;\n ','Owen',NULL),(170,170,1,'zHAWinHSsZxGbssM','I\'m not sure <a href=\" http://www.justcuckoos.co.uk/install/ \">vermox 100mg tablets</a>  attacks, demonstrations and other violent actions against U.S. citizens and interests\n <a href=\" http://www.cbar.org.br/12congresso/ \">wellbutrin sr 300 mg</a>  728 UR Deny - Conflict With Previous Service\n <a href=\" http://anjhero.me/work \">clomid online pharmacy no prescription</a>  file a complaint with the U.S. Department of Education alleging that the University has not complied with\n ','Dghonson',NULL),(171,171,1,'mWUsCVikYjN','We\'ve got a joint account <a href=\" http://www.enu.es/obxectivos \">order furosemide</a>  medication safety, pharmacy administration and leadership.\n <a href=\" http://www.taxonomyoftrash.com/the-sounds/ \">10mg nolvadex enough</a>  The date on which the recoupment was applied. Since all the recoupments listed on\n <a href=\" http://eastcountyins.com/about-us/ \">buy zithromax z-pak no prescription</a>  Statement. If you have been issued a\n ','Kyle',NULL),(172,172,1,'MImMNzUfFU','I hate shopping <a href=\" http://www.justcuckoos.co.uk/install/ \">generic mebendazole</a>  For more information, contact PKP secretary.\n <a href=\" http://www.appartement-huren-alanya.nl/mahmutlar/ \">buy lamisil tablets online</a>  1. Demonstrate proper SQ and IM injection technique /Teach a AC, PC\n <a href=\" http://anjhero.me/work \">25 mg clomid pregnancy</a>  Claim Status (denied, paid, pending) - Patient ID - TCN\n ','Brian',NULL);

--
-- Table structure for table `review_entity`
--

CREATE TABLE `review_entity` (
  `entity_id` smallint(5) unsigned NOT NULL AUTO_INCREMENT COMMENT 'Review entity id',
  `entity_code` varchar(32) NOT NULL COMMENT 'Review entity code',
  PRIMARY KEY (`entity_id`)
) ENGINE=InnoDB AUTO_INCREMENT=4 DEFAULT CHARSET=utf8 COMMENT='Review entities';

--
-- Dumping data for table `review_entity`
--

INSERT INTO `review_entity` VALUES (1,'product'),(2,'customer'),(3,'category');

--
-- Table structure for table `review_entity_summary`
--

CREATE TABLE `review_entity_summary` (
  `primary_id` bigint(20) NOT NULL AUTO_INCREMENT COMMENT 'Summary review entity id',
  `entity_pk_value` bigint(20) NOT NULL DEFAULT '0' COMMENT 'Product id',
  `entity_type` smallint(6) NOT NULL DEFAULT '0' COMMENT 'Entity type id',
  `reviews_count` smallint(6) NOT NULL DEFAULT '0' COMMENT 'Qty of reviews',
  `rating_summary` smallint(6) NOT NULL DEFAULT '0' COMMENT 'Summarized rating',
  `store_id` smallint(5) unsigned NOT NULL DEFAULT '0' COMMENT 'Store id',
  PRIMARY KEY (`primary_id`),
  KEY `IDX_REVIEW_ENTITY_SUMMARY_STORE_ID` (`store_id`),
  CONSTRAINT `FK_REVIEW_ENTITY_SUMMARY_STORE_ID_CORE_STORE_STORE_ID` FOREIGN KEY (`store_id`) REFERENCES `core_store` (`store_id`) ON DELETE CASCADE ON UPDATE CASCADE
) ENGINE=InnoDB AUTO_INCREMENT=150 DEFAULT CHARSET=utf8 COMMENT='Review aggregates';

--
-- Dumping data for table `review_entity_summary`
--

INSERT INTO `review_entity_summary` VALUES (147,167,1,0,0,1),(148,167,1,0,0,3),(149,167,1,0,0,2);

--
-- Table structure for table `review_status`
--

CREATE TABLE `review_status` (
  `status_id` smallint(5) unsigned NOT NULL AUTO_INCREMENT COMMENT 'Status id',
  `status_code` varchar(32) NOT NULL COMMENT 'Status code',
  PRIMARY KEY (`status_id`)
) ENGINE=InnoDB AUTO_INCREMENT=4 DEFAULT CHARSET=utf8 COMMENT='Review statuses';

--
-- Dumping data for table `review_status`
--

INSERT INTO `review_status` VALUES (1,'Approved'),(2,'Pending'),(3,'Not Approved');

--
-- Table structure for table `review_store`
--

CREATE TABLE `review_store` (
  `review_id` bigint(20) unsigned NOT NULL DEFAULT '0' COMMENT 'Review Id',
  `store_id` smallint(5) unsigned NOT NULL DEFAULT '0' COMMENT 'Store Id',
  PRIMARY KEY (`review_id`,`store_id`),
  KEY `IDX_REVIEW_STORE_STORE_ID` (`store_id`),
  CONSTRAINT `FK_REVIEW_STORE_REVIEW_ID_REVIEW_REVIEW_ID` FOREIGN KEY (`review_id`) REFERENCES `review` (`review_id`) ON DELETE CASCADE ON UPDATE CASCADE,
  CONSTRAINT `FK_REVIEW_STORE_STORE_ID_CORE_STORE_STORE_ID` FOREIGN KEY (`store_id`) REFERENCES `core_store` (`store_id`) ON DELETE CASCADE ON UPDATE CASCADE
) ENGINE=InnoDB DEFAULT CHARSET=utf8 COMMENT='Review Store';

--
-- Dumping data for table `review_store`
--

INSERT INTO `review_store` VALUES (114,0),(115,0),(116,0),(117,0),(118,0),(119,0),(120,0),(121,0),(122,0),(123,0),(124,0),(125,0),(126,0),(127,0),(128,0),(129,0),(130,0),(131,0),(132,0),(133,0),(134,0),(135,0),(136,0),(137,0),(138,0),(139,0),(140,0),(141,0),(142,0),(143,0),(144,0),(145,0),(146,0),(147,0),(148,0),(149,0),(150,0),(151,0),(152,0),(153,0),(154,0),(155,0),(156,0),(157,0),(158,0),(159,0),(160,0),(161,0),(162,0),(163,0),(164,0),(165,0),(166,0),(167,0),(168,0),(169,0),(170,0),(171,0),(172,0),(114,1),(115,1),(116,1),(117,1),(118,1),(119,1),(120,1),(121,1),(122,1),(123,1),(124,1),(125,1),(126,1),(127,1),(128,1),(129,1),(130,1),(131,1),(132,1),(133,1),(134,1),(135,1),(136,1),(137,1),(138,1),(139,1),(140,1),(141,1),(142,1),(143,1),(144,1),(145,1),(146,1),(147,1),(148,1),(149,1),(150,1),(151,1),(152,1),(153,1),(154,1),(155,1),(156,1),(157,1),(158,1),(159,1),(160,1),(161,1),(162,1),(163,1),(164,1),(165,1),(166,1),(167,1),(168,1),(169,1),(170,1),(171,1),(172,1);

--
-- Table structure for table `sales_bestsellers_aggregated_daily`
--

CREATE TABLE `sales_bestsellers_aggregated_daily` (
  `id` int(10) unsigned NOT NULL AUTO_INCREMENT COMMENT 'Id',
  `period` date DEFAULT NULL COMMENT 'Period',
  `store_id` smallint(5) unsigned DEFAULT NULL COMMENT 'Store Id',
  `product_id` int(10) unsigned DEFAULT NULL COMMENT 'Product Id',
  `product_name` varchar(255) DEFAULT NULL COMMENT 'Product Name',
  `product_price` decimal(12,4) NOT NULL DEFAULT '0.0000' COMMENT 'Product Price',
  `qty_ordered` decimal(12,4) NOT NULL DEFAULT '0.0000' COMMENT 'Qty Ordered',
  `rating_pos` smallint(5) unsigned NOT NULL COMMENT 'Rating Pos',
  PRIMARY KEY (`id`),
  UNIQUE KEY `UNQ_SALES_BESTSELLERS_AGGRED_DAILY_PERIOD_STORE_ID_PRD_ID` (`period`,`store_id`,`product_id`),
  KEY `IDX_SALES_BESTSELLERS_AGGREGATED_DAILY_STORE_ID` (`store_id`),
  KEY `IDX_SALES_BESTSELLERS_AGGREGATED_DAILY_PRODUCT_ID` (`product_id`),
  CONSTRAINT `FK_SALES_BESTSELLERS_AGGRED_DAILY_PRD_ID_CAT_PRD_ENTT_ENTT_ID` FOREIGN KEY (`product_id`) REFERENCES `catalog_product_entity` (`entity_id`) ON DELETE CASCADE ON UPDATE CASCADE,
  CONSTRAINT `FK_SALES_BESTSELLERS_AGGRED_DAILY_STORE_ID_CORE_STORE_STORE_ID` FOREIGN KEY (`store_id`) REFERENCES `core_store` (`store_id`) ON DELETE CASCADE ON UPDATE CASCADE
) ENGINE=InnoDB DEFAULT CHARSET=utf8 COMMENT='Sales Bestsellers Aggregated Daily';

--
-- Dumping data for table `sales_bestsellers_aggregated_daily`
--


--
-- Table structure for table `sales_bestsellers_aggregated_monthly`
--

CREATE TABLE `sales_bestsellers_aggregated_monthly` (
  `id` int(10) unsigned NOT NULL AUTO_INCREMENT COMMENT 'Id',
  `period` date DEFAULT NULL COMMENT 'Period',
  `store_id` smallint(5) unsigned DEFAULT NULL COMMENT 'Store Id',
  `product_id` int(10) unsigned DEFAULT NULL COMMENT 'Product Id',
  `product_name` varchar(255) DEFAULT NULL COMMENT 'Product Name',
  `product_price` decimal(12,4) NOT NULL DEFAULT '0.0000' COMMENT 'Product Price',
  `qty_ordered` decimal(12,4) NOT NULL DEFAULT '0.0000' COMMENT 'Qty Ordered',
  `rating_pos` smallint(5) unsigned NOT NULL COMMENT 'Rating Pos',
  PRIMARY KEY (`id`),
  UNIQUE KEY `UNQ_SALES_BESTSELLERS_AGGRED_MONTHLY_PERIOD_STORE_ID_PRD_ID` (`period`,`store_id`,`product_id`),
  KEY `IDX_SALES_BESTSELLERS_AGGREGATED_MONTHLY_STORE_ID` (`store_id`),
  KEY `IDX_SALES_BESTSELLERS_AGGREGATED_MONTHLY_PRODUCT_ID` (`product_id`),
  CONSTRAINT `FK_SALES_BESTSELLERS_AGGRED_MONTHLY_PRD_ID_CAT_PRD_ENTT_ENTT_ID` FOREIGN KEY (`product_id`) REFERENCES `catalog_product_entity` (`entity_id`) ON DELETE CASCADE ON UPDATE CASCADE,
  CONSTRAINT `FK_SALES_BESTSELLERS_AGGRED_MONTHLY_STORE_ID_CORE_STORE_STORE_ID` FOREIGN KEY (`store_id`) REFERENCES `core_store` (`store_id`) ON DELETE CASCADE ON UPDATE CASCADE
) ENGINE=InnoDB DEFAULT CHARSET=utf8 COMMENT='Sales Bestsellers Aggregated Monthly';

--
-- Dumping data for table `sales_bestsellers_aggregated_monthly`
--


--
-- Table structure for table `sales_bestsellers_aggregated_yearly`
--

CREATE TABLE `sales_bestsellers_aggregated_yearly` (
  `id` int(10) unsigned NOT NULL AUTO_INCREMENT COMMENT 'Id',
  `period` date DEFAULT NULL COMMENT 'Period',
  `store_id` smallint(5) unsigned DEFAULT NULL COMMENT 'Store Id',
  `product_id` int(10) unsigned DEFAULT NULL COMMENT 'Product Id',
  `product_name` varchar(255) DEFAULT NULL COMMENT 'Product Name',
  `product_price` decimal(12,4) NOT NULL DEFAULT '0.0000' COMMENT 'Product Price',
  `qty_ordered` decimal(12,4) NOT NULL DEFAULT '0.0000' COMMENT 'Qty Ordered',
  `rating_pos` smallint(5) unsigned NOT NULL COMMENT 'Rating Pos',
  PRIMARY KEY (`id`),
  UNIQUE KEY `UNQ_SALES_BESTSELLERS_AGGRED_YEARLY_PERIOD_STORE_ID_PRD_ID` (`period`,`store_id`,`product_id`),
  KEY `IDX_SALES_BESTSELLERS_AGGREGATED_YEARLY_STORE_ID` (`store_id`),
  KEY `IDX_SALES_BESTSELLERS_AGGREGATED_YEARLY_PRODUCT_ID` (`product_id`),
  CONSTRAINT `FK_SALES_BESTSELLERS_AGGRED_YEARLY_PRD_ID_CAT_PRD_ENTT_ENTT_ID` FOREIGN KEY (`product_id`) REFERENCES `catalog_product_entity` (`entity_id`) ON DELETE CASCADE ON UPDATE CASCADE,
  CONSTRAINT `FK_SALES_BESTSELLERS_AGGRED_YEARLY_STORE_ID_CORE_STORE_STORE_ID` FOREIGN KEY (`store_id`) REFERENCES `core_store` (`store_id`) ON DELETE CASCADE ON UPDATE CASCADE
) ENGINE=InnoDB DEFAULT CHARSET=utf8 COMMENT='Sales Bestsellers Aggregated Yearly';

--
-- Dumping data for table `sales_bestsellers_aggregated_yearly`
--


--
-- Table structure for table `sales_billing_agreement`
--

CREATE TABLE `sales_billing_agreement` (
  `agreement_id` int(10) unsigned NOT NULL AUTO_INCREMENT COMMENT 'Agreement Id',
  `customer_id` int(10) unsigned NOT NULL COMMENT 'Customer Id',
  `method_code` varchar(32) NOT NULL COMMENT 'Method Code',
  `reference_id` varchar(32) NOT NULL COMMENT 'Reference Id',
  `status` varchar(20) NOT NULL COMMENT 'Status',
  `created_at` timestamp NOT NULL DEFAULT CURRENT_TIMESTAMP ON UPDATE CURRENT_TIMESTAMP COMMENT 'Created At',
  `updated_at` timestamp NULL DEFAULT NULL COMMENT 'Updated At',
  `store_id` smallint(5) unsigned DEFAULT NULL COMMENT 'Store Id',
  `agreement_label` varchar(255) DEFAULT NULL COMMENT 'Agreement Label',
  PRIMARY KEY (`agreement_id`),
  KEY `IDX_SALES_BILLING_AGREEMENT_CUSTOMER_ID` (`customer_id`),
  KEY `IDX_SALES_BILLING_AGREEMENT_STORE_ID` (`store_id`),
  CONSTRAINT `FK_SALES_BILLING_AGREEMENT_CUSTOMER_ID_CUSTOMER_ENTITY_ENTITY_ID` FOREIGN KEY (`customer_id`) REFERENCES `customer_entity` (`entity_id`) ON DELETE CASCADE ON UPDATE CASCADE,
  CONSTRAINT `FK_SALES_BILLING_AGREEMENT_STORE_ID_CORE_STORE_STORE_ID` FOREIGN KEY (`store_id`) REFERENCES `core_store` (`store_id`) ON DELETE SET NULL ON UPDATE CASCADE
) ENGINE=InnoDB DEFAULT CHARSET=utf8 COMMENT='Sales Billing Agreement';

--
-- Dumping data for table `sales_billing_agreement`
--


--
-- Table structure for table `sales_billing_agreement_order`
--

CREATE TABLE `sales_billing_agreement_order` (
  `agreement_id` int(10) unsigned NOT NULL COMMENT 'Agreement Id',
  `order_id` int(10) unsigned NOT NULL COMMENT 'Order Id',
  PRIMARY KEY (`agreement_id`,`order_id`),
  KEY `IDX_SALES_BILLING_AGREEMENT_ORDER_ORDER_ID` (`order_id`),
  CONSTRAINT `FK_SALES_BILLING_AGRT_ORDER_AGRT_ID_SALES_BILLING_AGRT_AGRT_ID` FOREIGN KEY (`agreement_id`) REFERENCES `sales_billing_agreement` (`agreement_id`) ON DELETE CASCADE ON UPDATE CASCADE,
  CONSTRAINT `FK_SALES_BILLING_AGRT_ORDER_ORDER_ID_SALES_FLAT_ORDER_ENTT_ID` FOREIGN KEY (`order_id`) REFERENCES `sales_flat_order` (`entity_id`) ON DELETE CASCADE ON UPDATE CASCADE
) ENGINE=InnoDB DEFAULT CHARSET=utf8 COMMENT='Sales Billing Agreement Order';

--
-- Dumping data for table `sales_billing_agreement_order`
--


--
-- Table structure for table `sales_flat_creditmemo`
--

CREATE TABLE `sales_flat_creditmemo` (
  `entity_id` int(10) unsigned NOT NULL AUTO_INCREMENT COMMENT 'Entity Id',
  `store_id` smallint(5) unsigned DEFAULT NULL COMMENT 'Store Id',
  `adjustment_positive` decimal(12,4) DEFAULT NULL COMMENT 'Adjustment Positive',
  `base_shipping_tax_amount` decimal(12,4) DEFAULT NULL COMMENT 'Base Shipping Tax Amount',
  `store_to_order_rate` decimal(12,4) DEFAULT NULL COMMENT 'Store To Order Rate',
  `base_discount_amount` decimal(12,4) DEFAULT NULL COMMENT 'Base Discount Amount',
  `base_to_order_rate` decimal(12,4) DEFAULT NULL COMMENT 'Base To Order Rate',
  `grand_total` decimal(12,4) DEFAULT NULL COMMENT 'Grand Total',
  `base_adjustment_negative` decimal(12,4) DEFAULT NULL COMMENT 'Base Adjustment Negative',
  `base_subtotal_incl_tax` decimal(12,4) DEFAULT NULL COMMENT 'Base Subtotal Incl Tax',
  `shipping_amount` decimal(12,4) DEFAULT NULL COMMENT 'Shipping Amount',
  `subtotal_incl_tax` decimal(12,4) DEFAULT NULL COMMENT 'Subtotal Incl Tax',
  `adjustment_negative` decimal(12,4) DEFAULT NULL COMMENT 'Adjustment Negative',
  `base_shipping_amount` decimal(12,4) DEFAULT NULL COMMENT 'Base Shipping Amount',
  `store_to_base_rate` decimal(12,4) DEFAULT NULL COMMENT 'Store To Base Rate',
  `base_to_global_rate` decimal(12,4) DEFAULT NULL COMMENT 'Base To Global Rate',
  `base_adjustment` decimal(12,4) DEFAULT NULL COMMENT 'Base Adjustment',
  `base_subtotal` decimal(12,4) DEFAULT NULL COMMENT 'Base Subtotal',
  `discount_amount` decimal(12,4) DEFAULT NULL COMMENT 'Discount Amount',
  `subtotal` decimal(12,4) DEFAULT NULL COMMENT 'Subtotal',
  `adjustment` decimal(12,4) DEFAULT NULL COMMENT 'Adjustment',
  `base_grand_total` decimal(12,4) DEFAULT NULL COMMENT 'Base Grand Total',
  `base_adjustment_positive` decimal(12,4) DEFAULT NULL COMMENT 'Base Adjustment Positive',
  `base_tax_amount` decimal(12,4) DEFAULT NULL COMMENT 'Base Tax Amount',
  `shipping_tax_amount` decimal(12,4) DEFAULT NULL COMMENT 'Shipping Tax Amount',
  `tax_amount` decimal(12,4) DEFAULT NULL COMMENT 'Tax Amount',
  `order_id` int(10) unsigned NOT NULL COMMENT 'Order Id',
  `email_sent` smallint(5) unsigned DEFAULT NULL COMMENT 'Email Sent',
  `creditmemo_status` int(11) DEFAULT NULL COMMENT 'Creditmemo Status',
  `state` int(11) DEFAULT NULL COMMENT 'State',
  `shipping_address_id` int(11) DEFAULT NULL COMMENT 'Shipping Address Id',
  `billing_address_id` int(11) DEFAULT NULL COMMENT 'Billing Address Id',
  `invoice_id` int(11) DEFAULT NULL COMMENT 'Invoice Id',
  `cybersource_token` varchar(255) DEFAULT NULL,
  `store_currency_code` varchar(3) DEFAULT NULL COMMENT 'Store Currency Code',
  `order_currency_code` varchar(3) DEFAULT NULL COMMENT 'Order Currency Code',
  `base_currency_code` varchar(3) DEFAULT NULL COMMENT 'Base Currency Code',
  `global_currency_code` varchar(3) DEFAULT NULL COMMENT 'Global Currency Code',
  `transaction_id` varchar(255) DEFAULT NULL COMMENT 'Transaction Id',
  `increment_id` varchar(50) DEFAULT NULL COMMENT 'Increment Id',
  `created_at` timestamp NULL DEFAULT NULL COMMENT 'Created At',
  `updated_at` timestamp NULL DEFAULT NULL COMMENT 'Updated At',
  `hidden_tax_amount` decimal(12,4) DEFAULT NULL COMMENT 'Hidden Tax Amount',
  `base_hidden_tax_amount` decimal(12,4) DEFAULT NULL COMMENT 'Base Hidden Tax Amount',
  `shipping_hidden_tax_amount` decimal(12,4) DEFAULT NULL COMMENT 'Shipping Hidden Tax Amount',
  `base_shipping_hidden_tax_amnt` decimal(12,4) DEFAULT NULL COMMENT 'Base Shipping Hidden Tax Amount',
  `shipping_incl_tax` decimal(12,4) DEFAULT NULL COMMENT 'Shipping Incl Tax',
  `base_shipping_incl_tax` decimal(12,4) DEFAULT NULL COMMENT 'Base Shipping Incl Tax',
  PRIMARY KEY (`entity_id`),
  UNIQUE KEY `UNQ_SALES_FLAT_CREDITMEMO_INCREMENT_ID` (`increment_id`),
  KEY `IDX_SALES_FLAT_CREDITMEMO_STORE_ID` (`store_id`),
  KEY `IDX_SALES_FLAT_CREDITMEMO_ORDER_ID` (`order_id`),
  KEY `IDX_SALES_FLAT_CREDITMEMO_CREDITMEMO_STATUS` (`creditmemo_status`),
  KEY `IDX_SALES_FLAT_CREDITMEMO_STATE` (`state`),
  KEY `IDX_SALES_FLAT_CREDITMEMO_CREATED_AT` (`created_at`),
  CONSTRAINT `FK_SALES_FLAT_CREDITMEMO_ORDER_ID_SALES_FLAT_ORDER_ENTITY_ID` FOREIGN KEY (`order_id`) REFERENCES `sales_flat_order` (`entity_id`) ON DELETE CASCADE ON UPDATE CASCADE,
  CONSTRAINT `FK_SALES_FLAT_CREDITMEMO_STORE_ID_CORE_STORE_STORE_ID` FOREIGN KEY (`store_id`) REFERENCES `core_store` (`store_id`) ON DELETE SET NULL ON UPDATE CASCADE
) ENGINE=InnoDB DEFAULT CHARSET=utf8 COMMENT='Sales Flat Creditmemo';

--
-- Dumping data for table `sales_flat_creditmemo`
--


--
-- Table structure for table `sales_flat_creditmemo_comment`
--

CREATE TABLE `sales_flat_creditmemo_comment` (
  `entity_id` int(10) unsigned NOT NULL AUTO_INCREMENT COMMENT 'Entity Id',
  `parent_id` int(10) unsigned NOT NULL COMMENT 'Parent Id',
  `is_customer_notified` int(11) DEFAULT NULL COMMENT 'Is Customer Notified',
  `is_visible_on_front` smallint(5) unsigned NOT NULL COMMENT 'Is Visible On Front',
  `comment` text COMMENT 'Comment',
  `created_at` timestamp NULL DEFAULT NULL COMMENT 'Created At',
  PRIMARY KEY (`entity_id`),
  KEY `IDX_SALES_FLAT_CREDITMEMO_COMMENT_CREATED_AT` (`created_at`),
  KEY `IDX_SALES_FLAT_CREDITMEMO_COMMENT_PARENT_ID` (`parent_id`),
  CONSTRAINT `FK_B0FCB0B5467075BE63D474F2CD5F7804` FOREIGN KEY (`parent_id`) REFERENCES `sales_flat_creditmemo` (`entity_id`) ON DELETE CASCADE ON UPDATE CASCADE
) ENGINE=InnoDB DEFAULT CHARSET=utf8 COMMENT='Sales Flat Creditmemo Comment';

--
-- Dumping data for table `sales_flat_creditmemo_comment`
--


--
-- Table structure for table `sales_flat_creditmemo_grid`
--

CREATE TABLE `sales_flat_creditmemo_grid` (
  `entity_id` int(10) unsigned NOT NULL COMMENT 'Entity Id',
  `store_id` smallint(5) unsigned DEFAULT NULL COMMENT 'Store Id',
  `store_to_order_rate` decimal(12,4) DEFAULT NULL COMMENT 'Store To Order Rate',
  `base_to_order_rate` decimal(12,4) DEFAULT NULL COMMENT 'Base To Order Rate',
  `grand_total` decimal(12,4) DEFAULT NULL COMMENT 'Grand Total',
  `store_to_base_rate` decimal(12,4) DEFAULT NULL COMMENT 'Store To Base Rate',
  `base_to_global_rate` decimal(12,4) DEFAULT NULL COMMENT 'Base To Global Rate',
  `base_grand_total` decimal(12,4) DEFAULT NULL COMMENT 'Base Grand Total',
  `order_id` int(10) unsigned NOT NULL COMMENT 'Order Id',
  `creditmemo_status` int(11) DEFAULT NULL COMMENT 'Creditmemo Status',
  `state` int(11) DEFAULT NULL COMMENT 'State',
  `invoice_id` int(11) DEFAULT NULL COMMENT 'Invoice Id',
  `store_currency_code` varchar(3) DEFAULT NULL COMMENT 'Store Currency Code',
  `order_currency_code` varchar(3) DEFAULT NULL COMMENT 'Order Currency Code',
  `base_currency_code` varchar(3) DEFAULT NULL COMMENT 'Base Currency Code',
  `global_currency_code` varchar(3) DEFAULT NULL COMMENT 'Global Currency Code',
  `increment_id` varchar(50) DEFAULT NULL COMMENT 'Increment Id',
  `order_increment_id` varchar(50) DEFAULT NULL COMMENT 'Order Increment Id',
  `created_at` timestamp NULL DEFAULT NULL COMMENT 'Created At',
  `order_created_at` timestamp NULL DEFAULT NULL COMMENT 'Order Created At',
  `billing_name` varchar(255) DEFAULT NULL COMMENT 'Billing Name',
  PRIMARY KEY (`entity_id`),
  UNIQUE KEY `UNQ_SALES_FLAT_CREDITMEMO_GRID_INCREMENT_ID` (`increment_id`),
  KEY `IDX_SALES_FLAT_CREDITMEMO_GRID_STORE_ID` (`store_id`),
  KEY `IDX_SALES_FLAT_CREDITMEMO_GRID_GRAND_TOTAL` (`grand_total`),
  KEY `IDX_SALES_FLAT_CREDITMEMO_GRID_BASE_GRAND_TOTAL` (`base_grand_total`),
  KEY `IDX_SALES_FLAT_CREDITMEMO_GRID_ORDER_ID` (`order_id`),
  KEY `IDX_SALES_FLAT_CREDITMEMO_GRID_CREDITMEMO_STATUS` (`creditmemo_status`),
  KEY `IDX_SALES_FLAT_CREDITMEMO_GRID_STATE` (`state`),
  KEY `IDX_SALES_FLAT_CREDITMEMO_GRID_ORDER_INCREMENT_ID` (`order_increment_id`),
  KEY `IDX_SALES_FLAT_CREDITMEMO_GRID_CREATED_AT` (`created_at`),
  KEY `IDX_SALES_FLAT_CREDITMEMO_GRID_ORDER_CREATED_AT` (`order_created_at`),
  KEY `IDX_SALES_FLAT_CREDITMEMO_GRID_BILLING_NAME` (`billing_name`),
  CONSTRAINT `FK_78C711B225167A11CC077B03D1C8E1CC` FOREIGN KEY (`entity_id`) REFERENCES `sales_flat_creditmemo` (`entity_id`) ON DELETE CASCADE ON UPDATE CASCADE,
  CONSTRAINT `FK_SALES_FLAT_CREDITMEMO_GRID_STORE_ID_CORE_STORE_STORE_ID` FOREIGN KEY (`store_id`) REFERENCES `core_store` (`store_id`) ON DELETE CASCADE ON UPDATE CASCADE
) ENGINE=InnoDB DEFAULT CHARSET=utf8 COMMENT='Sales Flat Creditmemo Grid';

--
-- Dumping data for table `sales_flat_creditmemo_grid`
--


--
-- Table structure for table `sales_flat_creditmemo_item`
--

CREATE TABLE `sales_flat_creditmemo_item` (
  `entity_id` int(10) unsigned NOT NULL AUTO_INCREMENT COMMENT 'Entity Id',
  `parent_id` int(10) unsigned NOT NULL COMMENT 'Parent Id',
  `weee_tax_applied_row_amount` decimal(12,4) DEFAULT NULL COMMENT 'Weee Tax Applied Row Amount',
  `base_price` decimal(12,4) DEFAULT NULL COMMENT 'Base Price',
  `base_weee_tax_row_disposition` decimal(12,4) DEFAULT NULL COMMENT 'Base Weee Tax Row Disposition',
  `tax_amount` decimal(12,4) DEFAULT NULL COMMENT 'Tax Amount',
  `base_weee_tax_applied_amount` decimal(12,4) DEFAULT NULL COMMENT 'Base Weee Tax Applied Amount',
  `weee_tax_row_disposition` decimal(12,4) DEFAULT NULL COMMENT 'Weee Tax Row Disposition',
  `base_row_total` decimal(12,4) DEFAULT NULL COMMENT 'Base Row Total',
  `discount_amount` decimal(12,4) DEFAULT NULL COMMENT 'Discount Amount',
  `row_total` decimal(12,4) DEFAULT NULL COMMENT 'Row Total',
  `weee_tax_applied_amount` decimal(12,4) DEFAULT NULL COMMENT 'Weee Tax Applied Amount',
  `base_discount_amount` decimal(12,4) DEFAULT NULL COMMENT 'Base Discount Amount',
  `base_weee_tax_disposition` decimal(12,4) DEFAULT NULL COMMENT 'Base Weee Tax Disposition',
  `price_incl_tax` decimal(12,4) DEFAULT NULL COMMENT 'Price Incl Tax',
  `base_tax_amount` decimal(12,4) DEFAULT NULL COMMENT 'Base Tax Amount',
  `weee_tax_disposition` decimal(12,4) DEFAULT NULL COMMENT 'Weee Tax Disposition',
  `base_price_incl_tax` decimal(12,4) DEFAULT NULL COMMENT 'Base Price Incl Tax',
  `qty` decimal(12,4) DEFAULT NULL COMMENT 'Qty',
  `base_cost` decimal(12,4) DEFAULT NULL COMMENT 'Base Cost',
  `base_weee_tax_applied_row_amnt` decimal(12,4) DEFAULT NULL COMMENT 'Base Weee Tax Applied Row Amnt',
  `price` decimal(12,4) DEFAULT NULL COMMENT 'Price',
  `base_row_total_incl_tax` decimal(12,4) DEFAULT NULL COMMENT 'Base Row Total Incl Tax',
  `row_total_incl_tax` decimal(12,4) DEFAULT NULL COMMENT 'Row Total Incl Tax',
  `product_id` int(11) DEFAULT NULL COMMENT 'Product Id',
  `order_item_id` int(11) DEFAULT NULL COMMENT 'Order Item Id',
  `additional_data` text COMMENT 'Additional Data',
  `description` text COMMENT 'Description',
  `weee_tax_applied` text COMMENT 'Weee Tax Applied',
  `sku` varchar(255) DEFAULT NULL COMMENT 'Sku',
  `name` varchar(255) DEFAULT NULL COMMENT 'Name',
  `hidden_tax_amount` decimal(12,4) DEFAULT NULL COMMENT 'Hidden Tax Amount',
  `base_hidden_tax_amount` decimal(12,4) DEFAULT NULL COMMENT 'Base Hidden Tax Amount',
  PRIMARY KEY (`entity_id`),
  KEY `IDX_SALES_FLAT_CREDITMEMO_ITEM_PARENT_ID` (`parent_id`),
  CONSTRAINT `FK_306DAC836C699F0B5E13BE486557AC8A` FOREIGN KEY (`parent_id`) REFERENCES `sales_flat_creditmemo` (`entity_id`) ON DELETE CASCADE ON UPDATE CASCADE
) ENGINE=InnoDB DEFAULT CHARSET=utf8 COMMENT='Sales Flat Creditmemo Item';

--
-- Dumping data for table `sales_flat_creditmemo_item`
--


--
-- Table structure for table `sales_flat_invoice`
--

CREATE TABLE `sales_flat_invoice` (
  `entity_id` int(10) unsigned NOT NULL AUTO_INCREMENT COMMENT 'Entity Id',
  `store_id` smallint(5) unsigned DEFAULT NULL COMMENT 'Store Id',
  `base_grand_total` decimal(12,4) DEFAULT NULL COMMENT 'Base Grand Total',
  `shipping_tax_amount` decimal(12,4) DEFAULT NULL COMMENT 'Shipping Tax Amount',
  `tax_amount` decimal(12,4) DEFAULT NULL COMMENT 'Tax Amount',
  `base_tax_amount` decimal(12,4) DEFAULT NULL COMMENT 'Base Tax Amount',
  `store_to_order_rate` decimal(12,4) DEFAULT NULL COMMENT 'Store To Order Rate',
  `base_shipping_tax_amount` decimal(12,4) DEFAULT NULL COMMENT 'Base Shipping Tax Amount',
  `base_discount_amount` decimal(12,4) DEFAULT NULL COMMENT 'Base Discount Amount',
  `base_to_order_rate` decimal(12,4) DEFAULT NULL COMMENT 'Base To Order Rate',
  `grand_total` decimal(12,4) DEFAULT NULL COMMENT 'Grand Total',
  `shipping_amount` decimal(12,4) DEFAULT NULL COMMENT 'Shipping Amount',
  `subtotal_incl_tax` decimal(12,4) DEFAULT NULL COMMENT 'Subtotal Incl Tax',
  `base_subtotal_incl_tax` decimal(12,4) DEFAULT NULL COMMENT 'Base Subtotal Incl Tax',
  `store_to_base_rate` decimal(12,4) DEFAULT NULL COMMENT 'Store To Base Rate',
  `base_shipping_amount` decimal(12,4) DEFAULT NULL COMMENT 'Base Shipping Amount',
  `total_qty` decimal(12,4) DEFAULT NULL COMMENT 'Total Qty',
  `base_to_global_rate` decimal(12,4) DEFAULT NULL COMMENT 'Base To Global Rate',
  `subtotal` decimal(12,4) DEFAULT NULL COMMENT 'Subtotal',
  `base_subtotal` decimal(12,4) DEFAULT NULL COMMENT 'Base Subtotal',
  `discount_amount` decimal(12,4) DEFAULT NULL COMMENT 'Discount Amount',
  `billing_address_id` int(11) DEFAULT NULL COMMENT 'Billing Address Id',
  `is_used_for_refund` smallint(5) unsigned DEFAULT NULL COMMENT 'Is Used For Refund',
  `order_id` int(10) unsigned NOT NULL COMMENT 'Order Id',
  `email_sent` smallint(5) unsigned DEFAULT NULL COMMENT 'Email Sent',
  `can_void_flag` smallint(5) unsigned DEFAULT NULL COMMENT 'Can Void Flag',
  `state` int(11) DEFAULT NULL COMMENT 'State',
  `shipping_address_id` int(11) DEFAULT NULL COMMENT 'Shipping Address Id',
  `cybersource_token` varchar(255) DEFAULT NULL,
  `store_currency_code` varchar(3) DEFAULT NULL COMMENT 'Store Currency Code',
  `transaction_id` varchar(255) DEFAULT NULL COMMENT 'Transaction Id',
  `order_currency_code` varchar(3) DEFAULT NULL COMMENT 'Order Currency Code',
  `base_currency_code` varchar(3) DEFAULT NULL COMMENT 'Base Currency Code',
  `global_currency_code` varchar(3) DEFAULT NULL COMMENT 'Global Currency Code',
  `increment_id` varchar(50) DEFAULT NULL COMMENT 'Increment Id',
  `created_at` timestamp NULL DEFAULT NULL COMMENT 'Created At',
  `updated_at` timestamp NULL DEFAULT NULL COMMENT 'Updated At',
  `customer_id` int(11) DEFAULT NULL,
  `invoice_status_id` int(11) DEFAULT NULL,
  `invoice_type` int(11) DEFAULT NULL,
  `is_virtual` int(11) DEFAULT NULL,
  `real_order_id` varchar(255) DEFAULT NULL,
  `total_due` decimal(12,4) DEFAULT NULL,
  `total_paid` decimal(12,4) DEFAULT NULL,
  `hidden_tax_amount` decimal(12,4) DEFAULT NULL COMMENT 'Hidden Tax Amount',
  `base_hidden_tax_amount` decimal(12,4) DEFAULT NULL COMMENT 'Base Hidden Tax Amount',
  `shipping_hidden_tax_amount` decimal(12,4) DEFAULT NULL COMMENT 'Shipping Hidden Tax Amount',
  `base_shipping_hidden_tax_amnt` decimal(12,4) DEFAULT NULL COMMENT 'Base Shipping Hidden Tax Amount',
  `shipping_incl_tax` decimal(12,4) DEFAULT NULL COMMENT 'Shipping Incl Tax',
  `base_shipping_incl_tax` decimal(12,4) DEFAULT NULL COMMENT 'Base Shipping Incl Tax',
  `base_total_refunded` decimal(12,4) DEFAULT NULL COMMENT 'Base Total Refunded',
  PRIMARY KEY (`entity_id`),
  UNIQUE KEY `UNQ_SALES_FLAT_INVOICE_INCREMENT_ID` (`increment_id`),
  KEY `IDX_SALES_FLAT_INVOICE_STORE_ID` (`store_id`),
  KEY `IDX_SALES_FLAT_INVOICE_GRAND_TOTAL` (`grand_total`),
  KEY `IDX_SALES_FLAT_INVOICE_ORDER_ID` (`order_id`),
  KEY `IDX_SALES_FLAT_INVOICE_STATE` (`state`),
  KEY `IDX_SALES_FLAT_INVOICE_CREATED_AT` (`created_at`),
  CONSTRAINT `FK_SALES_FLAT_INVOICE_ORDER_ID_SALES_FLAT_ORDER_ENTITY_ID` FOREIGN KEY (`order_id`) REFERENCES `sales_flat_order` (`entity_id`) ON DELETE CASCADE ON UPDATE CASCADE,
  CONSTRAINT `FK_SALES_FLAT_INVOICE_STORE_ID_CORE_STORE_STORE_ID` FOREIGN KEY (`store_id`) REFERENCES `core_store` (`store_id`) ON DELETE SET NULL ON UPDATE CASCADE
) ENGINE=InnoDB DEFAULT CHARSET=utf8 COMMENT='Sales Flat Invoice';

--
-- Dumping data for table `sales_flat_invoice`
--


--
-- Table structure for table `sales_flat_invoice_comment`
--

CREATE TABLE `sales_flat_invoice_comment` (
  `entity_id` int(10) unsigned NOT NULL AUTO_INCREMENT COMMENT 'Entity Id',
  `parent_id` int(10) unsigned NOT NULL COMMENT 'Parent Id',
  `is_customer_notified` smallint(5) unsigned DEFAULT NULL COMMENT 'Is Customer Notified',
  `is_visible_on_front` smallint(5) unsigned NOT NULL COMMENT 'Is Visible On Front',
  `comment` text COMMENT 'Comment',
  `created_at` timestamp NULL DEFAULT NULL COMMENT 'Created At',
  PRIMARY KEY (`entity_id`),
  KEY `IDX_SALES_FLAT_INVOICE_COMMENT_CREATED_AT` (`created_at`),
  KEY `IDX_SALES_FLAT_INVOICE_COMMENT_PARENT_ID` (`parent_id`),
  CONSTRAINT `FK_5C4B36BBE5231A76AB8018B281ED50BC` FOREIGN KEY (`parent_id`) REFERENCES `sales_flat_invoice` (`entity_id`) ON DELETE CASCADE ON UPDATE CASCADE
) ENGINE=InnoDB DEFAULT CHARSET=utf8 COMMENT='Sales Flat Invoice Comment';

--
-- Dumping data for table `sales_flat_invoice_comment`
--


--
-- Table structure for table `sales_flat_invoice_grid`
--

CREATE TABLE `sales_flat_invoice_grid` (
  `entity_id` int(10) unsigned NOT NULL COMMENT 'Entity Id',
  `store_id` smallint(5) unsigned DEFAULT NULL COMMENT 'Store Id',
  `base_grand_total` decimal(12,4) DEFAULT NULL COMMENT 'Base Grand Total',
  `grand_total` decimal(12,4) DEFAULT NULL COMMENT 'Grand Total',
  `order_id` int(10) unsigned NOT NULL COMMENT 'Order Id',
  `state` int(11) DEFAULT NULL COMMENT 'State',
  `store_currency_code` varchar(3) DEFAULT NULL COMMENT 'Store Currency Code',
  `order_currency_code` varchar(3) DEFAULT NULL COMMENT 'Order Currency Code',
  `base_currency_code` varchar(3) DEFAULT NULL COMMENT 'Base Currency Code',
  `global_currency_code` varchar(3) DEFAULT NULL COMMENT 'Global Currency Code',
  `increment_id` varchar(50) DEFAULT NULL COMMENT 'Increment Id',
  `order_increment_id` varchar(50) DEFAULT NULL COMMENT 'Order Increment Id',
  `created_at` timestamp NULL DEFAULT NULL COMMENT 'Created At',
  `order_created_at` timestamp NULL DEFAULT NULL COMMENT 'Order Created At',
  `billing_name` varchar(255) DEFAULT NULL COMMENT 'Billing Name',
  PRIMARY KEY (`entity_id`),
  UNIQUE KEY `UNQ_SALES_FLAT_INVOICE_GRID_INCREMENT_ID` (`increment_id`),
  KEY `IDX_SALES_FLAT_INVOICE_GRID_STORE_ID` (`store_id`),
  KEY `IDX_SALES_FLAT_INVOICE_GRID_GRAND_TOTAL` (`grand_total`),
  KEY `IDX_SALES_FLAT_INVOICE_GRID_ORDER_ID` (`order_id`),
  KEY `IDX_SALES_FLAT_INVOICE_GRID_STATE` (`state`),
  KEY `IDX_SALES_FLAT_INVOICE_GRID_ORDER_INCREMENT_ID` (`order_increment_id`),
  KEY `IDX_SALES_FLAT_INVOICE_GRID_CREATED_AT` (`created_at`),
  KEY `IDX_SALES_FLAT_INVOICE_GRID_ORDER_CREATED_AT` (`order_created_at`),
  KEY `IDX_SALES_FLAT_INVOICE_GRID_BILLING_NAME` (`billing_name`),
  CONSTRAINT `FK_SALES_FLAT_INVOICE_GRID_ENTT_ID_SALES_FLAT_INVOICE_ENTT_ID` FOREIGN KEY (`entity_id`) REFERENCES `sales_flat_invoice` (`entity_id`) ON DELETE CASCADE ON UPDATE CASCADE,
  CONSTRAINT `FK_SALES_FLAT_INVOICE_GRID_STORE_ID_CORE_STORE_STORE_ID` FOREIGN KEY (`store_id`) REFERENCES `core_store` (`store_id`) ON DELETE SET NULL ON UPDATE CASCADE
) ENGINE=InnoDB DEFAULT CHARSET=utf8 COMMENT='Sales Flat Invoice Grid';

--
-- Dumping data for table `sales_flat_invoice_grid`
--


--
-- Table structure for table `sales_flat_invoice_item`
--

CREATE TABLE `sales_flat_invoice_item` (
  `entity_id` int(10) unsigned NOT NULL AUTO_INCREMENT COMMENT 'Entity Id',
  `parent_id` int(10) unsigned NOT NULL COMMENT 'Parent Id',
  `base_price` decimal(12,4) DEFAULT NULL COMMENT 'Base Price',
  `base_weee_tax_row_disposition` decimal(12,4) DEFAULT NULL COMMENT 'Base Weee Tax Row Disposition',
  `weee_tax_applied_row_amount` decimal(12,4) DEFAULT NULL COMMENT 'Weee Tax Applied Row Amount',
  `base_weee_tax_applied_amount` decimal(12,4) DEFAULT NULL COMMENT 'Base Weee Tax Applied Amount',
  `tax_amount` decimal(12,4) DEFAULT NULL COMMENT 'Tax Amount',
  `base_row_total` decimal(12,4) DEFAULT NULL COMMENT 'Base Row Total',
  `discount_amount` decimal(12,4) DEFAULT NULL COMMENT 'Discount Amount',
  `row_total` decimal(12,4) DEFAULT NULL COMMENT 'Row Total',
  `weee_tax_row_disposition` decimal(12,4) DEFAULT NULL COMMENT 'Weee Tax Row Disposition',
  `base_discount_amount` decimal(12,4) DEFAULT NULL COMMENT 'Base Discount Amount',
  `base_weee_tax_disposition` decimal(12,4) DEFAULT NULL COMMENT 'Base Weee Tax Disposition',
  `price_incl_tax` decimal(12,4) DEFAULT NULL COMMENT 'Price Incl Tax',
  `weee_tax_applied_amount` decimal(12,4) DEFAULT NULL COMMENT 'Weee Tax Applied Amount',
  `base_tax_amount` decimal(12,4) DEFAULT NULL COMMENT 'Base Tax Amount',
  `base_price_incl_tax` decimal(12,4) DEFAULT NULL COMMENT 'Base Price Incl Tax',
  `qty` decimal(12,4) DEFAULT NULL COMMENT 'Qty',
  `weee_tax_disposition` decimal(12,4) DEFAULT NULL COMMENT 'Weee Tax Disposition',
  `base_cost` decimal(12,4) DEFAULT NULL COMMENT 'Base Cost',
  `base_weee_tax_applied_row_amnt` decimal(12,4) DEFAULT NULL COMMENT 'Base Weee Tax Applied Row Amnt',
  `price` decimal(12,4) DEFAULT NULL COMMENT 'Price',
  `base_row_total_incl_tax` decimal(12,4) DEFAULT NULL COMMENT 'Base Row Total Incl Tax',
  `row_total_incl_tax` decimal(12,4) DEFAULT NULL COMMENT 'Row Total Incl Tax',
  `product_id` int(11) DEFAULT NULL COMMENT 'Product Id',
  `order_item_id` int(11) DEFAULT NULL COMMENT 'Order Item Id',
  `additional_data` text COMMENT 'Additional Data',
  `description` text COMMENT 'Description',
  `weee_tax_applied` text COMMENT 'Weee Tax Applied',
  `sku` varchar(255) DEFAULT NULL COMMENT 'Sku',
  `name` varchar(255) DEFAULT NULL COMMENT 'Name',
  `shipment_id` int(11) DEFAULT NULL,
  `hidden_tax_amount` decimal(12,4) DEFAULT NULL COMMENT 'Hidden Tax Amount',
  `base_hidden_tax_amount` decimal(12,4) DEFAULT NULL COMMENT 'Base Hidden Tax Amount',
  PRIMARY KEY (`entity_id`),
  KEY `IDX_SALES_FLAT_INVOICE_ITEM_PARENT_ID` (`parent_id`),
  CONSTRAINT `FK_SALES_FLAT_INVOICE_ITEM_PARENT_ID_SALES_FLAT_INVOICE_ENTT_ID` FOREIGN KEY (`parent_id`) REFERENCES `sales_flat_invoice` (`entity_id`) ON DELETE CASCADE ON UPDATE CASCADE
) ENGINE=InnoDB DEFAULT CHARSET=utf8 COMMENT='Sales Flat Invoice Item';

--
-- Dumping data for table `sales_flat_invoice_item`
--


--
-- Table structure for table `sales_flat_order`
--

CREATE TABLE `sales_flat_order` (
  `entity_id` int(10) unsigned NOT NULL AUTO_INCREMENT COMMENT 'Entity Id',
  `state` varchar(32) DEFAULT NULL COMMENT 'State',
  `status` varchar(32) DEFAULT NULL COMMENT 'Status',
  `coupon_code` varchar(255) DEFAULT NULL COMMENT 'Coupon Code',
  `protect_code` varchar(255) DEFAULT NULL COMMENT 'Protect Code',
  `shipping_description` varchar(255) DEFAULT NULL COMMENT 'Shipping Description',
  `is_virtual` smallint(5) unsigned DEFAULT NULL COMMENT 'Is Virtual',
  `store_id` smallint(5) unsigned DEFAULT NULL COMMENT 'Store Id',
  `customer_id` int(10) unsigned DEFAULT NULL COMMENT 'Customer Id',
  `base_discount_amount` decimal(12,4) DEFAULT NULL COMMENT 'Base Discount Amount',
  `base_discount_canceled` decimal(12,4) DEFAULT NULL COMMENT 'Base Discount Canceled',
  `base_discount_invoiced` decimal(12,4) DEFAULT NULL COMMENT 'Base Discount Invoiced',
  `base_discount_refunded` decimal(12,4) DEFAULT NULL COMMENT 'Base Discount Refunded',
  `base_grand_total` decimal(12,4) DEFAULT NULL COMMENT 'Base Grand Total',
  `base_shipping_amount` decimal(12,4) DEFAULT NULL COMMENT 'Base Shipping Amount',
  `base_shipping_canceled` decimal(12,4) DEFAULT NULL COMMENT 'Base Shipping Canceled',
  `base_shipping_invoiced` decimal(12,4) DEFAULT NULL COMMENT 'Base Shipping Invoiced',
  `base_shipping_refunded` decimal(12,4) DEFAULT NULL COMMENT 'Base Shipping Refunded',
  `base_shipping_tax_amount` decimal(12,4) DEFAULT NULL COMMENT 'Base Shipping Tax Amount',
  `base_shipping_tax_refunded` decimal(12,4) DEFAULT NULL COMMENT 'Base Shipping Tax Refunded',
  `base_subtotal` decimal(12,4) DEFAULT NULL COMMENT 'Base Subtotal',
  `base_subtotal_canceled` decimal(12,4) DEFAULT NULL COMMENT 'Base Subtotal Canceled',
  `base_subtotal_invoiced` decimal(12,4) DEFAULT NULL COMMENT 'Base Subtotal Invoiced',
  `base_subtotal_refunded` decimal(12,4) DEFAULT NULL COMMENT 'Base Subtotal Refunded',
  `base_tax_amount` decimal(12,4) DEFAULT NULL COMMENT 'Base Tax Amount',
  `base_tax_canceled` decimal(12,4) DEFAULT NULL COMMENT 'Base Tax Canceled',
  `base_tax_invoiced` decimal(12,4) DEFAULT NULL COMMENT 'Base Tax Invoiced',
  `base_tax_refunded` decimal(12,4) DEFAULT NULL COMMENT 'Base Tax Refunded',
  `base_to_global_rate` decimal(12,4) DEFAULT NULL COMMENT 'Base To Global Rate',
  `base_to_order_rate` decimal(12,4) DEFAULT NULL COMMENT 'Base To Order Rate',
  `base_total_canceled` decimal(12,4) DEFAULT NULL COMMENT 'Base Total Canceled',
  `base_total_invoiced` decimal(12,4) DEFAULT NULL COMMENT 'Base Total Invoiced',
  `base_total_invoiced_cost` decimal(12,4) DEFAULT NULL COMMENT 'Base Total Invoiced Cost',
  `base_total_offline_refunded` decimal(12,4) DEFAULT NULL COMMENT 'Base Total Offline Refunded',
  `base_total_online_refunded` decimal(12,4) DEFAULT NULL COMMENT 'Base Total Online Refunded',
  `base_total_paid` decimal(12,4) DEFAULT NULL COMMENT 'Base Total Paid',
  `base_total_qty_ordered` decimal(12,4) DEFAULT NULL COMMENT 'Base Total Qty Ordered',
  `base_total_refunded` decimal(12,4) DEFAULT NULL COMMENT 'Base Total Refunded',
  `discount_amount` decimal(12,4) DEFAULT NULL COMMENT 'Discount Amount',
  `discount_canceled` decimal(12,4) DEFAULT NULL COMMENT 'Discount Canceled',
  `discount_invoiced` decimal(12,4) DEFAULT NULL COMMENT 'Discount Invoiced',
  `discount_refunded` decimal(12,4) DEFAULT NULL COMMENT 'Discount Refunded',
  `grand_total` decimal(12,4) DEFAULT NULL COMMENT 'Grand Total',
  `shipping_amount` decimal(12,4) DEFAULT NULL COMMENT 'Shipping Amount',
  `shipping_canceled` decimal(12,4) DEFAULT NULL COMMENT 'Shipping Canceled',
  `shipping_invoiced` decimal(12,4) DEFAULT NULL COMMENT 'Shipping Invoiced',
  `shipping_refunded` decimal(12,4) DEFAULT NULL COMMENT 'Shipping Refunded',
  `shipping_tax_amount` decimal(12,4) DEFAULT NULL COMMENT 'Shipping Tax Amount',
  `shipping_tax_refunded` decimal(12,4) DEFAULT NULL COMMENT 'Shipping Tax Refunded',
  `store_to_base_rate` decimal(12,4) DEFAULT NULL COMMENT 'Store To Base Rate',
  `store_to_order_rate` decimal(12,4) DEFAULT NULL COMMENT 'Store To Order Rate',
  `subtotal` decimal(12,4) DEFAULT NULL COMMENT 'Subtotal',
  `subtotal_canceled` decimal(12,4) DEFAULT NULL COMMENT 'Subtotal Canceled',
  `subtotal_invoiced` decimal(12,4) DEFAULT NULL COMMENT 'Subtotal Invoiced',
  `subtotal_refunded` decimal(12,4) DEFAULT NULL COMMENT 'Subtotal Refunded',
  `tax_amount` decimal(12,4) DEFAULT NULL COMMENT 'Tax Amount',
  `tax_canceled` decimal(12,4) DEFAULT NULL COMMENT 'Tax Canceled',
  `tax_invoiced` decimal(12,4) DEFAULT NULL COMMENT 'Tax Invoiced',
  `tax_refunded` decimal(12,4) DEFAULT NULL COMMENT 'Tax Refunded',
  `total_canceled` decimal(12,4) DEFAULT NULL COMMENT 'Total Canceled',
  `total_invoiced` decimal(12,4) DEFAULT NULL COMMENT 'Total Invoiced',
  `total_offline_refunded` decimal(12,4) DEFAULT NULL COMMENT 'Total Offline Refunded',
  `total_online_refunded` decimal(12,4) DEFAULT NULL COMMENT 'Total Online Refunded',
  `total_paid` decimal(12,4) DEFAULT NULL COMMENT 'Total Paid',
  `total_qty_ordered` decimal(12,4) DEFAULT NULL COMMENT 'Total Qty Ordered',
  `total_refunded` decimal(12,4) DEFAULT NULL COMMENT 'Total Refunded',
  `can_ship_partially` smallint(5) unsigned DEFAULT NULL COMMENT 'Can Ship Partially',
  `can_ship_partially_item` smallint(5) unsigned DEFAULT NULL COMMENT 'Can Ship Partially Item',
  `customer_is_guest` smallint(5) unsigned DEFAULT NULL COMMENT 'Customer Is Guest',
  `customer_note_notify` smallint(5) unsigned DEFAULT NULL COMMENT 'Customer Note Notify',
  `billing_address_id` int(11) DEFAULT NULL COMMENT 'Billing Address Id',
  `customer_group_id` smallint(6) DEFAULT NULL COMMENT 'Customer Group Id',
  `edit_increment` int(11) DEFAULT NULL COMMENT 'Edit Increment',
  `email_sent` smallint(5) unsigned DEFAULT NULL COMMENT 'Email Sent',
  `forced_shipment_with_invoice` smallint(5) unsigned DEFAULT NULL COMMENT 'Forced Do Shipment With Invoice',
  `gift_message_id` int(11) DEFAULT NULL COMMENT 'Gift Message Id',
  `payment_auth_expiration` int(11) DEFAULT NULL COMMENT 'Payment Authorization Expiration',
  `paypal_ipn_customer_notified` int(11) DEFAULT NULL COMMENT 'Paypal Ipn Customer Notified',
  `quote_address_id` int(11) DEFAULT NULL COMMENT 'Quote Address Id',
  `quote_id` int(11) DEFAULT NULL COMMENT 'Quote Id',
  `shipping_address_id` int(11) DEFAULT NULL COMMENT 'Shipping Address Id',
  `adjustment_negative` decimal(12,4) DEFAULT NULL COMMENT 'Adjustment Negative',
  `adjustment_positive` decimal(12,4) DEFAULT NULL COMMENT 'Adjustment Positive',
  `base_adjustment_negative` decimal(12,4) DEFAULT NULL COMMENT 'Base Adjustment Negative',
  `base_adjustment_positive` decimal(12,4) DEFAULT NULL COMMENT 'Base Adjustment Positive',
  `base_shipping_discount_amount` decimal(12,4) DEFAULT NULL COMMENT 'Base Shipping Discount Amount',
  `base_subtotal_incl_tax` decimal(12,4) DEFAULT NULL COMMENT 'Base Subtotal Incl Tax',
  `base_total_due` decimal(12,4) DEFAULT NULL COMMENT 'Base Total Due',
  `payment_authorization_amount` decimal(12,4) DEFAULT NULL COMMENT 'Payment Authorization Amount',
  `shipping_discount_amount` decimal(12,4) DEFAULT NULL COMMENT 'Shipping Discount Amount',
  `subtotal_incl_tax` decimal(12,4) DEFAULT NULL COMMENT 'Subtotal Incl Tax',
  `total_due` decimal(12,4) DEFAULT NULL COMMENT 'Total Due',
  `weight` decimal(12,4) DEFAULT NULL COMMENT 'Weight',
  `customer_dob` datetime DEFAULT NULL COMMENT 'Customer Dob',
  `increment_id` varchar(50) DEFAULT NULL COMMENT 'Increment Id',
  `applied_rule_ids` varchar(255) DEFAULT NULL COMMENT 'Applied Rule Ids',
  `base_currency_code` varchar(3) DEFAULT NULL COMMENT 'Base Currency Code',
  `customer_email` varchar(255) DEFAULT NULL COMMENT 'Customer Email',
  `customer_firstname` varchar(255) DEFAULT NULL COMMENT 'Customer Firstname',
  `customer_lastname` varchar(255) DEFAULT NULL COMMENT 'Customer Lastname',
  `customer_middlename` varchar(255) DEFAULT NULL COMMENT 'Customer Middlename',
  `customer_prefix` varchar(255) DEFAULT NULL COMMENT 'Customer Prefix',
  `customer_suffix` varchar(255) DEFAULT NULL COMMENT 'Customer Suffix',
  `customer_taxvat` varchar(255) DEFAULT NULL COMMENT 'Customer Taxvat',
  `discount_description` varchar(255) DEFAULT NULL COMMENT 'Discount Description',
  `ext_customer_id` varchar(255) DEFAULT NULL COMMENT 'Ext Customer Id',
  `ext_order_id` varchar(255) DEFAULT NULL COMMENT 'Ext Order Id',
  `global_currency_code` varchar(3) DEFAULT NULL COMMENT 'Global Currency Code',
  `hold_before_state` varchar(255) DEFAULT NULL COMMENT 'Hold Before State',
  `hold_before_status` varchar(255) DEFAULT NULL COMMENT 'Hold Before Status',
  `order_currency_code` varchar(255) DEFAULT NULL COMMENT 'Order Currency Code',
  `original_increment_id` varchar(50) DEFAULT NULL COMMENT 'Original Increment Id',
  `relation_child_id` varchar(32) DEFAULT NULL COMMENT 'Relation Child Id',
  `relation_child_real_id` varchar(32) DEFAULT NULL COMMENT 'Relation Child Real Id',
  `relation_parent_id` varchar(32) DEFAULT NULL COMMENT 'Relation Parent Id',
  `relation_parent_real_id` varchar(32) DEFAULT NULL COMMENT 'Relation Parent Real Id',
  `remote_ip` varchar(255) DEFAULT NULL COMMENT 'Remote Ip',
  `shipping_method` varchar(255) DEFAULT NULL COMMENT 'Shipping Method',
  `store_currency_code` varchar(3) DEFAULT NULL COMMENT 'Store Currency Code',
  `store_name` varchar(255) DEFAULT NULL COMMENT 'Store Name',
  `x_forwarded_for` varchar(255) DEFAULT NULL COMMENT 'X Forwarded For',
  `customer_note` text COMMENT 'Customer Note',
  `created_at` timestamp NULL DEFAULT NULL COMMENT 'Created At',
  `updated_at` timestamp NULL DEFAULT NULL COMMENT 'Updated At',
  `total_item_count` smallint(5) unsigned NOT NULL COMMENT 'Total Item Count',
  `customer_gender` int(11) DEFAULT NULL COMMENT 'Customer Gender',
  `base_custbalance_amount` decimal(12,4) DEFAULT NULL,
  `currency_base_id` int(11) DEFAULT NULL,
  `currency_code` varchar(255) DEFAULT NULL,
  `currency_rate` decimal(12,4) DEFAULT NULL,
  `custbalance_amount` decimal(12,4) DEFAULT NULL,
  `is_hold` int(11) DEFAULT NULL,
  `is_multi_payment` int(11) DEFAULT NULL,
  `real_order_id` varchar(255) DEFAULT NULL,
  `tax_percent` decimal(12,4) DEFAULT NULL,
  `tracking_numbers` text,
  `hidden_tax_amount` decimal(12,4) DEFAULT NULL COMMENT 'Hidden Tax Amount',
  `base_hidden_tax_amount` decimal(12,4) DEFAULT NULL COMMENT 'Base Hidden Tax Amount',
  `shipping_hidden_tax_amount` decimal(12,4) DEFAULT NULL COMMENT 'Shipping Hidden Tax Amount',
  `base_shipping_hidden_tax_amnt` decimal(12,4) DEFAULT NULL COMMENT 'Base Shipping Hidden Tax Amount',
  `hidden_tax_invoiced` decimal(12,4) DEFAULT NULL COMMENT 'Hidden Tax Invoiced',
  `base_hidden_tax_invoiced` decimal(12,4) DEFAULT NULL COMMENT 'Base Hidden Tax Invoiced',
  `hidden_tax_refunded` decimal(12,4) DEFAULT NULL COMMENT 'Hidden Tax Refunded',
  `base_hidden_tax_refunded` decimal(12,4) DEFAULT NULL COMMENT 'Base Hidden Tax Refunded',
  `shipping_incl_tax` decimal(12,4) DEFAULT NULL COMMENT 'Shipping Incl Tax',
  `base_shipping_incl_tax` decimal(12,4) DEFAULT NULL COMMENT 'Base Shipping Incl Tax',
  `coupon_rule_name` varchar(255) DEFAULT NULL COMMENT 'Coupon Sales Rule Name',
  PRIMARY KEY (`entity_id`),
  UNIQUE KEY `UNQ_SALES_FLAT_ORDER_INCREMENT_ID` (`increment_id`),
  KEY `IDX_SALES_FLAT_ORDER_STATUS` (`status`),
  KEY `IDX_SALES_FLAT_ORDER_STATE` (`state`),
  KEY `IDX_SALES_FLAT_ORDER_STORE_ID` (`store_id`),
  KEY `IDX_SALES_FLAT_ORDER_CREATED_AT` (`created_at`),
  KEY `IDX_SALES_FLAT_ORDER_CUSTOMER_ID` (`customer_id`),
  KEY `IDX_SALES_FLAT_ORDER_EXT_ORDER_ID` (`ext_order_id`),
  KEY `IDX_SALES_FLAT_ORDER_QUOTE_ID` (`quote_id`),
  KEY `IDX_SALES_FLAT_ORDER_UPDATED_AT` (`updated_at`),
  CONSTRAINT `FK_SALES_FLAT_ORDER_CUSTOMER_ID_CUSTOMER_ENTITY_ENTITY_ID` FOREIGN KEY (`customer_id`) REFERENCES `customer_entity` (`entity_id`) ON DELETE SET NULL ON UPDATE CASCADE,
  CONSTRAINT `FK_SALES_FLAT_ORDER_STORE_ID_CORE_STORE_STORE_ID` FOREIGN KEY (`store_id`) REFERENCES `core_store` (`store_id`) ON DELETE SET NULL ON UPDATE CASCADE
) ENGINE=InnoDB DEFAULT CHARSET=utf8 COMMENT='Sales Flat Order';

--
-- Dumping data for table `sales_flat_order`
--


--
-- Table structure for table `sales_flat_order_address`
--

CREATE TABLE `sales_flat_order_address` (
  `entity_id` int(10) unsigned NOT NULL AUTO_INCREMENT COMMENT 'Entity Id',
  `parent_id` int(10) unsigned DEFAULT NULL COMMENT 'Parent Id',
  `customer_address_id` int(11) DEFAULT NULL COMMENT 'Customer Address Id',
  `quote_address_id` int(11) DEFAULT NULL COMMENT 'Quote Address Id',
  `region_id` int(11) DEFAULT NULL COMMENT 'Region Id',
  `customer_id` int(11) DEFAULT NULL COMMENT 'Customer Id',
  `fax` varchar(255) DEFAULT NULL COMMENT 'Fax',
  `region` varchar(255) DEFAULT NULL COMMENT 'Region',
  `postcode` varchar(255) DEFAULT NULL COMMENT 'Postcode',
  `lastname` varchar(255) DEFAULT NULL COMMENT 'Lastname',
  `street` varchar(255) DEFAULT NULL COMMENT 'Street',
  `city` varchar(255) DEFAULT NULL COMMENT 'City',
  `email` varchar(255) DEFAULT NULL COMMENT 'Email',
  `telephone` varchar(255) DEFAULT NULL COMMENT 'Telephone',
  `country_id` varchar(2) DEFAULT NULL COMMENT 'Country Id',
  `firstname` varchar(255) DEFAULT NULL COMMENT 'Firstname',
  `address_type` varchar(255) DEFAULT NULL COMMENT 'Address Type',
  `prefix` varchar(255) DEFAULT NULL COMMENT 'Prefix',
  `middlename` varchar(255) DEFAULT NULL COMMENT 'Middlename',
  `suffix` varchar(255) DEFAULT NULL COMMENT 'Suffix',
  `company` varchar(255) DEFAULT NULL COMMENT 'Company',
  `address_id` int(11) DEFAULT NULL,
  `gift_message_id` int(11) DEFAULT NULL,
  `tax_id` varchar(255) DEFAULT NULL,
  `vat_id` text COMMENT 'Vat Id',
  `vat_is_valid` smallint(6) DEFAULT NULL COMMENT 'Vat Is Valid',
  `vat_request_id` text COMMENT 'Vat Request Id',
  `vat_request_date` text COMMENT 'Vat Request Date',
  `vat_request_success` smallint(6) DEFAULT NULL COMMENT 'Vat Request Success',
  PRIMARY KEY (`entity_id`),
  KEY `IDX_SALES_FLAT_ORDER_ADDRESS_PARENT_ID` (`parent_id`),
  CONSTRAINT `FK_SALES_FLAT_ORDER_ADDRESS_PARENT_ID_SALES_FLAT_ORDER_ENTITY_ID` FOREIGN KEY (`parent_id`) REFERENCES `sales_flat_order` (`entity_id`) ON DELETE CASCADE ON UPDATE CASCADE
) ENGINE=InnoDB DEFAULT CHARSET=utf8 COMMENT='Sales Flat Order Address';

--
-- Dumping data for table `sales_flat_order_address`
--


--
-- Table structure for table `sales_flat_order_grid`
--

CREATE TABLE `sales_flat_order_grid` (
  `entity_id` int(10) unsigned NOT NULL COMMENT 'Entity Id',
  `status` varchar(32) DEFAULT NULL COMMENT 'Status',
  `store_id` smallint(5) unsigned DEFAULT NULL COMMENT 'Store Id',
  `store_name` varchar(255) DEFAULT NULL COMMENT 'Store Name',
  `customer_id` int(10) unsigned DEFAULT NULL COMMENT 'Customer Id',
  `base_grand_total` decimal(12,4) DEFAULT NULL COMMENT 'Base Grand Total',
  `base_total_paid` decimal(12,4) DEFAULT NULL COMMENT 'Base Total Paid',
  `grand_total` decimal(12,4) DEFAULT NULL COMMENT 'Grand Total',
  `total_paid` decimal(12,4) DEFAULT NULL COMMENT 'Total Paid',
  `increment_id` varchar(50) DEFAULT NULL COMMENT 'Increment Id',
  `base_currency_code` varchar(3) DEFAULT NULL COMMENT 'Base Currency Code',
  `order_currency_code` varchar(255) DEFAULT NULL COMMENT 'Order Currency Code',
  `shipping_name` varchar(255) DEFAULT NULL COMMENT 'Shipping Name',
  `billing_name` varchar(255) DEFAULT NULL COMMENT 'Billing Name',
  `created_at` timestamp NULL DEFAULT NULL COMMENT 'Created At',
  `updated_at` timestamp NULL DEFAULT NULL COMMENT 'Updated At',
  PRIMARY KEY (`entity_id`),
  UNIQUE KEY `UNQ_SALES_FLAT_ORDER_GRID_INCREMENT_ID` (`increment_id`),
  KEY `IDX_SALES_FLAT_ORDER_GRID_STATUS` (`status`),
  KEY `IDX_SALES_FLAT_ORDER_GRID_STORE_ID` (`store_id`),
  KEY `IDX_SALES_FLAT_ORDER_GRID_BASE_GRAND_TOTAL` (`base_grand_total`),
  KEY `IDX_SALES_FLAT_ORDER_GRID_BASE_TOTAL_PAID` (`base_total_paid`),
  KEY `IDX_SALES_FLAT_ORDER_GRID_GRAND_TOTAL` (`grand_total`),
  KEY `IDX_SALES_FLAT_ORDER_GRID_TOTAL_PAID` (`total_paid`),
  KEY `IDX_SALES_FLAT_ORDER_GRID_SHIPPING_NAME` (`shipping_name`),
  KEY `IDX_SALES_FLAT_ORDER_GRID_BILLING_NAME` (`billing_name`),
  KEY `IDX_SALES_FLAT_ORDER_GRID_CREATED_AT` (`created_at`),
  KEY `IDX_SALES_FLAT_ORDER_GRID_CUSTOMER_ID` (`customer_id`),
  KEY `IDX_SALES_FLAT_ORDER_GRID_UPDATED_AT` (`updated_at`),
  CONSTRAINT `FK_SALES_FLAT_ORDER_GRID_CUSTOMER_ID_CUSTOMER_ENTITY_ENTITY_ID` FOREIGN KEY (`customer_id`) REFERENCES `customer_entity` (`entity_id`) ON DELETE SET NULL ON UPDATE CASCADE,
  CONSTRAINT `FK_SALES_FLAT_ORDER_GRID_ENTITY_ID_SALES_FLAT_ORDER_ENTITY_ID` FOREIGN KEY (`entity_id`) REFERENCES `sales_flat_order` (`entity_id`) ON DELETE CASCADE ON UPDATE CASCADE,
  CONSTRAINT `FK_SALES_FLAT_ORDER_GRID_STORE_ID_CORE_STORE_STORE_ID` FOREIGN KEY (`store_id`) REFERENCES `core_store` (`store_id`) ON DELETE SET NULL ON UPDATE CASCADE
) ENGINE=InnoDB DEFAULT CHARSET=utf8 COMMENT='Sales Flat Order Grid';

--
-- Dumping data for table `sales_flat_order_grid`
--


--
-- Table structure for table `sales_flat_order_item`
--

