-- MySQL dump 10.11
--
-- Host: localhost    Database: lilli
-- ------------------------------------------------------
-- Server version	5.0.92-rs

/*!40101 SET @OLD_CHARACTER_SET_CLIENT=@@CHARACTER_SET_CLIENT */;
/*!40101 SET @OLD_CHARACTER_SET_RESULTS=@@CHARACTER_SET_RESULTS */;
/*!40101 SET @OLD_COLLATION_CONNECTION=@@COLLATION_CONNECTION */;
/*!40101 SET NAMES utf8 */;
/*!40103 SET @OLD_TIME_ZONE=@@TIME_ZONE */;
/*!40103 SET TIME_ZONE='+00:00' */;
/*!40014 SET @OLD_UNIQUE_CHECKS=@@UNIQUE_CHECKS, UNIQUE_CHECKS=0 */;
/*!40014 SET @OLD_FOREIGN_KEY_CHECKS=@@FOREIGN_KEY_CHECKS, FOREIGN_KEY_CHECKS=0 */;
/*!40101 SET @OLD_SQL_MODE=@@SQL_MODE, SQL_MODE='NO_AUTO_VALUE_ON_ZERO' */;
/*!40111 SET @OLD_SQL_NOTES=@@SQL_NOTES, SQL_NOTES=0 */;

--
-- Table structure for table `10_04_08`
--

DROP TABLE IF EXISTS `10_04_08`;
/*!40101 SET @saved_cs_client     = @@character_set_client */;
/*!40101 SET character_set_client = utf8 */;
CREATE TABLE `10_04_08` (
  `foto` varchar(50) NOT NULL,
  `incr` int(11) NOT NULL
) ENGINE=MyISAM DEFAULT CHARSET=latin1;
/*!40101 SET character_set_client = @saved_cs_client */;

--
-- Dumping data for table `10_04_08`
--

LOCK TABLES `10_04_08` WRITE;
/*!40000 ALTER TABLE `10_04_08` DISABLE KEYS */;
INSERT INTO `10_04_08` VALUES ('DSC_2637.jpg',1),('DSC_2638.jpg',2),('DSC_2639.jpg',3),('DSC_2640.jpg',4),('DSC_2641.jpg',5),('DSC_2642.jpg',6),('DSC_2643.jpg',7),('DSC_2644.jpg',8),('DSC_2645.jpg',9),('DSC_2646.jpg',10),('DSC_2647.jpg',11),('DSC_2648.jpg',12),('DSC_2649.jpg',13),('DSC_2650.jpg',14),('DSC_2651.jpg',15),('DSC_2652.jpg',16),('DSC_2653.jpg',17);
/*!40000 ALTER TABLE `10_04_08` ENABLE KEYS */;
UNLOCK TABLES;

--
-- Table structure for table `10_10_08`
--

DROP TABLE IF EXISTS `10_10_08`;
/*!40101 SET @saved_cs_client     = @@character_set_client */;
/*!40101 SET character_set_client = utf8 */;
CREATE TABLE `10_10_08` (
  `foto` varchar(50) NOT NULL,
  `incr` int(11) NOT NULL
) ENGINE=MyISAM DEFAULT CHARSET=latin1;
/*!40101 SET character_set_client = @saved_cs_client */;

--
-- Dumping data for table `10_10_08`
--

LOCK TABLES `10_10_08` WRITE;
/*!40000 ALTER TABLE `10_10_08` DISABLE KEYS */;
INSERT INTO `10_10_08` VALUES ('DSC_2654.jpg',1),('DSC_2655.jpg',2),('DSC_2656.jpg',3),('DSC_2657.jpg',4),('DSC_2658.jpg',5),('DSC_2659.jpg',6),('DSC_2660.jpg',7),('DSC_2661.jpg',8),('DSC_2662.jpg',9),('DSC_2663.jpg',10),('DSC_2664.jpg',11),('DSC_2665.jpg',12),('DSC_2666.jpg',13);
/*!40000 ALTER TABLE `10_10_08` ENABLE KEYS */;
UNLOCK TABLES;

--
-- Table structure for table `2_13_08`
--

DROP TABLE IF EXISTS `2_13_08`;
/*!40101 SET @saved_cs_client     = @@character_set_client */;
/*!40101 SET character_set_client = utf8 */;
CREATE TABLE `2_13_08` (
  `foto` varchar(50) NOT NULL,
  `incr` int(11) NOT NULL
) ENGINE=MyISAM DEFAULT CHARSET=latin1;
/*!40101 SET character_set_client = @saved_cs_client */;

--
-- Dumping data for table `2_13_08`
--

LOCK TABLES `2_13_08` WRITE;
/*!40000 ALTER TABLE `2_13_08` DISABLE KEYS */;
INSERT INTO `2_13_08` VALUES ('DSC_3315.jpg',1),('DSC_3317.jpg',2),('DSC_3319.jpg',3),('DSC_3321.jpg',4),('DSC_3322.jpg',5),('DSC_3323.jpg',6),('DSC_3324.jpg',7),('DSC_3326.jpg',8),('DSC_3327.jpg',9),('DSC_3328.jpg',10),('DSC_3330.jpg',11),('DSC_3333.jpg',12),('DSC_3334.jpg',13),('DSC_3336.jpg',14),('DSC_3338.jpg',15),('DSC_3341.jpg',16),('DSC_3342.jpg',17),('DSC_3343.jpg',18),('DSC_3344.jpg',19),('DSC_3345.jpg',20),('DSC_3348.jpg',21),('DSC_3349.jpg',22),('DSC_3352.jpg',23),('DSC_3353.jpg',24),('DSC_3354.jpg',25),('DSC_3355.jpg',26),('DSC_3360.jpg',27),('DSC_3361.jpg',28),('DSC_3363.jpg',29),('DSC_3365.jpg',30),('DSC_3367.jpg',31),('DSC_3368.jpg',32),('DSC_3369.jpg',33),('DSC_3371.jpg',34),('DSC_3373.jpg',35),('DSC_3375.jpg',36),('DSC_3377.jpg',37),('DSC_3378.jpg',38),('DSC_3379.jpg',39),('DSC_3381.jpg',40),('DSC_3382.jpg',41),('DSC_3383.jpg',42),('DSC_3384.jpg',43),('DSC_3385.jpg',44),('DSC_3386.jpg',45),('DSC_3387.jpg',46),('DSC_3389.jpg',47),('DSC_3390.jpg',48),('DSC_3391.jpg',49),('DSC_3393.jpg',50),('DSC_3394.jpg',51),('DSC_3395.jpg',52),('DSC_3396.jpg',53),('DSC_3397.jpg',54),('DSC_3398.jpg',55),('DSC_3399.jpg',56),('DSC_3401.jpg',57),('DSC_3403.jpg',58),('DSC_3404.jpg',59),('DSC_3405.jpg',60),('DSC_3406.jpg',61),('DSC_3407.jpg',62),('DSC_3408.jpg',63),('DSC_3409.jpg',64),('DSC_3410.jpg',65),('DSC_3411.jpg',66),('DSC_3412.jpg',67),('DSC_3413.jpg',68),('DSC_3414.jpg',69),('DSC_3415.jpg',70),('DSC_3416.jpg',71),('DSC_3417.jpg',72),('DSC_3418.jpg',73),('DSC_3421.jpg',74),('DSC_3422.jpg',75),('DSC_3423.jpg',76),('DSC_3424.jpg',77),('DSC_3425.jpg',78),('DSC_3429.jpg',79);
/*!40000 ALTER TABLE `2_13_08` ENABLE KEYS */;
UNLOCK TABLES;

--
-- Table structure for table `2_de_agosto_2008`
--

DROP TABLE IF EXISTS `2_de_agosto_2008`;
/*!40101 SET @saved_cs_client     = @@character_set_client */;
/*!40101 SET character_set_client = utf8 */;
CREATE TABLE `2_de_agosto_2008` (
  `foto` varchar(50) NOT NULL default '',
  `incr` int(11) NOT NULL default '0'
) ENGINE=MyISAM DEFAULT CHARSET=latin1;
/*!40101 SET character_set_client = @saved_cs_client */;

--
-- Dumping data for table `2_de_agosto_2008`
--

LOCK TABLES `2_de_agosto_2008` WRITE;
/*!40000 ALTER TABLE `2_de_agosto_2008` DISABLE KEYS */;
INSERT INTO `2_de_agosto_2008` VALUES ('DSC_2293.jpg',1),('DSC_2294.jpg',2),('DSC_2295.jpg',3),('DSC_2296.jpg',4),('DSC_2297.jpg',5),('DSC_2298.jpg',6),('DSC_2299.jpg',7),('DSC_2300.jpg',8),('DSC_2301.jpg',9),('DSC_2302.jpg',10),('DSC_2303.jpg',11),('DSC_2304.jpg',12),('DSC_2305.jpg',13),('DSC_2306.jpg',14),('DSC_2307.jpg',15),('DSC_2308.jpg',16),('DSC_2309.jpg',17),('DSC_2310.jpg',18),('DSC_2311.jpg',19),('DSC_2312.jpg',20),('DSC_2313.jpg',21),('DSC_2314.jpg',22),('DSC_2315.jpg',23),('DSC_2316.jpg',24),('DSC_2317.jpg',25),('DSC_2318.jpg',26),('DSC_2319.jpg',27),('DSC_2320.jpg',28),('DSC_2321.jpg',29),('DSC_2322.jpg',30),('DSC_2323.jpg',31),('DSC_2324.jpg',32),('DSC_2325.jpg',33),('DSC_2326.jpg',34),('DSC_2327.jpg',35),('DSC_2328.jpg',36),('DSC_2329.jpg',37),('DSC_2330.jpg',38),('DSC_2331.jpg',39),('DSC_2332.jpg',40),('DSC_2333.jpg',41),('DSC_2334.jpg',42),('DSC_2335.jpg',43),('DSC_2336.jpg',44),('DSC_2337.jpg',45),('DSC_2338.jpg',46),('DSC_2339.jpg',47),('DSC_2340.jpg',48),('DSC_2341.jpg',49),('DSC_2342.jpg',50),('DSC_2343.jpg',51),('DSC_2344.jpg',52),('DSC_2345.jpg',53),('DSC_2346.jpg',54),('DSC_2347.jpg',55),('DSC_2348.jpg',56),('DSC_2349.jpg',57),('DSC_2350.jpg',58),('DSC_2351.jpg',59),('DSC_2352.jpg',60),('DSC_2353.jpg',61),('DSC_2354.jpg',62),('DSC_2355.jpg',63),('DSC_2356.jpg',64),('DSC_2357.jpg',65),('DSC_2358.jpg',66),('DSC_2359.jpg',67),('DSC_2360.jpg',68),('DSC_2361.jpg',69),('DSC_2362.jpg',70),('DSC_2363.jpg',71),('DSC_2364.jpg',72),('DSC_2365.jpg',73),('DSC_2366.jpg',74),('DSC_2367.jpg',75),('DSC_2368.jpg',76),('DSC_2369.jpg',77),('DSC_2370.jpg',78),('DSC_2371.jpg',79),('DSC_2372.jpg',80),('DSC_2373.jpg',81),('DSC_2374.jpg',82),('DSC_2375.jpg',83),('DSC_2376.jpg',84),('DSC_2377.jpg',85),('DSC_2378.jpg',86),('DSC_2379.jpg',87),('DSC_2380.jpg',88),('DSC_2381.jpg',89);
/*!40000 ALTER TABLE `2_de_agosto_2008` ENABLE KEYS */;
UNLOCK TABLES;

--
-- Table structure for table `4_04_09_Playa`
--

DROP TABLE IF EXISTS `4_04_09_Playa`;
/*!40101 SET @saved_cs_client     = @@character_set_client */;
/*!40101 SET character_set_client = utf8 */;
CREATE TABLE `4_04_09_Playa` (
  `foto` varchar(50) NOT NULL,
  `incr` int(11) NOT NULL
) ENGINE=MyISAM DEFAULT CHARSET=latin1;
/*!40101 SET character_set_client = @saved_cs_client */;

--
-- Dumping data for table `4_04_09_Playa`
--

LOCK TABLES `4_04_09_Playa` WRITE;
/*!40000 ALTER TABLE `4_04_09_Playa` DISABLE KEYS */;
INSERT INTO `4_04_09_Playa` VALUES ('DSC_3495.jpg',1),('DSC_3496.jpg',2),('DSC_3497.jpg',3),('DSC_3498.jpg',4),('DSC_3499.jpg',5),('DSC_3500.jpg',6),('DSC_3501.jpg',7),('DSC_3502.jpg',8),('DSC_3503.jpg',9),('DSC_3504.jpg',10),('DSC_3505.jpg',11),('DSC_3506.jpg',12),('DSC_3507.jpg',13),('DSC_3508.jpg',14),('DSC_3509.jpg',15),('DSC_3510.jpg',16),('DSC_3511.jpg',17),('DSC_3512.jpg',18),('DSC_3513.jpg',19),('DSC_3514.jpg',20),('DSC_3515.jpg',21),('DSC_3516.jpg',22),('DSC_3519.jpg',23),('DSC_3520.jpg',24),('DSC_3521.jpg',25),('DSC_3522.jpg',26),('DSC_3523.jpg',27),('DSC_3524.jpg',28),('DSC_3525.jpg',29),('DSC_3526.jpg',30),('DSC_3527.jpg',31),('DSC_3528.jpg',32),('DSC_3529.jpg',33),('DSC_3530.jpg',34),('DSC_3531.jpg',35),('DSC_3532.jpg',36),('DSC_3533.jpg',37),('DSC_3534.jpg',38),('DSC_3535.jpg',39),('DSC_3536.jpg',40),('DSC_3537.jpg',41),('DSC_3538.jpg',42),('DSC_3539.jpg',43),('DSC_3540.jpg',44),('DSC_3541.jpg',45),('DSC_3542.jpg',46),('DSC_3543.jpg',47),('DSC_3544.jpg',48),('DSC_3545.jpg',49),('DSC_3546.jpg',50),('DSC_3547.jpg',51),('DSC_3548.jpg',52),('DSC_3549.jpg',53),('DSC_3550.jpg',54),('DSC_3551.jpg',55),('DSC_3552.jpg',56),('DSC_3553.jpg',57),('DSC_3554.jpg',58),('DSC_3555.jpg',59),('DSC_3556.jpg',60),('DSC_3557.jpg',61),('DSC_3558.jpg',62),('DSC_3559.jpg',63),('DSC_3560.jpg',64),('DSC_3561.jpg',65),('DSC_3562.jpg',66),('DSC_3563.jpg',67),('DSC_3564.jpg',68),('DSC_3565.jpg',69),('DSC_3567.jpg',70),('DSC_3568.jpg',71),('DSC_3569.jpg',72),('DSC_3570.jpg',73),('DSC_3571.jpg',74),('DSC_3572.jpg',75),('DSC_3573.jpg',76),('DSC_3574.jpg',77),('DSC_3575.jpg',78),('DSC_3576.jpg',79),('DSC_3579.jpg',80),('DSC_3580.jpg',81),('DSC_3581.jpg',82),('DSC_3583.jpg',83),('DSC_3585.jpg',84),('DSC_3586.jpg',85),('DSC_3587.jpg',86),('DSC_3588.jpg',87),('DSC_3589.jpg',88);
/*!40000 ALTER TABLE `4_04_09_Playa` ENABLE KEYS */;
UNLOCK TABLES;

--
-- Table structure for table `4_07_08`
--

DROP TABLE IF EXISTS `4_07_08`;
/*!40101 SET @saved_cs_client     = @@character_set_client */;
/*!40101 SET character_set_client = utf8 */;
CREATE TABLE `4_07_08` (
  `foto` varchar(50) NOT NULL default '',
  `incr` int(11) NOT NULL default '0'
) ENGINE=MyISAM DEFAULT CHARSET=latin1;
/*!40101 SET character_set_client = @saved_cs_client */;

--
-- Dumping data for table `4_07_08`
--

LOCK TABLES `4_07_08` WRITE;
/*!40000 ALTER TABLE `4_07_08` DISABLE KEYS */;
INSERT INTO `4_07_08` VALUES ('DSC_1841.jpg',1),('DSC_1842.jpg',2),('DSC_1843.jpg',3),('DSC_1844.jpg',4),('DSC_1845.jpg',5),('DSC_1848.jpg',6),('DSC_1849.jpg',7),('DSC_1850.jpg',8),('DSC_1851.jpg',9),('DSC_1852.jpg',10),('DSC_1853.jpg',11),('DSC_1854.jpg',12),('DSC_1855.jpg',13),('DSC_1856.jpg',14),('DSC_1857.jpg',15),('DSC_1858.jpg',16),('DSC_1859.jpg',17),('DSC_1860.jpg',18),('DSC_1861.jpg',19),('DSC_1862.jpg',20),('DSC_1863.jpg',21),('DSC_1864.jpg',22),('DSC_1865.jpg',23),('DSC_1866.jpg',24),('DSC_1868.jpg',25),('DSC_1869.jpg',26),('DSC_1870.jpg',27),('DSC_1871.jpg',28),('DSC_1872.jpg',29),('DSC_1873.jpg',30),('DSC_1874.jpg',31),('DSC_1875.jpg',32),('DSC_1876.jpg',33),('DSC_1877.jpg',34),('DSC_1878.jpg',35),('DSC_1879.jpg',36),('DSC_1880.jpg',37),('DSC_1881.jpg',38),('DSC_1883.jpg',39),('DSC_1884.jpg',40),('DSC_1885.jpg',41),('DSC_1886.jpg',42),('DSC_1887.jpg',43);
/*!40000 ALTER TABLE `4_07_08` ENABLE KEYS */;
UNLOCK TABLES;

--
-- Table structure for table `4_14_08`
--

DROP TABLE IF EXISTS `4_14_08`;
/*!40101 SET @saved_cs_client     = @@character_set_client */;
/*!40101 SET character_set_client = utf8 */;
CREATE TABLE `4_14_08` (
  `foto` varchar(50) NOT NULL default '',
  `incr` int(11) NOT NULL default '0'
) ENGINE=MyISAM DEFAULT CHARSET=latin1;
/*!40101 SET character_set_client = @saved_cs_client */;

--
-- Dumping data for table `4_14_08`
--

LOCK TABLES `4_14_08` WRITE;
/*!40000 ALTER TABLE `4_14_08` DISABLE KEYS */;
INSERT INTO `4_14_08` VALUES ('DSC_1889.jpg',1),('DSC_1891.jpg',2),('DSC_1892.jpg',3),('DSC_1893.jpg',4),('DSC_1894.jpg',5),('DSC_1895.jpg',6),('DSC_1896.jpg',7),('DSC_1897.jpg',8),('DSC_1898.jpg',9),('DSC_1899.jpg',10),('DSC_1900.jpg',11),('DSC_1901.jpg',12),('DSC_1902.jpg',13),('DSC_1907.jpg',14),('DSC_1908.jpg',15),('DSC_1909.jpg',16),('DSC_1910.jpg',17),('DSC_1911.jpg',18),('DSC_1912.jpg',19),('DSC_1913.jpg',20),('DSC_1914.jpg',21),('DSC_1915.jpg',22),('DSC_1916.jpg',23),('DSC_1917.jpg',24);
/*!40000 ALTER TABLE `4_14_08` ENABLE KEYS */;
UNLOCK TABLES;

--
-- Table structure for table `4_16_08`
--

DROP TABLE IF EXISTS `4_16_08`;
/*!40101 SET @saved_cs_client     = @@character_set_client */;
/*!40101 SET character_set_client = utf8 */;
CREATE TABLE `4_16_08` (
  `foto` varchar(50) NOT NULL default '',
  `incr` int(11) NOT NULL default '0'
) ENGINE=MyISAM DEFAULT CHARSET=latin1;
/*!40101 SET character_set_client = @saved_cs_client */;

--
-- Dumping data for table `4_16_08`
--

LOCK TABLES `4_16_08` WRITE;
/*!40000 ALTER TABLE `4_16_08` DISABLE KEYS */;
INSERT INTO `4_16_08` VALUES ('DSC_1918.jpg',1),('DSC_1919.jpg',2),('DSC_1920.jpg',3),('DSC_1921.jpg',4),('DSC_1922.jpg',5),('DSC_1923.jpg',6),('DSC_1924.jpg',7),('DSC_1925.jpg',8),('DSC_1926.jpg',9),('DSC_1927.jpg',10),('DSC_1928.jpg',11),('DSC_1929.jpg',12),('DSC_1930.jpg',13),('DSC_1931.jpg',14),('DSC_1932.jpg',15),('DSC_1933.jpg',16),('DSC_1934.jpg',17),('DSC_1935.jpg',18),('DSC_1936.jpg',19),('DSC_1937.jpg',20),('DSC_1938.jpg',21),('DSC_1939.jpg',22),('DSC_1940.jpg',23),('DSC_1941.jpg',24),('DSC_1942.jpg',25),('DSC_1943.jpg',26),('DSC_1944.jpg',27),('DSC_1945.jpg',28),('DSC_1946.jpg',29),('DSC_1947.jpg',30),('DSC_1948.jpg',31),('DSC_1949.jpg',32),('DSC_1950.jpg',33),('DSC_1951.jpg',34),('DSC_1952.jpg',35),('DSC_1953.jpg',36),('DSC_1954.jpg',37),('DSC_1955.jpg',38),('DSC_1956.jpg',39),('DSC_1957.jpg',40),('DSC_1958.jpg',41),('DSC_1959.jpg',42);
/*!40000 ALTER TABLE `4_16_08` ENABLE KEYS */;
UNLOCK TABLES;

--
-- Table structure for table `4_22_08`
--

DROP TABLE IF EXISTS `4_22_08`;
/*!40101 SET @saved_cs_client     = @@character_set_client */;
/*!40101 SET character_set_client = utf8 */;
CREATE TABLE `4_22_08` (
  `foto` varchar(50) NOT NULL default '',
  `incr` int(11) NOT NULL default '0'
) ENGINE=MyISAM DEFAULT CHARSET=latin1;
/*!40101 SET character_set_client = @saved_cs_client */;

--
-- Dumping data for table `4_22_08`
--

LOCK TABLES `4_22_08` WRITE;
/*!40000 ALTER TABLE `4_22_08` DISABLE KEYS */;
INSERT INTO `4_22_08` VALUES ('DSC_1960.JPG',1),('DSC_1961.JPG',2),('DSC_1962.JPG',3),('DSC_1963.JPG',4),('DSC_1965.JPG',5),('DSC_1966.JPG',6),('DSC_1968.JPG',7),('DSC_1969.JPG',8),('DSC_1970.JPG',9),('DSC_1971.JPG',10),('DSC_1972.JPG',11),('DSC_1974.JPG',12),('DSC_1976.JPG',13),('DSC_1977.JPG',14),('DSC_1978.JPG',15),('DSC_1979.JPG',16),('DSC_1980.JPG',17),('DSC_1981.JPG',18),('DSC_1982.JPG',19),('DSC_1983.JPG',20),('DSC_1984.JPG',21),('DSC_1985.JPG',22),('DSC_1986.JPG',23),('DSC_1987.JPG',24),('DSC_1988.JPG',25),('DSC_1989.JPG',26),('DSC_1992.JPG',29),('DSC_1993.JPG',30),('DSC_1995.JPG',31);
/*!40000 ALTER TABLE `4_22_08` ENABLE KEYS */;
UNLOCK TABLES;

--
-- Table structure for table `4_de_Julio_y_Ele`
--

DROP TABLE IF EXISTS `4_de_Julio_y_Ele`;
/*!40101 SET @saved_cs_client     = @@character_set_client */;
/*!40101 SET character_set_client = utf8 */;
CREATE TABLE `4_de_Julio_y_Ele` (
  `foto` varchar(50) NOT NULL default '',
  `incr` int(11) NOT NULL default '0'
) ENGINE=MyISAM DEFAULT CHARSET=latin1;
/*!40101 SET character_set_client = @saved_cs_client */;

--
-- Dumping data for table `4_de_Julio_y_Ele`
--

LOCK TABLES `4_de_Julio_y_Ele` WRITE;
/*!40000 ALTER TABLE `4_de_Julio_y_Ele` DISABLE KEYS */;
INSERT INTO `4_de_Julio_y_Ele` VALUES ('DSC_2260.jpg',1),('DSC_2261.jpg',2),('DSC_2262.jpg',3),('DSC_2263.jpg',4),('DSC_2264.jpg',5),('DSC_2265.jpg',6),('DSC_2266.jpg',7),('DSC_2267.jpg',8),('DSC_2268.jpg',9),('DSC_2269.jpg',10),('DSC_2270.jpg',11),('DSC_2271.jpg',12),('DSC_2272.jpg',13),('DSC_2273.jpg',14),('DSC_2274.jpg',15),('DSC_2275.jpg',16),('DSC_2276.jpg',17),('DSC_2277.jpg',18),('DSC_2278.jpg',19),('DSC_2279.jpg',20),('DSC_2280.jpg',21),('DSC_2281.jpg',22),('DSC_2282.jpg',23),('DSC_2283.jpg',24),('DSC_2284.jpg',25),('DSC_2285.jpg',26),('DSC_2286.jpg',27),('DSC_2287.jpg',28),('DSC_2288.jpg',29),('DSC_2289.jpg',30),('DSC_2290.jpg',31),('DSC_2291.jpg',32),('DSC_2292.jpg',33);
/*!40000 ALTER TABLE `4_de_Julio_y_Ele` ENABLE KEYS */;
UNLOCK TABLES;

--
-- Table structure for table `5_20_08`
--

DROP TABLE IF EXISTS `5_20_08`;
/*!40101 SET @saved_cs_client     = @@character_set_client */;
/*!40101 SET character_set_client = utf8 */;
CREATE TABLE `5_20_08` (
  `foto` varchar(50) NOT NULL default '',
  `incr` int(11) NOT NULL default '0'
) ENGINE=MyISAM DEFAULT CHARSET=latin1;
/*!40101 SET character_set_client = @saved_cs_client */;

--
-- Dumping data for table `5_20_08`
--

LOCK TABLES `5_20_08` WRITE;
/*!40000 ALTER TABLE `5_20_08` DISABLE KEYS */;
INSERT INTO `5_20_08` VALUES ('DSC_2076.jpg',1),('DSC_2077.jpg',2),('DSC_2078.jpg',3),('DSC_2079.jpg',4),('DSC_2080.jpg',5),('DSC_2081.jpg',6),('DSC_2082.jpg',7),('DSC_2085.jpg',8),('DSC_2086.jpg',9),('DSC_2087.jpg',10),('DSC_2088.jpg',11),('DSC_2089.jpg',12),('DSC_2090.jpg',13),('DSC_2091.jpg',14),('DSC_2092.jpg',15),('DSC_2093.jpg',16),('DSC_2094.jpg',17),('DSC_2095.jpg',18),('DSC_2096.jpg',19),('DSC_2097.jpg',20),('DSC_2098.jpg',21);
/*!40000 ALTER TABLE `5_20_08` ENABLE KEYS */;
UNLOCK TABLES;

--
-- Table structure for table `5_27_08`
--

DROP TABLE IF EXISTS `5_27_08`;
/*!40101 SET @saved_cs_client     = @@character_set_client */;
/*!40101 SET character_set_client = utf8 */;
CREATE TABLE `5_27_08` (
  `foto` varchar(50) NOT NULL default '',
  `incr` int(11) NOT NULL default '0'
) ENGINE=MyISAM DEFAULT CHARSET=latin1;
/*!40101 SET character_set_client = @saved_cs_client */;

--
-- Dumping data for table `5_27_08`
--

LOCK TABLES `5_27_08` WRITE;
/*!40000 ALTER TABLE `5_27_08` DISABLE KEYS */;
INSERT INTO `5_27_08` VALUES ('DSC_2100.jpg',1),('DSC_2101.jpg',2),('DSC_2102.jpg',3),('DSC_2103.jpg',4),('DSC_2104.jpg',5),('DSC_2105.jpg',6),('DSC_2106.jpg',7),('DSC_2107.jpg',8),('DSC_2109.jpg',9),('DSC_2110.jpg',10),('DSC_2111.jpg',11),('DSC_2112.jpg',12),('DSC_2113.jpg',13),('DSC_2115.jpg',14),('DSC_2116.jpg',15),('DSC_2117.jpg',16),('DSC_2118.jpg',17),('DSC_2119.jpg',18),('DSC_2120.jpg',19),('DSC_2121.jpg',20),('DSC_2122.jpg',21),('DSC_2123.jpg',22),('DSC_2124.jpg',23),('DSC_2125.jpg',24),('DSC_2126.jpg',25),('DSC_2127.jpg',26),('DSC_2128.jpg',27),('DSC_2129.jpg',28),('DSC_2130.jpg',29),('DSC_2131.jpg',30),('DSC_2133.jpg',31),('DSC_2135.jpg',32),('DSC_2136.jpg',33),('DSC_2137.jpg',34),('DSC_2138.jpg',35),('DSC_2139.jpg',36),('DSC_2140.jpg',37),('DSC_2141.jpg',38),('DSC_2142.jpg',39),('DSC_2143.jpg',40),('DSC_2144.jpg',41),('DSC_2145.jpg',42),('DSC_2146.jpg',43),('DSC_2147.jpg',44),('DSC_2148.jpg',45),('DSC_2149.jpg',46),('DSC_2150.jpg',47),('DSC_2153.jpg',48),('DSC_2154.jpg',49),('DSC_2155.jpg',50),('DSC_2156.jpg',51),('DSC_2157.jpg',52),('DSC_2158.jpg',53),('DSC_2159.jpg',54);
/*!40000 ALTER TABLE `5_27_08` ENABLE KEYS */;
UNLOCK TABLES;

--
-- Table structure for table `5_5_08`
--

DROP TABLE IF EXISTS `5_5_08`;
/*!40101 SET @saved_cs_client     = @@character_set_client */;
/*!40101 SET character_set_client = utf8 */;
CREATE TABLE `5_5_08` (
  `foto` varchar(50) NOT NULL default '',
  `incr` int(11) NOT NULL default '0'
) ENGINE=MyISAM DEFAULT CHARSET=latin1;
/*!40101 SET character_set_client = @saved_cs_client */;

--
-- Dumping data for table `5_5_08`
--

LOCK TABLES `5_5_08` WRITE;
/*!40000 ALTER TABLE `5_5_08` DISABLE KEYS */;
INSERT INTO `5_5_08` VALUES ('DSC_1996.jpg',1),('DSC_1998.jpg',2),('DSC_2001.jpg',3),('DSC_2002.jpg',4),('DSC_2003.jpg',5),('DSC_2004.jpg',6),('DSC_2005.jpg',7),('DSC_2006.jpg',8),('DSC_2007.jpg',9),('DSC_2008.jpg',10),('DSC_2009.jpg',11),('DSC_2010.jpg',12),('DSC_2011.jpg',13),('DSC_2012.jpg',14),('DSC_2013.jpg',15),('DSC_2014.jpg',16),('DSC_2015.jpg',17),('DSC_2016.jpg',18),('DSC_2017.jpg',19),('DSC_2018.jpg',20),('DSC_2019.jpg',21),('DSC_2020.jpg',22),('DSC_2022.jpg',23),('DSC_2023.jpg',24);
/*!40000 ALTER TABLE `5_5_08` ENABLE KEYS */;
UNLOCK TABLES;

--
-- Table structure for table `6_23_08`
--

DROP TABLE IF EXISTS `6_23_08`;
/*!40101 SET @saved_cs_client     = @@character_set_client */;
/*!40101 SET character_set_client = utf8 */;
CREATE TABLE `6_23_08` (
  `foto` varchar(50) NOT NULL default '',
  `incr` int(11) NOT NULL default '0'
) ENGINE=MyISAM DEFAULT CHARSET=latin1;
/*!40101 SET character_set_client = @saved_cs_client */;

--
-- Dumping data for table `6_23_08`
--

LOCK TABLES `6_23_08` WRITE;
/*!40000 ALTER TABLE `6_23_08` DISABLE KEYS */;
INSERT INTO `6_23_08` VALUES ('DSC_2201.jpg',1),('DSC_2202.jpg',2),('DSC_2204.jpg',3),('DSC_2205.jpg',4),('DSC_2206.jpg',5),('DSC_2207.jpg',6),('DSC_2209.jpg',7),('DSC_2210.jpg',8),('DSC_2211.jpg',9),('DSC_2212.jpg',10),('DSC_2213.jpg',11),('DSC_2214.jpg',12),('DSC_2215.jpg',13),('DSC_2216.jpg',14),('DSC_2217.jpg',15),('DSC_2218.jpg',16),('DSC_2219.jpg',17),('DSC_2220.jpg',18),('DSC_2221.jpg',19),('DSC_2222.jpg',20),('DSC_2223.jpg',21),('DSC_2224.jpg',22),('DSC_2225.jpg',23),('DSC_2226.jpg',24),('DSC_2227.jpg',25),('DSC_2228.jpg',26),('DSC_2229.jpg',27),('DSC_2230.jpg',28),('DSC_2231.jpg',29),('DSC_2232.jpg',30),('DSC_2233.jpg',31),('DSC_2234.jpg',32),('DSC_2235.jpg',33),('DSC_2236.jpg',34),('DSC_2237.jpg',35),('DSC_2238.jpg',36),('DSC_2239.jpg',37),('DSC_2240.jpg',38),('DSC_2241.jpg',39),('DSC_2242.jpg',40),('DSC_2243.jpg',41),('DSC_2244.jpg',42),('DSC_2245.jpg',43),('DSC_2246.jpg',44),('DSC_2247.jpg',45),('DSC_2248.jpg',46),('DSC_2249.jpg',47),('DSC_2250.jpg',48),('DSC_2251.jpg',49),('DSC_2252.jpg',50),('DSC_2254.jpg',51),('DSC_2255.jpg',52),('DSC_2256.jpg',53),('DSC_2257.jpg',54),('DSC_2258.jpg',55),('DSC_2259.jpg',56);
/*!40000 ALTER TABLE `6_23_08` ENABLE KEYS */;
UNLOCK TABLES;

--
-- Table structure for table `6_2_08`
--

DROP TABLE IF EXISTS `6_2_08`;
/*!40101 SET @saved_cs_client     = @@character_set_client */;
/*!40101 SET character_set_client = utf8 */;
CREATE TABLE `6_2_08` (
  `foto` varchar(50) NOT NULL default '',
  `incr` int(11) NOT NULL default '0'
) ENGINE=MyISAM DEFAULT CHARSET=latin1;
/*!40101 SET character_set_client = @saved_cs_client */;

--
-- Dumping data for table `6_2_08`
--

LOCK TABLES `6_2_08` WRITE;
/*!40000 ALTER TABLE `6_2_08` DISABLE KEYS */;
INSERT INTO `6_2_08` VALUES ('DSC_2160.jpg',1),('DSC_2162.jpg',2),('DSC_2163.jpg',3),('DSC_2164.jpg',4),('DSC_2165.jpg',5),('DSC_2166.jpg',6),('DSC_2167.jpg',7),('DSC_2170.jpg',8),('DSC_2171.jpg',9),('DSC_2172.jpg',10),('DSC_2173.jpg',11),('DSC_2174.jpg',12),('DSC_2178.jpg',13),('DSC_2179.jpg',14),('DSC_2180.jpg',15),('DSC_2181.jpg',16),('DSC_2182.jpg',17),('DSC_2183.jpg',18),('DSC_2184.jpg',19),('DSC_2185.jpg',20),('DSC_2186.jpg',21),('DSC_2187.jpg',22),('DSC_2188.jpg',23),('DSC_2189.jpg',24),('DSC_2190.jpg',25),('DSC_2191.jpg',26),('DSC_2192.jpg',27),('DSC_2193.jpg',28),('DSC_2194.jpg',29),('DSC_2195.jpg',30),('DSC_2196.jpg',31),('DSC_2197.jpg',32),('DSC_2198.jpg',33),('DSC_2199.jpg',34),('DSC_2200.jpg',35);
/*!40000 ALTER TABLE `6_2_08` ENABLE KEYS */;
UNLOCK TABLES;

--
-- Table structure for table `8_19_08`
--

DROP TABLE IF EXISTS `8_19_08`;
/*!40101 SET @saved_cs_client     = @@character_set_client */;
/*!40101 SET character_set_client = utf8 */;
CREATE TABLE `8_19_08` (
  `foto` varchar(50) NOT NULL default '',
  `incr` int(11) NOT NULL default '0'
) ENGINE=MyISAM DEFAULT CHARSET=latin1;
/*!40101 SET character_set_client = @saved_cs_client */;

--
-- Dumping data for table `8_19_08`
--

LOCK TABLES `8_19_08` WRITE;
/*!40000 ALTER TABLE `8_19_08` DISABLE KEYS */;
INSERT INTO `8_19_08` VALUES ('DSC_2382.jpg',1),('DSC_2383.jpg',2),('DSC_2384.jpg',3),('DSC_2385.jpg',4),('DSC_2386.jpg',5),('DSC_2387.jpg',6),('DSC_2388.jpg',7),('DSC_2389.jpg',8),('DSC_2390.jpg',9),('DSC_2391.jpg',10),('DSC_2392.jpg',11),('DSC_2393.jpg',12),('DSC_2394.jpg',13),('DSC_2395.jpg',14),('DSC_2396.jpg',15),('DSC_2398.jpg',16),('DSC_2397.jpg',17),('DSC_2399.jpg',18),('DSC_2400.jpg',19),('DSC_2401.jpg',20),('DSC_2402.jpg',21),('DSC_2404.jpg',22),('DSC_2405.jpg',23),('DSC_2406.jpg',24),('DSC_2407.jpg',25),('DSC_2408.jpg',26),('DSC_2409.jpg',27),('DSC_2410.jpg',28),('DSC_2411.jpg',29),('DSC_2412.jpg',30),('DSC_2414.jpg',31),('DSC_2415.jpg',32),('DSC_2416.jpg',33),('DSC_2417.jpg',34),('DSC_2418.jpg',35);
/*!40000 ALTER TABLE `8_19_08` ENABLE KEYS */;
UNLOCK TABLES;

--
-- Table structure for table `9_19_08`
--

DROP TABLE IF EXISTS `9_19_08`;
/*!40101 SET @saved_cs_client     = @@character_set_client */;
/*!40101 SET character_set_client = utf8 */;
CREATE TABLE `9_19_08` (
  `foto` varchar(50) NOT NULL,
  `incr` int(11) NOT NULL
) ENGINE=MyISAM DEFAULT CHARSET=latin1;
/*!40101 SET character_set_client = @saved_cs_client */;

--
-- Dumping data for table `9_19_08`
--

LOCK TABLES `9_19_08` WRITE;
/*!40000 ALTER TABLE `9_19_08` DISABLE KEYS */;
INSERT INTO `9_19_08` VALUES ('DSC_2420.jpg',1),('DSC_2422.jpg',2),('DSC_2426.jpg',3),('DSC_2428.jpg',4),('DSC_2430.jpg',5),('DSC_2431.jpg',6),('DSC_2433.jpg',7),('DSC_2434.jpg',8),('DSC_2435.jpg',9),('DSC_2436.jpg',10),('DSC_2437.jpg',11),('DSC_2438.jpg',12),('DSC_2440.jpg',13),('DSC_2441.jpg',14);
/*!40000 ALTER TABLE `9_19_08` ENABLE KEYS */;
UNLOCK TABLES;

--
-- Table structure for table `9_27_08`
--

DROP TABLE IF EXISTS `9_27_08`;
/*!40101 SET @saved_cs_client     = @@character_set_client */;
/*!40101 SET character_set_client = utf8 */;
CREATE TABLE `9_27_08` (
  `foto` varchar(50) NOT NULL,
  `incr` int(11) NOT NULL
) ENGINE=MyISAM DEFAULT CHARSET=latin1;
/*!40101 SET character_set_client = @saved_cs_client */;

--
-- Dumping data for table `9_27_08`
--

LOCK TABLES `9_27_08` WRITE;
/*!40000 ALTER TABLE `9_27_08` DISABLE KEYS */;
INSERT INTO `9_27_08` VALUES ('DSC_2559.jpg',1),('DSC_2560.jpg',2),('DSC_2561.jpg',3),('DSC_2562.jpg',4),('DSC_2563.jpg',5),('DSC_2564.jpg',6),('DSC_2565.jpg',7),('DSC_2566.jpg',8),('DSC_2567.jpg',9),('DSC_2568.jpg',10),('DSC_2569.jpg',11),('DSC_2570.jpg',12),('DSC_2571.jpg',13),('DSC_2572.jpg',14),('DSC_2573.jpg',15),('DSC_2574.jpg',16),('DSC_2575.jpg',17),('DSC_2576.jpg',18),('DSC_2577.jpg',19),('DSC_2578.jpg',20),('DSC_2579.jpg',21),('DSC_2580.jpg',22),('DSC_2581.jpg',23),('DSC_2582.jpg',24),('DSC_2583.jpg',25),('DSC_2584.jpg',26),('DSC_2585.jpg',27),('DSC_2586.jpg',28),('DSC_2587.jpg',29),('DSC_2588.jpg',30),('DSC_2589.jpg',31),('DSC_2590.jpg',32),('DSC_2591.jpg',33),('DSC_2592.jpg',34),('DSC_2593.jpg',35),('DSC_2594.jpg',36),('DSC_2595.jpg',37),('DSC_2596.jpg',38),('DSC_2597.jpg',39),('DSC_2598.jpg',40),('DSC_2599.jpg',41),('DSC_2600.jpg',42),('DSC_2601.jpg',43),('DSC_2605.jpg',44),('DSC_2606.jpg',45),('DSC_2607.jpg',46),('DSC_2608.jpg',47),('DSC_2609.jpg',48),('DSC_2610.jpg',49),('DSC_2611.jpg',50),('DSC_2614.jpg',51),('DSC_2616.jpg',52),('DSC_2618.jpg',53),('DSC_2619.jpg',54),('DSC_2620.jpg',55),('DSC_2621.jpg',56),('DSC_2622.jpg',57),('DSC_2623.jpg',58),('DSC_2624.jpg',59),('DSC_2628.jpg',60),('DSC_2629.jpg',61),('DSC_2630.jpg',62),('DSC_2631.jpg',63),('DSC_2633.jpg',64),('DSC_2634.jpg',65),('DSC_2635.jpg',66),('DSC_2636.jpg',67);
/*!40000 ALTER TABLE `9_27_08` ENABLE KEYS */;
UNLOCK TABLES;

--
-- Table structure for table `Bautizo`
--

DROP TABLE IF EXISTS `Bautizo`;
/*!40101 SET @saved_cs_client     = @@character_set_client */;
/*!40101 SET character_set_client = utf8 */;
CREATE TABLE `Bautizo` (
  `foto` varchar(50) NOT NULL default '',
  `incr` int(11) NOT NULL default '0'
) ENGINE=MyISAM DEFAULT CHARSET=latin1;
/*!40101 SET character_set_client = @saved_cs_client */;

--
-- Dumping data for table `Bautizo`
--

LOCK TABLES `Bautizo` WRITE;
/*!40000 ALTER TABLE `Bautizo` DISABLE KEYS */;
INSERT INTO `Bautizo` VALUES ('DSC_2025.jpg',1),('DSC_2026.jpg',2),('DSC_2027.jpg',3),('DSC_2028.jpg',4),('DSC_2029.jpg',5),('DSC_2030.jpg',6),('DSC_2031.jpg',7),('DSC_2032.jpg',8),('DSC_2033.jpg',9),('DSC_2034.jpg',10),('DSC_2035.jpg',11),('DSC_2036.jpg',12),('DSC_2037.jpg',13),('DSC_2038.jpg',14),('DSC_2039.jpg',15),('DSC_2040.jpg',16),('DSC_2041.jpg',17),('DSC_2042.jpg',18),('DSC_2043.jpg',19),('DSC_2044.jpg',20),('DSC_2045.jpg',21),('DSC_2046.jpg',22),('DSC_2047.jpg',23),('DSC_2048.jpg',24),('DSC_2049.jpg',25),('DSC_2050.jpg',26),('DSC_2051.jpg',27),('DSC_2052.jpg',28),('DSC_2053.jpg',29),('DSC_2054.jpg',30),('DSC_2055.jpg',31),('DSC_2056.jpg',32),('DSC_2057.jpg',33),('DSC_2058.jpg',34),('DSC_2059.jpg',35),('DSC_2060.jpg',36),('DSC_2061.jpg',37),('DSC_2062.jpg',38),('DSC_2063.jpg',39),('DSC_2064.jpg',40),('DSC_2065.jpg',41),('DSC_2066.jpg',42),('DSC_2067.jpg',43),('DSC_2068.jpg',44),('DSC_2069.jpg',45),('DSC_2070.jpg',46),('DSC_2071.jpg',47),('DSC_2072.jpg',48),('DSC_2073.jpg',49);
/*!40000 ALTER TABLE `Bautizo` ENABLE KEYS */;
UNLOCK TABLES;

--
-- Table structure for table `Boda_de_Luis`
--

DROP TABLE IF EXISTS `Boda_de_Luis`;
/*!40101 SET @saved_cs_client     = @@character_set_client */;
/*!40101 SET character_set_client = utf8 */;
CREATE TABLE `Boda_de_Luis` (
  `foto` varchar(50) NOT NULL,
  `incr` int(11) NOT NULL
) ENGINE=MyISAM DEFAULT CHARSET=latin1;
/*!40101 SET character_set_client = @saved_cs_client */;

--
-- Dumping data for table `Boda_de_Luis`
--

LOCK TABLES `Boda_de_Luis` WRITE;
/*!40000 ALTER TABLE `Boda_de_Luis` DISABLE KEYS */;
INSERT INTO `Boda_de_Luis` VALUES ('DSC_3848.jpg',1),('DSC_3849.jpg',2),('DSC_3850.jpg',3),('DSC_3851.jpg',4),('DSC_3852.jpg',5),('DSC_3853.jpg',6),('DSC_3854.jpg',7),('DSC_3855.jpg',8),('DSC_3856.jpg',9),('DSC_3857.jpg',10),('DSC_3858.jpg',11),('DSC_3859.jpg',12),('DSC_3860.jpg',13),('DSC_3861.jpg',14),('DSC_3862.jpg',15),('DSC_3863.jpg',16),('DSC_3864.jpg',17),('DSC_3865.jpg',18),('DSC_3866.jpg',19),('DSC_3867.jpg',20),('DSC_3868.jpg',21),('DSC_3869.jpg',22),('DSC_3870.jpg',23),('DSC_3872.jpg',24),('DSC_3873.jpg',25),('DSC_3874.jpg',26),('DSC_3875.jpg',27),('DSC_3876.jpg',28),('DSC_3877.jpg',29),('DSC_3878.jpg',30),('DSC_3879.jpg',31),('DSC_3880.jpg',32),('DSC_3881.jpg',33),('DSC_3882.jpg',34),('DSC_3883.jpg',35),('DSC_3884.jpg',36),('DSC_3885.jpg',37),('DSC_3886.jpg',38),('DSC_3887.jpg',39),('DSC_3888.jpg',40),('DSC_3889.jpg',41),('DSC_3891.jpg',42),('DSC_3892.jpg',43),('DSC_3893.jpg',44),('DSC_3894.jpg',45),('DSC_3895.jpg',46),('DSC_3896.jpg',47),('DSC_3897.jpg',48),('DSC_3898.jpg',49),('DSC_3899.jpg',50),('DSC_3900.jpg',51),('DSC_3901.jpg',52),('DSC_3904.jpg',53),('DSC_3905.jpg',54),('DSC_3907.jpg',55),('DSC_3908.jpg',56),('DSC_3909.jpg',57),('DSC_3911.jpg',58),('DSC_3917.jpg',59),('DSC_3918.jpg',60),('DSC_3919.jpg',61),('DSC_3920.jpg',62),('DSC_3921.jpg',63),('DSC_3922.jpg',64),('DSC_3923.jpg',65),('DSC_3924.jpg',66),('DSC_3925.jpg',67),('DSC_3926.jpg',68),('DSC_3927.jpg',69),('DSC_3928.jpg',70),('DSC_3929.jpg',71),('DSC_3930.jpg',72),('DSC_3932.jpg',73),('DSC_3933.jpg',74),('DSC_3934.jpg',75),('DSC_3935.jpg',76),('DSC_3936.jpg',77),('DSC_3938.jpg',78),('DSC_3939.jpg',79),('DSC_3940.jpg',80),('DSC_3942.jpg',81),('DSC_3943.jpg',82),('DSC_3944.jpg',83),('DSC_3945.jpg',84),('DSC_3947.jpg',85),('DSC_3949.jpg',86),('DSC_3950.jpg',87),('DSC_3951.jpg',88),('DSC_3952.jpg',89),('DSC_3953.jpg',90),('DSC_3954.jpg',91),('DSC_3955.jpg',92),('DSC_3956.jpg',93),('DSC_3957.jpg',94),('DSC_3958.jpg',95),('DSC_3959.jpg',96),('DSC_3960.jpg',97),('DSC_3961.jpg',98),('DSC_3962.jpg',99),('DSC_3964.jpg',100),('DSC_3965.jpg',101),('DSC_3966.jpg',102),('DSC_3967.jpg',103),('DSC_3968.jpg',104),('DSC_3969.jpg',105),('DSC_3970.jpg',106),('DSC_3971.jpg',107),('DSC_3972.jpg',108),('DSC_3973.jpg',109),('DSC_3974.jpg',110),('DSC_3975.jpg',111),('DSC_3976.jpg',112),('DSC_3977.jpg',113),('DSC_3978.jpg',114),('DSC_3979.jpg',115),('DSC_3980.jpg',116),('DSC_3982.jpg',117),('DSC_3983.jpg',118),('DSC_3984.jpg',119),('DSC_3985.jpg',120),('DSC_3986.jpg',121),('DSC_3987.jpg',122),('DSC_3988.jpg',123),('DSC_3989.jpg',124),('DSC_3990.jpg',125),('DSC_3991.jpg',126),('DSC_3992.jpg',127),('DSC_3993.jpg',128),('DSC_3994.jpg',129),('DSC_3995.jpg',130),('DSC_3996.jpg',131),('DSC_3997.jpg',132),('DSC_3998.jpg',133),('DSC_3999.jpg',134),('DSC_4000.jpg',135),('DSC_4001.jpg',136),('DSC_4002.jpg',137),('DSC_4003.jpg',138),('DSC_4004.jpg',139),('DSC_4005.jpg',140),('DSC_4006.jpg',141),('DSC_4007.jpg',142),('DSC_4008.jpg',143),('DSC_4009.jpg',144),('DSC_4010.jpg',145),('DSC_4011.jpg',146),('DSC_4012.jpg',147),('DSC_4013.jpg',148),('DSC_4014.jpg',149),('DSC_4015.jpg',150),('DSC_4016.jpg',151),('DSC_4018.jpg',152),('DSC_4019.jpg',153),('DSC_4020.jpg',154),('DSC_4021.jpg',155),('DSC_4022.jpg',156),('DSC_4023.jpg',157),('DSC_4024.jpg',158),('DSC_4025.jpg',159),('DSC_4028.jpg',160),('DSC_4030.jpg',161),('DSC_4031.jpg',162),('DSC_4032.jpg',163),('DSC_4033.jpg',164),('DSC_4034.jpg',165),('DSC_4035.jpg',166),('DSC_4036.jpg',167),('DSC_4037.jpg',168),('DSC_4038.jpg',169),('DSC_4039.jpg',170),('DSC_4040.jpg',171),('DSC_4041.jpg',172),('DSC_4042.jpg',173),('DSC_4043.jpg',174),('DSC_4044.jpg',175),('DSC_4045.jpg',176),('DSC_4047.jpg',177),('DSC_4048.jpg',178),('DSC_4049.jpg',179),('DSC_4050.jpg',180),('DSC_4051.jpg',181),('DSC_4052.jpg',182),('DSC_4053.jpg',183),('DSC_4054.jpg',184),('DSC_4055.jpg',185),('DSC_4056.jpg',186),('DSC_4057.jpg',187),('DSC_4058.jpg',188),('DSC_4059.jpg',189),('DSC_4060.jpg',190),('DSC_4061.jpg',191),('DSC_4062.jpg',192),('DSC_4063.jpg',193),('DSC_4064.jpg',194),('DSC_4065.jpg',195),('DSC_4066.jpg',196),('DSC_4067.jpg',197),('DSC_4068.jpg',198),('DSC_4069.jpg',199),('DSC_4070.jpg',200),('DSC_4071.jpg',201),('DSC_4072.jpg',202),('DSC_4073.jpg',203),('DSC_4076.jpg',204),('DSC_4077.jpg',205),('DSC_4078.jpg',206),('DSC_4079.jpg',207),('DSC_4080.jpg',208),('DSC_4081.jpg',209),('DSC_4082.jpg',210),('DSC_4084.jpg',211),('DSC_4085.jpg',212),('DSC_4086.jpg',213),('DSC_4087.jpg',214),('DSC_4090.jpg',215),('DSC_4091.jpg',216),('DSC_4092.jpg',217),('DSC_4093.jpg',218),('DSC_4094.jpg',219),('DSC_4095.jpg',220),('DSC_4096.jpg',221),('DSC_4097.jpg',222),('DSC_4098.jpg',223),('DSC_4099.jpg',224),('DSC_4100.jpg',225),('DSC_4101.jpg',226),('DSC_4102.jpg',227),('DSC_4103.jpg',228),('DSC_4104.jpg',229),('DSC_4105.jpg',230),('DSC_4106.jpg',231),('DSC_4107.jpg',232),('DSC_4108.jpg',233),('DSC_4109.jpg',234),('DSC_4110.jpg',235),('DSC_4111.jpg',236),('DSC_4112.jpg',237),('DSC_4113.jpg',238),('DSC_4114.jpg',239),('DSC_4115.jpg',240);
/*!40000 ALTER TABLE `Boda_de_Luis` ENABLE KEYS */;
UNLOCK TABLES;

--
-- Table structure for table `Cuarto_Album`
--

DROP TABLE IF EXISTS `Cuarto_Album`;
/*!40101 SET @saved_cs_client     = @@character_set_client */;
/*!40101 SET character_set_client = utf8 */;
CREATE TABLE `Cuarto_Album` (
  `foto` varchar(50) NOT NULL default '',
  `incr` int(11) NOT NULL default '0'
) ENGINE=MyISAM DEFAULT CHARSET=latin1;
/*!40101 SET character_set_client = @saved_cs_client */;

--
-- Dumping data for table `Cuarto_Album`
--

LOCK TABLES `Cuarto_Album` WRITE;
/*!40000 ALTER TABLE `Cuarto_Album` DISABLE KEYS */;
INSERT INTO `Cuarto_Album` VALUES ('091.jpg',1),('092.jpg',2),('093.jpg',3),('094.jpg',4),('095.jpg',5),('096.jpg',6),('097.jpg',7),('098.jpg',8),('099.jpg',9),('100.jpg',10),('101.jpg',11),('102.jpg',12),('103.jpg',13),('104.jpg',14),('105.jpg',15),('106.jpg',16),('107.jpg',17),('108.jpg',18),('109.jpg',19),('110.jpg',20),('111.jpg',21),('112.jpg',22),('113.jpg',23),('114.jpg',24),('115.jpg',25),('116.jpg',26),('117.jpg',27),('118.jpg',28),('119.jpg',29),('120.jpg',30),('121.jpg',31);
/*!40000 ALTER TABLE `Cuarto_Album` ENABLE KEYS */;
UNLOCK TABLES;

--
-- Table structure for table `Disney_Cumpleanos`
--

DROP TABLE IF EXISTS `Disney_Cumpleanos`;
/*!40101 SET @saved_cs_client     = @@character_set_client */;
/*!40101 SET character_set_client = utf8 */;
CREATE TABLE `Disney_Cumpleanos` (
  `foto` varchar(50) NOT NULL,
  `incr` int(11) NOT NULL
) ENGINE=MyISAM DEFAULT CHARSET=latin1;
/*!40101 SET character_set_client = @saved_cs_client */;

--
-- Dumping data for table `Disney_Cumpleanos`
--

LOCK TABLES `Disney_Cumpleanos` WRITE;
/*!40000 ALTER TABLE `Disney_Cumpleanos` DISABLE KEYS */;
INSERT INTO `Disney_Cumpleanos` VALUES ('DSC_5813.png',1),('DSC_5814.png',2),('DSC_5815.png',3),('DSC_5816.png',4),('DSC_5817.png',5),('DSC_5818.png',6),('DSC_5819.png',7),('DSC_5820.png',8),('DSC_5821.png',9),('DSC_5822.png',10),('DSC_5823.png',11),('DSC_5824.png',12),('DSC_5825.png',13),('DSC_5826.png',14),('DSC_5827.png',15),('DSC_5828.png',16),('DSC_5829.png',17),('DSC_5830.png',18),('DSC_5831.png',19),('DSC_5832.png',20),('DSC_5833.png',21),('DSC_5834.png',22),('DSC_5835.png',23),('DSC_5836.png',24),('DSC_5837.png',25),('DSC_5838.png',26),('DSC_5839.png',27),('DSC_5840.png',28),('DSC_5841.png',29),('DSC_5842.png',30),('DSC_5843.png',31),('DSC_5844.png',32),('DSC_5845.png',33),('DSC_5846.png',34),('DSC_5847.png',35),('DSC_5848.png',36),('DSC_5849.png',37),('DSC_5850.png',38),('DSC_5851.png',39),('DSC_5852.png',40),('DSC_5853.png',41),('DSC_5854.png',42),('DSC_5855.png',43),('DSC_5856.png',44),('DSC_5857.png',45),('DSC_5858.png',46),('DSC_5859.png',47),('DSC_5860.png',48),('DSC_5861.png',49),('DSC_5862.png',50),('DSC_5863.png',51),('DSC_5864.png',52),('DSC_5865.png',53),('DSC_5866.png',54),('DSC_5867.png',55),('DSC_5868.png',56),('DSC_5869.png',57),('DSC_5870.png',58),('DSC_5871.png',59),('DSC_5872.png',60),('DSC_5873.png',61),('DSC_5875.png',62),('DSC_5876.png',63),('DSC_5877.png',64),('DSC_5878.png',65),('DSC_5879.png',66),('DSC_5880.png',67),('DSC_5881.png',68),('DSC_5882.png',69),('DSC_5883.png',70),('DSC_5884.png',71),('DSC_5885.png',72),('DSC_5886.png',73),('DSC_5887.png',74),('DSC_5888.png',75),('DSC_5889.png',76),('DSC_5890.png',77),('DSC_5891.png',78),('DSC_5892.png',79),('DSC_5893.png',80),('DSC_5894.png',81),('DSC_5895.png',82),('DSC_5896.png',83),('DSC_5897.png',84),('DSC_5898.png',85),('DSC_5899.png',86),('DSC_5900.png',87),('DSC_5901.png',88),('DSC_5902.png',89),('DSC_5903.png',90),('DSC_5904.png',91),('DSC_5905.png',92),('DSC_5906.png',93),('DSC_5907.png',94),('DSC_5908.png',95),('DSC_5909.png',96),('DSC_5910.png',97),('DSC_5911.png',98),('DSC_5912.png',99),('DSC_5913.png',100),('DSC_5914.png',101),('DSC_5915.png',102),('DSC_5916.png',103),('DSC_5917.png',104),('DSC_5918.png',105),('DSC_5919.png',106),('DSC_5920.png',107),('DSC_5921.png',108),('DSC_5922.png',109),('DSC_5923.png',110),('DSC_5924.png',111),('DSC_5925.png',112),('DSC_5926.png',113),('DSC_5927.png',114),('DSC_5928.png',115),('DSC_5929.png',116),('DSC_5930.png',117),('DSC_5931.png',118),('DSC_5932.png',119),('DSC_5933.png',120),('DSC_5934.png',121),('DSC_5935.png',122),('DSC_5936.png',123),('DSC_5937.png',124),('DSC_5938.png',125),('DSC_5939.png',126),('DSC_5940.png',127),('DSC_5941.png',128),('DSC_5942.png',129),('DSC_5943.png',130),('DSC_5944.png',131),('DSC_5945.png',132),('DSC_5946.png',133),('DSC_5947.png',134),('DSC_5948.png',135),('DSC_5949.png',136),('DSC_5950.png',137),('DSC_5951.png',138),('DSC_5952.png',139),('DSC_5953.png',140),('DSC_5954.png',141),('DSC_5955.png',142),('DSC_5956.png',143),('DSC_5957.png',144),('DSC_5958.png',145),('DSC_5959.png',146),('DSC_5960.png',147),('DSC_5961.png',148),('DSC_5962.png',149),('DSC_5963.png',150),('DSC_5964.png',151),('DSC_5965.png',152),('DSC_5966.png',153),('DSC_5967.png',154),('DSC_5968.png',155),('DSC_5969.png',156),('DSC_5970.png',157),('DSC_5971.png',158),('DSC_5972.png',159),('DSC_5973.png',160),('DSC_5974.png',161),('DSC_5975.png',162),('DSC_5976.png',163),('DSC_5977.png',164),('DSC_5978.png',165),('DSC_5979.png',166),('DSC_5980.png',167),('DSC_5981.png',168),('DSC_5982.png',169),('DSC_5983.png',170),('DSC_5984.png',171),('DSC_5985.png',172),('DSC_5986.png',173),('DSC_5987.png',174),('DSC_5988.png',175),('DSC_5989.png',176),('DSC_5990.png',177),('DSC_5991.png',178),('DSC_5992.png',179),('DSC_5993.png',180),('DSC_5994.png',181),('DSC_5995.png',182),('DSC_5996.png',183),('DSC_5997.png',184),('DSC_5998.png',185),('DSC_5999.png',186),('DSC_6000.png',187),('DSC_6001.png',188),('DSC_6002.png',189),('DSC_6003.png',190),('DSC_6004.png',191),('DSC_6005.png',192),('DSC_6006.png',193),('DSC_6007.png',194),('DSC_6008.png',195),('DSC_6009.png',196),('DSC_6010.png',197),('DSC_6011.png',198),('DSC_6012.png',199),('DSC_6013.png',200),('DSC_6014.png',201),('DSC_6015.png',202),('DSC_6016.png',203),('DSC_6017.png',204),('DSC_6018.png',205),('DSC_6019.png',206),('DSC_6020.png',207),('DSC_6021.png',208),('DSC_6022.png',209),('DSC_6023.png',210),('DSC_6024.png',211),('DSC_6025.png',212),('DSC_6026.png',213),('DSC_6027.png',214),('DSC_6028.png',215),('DSC_6029.png',216),('DSC_6030.png',217),('DSC_6031.png',218),('DSC_6032.png',219),('DSC_6033.png',220),('DSC_6034.png',221),('DSC_6035.png',222),('DSC_6036.png',223),('DSC_6037.png',224),('DSC_6038.png',225),('DSC_6039.png',226),('DSC_6040.png',227),('DSC_6041.png',228),('DSC_6042.png',229),('DSC_6043.png',230),('DSC_6044.png',231),('DSC_6045.png',232),('DSC_6046.png',233),('DSC_6047.png',234),('DSC_6048.png',235),('DSC_6049.png',236),('DSC_6050.png',237),('DSC_6051.png',238),('DSC_6052.png',239),('DSC_6053.png',240),('DSC_6054.png',241),('DSC_6055.png',242),('DSC_6056.png',243),('DSC_6057.png',244),('DSC_6058.png',245),('DSC_6059.png',246),('DSC_6060.png',247),('DSC_6061.png',248),('DSC_6062.png',249),('DSC_6063.png',250),('DSC_6064.png',251),('DSC_6065.png',252),('DSC_6066.png',253),('DSC_6067.png',254),('DSC_6068.png',255),('DSC_6069.png',256),('DSC_6070.png',257),('DSC_6071.png',258),('DSC_6072.png',259),('DSC_6073.png',260),('DSC_6074.png',261),('DSC_6075.png',262),('DSC_6076.png',263),('DSC_6077.png',264),('DSC_6078.png',265),('DSC_6079.png',266),('DSC_6080.png',267),('DSC_6081.png',268),('DSC_6082.png',269),('DSC_6083.png',270),('DSC_6084.png',271),('DSC_6085.png',272),('DSC_6086.png',273),('DSC_6087.png',274),('DSC_6088.png',275),('DSC_6089.png',276),('DSC_6090.png',277),('DSC_6091.png',278),('DSC_6092.png',279),('DSC_6093.png',280),('DSC_6094.png',281),('DSC_6095.png',282),('DSC_6096.png',283),('DSC_6097.png',284),('DSC_6098.png',285),('DSC_6099.png',286),('DSC_6100.png',287),('DSC_6101.png',288),('DSC_6102.png',289),('DSC_6103.png',290),('DSC_6104.png',291),('DSC_6105.png',292),('DSC_6106.png',293),('DSC_6107.png',294),('DSC_6108.png',295),('DSC_6109.png',296),('DSC_6110.png',297),('DSC_6111.png',298),('DSC_6112.png',299),('DSC_6113.png',300),('DSC_6114.png',301),('DSC_6115.png',302),('DSC_6116.png',303),('DSC_6117.png',304),('DSC_6118.png',305),('DSC_6119.png',306),('DSC_6122.png',307),('DSC_6123.png',308),('DSC_6124.png',309),('DSC_6125.png',310),('DSC_6126.png',311),('DSC_6127.png',312),('DSC_6128.png',313),('DSC_6129.png',314),('DSC_6130.png',315),('DSC_6131.png',316),('DSC_6132.png',317),('DSC_6133.png',318),('DSC_6134.png',319),('DSC_6135.png',320),('DSC_6136.png',321),('DSC_6137.png',322),('DSC_6138.png',323),('DSC_6139.png',324),('DSC_6140.png',325),('DSC_6141.png',326),('DSC_6142.png',327),('DSC_6143.png',328),('DSC_6144.png',329),('DSC_6145.png',330),('DSC_6146.png',331),('DSC_6147.png',332),('DSC_6148.png',333),('DSC_6149.png',334),('DSC_6150.png',335),('DSC_6151.png',336),('DSC_6152.png',337),('DSC_6153.png',338),('DSC_6154.png',339),('DSC_6155.png',340),('DSC_6156.png',341),('DSC_6157.png',342),('DSC_6158.png',343),('DSC_6159.png',344),('DSC_6160.png',345),('DSC_6161.png',346),('DSC_6162.png',347),('DSC_6163.png',348),('DSC_6164.png',349),('DSC_6165.png',350),('DSC_6166.png',351),('DSC_6167.png',352),('DSC_6168.png',353),('DSC_6169.png',354),('DSC_6170.png',355),('DSC_6171.png',356),('DSC_6172.png',357),('DSC_6173.png',358),('DSC_6174.png',359),('DSC_6175.png',360),('DSC_6176.png',361),('DSC_6177.png',362),('DSC_6178.png',363),('DSC_6179.png',364),('DSC_6180.png',365),('DSC_6181.png',366),('DSC_6182.png',367),('DSC_6183.png',368),('DSC_6184.png',369),('DSC_6185.png',370),('DSC_6186.png',371),('DSC_6187.png',372),('DSC_6188.png',373),('DSC_6189.png',374),('DSC_6190.png',375),('DSC_6191.png',376),('DSC_6192.png',377),('DSC_6193.png',378),('DSC_6194.png',379),('DSC_6195.png',380),('DSC_6196.png',381),('DSC_6198.png',382),('DSC_6199.png',383),('DSC_6200.png',384),('DSC_6201.png',385),('DSC_6202.png',386),('DSC_6203.png',387),('DSC_6205.png',388),('DSC_6206.png',389),('DSC_6207.png',390),('DSC_6208.png',391),('DSC_6209.png',392),('DSC_6210.png',393),('DSC_6211.png',394),('DSC_6212.png',395),('DSC_6213.png',396),('DSC_6214.png',397),('DSC_6215.png',398),('DSC_6216.png',399),('DSC_6217.png',400),('DSC_6218.png',401);
/*!40000 ALTER TABLE `Disney_Cumpleanos` ENABLE KEYS */;
UNLOCK TABLES;

--
-- Table structure for table `Disney_Cumpleanos_txt`
--

DROP TABLE IF EXISTS `Disney_Cumpleanos_txt`;
/*!40101 SET @saved_cs_client     = @@character_set_client */;
/*!40101 SET character_set_client = utf8 */;
CREATE TABLE `Disney_Cumpleanos_txt` (
  `persona` varchar(200) NOT NULL,
  `comment` text NOT NULL,
  `id` varchar(30) NOT NULL
) ENGINE=MyISAM DEFAULT CHARSET=latin1;
/*!40101 SET character_set_client = @saved_cs_client */;

--
-- Dumping data for table `Disney_Cumpleanos_txt`
--

LOCK TABLES `Disney_Cumpleanos_txt` WRITE;
/*!40000 ALTER TABLE `Disney_Cumpleanos_txt` DISABLE KEYS */;
INSERT INTO `Disney_Cumpleanos_txt` VALUES ('Javi','Comentario 1','7'),('Javi','En el sofa de Minnie Mouse','211'),('Javi','La pasamos de maravilla','211'),('knbqend','http://asdslokam.woelmuis.nl/ ?????? <a href=http://olkimaedsa.woelmuis.nl/>?????</a>','217');
/*!40000 ALTER TABLE `Disney_Cumpleanos_txt` ENABLE KEYS */;
UNLOCK TABLES;

--
-- Table structure for table `Easter_2009`
--

DROP TABLE IF EXISTS `Easter_2009`;
/*!40101 SET @saved_cs_client     = @@character_set_client */;
/*!40101 SET character_set_client = utf8 */;
CREATE TABLE `Easter_2009` (
  `foto` varchar(50) NOT NULL,
  `incr` int(11) NOT NULL
) ENGINE=MyISAM DEFAULT CHARSET=latin1;
/*!40101 SET character_set_client = @saved_cs_client */;

--
-- Dumping data for table `Easter_2009`
--

LOCK TABLES `Easter_2009` WRITE;
/*!40000 ALTER TABLE `Easter_2009` DISABLE KEYS */;
INSERT INTO `Easter_2009` VALUES ('DSC_3592.jpg',1),('DSC_3594.jpg',2),('DSC_3595.jpg',3),('DSC_3596.jpg',4),('DSC_3598.jpg',5),('DSC_3599.jpg',6),('DSC_3600.jpg',7),('DSC_3601.jpg',8),('DSC_3603.jpg',9),('DSC_3604.jpg',10),('DSC_3605.jpg',11),('DSC_3606.jpg',12),('DSC_3608.jpg',13),('DSC_3610.jpg',14),('DSC_3611.jpg',15),('DSC_3612.jpg',16),('DSC_3613.jpg',17),('DSC_3614.jpg',18),('DSC_3615.jpg',19),('DSC_3616.jpg',20),('DSC_3617.jpg',21),('DSC_3618.jpg',22),('DSC_3619.jpg',23),('DSC_3620.jpg',24),('DSC_3621.jpg',25),('DSC_3622.jpg',26),('DSC_3623.jpg',27),('DSC_3625.jpg',28),('DSC_3626.jpg',29),('DSC_3628.jpg',30),('DSC_3631.jpg',31),('DSC_3632.jpg',32),('DSC_3633.jpg',33),('DSC_3635.jpg',34),('DSC_3636.jpg',35),('DSC_3637.jpg',36),('DSC_3638.jpg',37),('DSC_3639.jpg',38),('DSC_3640.jpg',39),('DSC_3641.jpg',40),('DSC_3642.jpg',41),('DSC_3643.jpg',42),('DSC_3644.jpg',43),('DSC_3645.jpg',44),('DSC_3646.jpg',45),('DSC_3652.jpg',46),('DSC_3653.jpg',47),('DSC_3655.jpg',48),('DSC_3656.jpg',49),('DSC_3658.jpg',50),('DSC_3659.jpg',51),('DSC_3660.jpg',52),('DSC_3665.jpg',53),('DSC_3668.jpg',54),('DSC_3669.jpg',55),('DSC_3671.jpg',56),('DSC_3672.jpg',57),('DSC_3673.jpg',58);
/*!40000 ALTER TABLE `Easter_2009` ENABLE KEYS */;
UNLOCK TABLES;

--
-- Table structure for table `Halloween_2008`
--

DROP TABLE IF EXISTS `Halloween_2008`;
/*!40101 SET @saved_cs_client     = @@character_set_client */;
/*!40101 SET character_set_client = utf8 */;
CREATE TABLE `Halloween_2008` (
  `foto` varchar(50) NOT NULL,
  `incr` int(11) NOT NULL
) ENGINE=MyISAM DEFAULT CHARSET=latin1;
/*!40101 SET character_set_client = @saved_cs_client */;

--
-- Dumping data for table `Halloween_2008`
--

LOCK TABLES `Halloween_2008` WRITE;
/*!40000 ALTER TABLE `Halloween_2008` DISABLE KEYS */;
INSERT INTO `Halloween_2008` VALUES ('DSC_2667.jpg',1),('DSC_2668.jpg',2),('DSC_2669.jpg',3),('DSC_2670.jpg',4),('DSC_2671.jpg',5),('DSC_2672.jpg',6),('DSC_2673.jpg',7),('DSC_2674.jpg',8),('DSC_2675.jpg',9),('DSC_2676.jpg',10),('DSC_2677.jpg',11),('DSC_2678.jpg',12),('DSC_2679.jpg',13),('DSC_2680.jpg',14),('DSC_2681.jpg',15),('DSC_2682.jpg',16),('DSC_2683.jpg',17),('DSC_2684.jpg',18),('DSC_2685.jpg',19),('DSC_2686.jpg',20),('DSC_2687.jpg',21),('DSC_2688.jpg',22),('DSC_2689.jpg',23),('DSC_2690.jpg',24),('DSC_2691.jpg',25),('DSC_2692.jpg',26),('DSC_2693.jpg',27),('DSC_2694.jpg',28),('DSC_2695.jpg',29),('DSC_2696.jpg',30),('DSC_2697.jpg',31),('DSC_2699.jpg',32),('DSC_2700.jpg',33),('DSC_2701.jpg',34),('DSC_2702.jpg',35),('DSC_2703.jpg',36),('DSC_2704.jpg',37),('DSC_2705.jpg',38),('DSC_2706.jpg',39),('DSC_2707.jpg',40),('DSC_2698.jpg',41);
/*!40000 ALTER TABLE `Halloween_2008` ENABLE KEYS */;
UNLOCK TABLES;

--
-- Table structure for table `Halloween_2009`
--

DROP TABLE IF EXISTS `Halloween_2009`;
/*!40101 SET @saved_cs_client     = @@character_set_client */;
/*!40101 SET character_set_client = utf8 */;
CREATE TABLE `Halloween_2009` (
  `foto` varchar(50) NOT NULL,
  `incr` int(11) NOT NULL
) ENGINE=MyISAM DEFAULT CHARSET=latin1;
/*!40101 SET character_set_client = @saved_cs_client */;

--
-- Dumping data for table `Halloween_2009`
--

LOCK TABLES `Halloween_2009` WRITE;
/*!40000 ALTER TABLE `Halloween_2009` DISABLE KEYS */;
INSERT INTO `Halloween_2009` VALUES ('DSC_4459.JPG',1),('DSC_4464.JPG',2),('DSC_4465.JPG',3),('DSC_4466.JPG',4),('DSC_4467.JPG',5),('DSC_4472.JPG',6),('DSC_4475.JPG',7),('DSC_4477.JPG',8),('DSC_4482.JPG',9),('DSC_4485.JPG',10),('DSC_4486.JPG',11),('DSC_4487.JPG',12),('DSC_4488.JPG',13),('DSC_4489.JPG',14),('DSC_4493.JPG',15),('DSC_4497.JPG',16),('DSC_4499.JPG',17),('DSC_4500.JPG',18),('DSC_4501.JPG',19),('DSC_4502.JPG',20),('DSC_4505.JPG',21),('DSC_4506.JPG',22),('DSC_4507.JPG',23),('DSC_4508.JPG',24),('DSC_4510.JPG',25),('DSC_4512.JPG',26),('DSC_4513.JPG',27),('DSC_4514.JPG',28),('DSC_4516.JPG',29),('DSC_4517.JPG',30),('DSC_4518.JPG',31),('DSC_4519.JPG',32),('DSC_4520.JPG',33),('DSC_4521.JPG',34),('DSC_4522.JPG',35),('DSC_4523.JPG',36),('DSC_4524.JPG',37),('DSC_4528.JPG',38),('DSC_4531.JPG',39),('DSC_4535.JPG',40),('DSC_4539.JPG',41),('DSC_4540.JPG',42),('DSC_4542.JPG',43),('DSC_4543.JPG',44),('DSC_4545.JPG',45),('DSC_4547.JPG',46),('DSC_4548.JPG',47),('DSC_4552.JPG',48),('DSC_4554.JPG',49),('DSC_4555.JPG',50),('DSC_4556.JPG',51),('DSC_4557.JPG',52),('DSC_4559.JPG',53),('DSC_4560.JPG',54),('DSC_4561.JPG',55),('DSC_4562.JPG',56),('DSC_4563.JPG',57),('DSC_4564.JPG',58),('DSC_4565.JPG',59),('DSC_4567.JPG',60),('DSC_4570.JPG',61),('DSC_4571.JPG',62),('DSC_4579.JPG',63),('DSC_4580.JPG',64),('DSC_4581.JPG',65),('DSC_4582.JPG',66),('DSC_4584.JPG',67),('DSC_4585.JPG',68),('DSC_4586.JPG',69),('DSC_4587.JPG',70),('DSC_4588.JPG',71),('DSC_4590.JPG',72),('DSC_4591.JPG',73),('DSC_4593.JPG',74),('DSC_4594.JPG',75),('DSC_4595.JPG',76),('DSC_4596.JPG',77),('DSC_4597.JPG',78),('DSC_4598.JPG',79),('DSC_4599.JPG',80),('DSC_4600.JPG',81),('DSC_4601.JPG',82),('DSC_4602.JPG',83),('DSC_4603.JPG',84),('DSC_4604.JPG',85),('DSC_4605.JPG',86),('DSC_4606.JPG',87),('DSC_4607.JPG',88),('DSC_4608.JPG',89),('DSC_4609.JPG',90),('DSC_4610.JPG',91);
/*!40000 ALTER TABLE `Halloween_2009` ENABLE KEYS */;
UNLOCK TABLES;

--
-- Table structure for table `Lillibel_First_Birthday`
--

DROP TABLE IF EXISTS `Lillibel_First_Birthday`;
/*!40101 SET @saved_cs_client     = @@character_set_client */;
/*!40101 SET character_set_client = utf8 */;
CREATE TABLE `Lillibel_First_Birthday` (
  `foto` varchar(50) NOT NULL,
  `incr` int(11) NOT NULL
) ENGINE=MyISAM DEFAULT CHARSET=latin1;
/*!40101 SET character_set_client = @saved_cs_client */;

--
-- Dumping data for table `Lillibel_First_Birthday`
--

LOCK TABLES `Lillibel_First_Birthday` WRITE;
/*!40000 ALTER TABLE `Lillibel_First_Birthday` DISABLE KEYS */;
INSERT INTO `Lillibel_First_Birthday` VALUES ('2649_61337872610_714212610_2038617_4123920_n.jpg',1),('2649_61337877610_714212610_2038618_233212_n.jpg',2),('2649_61337882610_714212610_2038619_2609447_n.jpg',3),('2649_61337887610_714212610_2038620_4612693_n.jpg',4),('2649_61337912610_714212610_2038623_1416158_n.jpg',5),('2649_61337922610_714212610_2038625_1705368_n.jpg',6),('2649_61337927610_714212610_2038626_4515570_n.jpg',7),('2649_61337957610_714212610_2038629_7308971_n.jpg',8),('2649_61337962610_714212610_2038630_3121494_n.jpg',9),('2649_61337967610_714212610_2038631_6400476_n.jpg',10),('2649_61337972610_714212610_2038632_6959726_n.jpg',11),('2649_61337982610_714212610_2038634_1745706_n.jpg',12),('2649_61337992610_714212610_2038635_3220810_n.jpg',13),('2649_61338002610_714212610_2038636_2924996_n.jpg',14),('n652482408_1679860_5596192.jpg',15),('n652482408_1680013_2600028.jpg',16),('n652482408_1680014_7613135.jpg',17),('n652482408_1680015_6052001.jpg',18),('n652482408_1680016_2855596.jpg',19),('n652482408_1680017_1448421.jpg',20),('n652482408_1680019_1059838.jpg',21),('n652482408_1680021_7291980.jpg',22);
/*!40000 ALTER TABLE `Lillibel_First_Birthday` ENABLE KEYS */;
UNLOCK TABLES;

--
-- Table structure for table `Metro_Zoo`
--

DROP TABLE IF EXISTS `Metro_Zoo`;
/*!40101 SET @saved_cs_client     = @@character_set_client */;
/*!40101 SET character_set_client = utf8 */;
CREATE TABLE `Metro_Zoo` (
  `foto` varchar(50) NOT NULL,
  `incr` int(11) NOT NULL
) ENGINE=MyISAM DEFAULT CHARSET=latin1;
/*!40101 SET character_set_client = @saved_cs_client */;

--
-- Dumping data for table `Metro_Zoo`
--

LOCK TABLES `Metro_Zoo` WRITE;
/*!40000 ALTER TABLE `Metro_Zoo` DISABLE KEYS */;
INSERT INTO `Metro_Zoo` VALUES ('DSC_3679.jpg',1),('DSC_3680.jpg',2),('DSC_3682.jpg',3),('DSC_3683.jpg',4),('DSC_3684.jpg',5),('DSC_3685.jpg',6),('DSC_3686.jpg',7),('DSC_3687.jpg',8),('DSC_3688.jpg',9),('DSC_3689.jpg',10),('DSC_3690.jpg',11),('DSC_3691.jpg',12),('DSC_3692.jpg',13),('DSC_3693.jpg',14),('DSC_3694.jpg',15),('DSC_3695.jpg',16),('DSC_3696.jpg',17),('DSC_3697.jpg',18),('DSC_3698.jpg',19),('DSC_3699.jpg',20),('DSC_3700.jpg',21),('DSC_3701.jpg',22),('DSC_3702.jpg',23),('DSC_3703.jpg',24),('DSC_3704.jpg',25),('DSC_3705.jpg',26),('DSC_3706.jpg',27),('DSC_3707.jpg',28),('DSC_3708.jpg',29),('DSC_3709.jpg',30),('DSC_3710.jpg',31),('DSC_3711.jpg',32),('DSC_3712.jpg',33),('DSC_3713.jpg',34),('DSC_3714.jpg',35),('DSC_3715.jpg',36),('DSC_3716.jpg',37),('DSC_3717.jpg',38),('DSC_3718.jpg',39),('DSC_3719.jpg',40),('DSC_3720.jpg',41),('DSC_3721.jpg',42),('DSC_3722.jpg',43),('DSC_3723.jpg',44),('DSC_3725.jpg',45),('DSC_3726.jpg',46),('DSC_3727.jpg',47),('DSC_3728.jpg',48),('DSC_3729.jpg',49),('DSC_3730.jpg',50),('DSC_3731.jpg',51),('DSC_3732.jpg',52),('DSC_3733.jpg',53),('DSC_3734.jpg',54),('DSC_3735.jpg',55),('DSC_3736.jpg',56),('DSC_3737.jpg',57),('DSC_3738.jpg',58),('DSC_3739.jpg',59),('DSC_3740.jpg',60),('DSC_3741.jpg',61),('DSC_3742.jpg',62),('DSC_3743.jpg',63),('DSC_3744.jpg',64),('DSC_3745.jpg',65),('DSC_3746.jpg',66),('DSC_3747.jpg',67),('DSC_3748.jpg',68),('DSC_3749.jpg',69),('DSC_3750.jpg',70),('DSC_3751.jpg',71),('DSC_3753.jpg',72),('DSC_3754.jpg',73),('DSC_3755.jpg',74),('DSC_3756.jpg',75),('DSC_3757.jpg',76),('DSC_3758.jpg',77),('DSC_3759.jpg',78),('DSC_3760.jpg',79),('DSC_3761.jpg',80),('DSC_3762.jpg',81),('DSC_3763.jpg',82),('DSC_3764.jpg',83),('DSC_3765.jpg',84),('DSC_3766.jpg',85),('DSC_3767.jpg',86),('DSC_3768.jpg',87),('DSC_3769.jpg',88),('DSC_3770.jpg',89),('DSC_3771.jpg',90),('DSC_3772.jpg',91),('DSC_3773.jpg',92),('DSC_3774.jpg',93),('DSC_3775.jpg',94),('DSC_3776.jpg',95),('DSC_3777.jpg',96),('DSC_3778.jpg',97),('DSC_3779.jpg',98),('DSC_3780.jpg',99),('DSC_3781.jpg',100),('DSC_3782.jpg',101),('DSC_3783.jpg',102),('DSC_3784.jpg',103),('DSC_3785.jpg',104),('DSC_3786.jpg',105),('DSC_3787.jpg',106),('DSC_3788.jpg',107),('DSC_3789.jpg',108),('DSC_3790.jpg',109),('DSC_3791.jpg',110),('DSC_3792.jpg',111),('DSC_3793.jpg',112),('DSC_3794.jpg',113),('DSC_3795.jpg',114),('DSC_3796.jpg',115),('DSC_3797.jpg',116),('DSC_3798.jpg',117),('DSC_3799.jpg',118),('DSC_3800.jpg',119),('DSC_3801.jpg',120),('DSC_3802.jpg',121),('DSC_3803.jpg',122),('DSC_3804.jpg',123),('DSC_3805.jpg',124),('DSC_3806.jpg',125),('DSC_3807.jpg',126),('DSC_3808.jpg',127),('DSC_3809.jpg',128),('DSC_3810.jpg',129),('DSC_3811.jpg',130);
/*!40000 ALTER TABLE `Metro_Zoo` ENABLE KEYS */;
UNLOCK TABLES;

--
-- Table structure for table `Metro_Zoo_Outing`
--

DROP TABLE IF EXISTS `Metro_Zoo_Outing`;
/*!40101 SET @saved_cs_client     = @@character_set_client */;
/*!40101 SET character_set_client = utf8 */;
CREATE TABLE `Metro_Zoo_Outing` (
  `foto` varchar(50) NOT NULL,
  `incr` int(11) NOT NULL
) ENGINE=MyISAM DEFAULT CHARSET=latin1;
/*!40101 SET character_set_client = @saved_cs_client */;

--
-- Dumping data for table `Metro_Zoo_Outing`
--

LOCK TABLES `Metro_Zoo_Outing` WRITE;
/*!40000 ALTER TABLE `Metro_Zoo_Outing` DISABLE KEYS */;
INSERT INTO `Metro_Zoo_Outing` VALUES ('1 (10).jpg',1),('1 (11).jpg',2),('1 (12).jpg',3),('1 (13).jpg',4),('1 (14).jpg',5),('1 (15).jpg',6),('1 (16).jpg',7),('1 (17).jpg',8),('1 (18).jpg',9),('1 (19).jpg',10),('1 (2).jpg',11),('1 (20).jpg',12),('1 (21).jpg',13),('1.jpg',14),('1 (23).jpg',15),('1 (24).jpg',16),('1 (25).jpg',17),('1 (26).jpg',18),('1 (27).jpg',19),('1 (28).jpg',20),('1 (29).jpg',21),('1 (3).jpg',22),('1 (30).jpg',23),('1 (31).jpg',24),('1 (32).jpg',25),('1 (33).jpg',26),('1 (34).jpg',27),('1 (4).jpg',28),('1 (5).jpg',29),('1 (6).jpg',30),('1 (7).jpg',31),('1 (8).jpg',32),('1 (9).jpg',33);
/*!40000 ALTER TABLE `Metro_Zoo_Outing` ENABLE KEYS */;
UNLOCK TABLES;

--
-- Table structure for table `Metro_Zoo_Outing_txt`
--

DROP TABLE IF EXISTS `Metro_Zoo_Outing_txt`;
/*!40101 SET @saved_cs_client     = @@character_set_client */;
/*!40101 SET character_set_client = utf8 */;
CREATE TABLE `Metro_Zoo_Outing_txt` (
  `persona` varchar(200) NOT NULL,
  `comment` text NOT NULL,
  `id` varchar(3) NOT NULL
) ENGINE=MyISAM DEFAULT CHARSET=latin1;
/*!40101 SET character_set_client = @saved_cs_client */;

--
-- Dumping data for table `Metro_Zoo_Outing_txt`
--

LOCK TABLES `Metro_Zoo_Outing_txt` WRITE;
/*!40000 ALTER TABLE `Metro_Zoo_Outing_txt` DISABLE KEYS */;
INSERT INTO `Metro_Zoo_Outing_txt` VALUES ('Pita','I love it!','1');
/*!40000 ALTER TABLE `Metro_Zoo_Outing_txt` ENABLE KEYS */;
UNLOCK TABLES;

--
-- Table structure for table `Navidad_1`
--

DROP TABLE IF EXISTS `Navidad_1`;
/*!40101 SET @saved_cs_client     = @@character_set_client */;
/*!40101 SET character_set_client = utf8 */;
CREATE TABLE `Navidad_1` (
  `foto` varchar(50) NOT NULL,
  `incr` int(11) NOT NULL
) ENGINE=MyISAM DEFAULT CHARSET=latin1;
/*!40101 SET character_set_client = @saved_cs_client */;

--
-- Dumping data for table `Navidad_1`
--

LOCK TABLES `Navidad_1` WRITE;
/*!40000 ALTER TABLE `Navidad_1` DISABLE KEYS */;
INSERT INTO `Navidad_1` VALUES ('DSC_2908.jpg',1),('DSC_2912.jpg',2),('DSC_2918.jpg',3),('DSC_2920.jpg',4),('DSC_2921.jpg',5),('DSC_2922.jpg',6),('DSC_2923.jpg',7),('DSC_2924.jpg',8),('DSC_2925.jpg',9),('DSC_2926.jpg',10),('DSC_2927.jpg',11),('DSC_2928.jpg',12),('DSC_2929.jpg',13),('DSC_2930.jpg',14),('DSC_2931.jpg',15),('DSC_2932.jpg',16),('DSC_2934.jpg',17),('DSC_2935.jpg',18),('DSC_2936.jpg',19),('DSC_2937.jpg',20),('DSC_2938.jpg',21),('DSC_2939.jpg',22),('DSC_2940.jpg',23),('DSC_2941.jpg',24),('DSC_2942.jpg',25),('DSC_2943.jpg',26),('DSC_2944.jpg',27),('DSC_2946.jpg',28),('DSC_2947.jpg',29),('DSC_2948.jpg',30),('DSC_2949.jpg',31),('DSC_2950.jpg',32),('DSC_2951.jpg',33),('DSC_2952.jpg',34),('DSC_2953.jpg',35),('DSC_2954.jpg',36),('DSC_2955.jpg',37),('DSC_2956.jpg',38),('DSC_2958.jpg',39),('DSC_2959.jpg',40),('DSC_2960.jpg',41),('DSC_2961.jpg',42),('DSC_2962.jpg',43),('DSC_2963.jpg',44),('DSC_2964.jpg',45),('DSC_2966.jpg',46),('DSC_2967.jpg',47),('DSC_2968.jpg',48),('DSC_2969.jpg',49),('DSC_2970.jpg',50),('DSC_2971.jpg',51),('DSC_2972.jpg',52),('DSC_2973.jpg',53),('DSC_2975.jpg',54),('DSC_2976.jpg',55),('DSC_2977.jpg',56);
/*!40000 ALTER TABLE `Navidad_1` ENABLE KEYS */;
UNLOCK TABLES;

--
-- Table structure for table `Navidad_2`
--

DROP TABLE IF EXISTS `Navidad_2`;
/*!40101 SET @saved_cs_client     = @@character_set_client */;
/*!40101 SET character_set_client = utf8 */;
CREATE TABLE `Navidad_2` (
  `foto` varchar(50) NOT NULL,
  `incr` int(11) NOT NULL
) ENGINE=MyISAM DEFAULT CHARSET=latin1;
/*!40101 SET character_set_client = @saved_cs_client */;

--
-- Dumping data for table `Navidad_2`
--

LOCK TABLES `Navidad_2` WRITE;
/*!40000 ALTER TABLE `Navidad_2` DISABLE KEYS */;
INSERT INTO `Navidad_2` VALUES ('DSC_2984.jpg',1),('DSC_2985.jpg',2),('DSC_2988.jpg',3),('DSC_2989.jpg',4),('DSC_2993.jpg',5),('DSC_2998.jpg',6),('DSC_3001.jpg',7),('DSC_3003.jpg',8),('DSC_3004.jpg',9),('DSC_3005.jpg',10),('DSC_3006.jpg',11),('DSC_3007.jpg',12),('DSC_3009.jpg',13),('DSC_3012.jpg',14),('DSC_3013.jpg',15),('DSC_3017.jpg',16),('DSC_3021.jpg',17),('DSC_3026.jpg',18),('DSC_3027.jpg',19),('DSC_3028.jpg',20),('DSC_3029.jpg',21),('DSC_3030.jpg',22),('DSC_3031.jpg',23),('DSC_3032.jpg',24),('DSC_3033.jpg',25),('DSC_3034.jpg',26),('DSC_3035.jpg',27),('DSC_3036.jpg',28),('DSC_3038.jpg',29),('DSC_3039.jpg',30),('DSC_3040.jpg',31),('DSC_3041.jpg',32),('DSC_3042.jpg',33),('DSC_3043.jpg',34);
/*!40000 ALTER TABLE `Navidad_2` ENABLE KEYS */;
UNLOCK TABLES;

--
-- Table structure for table `Navidad_2008`
--

DROP TABLE IF EXISTS `Navidad_2008`;
/*!40101 SET @saved_cs_client     = @@character_set_client */;
/*!40101 SET character_set_client = utf8 */;
CREATE TABLE `Navidad_2008` (
  `foto` varchar(50) NOT NULL,
  `incr` int(11) NOT NULL
) ENGINE=MyISAM DEFAULT CHARSET=latin1;
/*!40101 SET character_set_client = @saved_cs_client */;

--
-- Dumping data for table `Navidad_2008`
--

LOCK TABLES `Navidad_2008` WRITE;
/*!40000 ALTER TABLE `Navidad_2008` DISABLE KEYS */;
INSERT INTO `Navidad_2008` VALUES ('DSC_3044 [640x480].JPG',1),('DSC_3045 [640x480].JPG',2),('DSC_3046 [640x480].JPG',3),('DSC_3047 [640x480].JPG',4),('DSC_3048 [640x480].JPG',5),('DSC_3049 [640x480].JPG',6),('DSC_3050 [640x480].JPG',7),('DSC_3051 [640x480].JPG',8),('DSC_3052 [640x480].JPG',9),('DSC_3053 [640x480].JPG',10),('DSC_3054 [640x480].JPG',11),('DSC_3058 [640x480].JPG',12),('DSC_3059 [640x480].JPG',13),('DSC_3060 [640x480].JPG',14),('DSC_3061 [640x480].JPG',15),('DSC_3062 [640x480].JPG',16),('DSC_3063 [640x480].JPG',17),('DSC_3064 [640x480].JPG',18),('DSC_3065 [640x480].JPG',19),('DSC_3066 [640x480].JPG',20),('DSC_3067 [640x480].JPG',21),('DSC_3068 [640x480].JPG',22),('DSC_3069 [640x480].JPG',23),('DSC_3070 [640x480].JPG',24),('DSC_3071 [640x480].JPG',25),('DSC_3072 [640x480].JPG',26),('DSC_3073 [640x480].JPG',27),('DSC_3074 [640x480].JPG',28),('DSC_3075 [640x480].JPG',29),('DSC_3076 [640x480].JPG',30),('DSC_3077 [640x480].JPG',31),('DSC_3078 [640x480].JPG',32),('DSC_3079 [640x480].JPG',33),('DSC_3080 [640x480].JPG',34),('DSC_3082 [640x480].JPG',35),('DSC_3083 [640x480].JPG',36),('DSC_3084 [640x480].JPG',37),('DSC_3085 [640x480].JPG',38),('DSC_3086 [640x480].JPG',39),('DSC_3087 [640x480].JPG',40),('DSC_3088 [640x480].JPG',41),('DSC_3089 [640x480].JPG',42),('DSC_3090 [640x480].JPG',43),('DSC_3091 [640x480].JPG',44),('DSC_3092 [640x480].JPG',45),('DSC_3093 [640x480].JPG',46),('DSC_3094 [640x480].JPG',47),('DSC_3095 [640x480].JPG',48),('DSC_3096 [640x480].JPG',49),('DSC_3097 [640x480].JPG',50),('DSC_3098 [640x480].JPG',51),('DSC_3099 [640x480].JPG',52),('DSC_3100 [640x480].JPG',53),('DSC_3101 [640x480].JPG',54),('DSC_3102 [640x480].JPG',55),('DSC_3103 [640x480].JPG',56),('DSC_3104 [640x480].JPG',57),('DSC_3105 [640x480].JPG',58),('DSC_3106 [640x480].JPG',59),('DSC_3107 [640x480].JPG',60),('DSC_3108 [640x480].JPG',61),('DSC_3109 [640x480].JPG',62),('DSC_3110 [640x480].JPG',63),('DSC_3111 [640x480].JPG',64),('DSC_3112 [640x480].JPG',65),('DSC_3113 [640x480].JPG',66),('DSC_3114 [640x480].JPG',67),('DSC_3115 [640x480].JPG',68),('DSC_3116 [640x480].JPG',69),('DSC_3118 [640x480].JPG',70),('DSC_3119 [640x480].JPG',71),('DSC_3120 [640x480].JPG',72),('DSC_3121 [640x480].JPG',73),('DSC_3122 [640x480].JPG',74),('DSC_3123 [640x480].JPG',75),('DSC_3124 [640x480].JPG',76),('DSC_3125 [640x480].JPG',77),('DSC_3126 [640x480].JPG',78),('DSC_3127 [640x480].JPG',79),('DSC_3128 [640x480].JPG',80),('DSC_3129 [640x480].JPG',81),('DSC_3130 [640x480].JPG',82),('DSC_3131 [640x480].JPG',83),('DSC_3132 [640x480].JPG',84),('DSC_3133 [640x480].JPG',85),('DSC_3134 [640x480].JPG',86),('DSC_3135 [640x480].JPG',87),('DSC_3136 [640x480].JPG',88),('DSC_3137 [640x480].JPG',89),('DSC_3138 [640x480].JPG',90),('DSC_3139 [640x480].JPG',91),('DSC_3140 [640x480].JPG',92),('DSC_3141 [640x480].JPG',93),('DSC_3142 [640x480].JPG',94),('DSC_3143 [640x480].JPG',95),('DSC_3144 [640x480].JPG',96),('DSC_3145 [640x480].JPG',97),('DSC_3146 [640x480].JPG',98),('DSC_3147 [640x480].JPG',99),('DSC_3148 [640x480].JPG',100),('DSC_3149 [640x480].JPG',101),('DSC_3150 [640x480].JPG',102),('DSC_3151 [640x480].JPG',103),('DSC_3152 [640x480].JPG',104),('DSC_3153 [640x480].JPG',105),('DSC_3154 [640x480].JPG',106),('DSC_3155 [640x480].JPG',107),('DSC_3156 [640x480].JPG',108),('DSC_3157 [640x480].JPG',109),('DSC_3158 [640x480].JPG',110),('DSC_3159 [640x480].JPG',111),('DSC_3160 [640x480].JPG',112),('DSC_3161 [640x480].JPG',113),('DSC_3162 [640x480].JPG',114),('DSC_3163 [640x480].JPG',115),('DSC_3164 [640x480].JPG',116),('DSC_3165 [640x480].JPG',117),('DSC_3166 [640x480].JPG',118),('DSC_3167 [640x480].JPG',119),('DSC_3168 [640x480].JPG',120),('DSC_3169 [640x480].JPG',121),('DSC_3170 [640x480].JPG',122),('DSC_3171 [640x480].JPG',123),('DSC_3172 [640x480].JPG',124),('DSC_3173 [640x480].JPG',125),('DSC_3174 [640x480].JPG',126),('DSC_3175 [640x480].JPG',127),('DSC_3176 [640x480].JPG',128),('DSC_3177 [640x480].JPG',129),('DSC_3178 [640x480].JPG',130),('DSC_3179 [640x480].JPG',131);
/*!40000 ALTER TABLE `Navidad_2008` ENABLE KEYS */;
UNLOCK TABLES;

--
-- Table structure for table `Navidad_PR`
--

DROP TABLE IF EXISTS `Navidad_PR`;
/*!40101 SET @saved_cs_client     = @@character_set_client */;
/*!40101 SET character_set_client = utf8 */;
CREATE TABLE `Navidad_PR` (
  `foto` varchar(50) NOT NULL,
  `incr` int(11) NOT NULL
) ENGINE=MyISAM DEFAULT CHARSET=latin1;
/*!40101 SET character_set_client = @saved_cs_client */;

--
-- Dumping data for table `Navidad_PR`
--

LOCK TABLES `Navidad_PR` WRITE;
/*!40000 ALTER TABLE `Navidad_PR` DISABLE KEYS */;
INSERT INTO `Navidad_PR` VALUES ('PC250098 (Small).JPG',1),('PC250099 (Medium).JPG',2),('PC250100 (Medium).JPG',3),('PC250101 (Medium).JPG',4),('PC250102 (Medium).JPG',5),('PC250103 (Medium).JPG',6),('PC250104 (Medium).JPG',7),('PC250105 (Medium).JPG',8),('PC250106 (Medium).JPG',9),('PC250108 (Medium).JPG',10),('PC250109 (Medium).JPG',11),('PC250110 (Medium).JPG',12),('PC250111 (Medium).JPG',13),('PC250112 (Medium).JPG',14),('PC250113 (Medium).JPG',15),('PC250114 (Medium).JPG',16);
/*!40000 ALTER TABLE `Navidad_PR` ENABLE KEYS */;
UNLOCK TABLES;

--
-- Table structure for table `Oct_28_2009`
--

DROP TABLE IF EXISTS `Oct_28_2009`;
/*!40101 SET @saved_cs_client     = @@character_set_client */;
/*!40101 SET character_set_client = utf8 */;
CREATE TABLE `Oct_28_2009` (
  `foto` varchar(50) NOT NULL,
  `incr` int(11) NOT NULL
) ENGINE=MyISAM DEFAULT CHARSET=latin1;
/*!40101 SET character_set_client = @saved_cs_client */;

--
-- Dumping data for table `Oct_28_2009`
--

LOCK TABLES `Oct_28_2009` WRITE;
/*!40000 ALTER TABLE `Oct_28_2009` DISABLE KEYS */;
INSERT INTO `Oct_28_2009` VALUES ('DSC_4380.JPG',1),('DSC_4381.JPG',2),('DSC_4382.JPG',3),('DSC_4385.JPG',4),('DSC_4386.JPG',5),('DSC_4387.JPG',6),('DSC_4388.JPG',7),('DSC_4389.JPG',8),('DSC_4390.JPG',9),('DSC_4391.JPG',10),('DSC_4392.JPG',11),('DSC_4393.JPG',12),('DSC_4394.JPG',13),('DSC_4395.JPG',14),('DSC_4396.JPG',15),('DSC_4397.JPG',16),('DSC_4398.JPG',17),('DSC_4399.JPG',18),('DSC_4400.JPG',19),('DSC_4401.JPG',20),('DSC_4402.JPG',21),('DSC_4403.JPG',22),('DSC_4404.JPG',23),('DSC_4405.JPG',24),('DSC_4406.JPG',25),('DSC_4407.JPG',26),('DSC_4408.JPG',27),('DSC_4410.JPG',28),('DSC_4411.JPG',29),('DSC_4412.JPG',30),('DSC_4413.JPG',31),('DSC_4414.JPG',32),('DSC_4415.JPG',33),('DSC_4416.JPG',34),('DSC_4417.JPG',35),('DSC_4418.JPG',36),('DSC_4419.JPG',37),('DSC_4420.JPG',38),('DSC_4421.JPG',39),('DSC_4422.JPG',40),('DSC_4424.JPG',41),('DSC_4425.JPG',42),('DSC_4426.JPG',43),('DSC_4427.JPG',44),('DSC_4428.JPG',45),('DSC_4429.JPG',46),('DSC_4430.JPG',47),('DSC_4431.JPG',48);
/*!40000 ALTER TABLE `Oct_28_2009` ENABLE KEYS */;
UNLOCK TABLES;

--
-- Table structure for table `Primer_Album`
--

DROP TABLE IF EXISTS `Primer_Album`;
/*!40101 SET @saved_cs_client     = @@character_set_client */;
/*!40101 SET character_set_client = utf8 */;
CREATE TABLE `Primer_Album` (
  `foto` varchar(50) NOT NULL default '',
  `incr` int(11) NOT NULL default '0'
) ENGINE=MyISAM DEFAULT CHARSET=latin1;
/*!40101 SET character_set_client = @saved_cs_client */;

--
-- Dumping data for table `Primer_Album`
--

LOCK TABLES `Primer_Album` WRITE;
/*!40000 ALTER TABLE `Primer_Album` DISABLE KEYS */;
INSERT INTO `Primer_Album` VALUES ('001.jpg',1),('002.jpg',2),('003.jpg',3),('004.jpg',4),('005.jpg',5),('006.jpg',6),('007.jpg',7),('008.jpg',8),('009.jpg',9),('010.jpg',10),('011.jpg',11),('012.jpg',12),('013.jpg',13),('014.jpg',14),('015.jpg',15),('016.jpg',16),('017.jpg',17),('018.jpg',18),('019.jpg',19),('020.jpg',20),('021.jpg',21),('022.jpg',22),('023.jpg',23),('024.jpg',24),('025.jpg',25),('026.jpg',26),('027.jpg',27),('028.jpg',28),('029.jpg',29),('030.jpg',30);
/*!40000 ALTER TABLE `Primer_Album` ENABLE KEYS */;
UNLOCK TABLES;

--
-- Table structure for table `Primer_Dia_de_Escuela`
--

DROP TABLE IF EXISTS `Primer_Dia_de_Escuela`;
/*!40101 SET @saved_cs_client     = @@character_set_client */;
/*!40101 SET character_set_client = utf8 */;
CREATE TABLE `Primer_Dia_de_Escuela` (
  `foto` varchar(50) NOT NULL,
  `incr` int(11) NOT NULL
) ENGINE=MyISAM DEFAULT CHARSET=latin1;
/*!40101 SET character_set_client = @saved_cs_client */;

--
-- Dumping data for table `Primer_Dia_de_Escuela`
--

LOCK TABLES `Primer_Dia_de_Escuela` WRITE;
/*!40000 ALTER TABLE `Primer_Dia_de_Escuela` DISABLE KEYS */;
INSERT INTO `Primer_Dia_de_Escuela` VALUES ('DSC_5320.jpg',1),('DSC_5321.jpg',2),('DSC_5322.jpg',3),('DSC_5323.jpg',4),('DSC_5324.jpg',5),('DSC_5325.jpg',6),('DSC_5326.jpg',7),('DSC_5327.jpg',8),('DSC_5328.jpg',9),('DSC_5329.jpg',10),('DSC_5330.jpg',11),('DSC_5331.jpg',12),('DSC_5332.jpg',13),('DSC_5333.jpg',14),('DSC_5334.jpg',15),('DSC_5335.jpg',16),('DSC_5336.jpg',17),('DSC_5337.jpg',18),('DSC_5338.jpg',19),('DSC_5339.jpg',20),('DSC_5340.jpg',21),('DSC_5341.jpg',22),('DSC_5342.jpg',23),('DSC_5343.jpg',24),('DSC_5344.jpg',25),('DSC_5345.jpg',26),('DSC_5346.jpg',27),('DSC_5347.jpg',28),('DSC_5348.jpg',29),('DSC_5349.jpg',30),('DSC_5350.jpg',31),('DSC_5351.jpg',32),('DSC_5352.jpg',33),('DSC_5353.jpg',34);
/*!40000 ALTER TABLE `Primer_Dia_de_Escuela` ENABLE KEYS */;
UNLOCK TABLES;

--
-- Table structure for table `Puerto_Rico_2008`
--

DROP TABLE IF EXISTS `Puerto_Rico_2008`;
/*!40101 SET @saved_cs_client     = @@character_set_client */;
/*!40101 SET character_set_client = utf8 */;
CREATE TABLE `Puerto_Rico_2008` (
  `foto` varchar(50) NOT NULL,
  `incr` int(11) NOT NULL
) ENGINE=MyISAM DEFAULT CHARSET=latin1;
/*!40101 SET character_set_client = @saved_cs_client */;

--
-- Dumping data for table `Puerto_Rico_2008`
--

LOCK TABLES `Puerto_Rico_2008` WRITE;
/*!40000 ALTER TABLE `Puerto_Rico_2008` DISABLE KEYS */;
INSERT INTO `Puerto_Rico_2008` VALUES ('DSC_3186.jpg',1),('DSC_3187.jpg',2),('DSC_3188.jpg',3),('DSC_3192.jpg',4),('DSC_3197.jpg',5),('DSC_3200.jpg',6),('DSC_3202.jpg',7),('DSC_3203.jpg',8),('DSC_3210.jpg',9),('DSC_3211.jpg',10),('DSC_3213.jpg',11),('DSC_3214.jpg',12),('DSC_3218.jpg',13),('DSC_3220.jpg',14),('DSC_3221.jpg',15),('DSC_3222.jpg',16),('DSC_3224.jpg',17),('DSC_3225.jpg',18),('DSC_3226.jpg',19),('DSC_3232.jpg',20),('DSC_3233.jpg',21),('DSC_3237.jpg',22),('DSC_3238.jpg',23),('DSC_3239.jpg',24),('DSC_3240.jpg',25),('DSC_3241.jpg',26),('DSC_3242.jpg',27),('DSC_3243.jpg',28),('DSC_3244.jpg',29),('DSC_3246.jpg',30),('DSC_3250.jpg',31),('DSC_3251.jpg',32),('DSC_3252.jpg',33),('DSC_3253.jpg',34),('DSC_3254.jpg',35),('DSC_3255.jpg',36),('DSC_3256.jpg',37),('DSC_3257.jpg',38),('DSC_3258.jpg',39),('DSC_3259.jpg',40);
/*!40000 ALTER TABLE `Puerto_Rico_2008` ENABLE KEYS */;
UNLOCK TABLES;

--
-- Table structure for table `Quinto_Album`
--

DROP TABLE IF EXISTS `Quinto_Album`;
/*!40101 SET @saved_cs_client     = @@character_set_client */;
/*!40101 SET character_set_client = utf8 */;
CREATE TABLE `Quinto_Album` (
  `foto` varchar(50) NOT NULL default '',
  `incr` int(11) NOT NULL default '0'
) ENGINE=MyISAM DEFAULT CHARSET=latin1;
/*!40101 SET character_set_client = @saved_cs_client */;

--
-- Dumping data for table `Quinto_Album`
--

LOCK TABLES `Quinto_Album` WRITE;
/*!40000 ALTER TABLE `Quinto_Album` DISABLE KEYS */;
INSERT INTO `Quinto_Album` VALUES ('001.jpg',1),('002.jpg',2),('003.jpg',3),('004.jpg',4),('005.jpg',5),('006.jpg',6),('007.jpg',7),('008.jpg',8),('009.jpg',9),('010.jpg',10),('011.jpg',11),('012.jpg',12),('013.jpg',13),('014.jpg',14),('015.jpg',15),('016.jpg',16),('017.jpg',17),('018.jpg',18),('019.jpg',19),('020.jpg',20),('021.jpg',21),('022.jpg',22),('023.jpg',23),('024.jpg',24),('025.jpg',25),('026.jpg',26),('027.jpg',27),('028.jpg',28),('029.jpg',29),('030.jpg',30),('031.jpg',31),('032.jpg',32),('033.jpg',33),('034.jpg',34),('035.jpg',35),('036.jpg',36),('037.jpg',37),('038.jpg',38),('039.jpg',39),('040.jpg',40),('041.jpg',41),('042.jpg',42),('043.jpg',43),('044.jpg',44),('045.jpg',45),('046.jpg',46),('047.jpg',47),('048.jpg',48),('049.jpg',49),('050.jpg',50),('051.jpg',51),('052.jpg',52),('053.jpg',53),('054.jpg',54),('055.jpg',55),('056.jpg',56),('057.jpg',57);
/*!40000 ALTER TABLE `Quinto_Album` ENABLE KEYS */;
UNLOCK TABLES;

--
-- Table structure for table `Segundo_Album`
--

DROP TABLE IF EXISTS `Segundo_Album`;
/*!40101 SET @saved_cs_client     = @@character_set_client */;
/*!40101 SET character_set_client = utf8 */;
CREATE TABLE `Segundo_Album` (
  `foto` varchar(50) NOT NULL default '',
  `incr` int(11) NOT NULL default '0'
) ENGINE=MyISAM DEFAULT CHARSET=latin1;
/*!40101 SET character_set_client = @saved_cs_client */;

--
-- Dumping data for table `Segundo_Album`
--

LOCK TABLES `Segundo_Album` WRITE;
/*!40000 ALTER TABLE `Segundo_Album` DISABLE KEYS */;
INSERT INTO `Segundo_Album` VALUES ('031.jpg',1),('032.jpg',2),('033.jpg',3),('034.jpg',4),('035.jpg',5),('036.jpg',6),('037.jpg',7),('038.jpg',8),('039.jpg',9),('040.jpg',10),('041.jpg',11),('042.jpg',12),('043.jpg',13),('044.jpg',14),('045.jpg',15),('046.jpg',16),('047.jpg',17),('048.jpg',18),('049.jpg',19),('050.jpg',20),('051.jpg',21),('052.jpg',22),('053.jpg',23),('054.jpg',24),('055.jpg',25),('056.jpg',26),('057.jpg',27),('058.jpg',28),('059.jpg',29),('060.jpg',30);
/*!40000 ALTER TABLE `Segundo_Album` ENABLE KEYS */;
UNLOCK TABLES;

--
-- Table structure for table `Sexto_Album`
--

DROP TABLE IF EXISTS `Sexto_Album`;
/*!40101 SET @saved_cs_client     = @@character_set_client */;
/*!40101 SET character_set_client = utf8 */;
CREATE TABLE `Sexto_Album` (
  `foto` varchar(50) NOT NULL default '',
  `incr` int(11) NOT NULL default '0'
) ENGINE=MyISAM DEFAULT CHARSET=latin1;
/*!40101 SET character_set_client = @saved_cs_client */;

--
-- Dumping data for table `Sexto_Album`
--

LOCK TABLES `Sexto_Album` WRITE;
/*!40000 ALTER TABLE `Sexto_Album` DISABLE KEYS */;
INSERT INTO `Sexto_Album` VALUES ('_DSC0690.jpg',1),('_DSC0690a.jpg',2),('_DSC0691.jpg',3),('_DSC0692.jpg',4),('_DSC0693.jpg',5),('_DSC0694.jpg',6),('_DSC0695.jpg',7),('_DSC0696.jpg',8),('_DSC0697.jpg',9),('_DSC0699.ajpgbvf.jpg',10),('_DSC0699.jpg',11),('_DSC0699_1.jpgab.jpg',12),('_DSC0699a.jpg',13);
/*!40000 ALTER TABLE `Sexto_Album` ENABLE KEYS */;
UNLOCK TABLES;

--
-- Table structure for table `Summer2009`
--

DROP TABLE IF EXISTS `Summer2009`;
/*!40101 SET @saved_cs_client     = @@character_set_client */;
/*!40101 SET character_set_client = utf8 */;
CREATE TABLE `Summer2009` (
  `foto` varchar(50) NOT NULL,
  `incr` int(11) NOT NULL
) ENGINE=MyISAM DEFAULT CHARSET=latin1;
/*!40101 SET character_set_client = @saved_cs_client */;

--
-- Dumping data for table `Summer2009`
--

LOCK TABLES `Summer2009` WRITE;
/*!40000 ALTER TABLE `Summer2009` DISABLE KEYS */;
INSERT INTO `Summer2009` VALUES ('DSC_3813.jpg',1),('DSC_3814.jpg',2),('DSC_3815.jpg',3),('DSC_3816.jpg',4),('DSC_3817.jpg',5),('DSC_3818.jpg',6),('DSC_3819.jpg',7),('DSC_3820.jpg',8),('DSC_3821.jpg',9),('DSC_3822.jpg',10),('DSC_3823.jpg',11),('DSC_3824.jpg',12),('DSC_3825.jpg',13),('DSC_3826.jpg',14),('DSC_3827.jpg',15),('DSC_3831.jpg',16),('DSC_3833.jpg',17),('DSC_3834.jpg',18),('DSC_3835.jpg',19),('DSC_3836.jpg',20),('DSC_4117.jpg',21),('DSC_4237.jpg',22),('DSC_4238.jpg',23),('DSC_4239.jpg',24),('DSC_4242.jpg',25),('DSC_4243.jpg',26),('DSC_4245.jpg',27),('DSC_4247.jpg',28),('DSC_4248.jpg',29),('DSC_4249.jpg',30),('DSC_4250.jpg',31),('DSC_4251.jpg',32),('DSC_4252.jpg',33),('DSC_4253.jpg',34),('DSC_4255.jpg',35),('DSC_4256.jpg',36),('DSC_4257.jpg',37),('DSC_4258.jpg',38),('DSC_4260.jpg',39),('DSC_4262.jpg',40),('DSC_4263.jpg',41),('DSC_4266.jpg',42),('DSC_4267.jpg',43),('DSC_4268.jpg',44),('DSC_4269.jpg',45),('DSC_4271.jpg',46),('DSC_4272.jpg',47),('DSC_4273.jpg',48),('DSC_4274.jpg',49),('DSC_4276.jpg',50),('DSC_4277.jpg',51),('DSC_4278.jpg',52),('DSC_4279.jpg',53),('DSC_4280.jpg',54),('DSC_4281.jpg',55),('DSC_4282.jpg',56),('DSC_4284.jpg',57),('DSC_4200.jpg',58),('DSC_4201.jpg',59),('DSC_4202.jpg',60),('DSC_4203.jpg',61),('DSC_4204.jpg',62),('DSC_4205.jpg',63),('DSC_4206.jpg',64),('DSC_4207.jpg',65),('DSC_4208.jpg',66),('DSC_4209.jpg',67),('DSC_4210.jpg',68),('DSC_4211.jpg',69),('DSC_4212.jpg',70),('DSC_4213.jpg',71),('DSC_4214.jpg',72),('DSC_4215.jpg',73),('DSC_4216.jpg',74),('DSC_4217.jpg',75),('DSC_4218.jpg',76),('DSC_4219.jpg',77),('DSC_4220.jpg',78),('DSC_4221.jpg',79),('DSC_4222.jpg',80),('DSC_4225.jpg',81),('DSC_4227.jpg',82),('DSC_4228.jpg',83),('DSC_4229.jpg',84),('DSC_4230.jpg',85),('DSC_4231.jpg',86),('DSC_4232.jpg',87),('DSC_4234.jpg',88),('DSC_4236.jpg',89),('DSC_4119.jpg',90),('DSC_4120.jpg',91),('DSC_4121.jpg',92),('DSC_4123.jpg',93),('DSC_4124.jpg',94),('DSC_4125.jpg',95),('DSC_4126.jpg',96),('DSC_4127.jpg',97),('DSC_4128.jpg',98),('DSC_4129.jpg',99),('DSC_4130.jpg',100),('DSC_4131.jpg',101),('DSC_4133.jpg',102),('DSC_4134.jpg',103),('DSC_4135.jpg',104),('DSC_4136.jpg',105),('DSC_4151.jpg',106),('DSC_4152.jpg',107),('DSC_4153.jpg',108),('DSC_4154.jpg',109),('DSC_4155.jpg',110),('DSC_4156.jpg',111),('DSC_4157.jpg',112),('DSC_4158.jpg',113),('DSC_4159.jpg',114),('DSC_4160.jpg',115),('DSC_4161.jpg',116),('DSC_4162.jpg',117),('DSC_4163.jpg',118),('DSC_4164.jpg',119),('DSC_4165.jpg',120),('DSC_4166.jpg',121),('DSC_4167.jpg',122),('DSC_4168.jpg',123),('DSC_4169.jpg',124),('DSC_4170.jpg',125),('DSC_4171.jpg',126),('DSC_4172.jpg',127),('DSC_4173.jpg',128),('DSC_4174.jpg',129),('DSC_4175.jpg',130),('DSC_4176.jpg',131),('DSC_4177.jpg',132),('DSC_4179.jpg',133),('DSC_4180.jpg',134),('DSC_4181.jpg',135),('DSC_4182.jpg',136),('DSC_4183.jpg',137),('DSC_4185.jpg',138),('DSC_4187.jpg',139),('DSC_4188.jpg',140),('DSC_4189.jpg',141),('DSC_4190.jpg',142),('DSC_4191.jpg',143),('DSC_4192.jpg',144),('DSC_4193.jpg',145),('DSC_4194.jpg',146),('DSC_4195.jpg',147),('DSC_4196.jpg',148),('DSC_4197.jpg',149),('DSC_4198.jpg',150),('DSC_4199.jpg',151);
/*!40000 ALTER TABLE `Summer2009` ENABLE KEYS */;
UNLOCK TABLES;

--
-- Table structure for table `Tercer_Album`
--

DROP TABLE IF EXISTS `Tercer_Album`;
/*!40101 SET @saved_cs_client     = @@character_set_client */;
/*!40101 SET character_set_client = utf8 */;
CREATE TABLE `Tercer_Album` (
  `foto` varchar(50) NOT NULL default '',
  `incr` int(11) NOT NULL default '0'
) ENGINE=MyISAM DEFAULT CHARSET=latin1;
/*!40101 SET character_set_client = @saved_cs_client */;

--
-- Dumping data for table `Tercer_Album`
--

LOCK TABLES `Tercer_Album` WRITE;
/*!40000 ALTER TABLE `Tercer_Album` DISABLE KEYS */;
INSERT INTO `Tercer_Album` VALUES ('061.jpg',1),('062.jpg',2),('063.jpg',3),('064.jpg',4),('065.jpg',5),('066.jpg',6),('067.jpg',7),('068.jpg',8),('069.jpg',9),('070.jpg',10),('071.jpg',11),('072.jpg',12),('073.jpg',13),('074.jpg',14),('075.jpg',15),('076.jpg',16),('077.jpg',17),('078.jpg',18),('079.jpg',19),('080.jpg',20),('081.jpg',21),('082.jpg',22),('083.jpg',23),('084.jpg',24),('085.jpg',25),('086.jpg',26),('087.jpg',27),('088.jpg',28),('089.jpg',29),('090.jpg',30);
/*!40000 ALTER TABLE `Tercer_Album` ENABLE KEYS */;
UNLOCK TABLES;

--
-- Table structure for table `Thanksgiving_etc`
--

DROP TABLE IF EXISTS `Thanksgiving_etc`;
/*!40101 SET @saved_cs_client     = @@character_set_client */;
/*!40101 SET character_set_client = utf8 */;
CREATE TABLE `Thanksgiving_etc` (
  `foto` varchar(50) NOT NULL,
  `incr` int(11) NOT NULL
) ENGINE=MyISAM DEFAULT CHARSET=latin1;
/*!40101 SET character_set_client = @saved_cs_client */;

--
-- Dumping data for table `Thanksgiving_etc`
--

LOCK TABLES `Thanksgiving_etc` WRITE;
/*!40000 ALTER TABLE `Thanksgiving_etc` DISABLE KEYS */;
INSERT INTO `Thanksgiving_etc` VALUES ('DSC_2708.jpg',1),('DSC_2709.jpg',2),('DSC_2710.jpg',3),('DSC_2711.jpg',4),('DSC_2712.jpg',5),('DSC_2713.jpg',6),('DSC_2714.jpg',7),('DSC_2715.jpg',8),('DSC_2716.jpg',9),('DSC_2717.jpg',10),('DSC_2718.jpg',11),('DSC_2719.jpg',12),('DSC_2720.jpg',13),('DSC_2721.jpg',14),('DSC_2722.jpg',15),('DSC_2723.jpg',16),('DSC_2724.jpg',17),('DSC_2725.jpg',18),('DSC_2726.jpg',19),('DSC_2727.jpg',20),('DSC_2728.jpg',21),('DSC_2729.jpg',22),('DSC_2730.jpg',23),('DSC_2731.jpg',24),('DSC_2732.jpg',25),('DSC_2733.jpg',26),('DSC_2735.jpg',27),('DSC_2736.jpg',28),('DSC_2737.jpg',29),('DSC_2738.jpg',30),('DSC_2739.jpg',31),('DSC_2740.jpg',32),('DSC_2741.jpg',33),('DSC_2742.jpg',34),('DSC_2743.jpg',35),('DSC_2744.jpg',36),('DSC_2745.jpg',37),('DSC_2746.jpg',38),('DSC_2747.jpg',39),('DSC_2748.jpg',40),('DSC_2749.jpg',41),('DSC_2750.jpg',42),('DSC_2751.jpg',43),('DSC_2752.jpg',44),('DSC_2753.jpg',45),('DSC_2754.jpg',46),('DSC_2755.jpg',47),('DSC_2756.jpg',48),('DSC_2757.jpg',49),('DSC_2758.jpg',50),('DSC_2759.jpg',51),('DSC_2760.jpg',52),('DSC_2761.jpg',53),('DSC_2762.jpg',54),('DSC_2763.jpg',55),('DSC_2764.jpg',56),('DSC_2765.jpg',57),('DSC_2766.jpg',58),('DSC_2767.jpg',59),('DSC_2768.jpg',60),('DSC_2769.jpg',61),('DSC_2770.jpg',62),('DSC_2771.jpg',63),('DSC_2772.jpg',64),('DSC_2773.jpg',65),('DSC_2774.jpg',66),('DSC_2775.jpg',67),('DSC_2776.jpg',68),('DSC_2777.jpg',69),('DSC_2778.jpg',70),('DSC_2779.jpg',71),('DSC_2780.jpg',72),('DSC_2781.jpg',73),('DSC_2782.jpg',74),('DSC_2783.jpg',75),('DSC_2784.jpg',76);
/*!40000 ALTER TABLE `Thanksgiving_etc` ENABLE KEYS */;
UNLOCK TABLES;

--
-- Table structure for table `WBC_Miami_2009`
--

DROP TABLE IF EXISTS `WBC_Miami_2009`;
/*!40101 SET @saved_cs_client     = @@character_set_client */;
/*!40101 SET character_set_client = utf8 */;
CREATE TABLE `WBC_Miami_2009` (
  `foto` varchar(50) NOT NULL,
  `incr` int(11) NOT NULL
) ENGINE=MyISAM DEFAULT CHARSET=latin1;
/*!40101 SET character_set_client = @saved_cs_client */;

--
-- Dumping data for table `WBC_Miami_2009`
--

LOCK TABLES `WBC_Miami_2009` WRITE;
/*!40000 ALTER TABLE `WBC_Miami_2009` DISABLE KEYS */;
INSERT INTO `WBC_Miami_2009` VALUES ('2649_61331117610_714212610_2038325_234638_n.jpg',1),('2649_61331127610_714212610_2038326_3133815_n.jpg',2),('2649_61331137610_714212610_2038327_5214174_n.jpg',3),('2649_61331142610_714212610_2038328_4098337_n.jpg',4),('2649_61331147610_714212610_2038329_54634_n.jpg',5),('2649_61331152610_714212610_2038330_2070034_n.jpg',6),('2649_61331157610_714212610_2038331_5239903_n.jpg',7),('2649_61331167610_714212610_2038333_4441416_n.jpg',8),('2649_61331172610_714212610_2038334_7536704_n.jpg',9),('2649_61331182610_714212610_2038335_2537751_n.jpg',10),('2649_61331192610_714212610_2038336_3489044_n.jpg',11),('2649_61331197610_714212610_2038337_6281126_n.jpg',12),('2649_61331202610_714212610_2038338_1429665_n.jpg',13),('2649_61331212610_714212610_2038339_259643_n.jpg',14),('2649_61331217610_714212610_2038340_2347161_n.jpg',15),('2649_61331222610_714212610_2038341_3504252_n.jpg',16),('2649_61331227610_714212610_2038342_7070764_n.jpg',17),('2649_61331237610_714212610_2038343_870367_n.jpg',18),('2649_61331242610_714212610_2038344_2965330_n.jpg',19),('2649_61331247610_714212610_2038345_818448_n.jpg',20),('2649_61331257610_714212610_2038346_3953641_n.jpg',21),('2649_61331262610_714212610_2038347_6826058_n.jpg',22),('2649_61331267610_714212610_2038348_4850912_n.jpg',23),('2649_61331272610_714212610_2038349_3860907_n.jpg',24),('2649_61331282610_714212610_2038350_4942311_n.jpg',25),('2649_61331292610_714212610_2038351_7592453_n.jpg',26),('2649_61331297610_714212610_2038352_4523972_n.jpg',27),('2649_61331302610_714212610_2038353_7856956_n.jpg',28),('2649_61331307610_714212610_2038354_4884101_n.jpg',29),('2649_61331312610_714212610_2038355_1403639_n.jpg',30),('2649_61331317610_714212610_2038356_2231262_n.jpg',31),('2649_61331322610_714212610_2038357_8336733_n.jpg',32),('2649_61331327610_714212610_2038358_8016429_n.jpg',33),('2649_61331332610_714212610_2038359_4626771_n.jpg',34),('2649_61331337610_714212610_2038360_5922389_n.jpg',35),('2649_61331342610_714212610_2038361_5059348_n.jpg',36),('2649_61331347610_714212610_2038362_2372718_n.jpg',37),('2649_61331352610_714212610_2038363_7155786_n.jpg',38),('2649_61331362610_714212610_2038364_7506639_n.jpg',39),('2649_61331372610_714212610_2038365_1419046_n.jpg',40),('2649_61331377610_714212610_2038366_6129772_n.jpg',41),('2649_61331382610_714212610_2038367_2854195_n.jpg',42),('n652482408_1679862_7982118.jpg',43),('n652482408_1679863_5418814.jpg',44),('n652482408_1679864_1993478.jpg',45),('n652482408_1679865_2669969.jpg',46),('n652482408_1679866_2436065.jpg',47),('n652482408_1679867_2471153.jpg',48),('n652482408_1679868_5354181.jpg',49),('n652482408_1679869_6482463.jpg',50),('n652482408_1679871_4618760.jpg',51),('n652482408_1680010_2781352.jpg',52),('n652482408_1680011_2250305.jpg',53),('n652482408_1680012_6725534.jpg',54),('n652482408_1680124_5246089.jpg',55),('n652482408_1680125_6809770.jpg',56),('n652482408_1680126_4491729.jpg',57),('n652482408_1680127_2146863.jpg',58),('n652482408_1680129_5140086.jpg',59),('n652482408_1680130_7226280.jpg',60),('n652482408_1680131_5664021.jpg',61),('n652482408_1680132_321174.jpg',62),('n652482408_1680133_3318806.jpg',63),('n652482408_1680134_8097400.jpg',64),('n652482408_1680135_2692470.jpg',65),('n652482408_1680136_584225.jpg',66),('n652482408_1680137_4107570.jpg',67),('n652482408_1680138_7128688.jpg',68);
/*!40000 ALTER TABLE `WBC_Miami_2009` ENABLE KEYS */;
UNLOCK TABLES;

--
-- Table structure for table `album`
--

DROP TABLE IF EXISTS `album`;
/*!40101 SET @saved_cs_client     = @@character_set_client */;
/*!40101 SET character_set_client = utf8 */;
CREATE TABLE `album` (
  `album` varchar(50) NOT NULL default ''
) ENGINE=MyISAM DEFAULT CHARSET=latin1;
/*!40101 SET character_set_client = @saved_cs_client */;

--
-- Dumping data for table `album`
--

LOCK TABLES `album` WRITE;
/*!40000 ALTER TABLE `album` DISABLE KEYS */;
INSERT INTO `album` VALUES ('Primer_Album'),('Segundo_Album'),('Tercer_Album'),('Cuarto_Album'),('Quinto_Album'),('Sexto_Album'),('4_07_08'),('4_14_08'),('4_16_08'),('4_22_08'),('5_5_08'),('Bautizo'),('5_20_08'),('5_27_08'),('6_2_08'),('6_23_08'),('4_de_Julio_y_Ele'),('2_de_agosto_2008'),('8_19_08'),('9_19_08'),('9_27_08'),('10_04_08'),('10_10_08'),('Halloween_2008'),('Thanksgiving_etc'),('Navidad_1'),('Navidad_2'),('Navidad_PR'),('Navidad_2008'),('Puerto_Rico_2008'),('2_13_08'),('WBC_Miami_2009'),('Lillibel_First_Birthday'),('4_04_09_Playa'),('Easter_2009'),('Metro_Zoo'),('Boda_de_Luis'),('Summer2009'),('Oct_28_2009'),('Halloween_2009'),('Primer_Dia_de_Escuela'),('Disney_Cumpleanos'),('Metro_Zoo_Outing');
/*!40000 ALTER TABLE `album` ENABLE KEYS */;
UNLOCK TABLES;

--
-- Table structure for table `javi`
--

DROP TABLE IF EXISTS `javi`;
/*!40101 SET @saved_cs_client     = @@character_set_client */;
/*!40101 SET character_set_client = utf8 */;
CREATE TABLE `javi` (
  `foto` varchar(50) NOT NULL default '',
  `i` int(11) NOT NULL auto_increment,
  PRIMARY KEY  (`i`)
) ENGINE=MyISAM AUTO_INCREMENT=5 DEFAULT CHARSET=latin1;
/*!40101 SET character_set_client = @saved_cs_client */;

--
-- Dumping data for table `javi`
--

LOCK TABLES `javi` WRITE;
/*!40000 ALTER TABLE `javi` DISABLE KEYS */;
INSERT INTO `javi` VALUES ('javi',1),('javi3',3),('javi3',2),('javi4',4);
/*!40000 ALTER TABLE `javi` ENABLE KEYS */;
UNLOCK TABLES;

--
-- Dumping routines for database 'lilli'
--
DELIMITER ;;
DELIMITER ;
/*!40103 SET TIME_ZONE=@OLD_TIME_ZONE */;

/*!40101 SET SQL_MODE=@OLD_SQL_MODE */;
/*!40014 SET FOREIGN_KEY_CHECKS=@OLD_FOREIGN_KEY_CHECKS */;
/*!40014 SET UNIQUE_CHECKS=@OLD_UNIQUE_CHECKS */;
/*!40101 SET CHARACTER_SET_CLIENT=@OLD_CHARACTER_SET_CLIENT */;
/*!40101 SET CHARACTER_SET_RESULTS=@OLD_CHARACTER_SET_RESULTS */;
/*!40101 SET COLLATION_CONNECTION=@OLD_COLLATION_CONNECTION */;
/*!40111 SET SQL_NOTES=@OLD_SQL_NOTES */;

-- Dump completed on 2011-04-20  0:00:45
