(4185,10,97,3,107,'Nothing will turn his head faster than you wearing the sexy Pryme pump from Steven by Steve Madden. This daring pump has a pretty patent leather upper with light shirring, a double stitch detail surrounding the collar, and a vampy almond shaped toe. It also features smooth linings, a fully cushioned insole, a sexy covered stiletto heel, and a lightly textured dress leather outsole. Any way you wear the Pryme, you\'re certain to catch a lot of attention.'),(4186,10,492,3,107,'A prime example of chic style. Patent leather upper. Round toe. 3-1/2 inch covered heel. Flex leather sole. Imported. '),(4187,10,104,3,107,'Steven by Steve Madden Pryme Pump'),(4188,10,506,3,107,'Nothing will turn his head faster than you wearing the sexy Pryme pump from Steven by Steve Madden. This daring pump has a pretty patent leather upper with light shirring, a double stitch detail surrounding the collar, and a vampy almond shaped toe'),(4189,10,495,3,108,'B000LJQVF8'),(4190,10,104,3,108,'Nine West, Women, Lucero, Pump'),(4191,10,506,3,108,'This flirty pump has a leather upper, a pretty almond-shaped toe with a slight V-cut vamp'),(4192,10,97,3,108,'The Lucero pump from Nine West may just leave him at a loss for words. This flirty pump has a leather upper, a pretty almond-shaped toe with a slight V-cut vamp, leather linings, and a cushioned insole for long-wearing comfort. The stiletto heel radiates a subtle hint of sensuality, so sass up your jean and t-shirt look or nighttime attire with this hot pump and you\'ll be absolutely unforgettable.'),(4193,10,492,3,108,'The perfect pump will suit any ensemble. Leather upper. 3-3/4 inch stacked heel. Man-made sole. Imported. '),(4194,10,495,3,109,'B000LJQVF8'),(4195,10,97,3,109,'The Lucero pump from Nine West may just leave him at a loss for words. This flirty pump has a leather upper, a pretty almond-shaped toe with a slight V-cut vamp, leather linings, and a cushioned insole for long-wearing comfort. The stiletto heel radiates a subtle hint of sensuality, so sass up your jean and t-shirt look or nighttime attire with this hot pump and you\'ll be absolutely unforgettable.'),(4196,10,492,3,109,'The perfect pump will suit any ensemble. Leather upper. 3-3/4 inch stacked heel. Man-made sole. Imported. '),(4197,10,104,3,109,'Nine West Women\'s Lucero Pump '),(4198,10,506,3,109,'The Lucero pump from Nine West may just leave him at a loss for words. This flirty pump has a leather upper, a pretty almond-shaped toe with a slight V-cut vamp'),(4199,10,495,3,110,'B000LJQVF8'),(4200,10,97,3,110,'The Lucero pump from Nine West may just leave him at a loss for words. This flirty pump has a leather upper, a pretty almond-shaped toe with a slight V-cut vamp, leather linings, and a cushioned insole for long-wearing comfort. The stiletto heel radiates a subtle hint of sensuality, so sass up your jean and t-shirt look or nighttime attire with this hot pump and you\'ll be absolutely unforgettable.'),(4201,10,492,3,110,'The perfect pump will suit any ensemble. Leather upper. 3-3/4 inch stacked heel. Man-made sole. Imported. '),(4202,10,104,3,110,'Nine West Women\'s Lucero Pump '),(4203,10,506,3,110,'The Lucero pump from Nine West may just leave him at a loss for words. This flirty pump has a leather upper, a pretty almond-shaped toe with a slight V-cut vamp'),(4204,10,495,3,111,'B000LJQVF8'),(4205,10,97,3,111,'The Lucero pump from Nine West may just leave him at a loss for words. This flirty pump has a leather upper, a pretty almond-shaped toe with a slight V-cut vamp, leather linings, and a cushioned insole for long-wearing comfort. The stiletto heel radiates a subtle hint of sensuality, so sass up your jean and t-shirt look or nighttime attire with this hot pump and you\'ll be absolutely unforgettable.'),(4206,10,492,3,111,'The perfect pump will suit any ensemble. Leather upper. 3-3/4 inch stacked heel. Man-made sole. Imported. '),(4207,10,104,3,111,'Nine West Women\'s Lucero Pump '),(4208,10,506,3,111,'The Lucero pump from Nine West may just leave him at a loss for words. This flirty pump has a leather upper, a pretty almond-shaped toe with a slight V-cut vamp'),(4209,10,495,3,112,'B000NPOA1M'),(4210,10,104,3,112,'ECCO, Womens, Golf, Flexor, Shoe'),(4211,10,506,3,112,'With a wide toe box and delivering optimum support, the sporty Golf Flexor golf shoe is a stylish cleat that you\'ll love wearing on and off the links.'),(4212,10,97,3,112,'Featuring a wide toe box and delivering optimum support, the sporty Golf Flexor golf shoe is a stylish cleat that you\'ll love wearing on and off the links. The contrasting embossed snakeskin panels attract interest, while the laid back lace-up style keeps things simple. And thanks to the one-year waterproof guarantee, you can trust these shoes to keep you in the game, even when conditions are less than perfect.'),(4213,10,492,3,112,'<ul>\r\n<ul class=\"disc\">\r\n<li>Breathable mesh fabric lining<br></li>\r\n<li>Cushioned Comfort Fibre System(R) <br></li>\r\n<li>Moisture absorbent<br></li>\r\n<li>Anti-bacterial insole<br></li>\r\n</ul>'),(4214,10,495,3,113,'B000NPOA1M'),(4215,10,97,3,113,'Featuring a wide toe box and delivering optimum support, the sporty Golf Flexor golf shoe is a stylish cleat that you\'ll love wearing on and off the links. The contrasting embossed snakeskin panels attract interest, while the laid back lace-up style keeps things simple. And thanks to the one-year waterproof guarantee, you can trust these shoes to keep you in the game, even when conditions are less than perfect.'),(4216,10,492,3,113,'Featuring a wide toe box and delivering optimum support, the sporty Golf Flexor golf shoe is a stylish cleat that you\'ll love wearing on and off the links. The contrasting embossed snakeskin panels attract interest, while the laid back lace-up style keeps things simple. And thanks to the one-year waterproof guarantee, you can trust these shoes to keep you in the game, even when conditions are less than perfect.'),(4217,10,104,3,113,'ECCO Womens Golf Flexor Golf Shoe'),(4218,10,506,3,113,'Featuring a wide toe box and delivering optimum support, the sporty Golf Flexor golf shoe is a stylish cleat that you\'ll love wearing on and off the links.'),(4219,10,495,3,114,'B000NPOA1M'),(4220,10,97,3,114,'Featuring a wide toe box and delivering optimum support, the sporty Golf Flexor golf shoe is a stylish cleat that you\'ll love wearing on and off the links. The contrasting embossed snakeskin panels attract interest, while the laid back lace-up style keeps things simple. And thanks to the one-year waterproof guarantee, you can trust these shoes to keep you in the game, even when conditions are less than perfect.'),(4221,10,492,3,114,'Featuring a wide toe box and delivering optimum support, the sporty Golf Flexor golf shoe is a stylish cleat that you\'ll love wearing on and off the links. The contrasting embossed snakeskin panels attract interest, while the laid back lace-up style keeps things simple. And thanks to the one-year waterproof guarantee, you can trust these shoes to keep you in the game, even when conditions are less than perfect.'),(4222,10,104,3,114,'ECCO Womens Golf Flexor Golf Shoe'),(4223,10,506,3,114,'Featuring a wide toe box and delivering optimum support, the sporty Golf Flexor golf shoe is a stylish cleat that you\'ll love wearing on and off the links.'),(4224,10,495,3,115,'B000NPOA1M'),(4225,10,97,3,115,'Featuring a wide toe box and delivering optimum support, the sporty Golf Flexor golf shoe is a stylish cleat that you\'ll love wearing on and off the links. The contrasting embossed snakeskin panels attract interest, while the laid back lace-up style keeps things simple. And thanks to the one-year waterproof guarantee, you can trust these shoes to keep you in the game, even when conditions are less than perfect.'),(4226,10,492,3,115,'Featuring a wide toe box and delivering optimum support, the sporty Golf Flexor golf shoe is a stylish cleat that you\'ll love wearing on and off the links. The contrasting embossed snakeskin panels attract interest, while the laid back lace-up style keeps things simple. And thanks to the one-year waterproof guarantee, you can trust these shoes to keep you in the game, even when conditions are less than perfect.'),(4227,10,104,3,115,'ECCO Womens Golf Flexor Golf Shoe'),(4228,10,506,3,115,'Featuring a wide toe box and delivering optimum support, the sporty Golf Flexor golf shoe is a stylish cleat that you\'ll love wearing on and off the links.'),(4229,10,495,3,117,'Impatience'),(4230,10,97,3,117,'# 6.1 oz. 100% preshrunk heavyweight cotton \r\n# Shoulder-to-shoulder taping\r\n# Double-needle sleeves and bottom hem'),(4231,10,104,3,117,'Coalesce: Functioning On Impatience T-Shirt'),(4232,10,506,3,117,'# 6.1 oz. 100% preshrunk heavyweight cotton \r\n# Shoulder-to-shoulder taping\r\n# Double-needle sleeves and bottom hem'),(4233,10,495,3,118,'Impatience'),(4234,10,97,3,118,'# 6.1 oz. 100% preshrunk heavyweight cotton \r\n# Shoulder-to-shoulder taping\r\n# Double-needle sleeves and bottom hem'),(4235,10,104,3,118,'Coalesce: Functioning On Impatience T-Shirt'),(4236,10,506,3,118,'# 6.1 oz. 100% preshrunk heavyweight cotton \r\n# Shoulder-to-shoulder taping\r\n# Double-needle sleeves and bottom hem'),(4237,10,495,3,119,'Impatience'),(4238,10,104,3,119,'Coalesce, T-Shirt'),(4239,10,506,3,119,'<ul>\r\n<ul class=\"disc\">\r\n\r\n<li>6.1 oz. 100% preshrunk heavyweight cotton<br></li>\r\n<li>Shoulder-to-shoulder taping<br></li>\r\n<li>Double-needle sleeves and bottom hem<br></li>\r\n</ul>'),(4240,10,97,3,119,'Comfortable preshrunk shirts.  Highest Quality Printing.<br><br>\r\n<ul>\r\n<ul class=\"disc\">\r\n<li>6.1 oz. 100% preshrunk heavyweight cotton<br></li>\r\n<li>Shoulder-to-shoulder taping<br></li>\r\n<li>Double-needle sleeves and bottom hem<br></li>'),(4241,10,495,3,120,'Ink Eater:'),(4242,10,104,3,120,'Ink Eater, Krylon, Bombear , Destroyed, Tee, t shirt'),(4243,10,506,3,120,'Now you can make your grandparents proud by wearing an original piece of graf work to YOUR family reunion!'),(4244,10,97,3,120,'We bought these with the intention of making shirts for our family reunion, only to come back the next day to find each and every one of them had been tagged by The Bear.  Oh well -- can\'t argue with art.  Now you can make your grandparents proud by wearing an original piece of graf work to YOUR family reunion!'),(4245,10,495,3,121,'Ink Eater:'),(4246,10,97,3,121,'We bought these with the intention of making shirts for our family reunion, only to come back the next day to find each and every one of them had been tagged by The Bear.  Oh well -- can\'t argue with art.  Now you can make your grandparents proud by wearing an original piece of graf work to YOUR family reunion!'),(4247,10,104,3,121,'Ink Eater: Krylon Bombear Destroyed Tee'),(4248,10,506,3,121,'We bought these with the intention of making shirts for our family reunion, only to come back the next day to find each and every one of them had been tagged by The Bear.  Oh well -- can\'t argue with art.  Now you can make your grandparents proud by wearing an original piece of graf work to YOUR family reunion!'),(4249,10,495,3,122,'Ink Eater:'),(4250,10,97,3,122,'We bought these with the intention of making shirts for our family reunion, only to come back the next day to find each and every one of them had been tagged by The Bear.  Oh well -- can\'t argue with art.  Now you can make your grandparents proud by wearing an original piece of graf work to YOUR family reunion!'),(4251,10,104,3,122,'Ink Eater: Krylon Bombear Destroyed Tee'),(4252,10,506,3,122,'We bought these with the intention of making shirts for our family reunion, only to come back the next day to find each and every one of them had been tagged by The Bear.  Oh well -- can\'t argue with art.  Now you can make your grandparents proud by wearing an original piece of graf work to YOUR family reunion!'),(4253,10,495,3,123,'paisley'),(4254,10,104,3,123,'The Only Children: Paisley T-Shirt'),(4255,10,506,3,123,'Printed on American Apparel Classic style 5495 California cotton T shirt.   '),(4256,10,97,3,123,'<ul>\r\n<ul class=\"disc\">\r\n<li>6.1 oz. 100% preshrunk heavyweight cotton <br></li>\r\n<li>Double-needle sleeves and bottom hem</li>\r\n</ul>'),(4257,10,495,3,124,'The Only Children: Paisley T-Shirt'),(4258,10,97,3,124,'# 6.1 oz. 100% preshrunk heavyweight cotton \r\n# Double-needle sleeves and bottom hem'),(4259,10,104,3,124,'The Only Children: Paisley T-Shirt'),(4260,10,506,3,124,'Printed on American Apparel Classic style 5495 California cotton T shirst.   '),(4261,10,495,3,125,'The Only Children: Paisley T-Shirt'),(4262,10,97,3,125,'# 6.1 oz. 100% preshrunk heavyweight cotton \r\n# Double-needle sleeves and bottom hem'),(4263,10,104,3,125,'The Only Children: Paisley T-Shirt'),(4264,10,506,3,125,'Printed on American Apparel Classic style 5495 California cotton T shirst.   '),(4265,10,495,3,126,'zolof'),(4266,10,104,3,126,'Zolof The Rock And Roll Destroyer: LOL Cat T-shirt'),(4267,10,506,3,126,'Printed on American Apparel Classic style 5495 California t-shirts.  '),(4268,10,97,3,126,'<ul>\r\n<ul class=\"disc\")\r\n<li> 6.1 oz. 100% preshrunk heavyweight cotton <br></li>\r\n<li> Shoulder-to-shoulder taping<br></li>\r\n<li>Double-needle sleeves and bottom hem<br></li>\r\n</ul>'),(4269,10,495,3,127,'Zolof The Rock And Roll Destroyer: LOL Cat T-shirt'),(4270,10,97,3,127,'# 6.1 oz. 100% preshrunk heavyweight cotton \r\n# Shoulder-to-shoulder taping\r\n# Double-needle sleeves and bottom hem'),(4271,10,104,3,127,'Zolof The Rock And Roll Destroyer: LOL Cat T-shirt'),(4272,10,506,3,127,'Printed on American Apparel Classic style 5495 California t-shirts.  '),(4273,10,495,3,128,'Zolof The Rock And Roll Destroyer: LOL Cat T-shirt'),(4274,10,97,3,128,'# 6.1 oz. 100% preshrunk heavyweight cotton \r\n# Shoulder-to-shoulder taping\r\n# Double-needle sleeves and bottom hem'),(4275,10,104,3,128,'Zolof The Rock And Roll Destroyer: LOL Cat T-shirt'),(4276,10,506,3,128,'Printed on American Apparel Classic style 5495 California t-shirts.  '),(4277,10,495,3,129,'Zolof The Rock And Roll Destroyer: LOL Cat T-shirt'),(4278,10,97,3,129,'# 6.1 oz. 100% preshrunk heavyweight cotton \r\n# Shoulder-to-shoulder taping\r\n# Double-needle sleeves and bottom hem'),(4279,10,104,3,129,'Zolof The Rock And Roll Destroyer: LOL Cat T-shirt'),(4280,10,506,3,129,'Printed on American Apparel Classic style 5495 California t-shirts.  '),(4281,10,495,3,130,'Zolof The Rock And Roll Destroyer: LOL Cat T-shirt'),(4282,10,97,3,130,'# 6.1 oz. 100% preshrunk heavyweight cotton \r\n# Shoulder-to-shoulder taping\r\n# Double-needle sleeves and bottom hem'),(4283,10,104,3,130,'Zolof The Rock And Roll Destroyer: LOL Cat T-shirt'),(4284,10,506,3,130,'Printed on American Apparel Classic style 5495 California t-shirts.  '),(4285,10,495,3,131,'Zolof The Rock And Roll Destroyer: LOL Cat T-shirt'),(4286,10,97,3,131,'# 6.1 oz. 100% preshrunk heavyweight cotton \r\n# Shoulder-to-shoulder taping\r\n# Double-needle sleeves and bottom hem'),(4287,10,104,3,131,'Zolof The Rock And Roll Destroyer: LOL Cat T-shirt'),(4288,10,506,3,131,'Printed on American Apparel Classic style 5495 California t-shirts.  '),(4289,10,97,3,133,'A stylish digital camera demands stylish protection. This leather carrying case will defend your camera from the dings and scratches of travel and everyday use while looking smart all the time.'),(4290,10,506,3,133,'A stylish digital camera demands stylish protection. This leather carrying case will defend your camera from the dings and scratches of travel and everyday use while looking smart all the time.'),(4291,10,97,3,132,'Sturdy, lightweight tripods are designed to meet the needs of amateur and professional photographers and videographers.'),(4292,10,506,3,132,'Sturdy, lightweight tripods are designed to meet the needs of amateur and professional photographers and videographers.'),(4293,10,97,3,134,'Features foldable Flat Pin for Easy Storage/ Slim/ Lightweight Design and Smart Charging LED Indicator.'),(4294,10,506,3,134,'Features foldable Flat Pin for Easy Storage/ Slim/ Lightweight Design and Smart Charging LED Indicator.'),(4295,10,495,3,135,'B000KJ43SG!'),(4296,10,104,3,135,'womens, sandal, leather, anashria, '),(4297,10,506,3,135,'Buckle embellished contrasting straps adorn both the heel and canvas covered wedge of this t-strap sandal to make it a truly unique addition to your wardrobe'),(4298,10,97,3,135,'Smooth kidskin upper in a dress platform wedge t-strap sandal style, with a round open toe, front and ankle adjustable buckles and tonal stitching accents. Ankle buckle features elastic panel. Smooth faux leather lining, cushioning faux leather and fabric topped insole. 1 inch matching leather and fabric wrapped midsole.'),(4299,10,492,3,135,'<ul>\r\n<ul class=\"disc\">\r\n<li>Womens Style <br></li>\r\n<li>Genuine Top Grain Premier Leather <br></li>\r\n<li>Rich Color Tones <br></li>\r\n<li>Straps lined with 2000 lb test nylon <br></li>\r\n<li>Guaranteed for the Life of the Sole - Non-slip sole<br></li>\r\n</ul>'),(4304,10,495,0,137,'Zolof The Rock And Roll Destroyer: LOL Cat T-shirt'),(4305,10,97,0,137,'# 6.1 oz. 100% preshrunk heavyweight cotton \r\n# Shoulder-to-shoulder taping\r\n# Double-needle sleeves and bottom hem'),(4306,10,104,0,137,'Zolof The Rock And Roll Destroyer: LOL Cat T-shirt'),(4307,10,506,0,137,'Printed on American Apparel Classic style 5495 California t-shirts.  '),(4308,10,531,0,28,''),(4309,10,531,1,28,''),(4310,10,531,2,28,''),(4311,10,531,3,28,''),(4312,10,494,0,26,''),(4313,10,494,1,26,''),(4314,10,494,2,26,''),(4315,10,494,3,26,''),(4316,10,531,0,26,''),(4317,10,531,1,26,''),(4318,10,531,2,26,''),(4319,10,531,3,26,''),(4320,10,104,0,134,''),(4321,10,104,1,134,''),(4322,10,104,2,134,''),(4323,10,104,3,134,''),(4324,10,531,0,134,''),(4325,10,531,1,134,''),(4326,10,531,2,134,''),(4327,10,531,3,134,''),(4328,10,531,0,118,''),(4329,10,531,1,118,''),(4330,10,531,2,118,''),(4331,10,531,3,118,''),(4332,10,494,0,51,''),(4333,10,494,1,51,''),(4334,10,494,2,51,''),(4335,10,494,3,51,''),(4336,10,531,0,51,''),(4337,10,531,1,51,''),(4338,10,531,2,51,''),(4339,10,531,3,51,''),(4344,10,531,0,119,''),(4345,10,531,0,126,''),(4346,10,531,0,123,''),(4347,10,531,0,120,''),(4348,10,531,0,83,''),(4349,10,531,0,44,''),(4350,10,531,0,27,''),(4351,10,531,0,39,''),(4352,10,531,0,41,''),(4353,10,531,0,42,''),(4354,10,104,0,138,''),(4355,10,97,0,138,'This superb, multi-functional Aspire X-Cruiser mid tower case is designed to follow Intel\'s recommendations to achieve the highest level of thermal performance. This gorgeous case outperforms most of the expensive chassis in the market, boasts an abundance of innovative features, yet carries a very affordable price tag. The Aspire X-Cruiser is fully loaded with everything you could possibly imagine that a great gaming case could have. With a built-in air duct on the side panel to funnel cool air towards the CPU, the fan-less X-Cruiser is specially designed to bring out the best performance in systems based on high-end processors.'),(4356,10,506,0,138,'This magnificent new case features 2 x 80mm built-in fans with space for 2 optional fans. The Aspire X-Cruiser features front temperature gauge, front fan speed controller and gauge, and front volume controller and gauge. It also features USB2.0, Firewire and audio ports. The superior cooling solution that X-Cruiser delivers can only be found in very few of the expensive chassis in the market.'),(4357,10,531,0,138,''),(4358,10,104,0,139,''),(4359,10,97,0,139,'Introducing the next advancement in case design and technology, the Lexa. Designed from ground up to be symmetrical, the Lexa is representative of the modern lifestyle design cues of today. The Lexa\'s minimalist and classy design fits perfectly under the NZXT Classic Series line.'),(4360,10,506,0,139,'The Lexa boasts a ridgid, but light weight aluminum chassis. The Lexa\'s high-air-flow design, while quiet, ensures cooling options for the more ambitious computing enthusiasts. Three thermal probes provide temperature readings to the illuminated LCD display for monitoring your systems core components. The Lexa ships with a rugged carrying strap with protective window cover for easy single-handed transportation.'),(4361,10,531,0,139,''),(4362,10,104,0,140,''),(4363,10,97,0,140,'Crucial 2GB PC4200 DDR2 533MHz Memory\r\nCrucial Technologies is part of Micron, the largest DRAM manufacturer in the U.S. and one of the largest in the world. Because they actually manufacture memory, they have unparalleled expertise in the upgrade industry. Crucial is the only consumer memory upgrade supplier that is part of a major DRAM manufacturer.\r\n\r\nEvery single Crucial memory module is tested before it goes out their doors. Crucial chips are individually tested under varying temperatures, voltages, and operational conditions for performance and functionality. '),(4364,10,506,0,140,'Crucial 2GB PC4200 DDR2 533MHz Memory\r\nCrucial Technologies is part of Micron, the largest DRAM manufacturer in the U.S. and one of the largest in the world. Because they actually manufacture memory, they have unparalleled expertise in the upgrade industry. Crucial is the only consumer memory upgrade supplier that is part of a major DRAM manufacturer.\r\n\r\nEvery single Crucial memory module is tested before it goes out their doors. Crucial chips are individually tested under varying temperatures, voltages, and operational conditions for performance and functionality. '),(4365,10,531,0,140,''),(4366,10,104,0,141,''),(4367,10,97,0,141,'Crucial 1024MB PC4200 DDR2 533MHz Memory\r\nCrucial Technologies is part of Micron, the largest DRAM manufacturer in the U.S. and one of the largest in the world. Because they actually manufacture memory, they have unparalleled expertise in the upgrade industry. Crucial is the only consumer memory upgrade supplier that is part of a major DRAM manufacturer.\r\n\r\nEvery single Crucial memory module is tested before it goes out their doors. Crucial chips are individually tested under varying temperatures, voltages, and operational conditions for performance and functionality. '),(4368,10,506,0,141,'Crucial 1024MB PC4200 DDR2 533MHz Memory\r\nCrucial Technologies is part of Micron, the largest DRAM manufacturer in the U.S. and one of the largest in the world. Because they actually manufacture memory, they have unparalleled expertise in the upgrade industry. Crucial is the only consumer memory upgrade supplier that is part of a major DRAM manufacturer.\r\n\r\nEvery single Crucial memory module is tested before it goes out their doors. Crucial chips are individually tested under varying temperatures, voltages, and operational conditions for performance and functionality. '),(4369,10,531,0,141,''),(4370,10,104,0,142,'1 Year Warranty - Parts and Labor'),(4371,10,97,0,142,'1 Year Extended Warranty - Parts and Labor'),(4372,10,506,0,142,'1 Year Extended Warranty - Parts and Labor'),(4373,10,531,0,142,''),(4374,10,104,0,143,''),(4375,10,97,0,143,'Crucial 512MB PC4200 DDR2 533MHz Memory\r\nCrucial Technologies is part of Micron, the largest DRAM manufacturer in the U.S. and one of the largest in the world. Because they actually manufacture memory, they have unparalleled expertise in the upgrade industry. Crucial is the only consumer memory upgrade supplier that is part of a major DRAM manufacturer.\r\n\r\nEvery single Crucial memory module is tested before it goes out their doors. Crucial chips are individually tested under varying temperatures, voltages, and operational conditions for performance and functionality. '),(4376,10,506,0,143,'Crucial 512MB PC4200 DDR2 533MHz Memory\r\nCrucial Technologies is part of Micron, the largest DRAM manufacturer in the U.S. and one of the largest in the world. Because they actually manufacture memory, they have unparalleled expertise in the upgrade industry. Crucial is the only consumer memory upgrade supplier that is part of a major DRAM manufacturer.\r\n\r\nEvery single Crucial memory module is tested before it goes out their doors. Crucial chips are individually tested under varying temperatures, voltages, and operational conditions for performance and functionality. '),(4377,10,531,0,143,''),(4378,10,104,0,144,'2 Year Warranty - Parts and Labor'),(4379,10,97,0,144,'2 Year Extended Warranty - Parts and Labor'),(4380,10,506,0,144,'2 Year Extended Warranty - Parts and Labor'),(4381,10,531,0,144,''),(4382,10,104,0,145,''),(4383,10,97,0,145,'Overclocker’s dream! Deliver more sophisticated solutions with the leading-edge technology of AMD Phenom™ 9000 Series processor. Built from the ground up for true quad-core performance, AMD Phenom 9000 Series processors incorporate a unified high-speed L3 cache and high-speed DDR2 memory. Speed through complex multitasking, critical business productivity, advanced visual design and modeling and visually stunning digital media and entertainment. Whether it\'s a single solution or an enterprise system, AMD Phenom processors have the power to perform.'),(4384,10,506,0,145,'Deliver more sophisticated solutions with the leading-edge technology of AMD Phenom™ 9000 Series processor.'),(4385,10,531,0,145,''),(4386,10,104,0,146,'3 Year Warranty - Parts and Labor'),(4387,10,97,0,146,'3 Year Extended Warranty - Parts and Labor'),(4388,10,506,0,146,'3 Year Extended Warranty - Parts and Labor'),(4389,10,531,0,146,''),(4390,10,500,0,147,'22\"'),(4391,10,104,0,147,''),(4392,10,97,0,147,'The wide, 16:10 format of SAMSUNG\'s 226BW digital/Analog widescreen LCD monitor gives you plenty of room for all your computer applications and multiple images. DC 3000:1 contrast ratio creates crisp, easy-to-view images and gaming graphics, without ghosting or blurring. Complete with Microsoft® Vista® Premium certification and advanced dual interface for both analog digital video signals, the 226BW monitor is future-ready.'),(4393,10,506,0,147,'The wide, 16:10 format of SAMSUNG\'s 226BW digital/Analog widescreen LCD monitor gives you plenty of room for all your computer applications and multiple images. DC 3000:1 contrast ratio creates crisp, easy-to-view images and gaming graphics, without ghosting or blurring. Complete with Microsoft® Vista® Premium certification and advanced dual interface for both analog digital video signals, the 226BW monitor is future-ready.'),(4394,10,531,0,147,''),(4395,10,104,0,148,''),(4396,10,97,0,148,'Frustrated by staring at the hourglass icon as soon as you try to work on more than three programs at once, especially when you’re working with digital media? Increase your performance with the AMD Athlon™ 64 X2 dual core processor. Work or play with multiple programs without any stalling or waiting. Dual-core technology is like having two processors, and two working together is better and faster than one working alone. Do more in less time with the AMD Athlon 64 X2 dual-core processor.'),(4397,10,506,0,148,'AMD Athlon 64 X2 3800+ Processor ADO3800IAA5CZ - 2.0GHz, 2 x 512KB Cache, 1000MHz (2000 MT/s) FSB, Windsor, Dual Core, OEM, Socket AM2, Processor'),(4398,10,531,0,148,''),(4399,10,499,0,149,'1 TB'),(4400,10,104,0,149,''),(4401,10,97,0,149,'1 TB - 7200RPM, SATA 3.0Gb/s, 32MB Cache'),(4402,10,506,0,149,'1 TB - 7200RPM, SATA 3.0Gb/s, 32MB Cache'),(4403,10,531,0,149,''),(4404,10,499,0,150,'500 GB'),(4405,10,104,0,150,''),(4406,10,97,0,150,'500GB- 7200RPM, SATA 3.0Gb/s, 32MB Cache'),(4407,10,506,0,150,'500GB - 7200RPM, SATA 3.0Gb/s, 32MB Cache'),(4408,10,531,0,150,''),(4409,10,104,0,151,''),(4410,10,97,0,151,'Intel® Core™2 Duo processor is the new brand name for our next-generation energy-efficient performance desktop and mobile processors. Formerly known by their codenames Conroe and Merom, the Intel® Core™2 processors for desktop and mobile computers are based on the Intel® Core™ microarchitecture, Intel\'s new industry-leading foundation for all mobile, desktop and server platforms moving forward.'),(4411,10,506,0,151,'Intel® Core™2 Duo processor is the new brand name for our next-generation energy-efficient performance desktop and mobile processors.'),(4412,10,531,0,151,''),(4413,10,500,0,152,'24\"'),(4414,10,104,0,152,''),(4415,10,97,0,152,'With ultrafine 10,000:1 contrast and wide 170° viewing angles, this 24\" widescreen LCD monitor delivers crystal-clear high-definition visuals for gaming and work projects. The DVI-D input lets you connect a DVD player or other digital video device.\r\n\r\nProduct Features:\r\n    * Ultrafast 5 ms response time\r\n    * Digital Fine 10,000:1 contrast ratio; 400 cd/m² brightness\r\n    * 1920 x 1200 maximum resolution; wide 170° horizontal and vertical viewing angles\r\n'),(4416,10,506,0,152,'5 ms response time; 10,000:1 contrast ratio; 400 cd/m² brightness; 1920 x 1200 maximum resolution; DVI-D and 15-pin D-sub inputs'),(4417,10,531,0,152,''),(4418,10,104,0,153,''),(4419,10,97,0,153,'The new Intel® Core™2 Extreme processor QX9775 with hafnium-infused chip design delivers unrivaled gaming performance1 with four independent processing cores, 12 MB of cache, 1600 MHz Front Side Bus, and clock speeds of 3.2 GHz.The Intel® Core™2 Extreme processor is the world’s first quad core desktop processor, delivering the latest in cutting-edge processor technology and unprecedented performance across a wide range of applications and benchmarks. All Intel Core 2 Extreme processor QX9000 series are based on the industry-leading 45nm manufacturing technology, providing another giant leap forward on the road to multi-core and parallel computing.'),(4420,10,506,0,153,'Intel Core 2 Extreme QX9775 Processor BX80574QX9775 - 45nm, 3.20GHz, 12MB Cache, 1600MHz FSB, Yorkfield XE, Quad-Core, Retail, Socket 771, Processor'),(4421,10,531,0,153,''),(4422,10,499,0,154,'5400 rpm'),(4423,10,104,0,154,''),(4424,10,97,0,154,'1 TB - 7200RPM, SATA 3.0Gb/s, 32MB Cache'),(4425,10,506,0,154,'1 TB - 7200RPM, SATA 3.0Gb/s, 32MB Cache'),(4426,10,531,0,154,''),(4427,10,499,0,155,'5400 rpm'),(4428,10,104,0,155,''),(4429,10,97,0,155,'1 TB - 7200RPM, SATA 3.0Gb/s, 32MB Cache'),(4430,10,506,0,155,'1 TB - 7200RPM, SATA 3.0Gb/s, 32MB Cache'),(4431,10,531,0,155,''),(4432,10,500,0,156,'19\"'),(4433,10,104,0,156,''),(4434,10,97,0,156,'Experience smooth gaming visuals and crystal-clear video with this 19\" flat-panel LCD monitor that features an ultrafast 2 ms response time and sharp 10,000:1 contrast. The DVI-D with HDCP input lets you connect a DVD player or other digital video device.\r\nProduct Features\r\n\r\n    * Ultrafast 2 ms response time\r\n    * Digital Fine 10,000:1 contrast ratio; 300 cd/m² brightness\r\n    * 1440 x 900 maximum resolution; wide 170° horizontal and vertical viewing angles\r\n'),(4435,10,506,0,156,'2 ms response time; 10,000:1 contrast ratio; 300 cd/m² brightness; 1440 x 900 maximum resolution; DVI-D and 15-pin D-sub inputs'),(4436,10,531,0,156,''),(4437,10,500,0,157,'30\"'),(4438,10,104,0,157,''),(4439,10,97,0,157,'    * Digital (DVI), USB 2.0 and FireWire 400 inputs\r\n    * Cinema HD delivers up to 16.7 million colors across a wide gamut for a breathtaking, vivid picture\r\n    * ColorSync technology lets you create a custom profile to maintain consistent colors on the screen and in print\r\n    * Single cable with breakout for DVI, USB and FireWire ports provides a tidy look while reducing clutter\r\n    * Built-in, 2-port USB 2.0 hub to easily connect peripheral devices\r\n    * User controls allow you to monitor display power, system sleep/wake, brightness and monitor tilt\r\n    * Antiglare, hard-coat screen treatment\r\n    * Wall-mountable with optional mounting kit (not included)\r\n    * ENERGY STAR compliance assures a high standard of energy efficiency\r\n'),(4440,10,506,0,157,'Computer games, digital photo editing and graphic applications will astound you on this huge 30\" flat-panel monitor. Cinema HD and ColorSync technology let you enjoy 16.7 million breathtaking colors and custom profiling for color consistency.'),(4441,10,531,0,157,''),(4442,10,104,0,158,'Sony, VAIO, VGN-TXN27N/B , Notebook, PC, Intel, 2 GB RAM, '),(4443,10,506,0,158,'Weighing in at just an amazing 2.84 pounds and offering a sleek, durable carbon-fiber case in charcoal black. And with 4 to 10 hours of standard battery life, it has the stamina to power you through your most demanding applications. With the integrated wireless WAN, you can access the national Sprint Mobile Broadband service to extend your wireless coverage beyond LAN access networks and hotspots, giving you the freedom to go farther, do more, and stay connected.\r\n\r\n'),(4444,10,97,0,158,' <ul>\r\n<ul class=\"disc\">\r\n<li>Processor: The Ultra Low Voltage Intel Core Solo U1500 processor offers a 1.33 GHz speed paired with a fast 533 MHz front-side bus and large 2 MB L2 cache. (An L2, or secondary, cache temporarily stores data; and a larger L2 cache can help speed up your system\'s performance. The FSB carries data between the CPU and RAM, and a faster front-side bus will deliver better overall performance.) The Core Solo processor delivers enhanced performance for today\'s demanding applications such as CAD tools, 3-D and 2-D modeling, video editing, digital music, digital photography and gaming. And Intel\'s Smart Cache technology enables smarter, more efficient cache and bus design for enhanced performance, responsiveness and power savings.</li>\r\n</ul>\r\n'),(4445,10,531,0,158,''),(4446,10,104,0,159,''),(4447,10,97,0,159,'The most comfortable ergonomic keyboard on the market! We just made a great deal for this Microsoft Natural ergonomic keyboard. And we know you’re going to love it. This newest addition to the world’s best selling line of ergonomic keyboards features a natural wrist alignment that will make your day! Just one touch allows you to perform a wealth of common but important tasks such as opening documents and replying to e-mail. The Microsoft Natural Model 4000 ergonomic keyboard also features an improved number pad with easy-to-reach symbols such left and right, equal sign and back space placed just above the number pad. Easy-access to the Internet. Multimedia keys. Lockable F keys and much more (see complete list of additional features below). Don’t you think it’s time to go natural? Microsoft’s Natural Ergonomic Model 4000 Keyboard. Available right here, for the best price!'),(4448,10,506,0,159,'The most comfortable ergonomic keyboard on the market! We just made a great deal for this Microsoft Natural ergonomic keyboard.'),(4449,10,531,0,159,''),(4450,10,104,0,160,''),(4451,10,97,0,160,'Our most advanced trackball yet: a comfortable, cordless, finger-operated trackball that works where you need it. Save space and eliminate desktop clutter. Take advantage of extra buttons that help you navigate around Windows and the web more easily. And with Logitech\'s patented optical technology, you get virtually maintenance-free precision and smooth tracking.'),(4452,10,506,0,160,'Our most advanced trackball yet. It\'s comfortable, cordless, finger-operated and works where you need it. Save space and eliminate desktop clutter.'),(4453,10,531,0,160,''),(4454,10,104,0,161,''),(4455,10,97,0,161,'PerfectStroke key system for the ultimate keyboard feel. Bluetooth wireless and Li-Ion powered. Stylishly sleek with its elegant charging base and backlit controls, the diNovo Edge makes a bold statement.\r\n\r\nAn ideal partner for any high-end computer, the ultra-slim Logitech diNovo Edge delivers the ultimate in feel and response. The revolutionary TouchDisc with hyper-speed scrolling and pixel-perfect control makes trackpads obsolete. A slim recharging base doubles as a keyboard stand. Work longer thanks to the longer-lasting Li-Ion batteries, and more securely via Bluetooth wireless technology. Combine it with the world\'s most advanced mouse, the Logitech MX Revolution, for a premium desktop experience!'),(4456,10,506,0,161,'PerfectStroke key system for the ultimate keyboard feel. Bluetooth wireless and Li-Ion powered.'),(4457,10,531,0,161,''),(4458,10,104,0,162,''),(4459,10,97,0,162,'Experience smoother tracking and wireless freedom. Navigate with enhanced precision with this ergonomic High Definition Optical mouse. Easily enlarge and edit detail with the new Magnifier and enjoy more than six months of battery life. '),(4460,10,506,0,162,'Experience smoother tracking and wireless freedom. Navigate with enhanced precision with this ergonomic High Definition Optical mouse.'),(4461,10,531,0,162,''),(4462,10,531,0,25,''),(4463,10,104,0,163,''),(4464,10,97,0,163,'Make a computer'),(4465,10,506,0,163,'Make a computer'),(4466,10,531,0,163,''),(4467,10,104,0,164,''),(4468,10,97,0,164,'Make a computer'),(4469,10,506,0,164,'Make a computer'),(4470,10,531,0,164,''),(4471,10,104,0,165,''),(4472,10,506,0,165,'test description'),(4473,10,97,0,165,'test description'),(4474,10,531,0,165,''),(4475,10,495,0,166,'HTC Touch Diamond'),(4476,10,104,0,166,''),(4477,10,506,0,166,'Re-defining the perception of advanced mobile phones… the HTC Touch Diamond™ signals a giant leap forward in combining hi-tech prowess with intuitive usability and exhilarating design.'),(4478,10,97,0,166,'Re-defining the perception of advanced mobile phones… the HTC Touch Diamond™ signals a giant leap forward in combining hi-tech prowess with intuitive usability and exhilarating design.\r\n\r\nFeaturing a sharp 2.8-inch touch screen housed within a stunning formation of brushed metal and flawless faceted edges, the HTC Touch Diamond is as beautiful to behold as it is to use.\r\n\r\nWith HTC’s vibrant touch-responsive user interface, TouchFLO™ 3D, and ultra-fast HSDPA internet connectivity… the HTC Touch Diamond offers a rich online experience to rival a notebook computer, allowing you to interact with Google, YouTube, and Wikipedia as freely as you would with a broadband connection.\r\n\r\nYour contacts, favourite music, videos and photos are no longer an uninspired line of text. With TouchFLO 3D, album artwork, video stills and snapshots of your friends’ and family’s faces are brought to life for you to interact, play and launch at your fingertips.\r\n\r\nA 3.2 megapixel auto-focus camera will help you capture the perfect moment in style and with a massive 4GB of internal storage you can keep all the files you need. The integrated ultra-sensitive GPS will help you find your destination as quickly and efficiently as a dedicated satellite navigation unit.\r\n\r\nStyle and substance in a phone are no longer mutually exclusive. The HTC Touch Diamond has arrived.'),(4479,10,492,0,166,'Re-defining the perception of advanced mobile phones… the HTC Touch Diamond™ signals a giant leap forward in combining hi-tech prowess with intuitive usability and exhilarating design.\r\n\r\nFeaturing a sharp 2.8-inch touch screen housed within a stunning formation of brushed metal and flawless faceted edges, the HTC Touch Diamond is as beautiful to behold as it is to use.\r\n\r\nWith HTC’s vibrant touch-responsive user interface, TouchFLO™ 3D, and ultra-fast HSDPA internet connectivity… the HTC Touch Diamond offers a rich online experience to rival a notebook computer, allowing you to interact with Google, YouTube, and Wikipedia as freely as you would with a broadband connection.\r\n\r\nYour contacts, favourite music, videos and photos are no longer an uninspired line of text. With TouchFLO 3D, album artwork, video stills and snapshots of your friends’ and family’s faces are brought to life for you to interact, play and launch at your fingertips.\r\n\r\nA 3.2 megapixel auto-focus camera will help you capture the perfect moment in style and with a massive 4GB of internal storage you can keep all the files you need. The integrated ultra-sensitive GPS will help you find your destination as quickly and efficiently as a dedicated satellite navigation unit.\r\n\r\nStyle and substance in a phone are no longer mutually exclusive. The HTC Touch Diamond has arrived.'),(4480,10,494,0,166,'102 mm (L) X 51 mm (W) X 11.35 mm (T)'),(4481,10,496,0,166,''),(4482,10,531,0,166,''),(4483,10,531,0,108,''),(4484,10,531,0,94,''),(4485,10,531,0,30,''),(4486,10,531,0,95,''),(4487,10,531,0,96,''),(4488,10,531,0,97,''),(4489,10,531,0,93,''),(4490,10,531,0,35,''),(4491,10,531,0,117,''),(4492,10,531,0,32,''),(4493,10,531,0,110,''),(4494,10,531,0,109,''),(4495,10,531,0,111,''),(4496,10,531,0,36,''),(4525,10,531,0,137,''),(4526,10,531,0,38,''),(4527,10,531,0,128,''),(4528,10,531,0,130,''),(4529,10,531,0,127,''),(4530,10,531,0,129,''),(4531,10,531,0,131,''),(4532,10,531,0,37,''),(4533,10,531,0,124,''),(4534,10,531,0,125,''),(4535,10,531,0,122,''),(4536,10,531,0,121,''),(4537,10,531,0,29,''),(4538,10,531,0,84,''),(4539,10,531,0,86,''),(4540,10,531,0,85,''),(4541,10,531,0,87,''),(4542,10,531,0,88,''),(4543,10,531,0,89,''),(4544,10,531,0,90,''),(4545,10,531,0,91,''),(4546,10,531,0,92,''),(4547,10,531,0,100,''),(4548,10,531,0,101,''),(4549,10,531,0,102,''),(4550,10,531,0,99,''),(4551,10,531,0,34,''),(4552,10,531,0,104,''),(4553,10,531,0,31,''),(4554,10,531,0,105,''),(4555,10,531,0,106,''),(4556,10,531,0,107,''),(4557,10,531,0,113,''),(4558,10,531,0,114,''),(4559,10,531,0,115,''),(4560,10,531,0,33,''),(4561,10,531,0,74,''),(4562,10,531,0,79,''),(4563,10,531,0,75,''),(4564,10,531,0,80,''),(4565,10,531,0,81,''),(4566,10,531,0,82,''),(4567,10,531,0,49,''),(4568,10,531,0,135,''),(4569,10,531,0,112,''),(4570,10,531,0,103,''),(4571,10,531,0,98,''),(4572,10,531,0,16,''),(4573,10,531,0,17,''),(4574,10,531,0,18,''),(4575,10,531,0,19,''),(4576,10,531,0,20,''),(4577,10,531,0,45,''),(4578,10,531,0,46,''),(4579,10,531,0,47,''),(4580,10,531,0,48,''),(4581,10,494,0,52,''),(4582,10,531,0,52,''),(4583,10,494,0,53,''),(4584,10,531,0,53,''),(4585,10,494,0,54,''),(4586,10,531,0,54,''),(4587,10,104,0,132,''),(4588,10,531,0,132,'');

--
-- Table structure for table `catalog_product_entity_tier_price`
--

CREATE TABLE `catalog_product_entity_tier_price` (
  `value_id` int(11) NOT NULL auto_increment,
  `entity_id` int(10) unsigned NOT NULL default '0',
  `all_groups` tinyint(1) unsigned NOT NULL default '1',
  `customer_group_id` smallint(5) unsigned NOT NULL default '0',
  `qty` decimal(12,4) NOT NULL default '1.0000',
  `value` decimal(12,4) NOT NULL default '0.0000',
  `website_id` smallint(5) unsigned NOT NULL,
  PRIMARY KEY  (`value_id`),
  KEY `FK_CATALOG_PRODUCT_ENTITY_TIER_PRICE_PRODUCT_ENTITY` (`entity_id`),
  KEY `FK_catalog_product_entity_tier_price_group` (`customer_group_id`),
  KEY `FK_CATALOG_PRODUCT_TIER_WEBSITE` (`website_id`),
  CONSTRAINT `FK_catalog_product_entity_tier_price_group` FOREIGN KEY (`customer_group_id`) REFERENCES `customer_group` (`customer_group_id`) ON DELETE CASCADE ON UPDATE CASCADE,
  CONSTRAINT `FK_CATALOG_PRODUCT_ENTITY_TIER_PRICE_PRODUCT_ENTITY` FOREIGN KEY (`entity_id`) REFERENCES `catalog_product_entity` (`entity_id`) ON DELETE CASCADE ON UPDATE CASCADE,
  CONSTRAINT `FK_CATALOG_PRODUCT_TIER_WEBSITE` FOREIGN KEY (`website_id`) REFERENCES `core_website` (`website_id`) ON DELETE CASCADE ON UPDATE CASCADE
) ENGINE=InnoDB AUTO_INCREMENT=354 DEFAULT CHARSET=utf8;

--
-- Dumping data for table `catalog_product_entity_tier_price`
--

INSERT INTO `catalog_product_entity_tier_price` VALUES (304,44,1,0,'2.0000','449.0000',0),(308,123,1,0,'5.0000','90.0000',0),(309,123,1,0,'10.0000','80.0000',0),(310,123,1,0,'20.0000','70.0000',0),(348,120,1,0,'5.0000','21.0000',0),(349,120,1,0,'10.0000','20.0000',0),(350,120,1,0,'20.0000','18.0000',0),(351,126,1,0,'5.0000','12.5000',0),(352,126,1,0,'10.0000','11.5000',0),(353,126,1,0,'20.0000','9.5000',0);

--
-- Table structure for table `catalog_product_entity_varchar`
--

CREATE TABLE `catalog_product_entity_varchar` (
  `value_id` int(11) NOT NULL auto_increment,
  `entity_type_id` mediumint(8) unsigned NOT NULL default '0',
  `attribute_id` smallint(5) unsigned NOT NULL default '0',
  `store_id` smallint(5) unsigned NOT NULL default '0',
  `entity_id` int(10) unsigned NOT NULL default '0',
  `value` varchar(255) NOT NULL default '',
  PRIMARY KEY  (`value_id`),
  KEY `FK_CATALOG_PRODUCT_ENTITY_VARCHAR_ATTRIBUTE` (`attribute_id`),
  KEY `FK_CATALOG_PRODUCT_ENTITY_VARCHAR_STORE` (`store_id`),
  KEY `FK_CATALOG_PRODUCT_ENTITY_VARCHAR_PRODUCT_ENTITY` (`entity_id`),
  KEY `IDX_ATTRIBUTE_VALUE` (`entity_id`,`attribute_id`,`store_id`),
  CONSTRAINT `FK_CATALOG_PRODUCT_ENTITY_VARCHAR_ATTRIBUTE` FOREIGN KEY (`attribute_id`) REFERENCES `eav_attribute` (`attribute_id`) ON DELETE CASCADE ON UPDATE CASCADE,
  CONSTRAINT `FK_CATALOG_PRODUCT_ENTITY_VARCHAR_PRODUCT_ENTITY` FOREIGN KEY (`entity_id`) REFERENCES `catalog_product_entity` (`entity_id`) ON DELETE CASCADE ON UPDATE CASCADE,
  CONSTRAINT `FK_CATALOG_PRODUCT_ENTITY_VARCHAR_STORE` FOREIGN KEY (`store_id`) REFERENCES `core_store` (`store_id`) ON DELETE CASCADE ON UPDATE CASCADE
) ENGINE=InnoDB AUTO_INCREMENT=5574 DEFAULT CHARSET=utf8;

--
-- Dumping data for table `catalog_product_entity_varchar`
--

INSERT INTO `catalog_product_entity_varchar` VALUES (228,10,96,1,16,'Nokia 2610 Phone'),(230,10,102,1,16,'20'),(232,10,103,1,16,'Nokia 2610'),(233,10,105,1,16,'Offering advanced media and calling features without breaking the bank, The Nokia 2610 is an easy to use'),(246,10,96,1,17,'BlackBerry 8100 Pearl'),(248,10,102,1,17,'21'),(250,10,103,1,17,'BlackBerry 8100 Pearl'),(251,10,105,1,17,'BlackBerry 8100 Pearl sports a large 240 x 260 screen that supports over 65,000 colors-- plenty of real estate to view your e-mails, Web browser content, messaging sessions, and attachments.'),(264,10,96,1,18,'Sony Ericsson W810i'),(266,10,102,1,18,'2'),(268,10,103,1,18,'Sony Ericsson W810i'),(269,10,105,1,18,'The W810i follows a long tradition of beautifully designed and crafted phones from Sony Ericsson. The same candy-bar style that graced the W800 is here, as is the horizontally-oriented camera unit on the back of the phone, allowing you to hold the phone j'),(298,10,96,1,20,'Samsung MM-A900M Ace'),(300,10,102,1,20,'3'),(302,10,103,1,20,'Samsung MM-A900M Ace Phone'),(303,10,105,1,20,'New services supported by both the MM-A900m include the newly announced Sprint Music StoreSM, which allows users to immediately buy and download complete songs directly to their phone'),(382,10,96,1,25,'Apple MacBook Pro MA464LL/A 15.4\" Notebook PC'),(386,10,103,1,25,'Apple MacBook Pro MA464LL/A 15.4\" Notebook PC (2.0 GHz Intel Core Duo, 1 GB RAM, 100 GB Hard Drive, SuperDrive)'),(387,10,105,1,25,'Apple MacBook Pro MA464LL/A 15.4\" Notebook PC (2.0 GHz Intel Core Duo, 1 GB RAM, 100 GB Hard Drive, SuperDrive)'),(400,10,96,1,26,'Acer Ferrari 3200 Notebook Computer PC'),(404,10,103,1,26,'Acer Ferrari 3200 Notebook Computer PC'),(405,10,105,1,26,'Acer Ferrari 3200 Notebook Computer PC'),(418,10,96,1,27,'Sony VAIO VGN-TXN27N/B 11.1\" Notebook PC'),(422,10,103,1,27,'Sony VAIO VGN-TXN27N/B 11.1\" Notebook PC (Intel Core Solo Processor U1500, 2 GB RAM, 100 GB Hard Drive, DVD±RW Drive, Vista Business) Charcoal Black'),(423,10,105,1,27,'Sony VAIO VGN-TXN27N/B 11.1\" Notebook PC (Intel Core Solo Processor U1500, 2 GB RAM, 100 GB Hard Drive, DVD±RW Drive, Vista Business) Charcoal Black'),(436,10,96,1,28,'Toshiba M285-E 14\"'),(440,10,103,1,28,'Toshiba Satellite A135-S4527 155.4\" Notebook PC (Intel Pentium Dual Core Processor T2080, 1 GB RAM, 120 GB Hard Drive, SuperMulti DVD Drive, Vista Premium)'),(441,10,105,1,28,'Toshiba M285-E 14\" Convertible Notebook PC (Intel Core Duo Processor T2300E, 1 GB RAM, 60'),(453,10,96,1,29,'CN Clogs Beach/Garden Clog'),(456,10,103,1,29,'CN Clogs Beach/Garden Clog'),(457,10,105,1,29,'CN Clogs Beach/Garden Clog'),(469,10,96,1,30,'ASICS® Men\'s GEL-Kayano® XII'),(472,10,103,1,30,'ASICS® Men\'s GEL-Kayano® XII'),(473,10,105,1,30,'ASICS® Men\'s GEL-Kayano® XII'),(485,10,96,1,31,'Steven by Steve Madden Pryme Pump'),(488,10,103,1,31,'Steven by Steve Madden Pryme Pump'),(489,10,105,1,31,'Steven by Steve Madden Pryme Pump'),(501,10,96,1,32,'Nine West Women\'s Lucero Pump'),(504,10,103,1,32,'Nine West Women\'s Lucero Pump'),(505,10,105,1,32,'Nine West Women\'s Lucero Pump'),(517,10,96,1,33,'ECCO Womens Golf Flexor Golf Shoe'),(520,10,103,1,33,'ECCO Womens Golf Flexor Golf Shoe'),(521,10,105,1,33,'ECCO Womens Golf Flexor Golf Shoe'),(533,10,96,1,34,'Kenneth Cole New York Men\'s Con-verge Slip-on'),(536,10,103,1,34,'Kenneth Cole New York Men\'s Con-verge Slip-on'),(537,10,105,1,34,'Kenneth Cole New York Men\'s Con-verge Slip-on'),(550,10,96,1,35,'Coalesce: Functioning On Impatience T-Shirt'),(553,10,103,1,35,'Coalesce: Functioning On Impatience T-Shirt'),(554,10,105,1,35,'Coalesce: Functioning On Impatience T-Shirt'),(566,10,96,1,36,'Ink Eater: Krylon Bombear Destroyed Tee'),(569,10,103,1,36,'Ink Eater: Krylon Bombear Destroyed Tee'),(570,10,105,1,36,'Ink Eater: Krylon Bombear Destroyed Tee'),(582,10,96,1,37,'The Only Children: Paisley T-Shirt'),(585,10,103,1,37,'The Only Children: Paisley T-Shirt'),(586,10,105,1,37,'The Only Children: Paisley T-Shirt'),(598,10,96,1,38,'Zolof The Rock And Roll Destroyer: LOL Cat T-shirt'),(601,10,103,1,38,'Zolof The Rock And Roll Destroyer: LOL Cat T-shirt'),(602,10,105,1,38,'Zolof The Rock And Roll Destroyer: LOL Cat T-shirt'),(606,10,96,1,19,'AT&T 8525 PDA'),(609,10,103,1,19,'AT&T 8525 PDA Phone'),(610,10,105,1,19,'nder the hood, the 8525 features 128MB of embedded memory and 64MB RAM, running on a 400 MHz Samsung processor. Up front, the 240 x 320 LCD touch-screen supports over 65,000 colors, while the rear of the device houses a 2.0 megapixel camera. The design of'),(622,10,96,1,39,'The Get Up Kids: Band Camp Pullover Hoodie'),(625,10,103,1,39,'The Get Up Kids: Band Camp Pullover Hoodie'),(626,10,105,1,39,'The Get Up Kids: Band Camp Pullover Hoodie'),(655,10,96,1,41,'Akio Dresser'),(658,10,103,1,41,'Akio Dresser'),(659,10,105,1,41,'Our Akio dresser has a solid hardwood frame.  Features include inset panel sides and for spacious drawers and two wicker baskets.'),(671,10,96,1,42,'Barcelona Bamboo Platform Bed'),(674,10,103,1,42,'Barcelona Bamboo Platform Bed'),(675,10,105,1,42,'Our Barcelona platform bed captures the spirit and drama of late 20th century design with a variety of subtle details.'),(706,10,102,1,30,'64'),(716,10,96,1,44,'Canon Digital Rebel XT 8MP Digital SLR Camera'),(718,10,102,1,44,'34'),(720,10,103,1,44,'Canon Digital Rebel XT 8MP Digital SLR Camera with EF-S 18-55mm f3.5-5.6 Lens (Black)'),(721,10,105,1,44,'Canon Digital Rebel XT 8MP Digital SLR Camera with EF-S 18-55mm f3.5-5.6 Lens (Black)'),(743,10,96,1,45,' Argus QC-2185 Quick Click 5MP Digital Camera'),(745,10,102,1,45,'32'),(747,10,103,1,45,'Argus QC-2185 Quick Click 2MP Digital Camera'),(748,10,105,1,45,'Argus QC-2185 Quick Click 2MP Digital Camera'),(770,10,96,1,46,' Olympus Stylus 750 7.1MP Digital Camera'),(772,10,102,1,46,'33'),(774,10,103,1,46,'Olympus Stylus 750 7.1MP Digital Camera with Digital Image Stabilized 5x Optical Zoom and CCD Shift Stabilization (Silver)'),(775,10,105,1,46,'Olympus Stylus 750 7.1MP Digital Camera with Digital Image Stabilized 5x Optical Zoom and CCD Shift Stabilization (Silver)'),(797,10,96,1,47,'Canon PowerShot A630 8MP Digital Camera with 4x Optical Zoom'),(799,10,102,1,47,'34'),(801,10,103,1,47,'Canon PowerShot A630 8MP Digital Camera with 4x Optical Zoom'),(802,10,105,1,47,'Canon PowerShot A630 8MP Digital Camera with 4x Optical Zoom'),(815,10,96,1,48,'Kodak EasyShare C530 5MP Digital Camera'),(817,10,102,1,48,'31'),(819,10,103,1,48,'Kodak EasyShare C530 5MP Digital Camera'),(820,10,105,1,48,'Kodak EasyShare C530 5MP Digital Camera'),(841,10,96,1,49,'Anashria Womens Premier Leather Sandal'),(844,10,103,1,49,'Anashria Womens Premier Leather Sandal'),(845,10,105,1,49,'Anashria Womens Premier Leather Sandal'),(869,10,96,1,51,'Ottoman'),(872,10,103,1,51,'Ottoman'),(873,10,105,1,51,'Ottoman'),(885,10,96,1,52,'Chair'),(888,10,103,1,52,'Chair'),(889,10,105,1,52,'Chair'),(901,10,96,1,53,'Couch'),(904,10,103,1,53,'Couch'),(905,10,105,1,53,'Couch'),(917,10,96,1,54,'Magento Red Furniture Set'),(920,10,103,1,54,'Magento Red Furniture Set'),(921,10,105,1,54,'Magento Red Furniture Set'),(1090,10,102,1,19,'101'),(1092,10,102,1,49,'102'),(1094,10,102,1,34,'103'),(1096,10,102,1,33,'104'),(1098,10,102,1,31,'62'),(1099,10,102,1,29,'63'),(1108,10,96,1,74,'Anashria Womens Premier Leather Sandal'),(1110,10,103,1,74,'Anashria Womens Premier Leather Sandal'),(1111,10,105,1,74,'Anashria Womens Premier Leather Sandal'),(1115,10,102,1,74,'102'),(1126,10,96,1,75,'Anashria Womens Premier Leather Sandal'),(1128,10,103,1,75,'Anashria Womens Premier Leather Sandal'),(1129,10,105,1,75,'Anashria Womens Premier Leather Sandal'),(1133,10,102,1,75,'102'),(1178,10,96,1,79,'Anashria Womens Premier Leather Sandal'),(1180,10,103,1,79,'Anashria Womens Premier Leather Sandal'),(1181,10,105,1,79,'Anashria Womens Premier Leather Sandal'),(1185,10,102,1,79,'102'),(1196,10,96,1,80,'Anashria Womens Premier Leather Sandal'),(1198,10,103,1,80,'Anashria Womens Premier Leather Sandal'),(1199,10,105,1,80,'Anashria Womens Premier Leather Sandal'),(1203,10,102,1,80,'102'),(1214,10,96,1,81,'Anashria Womens Premier Leather Sandal'),(1216,10,103,1,81,'Anashria Womens Premier Leather Sandal'),(1217,10,105,1,81,'Anashria Womens Premier Leather Sandal'),(1221,10,102,1,81,'102'),(1232,10,96,1,82,'Anashria Womens Premier Leather Sandal'),(1234,10,103,1,82,'Anashria Womens Premier Leather Sandal'),(1235,10,105,1,82,'Anashria Womens Premier Leather Sandal'),(1239,10,102,1,82,'102'),(1250,10,96,1,83,'CN Clogs Beach/Garden Clog'),(1253,10,103,1,83,'CN Clogs Beach/Garden Clog'),(1254,10,105,1,83,'CN Clogs Beach/Garden Clog'),(1266,10,96,1,84,'CN Clogs Beach/Garden Clog'),(1268,10,103,1,84,'CN Clogs Beach/Garden Clog'),(1269,10,105,1,84,'CN Clogs Beach/Garden Clog'),(1273,10,102,1,84,'63'),(1284,10,96,1,85,'CN Clogs Beach/Garden Clog'),(1286,10,103,1,85,'CN Clogs Beach/Garden Clog'),(1287,10,105,1,85,'CN Clogs Beach/Garden Clog'),(1291,10,102,1,85,'63'),(1302,10,96,1,86,'CN Clogs Beach/Garden Clog'),(1304,10,103,1,86,'CN Clogs Beach/Garden Clog'),(1305,10,105,1,86,'CN Clogs Beach/Garden Clog'),(1309,10,102,1,86,'63'),(1320,10,96,1,87,'CN Clogs Beach/Garden Clog'),(1322,10,103,1,87,'CN Clogs Beach/Garden Clog'),(1323,10,105,1,87,'CN Clogs Beach/Garden Clog'),(1327,10,102,1,87,'63'),(1338,10,96,1,88,'CN Clogs Beach/Garden Clog'),(1340,10,103,1,88,'CN Clogs Beach/Garden Clog'),(1341,10,105,1,88,'CN Clogs Beach/Garden Clog'),(1345,10,102,1,88,'63'),(1356,10,96,1,89,'CN Clogs Beach/Garden Clog'),(1358,10,103,1,89,'CN Clogs Beach/Garden Clog'),(1359,10,105,1,89,'CN Clogs Beach/Garden Clog'),(1363,10,102,1,89,'63'),(1374,10,96,1,90,'CN Clogs Beach/Garden Clog'),(1376,10,103,1,90,'CN Clogs Beach/Garden Clog'),(1377,10,105,1,90,'CN Clogs Beach/Garden Clog'),(1381,10,102,1,90,'63'),(1392,10,96,1,91,'CN Clogs Beach/Garden Clog'),(1394,10,103,1,91,'CN Clogs Beach/Garden Clog'),(1395,10,105,1,91,'CN Clogs Beach/Garden Clog'),(1399,10,102,1,91,'63'),(1410,10,96,1,92,'CN Clogs Beach/Garden Clog'),(1412,10,103,1,92,'CN Clogs Beach/Garden Clog'),(1413,10,105,1,92,'CN Clogs Beach/Garden Clog'),(1417,10,102,1,92,'63'),(1428,10,96,1,93,'ASICS® Men\'s GEL-Kayano® XII'),(1431,10,103,1,93,'ASICS® Men\'s GEL-Kayano® XII'),(1432,10,105,1,93,'ASICS® Men\'s GEL-Kayano® XII'),(1444,10,96,1,94,'ASICS® Men\'s GEL-Kayano® XII'),(1446,10,103,1,94,'ASICS® Men\'s GEL-Kayano® XII'),(1447,10,105,1,94,'ASICS® Men\'s GEL-Kayano® XII'),(1451,10,102,1,94,'64'),(1462,10,96,1,95,'ASICS® Men\'s GEL-Kayano® XII'),(1464,10,103,1,95,'ASICS® Men\'s GEL-Kayano® XII'),(1465,10,105,1,95,'ASICS® Men\'s GEL-Kayano® XII'),(1469,10,102,1,95,'64'),(1480,10,96,1,96,'ASICS® Men\'s GEL-Kayano® XII'),(1482,10,103,1,96,'ASICS® Men\'s GEL-Kayano® XII'),(1483,10,105,1,96,'ASICS® Men\'s GEL-Kayano® XII'),(1487,10,102,1,96,'64'),(1498,10,96,1,97,'ASICS® Men\'s GEL-Kayano® XII'),(1500,10,103,1,97,'ASICS® Men\'s GEL-Kayano® XII'),(1501,10,105,1,97,'ASICS® Men\'s GEL-Kayano® XII'),(1505,10,102,1,97,'64'),(1516,10,96,1,98,'Kenneth Cole New York Men\'s Con-verge Slip-on'),(1519,10,103,1,98,'Kenneth Cole New York Men\'s Con-verge Slip-on'),(1520,10,105,1,98,'Kenneth Cole New York Men\'s Con-verge Slip-on'),(1532,10,96,1,99,'Kenneth Cole New York Men\'s Con-verge Slip-on'),(1534,10,103,1,99,'Kenneth Cole New York Men\'s Con-verge Slip-on'),(1535,10,105,1,99,'Kenneth Cole New York Men\'s Con-verge Slip-on'),(1539,10,102,1,99,'103'),(1550,10,96,1,100,'Kenneth Cole New York Men\'s Con-verge Slip-on'),(1552,10,103,1,100,'Kenneth Cole New York Men\'s Con-verge Slip-on'),(1553,10,105,1,100,'Kenneth Cole New York Men\'s Con-verge Slip-on'),(1557,10,102,1,100,'103'),(1568,10,96,1,101,'Kenneth Cole New York Men\'s Con-verge Slip-on'),(1570,10,103,1,101,'Kenneth Cole New York Men\'s Con-verge Slip-on'),(1571,10,105,1,101,'Kenneth Cole New York Men\'s Con-verge Slip-on'),(1575,10,102,1,101,'103'),(1586,10,96,1,102,'Kenneth Cole New York Men\'s Con-verge Slip-on'),(1588,10,103,1,102,'Kenneth Cole New York Men\'s Con-verge Slip-on'),(1589,10,105,1,102,'Kenneth Cole New York Men\'s Con-verge Slip-on'),(1593,10,102,1,102,'103'),(1604,10,96,1,103,'Steven by Steve Madden Pryme Pump'),(1607,10,103,1,103,'Steven by Steve Madden Pryme Pump'),(1608,10,105,1,103,'Steven by Steve Madden Pryme Pump'),(1620,10,96,1,104,'Steven by Steve Madden Pryme Pump'),(1622,10,103,1,104,'Steven by Steve Madden Pryme Pump'),(1623,10,105,1,104,'Steven by Steve Madden Pryme Pump'),(1627,10,102,1,104,'62'),(1638,10,96,1,105,'Steven by Steve Madden Pryme Pump'),(1640,10,103,1,105,'Steven by Steve Madden Pryme Pump'),(1641,10,105,1,105,'Steven by Steve Madden Pryme Pump'),(1645,10,102,1,105,'62'),(1656,10,96,1,106,'Steven by Steve Madden Pryme Pump'),(1658,10,103,1,106,'Steven by Steve Madden Pryme Pump'),(1659,10,105,1,106,'Steven by Steve Madden Pryme Pump'),(1663,10,102,1,106,'62'),(1674,10,96,1,107,'Steven by Steve Madden Pryme Pump'),(1676,10,103,1,107,'Steven by Steve Madden Pryme Pump'),(1677,10,105,1,107,'Steven by Steve Madden Pryme Pump'),(1681,10,102,1,107,'62'),(1692,10,96,1,108,'Nine West Women\'s Lucero Pump'),(1695,10,103,1,108,'Nine West Women\'s Lucero Pump'),(1696,10,105,1,108,'Nine West Women\'s Lucero Pump'),(1707,10,96,1,109,'Nine West Women\'s Lucero Pump'),(1709,10,103,1,109,'Nine West Women\'s Lucero Pump'),(1710,10,105,1,109,'Nine West Women\'s Lucero Pump'),(1717,10,102,1,109,'105'),(1726,10,96,1,110,'Nine West Women\'s Lucero Pump'),(1728,10,103,1,110,'Nine West Women\'s Lucero Pump'),(1729,10,105,1,110,'Nine West Women\'s Lucero Pump'),(1733,10,102,1,110,'105'),(1744,10,96,1,111,'Nine West Women\'s Lucero Pump'),(1746,10,103,1,111,'Nine West Women\'s Lucero Pump'),(1747,10,105,1,111,'Nine West Women\'s Lucero Pump'),(1751,10,102,1,111,'105'),(1755,10,102,1,32,'105'),(1757,10,102,1,108,'105'),(1759,10,102,1,103,'62'),(1761,10,102,1,98,'103'),(1763,10,102,1,93,'64'),(1765,10,102,1,83,'63'),(1777,10,96,1,112,'ECCO Womens Golf Flexor Golf Shoe'),(1779,10,102,1,112,'104'),(1781,10,103,1,112,'ECCO Womens Golf Flexor Golf Shoe'),(1782,10,105,1,112,'ECCO Womens Golf Flexor Golf Shoe'),(1794,10,96,1,113,'ECCO Womens Golf Flexor Golf Shoe'),(1796,10,103,1,113,'ECCO Womens Golf Flexor Golf Shoe'),(1797,10,105,1,113,'ECCO Womens Golf Flexor Golf Shoe'),(1801,10,102,1,113,'104'),(1812,10,96,1,114,'ECCO Womens Golf Flexor Golf Shoe'),(1814,10,103,1,114,'ECCO Womens Golf Flexor Golf Shoe'),(1815,10,105,1,114,'ECCO Womens Golf Flexor Golf Shoe'),(1819,10,102,1,114,'104'),(1830,10,96,1,115,'ECCO Womens Golf Flexor Golf Shoe'),(1832,10,103,1,115,'ECCO Womens Golf Flexor Golf Shoe'),(1833,10,105,1,115,'ECCO Womens Golf Flexor Golf Shoe'),(1837,10,102,1,115,'104'),(1863,10,96,1,117,'Coalesce: Functioning On Impatience T-Shirt'),(1865,10,103,1,117,'Coalesce: Functioning On Impatience T-Shirt'),(1866,10,105,1,117,'Coalesce: Functioning On Impatience T-Shirt'),(1879,10,96,1,118,'Coalesce: Functioning On Impatience T-Shirt'),(1881,10,103,1,118,'Coalesce: Functioning On Impatience T-Shirt'),(1882,10,105,1,118,'Coalesce: Functioning On Impatience T-Shirt'),(1896,10,96,1,119,'Coalesce: Functioning On Impatience T-Shirt'),(1899,10,103,1,119,'Coalesce: Functioning On Impatience T-Shirt'),(1900,10,105,1,119,'Coalesce: Functioning On Impatience T-Shirt'),(1912,10,96,1,120,'Ink Eater: Krylon Bombear Destroyed Tee'),(1915,10,103,1,120,'Ink Eater: Krylon Bombear Destroyed Tee'),(1916,10,105,1,120,'Ink Eater: Krylon Bombear Destroyed Tee'),(1927,10,96,1,121,'Ink Eater: Krylon Bombear Destroyed Tee'),(1929,10,103,1,121,'Ink Eater: Krylon Bombear Destroyed Tee'),(1930,10,105,1,121,'Ink Eater: Krylon Bombear Destroyed Tee'),(1943,10,96,1,122,'Ink Eater: Krylon Bombear Destroyed Tee'),(1945,10,103,1,122,'Ink Eater: Krylon Bombear Destroyed Tee'),(1946,10,105,1,122,'Ink Eater: Krylon Bombear Destroyed Tee'),(1960,10,96,1,123,'The Only Children: Paisley T-Shirt'),(1963,10,103,1,123,'The Only Children: Paisley T-Shirt'),(1964,10,105,1,123,'The Only Children: Paisley T-Shirt'),(1975,10,96,1,124,'The Only Children: Paisley T-Shirt'),(1977,10,103,1,124,'The Only Children: Paisley T-Shirt'),(1978,10,105,1,124,'The Only Children: Paisley T-Shirt'),(1991,10,96,1,125,'The Only Children: Paisley T-Shirt'),(1993,10,103,1,125,'The Only Children: Paisley T-Shirt'),(1994,10,105,1,125,'The Only Children: Paisley T-Shirt'),(2008,10,96,1,126,'Zolof The Rock And Roll Destroyer: LOL Cat T-shirt'),(2011,10,103,1,126,'Zolof The Rock And Roll Destroyer: LOL Cat T-shirt'),(2012,10,105,1,126,'Zolof The Rock And Roll Destroyer: LOL Cat T-shirt'),(2023,10,96,1,127,'Zolof The Rock And Roll Destroyer: LOL Cat T-shirt'),(2025,10,103,1,127,'Zolof The Rock And Roll Destroyer: LOL Cat T-shirt'),(2026,10,105,1,127,'Zolof The Rock And Roll Destroyer: LOL Cat T-shirt'),(2039,10,96,1,128,'Zolof The Rock And Roll Destroyer: LOL Cat T-shirt'),(2041,10,103,1,128,'Zolof The Rock And Roll Destroyer: LOL Cat T-shirt'),(2042,10,105,1,128,'Zolof The Rock And Roll Destroyer: LOL Cat T-shirt'),(2055,10,96,1,129,'Zolof The Rock And Roll Destroyer: LOL Cat T-shirt'),(2057,10,103,1,129,'Zolof The Rock And Roll Destroyer: LOL Cat T-shirt'),(2058,10,105,1,129,'Zolof The Rock And Roll Destroyer: LOL Cat T-shirt'),(2071,10,96,1,130,'Zolof The Rock And Roll Destroyer: LOL Cat T-shirt'),(2073,10,103,1,130,'Zolof The Rock And Roll Destroyer: LOL Cat T-shirt'),(2074,10,105,1,130,'Zolof The Rock And Roll Destroyer: LOL Cat T-shirt'),(2087,10,96,1,131,'Zolof The Rock And Roll Destroyer: LOL Cat T-shirt'),(2089,10,103,1,131,'Zolof The Rock And Roll Destroyer: LOL Cat T-shirt'),(2090,10,105,1,131,'Zolof The Rock And Roll Destroyer: LOL Cat T-shirt'),(2104,10,96,1,133,'Universal Camera Case'),(2116,10,96,1,132,'SLR Camera Tripod'),(2132,10,96,1,134,'Universal Camera Charger'),(2177,10,96,1,135,'Anashria Womens Premier Leather Sandal'),(2179,10,102,1,135,'102'),(2181,10,103,1,135,'Anashria Womens Premier Leather Sandal'),(2182,10,105,1,135,'Anashria Womens Premier Leather Sandal'),(2193,10,96,0,16,'Nokia 2610 Phone'),(2195,10,102,0,16,'20'),(2196,10,481,0,16,'nokia-2610-phone'),(2197,10,103,0,16,'Nokia 2610'),(2198,10,105,0,16,'Offering advanced media and calling features without breaking the bank, The Nokia 2610 is an easy to use'),(2199,10,106,0,16,'/n/o/nokia-2610-phone-2.jpg'),(2200,10,109,0,16,'/n/o/nokia-2610-phone-2.jpg'),(2201,10,493,0,16,'/n/o/nokia-2610-phone-2.jpg'),(2202,10,96,0,17,'BlackBerry 8100 Pearl'),(2204,10,102,0,17,'21'),(2205,10,481,0,17,'blackberry-8100-pearl'),(2206,10,103,0,17,'BlackBerry 8100 Pearl'),(2207,10,105,0,17,'BlackBerry 8100 Pearl sports a large 240 x 260 screen that supports over 65,000 colors-- plenty of real estate to view your e-mails, Web browser content, messaging sessions, and attachments.'),(2208,10,493,0,17,'/b/l/blackberry-8100-pearl-2.jpg'),(2209,10,109,0,17,'/b/l/blackberry-8100-pearl-2.jpg'),(2210,10,106,0,17,'/b/l/blackberry-8100-pearl-2.jpg'),(2211,10,96,0,18,'Sony Ericsson W810i'),(2213,10,102,0,18,'2'),(2214,10,481,0,18,'sony-ericsson-w810i'),(2215,10,103,0,18,'Sony Ericsson W810i'),(2216,10,105,0,18,'The W810i follows a long tradition of beautifully designed and crafted phones from Sony Ericsson. The same candy-bar style that graced the W800 is here, as is the horizontally-oriented camera unit on the back of the phone, allowing you to hold the phone j'),(2217,10,493,0,18,'/s/o/sony-ericsson-w810i-2.jpg'),(2218,10,109,0,18,'/s/o/sony-ericsson-w810i-2.jpg'),(2219,10,106,0,18,'/s/o/sony-ericsson-w810i-2.jpg'),(2220,10,96,0,20,'Samsung MM-A900M Ace'),(2222,10,102,0,20,'3'),(2223,10,481,0,20,'samsung-mm-a900m-ace'),(2224,10,103,0,20,'Samsung MM-A900M Ace Phone'),(2225,10,105,0,20,'New services supported by both the MM-A900m include the newly announced Sprint Music StoreSM, which allows users to immediately buy and download complete songs directly to their phone'),(2226,10,493,0,20,'/s/a/samsung-mm-a900m-ace.jpg'),(2227,10,109,0,20,'/s/a/samsung-mm-a900m-ace.jpg'),(2228,10,106,0,20,'/s/a/samsung-mm-a900m-ace.jpg'),(2231,10,96,0,25,'Apple MacBook Pro MA464LL/A 15.4\" Notebook PC'),(2233,10,481,0,25,'apple-macbook-pro-ma464ll-a-15-4-notebook-pc-2-0-ghz-intel-core-duo-1-gb-ram-100-gb-hard-drive-superdrive'),(2234,10,103,0,25,'Apple MacBook Pro MA464LL/A 15.4\" Notebook PC (2.0 GHz Intel Core Duo, 1 GB RAM, 100 GB Hard Drive, SuperDrive)'),(2235,10,105,0,25,'Apple MacBook Pro MA464LL/A 15.4\" Notebook PC (2.0 GHz Intel Core Duo, 1 GB RAM, 100 GB Hard Drive, SuperDrive)'),(2236,10,493,0,25,'/a/p/apple-macbook-pro-ma464ll-a-15-4-notebook-pc.jpg'),(2237,10,109,0,25,'/a/p/apple-macbook-pro-ma464ll-a-15-4-notebook-pc.jpg'),(2238,10,106,0,25,'/a/p/apple-macbook-pro-ma464ll-a-15-4-notebook-pc.jpg'),(2239,10,96,0,26,'Acer Ferrari 3200 Notebook Computer PC'),(2241,10,481,0,26,'acer-ferrari-3200-notebook-computer-pc'),(2242,10,103,0,26,'Acer Ferrari 3200 Notebook Computer PC'),(2243,10,105,0,26,'Acer Ferrari 3200 Notebook Computer PC'),(2244,10,493,0,26,'/a/c/acer-ferrari-3200-notebook-computer-pc.jpg'),(2245,10,109,0,26,'/a/c/acer-ferrari-3200-notebook-computer-pc.jpg'),(2246,10,106,0,26,'/a/c/acer-ferrari-3200-notebook-computer-pc.jpg'),(2247,10,96,0,27,'Sony VAIO VGN-TXN27N/B 11.1\" Notebook PC'),(2249,10,481,0,27,'sony-vaio-vgn-txn27n-b-11-1-notebook-pc'),(2250,10,103,0,27,'Sony VAIO VGN-TXN27N/B 11.1\" Notebook PC (Intel Core Solo Processor U1500, 2 GB RAM, 100 GB Hard Drive, DVD±RW Drive, Vista Business) Charcoal Black'),(2251,10,105,0,27,'Sony VAIO VGN-TXN27N/B 11.1\" Notebook PC (Intel Core Solo Processor U1500, 2 GB RAM, 100 GB Hard Drive, DVD±RW Drive, Vista Business) Charcoal Black'),(2252,10,493,0,27,'/s/o/sony-vaio-vgn-txn27n-b-11-1-notebook-pc.jpg'),(2253,10,109,0,27,'/s/o/sony-vaio-vgn-txn27n-b-11-1-notebook-pc.jpg'),(2254,10,106,0,27,'/s/o/sony-vaio-vgn-txn27n-b-11-1-notebook-pc.jpg'),(2255,10,96,0,28,'Toshiba M285-E 14\"'),(2257,10,481,0,28,'toshiba-satellite-a135-s4527-155-4-notebook-pc-intel-pentium-dual-core-processor-t2080-1-gb-ram-120-gb-hard-drive-supermulti-dvd-drive-vista-premium'),(2258,10,103,0,28,'Toshiba Satellite A135-S4527 155.4\" Notebook PC (Intel Pentium Dual Core Processor T2080, 1 GB RAM, 120 GB Hard Drive, SuperMulti DVD Drive, Vista Premium)'),(2259,10,105,0,28,'Toshiba M285-E 14\" Convertible Notebook PC (Intel Core Duo Processor T2300E, 1 GB RAM, 60'),(2260,10,493,0,28,'/t/o/toshiba-m285-e-14.jpg'),(2261,10,109,0,28,'/t/o/toshiba-m285-e-14.jpg'),(2262,10,106,0,28,'/t/o/toshiba-m285-e-14.jpg'),(2263,10,96,0,29,'CN Clogs Beach/Garden Clog'),(2265,10,481,0,29,'cn-clogs-beach-garden-clog-3'),(2266,10,103,0,29,'CN Clogs Beach/Garden Clog'),(2267,10,105,0,29,'CN Clogs Beach/Garden Clog'),(2268,10,493,0,29,'/c/n/cn-clogs-beach-garden-clog-4.jpg'),(2269,10,109,0,29,'/c/n/cn-clogs-beach-garden-clog-3.jpg'),(2270,10,106,0,29,'/c/n/cn-clogs-beach-garden-clog-2.jpg'),(2271,10,96,0,30,'ASICS® Men\'s GEL-Kayano® XII'),(2273,10,481,0,30,'asics-men-s-gel-kayano-xii-8'),(2274,10,103,0,30,'ASICS® Men\'s GEL-Kayano® XII'),(2275,10,105,0,30,'ASICS® Men\'s GEL-Kayano® XII'),(2276,10,493,0,30,'no_selection'),(2277,10,109,0,30,'no_selection'),(2278,10,106,0,30,'no_selection'),(2279,10,96,0,31,'Steven by Steve Madden Pryme Pump'),(2281,10,481,0,31,'steven-by-steve-madden-pryme-pump-4'),(2282,10,103,0,31,'Steven by Steve Madden Pryme Pump'),(2283,10,105,0,31,'Steven by Steve Madden Pryme Pump'),(2284,10,493,0,31,'/s/t/steven-by-steve-madden-pryme-pump-4.jpg'),(2285,10,109,0,31,'/s/t/steven-by-steve-madden-pryme-pump-3.jpg'),(2286,10,106,0,31,'/s/t/steven-by-steve-madden-pryme-pump-2.jpg'),(2287,10,96,0,32,'Nine West Women\'s Lucero Pump'),(2289,10,481,0,32,'nine-west-women-s-lucero-pump-3'),(2290,10,103,0,32,'Nine West Women\'s Lucero Pump'),(2291,10,105,0,32,'Nine West Women\'s Lucero Pump'),(2292,10,493,0,32,'no_selection'),(2293,10,109,0,32,'no_selection'),(2294,10,106,0,32,'no_selection'),(2295,10,96,0,33,'ECCO Womens Golf Flexor Golf Shoe'),(2297,10,481,0,33,'ecco-womens-golf-flexor-golf-shoe-3'),(2298,10,103,0,33,'ECCO Womens Golf Flexor Golf Shoe'),(2299,10,105,0,33,'ECCO Womens Golf Flexor Golf Shoe'),(2300,10,493,0,33,'/e/c/ecco-womens-golf-flexor-golf-shoe-4.jpg'),(2301,10,109,0,33,'/e/c/ecco-womens-golf-flexor-golf-shoe-3.jpg'),(2302,10,106,0,33,'/e/c/ecco-womens-golf-flexor-golf-shoe-2.jpg'),(2303,10,96,0,34,'Kenneth Cole New York Men\'s Con-verge Slip-on'),(2305,10,481,0,34,'kenneth-cole-new-york-men-s-con-verge-slip-on-8'),(2306,10,103,0,34,'Kenneth Cole New York Men\'s Con-verge Slip-on'),(2307,10,105,0,34,'Kenneth Cole New York Men\'s Con-verge Slip-on'),(2308,10,493,0,34,'/k/e/kenneth-cole-new-york-men-s-con-verge-slip-on-4.jpg'),(2309,10,109,0,34,'/k/e/kenneth-cole-new-york-men-s-con-verge-slip-on-3.jpg'),(2310,10,106,0,34,'/k/e/kenneth-cole-new-york-men-s-con-verge-slip-on-2.jpg'),(2311,10,96,0,35,'Coalesce: Functioning On Impatience T-Shirt'),(2313,10,481,0,35,'coalesce-functioning-on-impatience-t-shirt-small'),(2314,10,103,0,35,'Coalesce: Functioning On Impatience T-Shirt'),(2315,10,105,0,35,'Coalesce: Functioning On Impatience T-Shirt'),(2316,10,493,0,35,'no_selection'),(2317,10,109,0,35,'no_selection'),(2318,10,106,0,35,'no_selection'),(2319,10,96,0,36,'Ink Eater: Krylon Bombear Destroyed Tee'),(2321,10,481,0,36,'ink-eater-krylon-bombear-destroyed-tee-sm'),(2322,10,103,0,36,'Ink Eater: Krylon Bombear Destroyed Tee'),(2323,10,105,0,36,'Ink Eater: Krylon Bombear Destroyed Tee'),(2324,10,493,0,36,'no_selection'),(2325,10,109,0,36,'no_selection'),(2326,10,106,0,36,'no_selection'),(2327,10,96,0,37,'The Only Children: Paisley T-Shirt'),(2329,10,481,0,37,'the-only-children-paisley-t-shirt-sm'),(2330,10,103,0,37,'The Only Children: Paisley T-Shirt'),(2331,10,105,0,37,'The Only Children: Paisley T-Shirt'),(2332,10,493,0,37,'/t/h/the-only-children-paisley-t-shirt-3.jpg'),(2333,10,109,0,37,'/t/h/the-only-children-paisley-t-shirt-2.jpg'),(2334,10,106,0,37,'/t/h/the-only-children-paisley-t-shirt-1.jpg'),(2335,10,96,0,38,'Zolof The Rock And Roll Destroyer: LOL Cat T-shirt'),(2337,10,481,0,38,'zolof-the-rock-and-roll-destroyer-lol-cat-t-shirt-r-sm'),(2338,10,103,0,38,'Zolof The Rock And Roll Destroyer: LOL Cat T-shirt'),(2339,10,105,0,38,'Zolof The Rock And Roll Destroyer: LOL Cat T-shirt'),(2340,10,493,0,38,'/z/o/zolof-the-rock-and-roll-destroyer-lol-cat-t-shirt-3.jpg'),(2341,10,109,0,38,'/z/o/zolof-the-rock-and-roll-destroyer-lol-cat-t-shirt-2.jpg'),(2342,10,106,0,38,'/z/o/zolof-the-rock-and-roll-destroyer-lol-cat-t-shirt-1.jpg'),(2343,10,96,0,19,'AT&T 8525 PDA'),(2345,10,481,0,19,'atandt-8525-pda'),(2346,10,103,0,19,'AT&T 8525 PDA Phone'),(2347,10,105,0,19,'nder the hood, the 8525 features 128MB of embedded memory and 64MB RAM, running on a 400 MHz Samsung processor. Up front, the 240 x 320 LCD touch-screen supports over 65,000 colors, while the rear of the device houses a 2.0 megapixel camera. The design of'),(2348,10,493,0,19,'/a/t/at-t-8525-pda-1.jpg'),(2349,10,109,0,19,'/a/t/at-t-8525-pda-1.jpg'),(2350,10,106,0,19,'/a/t/at-t-8525-pda-1.jpg'),(2351,10,96,0,39,'The Get Up Kids: Band Camp Pullover Hoodie'),(2353,10,481,0,39,'the-get-up-kids-band-camp-pullover-hoodie'),(2354,10,103,0,39,'The Get Up Kids: Band Camp Pullover Hoodie'),(2355,10,105,0,39,'The Get Up Kids: Band Camp Pullover Hoodie'),(2356,10,493,0,39,'/t/h/the-get-up-kids-band-camp-pullover-hoodie-1.jpg'),(2357,10,109,0,39,'/t/h/the-get-up-kids-band-camp-pullover-hoodie-1.jpg'),(2358,10,106,0,39,'/t/h/the-get-up-kids-band-camp-pullover-hoodie-1.jpg'),(2367,10,96,0,41,'Akio Dresser'),(2369,10,481,0,41,'akio-dresser'),(2370,10,103,0,41,'Akio Dresser'),(2371,10,105,0,41,'Our Akio dresser has a solid hardwood frame.  Features include inset panel sides and for spacious drawers and two wicker baskets.'),(2372,10,493,0,41,'/a/k/akio-dresser.jpg'),(2373,10,109,0,41,'/a/k/akio-dresser.jpg'),(2374,10,106,0,41,'/a/k/akio-dresser.jpg'),(2375,10,96,0,42,'Barcelona Bamboo Platform Bed'),(2377,10,481,0,42,'barcelona-bamboo-platform-bed'),(2378,10,103,0,42,'Barcelona Bamboo Platform Bed'),(2379,10,105,0,42,'Our Barcelona platform bed captures the spirit and drama of late 20th century design with a variety of subtle details.'),(2380,10,493,0,42,'/b/a/barcelona-bamboo-platform-bed.jpg'),(2381,10,109,0,42,'/b/a/barcelona-bamboo-platform-bed.jpg'),(2382,10,106,0,42,'/b/a/barcelona-bamboo-platform-bed.jpg'),(2383,10,102,0,30,'64'),(2384,10,96,0,44,'Canon Digital Rebel XT 8MP Digital SLR Camera'),(2386,10,102,0,44,'34'),(2387,10,481,0,44,'canon-digital-rebel-xt-8mp-digital-slr-camera-with-ef-s-18-55mm-f3-5-5-6-lens-black'),(2388,10,103,0,44,'Canon Digital Rebel XT 8MP Digital SLR Camera with EF-S 18-55mm f3.5-5.6 Lens (Black)'),(2389,10,105,0,44,'Canon Digital Rebel XT 8MP Digital SLR Camera with EF-S 18-55mm f3.5-5.6 Lens (Black)'),(2390,10,493,0,44,'/c/a/canon-digital-rebel-xt-8mp-digital-slr-camera-1.jpg'),(2391,10,109,0,44,'/c/a/canon-digital-rebel-xt-8mp-digital-slr-camera-1.jpg'),(2392,10,106,0,44,'/c/a/canon-digital-rebel-xt-8mp-digital-slr-camera-1.jpg'),(2393,10,96,0,45,' Argus QC-2185 Quick Click 5MP Digital Camera'),(2395,10,102,0,45,'32'),(2396,10,481,0,45,'argus-qc-2185-quick-click-5mp-digital-camera'),(2397,10,103,0,45,'Argus QC-2185 Quick Click 2MP Digital Camera'),(2398,10,105,0,45,'Argus QC-2185 Quick Click 2MP Digital Camera'),(2399,10,493,0,45,'/a/r/argus-qc-2185-quick-click-5mp-digital-camera-2.jpg'),(2400,10,109,0,45,'/a/r/argus-qc-2185-quick-click-5mp-digital-camera-2.jpg'),(2401,10,106,0,45,'/a/r/argus-qc-2185-quick-click-5mp-digital-camera-2.jpg'),(2402,10,96,0,46,' Olympus Stylus 750 7.1MP Digital Camera'),(2404,10,102,0,46,'33'),(2405,10,481,0,46,'olympus-stylus-750-7-1mp-digital-camera'),(2406,10,103,0,46,'Olympus Stylus 750 7.1MP Digital Camera with Digital Image Stabilized 5x Optical Zoom and CCD Shift Stabilization (Silver)'),(2407,10,105,0,46,'Olympus Stylus 750 7.1MP Digital Camera with Digital Image Stabilized 5x Optical Zoom and CCD Shift Stabilization (Silver)'),(2408,10,493,0,46,'/o/l/olympus-stylus-750-7-1mp-digital-camera-2.jpg'),(2409,10,109,0,46,'/o/l/olympus-stylus-750-7-1mp-digital-camera-2.jpg'),(2410,10,106,0,46,'/o/l/olympus-stylus-750-7-1mp-digital-camera-2.jpg'),(2411,10,96,0,47,'Canon PowerShot A630 8MP Digital Camera with 4x Optical Zoom'),(2413,10,102,0,47,'34'),(2414,10,481,0,47,'canon-powershot-a630-8mp-digital-camera-with-4x-optical-zoom'),(2415,10,103,0,47,'Canon PowerShot A630 8MP Digital Camera with 4x Optical Zoom'),(2416,10,105,0,47,'Canon PowerShot A630 8MP Digital Camera with 4x Optical Zoom'),(2417,10,493,0,47,'/c/a/canon-powershot-a630-8mp-digital-camera-with-4x-optical-zoom-2.jpg'),(2418,10,109,0,47,'/c/a/canon-powershot-a630-8mp-digital-camera-with-4x-optical-zoom-2.jpg'),(2419,10,106,0,47,'/c/a/canon-powershot-a630-8mp-digital-camera-with-4x-optical-zoom-2.jpg'),(2420,10,96,0,48,'Kodak EasyShare C530 5MP Digital Camera'),(2422,10,102,0,48,'31'),(2423,10,481,0,48,'kodak-easyshare-c530-5mp-digital-camera'),(2424,10,103,0,48,'Kodak EasyShare C530 5MP Digital Camera'),(2425,10,105,0,48,'Kodak EasyShare C530 5MP Digital Camera'),(2426,10,493,0,48,'/k/o/kodak-easyshare-c530-5mp-digital-camera-2.jpg'),(2427,10,109,0,48,'/k/o/kodak-easyshare-c530-5mp-digital-camera-2.jpg'),(2428,10,106,0,48,'/k/o/kodak-easyshare-c530-5mp-digital-camera-2.jpg'),(2429,10,96,0,49,'Anashria Womens Premier Leather Sandal'),(2431,10,481,0,49,'anashria-womens-premier-leather-sandal-9'),(2432,10,103,0,49,'Anashria Womens Premier Leather Sandal'),(2433,10,105,0,49,'Anashria Womens Premier Leather Sandal'),(2434,10,493,0,49,'/a/n/anashria-womens-premier-leather-sandal-4.jpg'),(2435,10,109,0,49,'/a/n/anashria-womens-premier-leather-sandal-3.jpg'),(2436,10,106,0,49,'/a/n/anashria-womens-premier-leather-sandal-2.jpg'),(2437,10,96,0,51,'Ottoman'),(2439,10,481,0,51,'ottoman'),(2440,10,103,0,51,'Ottoman'),(2441,10,105,0,51,'Ottoman'),(2442,10,493,0,51,'/o/t/ottoman.jpg'),(2443,10,109,0,51,'/o/t/ottoman.jpg'),(2444,10,106,0,51,'/o/t/ottoman.jpg'),(2445,10,96,0,52,'Chair'),(2447,10,481,0,52,'chair'),(2448,10,103,0,52,'Chair'),(2449,10,105,0,52,'Chair'),(2450,10,493,0,52,'/c/h/chair.jpg'),(2451,10,109,0,52,'/c/h/chair.jpg'),(2452,10,106,0,52,'/c/h/chair.jpg'),(2453,10,96,0,53,'Couch'),(2455,10,481,0,53,'couch'),(2456,10,103,0,53,'Couch'),(2457,10,105,0,53,'Couch'),(2458,10,493,0,53,'/c/o/couch.jpg'),(2459,10,109,0,53,'/c/o/couch.jpg'),(2460,10,106,0,53,'/c/o/couch.jpg'),(2461,10,96,0,54,'Magento Red Furniture Set'),(2463,10,481,0,54,'magento-red-furniture-set'),(2464,10,103,0,54,'Magento Red Furniture Set'),(2465,10,105,0,54,'Magento Red Furniture Set'),(2466,10,493,0,54,'/m/a/magento-red-furniture-set.jpg'),(2467,10,109,0,54,'/m/a/magento-red-furniture-set.jpg'),(2468,10,106,0,54,'/m/a/magento-red-furniture-set.jpg'),(2517,10,102,0,19,'101'),(2518,10,102,0,49,'102'),(2519,10,102,0,34,'103'),(2520,10,102,0,33,'104'),(2521,10,102,0,31,'62'),(2522,10,102,0,29,'63'),(2523,10,96,0,74,'Anashria Womens Premier Leather Sandal'),(2524,10,481,0,74,'anashria-womens-premier-leather-sandal-3'),(2525,10,103,0,74,'Anashria Womens Premier Leather Sandal'),(2526,10,105,0,74,'Anashria Womens Premier Leather Sandal'),(2527,10,493,0,74,'/a/n/anashria-womens-premier-leather-sandal.jpg'),(2528,10,109,0,74,'/a/n/anashria-womens-premier-leather-sandal.jpg'),(2529,10,106,0,74,'/a/n/anashria-womens-premier-leather-sandal.jpg'),(2530,10,102,0,74,'102'),(2532,10,96,0,75,'Anashria Womens Premier Leather Sandal'),(2533,10,481,0,75,'anashria-womens-premier-leather-sandal-4'),(2534,10,103,0,75,'Anashria Womens Premier Leather Sandal'),(2535,10,105,0,75,'Anashria Womens Premier Leather Sandal'),(2536,10,493,0,75,'/a/n/anashria-womens-premier-leather-sandal-4.jpg'),(2537,10,109,0,75,'/a/n/anashria-womens-premier-leather-sandal-3.jpg'),(2538,10,106,0,75,'/a/n/anashria-womens-premier-leather-sandal-2.jpg'),(2539,10,102,0,75,'102'),(2541,10,96,0,79,'Anashria Womens Premier Leather Sandal'),(2542,10,481,0,79,'anashria-womens-premier-leather-sandal-5'),(2543,10,103,0,79,'Anashria Womens Premier Leather Sandal'),(2544,10,105,0,79,'Anashria Womens Premier Leather Sandal'),(2545,10,493,0,79,'/a/n/anashria-womens-premier-leather-sandal-2.jpg'),(2546,10,109,0,79,'/a/n/anashria-womens-premier-leather-sandal-1.jpg'),(2547,10,106,0,79,'/a/n/anashria-womens-premier-leather-sandal.jpg'),(2548,10,102,0,79,'102'),(2550,10,96,0,80,'Anashria Womens Premier Leather Sandal'),(2551,10,481,0,80,'anashria-womens-premier-leather-sandal-6'),(2552,10,103,0,80,'Anashria Womens Premier Leather Sandal'),(2553,10,105,0,80,'Anashria Womens Premier Leather Sandal'),(2554,10,493,0,80,'/a/n/anashria-womens-premier-leather-sandal-2.jpg'),(2555,10,109,0,80,'/a/n/anashria-womens-premier-leather-sandal-1.jpg'),(2556,10,106,0,80,'/a/n/anashria-womens-premier-leather-sandal.jpg'),(2557,10,102,0,80,'102'),(2559,10,96,0,81,'Anashria Womens Premier Leather Sandal'),(2560,10,481,0,81,'anashria-womens-premier-leather-sandal-7'),(2561,10,103,0,81,'Anashria Womens Premier Leather Sandal'),(2562,10,105,0,81,'Anashria Womens Premier Leather Sandal'),(2563,10,493,0,81,'/a/n/anashria-womens-premier-leather-sandal-2.jpg'),(2564,10,109,0,81,'/a/n/anashria-womens-premier-leather-sandal-1.jpg'),(2565,10,106,0,81,'/a/n/anashria-womens-premier-leather-sandal.jpg'),(2566,10,102,0,81,'102'),(2568,10,96,0,82,'Anashria Womens Premier Leather Sandal'),(2569,10,481,0,82,'anashria-womens-premier-leather-sandal-8'),(2570,10,103,0,82,'Anashria Womens Premier Leather Sandal'),(2571,10,105,0,82,'Anashria Womens Premier Leather Sandal'),(2572,10,493,0,82,'/a/n/anashria-womens-premier-leather-sandal-2.jpg'),(2573,10,109,0,82,'/a/n/anashria-womens-premier-leather-sandal-1.jpg'),(2574,10,106,0,82,'/a/n/anashria-womens-premier-leather-sandal.jpg'),(2575,10,102,0,82,'102'),(2577,10,96,0,83,'CN Clogs Beach/Garden Clog'),(2579,10,481,0,83,'cn-clogs-beach-garden-clog'),(2580,10,103,0,83,'CN Clogs Beach/Garden Clog'),(2581,10,105,0,83,'CN Clogs Beach/Garden Clog'),(2582,10,493,0,83,'/c/n/cn-clogs-beach-garden-clog.jpg'),(2583,10,109,0,83,'/c/n/cn-clogs-beach-garden-clog.jpg'),(2584,10,106,0,83,'/c/n/cn-clogs-beach-garden-clog.jpg'),(2585,10,96,0,84,'CN Clogs Beach/Garden Clog'),(2586,10,481,0,84,'cn-clogs-beach-garden-clog-4'),(2587,10,103,0,84,'CN Clogs Beach/Garden Clog'),(2588,10,105,0,84,'CN Clogs Beach/Garden Clog'),(2589,10,493,0,84,'/c/n/cn-clogs-beach-garden-clog-2.jpg'),(2590,10,109,0,84,'/c/n/cn-clogs-beach-garden-clog-1.jpg'),(2591,10,106,0,84,'/c/n/cn-clogs-beach-garden-clog.jpg'),(2592,10,102,0,84,'63'),(2594,10,96,0,85,'CN Clogs Beach/Garden Clog'),(2595,10,481,0,85,'cn-clogs-beach-garden-clog-5'),(2596,10,103,0,85,'CN Clogs Beach/Garden Clog'),(2597,10,105,0,85,'CN Clogs Beach/Garden Clog'),(2598,10,493,0,85,'/c/n/cn-clogs-beach-garden-clog-2.jpg'),(2599,10,109,0,85,'/c/n/cn-clogs-beach-garden-clog-1.jpg'),(2600,10,106,0,85,'/c/n/cn-clogs-beach-garden-clog.jpg'),(2601,10,102,0,85,'63'),(2603,10,96,0,86,'CN Clogs Beach/Garden Clog'),(2604,10,481,0,86,'cn-clogs-beach-garden-clog-6'),(2605,10,103,0,86,'CN Clogs Beach/Garden Clog'),(2606,10,105,0,86,'CN Clogs Beach/Garden Clog'),(2607,10,493,0,86,'/c/n/cn-clogs-beach-garden-clog-2.jpg'),(2608,10,109,0,86,'/c/n/cn-clogs-beach-garden-clog-1.jpg'),(2609,10,106,0,86,'/c/n/cn-clogs-beach-garden-clog.jpg'),(2610,10,102,0,86,'63'),(2612,10,96,0,87,'CN Clogs Beach/Garden Clog'),(2613,10,481,0,87,'cn-clogs-beach-garden-clog-7'),(2614,10,103,0,87,'CN Clogs Beach/Garden Clog'),(2615,10,105,0,87,'CN Clogs Beach/Garden Clog'),(2616,10,493,0,87,'/c/n/cn-clogs-beach-garden-clog-2.jpg'),(2617,10,109,0,87,'/c/n/cn-clogs-beach-garden-clog-1.jpg'),(2618,10,106,0,87,'/c/n/cn-clogs-beach-garden-clog.jpg'),(2619,10,102,0,87,'63'),(2621,10,96,0,88,'CN Clogs Beach/Garden Clog'),(2622,10,481,0,88,'cn-clogs-beach-garden-clog-8'),(2623,10,103,0,88,'CN Clogs Beach/Garden Clog'),(2624,10,105,0,88,'CN Clogs Beach/Garden Clog'),(2625,10,493,0,88,'/c/n/cn-clogs-beach-garden-clog-2.jpg'),(2626,10,109,0,88,'/c/n/cn-clogs-beach-garden-clog-1.jpg'),(2627,10,106,0,88,'/c/n/cn-clogs-beach-garden-clog.jpg'),(2628,10,102,0,88,'63'),(2630,10,96,0,89,'CN Clogs Beach/Garden Clog'),(2631,10,481,0,89,'cn-clogs-beach-garden-clog-9'),(2632,10,103,0,89,'CN Clogs Beach/Garden Clog'),(2633,10,105,0,89,'CN Clogs Beach/Garden Clog'),(2634,10,493,0,89,'/c/n/cn-clogs-beach-garden-clog-2.jpg'),(2635,10,109,0,89,'/c/n/cn-clogs-beach-garden-clog-1.jpg'),(2636,10,106,0,89,'/c/n/cn-clogs-beach-garden-clog.jpg'),(2637,10,102,0,89,'63'),(2639,10,96,0,90,'CN Clogs Beach/Garden Clog'),(2640,10,481,0,90,'cn-clogs-beach-garden-clog-10'),(2641,10,103,0,90,'CN Clogs Beach/Garden Clog'),(2642,10,105,0,90,'CN Clogs Beach/Garden Clog'),(2643,10,493,0,90,'/c/n/cn-clogs-beach-garden-clog-2.jpg'),(2644,10,109,0,90,'/c/n/cn-clogs-beach-garden-clog-1.jpg'),(2645,10,106,0,90,'/c/n/cn-clogs-beach-garden-clog.jpg'),(2646,10,102,0,90,'63'),(2648,10,96,0,91,'CN Clogs Beach/Garden Clog'),(2649,10,481,0,91,'cn-clogs-beach-garden-clog-11'),(2650,10,103,0,91,'CN Clogs Beach/Garden Clog'),(2651,10,105,0,91,'CN Clogs Beach/Garden Clog'),(2652,10,493,0,91,'/c/n/cn-clogs-beach-garden-clog-2.jpg'),(2653,10,109,0,91,'/c/n/cn-clogs-beach-garden-clog-1.jpg'),(2654,10,106,0,91,'/c/n/cn-clogs-beach-garden-clog.jpg'),(2655,10,102,0,91,'63'),(2657,10,96,0,92,'CN Clogs Beach/Garden Clog'),(2658,10,481,0,92,'cn-clogs-beach-garden-clog-12'),(2659,10,103,0,92,'CN Clogs Beach/Garden Clog'),(2660,10,105,0,92,'CN Clogs Beach/Garden Clog'),(2661,10,493,0,92,'/c/n/cn-clogs-beach-garden-clog-2.jpg'),(2662,10,109,0,92,'/c/n/cn-clogs-beach-garden-clog-1.jpg'),(2663,10,106,0,92,'/c/n/cn-clogs-beach-garden-clog.jpg'),(2664,10,102,0,92,'63'),(2666,10,96,0,93,'ASICS® Men\'s GEL-Kayano® XII'),(2668,10,481,0,93,'asics-men-s-gel-kayano-xii'),(2669,10,103,0,93,'ASICS® Men\'s GEL-Kayano® XII'),(2670,10,105,0,93,'ASICS® Men\'s GEL-Kayano® XII'),(2671,10,493,0,93,'/a/s/asics-men-s-gel-kayano-xii-2.jpg'),(2672,10,109,0,93,'/a/s/asics-men-s-gel-kayano-xii-2.jpg'),(2673,10,106,0,93,'/a/s/asics-men-s-gel-kayano-xii-2.jpg'),(2674,10,96,0,94,'ASICS® Men\'s GEL-Kayano® XII'),(2675,10,481,0,94,'asics-men-s-gel-kayano-xii-9'),(2676,10,103,0,94,'ASICS® Men\'s GEL-Kayano® XII'),(2677,10,105,0,94,'ASICS® Men\'s GEL-Kayano® XII'),(2678,10,493,0,94,'no_selection'),(2679,10,109,0,94,'no_selection'),(2680,10,106,0,94,'no_selection'),(2681,10,102,0,94,'64'),(2683,10,96,0,95,'ASICS® Men\'s GEL-Kayano® XII'),(2684,10,481,0,95,'asics-men-s-gel-kayano-xii-10'),(2685,10,103,0,95,'ASICS® Men\'s GEL-Kayano® XII'),(2686,10,105,0,95,'ASICS® Men\'s GEL-Kayano® XII'),(2687,10,493,0,95,'no_selection'),(2688,10,109,0,95,'no_selection'),(2689,10,106,0,95,'no_selection'),(2690,10,102,0,95,'64'),(2692,10,96,0,96,'ASICS® Men\'s GEL-Kayano® XII'),(2693,10,481,0,96,'asics-men-s-gel-kayano-xii-11'),(2694,10,103,0,96,'ASICS® Men\'s GEL-Kayano® XII'),(2695,10,105,0,96,'ASICS® Men\'s GEL-Kayano® XII'),(2696,10,493,0,96,'no_selection'),(2697,10,109,0,96,'no_selection'),(2698,10,106,0,96,'no_selection'),(2699,10,102,0,96,'64'),(2701,10,96,0,97,'ASICS® Men\'s GEL-Kayano® XII'),(2702,10,481,0,97,'asics-men-s-gel-kayano-xii-12'),(2703,10,103,0,97,'ASICS® Men\'s GEL-Kayano® XII'),(2704,10,105,0,97,'ASICS® Men\'s GEL-Kayano® XII'),(2705,10,493,0,97,'no_selection'),(2706,10,109,0,97,'no_selection'),(2707,10,106,0,97,'no_selection'),(2708,10,102,0,97,'64'),(2710,10,96,0,98,'Kenneth Cole New York Men\'s Con-verge Slip-on'),(2712,10,481,0,98,'kenneth-cole-new-york-men-s-con-verge-slip-on'),(2713,10,103,0,98,'Kenneth Cole New York Men\'s Con-verge Slip-on'),(2714,10,105,0,98,'Kenneth Cole New York Men\'s Con-verge Slip-on'),(2715,10,493,0,98,'/k/e/kenneth-cole-new-york-men-s-con-verge-slip-on.jpg'),(2716,10,109,0,98,'/k/e/kenneth-cole-new-york-men-s-con-verge-slip-on.jpg'),(2717,10,106,0,98,'/k/e/kenneth-cole-new-york-men-s-con-verge-slip-on.jpg'),(2718,10,96,0,99,'Kenneth Cole New York Men\'s Con-verge Slip-on'),(2719,10,481,0,99,'kenneth-cole-new-york-men-s-con-verge-slip-on-9'),(2720,10,103,0,99,'Kenneth Cole New York Men\'s Con-verge Slip-on'),(2721,10,105,0,99,'Kenneth Cole New York Men\'s Con-verge Slip-on'),(2722,10,493,0,99,'/k/e/kenneth-cole-new-york-men-s-con-verge-slip-on-2.jpg'),(2723,10,109,0,99,'/k/e/kenneth-cole-new-york-men-s-con-verge-slip-on-1.jpg'),(2724,10,106,0,99,'/k/e/kenneth-cole-new-york-men-s-con-verge-slip-on.jpg'),(2725,10,102,0,99,'103'),(2727,10,96,0,100,'Kenneth Cole New York Men\'s Con-verge Slip-on'),(2728,10,481,0,100,'kenneth-cole-new-york-men-s-con-verge-slip-on-10'),(2729,10,103,0,100,'Kenneth Cole New York Men\'s Con-verge Slip-on'),(2730,10,105,0,100,'Kenneth Cole New York Men\'s Con-verge Slip-on'),(2731,10,493,0,100,'/k/e/kenneth-cole-new-york-men-s-con-verge-slip-on-2.jpg'),(2732,10,109,0,100,'/k/e/kenneth-cole-new-york-men-s-con-verge-slip-on-1.jpg'),(2733,10,106,0,100,'/k/e/kenneth-cole-new-york-men-s-con-verge-slip-on.jpg'),(2734,10,102,0,100,'103'),(2736,10,96,0,101,'Kenneth Cole New York Men\'s Con-verge Slip-on'),(2737,10,481,0,101,'kenneth-cole-new-york-men-s-con-verge-slip-on-11'),(2738,10,103,0,101,'Kenneth Cole New York Men\'s Con-verge Slip-on'),(2739,10,105,0,101,'Kenneth Cole New York Men\'s Con-verge Slip-on'),(2740,10,493,0,101,'/k/e/kenneth-cole-new-york-men-s-con-verge-slip-on-2.jpg'),(2741,10,109,0,101,'/k/e/kenneth-cole-new-york-men-s-con-verge-slip-on-1.jpg'),(2742,10,106,0,101,'/k/e/kenneth-cole-new-york-men-s-con-verge-slip-on.jpg'),(2743,10,102,0,101,'103'),(2745,10,96,0,102,'Kenneth Cole New York Men\'s Con-verge Slip-on'),(2746,10,481,0,102,'kenneth-cole-new-york-men-s-con-verge-slip-on-12'),(2747,10,103,0,102,'Kenneth Cole New York Men\'s Con-verge Slip-on'),(2748,10,105,0,102,'Kenneth Cole New York Men\'s Con-verge Slip-on'),(2749,10,493,0,102,'/k/e/kenneth-cole-new-york-men-s-con-verge-slip-on-2.jpg'),(2750,10,109,0,102,'/k/e/kenneth-cole-new-york-men-s-con-verge-slip-on-1.jpg'),(2751,10,106,0,102,'/k/e/kenneth-cole-new-york-men-s-con-verge-slip-on.jpg'),(2752,10,102,0,102,'103'),(2754,10,96,0,103,'Steven by Steve Madden Pryme Pump'),(2756,10,481,0,103,'steven-by-steve-madden-pryme-pump'),(2757,10,103,0,103,'Steven by Steve Madden Pryme Pump'),(2758,10,105,0,103,'Steven by Steve Madden Pryme Pump'),(2759,10,493,0,103,'/s/t/steven-by-steve-madden-pryme-pump.jpg'),(2760,10,109,0,103,'/s/t/steven-by-steve-madden-pryme-pump.jpg'),(2761,10,106,0,103,'/s/t/steven-by-steve-madden-pryme-pump.jpg'),(2762,10,96,0,104,'Steven by Steve Madden Pryme Pump'),(2763,10,481,0,104,'steven-by-steve-madden-pryme-pump-5'),(2764,10,103,0,104,'Steven by Steve Madden Pryme Pump'),(2765,10,105,0,104,'Steven by Steve Madden Pryme Pump'),(2766,10,493,0,104,'/s/t/steven-by-steve-madden-pryme-pump-2.jpg'),(2767,10,109,0,104,'/s/t/steven-by-steve-madden-pryme-pump-1.jpg'),(2768,10,106,0,104,'/s/t/steven-by-steve-madden-pryme-pump.jpg'),(2769,10,102,0,104,'62'),(2771,10,96,0,105,'Steven by Steve Madden Pryme Pump'),(2772,10,481,0,105,'steven-by-steve-madden-pryme-pump-6'),(2773,10,103,0,105,'Steven by Steve Madden Pryme Pump'),(2774,10,105,0,105,'Steven by Steve Madden Pryme Pump'),(2775,10,493,0,105,'/s/t/steven-by-steve-madden-pryme-pump-2.jpg'),(2776,10,109,0,105,'/s/t/steven-by-steve-madden-pryme-pump-1.jpg'),(2777,10,106,0,105,'/s/t/steven-by-steve-madden-pryme-pump.jpg'),(2778,10,102,0,105,'62'),(2780,10,96,0,106,'Steven by Steve Madden Pryme Pump'),(2781,10,481,0,106,'steven-by-steve-madden-pryme-pump-7'),(2782,10,103,0,106,'Steven by Steve Madden Pryme Pump'),(2783,10,105,0,106,'Steven by Steve Madden Pryme Pump'),(2784,10,493,0,106,'/s/t/steven-by-steve-madden-pryme-pump-2.jpg'),(2785,10,109,0,106,'/s/t/steven-by-steve-madden-pryme-pump-1.jpg'),(2786,10,106,0,106,'/s/t/steven-by-steve-madden-pryme-pump.jpg'),(2787,10,102,0,106,'62'),(2789,10,96,0,107,'Steven by Steve Madden Pryme Pump'),(2790,10,481,0,107,'steven-by-steve-madden-pryme-pump-8'),(2791,10,103,0,107,'Steven by Steve Madden Pryme Pump'),(2792,10,105,0,107,'Steven by Steve Madden Pryme Pump'),(2793,10,493,0,107,'/s/t/steven-by-steve-madden-pryme-pump-2.jpg'),(2794,10,109,0,107,'/s/t/steven-by-steve-madden-pryme-pump-1.jpg'),(2795,10,106,0,107,'/s/t/steven-by-steve-madden-pryme-pump.jpg'),(2796,10,102,0,107,'62'),(2798,10,96,0,108,'Nine West Women\'s Lucero Pump'),(2800,10,481,0,108,'nine-west-women-s-lucero-pump'),(2801,10,103,0,108,'Nine West Women\'s Lucero Pump'),(2802,10,105,0,108,'Nine West Women\'s Lucero Pump'),(2803,10,493,0,108,'/n/i/nine-west-women-s-lucero-pump.jpg'),(2804,10,109,0,108,'/n/i/nine-west-women-s-lucero-pump.jpg'),(2805,10,106,0,108,'/n/i/nine-west-women-s-lucero-pump.jpg'),(2806,10,96,0,109,'Nine West Women\'s Lucero Pump'),(2807,10,481,0,109,'nine-west-women-s-lucero-pump-4'),(2808,10,103,0,109,'Nine West Women\'s Lucero Pump'),(2809,10,105,0,109,'Nine West Women\'s Lucero Pump'),(2810,10,493,0,109,'no_selection'),(2811,10,109,0,109,'no_selection'),(2812,10,106,0,109,'no_selection'),(2814,10,102,0,109,'105'),(2815,10,96,0,110,'Nine West Women\'s Lucero Pump'),(2816,10,481,0,110,'nine-west-women-s-lucero-pump-5'),(2817,10,103,0,110,'Nine West Women\'s Lucero Pump'),(2818,10,105,0,110,'Nine West Women\'s Lucero Pump'),(2819,10,493,0,110,'no_selection'),(2820,10,109,0,110,'no_selection'),(2821,10,106,0,110,'no_selection'),(2822,10,102,0,110,'105'),(2824,10,96,0,111,'Nine West Women\'s Lucero Pump'),(2825,10,481,0,111,'nine-west-women-s-lucero-pump-6'),(2826,10,103,0,111,'Nine West Women\'s Lucero Pump'),(2827,10,105,0,111,'Nine West Women\'s Lucero Pump'),(2828,10,493,0,111,'no_selection'),(2829,10,109,0,111,'no_selection'),(2830,10,106,0,111,'no_selection'),(2831,10,102,0,111,'105'),(2833,10,102,0,32,'105'),(2834,10,102,0,108,'105'),(2835,10,102,0,103,'62'),(2836,10,102,0,98,'103'),(2837,10,102,0,93,'64'),(2838,10,102,0,83,'63'),(2839,10,96,0,112,'ECCO Womens Golf Flexor Golf Shoe'),(2841,10,102,0,112,'104'),(2842,10,481,0,112,'ecco-womens-golf-flexor-golf-shoe'),(2843,10,103,0,112,'ECCO Womens Golf Flexor Golf Shoe'),(2844,10,105,0,112,'ECCO Womens Golf Flexor Golf Shoe'),(2845,10,493,0,112,'/e/c/ecco-womens-golf-flexor-golf-shoe.jpg'),(2846,10,109,0,112,'/e/c/ecco-womens-golf-flexor-golf-shoe.jpg'),(2847,10,106,0,112,'/e/c/ecco-womens-golf-flexor-golf-shoe.jpg'),(2848,10,96,0,113,'ECCO Womens Golf Flexor Golf Shoe'),(2849,10,481,0,113,'ecco-womens-golf-flexor-golf-shoe-4'),(2850,10,103,0,113,'ECCO Womens Golf Flexor Golf Shoe'),(2851,10,105,0,113,'ECCO Womens Golf Flexor Golf Shoe'),(2852,10,493,0,113,'/e/c/ecco-womens-golf-flexor-golf-shoe-2.jpg'),(2853,10,109,0,113,'/e/c/ecco-womens-golf-flexor-golf-shoe-1.jpg'),(2854,10,106,0,113,'/e/c/ecco-womens-golf-flexor-golf-shoe.jpg'),(2855,10,102,0,113,'104'),(2857,10,96,0,114,'ECCO Womens Golf Flexor Golf Shoe'),(2858,10,481,0,114,'ecco-womens-golf-flexor-golf-shoe-5'),(2859,10,103,0,114,'ECCO Womens Golf Flexor Golf Shoe'),(2860,10,105,0,114,'ECCO Womens Golf Flexor Golf Shoe'),(2861,10,493,0,114,'/e/c/ecco-womens-golf-flexor-golf-shoe-2.jpg'),(2862,10,109,0,114,'/e/c/ecco-womens-golf-flexor-golf-shoe-1.jpg'),(2863,10,106,0,114,'/e/c/ecco-womens-golf-flexor-golf-shoe.jpg'),(2864,10,102,0,114,'104'),(2866,10,96,0,115,'ECCO Womens Golf Flexor Golf Shoe'),(2867,10,481,0,115,'ecco-womens-golf-flexor-golf-shoe-6'),(2868,10,103,0,115,'ECCO Womens Golf Flexor Golf Shoe'),(2869,10,105,0,115,'ECCO Womens Golf Flexor Golf Shoe'),(2870,10,493,0,115,'/e/c/ecco-womens-golf-flexor-golf-shoe-2.jpg'),(2871,10,109,0,115,'/e/c/ecco-womens-golf-flexor-golf-shoe-1.jpg'),(2872,10,106,0,115,'/e/c/ecco-womens-golf-flexor-golf-shoe.jpg'),(2873,10,102,0,115,'104'),(2875,10,96,0,117,'Coalesce: Functioning On Impatience T-Shirt'),(2876,10,481,0,117,'coalesce-functioning-on-impatience-t-shirt-medium'),(2877,10,103,0,117,'Coalesce: Functioning On Impatience T-Shirt'),(2878,10,105,0,117,'Coalesce: Functioning On Impatience T-Shirt'),(2879,10,493,0,117,'no_selection'),(2880,10,109,0,117,'no_selection'),(2881,10,106,0,117,'no_selection'),(2883,10,96,0,118,'Coalesce: Functioning On Impatience T-Shirt'),(2884,10,481,0,118,'coalesce-functioning-on-impatience-t-shirt-large'),(2885,10,103,0,118,'Coalesce: Functioning On Impatience T-Shirt'),(2886,10,105,0,118,'Coalesce: Functioning On Impatience T-Shirt'),(2887,10,493,0,118,'no_selection'),(2888,10,109,0,118,'no_selection'),(2889,10,106,0,118,'no_selection'),(2891,10,96,0,119,'Coalesce: Functioning On Impatience T-Shirt'),(2893,10,481,0,119,'coalesce-functioning-on-impatience-t-shirt'),(2894,10,103,0,119,'Coalesce: Functioning On Impatience T-Shirt'),(2895,10,105,0,119,'Coalesce: Functioning On Impatience T-Shirt'),(2896,10,493,0,119,'/c/o/coalesce-functioning-on-impatience-t-shirt-1.jpg'),(2897,10,109,0,119,'/c/o/coalesce-functioning-on-impatience-t-shirt-1.jpg'),(2898,10,106,0,119,'/c/o/coalesce-functioning-on-impatience-t-shirt-1.jpg'),(2899,10,96,0,120,'Ink Eater: Krylon Bombear Destroyed Tee'),(2901,10,481,0,120,'ink-eater-krylon-bombear-destroyed-tee'),(2902,10,103,0,120,'Ink Eater: Krylon Bombear Destroyed Tee'),(2903,10,105,0,120,'Ink Eater: Krylon Bombear Destroyed Tee'),(2904,10,493,0,120,'/i/n/ink-eater-krylon-bombear-destroyed-tee.jpg'),(2905,10,109,0,120,'/i/n/ink-eater-krylon-bombear-destroyed-tee.jpg'),(2906,10,106,0,120,'/i/n/ink-eater-krylon-bombear-destroyed-tee.jpg'),(2907,10,96,0,121,'Ink Eater: Krylon Bombear Destroyed Tee'),(2908,10,481,0,121,'ink-eater-krylon-bombear-destroyed-tee-med'),(2909,10,103,0,121,'Ink Eater: Krylon Bombear Destroyed Tee'),(2910,10,105,0,121,'Ink Eater: Krylon Bombear Destroyed Tee'),(2911,10,493,0,121,'/i/n/ink-eater-krylon-bombear-destroyed-tee-2.jpg'),(2912,10,109,0,121,'/i/n/ink-eater-krylon-bombear-destroyed-tee-1.jpg'),(2913,10,106,0,121,'/i/n/ink-eater-krylon-bombear-destroyed-tee.jpg'),(2915,10,96,0,122,'Ink Eater: Krylon Bombear Destroyed Tee'),(2916,10,481,0,122,'ink-eater-krylon-bombear-destroyed-tee-lrg'),(2917,10,103,0,122,'Ink Eater: Krylon Bombear Destroyed Tee'),(2918,10,105,0,122,'Ink Eater: Krylon Bombear Destroyed Tee'),(2919,10,493,0,122,'/i/n/ink-eater-krylon-bombear-destroyed-tee-2.jpg'),(2920,10,109,0,122,'/i/n/ink-eater-krylon-bombear-destroyed-tee-1.jpg'),(2921,10,106,0,122,'/i/n/ink-eater-krylon-bombear-destroyed-tee.jpg'),(2923,10,96,0,123,'The Only Children: Paisley T-Shirt'),(2925,10,481,0,123,'the-only-children-paisley-t-shirt'),(2926,10,103,0,123,'The Only Children: Paisley T-Shirt'),(2927,10,105,0,123,'The Only Children: Paisley T-Shirt'),(2928,10,493,0,123,'/t/h/the-only-children-paisley-t-shirt.jpg'),(2929,10,109,0,123,'/t/h/the-only-children-paisley-t-shirt.jpg'),(2930,10,106,0,123,'/t/h/the-only-children-paisley-t-shirt.jpg'),(2931,10,96,0,124,'The Only Children: Paisley T-Shirt'),(2932,10,481,0,124,'the-only-children-paisley-t-shirt-med'),(2933,10,103,0,124,'The Only Children: Paisley T-Shirt'),(2934,10,105,0,124,'The Only Children: Paisley T-Shirt'),(2935,10,493,0,124,'/t/h/the-only-children-paisley-t-shirt-2.jpg'),(2936,10,109,0,124,'/t/h/the-only-children-paisley-t-shirt-1.jpg'),(2937,10,106,0,124,'/t/h/the-only-children-paisley-t-shirt.jpg'),(2939,10,96,0,125,'The Only Children: Paisley T-Shirt'),(2940,10,481,0,125,'the-only-children-paisley-t-shirt-lrg'),(2941,10,103,0,125,'The Only Children: Paisley T-Shirt'),(2942,10,105,0,125,'The Only Children: Paisley T-Shirt'),(2943,10,493,0,125,'/t/h/the-only-children-paisley-t-shirt-2.jpg'),(2944,10,109,0,125,'/t/h/the-only-children-paisley-t-shirt-1.jpg'),(2945,10,106,0,125,'/t/h/the-only-children-paisley-t-shirt.jpg'),(2947,10,96,0,126,'Zolof The Rock And Roll Destroyer: LOL Cat T-shirt'),(2949,10,481,0,126,'zolof-the-rock-and-roll-destroyer-lol-cat-t-shirt'),(2950,10,103,0,126,'Zolof The Rock And Roll Destroyer: LOL Cat T-shirt'),(2951,10,105,0,126,'Zolof The Rock And Roll Destroyer: LOL Cat T-shirt'),(2952,10,493,0,126,'/z/o/zolof-the-rock-and-roll-destroyer-lol-cat-t-shirt.jpg'),(2953,10,109,0,126,'/z/o/zolof-the-rock-and-roll-destroyer-lol-cat-t-shirt.jpg'),(2954,10,106,0,126,'/z/o/zolof-the-rock-and-roll-destroyer-lol-cat-t-shirt.jpg'),(2955,10,96,0,127,'Zolof The Rock And Roll Destroyer: LOL Cat T-shirt'),(2956,10,481,0,127,'zolof-the-rock-and-roll-destroyer-lol-cat-t-shirt-g-sm'),(2957,10,103,0,127,'Zolof The Rock And Roll Destroyer: LOL Cat T-shirt'),(2958,10,105,0,127,'Zolof The Rock And Roll Destroyer: LOL Cat T-shirt'),(2959,10,493,0,127,'/z/o/zolof-the-rock-and-roll-destroyer-lol-cat-t-shirt-2.jpg'),(2960,10,109,0,127,'/z/o/zolof-the-rock-and-roll-destroyer-lol-cat-t-shirt-1.jpg'),(2961,10,106,0,127,'/z/o/zolof-the-rock-and-roll-destroyer-lol-cat-t-shirt.jpg'),(2963,10,96,0,128,'Zolof The Rock And Roll Destroyer: LOL Cat T-shirt'),(2964,10,481,0,128,'zolof-the-rock-and-roll-destroyer-lol-cat-t-shirt-r-med'),(2965,10,103,0,128,'Zolof The Rock And Roll Destroyer: LOL Cat T-shirt'),(2966,10,105,0,128,'Zolof The Rock And Roll Destroyer: LOL Cat T-shirt'),(2967,10,493,0,128,'/z/o/zolof-the-rock-and-roll-destroyer-lol-cat-t-shirt-2.jpg'),(2968,10,109,0,128,'/z/o/zolof-the-rock-and-roll-destroyer-lol-cat-t-shirt-1.jpg'),(2969,10,106,0,128,'/z/o/zolof-the-rock-and-roll-destroyer-lol-cat-t-shirt.jpg'),(2971,10,96,0,129,'Zolof The Rock And Roll Destroyer: LOL Cat T-shirt'),(2972,10,481,0,129,'zolof-the-rock-and-roll-destroyer-lol-cat-t-shirt-g-med'),(2973,10,103,0,129,'Zolof The Rock And Roll Destroyer: LOL Cat T-shirt'),(2974,10,105,0,129,'Zolof The Rock And Roll Destroyer: LOL Cat T-shirt'),(2975,10,493,0,129,'/z/o/zolof-the-rock-and-roll-destroyer-lol-cat-t-shirt-2.jpg'),(2976,10,109,0,129,'/z/o/zolof-the-rock-and-roll-destroyer-lol-cat-t-shirt-1.jpg'),(2977,10,106,0,129,'/z/o/zolof-the-rock-and-roll-destroyer-lol-cat-t-shirt.jpg'),(2979,10,96,0,130,'Zolof The Rock And Roll Destroyer: LOL Cat T-shirt'),(2980,10,481,0,130,'zolof-the-rock-and-roll-destroyer-lol-cat-t-shirt-r-lrg'),(2981,10,103,0,130,'Zolof The Rock And Roll Destroyer: LOL Cat T-shirt'),(2982,10,105,0,130,'Zolof The Rock And Roll Destroyer: LOL Cat T-shirt'),(2983,10,493,0,130,'/z/o/zolof-the-rock-and-roll-destroyer-lol-cat-t-shirt-2.jpg'),(2984,10,109,0,130,'/z/o/zolof-the-rock-and-roll-destroyer-lol-cat-t-shirt-1.jpg'),(2985,10,106,0,130,'/z/o/zolof-the-rock-and-roll-destroyer-lol-cat-t-shirt.jpg'),(2987,10,96,0,131,'Zolof The Rock And Roll Destroyer: LOL Cat T-shirt'),(2988,10,481,0,131,'zolof-the-rock-and-roll-destroyer-lol-cat-t-shirt-g-lrg'),(2989,10,103,0,131,'Zolof The Rock And Roll Destroyer: LOL Cat T-shirt'),(2990,10,105,0,131,'Zolof The Rock And Roll Destroyer: LOL Cat T-shirt'),(2991,10,493,0,131,'/z/o/zolof-the-rock-and-roll-destroyer-lol-cat-t-shirt-2.jpg'),(2992,10,109,0,131,'/z/o/zolof-the-rock-and-roll-destroyer-lol-cat-t-shirt-1.jpg'),(2993,10,106,0,131,'/z/o/zolof-the-rock-and-roll-destroyer-lol-cat-t-shirt.jpg'),(2995,10,96,0,133,'Universal Camera Case'),(2997,10,481,0,133,'universal-camera-case'),(2998,10,109,0,133,'/u/n/universal-camera-case-1.jpg'),(2999,10,96,0,132,'SLR Camera Tripod'),(3001,10,481,0,132,'slr-camera-tripod'),(3002,10,109,0,132,'/s/l/slr-camera-tripod.jpg'),(3003,10,96,0,134,'Universal Camera Charger'),(3005,10,481,0,134,'universal-camera-charger'),(3006,10,109,0,134,'/u/n/universal-camera-charger.jpg'),(3007,10,493,0,134,'/u/n/universal-camera-charger.jpg'),(3008,10,106,0,134,'/u/n/universal-camera-charger.jpg'),(3009,10,493,0,133,'/u/n/universal-camera-case-2.jpg'),(3010,10,106,0,133,'/u/n/universal-camera-case.jpg'),(3011,10,493,0,132,'/s/l/slr-camera-tripod.jpg'),(3012,10,106,0,132,'/s/l/slr-camera-tripod.jpg'),(3013,10,96,0,135,'Anashria Womens Premier Leather Sandal'),(3015,10,102,0,135,'102'),(3016,10,481,0,135,'anashria-womens-premier-leather-sandal'),(3017,10,103,0,135,'Anashria Womens Premier Leather Sandal'),(3018,10,105,0,135,'Anashria Womens Premier Leather Sandal'),(3019,10,493,0,135,'/a/n/anashria-womens-premier-leather-sandal.jpg'),(3020,10,109,0,135,'/a/n/anashria-womens-premier-leather-sandal.jpg'),(3021,10,106,0,135,'/a/n/anashria-womens-premier-leather-sandal.jpg'),(3029,10,96,2,16,'Nokia 2610 Phone'),(3031,10,102,2,16,'20'),(3033,10,103,2,16,'Nokia 2610'),(3034,10,105,2,16,'Offering advanced media and calling features without breaking the bank, The Nokia 2610 is an easy to use'),(3038,10,96,2,17,'BlackBerry 8100 Pearl'),(3040,10,102,2,17,'21'),(3042,10,103,2,17,'BlackBerry 8100 Pearl'),(3043,10,105,2,17,'BlackBerry 8100 Pearl sports a large 240 x 260 screen that supports over 65,000 colors-- plenty of real estate to view your e-mails, Web browser content, messaging sessions, and attachments.'),(3047,10,96,2,18,'Sony Ericsson W810i'),(3049,10,102,2,18,'2'),(3051,10,103,2,18,'Sony Ericsson W810i'),(3052,10,105,2,18,'The W810i follows a long tradition of beautifully designed and crafted phones from Sony Ericsson. The same candy-bar style that graced the W800 is here, as is the horizontally-oriented camera unit on the back of the phone, allowing you to hold the phone j'),(3056,10,96,2,20,'Samsung MM-A900M Ace'),(3058,10,102,2,20,'3'),(3060,10,103,2,20,'Samsung MM-A900M Ace Phone'),(3061,10,105,2,20,'New services supported by both the MM-A900m include the newly announced Sprint Music StoreSM, which allows users to immediately buy and download complete songs directly to their phone'),(3067,10,96,2,25,'Apple MacBook Pro MA464LL/A 15.4\" Notebook PC'),(3070,10,103,2,25,'Apple MacBook Pro MA464LL/A 15.4\" Notebook PC (2.0 GHz Intel Core Duo, 1 GB RAM, 100 GB Hard Drive, SuperDrive)'),(3071,10,105,2,25,'Apple MacBook Pro MA464LL/A 15.4\" Notebook PC (2.0 GHz Intel Core Duo, 1 GB RAM, 100 GB Hard Drive, SuperDrive)'),(3075,10,96,2,26,'Acer Ferrari 3200 Notebook Computer PC'),(3078,10,103,2,26,'Acer Ferrari 3200 Notebook Computer PC'),(3079,10,105,2,26,'Acer Ferrari 3200 Notebook Computer PC'),(3083,10,96,2,27,'Sony VAIO VGN-TXN27N/B 11.1\" Notebook PC'),(3086,10,103,2,27,'Sony VAIO VGN-TXN27N/B 11.1\" Notebook PC (Intel Core Solo Processor U1500, 2 GB RAM, 100 GB Hard Drive, DVD±RW Drive, Vista Business) Charcoal Black'),(3087,10,105,2,27,'Sony VAIO VGN-TXN27N/B 11.1\" Notebook PC (Intel Core Solo Processor U1500, 2 GB RAM, 100 GB Hard Drive, DVD±RW Drive, Vista Business) Charcoal Black'),(3091,10,96,2,28,'Toshiba M285-E 14\"'),(3094,10,103,2,28,'Toshiba Satellite A135-S4527 155.4\" Notebook PC (Intel Pentium Dual Core Processor T2080, 1 GB RAM, 120 GB Hard Drive, SuperMulti DVD Drive, Vista Premium)'),(3095,10,105,2,28,'Toshiba M285-E 14\" Convertible Notebook PC (Intel Core Duo Processor T2300E, 1 GB RAM, 60'),(3099,10,96,2,29,'CN Clogs Beach/Garden Clog'),(3102,10,103,2,29,'CN Clogs Beach/Garden Clog'),(3103,10,105,2,29,'CN Clogs Beach/Garden Clog'),(3107,10,96,2,30,'ASICS® Men\'s GEL-Kayano® XII'),(3110,10,103,2,30,'ASICS® Men\'s GEL-Kayano® XII'),(3111,10,105,2,30,'ASICS® Men\'s GEL-Kayano® XII'),(3115,10,96,2,31,'Steven by Steve Madden Pryme Pump'),(3118,10,103,2,31,'Steven by Steve Madden Pryme Pump'),(3119,10,105,2,31,'Steven by Steve Madden Pryme Pump'),(3123,10,96,2,32,'Nine West Women\'s Lucero Pump'),(3126,10,103,2,32,'Nine West Women\'s Lucero Pump'),(3127,10,105,2,32,'Nine West Women\'s Lucero Pump'),(3131,10,96,2,33,'ECCO Womens Golf Flexor Golf Shoe'),(3134,10,103,2,33,'ECCO Womens Golf Flexor Golf Shoe'),(3135,10,105,2,33,'ECCO Womens Golf Flexor Golf Shoe'),(3139,10,96,2,34,'Kenneth Cole New York Men\'s Con-verge Slip-on'),(3142,10,103,2,34,'Kenneth Cole New York Men\'s Con-verge Slip-on'),(3143,10,105,2,34,'Kenneth Cole New York Men\'s Con-verge Slip-on'),(3147,10,96,2,35,'Coalesce: Functioning On Impatience T-Shirt'),(3150,10,103,2,35,'Coalesce: Functioning On Impatience T-Shirt'),(3151,10,105,2,35,'Coalesce: Functioning On Impatience T-Shirt'),(3155,10,96,2,36,'Ink Eater: Krylon Bombear Destroyed Tee'),(3158,10,103,2,36,'Ink Eater: Krylon Bombear Destroyed Tee'),(3159,10,105,2,36,'Ink Eater: Krylon Bombear Destroyed Tee'),(3163,10,96,2,37,'The Only Children: Paisley T-Shirt'),(3166,10,103,2,37,'The Only Children: Paisley T-Shirt'),(3167,10,105,2,37,'The Only Children: Paisley T-Shirt'),(3171,10,96,2,38,'Zolof The Rock And Roll Destroyer: LOL Cat T-shirt'),(3174,10,103,2,38,'Zolof The Rock And Roll Destroyer: LOL Cat T-shirt'),(3175,10,105,2,38,'Zolof The Rock And Roll Destroyer: LOL Cat T-shirt'),(3179,10,96,2,19,'AT&T 8525 PDA'),(3182,10,103,2,19,'AT&T 8525 PDA Phone'),(3183,10,105,2,19,'nder the hood, the 8525 features 128MB of embedded memory and 64MB RAM, running on a 400 MHz Samsung processor. Up front, the 240 x 320 LCD touch-screen supports over 65,000 colors, while the rear of the device houses a 2.0 megapixel camera. The design of'),(3187,10,96,2,39,'The Get Up Kids: Band Camp Pullover Hoodie'),(3190,10,103,2,39,'The Get Up Kids: Band Camp Pullover Hoodie'),(3191,10,105,2,39,'The Get Up Kids: Band Camp Pullover Hoodie'),(3203,10,96,2,41,'Akio Dresser'),(3206,10,103,2,41,'Akio Dresser'),(3207,10,105,2,41,'Our Akio dresser has a solid hardwood frame.  Features include inset panel sides and for spacious drawers and two wicker baskets.'),(3211,10,96,2,42,'Barcelona Bamboo Platform Bed'),(3214,10,103,2,42,'Barcelona Bamboo Platform Bed'),(3215,10,105,2,42,'Our Barcelona platform bed captures the spirit and drama of late 20th century design with a variety of subtle details.'),(3219,10,102,2,30,'64'),(3220,10,96,2,44,'Canon Digital Rebel XT 8MP Digital SLR Camera'),(3222,10,102,2,44,'34'),(3224,10,103,2,44,'Canon Digital Rebel XT 8MP Digital SLR Camera with EF-S 18-55mm f3.5-5.6 Lens (Black)'),(3225,10,105,2,44,'Canon Digital Rebel XT 8MP Digital SLR Camera with EF-S 18-55mm f3.5-5.6 Lens (Black)'),(3229,10,96,2,45,' Argus QC-2185 Quick Click 5MP Digital Camera'),(3231,10,102,2,45,'32'),(3233,10,103,2,45,'Argus QC-2185 Quick Click 2MP Digital Camera'),(3234,10,105,2,45,'Argus QC-2185 Quick Click 2MP Digital Camera'),(3238,10,96,2,46,' Olympus Stylus 750 7.1MP Digital Camera'),(3240,10,102,2,46,'33'),(3242,10,103,2,46,'Olympus Stylus 750 7.1MP Digital Camera with Digital Image Stabilized 5x Optical Zoom and CCD Shift Stabilization (Silver)'),(3243,10,105,2,46,'Olympus Stylus 750 7.1MP Digital Camera with Digital Image Stabilized 5x Optical Zoom and CCD Shift Stabilization (Silver)'),(3247,10,96,2,47,'Canon PowerShot A630 8MP Digital Camera with 4x Optical Zoom'),(3249,10,102,2,47,'34'),(3251,10,103,2,47,'Canon PowerShot A630 8MP Digital Camera with 4x Optical Zoom'),(3252,10,105,2,47,'Canon PowerShot A630 8MP Digital Camera with 4x Optical Zoom'),(3256,10,96,2,48,'Kodak EasyShare C530 5MP Digital Camera'),(3258,10,102,2,48,'31'),(3260,10,103,2,48,'Kodak EasyShare C530 5MP Digital Camera'),(3261,10,105,2,48,'Kodak EasyShare C530 5MP Digital Camera'),(3265,10,96,2,49,'Anashria Womens Premier Leather Sandal'),(3268,10,103,2,49,'Anashria Womens Premier Leather Sandal'),(3269,10,105,2,49,'Anashria Womens Premier Leather Sandal'),(3273,10,96,2,51,'Ottoman'),(3276,10,103,2,51,'Ottoman'),(3277,10,105,2,51,'Ottoman'),(3281,10,96,2,52,'Chair'),(3284,10,103,2,52,'Chair'),(3285,10,105,2,52,'Chair'),(3289,10,96,2,53,'Couch'),(3292,10,103,2,53,'Couch'),(3293,10,105,2,53,'Couch'),(3297,10,96,2,54,'Magento Red Furniture Set'),(3300,10,103,2,54,'Magento Red Furniture Set'),(3301,10,105,2,54,'Magento Red Furniture Set'),(3353,10,102,2,19,'101'),(3354,10,102,2,49,'102'),(3355,10,102,2,34,'103'),(3356,10,102,2,33,'104'),(3357,10,102,2,31,'62'),(3358,10,102,2,29,'63'),(3359,10,96,2,74,'Anashria Womens Premier Leather Sandal'),(3361,10,103,2,74,'Anashria Womens Premier Leather Sandal'),(3362,10,105,2,74,'Anashria Womens Premier Leather Sandal'),(3366,10,102,2,74,'102'),(3368,10,96,2,75,'Anashria Womens Premier Leather Sandal'),(3370,10,103,2,75,'Anashria Womens Premier Leather Sandal'),(3371,10,105,2,75,'Anashria Womens Premier Leather Sandal'),(3375,10,102,2,75,'102'),(3377,10,96,2,79,'Anashria Womens Premier Leather Sandal'),(3379,10,103,2,79,'Anashria Womens Premier Leather Sandal'),(3380,10,105,2,79,'Anashria Womens Premier Leather Sandal'),(3384,10,102,2,79,'102'),(3386,10,96,2,80,'Anashria Womens Premier Leather Sandal'),(3388,10,103,2,80,'Anashria Womens Premier Leather Sandal'),(3389,10,105,2,80,'Anashria Womens Premier Leather Sandal'),(3393,10,102,2,80,'102'),(3395,10,96,2,81,'Anashria Womens Premier Leather Sandal'),(3397,10,103,2,81,'Anashria Womens Premier Leather Sandal'),(3398,10,105,2,81,'Anashria Womens Premier Leather Sandal'),(3402,10,102,2,81,'102'),(3404,10,96,2,82,'Anashria Womens Premier Leather Sandal'),(3406,10,103,2,82,'Anashria Womens Premier Leather Sandal'),(3407,10,105,2,82,'Anashria Womens Premier Leather Sandal'),(3411,10,102,2,82,'102'),(3413,10,96,2,83,'CN Clogs Beach/Garden Clog'),(3416,10,103,2,83,'CN Clogs Beach/Garden Clog'),(3417,10,105,2,83,'CN Clogs Beach/Garden Clog'),(3421,10,96,2,84,'CN Clogs Beach/Garden Clog'),(3423,10,103,2,84,'CN Clogs Beach/Garden Clog'),(3424,10,105,2,84,'CN Clogs Beach/Garden Clog'),(3428,10,102,2,84,'63'),(3430,10,96,2,85,'CN Clogs Beach/Garden Clog'),(3432,10,103,2,85,'CN Clogs Beach/Garden Clog'),(3433,10,105,2,85,'CN Clogs Beach/Garden Clog'),(3437,10,102,2,85,'63'),(3439,10,96,2,86,'CN Clogs Beach/Garden Clog'),(3441,10,103,2,86,'CN Clogs Beach/Garden Clog'),(3442,10,105,2,86,'CN Clogs Beach/Garden Clog'),(3446,10,102,2,86,'63'),(3448,10,96,2,87,'CN Clogs Beach/Garden Clog'),(3450,10,103,2,87,'CN Clogs Beach/Garden Clog'),(3451,10,105,2,87,'CN Clogs Beach/Garden Clog'),(3455,10,102,2,87,'63'),(3457,10,96,2,88,'CN Clogs Beach/Garden Clog'),(3459,10,103,2,88,'CN Clogs Beach/Garden Clog'),(3460,10,105,2,88,'CN Clogs Beach/Garden Clog'),(3464,10,102,2,88,'63'),(3466,10,96,2,89,'CN Clogs Beach/Garden Clog'),(3468,10,103,2,89,'CN Clogs Beach/Garden Clog'),(3469,10,105,2,89,'CN Clogs Beach/Garden Clog'),(3473,10,102,2,89,'63'),(3475,10,96,2,90,'CN Clogs Beach/Garden Clog'),(3477,10,103,2,90,'CN Clogs Beach/Garden Clog'),(3478,10,105,2,90,'CN Clogs Beach/Garden Clog'),(3482,10,102,2,90,'63'),(3484,10,96,2,91,'CN Clogs Beach/Garden Clog'),(3486,10,103,2,91,'CN Clogs Beach/Garden Clog'),(3487,10,105,2,91,'CN Clogs Beach/Garden Clog'),(3491,10,102,2,91,'63'),(3493,10,96,2,92,'CN Clogs Beach/Garden Clog'),(3495,10,103,2,92,'CN Clogs Beach/Garden Clog'),(3496,10,105,2,92,'CN Clogs Beach/Garden Clog'),(3500,10,102,2,92,'63'),(3502,10,96,2,93,'ASICS® Men\'s GEL-Kayano® XII'),(3505,10,103,2,93,'ASICS® Men\'s GEL-Kayano® XII'),(3506,10,105,2,93,'ASICS® Men\'s GEL-Kayano® XII'),(3510,10,96,2,94,'ASICS® Men\'s GEL-Kayano® XII'),(3512,10,103,2,94,'ASICS® Men\'s GEL-Kayano® XII'),(3513,10,105,2,94,'ASICS® Men\'s GEL-Kayano® XII'),(3517,10,102,2,94,'64'),(3519,10,96,2,95,'ASICS® Men\'s GEL-Kayano® XII'),(3521,10,103,2,95,'ASICS® Men\'s GEL-Kayano® XII'),(3522,10,105,2,95,'ASICS® Men\'s GEL-Kayano® XII'),(3526,10,102,2,95,'64'),(3528,10,96,2,96,'ASICS® Men\'s GEL-Kayano® XII'),(3530,10,103,2,96,'ASICS® Men\'s GEL-Kayano® XII'),(3531,10,105,2,96,'ASICS® Men\'s GEL-Kayano® XII'),(3535,10,102,2,96,'64'),(3537,10,96,2,97,'ASICS® Men\'s GEL-Kayano® XII'),(3539,10,103,2,97,'ASICS® Men\'s GEL-Kayano® XII'),(3540,10,105,2,97,'ASICS® Men\'s GEL-Kayano® XII'),(3544,10,102,2,97,'64'),(3546,10,96,2,98,'Kenneth Cole New York Men\'s Con-verge Slip-on'),(3549,10,103,2,98,'Kenneth Cole New York Men\'s Con-verge Slip-on'),(3550,10,105,2,98,'Kenneth Cole New York Men\'s Con-verge Slip-on'),(3554,10,96,2,99,'Kenneth Cole New York Men\'s Con-verge Slip-on'),(3556,10,103,2,99,'Kenneth Cole New York Men\'s Con-verge Slip-on'),(3557,10,105,2,99,'Kenneth Cole New York Men\'s Con-verge Slip-on'),(3561,10,102,2,99,'103'),(3563,10,96,2,100,'Kenneth Cole New York Men\'s Con-verge Slip-on'),(3565,10,103,2,100,'Kenneth Cole New York Men\'s Con-verge Slip-on'),(3566,10,105,2,100,'Kenneth Cole New York Men\'s Con-verge Slip-on'),(3570,10,102,2,100,'103'),(3572,10,96,2,101,'Kenneth Cole New York Men\'s Con-verge Slip-on'),(3574,10,103,2,101,'Kenneth Cole New York Men\'s Con-verge Slip-on'),(3575,10,105,2,101,'Kenneth Cole New York Men\'s Con-verge Slip-on'),(3579,10,102,2,101,'103'),(3581,10,96,2,102,'Kenneth Cole New York Men\'s Con-verge Slip-on'),(3583,10,103,2,102,'Kenneth Cole New York Men\'s Con-verge Slip-on'),(3584,10,105,2,102,'Kenneth Cole New York Men\'s Con-verge Slip-on'),(3588,10,102,2,102,'103'),(3590,10,96,2,103,'Steven by Steve Madden Pryme Pump'),(3593,10,103,2,103,'Steven by Steve Madden Pryme Pump'),(3594,10,105,2,103,'Steven by Steve Madden Pryme Pump'),(3598,10,96,2,104,'Steven by Steve Madden Pryme Pump'),(3600,10,103,2,104,'Steven by Steve Madden Pryme Pump'),(3601,10,105,2,104,'Steven by Steve Madden Pryme Pump'),(3605,10,102,2,104,'62'),(3607,10,96,2,105,'Steven by Steve Madden Pryme Pump'),(3609,10,103,2,105,'Steven by Steve Madden Pryme Pump'),(3610,10,105,2,105,'Steven by Steve Madden Pryme Pump'),(3614,10,102,2,105,'62'),(3616,10,96,2,106,'Steven by Steve Madden Pryme Pump'),(3618,10,103,2,106,'Steven by Steve Madden Pryme Pump'),(3619,10,105,2,106,'Steven by Steve Madden Pryme Pump'),(3623,10,102,2,106,'62'),(3625,10,96,2,107,'Steven by Steve Madden Pryme Pump'),(3627,10,103,2,107,'Steven by Steve Madden Pryme Pump'),(3628,10,105,2,107,'Steven by Steve Madden Pryme Pump'),(3632,10,102,2,107,'62'),(3634,10,96,2,108,'Nine West Women\'s Lucero Pump'),(3637,10,103,2,108,'Nine West Women\'s Lucero Pump'),(3638,10,105,2,108,'Nine West Women\'s Lucero Pump'),(3642,10,96,2,109,'Nine West Women\'s Lucero Pump'),(3644,10,103,2,109,'Nine West Women\'s Lucero Pump'),(3645,10,105,2,109,'Nine West Women\'s Lucero Pump'),(3650,10,102,2,109,'105'),(3651,10,96,2,110,'Nine West Women\'s Lucero Pump'),(3653,10,103,2,110,'Nine West Women\'s Lucero Pump'),(3654,10,105,2,110,'Nine West Women\'s Lucero Pump'),(3658,10,102,2,110,'105'),(3660,10,96,2,111,'Nine West Women\'s Lucero Pump'),(3662,10,103,2,111,'Nine West Women\'s Lucero Pump'),(3663,10,105,2,111,'Nine West Women\'s Lucero Pump'),(3667,10,102,2,111,'105'),(3669,10,102,2,32,'105'),(3670,10,102,2,108,'105'),(3671,10,102,2,103,'62'),(3672,10,102,2,98,'103'),(3673,10,102,2,93,'64'),(3674,10,102,2,83,'63'),(3675,10,96,2,112,'ECCO Womens Golf Flexor Golf Shoe'),(3677,10,102,2,112,'104'),(3679,10,103,2,112,'ECCO Womens Golf Flexor Golf Shoe'),(3680,10,105,2,112,'ECCO Womens Golf Flexor Golf Shoe'),(3684,10,96,2,113,'ECCO Womens Golf Flexor Golf Shoe'),(3686,10,103,2,113,'ECCO Womens Golf Flexor Golf Shoe'),(3687,10,105,2,113,'ECCO Womens Golf Flexor Golf Shoe'),(3691,10,102,2,113,'104'),(3693,10,96,2,114,'ECCO Womens Golf Flexor Golf Shoe'),(3695,10,103,2,114,'ECCO Womens Golf Flexor Golf Shoe'),(3696,10,105,2,114,'ECCO Womens Golf Flexor Golf Shoe'),(3700,10,102,2,114,'104'),(3702,10,96,2,115,'ECCO Womens Golf Flexor Golf Shoe'),(3704,10,103,2,115,'ECCO Womens Golf Flexor Golf Shoe'),(3705,10,105,2,115,'ECCO Womens Golf Flexor Golf Shoe'),(3709,10,102,2,115,'104'),(3711,10,96,2,117,'Coalesce: Functioning On Impatience T-Shirt'),(3713,10,103,2,117,'Coalesce: Functioning On Impatience T-Shirt'),(3714,10,105,2,117,'Coalesce: Functioning On Impatience T-Shirt'),(3719,10,96,2,118,'Coalesce: Functioning On Impatience T-Shirt'),(3721,10,103,2,118,'Coalesce: Functioning On Impatience T-Shirt'),(3722,10,105,2,118,'Coalesce: Functioning On Impatience T-Shirt'),(3727,10,96,2,119,'Coalesce: Functioning On Impatience T-Shirt'),(3730,10,103,2,119,'Coalesce: Functioning On Impatience T-Shirt'),(3731,10,105,2,119,'Coalesce: Functioning On Impatience T-Shirt'),(3735,10,96,2,120,'Ink Eater: Krylon Bombear Destroyed Tee'),(3738,10,103,2,120,'Ink Eater: Krylon Bombear Destroyed Tee'),(3739,10,105,2,120,'Ink Eater: Krylon Bombear Destroyed Tee'),(3743,10,96,2,121,'Ink Eater: Krylon Bombear Destroyed Tee'),(3745,10,103,2,121,'Ink Eater: Krylon Bombear Destroyed Tee'),(3746,10,105,2,121,'Ink Eater: Krylon Bombear Destroyed Tee'),(3751,10,96,2,122,'Ink Eater: Krylon Bombear Destroyed Tee'),(3753,10,103,2,122,'Ink Eater: Krylon Bombear Destroyed Tee'),(3754,10,105,2,122,'Ink Eater: Krylon Bombear Destroyed Tee'),(3759,10,96,2,123,'The Only Children: Paisley T-Shirt'),(3762,10,103,2,123,'The Only Children: Paisley T-Shirt'),(3763,10,105,2,123,'The Only Children: Paisley T-Shirt'),(3767,10,96,2,124,'The Only Children: Paisley T-Shirt'),(3769,10,103,2,124,'The Only Children: Paisley T-Shirt'),(3770,10,105,2,124,'The Only Children: Paisley T-Shirt'),(3775,10,96,2,125,'The Only Children: Paisley T-Shirt'),(3777,10,103,2,125,'The Only Children: Paisley T-Shirt'),(3778,10,105,2,125,'The Only Children: Paisley T-Shirt'),(3783,10,96,2,126,'Zolof The Rock And Roll Destroyer: LOL Cat T-shirt'),(3786,10,103,2,126,'Zolof The Rock And Roll Destroyer: LOL Cat T-shirt'),(3787,10,105,2,126,'Zolof The Rock And Roll Destroyer: LOL Cat T-shirt'),(3791,10,96,2,127,'Zolof The Rock And Roll Destroyer: LOL Cat T-shirt'),(3793,10,103,2,127,'Zolof The Rock And Roll Destroyer: LOL Cat T-shirt'),(3794,10,105,2,127,'Zolof The Rock And Roll Destroyer: LOL Cat T-shirt'),(3799,10,96,2,128,'Zolof The Rock And Roll Destroyer: LOL Cat T-shirt'),(3801,10,103,2,128,'Zolof The Rock And Roll Destroyer: LOL Cat T-shirt'),(3802,10,105,2,128,'Zolof The Rock And Roll Destroyer: LOL Cat T-shirt'),(3807,10,96,2,129,'Zolof The Rock And Roll Destroyer: LOL Cat T-shirt'),(3809,10,103,2,129,'Zolof The Rock And Roll Destroyer: LOL Cat T-shirt'),(3810,10,105,2,129,'Zolof The Rock And Roll Destroyer: LOL Cat T-shirt'),(3815,10,96,2,130,'Zolof The Rock And Roll Destroyer: LOL Cat T-shirt'),(3817,10,103,2,130,'Zolof The Rock And Roll Destroyer: LOL Cat T-shirt'),(3818,10,105,2,130,'Zolof The Rock And Roll Destroyer: LOL Cat T-shirt'),(3823,10,96,2,131,'Zolof The Rock And Roll Destroyer: LOL Cat T-shirt'),(3825,10,103,2,131,'Zolof The Rock And Roll Destroyer: LOL Cat T-shirt'),(3826,10,105,2,131,'Zolof The Rock And Roll Destroyer: LOL Cat T-shirt'),(3831,10,96,2,133,'Universal Camera Case'),(3835,10,96,2,132,'SLR Camera Tripod'),(3839,10,96,2,134,'Universal Camera Charger'),(3849,10,96,2,135,'Anashria Womens Premier Leather Sandal'),(3851,10,102,2,135,'102'),(3853,10,103,2,135,'Anashria Womens Premier Leather Sandal'),(3854,10,105,2,135,'Anashria Womens Premier Leather Sandal'),(3865,10,96,3,16,'Nokia 2610 Phone'),(3867,10,102,3,16,'20'),(3869,10,103,3,16,'Nokia 2610'),(3870,10,105,3,16,'Offering advanced media and calling features without breaking the bank, The Nokia 2610 is an easy to use'),(3874,10,96,3,17,'BlackBerry 8100 Pearl'),(3876,10,102,3,17,'21'),(3878,10,103,3,17,'BlackBerry 8100 Pearl'),(3879,10,105,3,17,'BlackBerry 8100 Pearl sports a large 240 x 260 screen that supports over 65,000 colors-- plenty of real estate to view your e-mails, Web browser content, messaging sessions, and attachments.'),(3883,10,96,3,18,'Sony Ericsson W810i'),(3885,10,102,3,18,'2'),(3887,10,103,3,18,'Sony Ericsson W810i'),(3888,10,105,3,18,'The W810i follows a long tradition of beautifully designed and crafted phones from Sony Ericsson. The same candy-bar style that graced the W800 is here, as is the horizontally-oriented camera unit on the back of the phone, allowing you to hold the phone j'),(3892,10,96,3,20,'Samsung MM-A900M Ace'),(3894,10,102,3,20,'3'),(3896,10,103,3,20,'Samsung MM-A900M Ace Phone'),(3897,10,105,3,20,'New services supported by both the MM-A900m include the newly announced Sprint Music StoreSM, which allows users to immediately buy and download complete songs directly to their phone'),(3903,10,96,3,25,'Apple MacBook Pro MA464LL/A 15.4\" Notebook PC'),(3906,10,103,3,25,'Apple MacBook Pro MA464LL/A 15.4\" Notebook PC (2.0 GHz Intel Core Duo, 1 GB RAM, 100 GB Hard Drive, SuperDrive)'),(3907,10,105,3,25,'Apple MacBook Pro MA464LL/A 15.4\" Notebook PC (2.0 GHz Intel Core Duo, 1 GB RAM, 100 GB Hard Drive, SuperDrive)'),(3911,10,96,3,26,'Acer Ferrari 3200 Notebook Computer PC'),(3914,10,103,3,26,'Acer Ferrari 3200 Notebook Computer PC'),(3915,10,105,3,26,'Acer Ferrari 3200 Notebook Computer PC'),(3919,10,96,3,27,'Sony VAIO VGN-TXN27N/B 11.1\" Notebook PC'),(3922,10,103,3,27,'Sony VAIO VGN-TXN27N/B 11.1\" Notebook PC (Intel Core Solo Processor U1500, 2 GB RAM, 100 GB Hard Drive, DVD±RW Drive, Vista Business) Charcoal Black'),(3923,10,105,3,27,'Sony VAIO VGN-TXN27N/B 11.1\" Notebook PC (Intel Core Solo Processor U1500, 2 GB RAM, 100 GB Hard Drive, DVD±RW Drive, Vista Business) Charcoal Black'),(3927,10,96,3,28,'Toshiba M285-E 14\"'),(3930,10,103,3,28,'Toshiba Satellite A135-S4527 155.4\" Notebook PC (Intel Pentium Dual Core Processor T2080, 1 GB RAM, 120 GB Hard Drive, SuperMulti DVD Drive, Vista Premium)'),(3931,10,105,3,28,'Toshiba M285-E 14\" Convertible Notebook PC (Intel Core Duo Processor T2300E, 1 GB RAM, 60'),(3935,10,96,3,29,'CN Clogs Beach/Garden Clog'),(3938,10,103,3,29,'CN Clogs Beach/Garden Clog'),(3939,10,105,3,29,'CN Clogs Beach/Garden Clog'),(3943,10,96,3,30,'ASICS® Men\'s GEL-Kayano® XII'),(3946,10,103,3,30,'ASICS® Men\'s GEL-Kayano® XII'),(3947,10,105,3,30,'ASICS® Men\'s GEL-Kayano® XII'),(3951,10,96,3,31,'Steven by Steve Madden Pryme Pump'),(3954,10,103,3,31,'Steven by Steve Madden Pryme Pump'),(3955,10,105,3,31,'Steven by Steve Madden Pryme Pump'),(3959,10,96,3,32,'Nine West Women\'s Lucero Pump'),(3962,10,103,3,32,'Nine West Women\'s Lucero Pump'),(3963,10,105,3,32,'Nine West Women\'s Lucero Pump'),(3967,10,96,3,33,'ECCO Womens Golf Flexor Golf Shoe'),(3970,10,103,3,33,'ECCO Womens Golf Flexor Golf Shoe'),(3971,10,105,3,33,'ECCO Womens Golf Flexor Golf Shoe'),(3975,10,96,3,34,'Kenneth Cole New York Men\'s Con-verge Slip-on'),(3978,10,103,3,34,'Kenneth Cole New York Men\'s Con-verge Slip-on'),(3979,10,105,3,34,'Kenneth Cole New York Men\'s Con-verge Slip-on'),(3983,10,96,3,35,'Coalesce: Functioning On Impatience T-Shirt'),(3986,10,103,3,35,'Coalesce: Functioning On Impatience T-Shirt'),(3987,10,105,3,35,'Coalesce: Functioning On Impatience T-Shirt'),(3991,10,96,3,36,'Ink Eater: Krylon Bombear Destroyed Tee'),(3994,10,103,3,36,'Ink Eater: Krylon Bombear Destroyed Tee'),(3995,10,105,3,36,'Ink Eater: Krylon Bombear Destroyed Tee'),(3999,10,96,3,37,'The Only Children: Paisley T-Shirt'),(4002,10,103,3,37,'The Only Children: Paisley T-Shirt'),(4003,10,105,3,37,'The Only Children: Paisley T-Shirt'),(4007,10,96,3,38,'Zolof The Rock And Roll Destroyer: LOL Cat T-shirt'),(4010,10,103,3,38,'Zolof The Rock And Roll Destroyer: LOL Cat T-shirt'),(4011,10,105,3,38,'Zolof The Rock And Roll Destroyer: LOL Cat T-shirt'),(4015,10,96,3,19,'AT&T 8525 PDA'),(4018,10,103,3,19,'AT&T 8525 PDA Phone'),(4019,10,105,3,19,'nder the hood, the 8525 features 128MB of embedded memory and 64MB RAM, running on a 400 MHz Samsung processor. Up front, the 240 x 320 LCD touch-screen supports over 65,000 colors, while the rear of the device houses a 2.0 megapixel camera. The design of'),(4023,10,96,3,39,'The Get Up Kids: Band Camp Pullover Hoodie'),(4026,10,103,3,39,'The Get Up Kids: Band Camp Pullover Hoodie'),(4027,10,105,3,39,'The Get Up Kids: Band Camp Pullover Hoodie'),(4039,10,96,3,41,'Akio Dresser'),(4042,10,103,3,41,'Akio Dresser'),(4043,10,105,3,41,'Our Akio dresser has a solid hardwood frame.  Features include inset panel sides and for spacious drawers and two wicker baskets.'),(4047,10,96,3,42,'Barcelona Bamboo Platform Bed'),(4050,10,103,3,42,'Barcelona Bamboo Platform Bed'),(4051,10,105,3,42,'Our Barcelona platform bed captures the spirit and drama of late 20th century design with a variety of subtle details.'),(4055,10,102,3,30,'64'),(4056,10,96,3,44,'Canon Digital Rebel XT 8MP Digital SLR Camera'),(4058,10,102,3,44,'34'),(4060,10,103,3,44,'Canon Digital Rebel XT 8MP Digital SLR Camera with EF-S 18-55mm f3.5-5.6 Lens (Black)'),(4061,10,105,3,44,'Canon Digital Rebel XT 8MP Digital SLR Camera with EF-S 18-55mm f3.5-5.6 Lens (Black)'),(4065,10,96,3,45,' Argus QC-2185 Quick Click 5MP Digital Camera'),(4067,10,102,3,45,'32'),(4069,10,103,3,45,'Argus QC-2185 Quick Click 2MP Digital Camera'),(4070,10,105,3,45,'Argus QC-2185 Quick Click 2MP Digital Camera'),(4074,10,96,3,46,' Olympus Stylus 750 7.1MP Digital Camera'),(4076,10,102,3,46,'33'),(4078,10,103,3,46,'Olympus Stylus 750 7.1MP Digital Camera with Digital Image Stabilized 5x Optical Zoom and CCD Shift Stabilization (Silver)'),(4079,10,105,3,46,'Olympus Stylus 750 7.1MP Digital Camera with Digital Image Stabilized 5x Optical Zoom and CCD Shift Stabilization (Silver)'),(4083,10,96,3,47,'Canon PowerShot A630 8MP Digital Camera with 4x Optical Zoom'),(4085,10,102,3,47,'34'),(4087,10,103,3,47,'Canon PowerShot A630 8MP Digital Camera with 4x Optical Zoom'),(4088,10,105,3,47,'Canon PowerShot A630 8MP Digital Camera with 4x Optical Zoom'),(4092,10,96,3,48,'Kodak EasyShare C530 5MP Digital Camera'),(4094,10,102,3,48,'31'),(4096,10,103,3,48,'Kodak EasyShare C530 5MP Digital Camera'),(4097,10,105,3,48,'Kodak EasyShare C530 5MP Digital Camera'),(4101,10,96,3,49,'Anashria Womens Premier Leather Sandal'),(4104,10,103,3,49,'Anashria Womens Premier Leather Sandal'),(4105,10,105,3,49,'Anashria Womens Premier Leather Sandal'),(4109,10,96,3,51,'Ottoman'),(4112,10,103,3,51,'Ottoman'),(4113,10,105,3,51,'Ottoman'),(4117,10,96,3,52,'Chair'),(4120,10,103,3,52,'Chair'),(4121,10,105,3,52,'Chair'),(4125,10,96,3,53,'Couch'),(4128,10,103,3,53,'Couch'),(4129,10,105,3,53,'Couch'),(4133,10,96,3,54,'Magento Red Furniture Set'),(4136,10,103,3,54,'Magento Red Furniture Set'),(4137,10,105,3,54,'Magento Red Furniture Set'),(4189,10,102,3,19,'101'),(4190,10,102,3,49,'102'),(4191,10,102,3,34,'103'),(4192,10,102,3,33,'104'),(4193,10,102,3,31,'62'),(4194,10,102,3,29,'63'),(4195,10,96,3,74,'Anashria Womens Premier Leather Sandal'),(4197,10,103,3,74,'Anashria Womens Premier Leather Sandal'),(4198,10,105,3,74,'Anashria Womens Premier Leather Sandal'),(4202,10,102,3,74,'102'),(4204,10,96,3,75,'Anashria Womens Premier Leather Sandal'),(4206,10,103,3,75,'Anashria Womens Premier Leather Sandal'),(4207,10,105,3,75,'Anashria Womens Premier Leather Sandal'),(4211,10,102,3,75,'102'),(4213,10,96,3,79,'Anashria Womens Premier Leather Sandal'),(4215,10,103,3,79,'Anashria Womens Premier Leather Sandal'),(4216,10,105,3,79,'Anashria Womens Premier Leather Sandal'),(4220,10,102,3,79,'102'),(4222,10,96,3,80,'Anashria Womens Premier Leather Sandal'),(4224,10,103,3,80,'Anashria Womens Premier Leather Sandal'),(4225,10,105,3,80,'Anashria Womens Premier Leather Sandal'),(4229,10,102,3,80,'102'),(4231,10,96,3,81,'Anashria Womens Premier Leather Sandal'),(4233,10,103,3,81,'Anashria Womens Premier Leather Sandal'),(4234,10,105,3,81,'Anashria Womens Premier Leather Sandal'),(4238,10,102,3,81,'102'),(4240,10,96,3,82,'Anashria Womens Premier Leather Sandal'),(4242,10,103,3,82,'Anashria Womens Premier Leather Sandal'),(4243,10,105,3,82,'Anashria Womens Premier Leather Sandal'),(4247,10,102,3,82,'102'),(4249,10,96,3,83,'CN Clogs Beach/Garden Clog'),(4252,10,103,3,83,'CN Clogs Beach/Garden Clog'),(4253,10,105,3,83,'CN Clogs Beach/Garden Clog'),(4257,10,96,3,84,'CN Clogs Beach/Garden Clog'),(4259,10,103,3,84,'CN Clogs Beach/Garden Clog'),(4260,10,105,3,84,'CN Clogs Beach/Garden Clog'),(4264,10,102,3,84,'63'),(4266,10,96,3,85,'CN Clogs Beach/Garden Clog'),(4268,10,103,3,85,'CN Clogs Beach/Garden Clog'),(4269,10,105,3,85,'CN Clogs Beach/Garden Clog'),(4273,10,102,3,85,'63'),(4275,10,96,3,86,'CN Clogs Beach/Garden Clog'),(4277,10,103,3,86,'CN Clogs Beach/Garden Clog'),(4278,10,105,3,86,'CN Clogs Beach/Garden Clog'),(4282,10,102,3,86,'63'),(4284,10,96,3,87,'CN Clogs Beach/Garden Clog'),(4286,10,103,3,87,'CN Clogs Beach/Garden Clog'),(4287,10,105,3,87,'CN Clogs Beach/Garden Clog'),(4291,10,102,3,87,'63'),(4293,10,96,3,88,'CN Clogs Beach/Garden Clog'),(4295,10,103,3,88,'CN Clogs Beach/Garden Clog'),(4296,10,105,3,88,'CN Clogs Beach/Garden Clog'),(4300,10,102,3,88,'63'),(4302,10,96,3,89,'CN Clogs Beach/Garden Clog'),(4304,10,103,3,89,'CN Clogs Beach/Garden Clog'),(4305,10,105,3,89,'CN Clogs Beach/Garden Clog'),(4309,10,102,3,89,'63'),(4311,10,96,3,90,'CN Clogs Beach/Garden Clog'),(4313,10,103,3,90,'CN Clogs Beach/Garden Clog'),(4314,10,105,3,90,'CN Clogs Beach/Garden Clog'),(4318,10,102,3,90,'63'),(4320,10,96,3,91,'CN Clogs Beach/Garden Clog'),(4322,10,103,3,91,'CN Clogs Beach/Garden Clog'),(4323,10,105,3,91,'CN Clogs Beach/Garden Clog'),(4327,10,102,3,91,'63'),(4329,10,96,3,92,'CN Clogs Beach/Garden Clog'),(4331,10,103,3,92,'CN Clogs Beach/Garden Clog'),(4332,10,105,3,92,'CN Clogs Beach/Garden Clog'),(4336,10,102,3,92,'63'),(4338,10,96,3,93,'ASICS® Men\'s GEL-Kayano® XII'),(4341,10,103,3,93,'ASICS® Men\'s GEL-Kayano® XII'),(4342,10,105,3,93,'ASICS® Men\'s GEL-Kayano® XII'),(4346,10,96,3,94,'ASICS® Men\'s GEL-Kayano® XII'),(4348,10,103,3,94,'ASICS® Men\'s GEL-Kayano® XII'),(4349,10,105,3,94,'ASICS® Men\'s GEL-Kayano® XII'),(4353,10,102,3,94,'64'),(4355,10,96,3,95,'ASICS® Men\'s GEL-Kayano® XII'),(4357,10,103,3,95,'ASICS® Men\'s GEL-Kayano® XII'),(4358,10,105,3,95,'ASICS® Men\'s GEL-Kayano® XII'),(4362,10,102,3,95,'64'),(4364,10,96,3,96,'ASICS® Men\'s GEL-Kayano® XII'),(4366,10,103,3,96,'ASICS® Men\'s GEL-Kayano® XII'),(4367,10,105,3,96,'ASICS® Men\'s GEL-Kayano® XII'),(4371,10,102,3,96,'64'),(4373,10,96,3,97,'ASICS® Men\'s GEL-Kayano® XII'),(4375,10,103,3,97,'ASICS® Men\'s GEL-Kayano® XII'),(4376,10,105,3,97,'ASICS® Men\'s GEL-Kayano® XII'),(4380,10,102,3,97,'64'),(4382,10,96,3,98,'Kenneth Cole New York Men\'s Con-verge Slip-on'),(4385,10,103,3,98,'Kenneth Cole New York Men\'s Con-verge Slip-on'),(4386,10,105,3,98,'Kenneth Cole New York Men\'s Con-verge Slip-on'),(4390,10,96,3,99,'Kenneth Cole New York Men\'s Con-verge Slip-on'),(4392,10,103,3,99,'Kenneth Cole New York Men\'s Con-verge Slip-on'),(4393,10,105,3,99,'Kenneth Cole New York Men\'s Con-verge Slip-on'),(4397,10,102,3,99,'103'),(4399,10,96,3,100,'Kenneth Cole New York Men\'s Con-verge Slip-on'),(4401,10,103,3,100,'Kenneth Cole New York Men\'s Con-verge Slip-on'),(4402,10,105,3,100,'Kenneth Cole New York Men\'s Con-verge Slip-on'),(4406,10,102,3,100,'103'),(4408,10,96,3,101,'Kenneth Cole New York Men\'s Con-verge Slip-on'),(4410,10,103,3,101,'Kenneth Cole New York Men\'s Con-verge Slip-on'),(4411,10,105,3,101,'Kenneth Cole New York Men\'s Con-verge Slip-on'),(4415,10,102,3,101,'103'),(4417,10,96,3,102,'Kenneth Cole New York Men\'s Con-verge Slip-on'),(4419,10,103,3,102,'Kenneth Cole New York Men\'s Con-verge Slip-on'),(4420,10,105,3,102,'Kenneth Cole New York Men\'s Con-verge Slip-on'),(4424,10,102,3,102,'103'),(4426,10,96,3,103,'Steven by Steve Madden Pryme Pump'),(4429,10,103,3,103,'Steven by Steve Madden Pryme Pump'),(4430,10,105,3,103,'Steven by Steve Madden Pryme Pump'),(4434,10,96,3,104,'Steven by Steve Madden Pryme Pump'),(4436,10,103,3,104,'Steven by Steve Madden Pryme Pump'),(4437,10,105,3,104,'Steven by Steve Madden Pryme Pump'),(4441,10,102,3,104,'62'),(4443,10,96,3,105,'Steven by Steve Madden Pryme Pump'),(4445,10,103,3,105,'Steven by Steve Madden Pryme Pump'),(4446,10,105,3,105,'Steven by Steve Madden Pryme Pump'),(4450,10,102,3,105,'62'),(4452,10,96,3,106,'Steven by Steve Madden Pryme Pump'),(4454,10,103,3,106,'Steven by Steve Madden Pryme Pump'),(4455,10,105,3,106,'Steven by Steve Madden Pryme Pump'),(4459,10,102,3,106,'62'),(4461,10,96,3,107,'Steven by Steve Madden Pryme Pump'),(4463,10,103,3,107,'Steven by Steve Madden Pryme Pump'),(4464,10,105,3,107,'Steven by Steve Madden Pryme Pump'),(4468,10,102,3,107,'62'),(4470,10,96,3,108,'Nine West Women\'s Lucero Pump'),(4473,10,103,3,108,'Nine West Women\'s Lucero Pump'),(4474,10,105,3,108,'Nine West Women\'s Lucero Pump'),(4478,10,96,3,109,'Nine West Women\'s Lucero Pump'),(4480,10,103,3,109,'Nine West Women\'s Lucero Pump'),(4481,10,105,3,109,'Nine West Women\'s Lucero Pump'),(4486,10,102,3,109,'105'),(4487,10,96,3,110,'Nine West Women\'s Lucero Pump'),(4489,10,103,3,110,'Nine West Women\'s Lucero Pump'),(4490,10,105,3,110,'Nine West Women\'s Lucero Pump'),(4494,10,102,3,110,'105'),(4496,10,96,3,111,'Nine West Women\'s Lucero Pump'),(4498,10,103,3,111,'Nine West Women\'s Lucero Pump'),(4499,10,105,3,111,'Nine West Women\'s Lucero Pump'),(4503,10,102,3,111,'105'),(4505,10,102,3,32,'105'),(4506,10,102,3,108,'105'),(4507,10,102,3,103,'62'),(4508,10,102,3,98,'103'),(4509,10,102,3,93,'64'),(4510,10,102,3,83,'63'),(4511,10,96,3,112,'ECCO Womens Golf Flexor Golf Shoe'),(4513,10,102,3,112,'104'),(4515,10,103,3,112,'ECCO Womens Golf Flexor Golf Shoe'),(4516,10,105,3,112,'ECCO Womens Golf Flexor Golf Shoe'),(4520,10,96,3,113,'ECCO Womens Golf Flexor Golf Shoe'),(4522,10,103,3,113,'ECCO Womens Golf Flexor Golf Shoe'),(4523,10,105,3,113,'ECCO Womens Golf Flexor Golf Shoe'),(4527,10,102,3,113,'104'),(4529,10,96,3,114,'ECCO Womens Golf Flexor Golf Shoe'),(4531,10,103,3,114,'ECCO Womens Golf Flexor Golf Shoe'),(4532,10,105,3,114,'ECCO Womens Golf Flexor Golf Shoe'),(4536,10,102,3,114,'104'),(4538,10,96,3,115,'ECCO Womens Golf Flexor Golf Shoe'),(4540,10,103,3,115,'ECCO Womens Golf Flexor Golf Shoe'),(4541,10,105,3,115,'ECCO Womens Golf Flexor Golf Shoe'),(4545,10,102,3,115,'104'),(4547,10,96,3,117,'Coalesce: Functioning On Impatience T-Shirt'),(4549,10,103,3,117,'Coalesce: Functioning On Impatience T-Shirt'),(4550,10,105,3,117,'Coalesce: Functioning On Impatience T-Shirt'),(4555,10,96,3,118,'Coalesce: Functioning On Impatience T-Shirt'),(4557,10,103,3,118,'Coalesce: Functioning On Impatience T-Shirt'),(4558,10,105,3,118,'Coalesce: Functioning On Impatience T-Shirt'),(4563,10,96,3,119,'Coalesce: Functioning On Impatience T-Shirt'),(4566,10,103,3,119,'Coalesce: Functioning On Impatience T-Shirt'),(4567,10,105,3,119,'Coalesce: Functioning On Impatience T-Shirt'),(4571,10,96,3,120,'Ink Eater: Krylon Bombear Destroyed Tee'),(4574,10,103,3,120,'Ink Eater: Krylon Bombear Destroyed Tee'),(4575,10,105,3,120,'Ink Eater: Krylon Bombear Destroyed Tee'),(4579,10,96,3,121,'Ink Eater: Krylon Bombear Destroyed Tee'),(4581,10,103,3,121,'Ink Eater: Krylon Bombear Destroyed Tee'),(4582,10,105,3,121,'Ink Eater: Krylon Bombear Destroyed Tee'),(4587,10,96,3,122,'Ink Eater: Krylon Bombear Destroyed Tee'),(4589,10,103,3,122,'Ink Eater: Krylon Bombear Destroyed Tee'),(4590,10,105,3,122,'Ink Eater: Krylon Bombear Destroyed Tee'),(4595,10,96,3,123,'The Only Children: Paisley T-Shirt'),(4598,10,103,3,123,'The Only Children: Paisley T-Shirt'),(4599,10,105,3,123,'The Only Children: Paisley T-Shirt'),(4603,10,96,3,124,'The Only Children: Paisley T-Shirt'),(4605,10,103,3,124,'The Only Children: Paisley T-Shirt'),(4606,10,105,3,124,'The Only Children: Paisley T-Shirt'),(4611,10,96,3,125,'The Only Children: Paisley T-Shirt'),(4613,10,103,3,125,'The Only Children: Paisley T-Shirt'),(4614,10,105,3,125,'The Only Children: Paisley T-Shirt'),(4619,10,96,3,126,'Zolof The Rock And Roll Destroyer: LOL Cat T-shirt'),(4622,10,103,3,126,'Zolof The Rock And Roll Destroyer: LOL Cat T-shirt'),(4623,10,105,3,126,'Zolof The Rock And Roll Destroyer: LOL Cat T-shirt'),(4627,10,96,3,127,'Zolof The Rock And Roll Destroyer: LOL Cat T-shirt'),(4629,10,103,3,127,'Zolof The Rock And Roll Destroyer: LOL Cat T-shirt'),(4630,10,105,3,127,'Zolof The Rock And Roll Destroyer: LOL Cat T-shirt'),(4635,10,96,3,128,'Zolof The Rock And Roll Destroyer: LOL Cat T-shirt'),(4637,10,103,3,128,'Zolof The Rock And Roll Destroyer: LOL Cat T-shirt'),(4638,10,105,3,128,'Zolof The Rock And Roll Destroyer: LOL Cat T-shirt'),(4643,10,96,3,129,'Zolof The Rock And Roll Destroyer: LOL Cat T-shirt'),(4645,10,103,3,129,'Zolof The Rock And Roll Destroyer: LOL Cat T-shirt'),(4646,10,105,3,129,'Zolof The Rock And Roll Destroyer: LOL Cat T-shirt'),(4651,10,96,3,130,'Zolof The Rock And Roll Destroyer: LOL Cat T-shirt'),(4653,10,103,3,130,'Zolof The Rock And Roll Destroyer: LOL Cat T-shirt'),(4654,10,105,3,130,'Zolof The Rock And Roll Destroyer: LOL Cat T-shirt'),(4659,10,96,3,131,'Zolof The Rock And Roll Destroyer: LOL Cat T-shirt'),(4661,10,103,3,131,'Zolof The Rock And Roll Destroyer: LOL Cat T-shirt'),(4662,10,105,3,131,'Zolof The Rock And Roll Destroyer: LOL Cat T-shirt'),(4667,10,96,3,133,'Universal Camera Case'),(4671,10,96,3,132,'SLR Camera Tripod'),(4675,10,96,3,134,'Universal Camera Charger'),(4685,10,96,3,135,'Anashria Womens Premier Leather Sandal'),(4687,10,102,3,135,'102'),(4689,10,103,3,135,'Anashria Womens Premier Leather Sandal'),(4690,10,105,3,135,'Anashria Womens Premier Leather Sandal'),(4702,10,96,0,137,'Zolof The Rock And Roll Destroyer: LOL Cat T-shirt'),(4703,10,481,0,137,'zolof-the-rock-and-roll-destroyer-lol-cat-t-shirt-b-med'),(4704,10,103,0,137,'Zolof The Rock And Roll Destroyer: LOL Cat T-shirt'),(4705,10,105,0,137,'Zolof The Rock And Roll Destroyer: LOL Cat T-shirt'),(4706,10,493,0,137,'/z/o/zolof-the-rock-and-roll-destroyer-lol-cat-t-shirt-2.jpg'),(4707,10,109,0,137,'/z/o/zolof-the-rock-and-roll-destroyer-lol-cat-t-shirt-1.jpg'),(4708,10,106,0,137,'/z/o/zolof-the-rock-and-roll-destroyer-lol-cat-t-shirt.jpg'),(4709,10,562,0,28,'2'),(4710,10,562,1,28,'2'),(4711,10,562,2,28,'2'),(4712,10,562,3,28,'2'),(4713,10,571,0,28,''),(4714,10,571,1,28,''),(4715,10,571,2,28,''),(4716,10,571,3,28,''),(4717,10,562,0,26,'2'),(4718,10,562,1,26,'2'),(4719,10,562,2,26,'2'),(4720,10,562,3,26,'2'),(4721,10,571,0,26,''),(4722,10,571,1,26,''),(4723,10,571,2,26,''),(4724,10,571,3,26,''),(4725,10,562,0,134,'2'),(4726,10,562,1,134,'2'),(4727,10,562,2,134,'2'),(4728,10,562,3,134,'2'),(4729,10,103,0,134,''),(4730,10,103,1,134,''),(4731,10,103,2,134,''),(4732,10,103,3,134,''),(4733,10,105,0,134,''),(4734,10,105,1,134,''),(4735,10,105,2,134,''),(4736,10,105,3,134,''),(4737,10,571,0,134,''),(4738,10,571,1,134,''),(4739,10,571,2,134,''),(4740,10,571,3,134,''),(4741,10,562,0,118,'2'),(4742,10,562,1,118,'2'),(4743,10,562,2,118,'2'),(4744,10,562,3,118,'2'),(4745,10,571,0,118,''),(4746,10,571,1,118,''),(4747,10,571,2,118,''),(4748,10,571,3,118,''),(4749,10,562,0,51,'2'),(4750,10,562,1,51,'2'),(4751,10,562,2,51,'2'),(4752,10,562,3,51,'2'),(4753,10,571,0,51,''),(4754,10,571,1,51,''),(4755,10,571,2,51,''),(4756,10,571,3,51,''),(4765,10,562,0,119,'2'),(4766,10,571,0,119,''),(4767,10,562,0,126,'2'),(4768,10,571,0,126,''),(4769,10,562,0,123,'2'),(4770,10,571,0,123,''),(4771,10,562,0,120,'2'),(4772,10,571,0,120,''),(4773,10,562,0,83,'2'),(4774,10,571,0,83,''),(4775,10,562,0,44,'2'),(4776,10,562,0,17,'2'),(4778,10,562,0,18,'2'),(4780,10,562,0,19,'2'),(4782,10,562,0,20,'2'),(4784,10,562,0,25,'2'),(4786,10,562,0,27,'2'),(4788,10,562,0,30,'2'),(4790,10,562,0,32,'2'),(4792,10,562,0,35,'2'),(4794,10,562,0,36,'2'),(4796,10,562,0,37,'2'),(4798,10,562,0,38,'2'),(4800,10,562,0,39,'2'),(4802,10,562,0,41,'2'),(4804,10,562,0,42,'2'),(4807,10,562,0,46,'2'),(4809,10,562,0,52,'2'),(4811,10,562,0,53,'2'),(4813,10,562,0,80,'2'),(4815,10,562,0,96,'2'),(4817,10,562,0,117,'2'),(4819,10,562,0,128,'2'),(4903,10,571,0,27,''),(4904,10,562,0,16,'2'),(4905,10,562,0,84,'2'),(4906,10,562,0,124,'2'),(4907,10,562,0,132,'2'),(4908,10,571,0,44,''),(4909,10,571,0,39,''),(4910,10,562,0,122,'2'),(4911,10,562,0,121,'2'),(4912,10,571,0,41,''),(4913,10,571,0,42,''),(4914,10,562,0,137,'2'),(4915,10,562,0,133,'2'),(4917,10,836,0,16,'container2'),(4918,10,836,0,17,'container2'),(4919,10,836,0,18,'container2'),(4920,10,836,0,19,'container2'),(4921,10,836,0,20,'container2'),(4922,10,836,0,25,'container1'),(4923,10,836,0,26,'container2'),(4924,10,836,0,27,'container2'),(4925,10,836,0,28,'container2'),(4926,10,836,0,29,'container2'),(4927,10,836,0,30,'container2'),(4928,10,836,0,31,'container2'),(4929,10,836,0,32,'container2'),(4930,10,836,0,33,'container2'),(4931,10,836,0,34,'container2'),(4932,10,836,0,35,'container2'),(4933,10,836,0,36,'container2'),(4934,10,836,0,37,'container2'),(4935,10,836,0,38,'container2'),(4936,10,836,0,39,'container2'),(4938,10,836,0,41,'container2'),(4939,10,836,0,42,'container2'),(4940,10,836,0,44,'container2'),(4941,10,836,0,45,'container2'),(4942,10,836,0,46,'container2'),(4943,10,836,0,47,'container2'),(4944,10,836,0,48,'container2'),(4945,10,836,0,49,'container2'),(4946,10,836,0,51,'container2'),(4947,10,836,0,52,'container2'),(4948,10,836,0,53,'container2'),(4949,10,836,0,54,'container2'),(4962,10,836,0,74,'container2'),(4963,10,836,0,75,'container2'),(4965,10,836,0,79,'container2'),(4966,10,836,0,80,'container2'),(4967,10,836,0,81,'container2'),(4968,10,836,0,82,'container2'),(4969,10,836,0,83,'container1'),(4970,10,836,0,84,'container2'),(4971,10,836,0,85,'container2'),(4972,10,836,0,86,'container2'),(4973,10,836,0,87,'container2'),(4974,10,836,0,88,'container2'),(4975,10,836,0,89,'container2'),(4976,10,836,0,90,'container2'),(4977,10,836,0,91,'container2'),(4978,10,836,0,92,'container2'),(4979,10,836,0,93,'container1'),(4980,10,836,0,94,'container2'),(4981,10,836,0,95,'container2'),(4982,10,836,0,96,'container2'),(4983,10,836,0,97,'container2'),(4984,10,836,0,98,'container1'),(4985,10,836,0,99,'container2'),(4986,10,836,0,100,'container2'),(4987,10,836,0,101,'container2'),(4988,10,836,0,102,'container2'),(4989,10,836,0,103,'container1'),(4990,10,836,0,104,'container2'),(4991,10,836,0,105,'container2'),(4992,10,836,0,106,'container2'),(4993,10,836,0,107,'container2'),(4994,10,836,0,108,'container1'),(4995,10,836,0,109,'container2'),(4996,10,836,0,110,'container2'),(4997,10,836,0,111,'container2'),(4998,10,836,0,112,'container1'),(4999,10,836,0,113,'container2'),(5000,10,836,0,114,'container2'),(5001,10,836,0,115,'container2'),(5002,10,836,0,117,'container2'),(5003,10,836,0,118,'container2'),(5004,10,836,0,119,'container1'),(5005,10,836,0,120,'container1'),(5006,10,836,0,121,'container2'),(5007,10,836,0,122,'container2'),(5008,10,836,0,123,'container1'),(5009,10,836,0,124,'container2'),(5010,10,836,0,125,'container2'),(5011,10,836,0,126,'container1'),(5012,10,836,0,127,'container2'),(5013,10,836,0,128,'container2'),(5014,10,836,0,129,'container2'),(5015,10,836,0,130,'container2'),(5016,10,836,0,131,'container2'),(5017,10,836,0,132,'container2'),(5018,10,836,0,133,'container2'),(5019,10,836,0,134,'container2'),(5020,10,836,0,135,'container1'),(5021,10,836,0,137,'container2'),(5022,10,96,0,138,'Apevia Black X-Cruiser Case ATX Mid-Tower Case (Default)'),(5023,10,481,0,138,'apevia-black-x-cruiser-case-atx-mid-tower-case'),(5024,10,562,0,138,'2'),(5025,10,103,0,138,''),(5026,10,105,0,138,''),(5027,10,106,0,138,'/a/p/apevia-black-x-cruiser-case-atx-mid-tower-case-default.jpg'),(5028,10,493,0,138,'/a/p/apevia-black-x-cruiser-case-atx-mid-tower-case-default.jpg'),(5029,10,109,0,138,'/a/p/apevia-black-x-cruiser-case-atx-mid-tower-case-default.jpg'),(5030,10,571,0,138,''),(5031,10,836,0,138,'container2'),(5033,10,96,0,139,'NZXT Lexa Silver Aluminum ATX Mid-Tower Case (Default)'),(5034,10,481,0,139,'nzxt-lexa-silver-aluminum-atx-mid-tower-case'),(5035,10,562,0,139,'2'),(5036,10,103,0,139,''),(5037,10,105,0,139,''),(5038,10,493,0,139,'/n/z/nzxt-lexa-silver-aluminum-atx-mid-tower-case-default.jpg'),(5039,10,109,0,139,'/n/z/nzxt-lexa-silver-aluminum-atx-mid-tower-case-default.jpg'),(5040,10,106,0,139,'/n/z/nzxt-lexa-silver-aluminum-atx-mid-tower-case-default.jpg'),(5041,10,571,0,139,''),(5042,10,836,0,139,'container2'),(5044,10,96,0,140,'Crucial 2GB PC4200 DDR2 533MHz Memory'),(5045,10,481,0,140,'crucial-2gb-pc4200-ddr2-533mhz-memory'),(5046,10,562,0,140,'2'),(5047,10,874,0,140,'2GB'),(5048,10,103,0,140,''),(5049,10,105,0,140,''),(5050,10,493,0,140,'/c/r/crucial-2gb-pc4200-ddr2-533mhz-memory.jpg'),(5051,10,109,0,140,'/c/r/crucial-2gb-pc4200-ddr2-533mhz-memory.jpg'),(5052,10,106,0,140,'/c/r/crucial-2gb-pc4200-ddr2-533mhz-memory.jpg'),(5053,10,571,0,140,''),(5054,10,836,0,140,'container2'),(5056,10,96,0,141,'Crucial 1GB PC4200 DDR2 533MHz Memory'),(5057,10,481,0,141,'crucial-1gb-pc4200-ddr2-533mhz-memory'),(5058,10,562,0,141,'2'),(5059,10,874,0,141,'1GB'),(5060,10,103,0,141,''),(5061,10,105,0,141,''),(5062,10,493,0,141,'/c/r/crucial-1gb-pc4200-ddr2-533mhz-memory.jpg'),(5063,10,109,0,141,'/c/r/crucial-1gb-pc4200-ddr2-533mhz-memory.jpg'),(5064,10,106,0,141,'/c/r/crucial-1gb-pc4200-ddr2-533mhz-memory.jpg'),(5065,10,571,0,141,''),(5066,10,836,0,141,'container2'),(5068,10,96,0,142,'One Year Extended Warranty - Parts and Labor'),(5069,10,481,0,142,'1-year-extended-warranty-parts-and-labor'),(5070,10,103,0,142,'1 Year Warranty - Parts and Labor'),(5071,10,105,0,142,'1 Year Warranty - Parts and Labor'),(5072,10,493,0,142,'no_selection'),(5073,10,109,0,142,'no_selection'),(5074,10,106,0,142,'no_selection'),(5075,10,571,0,142,''),(5076,10,836,0,142,'container2'),(5078,10,96,0,143,'Crucial 512MB PC4200 DDR2 533MHz Memory'),(5079,10,481,0,143,'crucial-512mb-pc4200-ddr2-533mhz-memory'),(5080,10,562,0,143,'2'),(5081,10,874,0,143,'512MB'),(5082,10,103,0,143,''),(5083,10,105,0,143,''),(5084,10,493,0,143,'/c/r/crucial-512mb-pc4200-ddr2-533mhz-memory.jpg'),(5085,10,109,0,143,'/c/r/crucial-512mb-pc4200-ddr2-533mhz-memory.jpg'),(5086,10,106,0,143,'/c/r/crucial-512mb-pc4200-ddr2-533mhz-memory.jpg'),(5087,10,571,0,143,''),(5088,10,836,0,143,'container2'),(5090,10,96,0,144,'Two Year Extended Warranty - Parts and Labor'),(5091,10,481,0,144,'1-year-extended-warranty-parts-and-labor'),(5092,10,103,0,144,'2 Year Warranty - Parts and Labor'),(5093,10,105,0,144,'2 Year Warranty - Parts and Labor'),(5094,10,493,0,144,'no_selection'),(5095,10,109,0,144,'no_selection'),(5096,10,106,0,144,'no_selection'),(5097,10,571,0,144,''),(5098,10,836,0,144,'container2'),(5100,10,96,0,145,'AMD Phenom X4 9850 Black Ed. 2.50GHz Retail'),(5101,10,481,0,145,'amd-phenom-x4-9850-black-ed-2-50ghz-retail'),(5102,10,562,0,145,'2'),(5103,10,103,0,145,''),(5104,10,105,0,145,''),(5105,10,493,0,145,'/a/m/amd-phenom-x4-9850-black-ed-2-50ghz-retail.jpg'),(5106,10,109,0,145,'/a/m/amd-phenom-x4-9850-black-ed-2-50ghz-retail.jpg'),(5107,10,106,0,145,'/a/m/amd-phenom-x4-9850-black-ed-2-50ghz-retail.jpg'),(5108,10,571,0,145,''),(5109,10,836,0,145,'container2'),(5111,10,96,0,146,'Three Year Extended Warranty - Parts and Labor'),(5112,10,481,0,146,'1-year-extended-warranty-parts-and-labor'),(5113,10,103,0,146,'3 Year Warranty - Parts and Labor'),(5114,10,105,0,146,'3 Year Warranty - Parts and Labor'),(5115,10,493,0,146,'no_selection'),(5116,10,109,0,146,'no_selection'),(5117,10,106,0,146,'no_selection'),(5118,10,571,0,146,''),(5119,10,836,0,146,'container2'),(5121,10,96,0,147,'22\" Syncmaster LCD Monitor'),(5122,10,481,0,147,'22-syncmaster-lcd-monitor'),(5123,10,562,0,147,'2'),(5124,10,873,0,147,'1680 x 1050'),(5125,10,876,0,147,'2ms'),(5126,10,103,0,147,''),(5127,10,105,0,147,''),(5128,10,493,0,147,'/2/2/22-syncmaster-lcd-monitor.jpg'),(5129,10,109,0,147,'/2/2/22-syncmaster-lcd-monitor.jpg'),(5130,10,106,0,147,'/2/2/22-syncmaster-lcd-monitor.jpg'),(5131,10,571,0,147,''),(5132,10,836,0,147,'container2'),(5134,10,96,0,148,'AMD A64 X2 3800+ 2.0GHz OEM'),(5135,10,481,0,148,'amd-a64-x2-3800-2-0ghz-oem'),(5136,10,562,0,148,'2'),(5137,10,103,0,148,''),(5138,10,105,0,148,''),(5139,10,493,0,148,'/a/m/amd-a64-x2-3800-2-0ghz-oem.jpg'),(5140,10,109,0,148,'/a/m/amd-a64-x2-3800-2-0ghz-oem.jpg'),(5141,10,106,0,148,'/a/m/amd-a64-x2-3800-2-0ghz-oem.jpg'),(5142,10,571,0,148,''),(5143,10,836,0,148,'container2'),(5145,10,96,0,149,'Western Digital - 1TB HD - 7200RPM'),(5146,10,481,0,149,'1tb-7200rpm'),(5147,10,562,0,149,'2'),(5148,10,878,0,149,'7200 rpm'),(5149,10,103,0,149,''),(5150,10,105,0,149,''),(5151,10,493,0,149,'/w/e/western-digital-1tb-hd-7200rpm.jpg'),(5152,10,109,0,149,'/w/e/western-digital-1tb-hd-7200rpm.jpg'),(5153,10,106,0,149,'/w/e/western-digital-1tb-hd-7200rpm.jpg'),(5154,10,571,0,149,''),(5155,10,836,0,149,'container2'),(5157,10,96,0,150,'Western Digital 500GB HD - 7200RPM'),(5158,10,481,0,150,'500gb-7200rpm'),(5159,10,562,0,150,'2'),(5160,10,878,0,150,'7200 rpm'),(5161,10,103,0,150,''),(5162,10,105,0,150,''),(5163,10,493,0,150,'/w/e/western-digital-500gb-hd-7200rpm.jpg'),(5164,10,109,0,150,'/w/e/western-digital-500gb-hd-7200rpm.jpg'),(5165,10,106,0,150,'/w/e/western-digital-500gb-hd-7200rpm.jpg'),(5166,10,571,0,150,''),(5167,10,836,0,150,'container2'),(5169,10,96,0,151,'Intel C2D E8400 3.0GHz Retail'),(5170,10,481,0,151,'intel-c2d-e8400-3-0ghz-retail'),(5171,10,562,0,151,'2'),(5172,10,103,0,151,''),(5173,10,105,0,151,''),(5174,10,493,0,151,'/i/n/intel-c2d-e8400-3-0ghz-retail.jpg'),(5175,10,109,0,151,'/i/n/intel-c2d-e8400-3-0ghz-retail.jpg'),(5176,10,106,0,151,'/i/n/intel-c2d-e8400-3-0ghz-retail.jpg'),(5177,10,571,0,151,''),(5178,10,836,0,151,'container2'),(5180,10,96,0,152,'24\" Widescreen Flat-Panel LCD Monitor'),(5181,10,481,0,152,'24-widescreen-flat-panel-lcd-monitor'),(5182,10,562,0,152,'2'),(5183,10,873,0,152,'1920x1200'),(5184,10,876,0,152,'5ms'),(5185,10,103,0,152,''),(5186,10,105,0,152,''),(5187,10,493,0,152,'/2/4/24-widescreen-flat-panel-lcd-monitor.jpg'),(5188,10,109,0,152,'/2/4/24-widescreen-flat-panel-lcd-monitor.jpg'),(5189,10,106,0,152,'/2/4/24-widescreen-flat-panel-lcd-monitor.jpg'),(5190,10,571,0,152,''),(5191,10,836,0,152,'container2'),(5193,10,96,0,153,'Intel Core 2 Extreme QX9775 3.20GHz Retail'),(5194,10,481,0,153,'intel-core-2-extreme-qx9775-3-20ghz-retail'),(5195,10,562,0,153,'2'),(5196,10,103,0,153,''),(5197,10,105,0,153,''),(5198,10,493,0,153,'/i/n/intel-core-2-extreme-qx9775-3-20ghz-retail.jpg'),(5199,10,109,0,153,'/i/n/intel-core-2-extreme-qx9775-3-20ghz-retail.jpg'),(5200,10,106,0,153,'/i/n/intel-core-2-extreme-qx9775-3-20ghz-retail.jpg'),(5201,10,571,0,153,''),(5202,10,836,0,153,'container2'),(5204,10,96,0,154,'Seagate 500GB HD - 5400RPM'),(5205,10,481,0,154,'500gb-5400rpm'),(5206,10,562,0,154,'2'),(5207,10,878,0,154,'500 GB'),(5208,10,103,0,154,''),(5209,10,105,0,154,''),(5210,10,493,0,154,'/s/e/seagate-500gb-hd-5400rpm.jpg'),(5211,10,109,0,154,'/s/e/seagate-500gb-hd-5400rpm.jpg'),(5212,10,106,0,154,'/s/e/seagate-500gb-hd-5400rpm.jpg'),(5213,10,571,0,154,''),(5214,10,836,0,154,'container2'),(5216,10,96,0,155,'Seagate 250GB HD - 5400RPM'),(5217,10,481,0,155,'250gb-5400rpm'),(5218,10,562,0,155,'2'),(5219,10,878,0,155,'250 GB'),(5220,10,103,0,155,''),(5221,10,105,0,155,''),(5222,10,493,0,155,'/s/e/seagate-250gb-hd-5400rpm.jpg'),(5223,10,109,0,155,'/s/e/seagate-250gb-hd-5400rpm.jpg'),(5224,10,106,0,155,'/s/e/seagate-250gb-hd-5400rpm.jpg'),(5225,10,571,0,155,''),(5226,10,836,0,155,'container2'),(5228,10,96,0,156,'19\" Widescreen Flat-Panel LCD Monitor'),(5229,10,481,0,156,'19-widescreen-flat-panel-lcd-monitor'),(5230,10,562,0,156,'2'),(5231,10,873,0,156,'1440x900'),(5232,10,876,0,156,'2ms'),(5233,10,103,0,156,''),(5234,10,105,0,156,''),(5235,10,493,0,156,'/1/9/19-widescreen-flat-panel-lcd-monitor.jpg'),(5236,10,109,0,156,'/1/9/19-widescreen-flat-panel-lcd-monitor.jpg'),(5237,10,106,0,156,'/1/9/19-widescreen-flat-panel-lcd-monitor.jpg'),(5238,10,571,0,156,''),(5239,10,836,0,156,'container2'),(5241,10,96,0,157,'30\" Flat-Panel TFT-LCD Cinema HD Monitor'),(5242,10,481,0,157,'30-flat-panel-tft-lcd-cinema-hd-monitor'),(5243,10,562,0,157,'2'),(5244,10,873,0,157,'1920x1200'),(5245,10,876,0,157,'15ms'),(5246,10,103,0,157,''),(5247,10,105,0,157,''),(5248,10,493,0,157,'/3/0/30-flat-panel-tft-lcd-cinema-hd-monitor.jpg'),(5249,10,109,0,157,'/3/0/30-flat-panel-tft-lcd-cinema-hd-monitor.jpg'),(5250,10,106,0,157,'/3/0/30-flat-panel-tft-lcd-cinema-hd-monitor.jpg'),(5251,10,571,0,157,''),(5252,10,836,0,157,'container2'),(5254,10,96,0,158,'Sony VAIO 11.1\" Notebook PC'),(5255,10,481,0,158,'sony-vaio-vgn-txn27n-b-11-1-notebook-pc'),(5256,10,103,0,158,'Sony VAIO VGN-TXN27N/B 11.1\" Notebook PC (Intel Core Solo Processor U1500, 2 GB RAM, 100 GB Hard Drive, DVD±RW Drive, Vista Business) Charcoal Black'),(5257,10,105,0,158,'Sony VAIO VGN-TXN27N/B 11.1\" Notebook PC (Intel Core Solo Processor U1500, 2 GB RAM, 100 GB Hard Drive, DVD±RW Drive, Vista Business) Charcoal Black'),(5258,10,493,0,158,'/s/o/sony-vaio-11-1-notebook-pc.jpg'),(5259,10,109,0,158,'/s/o/sony-vaio-11-1-notebook-pc.jpg'),(5260,10,106,0,158,'/s/o/sony-vaio-11-1-notebook-pc.jpg'),(5261,10,571,0,158,''),(5262,10,836,0,158,'container2'),(5263,10,837,0,158,'1'),(5265,10,96,0,159,'Microsoft Natural Ergonomic Keyboard 4000'),(5266,10,481,0,159,'microsoft-natural-ergonomic-keyboard-4000'),(5267,10,562,0,159,'2'),(5268,10,103,0,159,''),(5269,10,105,0,159,''),(5270,10,493,0,159,'/m/i/microsoft-natural-ergonomic-keyboard-4000.jpg'),(5271,10,109,0,159,'/m/i/microsoft-natural-ergonomic-keyboard-4000.jpg'),(5272,10,106,0,159,'/m/i/microsoft-natural-ergonomic-keyboard-4000.jpg'),(5273,10,571,0,159,''),(5274,10,836,0,159,'container2'),(5276,10,96,0,160,'Logitech Cordless Optical Trackman'),(5277,10,481,0,160,'microsoft-wireless-optical-mouse-5000'),(5278,10,562,0,160,'2'),(5279,10,103,0,160,''),(5280,10,105,0,160,''),(5281,10,493,0,160,'/l/o/logitech-cordless-optical-trackman.jpg'),(5282,10,109,0,160,'/l/o/logitech-cordless-optical-trackman.jpg'),(5283,10,106,0,160,'/l/o/logitech-cordless-optical-trackman.jpg'),(5284,10,571,0,160,''),(5285,10,836,0,160,'container2'),(5287,10,96,0,161,'Logitech diNovo Edge Keyboard'),(5288,10,481,0,161,'logitech-dinovo-edge-keyboard'),(5289,10,562,0,161,'2'),(5290,10,103,0,161,''),(5291,10,105,0,161,''),(5292,10,493,0,161,'/l/o/logitech-dinovo-edge-keyboard.jpg'),(5293,10,109,0,161,'/l/o/logitech-dinovo-edge-keyboard.jpg'),(5294,10,106,0,161,'/l/o/logitech-dinovo-edge-keyboard.jpg'),(5295,10,571,0,161,''),(5296,10,836,0,161,'container2'),(5298,10,96,0,162,'Microsoft Wireless Optical Mouse 5000'),(5299,10,481,0,162,'microsoft-wireless-optical-mouse-5000'),(5300,10,562,0,162,'2'),(5301,10,103,0,162,''),(5302,10,105,0,162,''),(5303,10,493,0,162,'/m/i/microsoft-wireless-optical-mouse-5000.jpg'),(5304,10,109,0,162,'/m/i/microsoft-wireless-optical-mouse-5000.jpg'),(5305,10,106,0,162,'/m/i/microsoft-wireless-optical-mouse-5000.jpg'),(5306,10,571,0,162,''),(5307,10,836,0,162,'container2'),(5309,10,571,0,25,''),(5310,10,96,0,163,'Computer'),(5311,10,481,0,163,'computer'),(5312,10,103,0,163,''),(5313,10,105,0,163,''),(5314,10,493,0,163,'/c/o/computer.jpg'),(5315,10,109,0,163,'/c/o/computer.jpg'),(5316,10,106,0,163,'/c/o/computer.jpg'),(5317,10,571,0,163,''),(5318,10,836,0,163,'container2'),(5319,10,837,0,163,'1'),(5321,10,96,0,164,'Gaming Computer'),(5322,10,481,0,164,'gaming-computer'),(5323,10,103,0,164,''),(5324,10,105,0,164,''),(5325,10,493,0,164,'/g/a/gaming-computer.jpg'),(5326,10,109,0,164,'/g/a/gaming-computer.jpg'),(5327,10,106,0,164,'/g/a/gaming-computer.jpg'),(5328,10,571,0,164,''),(5329,10,836,0,164,'container2'),(5330,10,837,0,164,'1'),(5332,10,96,0,165,'My Computer'),(5333,10,481,0,165,'my-computer'),(5334,10,103,0,165,''),(5335,10,105,0,165,''),(5336,10,493,0,165,'/m/y/my-computer.jpg'),(5337,10,109,0,165,'/m/y/my-computer.jpg'),(5338,10,106,0,165,'/m/y/my-computer.jpg'),(5339,10,571,0,165,''),(5340,10,836,0,165,'container2'),(5341,10,837,0,165,'1'),(5343,10,96,0,166,'HTC Touch Diamond'),(5344,10,481,0,166,'htc-touch-diamond'),(5345,10,562,0,166,'2'),(5346,10,103,0,166,''),(5347,10,105,0,166,''),(5348,10,493,0,166,'/h/t/htc-touch-diamond.jpg'),(5349,10,109,0,166,'/h/t/htc-touch-diamond.jpg'),(5350,10,106,0,166,'/h/t/htc-touch-diamond.jpg'),(5351,10,571,0,166,''),(5352,10,836,0,166,'container2'),(5354,10,562,0,45,'2'),(5355,10,562,0,112,'2'),(5356,10,562,0,164,'2'),(5357,10,562,0,108,'2'),(5358,10,571,0,108,''),(5359,10,837,0,108,'1'),(5360,10,562,0,94,'2'),(5361,10,571,0,94,''),(5362,10,571,0,30,''),(5363,10,562,0,95,'2'),(5364,10,571,0,95,''),(5365,10,571,0,96,''),(5366,10,562,0,97,'2'),(5367,10,571,0,97,''),(5368,10,562,0,93,'2'),(5369,10,571,0,93,''),(5370,10,837,0,93,'1'),(5371,10,571,0,35,''),(5372,10,571,0,117,''),(5373,10,837,0,119,'1'),(5374,10,571,0,32,''),(5375,10,562,0,110,'2'),(5376,10,571,0,110,''),(5377,10,562,0,109,'2'),(5378,10,571,0,109,''),(5379,10,562,0,111,'2'),(5380,10,571,0,111,''),(5381,10,562,0,135,'2'),(5382,10,837,0,83,'1'),(5383,10,571,0,36,''),(5467,10,571,0,137,''),(5468,10,571,0,38,''),(5469,10,571,0,128,''),(5470,10,562,0,130,'2'),(5471,10,571,0,130,''),(5472,10,562,0,127,'2'),(5473,10,571,0,127,''),(5474,10,562,0,129,'2'),(5475,10,571,0,129,''),(5476,10,562,0,131,'2'),(5477,10,571,0,131,''),(5478,10,837,0,126,'1'),(5479,10,571,0,37,''),(5480,10,571,0,124,''),(5481,10,562,0,125,'2'),(5482,10,571,0,125,''),(5483,10,571,0,122,''),(5484,10,571,0,121,''),(5485,10,562,0,29,'2'),(5486,10,571,0,29,''),(5487,10,571,0,84,''),(5488,10,562,0,86,'2'),(5489,10,571,0,86,''),(5490,10,562,0,85,'2'),(5491,10,571,0,85,''),(5492,10,562,0,87,'2'),(5493,10,571,0,87,''),(5494,10,562,0,88,'2'),(5495,10,571,0,88,''),(5496,10,562,0,89,'2'),(5497,10,571,0,89,''),(5498,10,562,0,90,'2'),(5499,10,571,0,90,''),(5500,10,562,0,91,'2'),(5501,10,571,0,91,''),(5502,10,562,0,92,'2'),(5503,10,571,0,92,''),(5504,10,562,0,100,'2'),(5505,10,571,0,100,''),(5506,10,562,0,101,'2'),(5507,10,571,0,101,''),(5508,10,562,0,102,'2'),(5509,10,571,0,102,''),(5510,10,562,0,99,'2'),(5511,10,571,0,99,''),(5512,10,562,0,34,'2'),(5513,10,571,0,34,''),(5514,10,562,0,104,'2'),(5515,10,571,0,104,''),(5516,10,562,0,31,'2'),(5517,10,571,0,31,''),(5518,10,562,0,105,'2'),(5519,10,571,0,105,''),(5520,10,562,0,106,'2'),(5521,10,571,0,106,''),(5522,10,562,0,107,'2'),(5523,10,571,0,107,''),(5524,10,562,0,113,'2'),(5525,10,571,0,113,''),(5526,10,562,0,114,'2'),(5527,10,571,0,114,''),(5528,10,562,0,115,'2'),(5529,10,571,0,115,''),(5530,10,562,0,33,'2'),(5531,10,571,0,33,''),(5532,10,562,0,74,'2'),(5533,10,571,0,74,''),(5534,10,562,0,79,'2'),(5535,10,571,0,79,''),(5536,10,562,0,75,'2'),(5537,10,571,0,75,''),(5538,10,571,0,80,''),(5539,10,562,0,81,'2'),(5540,10,571,0,81,''),(5541,10,562,0,82,'2'),(5542,10,571,0,82,''),(5543,10,562,0,49,'2'),(5544,10,571,0,49,''),(5545,10,571,0,135,''),(5546,10,837,0,135,'1'),(5547,10,571,0,112,''),(5548,10,837,0,112,'1'),(5549,10,837,0,120,'1'),(5550,10,562,0,103,'2'),(5551,10,571,0,103,''),(5552,10,837,0,103,'1'),(5553,10,562,0,98,'2'),(5554,10,571,0,98,''),(5555,10,837,0,98,'1'),(5556,10,571,0,16,''),(5557,10,571,0,17,''),(5558,10,571,0,18,''),(5559,10,571,0,19,''),(5560,10,571,0,20,''),(5561,10,571,0,45,''),(5562,10,571,0,46,''),(5563,10,562,0,47,'2'),(5564,10,571,0,47,''),(5565,10,562,0,48,'2'),(5566,10,571,0,48,''),(5567,10,571,0,52,''),(5568,10,571,0,53,''),(5569,10,562,0,54,'2'),(5570,10,571,0,54,''),(5571,10,103,0,132,''),(5572,10,105,0,132,''),(5573,10,571,0,132,'');

--
-- Table structure for table `catalog_product_link`
--

CREATE TABLE `catalog_product_link` (
  `link_id` int(11) unsigned NOT NULL auto_increment,
  `product_id` int(10) unsigned NOT NULL default '0',
  `linked_product_id` int(10) unsigned NOT NULL default '0',
  `link_type_id` tinyint(3) unsigned NOT NULL default '0',
  PRIMARY KEY  (`link_id`),
  KEY `FK_LINK_PRODUCT` (`product_id`),
  KEY `FK_LINKED_PRODUCT` (`linked_product_id`),
  KEY `FK_PRODUCT_LINK_TYPE` (`link_type_id`),
  CONSTRAINT `FK_PRODUCT_LINK_LINKED_PRODUCT` FOREIGN KEY (`linked_product_id`) REFERENCES `catalog_product_entity` (`entity_id`) ON DELETE CASCADE ON UPDATE CASCADE,
  CONSTRAINT `FK_PRODUCT_LINK_PRODUCT` FOREIGN KEY (`product_id`) REFERENCES `catalog_product_entity` (`entity_id`) ON DELETE CASCADE ON UPDATE CASCADE,
  CONSTRAINT `FK_PRODUCT_LINK_TYPE` FOREIGN KEY (`link_type_id`) REFERENCES `catalog_product_link_type` (`link_type_id`) ON DELETE CASCADE ON UPDATE CASCADE
) ENGINE=InnoDB AUTO_INCREMENT=2732 DEFAULT CHARSET=utf8 COMMENT='Related products';

--
-- Dumping data for table `catalog_product_link`
--

INSERT INTO `catalog_product_link` VALUES (943,49,29,1),(944,49,32,1),(945,49,33,1),(946,49,44,1),(947,49,17,4),(948,49,25,4),(949,49,41,4),(950,49,28,5),(951,49,36,5),(952,49,47,5),(977,29,30,1),(978,29,33,1),(979,29,20,4),(980,29,41,4),(981,29,53,4),(982,29,25,5),(983,29,34,5),(984,29,36,5),(1001,30,29,1),(1002,30,31,1),(1003,30,32,1),(1004,30,35,4),(1005,30,38,4),(1007,30,27,5),(1008,30,39,5),(1025,34,29,1),(1026,34,30,1),(1028,34,42,4),(1029,34,46,4),(1030,34,25,5),(1031,34,36,5),(1032,34,41,5),(1034,31,32,1),(1035,31,29,4),(1036,31,39,4),(1038,31,25,5),(1039,31,42,5),(1048,32,31,1),(1049,32,33,1),(1050,32,36,4),(1051,32,45,4),(1052,32,53,4),(1053,32,25,5),(1054,32,38,5),(1055,32,42,5),(1065,33,29,1),(1067,33,17,4),(1068,33,44,4),(1069,33,54,4),(1070,33,25,5),(1071,33,32,5),(1072,33,42,5),(1073,33,53,5),(1080,35,36,1),(1081,35,37,1),(1082,35,39,1),(1096,37,35,1),(1097,37,36,1),(1098,37,39,1),(1099,37,29,4),(1100,37,32,4),(1101,38,36,1),(1102,38,39,1),(1103,38,25,4),(1104,38,29,4),(1790,98,93,4),(1791,98,126,5),(1792,98,123,5),(1793,98,120,5),(1794,98,119,5),(1798,103,83,4),(1799,103,108,4),(1800,103,112,4),(1801,103,123,5),(1802,103,120,5),(1803,103,119,5),(1804,108,103,4),(1805,108,135,4),(1806,108,119,5),(1832,53,51,1),(1833,53,52,1),(1834,53,54,4),(1835,53,17,5),(1836,53,34,5),(1837,53,44,5),(1839,52,53,1),(1840,52,54,4),(1842,52,41,5),(1843,52,42,5),(1870,54,41,5),(1871,54,42,5),(1872,54,51,3),(1873,54,52,3),(1874,54,53,3),(1978,112,83,4),(1979,112,103,4),(1980,112,108,4),(2016,48,132,1),(2017,48,133,1),(2018,48,134,1),(2019,48,44,4),(2020,48,45,4),(2021,48,47,4),(2022,48,16,5),(2023,48,19,5),(2024,48,26,5),(2025,47,44,4),(2026,47,46,4),(2027,47,48,4),(2028,47,16,5),(2029,47,25,5),(2030,47,28,5),(2031,46,132,1),(2032,46,133,1),(2033,46,134,1),(2034,46,44,4),(2035,46,47,4),(2036,46,48,4),(2037,46,19,5),(2038,46,20,5),(2039,46,25,5),(2040,46,28,5),(2041,46,83,5),(2042,45,132,1),(2043,45,133,1),(2044,45,134,1),(2045,45,44,4),(2046,45,47,4),(2047,45,48,4),(2048,45,16,5),(2049,45,17,5),(2050,45,19,5),(2155,93,83,4),(2156,93,98,4),(2157,93,119,5),(2158,93,120,5),(2159,93,123,5),(2180,18,16,1),(2181,18,17,1),(2182,18,19,1),(2183,18,26,4),(2185,18,44,4),(2186,18,25,5),(2187,18,42,5),(2188,18,54,5),(2189,17,16,1),(2190,17,18,1),(2191,17,19,1),(2192,17,25,4),(2193,17,44,4),(2194,17,53,4),(2195,17,126,4),(2196,17,27,5),(2197,17,28,5),(2198,17,51,5),(2199,16,17,1),(2200,16,18,1),(2201,16,19,1),(2202,16,27,4),(2203,16,34,4),(2204,16,39,4),(2205,16,26,5),(2206,16,29,5),(2207,16,38,5),(2277,20,16,1),(2278,20,17,1),(2279,20,18,1),(2281,20,31,4),(2283,20,27,5),(2284,20,33,5),(2285,20,39,5),(2479,135,83,4),(2480,25,134,1),(2481,25,26,4),(2482,25,27,4),(2483,25,28,4),(2484,25,17,5),(2485,25,44,5),(2492,19,16,1),(2493,19,17,1),(2494,19,18,1),(2495,19,41,4),(2496,19,47,4),(2497,19,93,4),(2498,19,25,5),(2499,19,38,5),(2500,19,39,5),(2501,19,52,5),(2502,19,126,5),(2503,28,134,1),(2504,28,25,4),(2505,28,26,4),(2506,28,27,4),(2507,28,17,5),(2508,28,44,5),(2509,28,133,5),(2516,26,134,1),(2517,26,25,4),(2518,26,27,4),(2519,26,28,4),(2520,26,17,5),(2521,26,47,5),(2522,51,52,1),(2524,51,54,4),(2526,51,41,5),(2527,51,42,5),(2647,44,132,1),(2648,44,133,1),(2649,44,134,1),(2650,44,46,4),(2651,44,47,4),(2652,44,48,4),(2653,44,17,5),(2654,44,20,5),(2655,44,28,5),(2659,123,119,4),(2660,123,120,4),(2661,123,126,4),(2662,83,135,4),(2663,83,119,5),(2664,83,120,5),(2665,83,123,5),(2666,120,126,4),(2667,120,119,4),(2668,120,39,4),(2669,120,83,5),(2670,126,39,4),(2671,126,119,4),(2672,126,120,4),(2673,126,123,4),(2674,126,83,5),(2675,27,134,1),(2676,27,25,4),(2677,27,26,4),(2678,27,28,4),(2679,27,44,5),(2680,27,46,5),(2681,27,132,5),(2700,39,35,1),(2701,39,36,1),(2702,39,37,1),(2703,39,25,4),(2704,39,41,4),(2705,39,29,4),(2706,39,54,5),(2707,39,38,5),(2708,39,32,5),(2720,41,42,5),(2721,41,52,5),(2722,41,53,5),(2723,41,54,5),(2725,42,41,5),(2726,42,52,5),(2727,42,53,5),(2728,42,54,5),(2729,158,28,4),(2730,158,26,4),(2731,158,25,4);

--
-- Table structure for table `catalog_product_link_attribute`
--

CREATE TABLE `catalog_product_link_attribute` (
  `product_link_attribute_id` smallint(6) unsigned NOT NULL auto_increment,
  `link_type_id` tinyint(3) unsigned NOT NULL default '0',
  `product_link_attribute_code` varchar(32) NOT NULL default '',
  `data_type` varchar(32) NOT NULL default '',
  PRIMARY KEY  (`product_link_attribute_id`),
  KEY `FK_ATTRIBUTE_PRODUCT_LINK_TYPE` (`link_type_id`),
  CONSTRAINT `FK_ATTRIBUTE_PRODUCT_LINK_TYPE` FOREIGN KEY (`link_type_id`) REFERENCES `catalog_product_link_type` (`link_type_id`) ON DELETE CASCADE ON UPDATE CASCADE
) ENGINE=InnoDB AUTO_INCREMENT=9 DEFAULT CHARSET=utf8 COMMENT='Attributes for product link';

--
-- Dumping data for table `catalog_product_link_attribute`
--

INSERT INTO `catalog_product_link_attribute` VALUES (1,2,'qty','decimal'),(2,1,'position','int'),(3,4,'position','int'),(4,5,'position','int'),(6,1,'qty','decimal'),(7,3,'position','int'),(8,3,'qty','decimal');

--
-- Table structure for table `catalog_product_link_attribute_decimal`
--

CREATE TABLE `catalog_product_link_attribute_decimal` (
  `value_id` int(11) unsigned NOT NULL auto_increment,
  `product_link_attribute_id` smallint(6) unsigned default NULL,
  `link_id` int(11) unsigned default NULL,
  `value` decimal(12,4) NOT NULL default '0.0000',
  PRIMARY KEY  (`value_id`),
  KEY `FK_DECIMAL_PRODUCT_LINK_ATTRIBUTE` (`product_link_attribute_id`),
  KEY `FK_DECIMAL_LINK` (`link_id`),
  CONSTRAINT `FK_DECIMAL_LINK` FOREIGN KEY (`link_id`) REFERENCES `catalog_product_link` (`link_id`) ON DELETE CASCADE ON UPDATE CASCADE,
  CONSTRAINT `FK_DECIMAL_PRODUCT_LINK_ATTRIBUTE` FOREIGN KEY (`product_link_attribute_id`) REFERENCES `catalog_product_link_attribute` (`product_link_attribute_id`) ON DELETE CASCADE ON UPDATE CASCADE
) ENGINE=InnoDB AUTO_INCREMENT=26 DEFAULT CHARSET=utf8 COMMENT='Decimal attributes values';

--
-- Dumping data for table `catalog_product_link_attribute_decimal`
--

INSERT INTO `catalog_product_link_attribute_decimal` VALUES (13,6,2647,'0.0000'),(14,6,2648,'0.0000'),(15,6,2649,'0.0000'),(16,6,2675,'0.0000'),(23,6,2700,'0.0000'),(24,6,2701,'0.0000'),(25,6,2702,'0.0000');

--
-- Table structure for table `catalog_product_link_attribute_int`
--

CREATE TABLE `catalog_product_link_attribute_int` (
  `value_id` int(11) unsigned NOT NULL auto_increment,
  `product_link_attribute_id` smallint(6) unsigned default NULL,
  `link_id` int(11) unsigned default NULL,
  `value` int(11) NOT NULL default '0',
  PRIMARY KEY  (`value_id`),
  KEY `FK_INT_PRODUCT_LINK_ATTRIBUTE` (`product_link_attribute_id`),
  KEY `FK_INT_PRODUCT_LINK` (`link_id`),
  CONSTRAINT `FK_INT_PRODUCT_LINK` FOREIGN KEY (`link_id`) REFERENCES `catalog_product_link` (`link_id`) ON DELETE CASCADE,
  CONSTRAINT `FK_INT_PRODUCT_LINK_ATTRIBUTE` FOREIGN KEY (`product_link_attribute_id`) REFERENCES `catalog_product_link_attribute` (`product_link_attribute_id`) ON DELETE CASCADE
) ENGINE=InnoDB AUTO_INCREMENT=173 DEFAULT CHARSET=utf8;

--
-- Dumping data for table `catalog_product_link_attribute_int`
--

INSERT INTO `catalog_product_link_attribute_int` VALUES (88,2,2647,0),(89,2,2648,0),(90,2,2649,0),(91,3,2650,0),(92,3,2651,0),(93,3,2652,0),(94,4,2653,0),(95,4,2654,0),(96,4,2655,0),(100,3,2659,0),(101,3,2660,0),(102,3,2661,0),(103,3,2662,0),(104,4,2663,0),(105,4,2664,0),(106,4,2665,0),(107,3,2666,0),(108,3,2667,0),(109,3,2668,0),(110,4,2669,0),(111,3,2670,0),(112,3,2671,0),(113,3,2672,0),(114,3,2673,0),(115,4,2674,0),(116,2,2675,0),(117,3,2676,0),(118,3,2677,0),(119,3,2678,0),(120,4,2679,0),(121,4,2680,0),(122,4,2681,0),(141,2,2700,0),(142,2,2701,0),(143,2,2702,0),(144,3,2703,0),(145,3,2704,0),(146,3,2705,0),(147,4,2706,0),(148,4,2707,0),(149,4,2708,0),(161,4,2720,0),(162,4,2721,0),(163,4,2722,0),(164,4,2723,0),(166,4,2725,0),(167,4,2726,0),(168,4,2727,0),(169,4,2728,0),(170,3,2729,0),(171,3,2730,0),(172,3,2731,0);

--
-- Table structure for table `catalog_product_link_attribute_varchar`
--

CREATE TABLE `catalog_product_link_attribute_varchar` (
  `value_id` int(11) unsigned NOT NULL auto_increment,
  `product_link_attribute_id` smallint(6) unsigned NOT NULL default '0',
  `link_id` int(11) unsigned default NULL,
  `value` varchar(255) NOT NULL default '',
  PRIMARY KEY  (`value_id`),
  KEY `FK_VARCHAR_PRODUCT_LINK_ATTRIBUTE` (`product_link_attribute_id`),
  KEY `FK_VARCHAR_LINK` (`link_id`),
  CONSTRAINT `FK_VARCHAR_LINK` FOREIGN KEY (`link_id`) REFERENCES `catalog_product_link` (`link_id`) ON DELETE CASCADE ON UPDATE CASCADE,
  CONSTRAINT `FK_VARCHAR_PRODUCT_LINK_ATTRIBUTE` FOREIGN KEY (`product_link_attribute_id`) REFERENCES `catalog_product_link_attribute` (`product_link_attribute_id`) ON DELETE CASCADE ON UPDATE CASCADE
) ENGINE=InnoDB DEFAULT CHARSET=utf8 COMMENT='Varchar attributes values';

--
-- Table structure for table `catalog_product_link_type`
--

CREATE TABLE `catalog_product_link_type` (
  `link_type_id` tinyint(3) unsigned NOT NULL auto_increment,
  `code` varchar(32) NOT NULL default '',
  PRIMARY KEY  (`link_type_id`)
) ENGINE=InnoDB AUTO_INCREMENT=6 DEFAULT CHARSET=utf8 COMMENT='Types of product link(Related, superproduct, bundles)';

--
-- Dumping data for table `catalog_product_link_type`
--

INSERT INTO `catalog_product_link_type` VALUES (1,'relation'),(2,'bundle'),(3,'super'),(4,'up_sell'),(5,'cross_sell');

--
-- Table structure for table `catalog_product_option`
--

CREATE TABLE `catalog_product_option` (
  `option_id` int(10) unsigned NOT NULL auto_increment,
  `product_id` int(10) unsigned NOT NULL default '0',
  `type` varchar(50) NOT NULL default '',
  `is_require` tinyint(1) NOT NULL default '1',
  `sku` varchar(64) NOT NULL default '',
  `max_characters` int(10) unsigned default NULL,
  `file_extension` varchar(50) default NULL,
  `sort_order` int(10) unsigned NOT NULL default '0',
  PRIMARY KEY  (`option_id`),
  KEY `CATALOG_PRODUCT_OPTION_PRODUCT` (`product_id`),
  CONSTRAINT `FK_CATALOG_PRODUCT_OPTION_PRODUCT` FOREIGN KEY (`product_id`) REFERENCES `catalog_product_entity` (`entity_id`) ON DELETE CASCADE ON UPDATE CASCADE
) ENGINE=InnoDB AUTO_INCREMENT=3 DEFAULT CHARSET=utf8;

--
-- Dumping data for table `catalog_product_option`
--

INSERT INTO `catalog_product_option` VALUES (1,25,'drop_down',0,'',NULL,NULL,0),(2,26,'radio',0,'',NULL,NULL,0);

--
-- Table structure for table `catalog_product_option_price`
--

CREATE TABLE `catalog_product_option_price` (
  `option_price_id` int(10) unsigned NOT NULL auto_increment,
  `option_id` int(10) unsigned NOT NULL default '0',
  `store_id` smallint(5) unsigned NOT NULL default '0',
  `price` decimal(12,4) NOT NULL default '0.0000',
  `price_type` enum('fixed','percent') NOT NULL default 'fixed',
  PRIMARY KEY  (`option_price_id`),
  KEY `CATALOG_PRODUCT_OPTION_PRICE_OPTION` (`option_id`),
  KEY `CATALOG_PRODUCT_OPTION_TITLE_STORE` (`store_id`),
  CONSTRAINT `FK_CATALOG_PRODUCT_OPTION_PRICE_OPTION` FOREIGN KEY (`option_id`) REFERENCES `catalog_product_option` (`option_id`) ON DELETE CASCADE ON UPDATE CASCADE,
  CONSTRAINT `FK_CATALOG_PRODUCT_OPTION_PRICE_STORE` FOREIGN KEY (`store_id`) REFERENCES `core_store` (`store_id`) ON DELETE CASCADE ON UPDATE CASCADE
) ENGINE=InnoDB DEFAULT CHARSET=utf8;

--
-- Table structure for table `catalog_product_option_title`
--

CREATE TABLE `catalog_product_option_title` (
  `option_title_id` int(10) unsigned NOT NULL auto_increment,
  `option_id` int(10) unsigned NOT NULL default '0',
  `store_id` smallint(5) unsigned NOT NULL default '0',
  `title` varchar(50) NOT NULL default '',
  PRIMARY KEY  (`option_title_id`),
  KEY `CATALOG_PRODUCT_OPTION_TITLE_OPTION` (`option_id`),
  KEY `CATALOG_PRODUCT_OPTION_TITLE_STORE` (`store_id`),
  CONSTRAINT `FK_CATALOG_PRODUCT_OPTION_TITLE_OPTION` FOREIGN KEY (`option_id`) REFERENCES `catalog_product_option` (`option_id`) ON DELETE CASCADE ON UPDATE CASCADE,
  CONSTRAINT `FK_CATALOG_PRODUCT_OPTION_TITLE_STORE` FOREIGN KEY (`store_id`) REFERENCES `core_store` (`store_id`) ON DELETE CASCADE ON UPDATE CASCADE
) ENGINE=InnoDB AUTO_INCREMENT=3 DEFAULT CHARSET=utf8;

--
-- Dumping data for table `catalog_product_option_title`
--

INSERT INTO `catalog_product_option_title` VALUES (1,1,0,'Extended Warranty'),(2,2,0,'Extended Warranty');

--
-- Table structure for table `catalog_product_option_type_price`
--

CREATE TABLE `catalog_product_option_type_price` (
  `option_type_price_id` int(10) unsigned NOT NULL auto_increment,
  `option_type_id` int(10) unsigned NOT NULL default '0',
  `store_id` smallint(5) unsigned NOT NULL default '0',
  `price` decimal(12,4) NOT NULL default '0.0000',
  `price_type` enum('fixed','percent') NOT NULL default 'fixed',
  PRIMARY KEY  (`option_type_price_id`),
  KEY `CATALOG_PRODUCT_OPTION_TYPE_PRICE_OPTION_TYPE` (`option_type_id`),
  KEY `CATALOG_PRODUCT_OPTION_TYPE_PRICE_STORE` (`store_id`),
  CONSTRAINT `FK_CATALOG_PRODUCT_OPTION_TYPE_PRICE_OPTION` FOREIGN KEY (`option_type_id`) REFERENCES `catalog_product_option_type_value` (`option_type_id`) ON DELETE CASCADE ON UPDATE CASCADE,
  CONSTRAINT `FK_CATALOG_PRODUCT_OPTION_TYPE_PRICE_STORE` FOREIGN KEY (`store_id`) REFERENCES `core_store` (`store_id`) ON DELETE CASCADE ON UPDATE CASCADE
) ENGINE=InnoDB AUTO_INCREMENT=7 DEFAULT CHARSET=utf8;

--
-- Dumping data for table `catalog_product_option_type_price`
--

INSERT INTO `catalog_product_option_type_price` VALUES (1,1,0,'150.0000','fixed'),(2,2,0,'250.0000','fixed'),(3,3,0,'325.0000','fixed'),(4,4,0,'150.0000','fixed'),(5,5,0,'250.0000','fixed'),(6,6,0,'325.0000','fixed');

--
-- Table structure for table `catalog_product_option_type_title`
--

CREATE TABLE `catalog_product_option_type_title` (
  `option_type_title_id` int(10) unsigned NOT NULL auto_increment,
  `option_type_id` int(10) unsigned NOT NULL default '0',
  `store_id` smallint(5) unsigned NOT NULL default '0',
  `title` varchar(50) NOT NULL default '',
  PRIMARY KEY  (`option_type_title_id`),
  KEY `CATALOG_PRODUCT_OPTION_TYPE_TITLE_OPTION` (`option_type_id`),
  KEY `CATALOG_PRODUCT_OPTION_TYPE_TITLE_STORE` (`store_id`),
  CONSTRAINT `FK_CATALOG_PRODUCT_OPTION_TYPE_TITLE_OPTION` FOREIGN KEY (`option_type_id`) REFERENCES `catalog_product_option_type_value` (`option_type_id`) ON DELETE CASCADE ON UPDATE CASCADE,
  CONSTRAINT `FK_CATALOG_PRODUCT_OPTION_TYPE_TITLE_STORE` FOREIGN KEY (`store_id`) REFERENCES `core_store` (`store_id`) ON DELETE CASCADE ON UPDATE CASCADE
) ENGINE=InnoDB AUTO_INCREMENT=7 DEFAULT CHARSET=utf8;

--
-- Dumping data for table `catalog_product_option_type_title`
--

INSERT INTO `catalog_product_option_type_title` VALUES (1,1,0,'1 Year - Parts and Labor'),(2,2,0,'2 Years - Parts and Labor'),(3,3,0,'3 Year - Parts and Labor'),(4,4,0,'1 Year - Parts and Labor'),(5,5,0,'2 Years - Parts and Labor'),(6,6,0,'3 Year - Parts and Labor');

--
-- Table structure for table `catalog_product_option_type_value`
--

CREATE TABLE `catalog_product_option_type_value` (
  `option_type_id` int(10) unsigned NOT NULL auto_increment,
  `option_id` int(10) unsigned NOT NULL default '0',
  `sku` varchar(64) NOT NULL default '',
  `sort_order` int(10) unsigned NOT NULL default '0',
  PRIMARY KEY  (`option_type_id`),
  KEY `CATALOG_PRODUCT_OPTION_TYPE_VALUE_OPTION` (`option_id`),
  CONSTRAINT `FK_CATALOG_PRODUCT_OPTION_TYPE_VALUE_OPTION` FOREIGN KEY (`option_id`) REFERENCES `catalog_product_option` (`option_id`) ON DELETE CASCADE ON UPDATE CASCADE
) ENGINE=InnoDB AUTO_INCREMENT=7 DEFAULT CHARSET=utf8;

--
-- Dumping data for table `catalog_product_option_type_value`
--

INSERT INTO `catalog_product_option_type_value` VALUES (1,1,'1yr_p_l',10),(2,1,'2yr_p_l',20),(3,1,'3yr_p_l',30),(4,2,'1yr_p_l',10),(5,2,'2yr_p_l',20),(6,2,'3yr_p_l',0);

--
-- Table structure for table `catalog_product_super_attribute`
--

CREATE TABLE `catalog_product_super_attribute` (
  `product_super_attribute_id` int(10) unsigned NOT NULL auto_increment,
  `product_id` int(10) unsigned NOT NULL default '0',
  `attribute_id` smallint(5) unsigned NOT NULL default '0',
  `position` smallint(5) unsigned NOT NULL default '0',
  PRIMARY KEY  (`product_super_attribute_id`),
  KEY `FK_SUPER_PRODUCT_ATTRIBUTE_PRODUCT` (`product_id`),
  CONSTRAINT `FK_SUPER_PRODUCT_ATTRIBUTE_PRODUCT` FOREIGN KEY (`product_id`) REFERENCES `catalog_product_entity` (`entity_id`) ON DELETE CASCADE
) ENGINE=InnoDB AUTO_INCREMENT=19 DEFAULT CHARSET=latin1;

--
-- Dumping data for table `catalog_product_super_attribute`
--

INSERT INTO `catalog_product_super_attribute` VALUES (4,83,502,1),(5,83,501,0),(6,93,502,0),(7,98,502,0),(8,103,502,0),(9,108,502,0),(10,112,502,0),(13,119,525,0),(14,120,525,0),(15,123,525,0),(16,126,525,0),(17,126,272,1),(18,135,502,0);

--
-- Table structure for table `catalog_product_super_attribute_label`
--

CREATE TABLE `catalog_product_super_attribute_label` (
  `value_id` int(10) unsigned NOT NULL auto_increment,
  `product_super_attribute_id` int(10) unsigned NOT NULL default '0',
  `store_id` smallint(5) unsigned NOT NULL default '0',
  `value` varchar(255) character set utf8 NOT NULL default '',
  PRIMARY KEY  (`value_id`),
  KEY `FK_SUPER_PRODUCT_ATTRIBUTE_LABEL` (`product_super_attribute_id`),
  CONSTRAINT `FK_SUPER_PRODUCT_ATTRIBUTE_LABEL` FOREIGN KEY (`product_super_attribute_id`) REFERENCES `catalog_product_super_attribute` (`product_super_attribute_id`) ON DELETE CASCADE
) ENGINE=InnoDB AUTO_INCREMENT=82 DEFAULT CHARSET=latin1 ROW_FORMAT=DYNAMIC;

--
-- Dumping data for table `catalog_product_super_attribute_label`
--

INSERT INTO `catalog_product_super_attribute_label` VALUES (9,4,1,'Shoe Size'),(10,5,1,'Gender'),(12,6,1,'Shoe Size'),(14,7,1,'Shoe Size'),(16,8,1,'Shoe Size'),(18,9,1,'Shoe Size'),(20,10,1,'Shoe Size'),(26,13,1,'Size'),(28,14,1,'Size'),(30,15,1,'Size'),(33,16,1,'Size'),(34,17,1,'Color'),(36,18,1,'Shoe Size'),(43,4,0,'Shoe Size'),(44,4,5,'Shoe Size'),(45,4,6,'Shoe Size'),(46,5,0,'Gender'),(47,5,5,'Gender'),(48,5,6,'Gender'),(49,6,0,'Shoe Size'),(50,6,5,'Shoe Size'),(51,6,6,'Shoe Size'),(52,7,0,'Shoe Size'),(53,7,5,'Shoe Size'),(54,7,6,'Shoe Size'),(55,8,0,'Shoe Size'),(56,8,5,'Shoe Size'),(57,8,6,'Shoe Size'),(58,9,0,'Shoe Size'),(59,9,5,'Shoe Size'),(60,9,6,'Shoe Size'),(61,10,0,'Shoe Size'),(62,10,5,'Shoe Size'),(63,10,6,'Shoe Size'),(64,13,0,'Size'),(65,13,5,'Size'),(66,13,6,'Size'),(67,14,0,'Size'),(68,14,5,'Size'),(69,14,6,'Size'),(70,15,0,'Size'),(71,15,5,'Size'),(72,15,6,'Size'),(73,16,0,'Size'),(74,16,5,'Size'),(75,16,6,'Size'),(76,17,0,'Color'),(77,17,5,'Color'),(78,17,6,'Color'),(79,18,0,'Shoe Size'),(80,18,5,'Shoe Size'),(81,18,6,'Shoe Size');

--
-- Table structure for table `catalog_product_super_attribute_pricing`
--

CREATE TABLE `catalog_product_super_attribute_pricing` (
  `value_id` int(10) unsigned NOT NULL auto_increment,
  `product_super_attribute_id` int(10) unsigned NOT NULL default '0',
  `value_index` varchar(255) character set utf8 NOT NULL default '',
  `is_percent` tinyint(1) unsigned default '0',
  `pricing_value` decimal(10,4) default NULL,
  PRIMARY KEY  (`value_id`),
  KEY `FK_SUPER_PRODUCT_ATTRIBUTE_PRICING` (`product_super_attribute_id`),
  CONSTRAINT `FK_SUPER_PRODUCT_ATTRIBUTE_PRICING` FOREIGN KEY (`product_super_attribute_id`) REFERENCES `catalog_product_super_attribute` (`product_super_attribute_id`) ON DELETE CASCADE
) ENGINE=InnoDB AUTO_INCREMENT=656 DEFAULT CHARSET=latin1;

--
-- Dumping data for table `catalog_product_super_attribute_pricing`
--

INSERT INTO `catalog_product_super_attribute_pricing` VALUES (634,15,'100',0,'10.0000'),(635,15,'99',0,'20.0000'),(636,15,'98',0,'30.0000'),(652,4,'39',0,'1.0000'),(653,4,'38',0,'2.0000'),(654,4,'37',0,'3.0000'),(655,17,'22',0,'5.2500');

--
-- Table structure for table `catalog_product_super_link`
--

CREATE TABLE `catalog_product_super_link` (
  `link_id` int(10) unsigned NOT NULL auto_increment,
  `product_id` int(10) unsigned NOT NULL default '0',
  `parent_id` int(10) unsigned NOT NULL default '0',
  PRIMARY KEY  (`link_id`),
  KEY `FK_SUPER_PRODUCT_LINK_PARENT` (`parent_id`),
  KEY `FK_catalog_product_super_link` (`product_id`),
  CONSTRAINT `FK_SUPER_PRODUCT_LINK_ENTITY` FOREIGN KEY (`product_id`) REFERENCES `catalog_product_entity` (`entity_id`) ON DELETE CASCADE,
  CONSTRAINT `FK_SUPER_PRODUCT_LINK_PARENT` FOREIGN KEY (`parent_id`) REFERENCES `catalog_product_entity` (`entity_id`) ON DELETE CASCADE
) ENGINE=InnoDB AUTO_INCREMENT=367 DEFAULT CHARSET=latin1;

--
-- Dumping data for table `catalog_product_super_link`
--

INSERT INTO `catalog_product_super_link` VALUES (118,37,123),(119,124,123),(120,125,123),(171,35,119),(172,117,119),(173,118,119),(318,94,98),(319,96,98),(320,95,98),(321,97,98),(322,30,98),(323,29,83),(324,84,83),(325,85,83),(326,86,83),(327,87,83),(328,88,83),(329,89,83),(330,90,83),(331,91,83),(332,92,83),(333,30,93),(334,97,93),(335,96,93),(336,95,93),(337,94,93),(338,31,103),(339,104,103),(340,105,103),(341,106,103),(342,107,103),(343,32,108),(344,109,108),(345,110,108),(346,111,108),(347,33,112),(348,113,112),(349,114,112),(350,115,112),(351,36,120),(352,121,120),(353,122,120),(354,38,126),(355,127,126),(356,128,126),(357,129,126),(358,130,126),(359,131,126),(360,49,135),(361,74,135),(362,75,135),(363,79,135),(364,80,135),(365,81,135),(366,82,135);

--
-- Table structure for table `catalog_product_website`
--

CREATE TABLE `catalog_product_website` (
  `product_id` int(10) unsigned NOT NULL auto_increment,
  `website_id` smallint(5) unsigned NOT NULL,
  PRIMARY KEY  (`product_id`,`website_id`),
  KEY `FK_CATAOLOG_PRODUCT_WEBSITE_WEBSITE` (`website_id`),
  CONSTRAINT `FK_CATALOG_PRODUCT_WEBSITE_PRODUCT` FOREIGN KEY (`product_id`) REFERENCES `catalog_product_entity` (`entity_id`) ON DELETE CASCADE ON UPDATE CASCADE,
  CONSTRAINT `FK_CATAOLOG_PRODUCT_WEBSITE_WEBSITE` FOREIGN KEY (`website_id`) REFERENCES `core_website` (`website_id`) ON DELETE CASCADE ON UPDATE CASCADE
) ENGINE=InnoDB AUTO_INCREMENT=167 DEFAULT CHARSET=utf8 ROW_FORMAT=FIXED;

--
-- Dumping data for table `catalog_product_website`
--

INSERT INTO `catalog_product_website` VALUES (16,1),(17,1),(18,1),(19,1),(20,1),(25,1),(26,1),(27,1),(28,1),(29,1),(30,1),(31,1),(32,1),(33,1),(34,1),(35,1),(36,1),(37,1),(38,1),(39,1),(41,1),(42,1),(44,1),(45,1),(46,1),(47,1),(48,1),(49,1),(51,1),(52,1),(53,1),(54,1),(74,1),(75,1),(79,1),(80,1),(81,1),(82,1),(83,1),(84,1),(85,1),(86,1),(87,1),(88,1),(89,1),(90,1),(91,1),(92,1),(93,1),(94,1),(95,1),(96,1),(97,1),(98,1),(99,1),(100,1),(101,1),(102,1),(103,1),(104,1),(105,1),(106,1),(107,1),(108,1),(109,1),(110,1),(111,1),(112,1),(113,1),(114,1),(115,1),(117,1),(118,1),(119,1),(120,1),(121,1),(122,1),(123,1),(124,1),(125,1),(126,1),(127,1),(128,1),(129,1),(130,1),(131,1),(132,1),(133,1),(134,1),(135,1),(137,1),(138,1),(139,1),(140,1),(141,1),(142,1),(143,1),(144,1),(145,1),(146,1),(147,1),(148,1),(149,1),(150,1),(151,1),(152,1),(153,1),(154,1),(155,1),(156,1),(157,1),(158,1),(159,1),(160,1),(161,1),(162,1),(163,1),(164,1),(165,1),(166,1);

--
-- Table structure for table `catalogindex_eav`
--

CREATE TABLE `catalogindex_eav` (
  `store_id` smallint(5) unsigned NOT NULL default '0',
  `entity_id` int(10) unsigned NOT NULL default '0',
  `attribute_id` smallint(5) unsigned NOT NULL default '0',
  `value` int(11) NOT NULL default '0',
  PRIMARY KEY  (`store_id`,`entity_id`,`attribute_id`,`value`),
  KEY `IDX_VALUE` (`value`),
  KEY `FK_CATALOGINDEX_EAV_ENTITY` (`entity_id`),
  KEY `FK_CATALOGINDEX_EAV_ATTRIBUTE` (`attribute_id`),
  KEY `FK_CATALOGINDEX_EAV_STORE` (`store_id`),
  CONSTRAINT `FK_CATALOGINDEX_EAV_ATTRIBUTE` FOREIGN KEY (`attribute_id`) REFERENCES `eav_attribute` (`attribute_id`) ON DELETE CASCADE ON UPDATE CASCADE,
  CONSTRAINT `FK_CATALOGINDEX_EAV_ENTITY` FOREIGN KEY (`entity_id`) REFERENCES `catalog_product_entity` (`entity_id`) ON DELETE CASCADE ON UPDATE CASCADE,
  CONSTRAINT `FK_CATALOGINDEX_EAV_STORE` FOREIGN KEY (`store_id`) REFERENCES `core_store` (`store_id`) ON DELETE CASCADE ON UPDATE CASCADE
) ENGINE=InnoDB DEFAULT CHARSET=utf8;

--
-- Dumping data for table `catalogindex_eav`
--

INSERT INTO `catalogindex_eav` VALUES (1,16,102,20),(1,17,102,21),(1,18,102,2),(1,19,102,101),(1,20,102,3),(1,44,102,34),(1,45,102,32),(1,46,102,33),(1,47,102,34),(1,48,102,31),(1,83,102,63),(1,93,102,64),(1,98,102,103),(1,103,102,62),(1,108,102,105),(1,112,102,104),(1,135,102,102),(1,140,102,111),(1,141,102,111),(1,143,102,111),(1,145,102,117),(1,147,102,3),(1,148,102,117),(1,149,102,118),(1,150,102,118),(1,151,102,116),(1,152,102,1),(1,153,102,116),(1,154,102,119),(1,155,102,119),(1,156,102,1),(1,157,102,29),(1,159,102,120),(1,160,102,121),(1,161,102,121),(1,162,102,120),(1,163,102,1),(1,163,102,3),(1,163,102,29),(1,163,102,111),(1,163,102,116),(1,163,102,117),(1,163,102,118),(1,163,102,119),(1,163,102,120),(1,163,102,121),(1,164,102,111),(1,164,102,116),(1,164,102,117),(1,164,102,118),(1,164,102,119),(1,164,102,120),(1,164,102,121),(1,165,102,1),(1,165,102,3),(1,165,102,29),(1,165,102,111),(1,165,102,116),(1,165,102,117),(1,165,102,118),(1,165,102,119),(1,166,102,122),(2,16,102,20),(2,17,102,21),(2,18,102,2),(2,19,102,101),(2,20,102,3),(2,45,102,32),(2,46,102,33),(2,47,102,34),(2,48,102,31),(2,83,102,63),(2,93,102,64),(2,98,102,103),(2,103,102,62),(2,108,102,105),(2,112,102,104),(2,135,102,102),(2,145,102,117),(2,147,102,3),(2,148,102,117),(2,151,102,116),(2,152,102,1),(2,153,102,116),(2,156,102,1),(2,157,102,29),(2,159,102,120),(2,160,102,121),(2,161,102,121),(2,162,102,120),(3,16,102,20),(3,17,102,21),(3,18,102,2),(3,19,102,101),(3,20,102,3),(3,45,102,32),(3,46,102,33),(3,47,102,34),(3,48,102,31),(3,83,102,63),(3,93,102,64),(3,98,102,103),(3,103,102,62),(3,108,102,105),(3,112,102,104),(3,135,102,102),(3,145,102,117),(3,147,102,3),(3,148,102,117),(3,151,102,116),(3,152,102,1),(3,153,102,116),(3,156,102,1),(3,157,102,29),(3,159,102,120),(3,160,102,121),(3,161,102,121),(3,162,102,120),(1,83,107,97),(1,93,107,53),(1,98,107,52),(1,103,107,52),(1,108,107,51),(1,112,107,47),(1,135,107,97),(2,83,107,97),(2,93,107,53),(2,98,107,52),(2,103,107,52),(2,108,107,51),(2,112,107,47),(2,135,107,97),(3,83,107,97),(3,93,107,53),(3,98,107,52),(3,103,107,52),(3,108,107,51),(3,112,107,47),(3,135,107,97),(1,16,272,24),(1,17,272,23),(1,18,272,24),(1,19,272,23),(1,20,272,23),(1,25,272,23),(1,26,272,24),(1,27,272,24),(1,28,272,24),(1,39,272,22),(1,41,272,59),(1,42,272,59),(1,44,272,24),(1,45,272,23),(1,46,272,23),(1,47,272,23),(1,48,272,23),(1,51,272,26),(1,52,272,26),(1,53,272,26),(1,54,272,26),(1,83,272,25),(1,93,272,61),(1,98,272,24),(1,103,272,26),(1,108,272,26),(1,112,272,59),(1,119,272,22),(1,120,272,60),(1,123,272,60),(1,135,272,59),(1,138,272,24),(1,139,272,23),(1,158,272,24),(1,160,272,59),(1,162,272,24),(1,163,272,23),(1,163,272,24),(1,163,272,59),(1,164,272,23),(1,164,272,24),(1,164,272,59),(1,165,272,23),(1,165,272,24),(1,166,272,24),(2,16,272,24),(2,17,272,23),(2,18,272,24),(2,19,272,23),(2,20,272,23),(2,28,272,24),(2,45,272,23),(2,46,272,23),(2,47,272,23),(2,48,272,23),(2,51,272,26),(2,52,272,26),(2,53,272,26),(2,54,272,26),(2,83,272,25),(2,93,272,61),(2,98,272,24),(2,103,272,26),(2,108,272,26),(2,112,272,59),(2,120,272,60),(2,135,272,59),(2,138,272,24),(2,160,272,59),(2,162,272,24),(3,16,272,24),(3,17,272,23),(3,18,272,24),(3,19,272,23),(3,20,272,23),(3,28,272,24),(3,45,272,23),(3,46,272,23),(3,47,272,23),(3,48,272,23),(3,51,272,26),(3,52,272,26),(3,53,272,26),(3,54,272,26),(3,83,272,25),(3,93,272,61),(3,98,272,24),(3,103,272,26),(3,108,272,26),(3,112,272,59),(3,120,272,60),(3,135,272,59),(3,138,272,24),(3,160,272,59),(3,162,272,24),(1,39,501,36),(1,93,501,36),(1,98,501,36),(1,103,501,35),(1,108,501,35),(1,112,501,35),(1,119,501,36),(1,120,501,35),(1,123,501,36),(1,126,501,36),(1,135,501,35),(2,93,501,36),(2,98,501,36),(2,103,501,35),(2,108,501,35),(2,112,501,35),(2,120,501,35),(2,126,501,36),(2,135,501,35),(3,93,501,36),(3,98,501,36),(3,103,501,35),(3,108,501,35),(3,112,501,35),(3,120,501,35),(3,126,501,36),(3,135,501,35),(1,25,510,77),(1,26,510,79),(1,27,510,76),(1,28,510,74),(1,158,510,76),(2,28,510,74),(3,28,510,74),(1,44,513,90),(1,45,513,93),(1,46,513,91),(1,47,513,90),(1,48,513,93),(2,45,513,93),(2,46,513,91),(2,47,513,90),(2,48,513,93),(3,45,513,93),(3,46,513,91),(3,47,513,90),(3,48,513,93),(1,147,875,110),(1,152,875,106),(1,156,875,106),(1,157,875,107),(1,163,875,106),(1,163,875,107),(1,163,875,110),(1,165,875,106),(1,165,875,107),(1,165,875,110),(2,147,875,110),(2,152,875,106),(2,156,875,106),(2,157,875,107),(3,147,875,110),(3,152,875,106),(3,156,875,106),(3,157,875,107);

--
-- Table structure for table `catalogindex_minimal_price`
--

CREATE TABLE `catalogindex_minimal_price` (
  `index_id` int(10) unsigned NOT NULL auto_increment,
  `store_id` smallint(5) unsigned NOT NULL default '0',
  `entity_id` int(10) unsigned NOT NULL default '0',
  `customer_group_id` smallint(3) unsigned NOT NULL default '0',
  `qty` decimal(12,4) unsigned NOT NULL default '0.0000',
  `value` decimal(12,4) NOT NULL default '0.0000',
  PRIMARY KEY  (`index_id`),
  KEY `IDX_VALUE` (`value`),
  KEY `IDX_QTY` (`qty`),
  KEY `FK_CATALOGINDEX_MINIMAL_PRICE_ENTITY` (`entity_id`),
  KEY `FK_CATALOGINDEX_MINIMAL_PRICE_STORE` (`store_id`),
  KEY `FK_CATALOGINDEX_MINIMAL_PRICE_CUSTOMER_GROUP` (`customer_group_id`),
  CONSTRAINT `FK_CATALOGINDEX_MINIMAL_PRICE_CUSTOMER_GROUP` FOREIGN KEY (`customer_group_id`) REFERENCES `customer_group` (`customer_group_id`) ON DELETE CASCADE ON UPDATE CASCADE,
  CONSTRAINT `FK_CATALOGINDEX_MINIMAL_PRICE_ENTITY` FOREIGN KEY (`entity_id`) REFERENCES `catalog_product_entity` (`entity_id`) ON DELETE CASCADE ON UPDATE CASCADE,
  CONSTRAINT `FK_CATALOGINDEX_MINIMAL_PRICE_STORE` FOREIGN KEY (`store_id`) REFERENCES `core_store` (`store_id`) ON DELETE CASCADE ON UPDATE CASCADE
) ENGINE=InnoDB AUTO_INCREMENT=175856 DEFAULT CHARSET=utf8;

--
-- Dumping data for table `catalogindex_minimal_price`
--

INSERT INTO `catalogindex_minimal_price` VALUES (175061,1,138,0,'0.0000','150.0000'),(175062,1,138,1,'0.0000','150.0000'),(175063,1,138,2,'0.0000','150.0000'),(175064,1,138,3,'0.0000','150.0000'),(175065,1,138,4,'0.0000','150.0000'),(175066,2,138,0,'0.0000','150.0000'),(175067,2,138,1,'0.0000','150.0000'),(175068,2,138,2,'0.0000','150.0000'),(175069,2,138,3,'0.0000','150.0000'),(175070,2,138,4,'0.0000','150.0000'),(175071,3,138,0,'0.0000','150.0000'),(175072,3,138,1,'0.0000','150.0000'),(175073,3,138,2,'0.0000','150.0000'),(175074,3,138,3,'0.0000','150.0000'),(175075,3,138,4,'0.0000','150.0000'),(175196,1,98,0,'0.0000','160.9900'),(175197,1,98,1,'0.0000','160.9900'),(175198,1,98,2,'0.0000','160.9900'),(175199,1,98,3,'0.0000','160.9900'),(175200,1,98,4,'0.0000','160.9900'),(175201,2,98,0,'0.0000','160.9900'),(175202,2,98,1,'0.0000','160.9900'),(175203,2,98,2,'0.0000','160.9900'),(175204,2,98,3,'0.0000','160.9900'),(175205,2,98,4,'0.0000','160.9900'),(175206,3,98,0,'0.0000','160.9900'),(175207,3,98,1,'0.0000','160.9900'),(175208,3,98,2,'0.0000','160.9900'),(175209,3,98,3,'0.0000','160.9900'),(175210,3,98,4,'0.0000','160.9900'),(175211,1,16,0,'0.0000','149.9900'),(175212,1,16,1,'0.0000','149.9900'),(175213,1,16,2,'0.0000','149.9900'),(175214,1,16,3,'0.0000','149.9900'),(175215,1,16,4,'0.0000','149.9900'),(175216,2,16,0,'0.0000','149.9900'),(175217,2,16,1,'0.0000','149.9900'),(175218,2,16,2,'0.0000','149.9900'),(175219,2,16,3,'0.0000','149.9900'),(175220,2,16,4,'0.0000','149.9900'),(175221,3,16,0,'0.0000','149.9900'),(175222,3,16,1,'0.0000','149.9900'),(175223,3,16,2,'0.0000','149.9900'),(175224,3,16,3,'0.0000','149.9900'),(175225,3,16,4,'0.0000','149.9900'),(175226,1,17,0,'0.0000','349.9900'),(175227,1,17,1,'0.0000','349.9900'),(175228,1,17,2,'0.0000','349.9900'),(175229,1,17,3,'0.0000','349.9900'),(175230,1,17,4,'0.0000','349.9900'),(175231,2,17,0,'0.0000','349.9900'),(175232,2,17,1,'0.0000','349.9900'),(175233,2,17,2,'0.0000','349.9900'),(175234,2,17,3,'0.0000','349.9900'),(175235,2,17,4,'0.0000','349.9900'),(175236,3,17,0,'0.0000','349.9900'),(175237,3,17,1,'0.0000','349.9900'),(175238,3,17,2,'0.0000','349.9900'),(175239,3,17,3,'0.0000','349.9900'),(175240,3,17,4,'0.0000','349.9900'),(175241,1,18,0,'0.0000','399.9900'),(175242,1,18,1,'0.0000','399.9900'),(175243,1,18,2,'0.0000','399.9900'),(175244,1,18,3,'0.0000','399.9900'),(175245,1,18,4,'0.0000','399.9900'),(175246,2,18,0,'0.0000','399.9900'),(175247,2,18,1,'0.0000','399.9900'),(175248,2,18,2,'0.0000','399.9900'),(175249,2,18,3,'0.0000','399.9900'),(175250,2,18,4,'0.0000','399.9900'),(175251,3,18,0,'0.0000','399.9900'),(175252,3,18,1,'0.0000','399.9900'),(175253,3,18,2,'0.0000','399.9900'),(175254,3,18,3,'0.0000','399.9900'),(175255,3,18,4,'0.0000','399.9900'),(175256,1,19,0,'0.0000','199.9900'),(175257,1,19,1,'0.0000','199.9900'),(175258,1,19,2,'0.0000','199.9900'),(175259,1,19,3,'0.0000','199.9900'),(175260,1,19,4,'0.0000','199.9900'),(175261,2,19,0,'0.0000','199.9900'),(175262,2,19,1,'0.0000','199.9900'),(175263,2,19,2,'0.0000','199.9900'),(175264,2,19,3,'0.0000','199.9900'),(175265,2,19,4,'0.0000','199.9900'),(175266,3,19,0,'0.0000','199.9900'),(175267,3,19,1,'0.0000','199.9900'),(175268,3,19,2,'0.0000','199.9900'),(175269,3,19,3,'0.0000','199.9900'),(175270,3,19,4,'0.0000','199.9900'),(175271,1,20,0,'0.0000','150.0000'),(175272,1,20,1,'0.0000','150.0000'),(175273,1,20,2,'0.0000','150.0000'),(175274,1,20,3,'0.0000','150.0000'),(175275,1,20,4,'0.0000','150.0000'),(175276,2,20,0,'0.0000','150.0000'),(175277,2,20,1,'0.0000','150.0000'),(175278,2,20,2,'0.0000','150.0000'),(175279,2,20,3,'0.0000','150.0000'),(175280,2,20,4,'0.0000','150.0000'),(175281,3,20,0,'0.0000','150.0000'),(175282,3,20,1,'0.0000','150.0000'),(175283,3,20,2,'0.0000','150.0000'),(175284,3,20,3,'0.0000','150.0000'),(175285,3,20,4,'0.0000','150.0000'),(175286,1,28,0,'0.0000','1599.9900'),(175287,1,28,1,'0.0000','1599.9900'),(175288,1,28,2,'0.0000','1599.9900'),(175289,1,28,3,'0.0000','1599.9900'),(175290,1,28,4,'0.0000','1599.9900'),(175291,2,28,0,'0.0000','1599.9900'),(175292,2,28,1,'0.0000','1599.9900'),(175293,2,28,2,'0.0000','1599.9900'),(175294,2,28,3,'0.0000','1599.9900'),(175295,2,28,4,'0.0000','1599.9900'),(175296,3,28,0,'0.0000','1599.9900'),(175297,3,28,1,'0.0000','1599.9900'),(175298,3,28,2,'0.0000','1599.9900'),(175299,3,28,3,'0.0000','1599.9900'),(175300,3,28,4,'0.0000','1599.9900'),(175301,1,45,0,'0.0000','37.4900'),(175302,1,45,1,'0.0000','37.4900'),(175303,1,45,2,'0.0000','37.4900'),(175304,1,45,3,'0.0000','37.4900'),(175305,1,45,4,'0.0000','37.4900'),(175306,2,45,0,'0.0000','37.4900'),(175307,2,45,1,'0.0000','37.4900'),(175308,2,45,2,'0.0000','37.4900'),(175309,2,45,3,'0.0000','37.4900'),(175310,2,45,4,'0.0000','37.4900'),(175311,3,45,0,'0.0000','37.4900'),(175312,3,45,1,'0.0000','37.4900'),(175313,3,45,2,'0.0000','37.4900'),(175314,3,45,3,'0.0000','37.4900'),(175315,3,45,4,'0.0000','37.4900'),(175316,1,46,0,'0.0000','161.9400'),(175317,1,46,1,'0.0000','161.9400'),(175318,1,46,2,'0.0000','161.9400'),(175319,1,46,3,'0.0000','161.9400'),(175320,1,46,4,'0.0000','161.9400'),(175321,2,46,0,'0.0000','161.9400'),(175322,2,46,1,'0.0000','161.9400'),(175323,2,46,2,'0.0000','161.9400'),(175324,2,46,3,'0.0000','161.9400'),(175325,2,46,4,'0.0000','161.9400'),(175326,3,46,0,'0.0000','161.9400'),(175327,3,46,1,'0.0000','161.9400'),(175328,3,46,2,'0.0000','161.9400'),(175329,3,46,3,'0.0000','161.9400'),(175330,3,46,4,'0.0000','161.9400'),(175331,1,47,0,'0.0000','329.9900'),(175332,1,47,1,'0.0000','329.9900'),(175333,1,47,2,'0.0000','329.9900'),(175334,1,47,3,'0.0000','329.9900'),(175335,1,47,4,'0.0000','329.9900'),(175336,2,47,0,'0.0000','329.9900'),(175337,2,47,1,'0.0000','329.9900'),(175338,2,47,2,'0.0000','329.9900'),(175339,2,47,3,'0.0000','329.9900'),(175340,2,47,4,'0.0000','329.9900'),(175341,3,47,0,'0.0000','329.9900'),(175342,3,47,1,'0.0000','329.9900'),(175343,3,47,2,'0.0000','329.9900'),(175344,3,47,3,'0.0000','329.9900'),(175345,3,47,4,'0.0000','329.9900'),(175346,1,48,0,'0.0000','199.9900'),(175347,1,48,1,'0.0000','199.9900'),(175348,1,48,2,'0.0000','199.9900'),(175349,1,48,3,'0.0000','199.9900'),(175350,1,48,4,'0.0000','199.9900'),(175351,2,48,0,'0.0000','199.9900'),(175352,2,48,1,'0.0000','199.9900'),(175353,2,48,2,'0.0000','199.9900'),(175354,2,48,3,'0.0000','199.9900'),(175355,2,48,4,'0.0000','199.9900'),(175356,3,48,0,'0.0000','199.9900'),(175357,3,48,1,'0.0000','199.9900'),(175358,3,48,2,'0.0000','199.9900'),(175359,3,48,3,'0.0000','199.9900'),(175360,3,48,4,'0.0000','199.9900'),(175361,1,51,0,'0.0000','299.9900'),(175362,1,51,1,'0.0000','299.9900'),(175363,1,51,2,'0.0000','299.9900'),(175364,1,51,3,'0.0000','299.9900'),(175365,1,51,4,'0.0000','299.9900'),(175366,2,51,0,'0.0000','299.9900'),(175367,2,51,1,'0.0000','299.9900'),(175368,2,51,2,'0.0000','299.9900'),(175369,2,51,3,'0.0000','299.9900'),(175370,2,51,4,'0.0000','299.9900'),(175371,3,51,0,'0.0000','299.9900'),(175372,3,51,1,'0.0000','299.9900'),(175373,3,51,2,'0.0000','299.9900'),(175374,3,51,3,'0.0000','299.9900'),(175375,3,51,4,'0.0000','299.9900'),(175421,1,52,0,'0.0000','129.9900'),(175422,1,52,1,'0.0000','129.9900'),(175423,1,52,2,'0.0000','129.9900'),(175424,1,52,3,'0.0000','129.9900'),(175425,1,52,4,'0.0000','129.9900'),(175426,2,52,0,'0.0000','129.9900'),(175427,2,52,1,'0.0000','129.9900'),(175428,2,52,2,'0.0000','129.9900'),(175429,2,52,3,'0.0000','129.9900'),(175430,2,52,4,'0.0000','129.9900'),(175431,3,52,0,'0.0000','129.9900'),(175432,3,52,1,'0.0000','129.9900'),(175433,3,52,2,'0.0000','129.9900'),(175434,3,52,3,'0.0000','129.9900'),(175435,3,52,4,'0.0000','129.9900'),(175436,1,53,0,'0.0000','599.9900'),(175437,1,53,1,'0.0000','599.9900'),(175438,1,53,2,'0.0000','599.9900'),(175439,1,53,3,'0.0000','599.9900'),(175440,1,53,4,'0.0000','599.9900'),(175441,2,53,0,'0.0000','599.9900'),(175442,2,53,1,'0.0000','599.9900'),(175443,2,53,2,'0.0000','599.9900'),(175444,2,53,3,'0.0000','599.9900'),(175445,2,53,4,'0.0000','599.9900'),(175446,3,53,0,'0.0000','599.9900'),(175447,3,53,1,'0.0000','599.9900'),(175448,3,53,2,'0.0000','599.9900'),(175449,3,53,3,'0.0000','599.9900'),(175450,3,53,4,'0.0000','599.9900'),(175466,1,83,0,'0.0000','15.9900'),(175467,1,83,1,'0.0000','15.9900'),(175468,1,83,2,'0.0000','15.9900'),(175469,1,83,3,'0.0000','15.9900'),(175470,1,83,4,'0.0000','15.9900'),(175471,2,83,0,'0.0000','15.9900'),(175472,2,83,1,'0.0000','15.9900'),(175473,2,83,2,'0.0000','15.9900'),(175474,2,83,3,'0.0000','15.9900'),(175475,2,83,4,'0.0000','15.9900'),(175476,3,83,0,'0.0000','15.9900'),(175477,3,83,1,'0.0000','15.9900'),(175478,3,83,2,'0.0000','15.9900'),(175479,3,83,3,'0.0000','15.9900'),(175480,3,83,4,'0.0000','15.9900'),(175481,1,54,0,'0.0000','129.9900'),(175482,1,54,1,'0.0000','129.9900'),(175483,1,54,2,'0.0000','129.9900'),(175484,1,54,3,'0.0000','129.9900'),(175485,1,54,4,'0.0000','129.9900'),(175486,2,54,0,'0.0000','129.9900'),(175487,2,54,1,'0.0000','129.9900'),(175488,2,54,2,'0.0000','129.9900'),(175489,2,54,3,'0.0000','129.9900'),(175490,2,54,4,'0.0000','129.9900'),(175491,3,54,0,'0.0000','129.9900'),(175492,3,54,1,'0.0000','129.9900'),(175493,3,54,2,'0.0000','129.9900'),(175494,3,54,3,'0.0000','129.9900'),(175495,3,54,4,'0.0000','129.9900'),(175496,1,93,0,'0.0000','134.9900'),(175497,1,93,1,'0.0000','134.9900'),(175498,1,93,2,'0.0000','134.9900'),(175499,1,93,3,'0.0000','134.9900'),(175500,1,93,4,'0.0000','134.9900'),(175501,2,93,0,'0.0000','134.9900'),(175502,2,93,1,'0.0000','134.9900'),(175503,2,93,2,'0.0000','134.9900'),(175504,2,93,3,'0.0000','134.9900'),(175505,2,93,4,'0.0000','134.9900'),(175506,3,93,0,'0.0000','134.9900'),(175507,3,93,1,'0.0000','134.9900'),(175508,3,93,2,'0.0000','134.9900'),(175509,3,93,3,'0.0000','134.9900'),(175510,3,93,4,'0.0000','134.9900'),(175511,1,103,0,'0.0000','69.9900'),(175512,1,103,1,'0.0000','69.9900'),(175513,1,103,2,'0.0000','69.9900'),(175514,1,103,3,'0.0000','69.9900'),(175515,1,103,4,'0.0000','69.9900'),(175516,2,103,0,'0.0000','69.9900'),(175517,2,103,1,'0.0000','69.9900'),(175518,2,103,2,'0.0000','69.9900'),(175519,2,103,3,'0.0000','69.9900'),(175520,2,103,4,'0.0000','69.9900'),(175521,3,103,0,'0.0000','69.9900'),(175522,3,103,1,'0.0000','69.9900'),(175523,3,103,2,'0.0000','69.9900'),(175524,3,103,3,'0.0000','69.9900'),(175525,3,103,4,'0.0000','69.9900'),(175526,1,108,0,'0.0000','89.9900'),(175527,1,108,1,'0.0000','89.9900'),(175528,1,108,2,'0.0000','89.9900'),(175529,1,108,3,'0.0000','89.9900'),(175530,1,108,4,'0.0000','89.9900'),(175531,2,108,0,'0.0000','89.9900'),(175532,2,108,1,'0.0000','89.9900'),(175533,2,108,2,'0.0000','89.9900'),(175534,2,108,3,'0.0000','89.9900'),(175535,2,108,4,'0.0000','89.9900'),(175536,3,108,0,'0.0000','89.9900'),(175537,3,108,1,'0.0000','89.9900'),(175538,3,108,2,'0.0000','89.9900'),(175539,3,108,3,'0.0000','89.9900'),(175540,3,108,4,'0.0000','89.9900'),(175541,1,112,0,'0.0000','159.9900'),(175542,1,112,1,'0.0000','159.9900'),(175543,1,112,2,'0.0000','159.9900'),(175544,1,112,3,'0.0000','159.9900'),(175545,1,112,4,'0.0000','159.9900'),(175546,2,112,0,'0.0000','159.9900'),(175547,2,112,1,'0.0000','159.9900'),(175548,2,112,2,'0.0000','159.9900'),(175549,2,112,3,'0.0000','159.9900'),(175550,2,112,4,'0.0000','159.9900'),(175551,3,112,0,'0.0000','159.9900'),(175552,3,112,1,'0.0000','159.9900'),(175553,3,112,2,'0.0000','159.9900'),(175554,3,112,3,'0.0000','159.9900'),(175555,3,112,4,'0.0000','159.9900'),(175571,1,120,0,'0.0000','18.0000'),(175572,1,120,1,'0.0000','18.0000'),(175573,1,120,2,'0.0000','18.0000'),(175574,1,120,3,'0.0000','18.0000'),(175575,1,120,4,'0.0000','18.0000'),(175576,2,120,0,'0.0000','18.0000'),(175577,2,120,1,'0.0000','18.0000'),(175578,2,120,2,'0.0000','18.0000'),(175579,2,120,3,'0.0000','18.0000'),(175580,2,120,4,'0.0000','18.0000'),(175581,3,120,0,'0.0000','18.0000'),(175582,3,120,1,'0.0000','18.0000'),(175583,3,120,2,'0.0000','18.0000'),(175584,3,120,3,'0.0000','18.0000'),(175585,3,120,4,'0.0000','18.0000'),(175601,1,126,0,'0.0000','9.5000'),(175602,1,126,1,'0.0000','9.5000'),(175603,1,126,2,'0.0000','9.5000'),(175604,1,126,3,'0.0000','9.5000'),(175605,1,126,4,'0.0000','9.5000'),(175606,2,126,0,'0.0000','9.5000'),(175607,2,126,1,'0.0000','9.5000'),(175608,2,126,2,'0.0000','9.5000'),(175609,2,126,3,'0.0000','9.5000'),(175610,2,126,4,'0.0000','9.5000'),(175611,3,126,0,'0.0000','9.5000'),(175612,3,126,1,'0.0000','9.5000'),(175613,3,126,2,'0.0000','9.5000'),(175614,3,126,3,'0.0000','9.5000'),(175615,3,126,4,'0.0000','9.5000'),(175616,1,132,0,'0.0000','99.0000'),(175617,1,132,1,'0.0000','99.0000'),(175618,1,132,2,'0.0000','99.0000'),(175619,1,132,3,'0.0000','99.0000'),(175620,1,132,4,'0.0000','99.0000'),(175621,2,132,0,'0.0000','99.0000'),(175622,2,132,1,'0.0000','99.0000'),(175623,2,132,2,'0.0000','99.0000'),(175624,2,132,3,'0.0000','99.0000'),(175625,2,132,4,'0.0000','99.0000'),(175626,3,132,0,'0.0000','99.0000'),(175627,3,132,1,'0.0000','99.0000'),(175628,3,132,2,'0.0000','99.0000'),(175629,3,132,3,'0.0000','99.0000'),(175630,3,132,4,'0.0000','99.0000'),(175646,1,135,0,'0.0000','41.9500'),(175647,1,135,1,'0.0000','41.9500'),(175648,1,135,2,'0.0000','41.9500'),(175649,1,135,3,'0.0000','41.9500'),(175650,1,135,4,'0.0000','41.9500'),(175651,2,135,0,'0.0000','41.9500'),(175652,2,135,1,'0.0000','41.9500'),(175653,2,135,2,'0.0000','41.9500'),(175654,2,135,3,'0.0000','41.9500'),(175655,2,135,4,'0.0000','41.9500'),(175656,3,135,0,'0.0000','41.9500'),(175657,3,135,1,'0.0000','41.9500'),(175658,3,135,2,'0.0000','41.9500'),(175659,3,135,3,'0.0000','41.9500'),(175660,3,135,4,'0.0000','41.9500'),(175661,1,145,0,'0.0000','335.9900'),(175662,1,145,1,'0.0000','335.9900'),(175663,1,145,2,'0.0000','335.9900'),(175664,1,145,3,'0.0000','335.9900'),(175665,1,145,4,'0.0000','335.9900'),(175666,2,145,0,'0.0000','335.9900'),(175667,2,145,1,'0.0000','335.9900'),(175668,2,145,2,'0.0000','335.9900'),(175669,2,145,3,'0.0000','335.9900'),(175670,2,145,4,'0.0000','335.9900'),(175671,3,145,0,'0.0000','335.9900'),(175672,3,145,1,'0.0000','335.9900'),(175673,3,145,2,'0.0000','335.9900'),(175674,3,145,3,'0.0000','335.9900'),(175675,3,145,4,'0.0000','335.9900'),(175676,1,148,0,'0.0000','98.9900'),(175677,1,148,1,'0.0000','98.9900'),(175678,1,148,2,'0.0000','98.9900'),(175679,1,148,3,'0.0000','98.9900'),(175680,1,148,4,'0.0000','98.9900'),(175681,2,148,0,'0.0000','98.9900'),(175682,2,148,1,'0.0000','98.9900'),(175683,2,148,2,'0.0000','98.9900'),(175684,2,148,3,'0.0000','98.9900'),(175685,2,148,4,'0.0000','98.9900'),(175686,3,148,0,'0.0000','98.9900'),(175687,3,148,1,'0.0000','98.9900'),(175688,3,148,2,'0.0000','98.9900'),(175689,3,148,3,'0.0000','98.9900'),(175690,3,148,4,'0.0000','98.9900'),(175691,1,162,0,'0.0000','59.9900'),(175692,1,162,1,'0.0000','59.9900'),(175693,1,162,2,'0.0000','59.9900'),(175694,1,162,3,'0.0000','59.9900'),(175695,1,162,4,'0.0000','59.9900'),(175696,2,162,0,'0.0000','59.9900'),(175697,2,162,1,'0.0000','59.9900'),(175698,2,162,2,'0.0000','59.9900'),(175699,2,162,3,'0.0000','59.9900'),(175700,2,162,4,'0.0000','59.9900'),(175701,3,162,0,'0.0000','59.9900'),(175702,3,162,1,'0.0000','59.9900'),(175703,3,162,2,'0.0000','59.9900'),(175704,3,162,3,'0.0000','59.9900'),(175705,3,162,4,'0.0000','59.9900'),(175706,1,161,0,'0.0000','239.9900'),(175707,1,161,1,'0.0000','239.9900'),(175708,1,161,2,'0.0000','239.9900'),(175709,1,161,3,'0.0000','239.9900'),(175710,1,161,4,'0.0000','239.9900'),(175711,2,161,0,'0.0000','239.9900'),(175712,2,161,1,'0.0000','239.9900'),(175713,2,161,2,'0.0000','239.9900'),(175714,2,161,3,'0.0000','239.9900'),(175715,2,161,4,'0.0000','239.9900'),(175716,3,161,0,'0.0000','239.9900'),(175717,3,161,1,'0.0000','239.9900'),(175718,3,161,2,'0.0000','239.9900'),(175719,3,161,3,'0.0000','239.9900'),(175720,3,161,4,'0.0000','239.9900'),(175721,1,160,0,'0.0000','79.9900'),(175722,1,160,1,'0.0000','79.9900'),(175723,1,160,2,'0.0000','79.9900'),(175724,1,160,3,'0.0000','79.9900'),(175725,1,160,4,'0.0000','79.9900'),(175726,2,160,0,'0.0000','79.9900'),(175727,2,160,1,'0.0000','79.9900'),(175728,2,160,2,'0.0000','79.9900'),(175729,2,160,3,'0.0000','79.9900'),(175730,2,160,4,'0.0000','79.9900'),(175731,3,160,0,'0.0000','79.9900'),(175732,3,160,1,'0.0000','79.9900'),(175733,3,160,2,'0.0000','79.9900'),(175734,3,160,3,'0.0000','79.9900'),(175735,3,160,4,'0.0000','79.9900'),(175736,1,159,0,'0.0000','99.9900'),(175737,1,159,1,'0.0000','99.9900'),(175738,1,159,2,'0.0000','99.9900'),(175739,1,159,3,'0.0000','99.9900'),(175740,1,159,4,'0.0000','99.9900'),(175741,2,159,0,'0.0000','99.9900'),(175742,2,159,1,'0.0000','99.9900'),(175743,2,159,2,'0.0000','99.9900'),(175744,2,159,3,'0.0000','99.9900'),(175745,2,159,4,'0.0000','99.9900'),(175746,3,159,0,'0.0000','99.9900'),(175747,3,159,1,'0.0000','99.9900'),(175748,3,159,2,'0.0000','99.9900'),(175749,3,159,3,'0.0000','99.9900'),(175750,3,159,4,'0.0000','99.9900'),(175751,1,157,0,'0.0000','699.9900'),(175752,1,157,1,'0.0000','699.9900'),(175753,1,157,2,'0.0000','699.9900'),(175754,1,157,3,'0.0000','699.9900'),(175755,1,157,4,'0.0000','699.9900'),(175756,2,157,0,'0.0000','699.9900'),(175757,2,157,1,'0.0000','699.9900'),(175758,2,157,2,'0.0000','699.9900'),(175759,2,157,3,'0.0000','699.9900'),(175760,2,157,4,'0.0000','699.9900'),(175761,3,157,0,'0.0000','699.9900'),(175762,3,157,1,'0.0000','699.9900'),(175763,3,157,2,'0.0000','699.9900'),(175764,3,157,3,'0.0000','699.9900'),(175765,3,157,4,'0.0000','699.9900'),(175781,1,153,0,'0.0000','2049.9900'),(175782,1,153,1,'0.0000','2049.9900'),(175783,1,153,2,'0.0000','2049.9900'),(175784,1,153,3,'0.0000','2049.9900'),(175785,1,153,4,'0.0000','2049.9900'),(175786,2,153,0,'0.0000','2049.9900'),(175787,2,153,1,'0.0000','2049.9900'),(175788,2,153,2,'0.0000','2049.9900'),(175789,2,153,3,'0.0000','2049.9900'),(175790,2,153,4,'0.0000','2049.9900'),(175791,3,153,0,'0.0000','2049.9900'),(175792,3,153,1,'0.0000','2049.9900'),(175793,3,153,2,'0.0000','2049.9900'),(175794,3,153,3,'0.0000','2049.9900'),(175795,3,153,4,'0.0000','2049.9900'),(175796,1,152,0,'0.0000','699.9900'),(175797,1,152,1,'0.0000','699.9900'),(175798,1,152,2,'0.0000','699.9900'),(175799,1,152,3,'0.0000','699.9900'),(175800,1,152,4,'0.0000','699.9900'),(175801,2,152,0,'0.0000','699.9900'),(175802,2,152,1,'0.0000','699.9900'),(175803,2,152,2,'0.0000','699.9900'),(175804,2,152,3,'0.0000','699.9900'),(175805,2,152,4,'0.0000','699.9900'),(175806,3,152,0,'0.0000','699.9900'),(175807,3,152,1,'0.0000','699.9900'),(175808,3,152,2,'0.0000','699.9900'),(175809,3,152,3,'0.0000','699.9900'),(175810,3,152,4,'0.0000','699.9900'),(175811,1,151,0,'0.0000','98.9900'),(175812,1,151,1,'0.0000','98.9900'),(175813,1,151,2,'0.0000','98.9900'),(175814,1,151,3,'0.0000','98.9900'),(175815,1,151,4,'0.0000','98.9900'),(175816,2,151,0,'0.0000','98.9900'),(175817,2,151,1,'0.0000','98.9900'),(175818,2,151,2,'0.0000','98.9900'),(175819,2,151,3,'0.0000','98.9900'),(175820,2,151,4,'0.0000','98.9900'),(175821,3,151,0,'0.0000','98.9900'),(175822,3,151,1,'0.0000','98.9900'),(175823,3,151,2,'0.0000','98.9900'),(175824,3,151,3,'0.0000','98.9900'),(175825,3,151,4,'0.0000','98.9900'),(175826,1,156,0,'0.0000','399.9900'),(175827,1,156,1,'0.0000','399.9900'),(175828,1,156,2,'0.0000','399.9900'),(175829,1,156,3,'0.0000','399.9900'),(175830,1,156,4,'0.0000','399.9900'),(175831,2,156,0,'0.0000','399.9900'),(175832,2,156,1,'0.0000','399.9900'),(175833,2,156,2,'0.0000','399.9900'),(175834,2,156,3,'0.0000','399.9900'),(175835,2,156,4,'0.0000','399.9900'),(175836,3,156,0,'0.0000','399.9900'),(175837,3,156,1,'0.0000','399.9900'),(175838,3,156,2,'0.0000','399.9900'),(175839,3,156,3,'0.0000','399.9900'),(175840,3,156,4,'0.0000','399.9900'),(175841,1,147,0,'0.0000','399.9900'),(175842,1,147,1,'0.0000','399.9900'),(175843,1,147,2,'0.0000','399.9900'),(175844,1,147,3,'0.0000','399.9900'),(175845,1,147,4,'0.0000','399.9900'),(175846,2,147,0,'0.0000','399.9900'),(175847,2,147,1,'0.0000','399.9900'),(175848,2,147,2,'0.0000','399.9900'),(175849,2,147,3,'0.0000','399.9900'),(175850,2,147,4,'0.0000','399.9900'),(175851,3,147,0,'0.0000','399.9900'),(175852,3,147,1,'0.0000','399.9900'),(175853,3,147,2,'0.0000','399.9900'),(175854,3,147,3,'0.0000','399.9900'),(175855,3,147,4,'0.0000','399.9900');

--
-- Table structure for table `catalogindex_price`
--

CREATE TABLE `catalogindex_price` (
  `store_id` smallint(5) unsigned NOT NULL default '0',
  `entity_id` int(10) unsigned NOT NULL default '0',
  `attribute_id` smallint(5) unsigned NOT NULL default '0',
  `customer_group_id` smallint(3) unsigned NOT NULL default '0',
  `qty` decimal(12,4) unsigned NOT NULL default '0.0000',
  `value` decimal(12,4) NOT NULL default '0.0000',
  KEY `IDX_VALUE` (`value`),
  KEY `IDX_QTY` (`qty`),
  KEY `FK_CATALOGINDEX_PRICE_ENTITY` (`entity_id`),
  KEY `FK_CATALOGINDEX_PRICE_ATTRIBUTE` (`attribute_id`),
  KEY `FK_CATALOGINDEX_PRICE_STORE` (`store_id`),
  KEY `FK_CATALOGINDEX_PRICE_CUSTOMER_GROUP` (`customer_group_id`),
  KEY `IDX_RANGE_VALUE` (`store_id`,`entity_id`,`attribute_id`,`customer_group_id`,`value`),
  CONSTRAINT `FK_CATALOGINDEX_PRICE_ATTRIBUTE` FOREIGN KEY (`attribute_id`) REFERENCES `eav_attribute` (`attribute_id`) ON DELETE CASCADE ON UPDATE CASCADE,
  CONSTRAINT `FK_CATALOGINDEX_PRICE_ENTITY` FOREIGN KEY (`entity_id`) REFERENCES `catalog_product_entity` (`entity_id`) ON DELETE CASCADE ON UPDATE CASCADE,
  CONSTRAINT `FK_CATALOGINDEX_PRICE_STORE` FOREIGN KEY (`store_id`) REFERENCES `core_store` (`store_id`) ON DELETE CASCADE ON UPDATE CASCADE
) ENGINE=InnoDB DEFAULT CHARSET=utf8;

--
-- Dumping data for table `catalogindex_price`
--

INSERT INTO `catalogindex_price` VALUES (1,158,100,0,'0.0000','899.9900'),(1,158,503,0,'0.0000','2699.9900'),(1,25,100,0,'0.0000','1299.9900'),(1,26,100,0,'0.0000','999.9900'),(1,27,100,0,'0.0000','899.9900'),(1,39,100,0,'0.0000','5.0000'),(1,41,100,0,'0.0000','100.0000'),(1,41,503,0,'0.0000','399.9900'),(1,42,100,0,'0.0000','800.0000'),(1,42,503,0,'0.0000','2299.0000'),(1,27,503,0,'0.0000','2699.9900'),(1,26,503,0,'0.0000','1799.9900'),(1,25,503,0,'0.0000','2299.9900'),(1,44,100,0,'0.0000','200.0000'),(1,44,503,0,'0.0000','449.0000'),(1,133,503,0,'0.0000','34.0000'),(1,134,503,0,'0.0000','19.0000'),(1,119,100,0,'0.0000','2.0000'),(1,119,503,0,'0.0000','10.0000'),(1,123,100,0,'0.0000','2.0000'),(1,123,503,0,'0.0000','10.0000'),(1,165,567,0,'0.0000','75.0000'),(1,44,270,0,'2.0000','449.0000'),(1,44,270,1,'2.0000','449.0000'),(1,44,270,2,'2.0000','449.0000'),(1,44,270,3,'2.0000','449.0000'),(1,44,270,4,'2.0000','449.0000'),(1,123,270,0,'5.0000','90.0000'),(1,123,270,1,'5.0000','90.0000'),(1,123,270,2,'5.0000','90.0000'),(1,123,270,3,'5.0000','90.0000'),(1,123,270,4,'5.0000','90.0000'),(1,123,270,0,'10.0000','80.0000'),(1,123,270,1,'10.0000','80.0000'),(1,123,270,2,'10.0000','80.0000'),(1,123,270,3,'10.0000','80.0000'),(1,123,270,4,'10.0000','80.0000'),(1,123,270,0,'20.0000','70.0000'),(1,123,270,1,'20.0000','70.0000'),(1,123,270,2,'20.0000','70.0000'),(1,123,270,3,'20.0000','70.0000'),(1,123,270,4,'20.0000','70.0000'),(1,25,99,0,'0.0000','2299.9900'),(1,25,99,1,'0.0000','2299.9900'),(1,25,99,2,'0.0000','2299.9900'),(1,25,99,3,'0.0000','2299.9900'),(1,25,99,4,'0.0000','2299.9900'),(1,26,99,0,'0.0000','1799.9900'),(1,26,99,1,'0.0000','1799.9900'),(1,26,99,2,'0.0000','1799.9900'),(1,26,99,3,'0.0000','1799.9900'),(1,26,99,4,'0.0000','1799.9900'),(1,27,99,0,'0.0000','2699.9900'),(1,27,99,1,'0.0000','2699.9900'),(1,27,99,2,'0.0000','2699.9900'),(1,27,99,3,'0.0000','2699.9900'),(1,27,99,4,'0.0000','2699.9900'),(1,39,99,0,'0.0000','30.0000'),(1,39,99,1,'0.0000','30.0000'),(1,39,99,2,'0.0000','30.0000'),(1,39,99,3,'0.0000','30.0000'),(1,39,99,4,'0.0000','30.0000'),(1,41,99,0,'0.0000','399.9900'),(1,41,99,1,'0.0000','399.9900'),(1,41,99,2,'0.0000','399.9900'),(1,41,99,3,'0.0000','399.9900'),(1,41,99,4,'0.0000','399.9900'),(1,42,99,0,'0.0000','2299.0000'),(1,42,99,1,'0.0000','2299.0000'),(1,42,99,2,'0.0000','2299.0000'),(1,42,99,3,'0.0000','2299.0000'),(1,42,99,4,'0.0000','2299.0000'),(1,44,99,0,'0.0000','550.0000'),(1,44,99,1,'0.0000','550.0000'),(1,44,99,2,'0.0000','550.0000'),(1,44,99,3,'0.0000','550.0000'),(1,44,99,4,'0.0000','550.0000'),(1,133,99,0,'0.0000','34.0000'),(1,133,99,1,'0.0000','34.0000'),(1,133,99,2,'0.0000','34.0000'),(1,133,99,3,'0.0000','34.0000'),(1,133,99,4,'0.0000','34.0000'),(1,134,99,0,'0.0000','19.0000'),(1,134,99,1,'0.0000','19.0000'),(1,134,99,2,'0.0000','19.0000'),(1,134,99,3,'0.0000','19.0000'),(1,134,99,4,'0.0000','19.0000'),(1,139,99,0,'0.0000','199.9900'),(1,139,99,1,'0.0000','199.9900'),(1,139,99,2,'0.0000','199.9900'),(1,139,99,3,'0.0000','199.9900'),(1,139,99,4,'0.0000','199.9900'),(1,140,99,0,'0.0000','199.9900'),(1,140,99,1,'0.0000','199.9900'),(1,140,99,2,'0.0000','199.9900'),(1,140,99,3,'0.0000','199.9900'),(1,140,99,4,'0.0000','199.9900'),(1,141,99,0,'0.0000','150.9900'),(1,141,99,1,'0.0000','150.9900'),(1,141,99,2,'0.0000','150.9900'),(1,141,99,3,'0.0000','150.9900'),(1,141,99,4,'0.0000','150.9900'),(1,143,99,0,'0.0000','99.9900'),(1,143,99,1,'0.0000','99.9900'),(1,143,99,2,'0.0000','99.9900'),(1,143,99,3,'0.0000','99.9900'),(1,143,99,4,'0.0000','99.9900'),(1,149,99,0,'0.0000','399.0000'),(1,149,99,1,'0.0000','399.0000'),(1,149,99,2,'0.0000','399.0000'),(1,149,99,3,'0.0000','399.0000'),(1,149,99,4,'0.0000','399.0000'),(1,150,99,0,'0.0000','299.0000'),(1,150,99,1,'0.0000','299.0000'),(1,150,99,2,'0.0000','299.0000'),(1,150,99,3,'0.0000','299.0000'),(1,150,99,4,'0.0000','299.0000'),(1,154,99,0,'0.0000','299.0000'),(1,154,99,1,'0.0000','299.0000'),(1,154,99,2,'0.0000','299.0000'),(1,154,99,3,'0.0000','299.0000'),(1,154,99,4,'0.0000','299.0000'),(1,155,99,0,'0.0000','99.0000'),(1,155,99,1,'0.0000','99.0000'),(1,155,99,2,'0.0000','99.0000'),(1,155,99,3,'0.0000','99.0000'),(1,155,99,4,'0.0000','99.0000'),(1,166,99,0,'0.0000','750.0000'),(1,166,99,1,'0.0000','750.0000'),(1,166,99,2,'0.0000','750.0000'),(1,166,99,3,'0.0000','750.0000'),(1,166,99,4,'0.0000','750.0000'),(1,138,99,0,'0.0000','150.0000'),(1,138,99,1,'0.0000','150.0000'),(1,138,99,2,'0.0000','150.0000'),(1,138,99,3,'0.0000','150.0000'),(1,138,99,4,'0.0000','150.0000'),(2,138,99,0,'0.0000','150.0000'),(2,138,99,1,'0.0000','150.0000'),(2,138,99,2,'0.0000','150.0000'),(2,138,99,3,'0.0000','150.0000'),(2,138,99,4,'0.0000','150.0000'),(3,138,99,0,'0.0000','150.0000'),(3,138,99,1,'0.0000','150.0000'),(3,138,99,2,'0.0000','150.0000'),(3,138,99,3,'0.0000','150.0000'),(3,138,99,4,'0.0000','150.0000'),(1,98,100,0,'0.0000','29.9900'),(1,98,503,0,'0.0000','160.9900'),(1,98,99,0,'0.0000','160.9900'),(1,98,99,1,'0.0000','160.9900'),(1,98,99,2,'0.0000','160.9900'),(1,98,99,3,'0.0000','160.9900'),(1,98,99,4,'0.0000','160.9900'),(2,98,100,0,'0.0000','29.9900'),(2,98,503,0,'0.0000','160.9900'),(2,98,99,0,'0.0000','160.9900'),(2,98,99,1,'0.0000','160.9900'),(2,98,99,2,'0.0000','160.9900'),(2,98,99,3,'0.0000','160.9900'),(2,98,99,4,'0.0000','160.9900'),(3,98,100,0,'0.0000','29.9900'),(3,98,503,0,'0.0000','160.9900'),(3,98,99,0,'0.0000','160.9900'),(3,98,99,1,'0.0000','160.9900'),(3,98,99,2,'0.0000','160.9900'),(3,98,99,3,'0.0000','160.9900'),(3,98,99,4,'0.0000','160.9900'),(1,16,100,0,'0.0000','20.0000'),(1,16,503,0,'0.0000','149.9900'),(1,16,99,0,'0.0000','149.9900'),(1,16,99,1,'0.0000','149.9900'),(1,16,99,2,'0.0000','149.9900'),(1,16,99,3,'0.0000','149.9900'),(1,16,99,4,'0.0000','149.9900'),(2,16,100,0,'0.0000','20.0000'),(2,16,503,0,'0.0000','149.9900'),(2,16,99,0,'0.0000','149.9900'),(2,16,99,1,'0.0000','149.9900'),(2,16,99,2,'0.0000','149.9900'),(2,16,99,3,'0.0000','149.9900'),(2,16,99,4,'0.0000','149.9900'),(3,16,100,0,'0.0000','20.0000'),(3,16,503,0,'0.0000','149.9900'),(3,16,99,0,'0.0000','149.9900'),(3,16,99,1,'0.0000','149.9900'),(3,16,99,2,'0.0000','149.9900'),(3,16,99,3,'0.0000','149.9900'),(3,16,99,4,'0.0000','149.9900'),(1,17,100,0,'0.0000','29.9900'),(1,17,503,0,'0.0000','349.9900'),(1,17,99,0,'0.0000','349.9900'),(1,17,99,1,'0.0000','349.9900'),(1,17,99,2,'0.0000','349.9900'),(1,17,99,3,'0.0000','349.9900'),(1,17,99,4,'0.0000','349.9900'),(2,17,100,0,'0.0000','29.9900'),(2,17,503,0,'0.0000','349.9900'),(2,17,99,0,'0.0000','349.9900'),(2,17,99,1,'0.0000','349.9900'),(2,17,99,2,'0.0000','349.9900'),(2,17,99,3,'0.0000','349.9900'),(2,17,99,4,'0.0000','349.9900'),(3,17,100,0,'0.0000','29.9900'),(3,17,503,0,'0.0000','349.9900'),(3,17,99,0,'0.0000','349.9900'),(3,17,99,1,'0.0000','349.9900'),(3,17,99,2,'0.0000','349.9900'),(3,17,99,3,'0.0000','349.9900'),(3,17,99,4,'0.0000','349.9900'),(1,18,100,0,'0.0000','29.9900'),(1,18,503,0,'0.0000','399.9900'),(1,18,99,0,'0.0000','399.9900'),(1,18,99,1,'0.0000','399.9900'),(1,18,99,2,'0.0000','399.9900'),(1,18,99,3,'0.0000','399.9900'),(1,18,99,4,'0.0000','399.9900'),(2,18,100,0,'0.0000','29.9900'),(2,18,503,0,'0.0000','399.9900'),(2,18,99,0,'0.0000','399.9900'),(2,18,99,1,'0.0000','399.9900'),(2,18,99,2,'0.0000','399.9900'),(2,18,99,3,'0.0000','399.9900'),(2,18,99,4,'0.0000','399.9900'),(3,18,100,0,'0.0000','29.9900'),(3,18,503,0,'0.0000','399.9900'),(3,18,99,0,'0.0000','399.9900'),(3,18,99,1,'0.0000','399.9900'),(3,18,99,2,'0.0000','399.9900'),(3,18,99,3,'0.0000','399.9900'),(3,18,99,4,'0.0000','399.9900'),(1,19,100,0,'0.0000','29.9900'),(1,19,503,0,'0.0000','199.9900'),(1,19,99,0,'0.0000','199.9900'),(1,19,99,1,'0.0000','199.9900'),(1,19,99,2,'0.0000','199.9900'),(1,19,99,3,'0.0000','199.9900'),(1,19,99,4,'0.0000','199.9900'),(2,19,100,0,'0.0000','29.9900'),(2,19,503,0,'0.0000','199.9900'),(2,19,99,0,'0.0000','199.9900'),(2,19,99,1,'0.0000','199.9900'),(2,19,99,2,'0.0000','199.9900'),(2,19,99,3,'0.0000','199.9900'),(2,19,99,4,'0.0000','199.9900'),(3,19,100,0,'0.0000','29.9900'),(3,19,503,0,'0.0000','199.9900'),(3,19,99,0,'0.0000','199.9900'),(3,19,99,1,'0.0000','199.9900'),(3,19,99,2,'0.0000','199.9900'),(3,19,99,3,'0.0000','199.9900'),(3,19,99,4,'0.0000','199.9900'),(1,20,100,0,'0.0000','29.9900'),(1,20,503,0,'0.0000','150.0000'),(1,20,99,0,'0.0000','150.0000'),(1,20,99,1,'0.0000','150.0000'),(1,20,99,2,'0.0000','150.0000'),(1,20,99,3,'0.0000','150.0000'),(1,20,99,4,'0.0000','150.0000'),(2,20,100,0,'0.0000','29.9900'),(2,20,503,0,'0.0000','150.0000'),(2,20,99,0,'0.0000','150.0000'),(2,20,99,1,'0.0000','150.0000'),(2,20,99,2,'0.0000','150.0000'),(2,20,99,3,'0.0000','150.0000'),(2,20,99,4,'0.0000','150.0000'),(3,20,100,0,'0.0000','29.9900'),(3,20,503,0,'0.0000','150.0000'),(3,20,99,0,'0.0000','150.0000'),(3,20,99,1,'0.0000','150.0000'),(3,20,99,2,'0.0000','150.0000'),(3,20,99,3,'0.0000','150.0000'),(3,20,99,4,'0.0000','150.0000'),(1,28,100,0,'0.0000','899.9900'),(1,28,503,0,'0.0000','1599.9900'),(1,28,99,0,'0.0000','1599.9900'),(1,28,99,1,'0.0000','1599.9900'),(1,28,99,2,'0.0000','1599.9900'),(1,28,99,3,'0.0000','1599.9900'),(1,28,99,4,'0.0000','1599.9900'),(2,28,100,0,'0.0000','899.9900'),(2,28,503,0,'0.0000','1599.9900'),(2,28,99,0,'0.0000','1599.9900'),(2,28,99,1,'0.0000','1599.9900'),(2,28,99,2,'0.0000','1599.9900'),(2,28,99,3,'0.0000','1599.9900'),(2,28,99,4,'0.0000','1599.9900'),(3,28,100,0,'0.0000','899.9900'),(3,28,503,0,'0.0000','1599.9900'),(3,28,99,0,'0.0000','1599.9900'),(3,28,99,1,'0.0000','1599.9900'),(3,28,99,2,'0.0000','1599.9900'),(3,28,99,3,'0.0000','1599.9900'),(3,28,99,4,'0.0000','1599.9900'),(1,45,100,0,'0.0000','20.0000'),(1,45,503,0,'0.0000','37.4900'),(1,45,99,0,'0.0000','37.4900'),(1,45,99,1,'0.0000','37.4900'),(1,45,99,2,'0.0000','37.4900'),(1,45,99,3,'0.0000','37.4900'),(1,45,99,4,'0.0000','37.4900'),(2,45,100,0,'0.0000','20.0000'),(2,45,503,0,'0.0000','37.4900'),(2,45,99,0,'0.0000','37.4900'),(2,45,99,1,'0.0000','37.4900'),(2,45,99,2,'0.0000','37.4900'),(2,45,99,3,'0.0000','37.4900'),(2,45,99,4,'0.0000','37.4900'),(3,45,100,0,'0.0000','20.0000'),(3,45,503,0,'0.0000','37.4900'),(3,45,99,0,'0.0000','37.4900'),(3,45,99,1,'0.0000','37.4900'),(3,45,99,2,'0.0000','37.4900'),(3,45,99,3,'0.0000','37.4900'),(3,45,99,4,'0.0000','37.4900'),(1,46,100,0,'0.0000','29.9900'),(1,46,503,0,'0.0000','161.9400'),(1,46,99,0,'0.0000','161.9400'),(1,46,99,1,'0.0000','161.9400'),(1,46,99,2,'0.0000','161.9400'),(1,46,99,3,'0.0000','161.9400'),(1,46,99,4,'0.0000','161.9400'),(2,46,100,0,'0.0000','29.9900'),(2,46,503,0,'0.0000','161.9400'),(2,46,99,0,'0.0000','161.9400'),(2,46,99,1,'0.0000','161.9400'),(2,46,99,2,'0.0000','161.9400'),(2,46,99,3,'0.0000','161.9400'),(2,46,99,4,'0.0000','161.9400'),(3,46,100,0,'0.0000','29.9900'),(3,46,503,0,'0.0000','161.9400'),(3,46,99,0,'0.0000','161.9400'),(3,46,99,1,'0.0000','161.9400'),(3,46,99,2,'0.0000','161.9400'),(3,46,99,3,'0.0000','161.9400'),(3,46,99,4,'0.0000','161.9400'),(1,47,100,0,'0.0000','29.9900'),(1,47,503,0,'0.0000','329.9900'),(1,47,99,0,'0.0000','329.9900'),(1,47,99,1,'0.0000','329.9900'),(1,47,99,2,'0.0000','329.9900'),(1,47,99,3,'0.0000','329.9900'),(1,47,99,4,'0.0000','329.9900'),(2,47,100,0,'0.0000','29.9900'),(2,47,503,0,'0.0000','329.9900'),(2,47,99,0,'0.0000','329.9900'),(2,47,99,1,'0.0000','329.9900'),(2,47,99,2,'0.0000','329.9900'),(2,47,99,3,'0.0000','329.9900'),(2,47,99,4,'0.0000','329.9900'),(3,47,100,0,'0.0000','29.9900'),(3,47,503,0,'0.0000','329.9900'),(3,47,99,0,'0.0000','329.9900'),(3,47,99,1,'0.0000','329.9900'),(3,47,99,2,'0.0000','329.9900'),(3,47,99,3,'0.0000','329.9900'),(3,47,99,4,'0.0000','329.9900'),(1,48,100,0,'0.0000','29.9900'),(1,48,503,0,'0.0000','199.9900'),(1,48,99,0,'0.0000','199.9900'),(1,48,99,1,'0.0000','199.9900'),(1,48,99,2,'0.0000','199.9900'),(1,48,99,3,'0.0000','199.9900'),(1,48,99,4,'0.0000','199.9900'),(2,48,100,0,'0.0000','29.9900'),(2,48,503,0,'0.0000','199.9900'),(2,48,99,0,'0.0000','199.9900'),(2,48,99,1,'0.0000','199.9900'),(2,48,99,2,'0.0000','199.9900'),(2,48,99,3,'0.0000','199.9900'),(2,48,99,4,'0.0000','199.9900'),(3,48,100,0,'0.0000','29.9900'),(3,48,503,0,'0.0000','199.9900'),(3,48,99,0,'0.0000','199.9900'),(3,48,99,1,'0.0000','199.9900'),(3,48,99,2,'0.0000','199.9900'),(3,48,99,3,'0.0000','199.9900'),(3,48,99,4,'0.0000','199.9900'),(1,51,100,0,'0.0000','50.0000'),(1,51,503,0,'0.0000','299.9900'),(1,51,99,0,'0.0000','299.9900'),(1,51,99,1,'0.0000','299.9900'),(1,51,99,2,'0.0000','299.9900'),(1,51,99,3,'0.0000','299.9900'),(1,51,99,4,'0.0000','299.9900'),(2,51,100,0,'0.0000','50.0000'),(2,51,503,0,'0.0000','299.9900'),(2,51,99,0,'0.0000','299.9900'),(2,51,99,1,'0.0000','299.9900'),(2,51,99,2,'0.0000','299.9900'),(2,51,99,3,'0.0000','299.9900'),(2,51,99,4,'0.0000','299.9900'),(3,51,100,0,'0.0000','50.0000'),(3,51,503,0,'0.0000','299.9900'),(3,51,99,0,'0.0000','299.9900'),(3,51,99,1,'0.0000','299.9900'),(3,51,99,2,'0.0000','299.9900'),(3,51,99,3,'0.0000','299.9900'),(3,51,99,4,'0.0000','299.9900'),(1,52,100,0,'0.0000','50.0000'),(1,52,503,0,'0.0000','129.9900'),(1,52,99,0,'0.0000','129.9900'),(1,52,99,1,'0.0000','129.9900'),(1,52,99,2,'0.0000','129.9900'),(1,52,99,3,'0.0000','129.9900'),(1,52,99,4,'0.0000','129.9900'),(2,52,100,0,'0.0000','50.0000'),(2,52,503,0,'0.0000','129.9900'),(2,52,99,0,'0.0000','129.9900'),(2,52,99,1,'0.0000','129.9900'),(2,52,99,2,'0.0000','129.9900'),(2,52,99,3,'0.0000','129.9900'),(2,52,99,4,'0.0000','129.9900'),(3,52,100,0,'0.0000','50.0000'),(3,52,503,0,'0.0000','129.9900'),(3,52,99,0,'0.0000','129.9900'),(3,52,99,1,'0.0000','129.9900'),(3,52,99,2,'0.0000','129.9900'),(3,52,99,3,'0.0000','129.9900'),(3,52,99,4,'0.0000','129.9900'),(1,53,100,0,'0.0000','200.0000'),(1,53,503,0,'0.0000','599.9900'),(1,53,99,0,'0.0000','599.9900'),(1,53,99,1,'0.0000','599.9900'),(1,53,99,2,'0.0000','599.9900'),(1,53,99,3,'0.0000','599.9900'),(1,53,99,4,'0.0000','599.9900'),(2,53,100,0,'0.0000','200.0000'),(2,53,503,0,'0.0000','599.9900'),(2,53,99,0,'0.0000','599.9900'),(2,53,99,1,'0.0000','599.9900'),(2,53,99,2,'0.0000','599.9900'),(2,53,99,3,'0.0000','599.9900'),(2,53,99,4,'0.0000','599.9900'),(3,53,100,0,'0.0000','200.0000'),(3,53,503,0,'0.0000','599.9900'),(3,53,99,0,'0.0000','599.9900'),(3,53,99,1,'0.0000','599.9900'),(3,53,99,2,'0.0000','599.9900'),(3,53,99,3,'0.0000','599.9900'),(3,53,99,4,'0.0000','599.9900'),(1,83,100,0,'0.0000','2.0000'),(1,83,503,0,'0.0000','13.9900'),(1,83,99,0,'0.0000','15.9900'),(1,83,99,1,'0.0000','15.9900'),(1,83,99,2,'0.0000','15.9900'),(1,83,99,3,'0.0000','15.9900'),(1,83,99,4,'0.0000','15.9900'),(2,83,100,0,'0.0000','2.0000'),(2,83,503,0,'0.0000','13.9900'),(2,83,99,0,'0.0000','15.9900'),(2,83,99,1,'0.0000','15.9900'),(2,83,99,2,'0.0000','15.9900'),(2,83,99,3,'0.0000','15.9900'),(2,83,99,4,'0.0000','15.9900'),(3,83,100,0,'0.0000','2.0000'),(3,83,503,0,'0.0000','13.9900'),(3,83,99,0,'0.0000','15.9900'),(3,83,99,1,'0.0000','15.9900'),(3,83,99,2,'0.0000','15.9900'),(3,83,99,3,'0.0000','15.9900'),(3,83,99,4,'0.0000','15.9900'),(1,54,100,0,'0.0000','50.0000'),(1,54,503,0,'0.0000','299.9900'),(1,54,100,0,'0.0000','50.0000'),(1,54,503,0,'0.0000','129.9900'),(1,54,100,0,'0.0000','200.0000'),(1,54,503,0,'0.0000','599.9900'),(1,54,100,0,'0.0000','300.0000'),(1,54,503,0,'0.0000','699.9900'),(1,54,99,0,'0.0000','299.9900'),(1,54,99,1,'0.0000','299.9900'),(1,54,99,2,'0.0000','299.9900'),(1,54,99,3,'0.0000','299.9900'),(1,54,99,4,'0.0000','299.9900'),(1,54,99,0,'0.0000','129.9900'),(1,54,99,1,'0.0000','129.9900'),(1,54,99,2,'0.0000','129.9900'),(1,54,99,3,'0.0000','129.9900'),(1,54,99,4,'0.0000','129.9900'),(1,54,99,0,'0.0000','599.9900'),(1,54,99,1,'0.0000','599.9900'),(1,54,99,2,'0.0000','599.9900'),(1,54,99,3,'0.0000','599.9900'),(1,54,99,4,'0.0000','599.9900'),(2,54,100,0,'0.0000','50.0000'),(2,54,503,0,'0.0000','299.9900'),(2,54,100,0,'0.0000','50.0000'),(2,54,503,0,'0.0000','129.9900'),(2,54,100,0,'0.0000','200.0000'),(2,54,503,0,'0.0000','599.9900'),(2,54,100,0,'0.0000','300.0000'),(2,54,503,0,'0.0000','699.9900'),(2,54,99,0,'0.0000','299.9900'),(2,54,99,1,'0.0000','299.9900'),(2,54,99,2,'0.0000','299.9900'),(2,54,99,3,'0.0000','299.9900'),(2,54,99,4,'0.0000','299.9900'),(2,54,99,0,'0.0000','129.9900'),(2,54,99,1,'0.0000','129.9900'),(2,54,99,2,'0.0000','129.9900'),(2,54,99,3,'0.0000','129.9900'),(2,54,99,4,'0.0000','129.9900'),(2,54,99,0,'0.0000','599.9900'),(2,54,99,1,'0.0000','599.9900'),(2,54,99,2,'0.0000','599.9900'),(2,54,99,3,'0.0000','599.9900'),(2,54,99,4,'0.0000','599.9900'),(3,54,100,0,'0.0000','50.0000'),(3,54,503,0,'0.0000','299.9900'),(3,54,100,0,'0.0000','50.0000'),(3,54,503,0,'0.0000','129.9900'),(3,54,100,0,'0.0000','200.0000'),(3,54,503,0,'0.0000','599.9900'),(3,54,100,0,'0.0000','300.0000'),(3,54,503,0,'0.0000','699.9900'),(3,54,99,0,'0.0000','299.9900'),(3,54,99,1,'0.0000','299.9900'),(3,54,99,2,'0.0000','299.9900'),(3,54,99,3,'0.0000','299.9900'),(3,54,99,4,'0.0000','299.9900'),(3,54,99,0,'0.0000','129.9900'),(3,54,99,1,'0.0000','129.9900'),(3,54,99,2,'0.0000','129.9900'),(3,54,99,3,'0.0000','129.9900'),(3,54,99,4,'0.0000','129.9900'),(3,54,99,0,'0.0000','599.9900'),(3,54,99,1,'0.0000','599.9900'),(3,54,99,2,'0.0000','599.9900'),(3,54,99,3,'0.0000','599.9900'),(3,54,99,4,'0.0000','599.9900'),(1,93,100,0,'0.0000','29.9900'),(1,93,503,0,'0.0000','134.9900'),(1,93,99,0,'0.0000','134.9900'),(1,93,99,1,'0.0000','134.9900'),(1,93,99,2,'0.0000','134.9900'),(1,93,99,3,'0.0000','134.9900'),(1,93,99,4,'0.0000','134.9900'),(2,93,100,0,'0.0000','29.9900'),(2,93,503,0,'0.0000','134.9900'),(2,93,99,0,'0.0000','134.9900'),(2,93,99,1,'0.0000','134.9900'),(2,93,99,2,'0.0000','134.9900'),(2,93,99,3,'0.0000','134.9900'),(2,93,99,4,'0.0000','134.9900'),(3,93,100,0,'0.0000','29.9900'),(3,93,503,0,'0.0000','134.9900'),(3,93,99,0,'0.0000','134.9900'),(3,93,99,1,'0.0000','134.9900'),(3,93,99,2,'0.0000','134.9900'),(3,93,99,3,'0.0000','134.9900'),(3,93,99,4,'0.0000','134.9900'),(1,103,100,0,'0.0000','29.9900'),(1,103,503,0,'0.0000','69.9900'),(1,103,99,0,'0.0000','69.9900'),(1,103,99,1,'0.0000','69.9900'),(1,103,99,2,'0.0000','69.9900'),(1,103,99,3,'0.0000','69.9900'),(1,103,99,4,'0.0000','69.9900'),(2,103,100,0,'0.0000','29.9900'),(2,103,503,0,'0.0000','69.9900'),(2,103,99,0,'0.0000','69.9900'),(2,103,99,1,'0.0000','69.9900'),(2,103,99,2,'0.0000','69.9900'),(2,103,99,3,'0.0000','69.9900'),(2,103,99,4,'0.0000','69.9900'),(3,103,100,0,'0.0000','29.9900'),(3,103,503,0,'0.0000','69.9900'),(3,103,99,0,'0.0000','69.9900'),(3,103,99,1,'0.0000','69.9900'),(3,103,99,2,'0.0000','69.9900'),(3,103,99,3,'0.0000','69.9900'),(3,103,99,4,'0.0000','69.9900'),(1,108,100,0,'0.0000','29.9900'),(1,108,503,0,'0.0000','89.9900'),(1,108,99,0,'0.0000','89.9900'),(1,108,99,1,'0.0000','89.9900'),(1,108,99,2,'0.0000','89.9900'),(1,108,99,3,'0.0000','89.9900'),(1,108,99,4,'0.0000','89.9900'),(2,108,100,0,'0.0000','29.9900'),(2,108,503,0,'0.0000','89.9900'),(2,108,99,0,'0.0000','89.9900'),(2,108,99,1,'0.0000','89.9900'),(2,108,99,2,'0.0000','89.9900'),(2,108,99,3,'0.0000','89.9900'),(2,108,99,4,'0.0000','89.9900'),(3,108,100,0,'0.0000','29.9900'),(3,108,503,0,'0.0000','89.9900'),(3,108,99,0,'0.0000','89.9900'),(3,108,99,1,'0.0000','89.9900'),(3,108,99,2,'0.0000','89.9900'),(3,108,99,3,'0.0000','89.9900'),(3,108,99,4,'0.0000','89.9900'),(1,112,100,0,'0.0000','29.9900'),(1,112,503,0,'0.0000','159.9900'),(1,112,99,0,'0.0000','159.9900'),(1,112,99,1,'0.0000','159.9900'),(1,112,99,2,'0.0000','159.9900'),(1,112,99,3,'0.0000','159.9900'),(1,112,99,4,'0.0000','159.9900'),(2,112,100,0,'0.0000','29.9900'),(2,112,503,0,'0.0000','159.9900'),(2,112,99,0,'0.0000','159.9900'),(2,112,99,1,'0.0000','159.9900'),(2,112,99,2,'0.0000','159.9900'),(2,112,99,3,'0.0000','159.9900'),(2,112,99,4,'0.0000','159.9900'),(3,112,100,0,'0.0000','29.9900'),(3,112,503,0,'0.0000','159.9900'),(3,112,99,0,'0.0000','159.9900'),(3,112,99,1,'0.0000','159.9900'),(3,112,99,2,'0.0000','159.9900'),(3,112,99,3,'0.0000','159.9900'),(3,112,99,4,'0.0000','159.9900'),(1,120,100,0,'0.0000','2.0000'),(1,120,503,0,'0.0000','18.0000'),(1,120,270,0,'5.0000','21.0000'),(1,120,270,1,'5.0000','21.0000'),(1,120,270,2,'5.0000','21.0000'),(1,120,270,3,'5.0000','21.0000'),(1,120,270,4,'5.0000','21.0000'),(1,120,270,0,'10.0000','20.0000'),(1,120,270,1,'10.0000','20.0000'),(1,120,270,2,'10.0000','20.0000'),(1,120,270,3,'10.0000','20.0000'),(1,120,270,4,'10.0000','20.0000'),(1,120,270,0,'20.0000','18.0000'),(1,120,270,1,'20.0000','18.0000'),(1,120,270,2,'20.0000','18.0000'),(1,120,270,3,'20.0000','18.0000'),(1,120,270,4,'20.0000','18.0000'),(1,120,99,0,'0.0000','22.0000'),(1,120,99,1,'0.0000','22.0000'),(1,120,99,2,'0.0000','22.0000'),(1,120,99,3,'0.0000','22.0000'),(1,120,99,4,'0.0000','22.0000'),(2,120,100,0,'0.0000','2.0000'),(2,120,503,0,'0.0000','18.0000'),(2,120,270,0,'5.0000','21.0000'),(2,120,270,1,'5.0000','21.0000'),(2,120,270,2,'5.0000','21.0000'),(2,120,270,3,'5.0000','21.0000'),(2,120,270,4,'5.0000','21.0000'),(2,120,270,0,'10.0000','20.0000'),(2,120,270,1,'10.0000','20.0000'),(2,120,270,2,'10.0000','20.0000'),(2,120,270,3,'10.0000','20.0000'),(2,120,270,4,'10.0000','20.0000'),(2,120,270,0,'20.0000','18.0000'),(2,120,270,1,'20.0000','18.0000'),(2,120,270,2,'20.0000','18.0000'),(2,120,270,3,'20.0000','18.0000'),(2,120,270,4,'20.0000','18.0000'),(2,120,99,0,'0.0000','22.0000'),(2,120,99,1,'0.0000','22.0000'),(2,120,99,2,'0.0000','22.0000'),(2,120,99,3,'0.0000','22.0000'),(2,120,99,4,'0.0000','22.0000'),(3,120,100,0,'0.0000','2.0000'),(3,120,503,0,'0.0000','18.0000'),(3,120,270,0,'5.0000','21.0000'),(3,120,270,1,'5.0000','21.0000'),(3,120,270,2,'5.0000','21.0000'),(3,120,270,3,'5.0000','21.0000'),(3,120,270,4,'5.0000','21.0000'),(3,120,270,0,'10.0000','20.0000'),(3,120,270,1,'10.0000','20.0000'),(3,120,270,2,'10.0000','20.0000'),(3,120,270,3,'10.0000','20.0000'),(3,120,270,4,'10.0000','20.0000'),(3,120,270,0,'20.0000','18.0000'),(3,120,270,1,'20.0000','18.0000'),(3,120,270,2,'20.0000','18.0000'),(3,120,270,3,'20.0000','18.0000'),(3,120,270,4,'20.0000','18.0000'),(3,120,99,0,'0.0000','22.0000'),(3,120,99,1,'0.0000','22.0000'),(3,120,99,2,'0.0000','22.0000'),(3,120,99,3,'0.0000','22.0000'),(3,120,99,4,'0.0000','22.0000'),(1,126,100,0,'0.0000','2.0000'),(1,126,503,0,'0.0000','9.5000'),(1,126,270,0,'5.0000','12.5000'),(1,126,270,1,'5.0000','12.5000'),(1,126,270,2,'5.0000','12.5000'),(1,126,270,3,'5.0000','12.5000'),(1,126,270,4,'5.0000','12.5000'),(1,126,270,0,'10.0000','11.5000'),(1,126,270,1,'10.0000','11.5000'),(1,126,270,2,'10.0000','11.5000'),(1,126,270,3,'10.0000','11.5000'),(1,126,270,4,'10.0000','11.5000'),(1,126,270,0,'20.0000','9.5000'),(1,126,270,1,'20.0000','9.5000'),(1,126,270,2,'20.0000','9.5000'),(1,126,270,3,'20.0000','9.5000'),(1,126,270,4,'20.0000','9.5000'),(1,126,99,0,'0.0000','13.5000'),(1,126,99,1,'0.0000','13.5000'),(1,126,99,2,'0.0000','13.5000'),(1,126,99,3,'0.0000','13.5000'),(1,126,99,4,'0.0000','13.5000'),(2,126,100,0,'0.0000','2.0000'),(2,126,503,0,'0.0000','9.5000'),(2,126,270,0,'5.0000','12.5000'),(2,126,270,1,'5.0000','12.5000'),(2,126,270,2,'5.0000','12.5000'),(2,126,270,3,'5.0000','12.5000'),(2,126,270,4,'5.0000','12.5000'),(2,126,270,0,'10.0000','11.5000'),(2,126,270,1,'10.0000','11.5000'),(2,126,270,2,'10.0000','11.5000'),(2,126,270,3,'10.0000','11.5000'),(2,126,270,4,'10.0000','11.5000'),(2,126,270,0,'20.0000','9.5000'),(2,126,270,1,'20.0000','9.5000'),(2,126,270,2,'20.0000','9.5000'),(2,126,270,3,'20.0000','9.5000'),(2,126,270,4,'20.0000','9.5000'),(2,126,99,0,'0.0000','13.5000'),(2,126,99,1,'0.0000','13.5000'),(2,126,99,2,'0.0000','13.5000'),(2,126,99,3,'0.0000','13.5000'),(2,126,99,4,'0.0000','13.5000'),(3,126,100,0,'0.0000','2.0000'),(3,126,503,0,'0.0000','9.5000'),(3,126,270,0,'5.0000','12.5000'),(3,126,270,1,'5.0000','12.5000'),(3,126,270,2,'5.0000','12.5000'),(3,126,270,3,'5.0000','12.5000'),(3,126,270,4,'5.0000','12.5000'),(3,126,270,0,'10.0000','11.5000'),(3,126,270,1,'10.0000','11.5000'),(3,126,270,2,'10.0000','11.5000'),(3,126,270,3,'10.0000','11.5000'),(3,126,270,4,'10.0000','11.5000'),(3,126,270,0,'20.0000','9.5000'),(3,126,270,1,'20.0000','9.5000'),(3,126,270,2,'20.0000','9.5000'),(3,126,270,3,'20.0000','9.5000'),(3,126,270,4,'20.0000','9.5000'),(3,126,99,0,'0.0000','13.5000'),(3,126,99,1,'0.0000','13.5000'),(3,126,99,2,'0.0000','13.5000'),(3,126,99,3,'0.0000','13.5000'),(3,126,99,4,'0.0000','13.5000'),(1,132,503,0,'0.0000','99.0000'),(1,132,99,0,'0.0000','99.0000'),(1,132,99,1,'0.0000','99.0000'),(1,132,99,2,'0.0000','99.0000'),(1,132,99,3,'0.0000','99.0000'),(1,132,99,4,'0.0000','99.0000'),(2,132,503,0,'0.0000','99.0000'),(2,132,99,0,'0.0000','99.0000'),(2,132,99,1,'0.0000','99.0000'),(2,132,99,2,'0.0000','99.0000'),(2,132,99,3,'0.0000','99.0000'),(2,132,99,4,'0.0000','99.0000'),(3,132,503,0,'0.0000','99.0000'),(3,132,99,0,'0.0000','99.0000'),(3,132,99,1,'0.0000','99.0000'),(3,132,99,2,'0.0000','99.0000'),(3,132,99,3,'0.0000','99.0000'),(3,132,99,4,'0.0000','99.0000'),(1,135,100,0,'0.0000','10.0000'),(1,135,503,0,'0.0000','41.9500'),(1,135,99,0,'0.0000','41.9500'),(1,135,99,1,'0.0000','41.9500'),(1,135,99,2,'0.0000','41.9500'),(1,135,99,3,'0.0000','41.9500'),(1,135,99,4,'0.0000','41.9500'),(2,135,100,0,'0.0000','10.0000'),(2,135,503,0,'0.0000','41.9500'),(2,135,99,0,'0.0000','41.9500'),(2,135,99,1,'0.0000','41.9500'),(2,135,99,2,'0.0000','41.9500'),(2,135,99,3,'0.0000','41.9500'),(2,135,99,4,'0.0000','41.9500'),(3,135,100,0,'0.0000','10.0000'),(3,135,503,0,'0.0000','41.9500'),(3,135,99,0,'0.0000','41.9500'),(3,135,99,1,'0.0000','41.9500'),(3,135,99,2,'0.0000','41.9500'),(3,135,99,3,'0.0000','41.9500'),(3,135,99,4,'0.0000','41.9500'),(1,145,99,0,'0.0000','335.9900'),(1,145,99,1,'0.0000','335.9900'),(1,145,99,2,'0.0000','335.9900'),(1,145,99,3,'0.0000','335.9900'),(1,145,99,4,'0.0000','335.9900'),(2,145,99,0,'0.0000','335.9900'),(2,145,99,1,'0.0000','335.9900'),(2,145,99,2,'0.0000','335.9900'),(2,145,99,3,'0.0000','335.9900'),(2,145,99,4,'0.0000','335.9900'),(3,145,99,0,'0.0000','335.9900'),(3,145,99,1,'0.0000','335.9900'),(3,145,99,2,'0.0000','335.9900'),(3,145,99,3,'0.0000','335.9900'),(3,145,99,4,'0.0000','335.9900'),(1,148,99,0,'0.0000','98.9900'),(1,148,99,1,'0.0000','98.9900'),(1,148,99,2,'0.0000','98.9900'),(1,148,99,3,'0.0000','98.9900'),(1,148,99,4,'0.0000','98.9900'),(2,148,99,0,'0.0000','98.9900'),(2,148,99,1,'0.0000','98.9900'),(2,148,99,2,'0.0000','98.9900'),(2,148,99,3,'0.0000','98.9900'),(2,148,99,4,'0.0000','98.9900'),(3,148,99,0,'0.0000','98.9900'),(3,148,99,1,'0.0000','98.9900'),(3,148,99,2,'0.0000','98.9900'),(3,148,99,3,'0.0000','98.9900'),(3,148,99,4,'0.0000','98.9900'),(1,162,99,0,'0.0000','59.9900'),(1,162,99,1,'0.0000','59.9900'),(1,162,99,2,'0.0000','59.9900'),(1,162,99,3,'0.0000','59.9900'),(1,162,99,4,'0.0000','59.9900'),(2,162,99,0,'0.0000','59.9900'),(2,162,99,1,'0.0000','59.9900'),(2,162,99,2,'0.0000','59.9900'),(2,162,99,3,'0.0000','59.9900'),(2,162,99,4,'0.0000','59.9900'),(3,162,99,0,'0.0000','59.9900'),(3,162,99,1,'0.0000','59.9900'),(3,162,99,2,'0.0000','59.9900'),(3,162,99,3,'0.0000','59.9900'),(3,162,99,4,'0.0000','59.9900'),(1,161,99,0,'0.0000','239.9900'),(1,161,99,1,'0.0000','239.9900'),(1,161,99,2,'0.0000','239.9900'),(1,161,99,3,'0.0000','239.9900'),(1,161,99,4,'0.0000','239.9900'),(2,161,99,0,'0.0000','239.9900'),(2,161,99,1,'0.0000','239.9900'),(2,161,99,2,'0.0000','239.9900'),(2,161,99,3,'0.0000','239.9900'),(2,161,99,4,'0.0000','239.9900'),(3,161,99,0,'0.0000','239.9900'),(3,161,99,1,'0.0000','239.9900'),(3,161,99,2,'0.0000','239.9900'),(3,161,99,3,'0.0000','239.9900'),(3,161,99,4,'0.0000','239.9900'),(1,160,99,0,'0.0000','79.9900'),(1,160,99,1,'0.0000','79.9900'),(1,160,99,2,'0.0000','79.9900'),(1,160,99,3,'0.0000','79.9900'),(1,160,99,4,'0.0000','79.9900'),(2,160,99,0,'0.0000','79.9900'),(2,160,99,1,'0.0000','79.9900'),(2,160,99,2,'0.0000','79.9900'),(2,160,99,3,'0.0000','79.9900'),(2,160,99,4,'0.0000','79.9900'),(3,160,99,0,'0.0000','79.9900'),(3,160,99,1,'0.0000','79.9900'),(3,160,99,2,'0.0000','79.9900'),(3,160,99,3,'0.0000','79.9900'),(3,160,99,4,'0.0000','79.9900'),(1,159,99,0,'0.0000','99.9900'),(1,159,99,1,'0.0000','99.9900'),(1,159,99,2,'0.0000','99.9900'),(1,159,99,3,'0.0000','99.9900'),(1,159,99,4,'0.0000','99.9900'),(2,159,99,0,'0.0000','99.9900'),(2,159,99,1,'0.0000','99.9900'),(2,159,99,2,'0.0000','99.9900'),(2,159,99,3,'0.0000','99.9900'),(2,159,99,4,'0.0000','99.9900'),(3,159,99,0,'0.0000','99.9900'),(3,159,99,1,'0.0000','99.9900'),(3,159,99,2,'0.0000','99.9900'),(3,159,99,3,'0.0000','99.9900'),(3,159,99,4,'0.0000','99.9900'),(1,157,99,0,'0.0000','699.9900'),(1,157,99,1,'0.0000','699.9900'),(1,157,99,2,'0.0000','699.9900'),(1,157,99,3,'0.0000','699.9900'),(1,157,99,4,'0.0000','699.9900'),(2,157,99,0,'0.0000','699.9900'),(2,157,99,1,'0.0000','699.9900'),(2,157,99,2,'0.0000','699.9900'),(2,157,99,3,'0.0000','699.9900'),(2,157,99,4,'0.0000','699.9900'),(3,157,99,0,'0.0000','699.9900'),(3,157,99,1,'0.0000','699.9900'),(3,157,99,2,'0.0000','699.9900'),(3,157,99,3,'0.0000','699.9900'),(3,157,99,4,'0.0000','699.9900'),(1,153,99,0,'0.0000','2049.9900'),(1,153,99,1,'0.0000','2049.9900'),(1,153,99,2,'0.0000','2049.9900'),(1,153,99,3,'0.0000','2049.9900'),(1,153,99,4,'0.0000','2049.9900'),(2,153,99,0,'0.0000','2049.9900'),(2,153,99,1,'0.0000','2049.9900'),(2,153,99,2,'0.0000','2049.9900'),(2,153,99,3,'0.0000','2049.9900'),(2,153,99,4,'0.0000','2049.9900'),(3,153,99,0,'0.0000','2049.9900'),(3,153,99,1,'0.0000','2049.9900'),(3,153,99,2,'0.0000','2049.9900'),(3,153,99,3,'0.0000','2049.9900'),(3,153,99,4,'0.0000','2049.9900'),(1,152,99,0,'0.0000','699.9900'),(1,152,99,1,'0.0000','699.9900'),(1,152,99,2,'0.0000','699.9900'),(1,152,99,3,'0.0000','699.9900'),(1,152,99,4,'0.0000','699.9900'),(2,152,99,0,'0.0000','699.9900'),(2,152,99,1,'0.0000','699.9900'),(2,152,99,2,'0.0000','699.9900'),(2,152,99,3,'0.0000','699.9900'),(2,152,99,4,'0.0000','699.9900'),(3,152,99,0,'0.0000','699.9900'),(3,152,99,1,'0.0000','699.9900'),(3,152,99,2,'0.0000','699.9900'),(3,152,99,3,'0.0000','699.9900'),(3,152,99,4,'0.0000','699.9900'),(1,151,99,0,'0.0000','98.9900'),(1,151,99,1,'0.0000','98.9900'),(1,151,99,2,'0.0000','98.9900'),(1,151,99,3,'0.0000','98.9900'),(1,151,99,4,'0.0000','98.9900'),(2,151,99,0,'0.0000','98.9900'),(2,151,99,1,'0.0000','98.9900'),(2,151,99,2,'0.0000','98.9900'),(2,151,99,3,'0.0000','98.9900'),(2,151,99,4,'0.0000','98.9900'),(3,151,99,0,'0.0000','98.9900'),(3,151,99,1,'0.0000','98.9900'),(3,151,99,2,'0.0000','98.9900'),(3,151,99,3,'0.0000','98.9900'),(3,151,99,4,'0.0000','98.9900'),(1,156,99,0,'0.0000','399.9900'),(1,156,99,1,'0.0000','399.9900'),(1,156,99,2,'0.0000','399.9900'),(1,156,99,3,'0.0000','399.9900'),(1,156,99,4,'0.0000','399.9900'),(2,156,99,0,'0.0000','399.9900'),(2,156,99,1,'0.0000','399.9900'),(2,156,99,2,'0.0000','399.9900'),(2,156,99,3,'0.0000','399.9900'),(2,156,99,4,'0.0000','399.9900'),(3,156,99,0,'0.0000','399.9900'),(3,156,99,1,'0.0000','399.9900'),(3,156,99,2,'0.0000','399.9900'),(3,156,99,3,'0.0000','399.9900'),(3,156,99,4,'0.0000','399.9900'),(1,147,99,0,'0.0000','399.9900'),(1,147,99,1,'0.0000','399.9900'),(1,147,99,2,'0.0000','399.9900'),(1,147,99,3,'0.0000','399.9900'),(1,147,99,4,'0.0000','399.9900'),(2,147,99,0,'0.0000','399.9900'),(2,147,99,1,'0.0000','399.9900'),(2,147,99,2,'0.0000','399.9900'),(2,147,99,3,'0.0000','399.9900'),(2,147,99,4,'0.0000','399.9900'),(3,147,99,0,'0.0000','399.9900'),(3,147,99,1,'0.0000','399.9900'),(3,147,99,2,'0.0000','399.9900'),(3,147,99,3,'0.0000','399.9900'),(3,147,99,4,'0.0000','399.9900');

--
-- Table structure for table `cataloginventory_stock`
--

CREATE TABLE `cataloginventory_stock` (
  `stock_id` smallint(4) unsigned NOT NULL auto_increment,
  `stock_name` varchar(255) NOT NULL default '',
  PRIMARY KEY  (`stock_id`)
) ENGINE=InnoDB AUTO_INCREMENT=2 DEFAULT CHARSET=utf8 COMMENT='Catalog inventory Stocks list';

--
-- Dumping data for table `cataloginventory_stock`
--

INSERT INTO `cataloginventory_stock` VALUES (1,'Default');

--
-- Table structure for table `cataloginventory_stock_item`
--

CREATE TABLE `cataloginventory_stock_item` (
  `item_id` int(10) unsigned NOT NULL auto_increment,
  `product_id` int(10) unsigned NOT NULL default '0',
  `stock_id` smallint(4) unsigned NOT NULL default '0',
  `qty` decimal(12,4) NOT NULL default '0.0000',
  `min_qty` decimal(12,4) NOT NULL default '0.0000',
  `use_config_min_qty` tinyint(1) unsigned NOT NULL default '1',
  `is_qty_decimal` tinyint(1) unsigned NOT NULL default '0',
  `backorders` tinyint(3) unsigned NOT NULL default '0',
  `use_config_backorders` tinyint(1) unsigned NOT NULL default '1',
  `min_sale_qty` decimal(12,4) NOT NULL default '1.0000',
  `use_config_min_sale_qty` tinyint(1) unsigned NOT NULL default '1',
  `max_sale_qty` decimal(12,4) NOT NULL default '0.0000',
  `use_config_max_sale_qty` tinyint(1) unsigned NOT NULL default '1',
  `is_in_stock` tinyint(1) unsigned NOT NULL default '0',
  `low_stock_date` datetime default NULL,
  `notify_stock_qty` decimal(12,4) default NULL,
  `use_config_notify_stock_qty` tinyint(1) unsigned NOT NULL default '1',
  `manage_stock` tinyint(1) unsigned NOT NULL default '0',
  `use_config_manage_stock` tinyint(1) unsigned NOT NULL default '1',
  PRIMARY KEY  (`item_id`),
  UNIQUE KEY `IDX_STOCK_PRODUCT` (`product_id`,`stock_id`),
  KEY `FK_CATALOGINVENTORY_STOCK_ITEM_PRODUCT` (`product_id`),
  KEY `FK_CATALOGINVENTORY_STOCK_ITEM_STOCK` (`stock_id`),
  CONSTRAINT `FK_CATALOGINVENTORY_STOCK_ITEM_PRODUCT` FOREIGN KEY (`product_id`) REFERENCES `catalog_product_entity` (`entity_id`) ON DELETE CASCADE ON UPDATE CASCADE,
  CONSTRAINT `FK_CATALOGINVENTORY_STOCK_ITEM_STOCK` FOREIGN KEY (`stock_id`) REFERENCES `cataloginventory_stock` (`stock_id`) ON DELETE CASCADE ON UPDATE CASCADE
) ENGINE=InnoDB AUTO_INCREMENT=136 DEFAULT CHARSET=utf8 COMMENT='Invetory Stock Item Data';

--
-- Dumping data for table `cataloginventory_stock_item`
--

INSERT INTO `cataloginventory_stock_item` VALUES (2,16,1,'999979.0000','0.0000',1,0,0,1,'1.0000',1,'100.0000',1,1,'0000-00-00 00:00:00',NULL,1,0,1),(3,17,1,'999990.0000','0.0000',1,0,0,1,'1.0000',1,'100.0000',1,1,'0000-00-00 00:00:00',NULL,1,0,1),(4,18,1,'999990.0000','0.0000',1,0,0,1,'1.0000',1,'100.0000',1,1,'0000-00-00 00:00:00',NULL,1,0,1),(5,19,1,'999995.0000','0.0000',1,0,0,1,'1.0000',1,'100.0000',1,1,'0000-00-00 00:00:00',NULL,1,0,1),(6,20,1,'999997.0000','0.0000',1,0,0,1,'1.0000',1,'100.0000',1,1,'0000-00-00 00:00:00',NULL,1,0,1),(7,25,1,'999984.0000','0.0000',1,0,0,1,'1.0000',1,'100.0000',1,1,'0000-00-00 00:00:00',NULL,1,0,1),(8,26,1,'999771.0000','0.0000',1,0,0,1,'1.0000',1,'100.0000',1,1,'0000-00-00 00:00:00',NULL,1,0,1),(9,27,1,'999855.0000','0.0000',1,0,0,1,'1.0000',1,'100.0000',1,1,'0000-00-00 00:00:00',NULL,1,0,1),(10,28,1,'999977.0000','0.0000',1,0,0,1,'1.0000',1,'100.0000',1,1,'0000-00-00 00:00:00',NULL,1,0,1),(11,29,1,'999998.0000','0.0000',1,0,0,1,'1.0000',1,'100.0000',1,1,'0000-00-00 00:00:00',NULL,1,0,1),(12,30,1,'999999.0000','0.0000',1,0,0,1,'1.0000',1,'100.0000',1,1,'0000-00-00 00:00:00',NULL,1,0,1),(13,31,1,'999999.0000','0.0000',1,0,0,1,'1.0000',1,'100.0000',1,1,'0000-00-00 00:00:00',NULL,1,0,1),(14,32,1,'999999.0000','0.0000',1,0,0,1,'1.0000',1,'100.0000',1,1,'0000-00-00 00:00:00',NULL,1,0,1),(15,33,1,'999997.0000','0.0000',1,0,0,1,'1.0000',1,'100.0000',1,1,'0000-00-00 00:00:00',NULL,1,0,1),(16,34,1,'999999.0000','0.0000',1,0,0,1,'1.0000',1,'100.0000',1,1,'0000-00-00 00:00:00',NULL,1,0,1),(17,35,1,'999999.0000','0.0000',1,0,0,1,'1.0000',1,'100.0000',1,1,'0000-00-00 00:00:00',NULL,1,0,1),(18,36,1,'999999.0000','0.0000',1,0,0,1,'1.0000',1,'100.0000',1,0,'0000-00-00 00:00:00',NULL,1,0,1),(19,37,1,'999998.0000','0.0000',1,0,0,1,'1.0000',1,'100.0000',1,1,'0000-00-00 00:00:00',NULL,1,0,1),(20,38,1,'999999.0000','0.0000',1,0,0,1,'1.0000',1,'100.0000',1,1,'0000-00-00 00:00:00',NULL,1,0,1),(21,39,1,'999996.0000','0.0000',1,0,0,1,'1.0000',1,'100.0000',1,1,'0000-00-00 00:00:00',NULL,1,0,1),(23,41,1,'999870.0000','0.0000',1,0,0,1,'1.0000',1,'100.0000',1,1,'0000-00-00 00:00:00',NULL,1,0,1),(24,42,1,'998997.0000','0.0000',1,0,0,1,'1.0000',1,'100.0000',1,1,'0000-00-00 00:00:00',NULL,1,0,1),(25,44,1,'999982.0000','0.0000',1,0,0,1,'1.0000',1,'100.0000',1,1,'0000-00-00 00:00:00',NULL,1,0,1),(26,45,1,'999896.0000','0.0000',1,0,0,1,'1.0000',1,'100.0000',1,1,'0000-00-00 00:00:00',NULL,1,0,1),(27,46,1,'999809.0000','0.0000',1,0,0,1,'1.0000',1,'100.0000',1,1,'0000-00-00 00:00:00',NULL,1,0,1),(28,47,1,'999997.0000','0.0000',1,0,0,1,'1.0000',1,'100.0000',1,1,'0000-00-00 00:00:00',NULL,1,0,1),(29,48,1,'999997.0000','0.0000',1,0,0,1,'1.0000',1,'100.0000',1,1,'0000-00-00 00:00:00',NULL,1,0,1),(30,49,1,'999999.0000','0.0000',1,0,0,1,'1.0000',1,'100.0000',1,1,'0000-00-00 00:00:00',NULL,1,0,1),(31,51,1,'999952.0000','0.0000',1,0,0,1,'1.0000',1,'100.0000',1,1,'0000-00-00 00:00:00',NULL,1,0,1),(32,52,1,'999990.0000','0.0000',1,0,0,1,'1.0000',1,'100.0000',1,1,'0000-00-00 00:00:00',NULL,1,0,1),(33,53,1,'999996.0000','0.0000',1,0,0,1,'1.0000',1,'100.0000',1,1,'0000-00-00 00:00:00',NULL,1,0,1),(34,54,1,'999999.0000','0.0000',1,0,0,1,'1.0000',1,'100.0000',1,1,'0000-00-00 00:00:00',NULL,1,0,1),(47,74,1,'999999.0000','0.0000',1,0,0,1,'1.0000',1,'100.0000',1,1,'0000-00-00 00:00:00',NULL,1,0,1),(48,75,1,'999999.0000','0.0000',1,0,0,1,'1.0000',1,'100.0000',1,1,'0000-00-00 00:00:00',NULL,1,0,1),(50,79,1,'999999.0000','0.0000',1,0,0,1,'1.0000',1,'100.0000',1,1,'0000-00-00 00:00:00',NULL,1,0,1),(51,80,1,'999999.0000','0.0000',1,0,0,1,'1.0000',1,'100.0000',1,1,'0000-00-00 00:00:00',NULL,1,0,1),(52,81,1,'999999.0000','0.0000',1,0,0,1,'1.0000',1,'100.0000',1,1,'0000-00-00 00:00:00',NULL,1,0,1),(53,82,1,'999999.0000','0.0000',1,0,0,1,'1.0000',1,'100.0000',1,1,'0000-00-00 00:00:00',NULL,1,0,1),(54,83,1,'999989.0000','0.0000',1,0,0,1,'1.0000',1,'100.0000',1,1,'0000-00-00 00:00:00',NULL,1,0,1),(55,84,1,'999999.0000','0.0000',1,0,0,1,'1.0000',1,'100.0000',1,1,'0000-00-00 00:00:00',NULL,1,0,1),(56,85,1,'999999.0000','0.0000',1,0,0,1,'1.0000',1,'100.0000',1,1,'0000-00-00 00:00:00',NULL,1,0,1),(57,86,1,'999999.0000','0.0000',1,0,0,1,'1.0000',1,'100.0000',1,1,'0000-00-00 00:00:00',NULL,1,0,1),(58,87,1,'999999.0000','0.0000',1,0,0,1,'1.0000',1,'100.0000',1,1,'0000-00-00 00:00:00',NULL,1,0,1),(59,88,1,'999999.0000','0.0000',1,0,0,1,'1.0000',1,'100.0000',1,1,'0000-00-00 00:00:00',NULL,1,0,1),(60,89,1,'999999.0000','0.0000',1,0,0,1,'1.0000',1,'100.0000',1,1,'0000-00-00 00:00:00',NULL,1,0,1),(61,90,1,'999999.0000','0.0000',1,0,0,1,'1.0000',1,'100.0000',1,1,'0000-00-00 00:00:00',NULL,1,0,1),(62,91,1,'999999.0000','0.0000',1,0,0,1,'1.0000',1,'100.0000',1,1,'0000-00-00 00:00:00',NULL,1,0,1),(63,92,1,'999999.0000','0.0000',1,0,0,1,'1.0000',1,'100.0000',1,1,'0000-00-00 00:00:00',NULL,1,0,1),(64,93,1,'999996.0000','0.0000',1,0,0,1,'1.0000',1,'100.0000',1,1,'0000-00-00 00:00:00',NULL,1,0,1),(65,94,1,'999999.0000','0.0000',1,0,0,1,'1.0000',1,'100.0000',1,1,'0000-00-00 00:00:00',NULL,1,0,1),(66,95,1,'999999.0000','0.0000',1,0,0,1,'1.0000',1,'100.0000',1,1,'0000-00-00 00:00:00',NULL,1,0,1),(67,96,1,'999998.0000','0.0000',1,0,0,1,'1.0000',1,'100.0000',1,1,'0000-00-00 00:00:00',NULL,1,0,1),(68,97,1,'999999.0000','0.0000',1,0,0,1,'1.0000',1,'100.0000',1,1,'0000-00-00 00:00:00',NULL,1,0,1),(69,98,1,'999994.0000','0.0000',1,0,0,1,'1.0000',1,'100.0000',1,1,'0000-00-00 00:00:00',NULL,1,0,1),(70,99,1,'999999.0000','0.0000',1,0,0,1,'1.0000',1,'100.0000',1,1,'0000-00-00 00:00:00',NULL,1,0,1),(71,100,1,'999999.0000','0.0000',1,0,0,1,'1.0000',1,'100.0000',1,1,'0000-00-00 00:00:00',NULL,1,0,1),(72,101,1,'999999.0000','0.0000',1,0,0,1,'1.0000',1,'100.0000',1,1,'0000-00-00 00:00:00',NULL,1,0,1),(73,102,1,'999999.0000','0.0000',1,0,0,1,'1.0000',1,'100.0000',1,1,'0000-00-00 00:00:00',NULL,1,0,1),(74,103,1,'999996.0000','0.0000',1,0,0,1,'1.0000',1,'100.0000',1,1,'0000-00-00 00:00:00',NULL,1,0,1),(75,104,1,'999999.0000','0.0000',1,0,0,1,'1.0000',1,'100.0000',1,1,'0000-00-00 00:00:00',NULL,1,0,1),(76,105,1,'999999.0000','0.0000',1,0,0,1,'1.0000',1,'100.0000',1,1,'0000-00-00 00:00:00',NULL,1,0,1),(77,106,1,'999999.0000','0.0000',1,0,0,1,'1.0000',1,'100.0000',1,1,'0000-00-00 00:00:00',NULL,1,0,1),(78,107,1,'999999.0000','0.0000',1,0,0,1,'1.0000',1,'100.0000',1,1,'0000-00-00 00:00:00',NULL,1,0,1),(79,108,1,'999976.0000','0.0000',1,0,0,1,'1.0000',1,'100.0000',1,1,'0000-00-00 00:00:00',NULL,1,0,1),(80,109,1,'999999.0000','0.0000',1,0,0,1,'1.0000',1,'100.0000',1,1,'0000-00-00 00:00:00',NULL,1,0,1),(81,110,1,'999998.0000','0.0000',1,0,0,1,'1.0000',1,'100.0000',1,1,'0000-00-00 00:00:00',NULL,1,0,1),(82,111,1,'999999.0000','0.0000',1,0,0,1,'1.0000',1,'100.0000',1,1,'0000-00-00 00:00:00',NULL,1,0,1),(83,112,1,'999999.0000','0.0000',1,0,0,1,'1.0000',1,'100.0000',1,1,'0000-00-00 00:00:00',NULL,1,0,1),(84,113,1,'999999.0000','0.0000',1,0,0,1,'1.0000',1,'100.0000',1,1,'0000-00-00 00:00:00',NULL,1,0,1),(85,114,1,'999999.0000','0.0000',1,0,0,1,'1.0000',1,'100.0000',1,1,'0000-00-00 00:00:00',NULL,1,0,1),(86,115,1,'999999.0000','0.0000',1,0,0,1,'1.0000',1,'100.0000',1,1,'0000-00-00 00:00:00',NULL,1,0,1),(87,117,1,'999999.0000','0.0000',1,0,0,1,'1.0000',1,'100.0000',1,1,'0000-00-00 00:00:00',NULL,1,0,1),(88,118,1,'999999.0000','0.0000',1,0,0,1,'1.0000',1,'100.0000',1,1,'0000-00-00 00:00:00',NULL,1,0,1),(89,119,1,'998633.0000','0.0000',1,0,0,1,'1.0000',1,'100.0000',1,1,'0000-00-00 00:00:00',NULL,1,0,1),(90,120,1,'989998.0000','0.0000',1,0,0,1,'1.0000',1,'100.0000',1,1,'0000-00-00 00:00:00',NULL,1,0,1),(91,121,1,'999999.0000','0.0000',1,0,0,1,'1.0000',1,'100.0000',1,1,'0000-00-00 00:00:00',NULL,1,0,1),(92,122,1,'999999.0000','0.0000',1,0,0,1,'1.0000',1,'100.0000',1,1,'0000-00-00 00:00:00',NULL,1,0,1),(93,123,1,'999999.0000','0.0000',1,0,0,1,'1.0000',1,'100.0000',1,1,'0000-00-00 00:00:00',NULL,1,0,1),(94,124,1,'999999.0000','0.0000',1,0,0,1,'1.0000',1,'100.0000',1,1,'0000-00-00 00:00:00',NULL,1,0,1),(95,125,1,'999999.0000','0.0000',1,0,0,1,'1.0000',1,'100.0000',1,1,'0000-00-00 00:00:00',NULL,1,0,1),(96,126,1,'999996.0000','0.0000',1,0,0,1,'1.0000',1,'100.0000',1,1,'0000-00-00 00:00:00',NULL,1,0,1),(97,127,1,'999999.0000','0.0000',1,0,0,1,'1.0000',1,'100.0000',1,1,'0000-00-00 00:00:00',NULL,1,0,1),(98,128,1,'999999.0000','0.0000',1,0,0,1,'1.0000',1,'100.0000',1,1,'0000-00-00 00:00:00',NULL,1,0,1),(99,129,1,'999999.0000','0.0000',1,0,0,1,'1.0000',1,'100.0000',1,1,'0000-00-00 00:00:00',NULL,1,0,1),(100,130,1,'999999.0000','0.0000',1,0,0,1,'1.0000',1,'100.0000',1,1,'0000-00-00 00:00:00',NULL,1,0,1),(101,131,1,'999999.0000','0.0000',1,0,0,1,'1.0000',1,'100.0000',1,1,'0000-00-00 00:00:00',NULL,1,0,1),(102,132,1,'999993.0000','0.0000',1,0,0,1,'1.0000',1,'100.0000',1,1,'0000-00-00 00:00:00',NULL,1,0,1),(103,133,1,'999998.0000','0.0000',1,0,0,1,'1.0000',1,'100.0000',1,1,'0000-00-00 00:00:00',NULL,1,0,1),(104,134,1,'999994.0000','0.0000',1,0,0,1,'1.0000',1,'100.0000',1,1,'0000-00-00 00:00:00',NULL,1,0,1),(105,135,1,'999983.0000','0.0000',1,0,0,1,'1.0000',1,'100.0000',1,1,'0000-00-00 00:00:00',NULL,1,0,1),(106,137,1,'999999.0000','0.0000',1,0,0,1,'1.0000',1,'100.0000',1,1,'0000-00-00 00:00:00',NULL,1,0,1),(107,138,1,'999998.0000','0.0000',1,0,0,1,'1.0000',1,'0.0000',1,1,'0000-00-00 00:00:00',NULL,1,0,1),(108,139,1,'999991.0000','0.0000',1,0,0,1,'1.0000',1,'0.0000',1,1,'0000-00-00 00:00:00',NULL,1,0,1),(109,140,1,'999992.0000','0.0000',1,0,0,1,'1.0000',1,'0.0000',1,1,'0000-00-00 00:00:00',NULL,1,0,1),(110,141,1,'999996.0000','0.0000',1,0,0,1,'1.0000',1,'0.0000',1,1,'0000-00-00 00:00:00',NULL,1,0,1),(111,142,1,'999998.0000','0.0000',1,0,0,1,'1.0000',1,'0.0000',1,1,'0000-00-00 00:00:00',NULL,1,0,1),(112,143,1,'999998.0000','0.0000',1,0,0,1,'1.0000',1,'0.0000',1,1,'0000-00-00 00:00:00',NULL,1,0,1),(113,144,1,'999999.0000','0.0000',1,0,0,1,'1.0000',1,'0.0000',1,1,'0000-00-00 00:00:00',NULL,1,0,1),(114,145,1,'999999.0000','0.0000',1,0,0,1,'1.0000',1,'0.0000',1,1,'0000-00-00 00:00:00',NULL,1,0,1),(115,146,1,'999998.0000','0.0000',1,0,0,1,'1.0000',1,'0.0000',1,1,'0000-00-00 00:00:00',NULL,1,0,1),(116,147,1,'999997.0000','0.0000',1,0,0,1,'1.0000',1,'0.0000',1,1,'0000-00-00 00:00:00',NULL,1,0,1),(117,148,1,'999998.0000','0.0000',1,0,0,1,'1.0000',1,'0.0000',1,1,'0000-00-00 00:00:00',NULL,1,0,1),(118,149,1,'999996.0000','0.0000',1,0,0,1,'1.0000',1,'0.0000',1,1,'0000-00-00 00:00:00',NULL,1,0,1),(119,150,1,'999996.0000','0.0000',1,0,0,1,'1.0000',1,'0.0000',1,1,'0000-00-00 00:00:00',NULL,1,0,1),(120,151,1,'999998.0000','0.0000',1,0,0,1,'1.0000',1,'0.0000',1,1,'0000-00-00 00:00:00',NULL,1,0,1),(121,152,1,'989996.0000','0.0000',1,0,0,1,'1.0000',1,'0.0000',1,1,'0000-00-00 00:00:00',NULL,1,0,1),(122,153,1,'999992.0000','0.0000',1,0,0,1,'1.0000',1,'0.0000',1,1,'0000-00-00 00:00:00',NULL,1,0,1),(123,154,1,'999994.0000','0.0000',1,0,0,1,'1.0000',1,'0.0000',1,1,'0000-00-00 00:00:00',NULL,1,0,1),(124,155,1,'999997.0000','0.0000',1,0,0,1,'1.0000',1,'0.0000',1,1,'0000-00-00 00:00:00',NULL,1,0,1),(125,156,1,'999998.0000','0.0000',1,0,0,1,'1.0000',1,'0.0000',1,1,'0000-00-00 00:00:00',NULL,1,0,1),(126,157,1,'999997.0000','0.0000',1,0,0,1,'1.0000',1,'0.0000',1,1,'0000-00-00 00:00:00',NULL,1,0,1),(127,158,1,'999998.0000','0.0000',1,0,0,1,'1.0000',1,'0.0000',1,1,'0000-00-00 00:00:00',NULL,1,0,1),(128,159,1,'999998.0000','0.0000',1,0,0,1,'1.0000',1,'0.0000',1,1,'0000-00-00 00:00:00',NULL,1,0,1),(129,160,1,'999995.0000','0.0000',1,0,0,1,'1.0000',1,'0.0000',1,1,'0000-00-00 00:00:00',NULL,1,0,1),(130,161,1,'999995.0000','0.0000',1,0,0,1,'1.0000',1,'0.0000',1,1,'0000-00-00 00:00:00',NULL,1,0,1),(131,162,1,'999999.0000','0.0000',1,0,0,1,'1.0000',1,'0.0000',1,1,'0000-00-00 00:00:00',NULL,1,0,1),(132,163,1,'999995.0000','0.0000',1,0,0,1,'1.0000',1,'0.0000',1,1,'0000-00-00 00:00:00',NULL,1,0,1),(133,164,1,'999995.0000','0.0000',1,0,0,1,'1.0000',1,'0.0000',1,1,'0000-00-00 00:00:00',NULL,1,0,1),(134,165,1,'999998.0000','0.0000',1,0,0,1,'1.0000',1,'0.0000',1,1,'0000-00-00 00:00:00',NULL,1,0,1),(135,166,1,'999997.0000','0.0000',1,0,0,1,'1.0000',1,'0.0000',1,1,'0000-00-00 00:00:00',NULL,1,0,1);

--
