
CREATE TABLE `catalog_product_index_eav` (
  `entity_id` int(10) unsigned NOT NULL DEFAULT '0' COMMENT 'Entity ID',
  `attribute_id` smallint(5) unsigned NOT NULL DEFAULT '0' COMMENT 'Attribute ID',
  `store_id` smallint(5) unsigned NOT NULL DEFAULT '0' COMMENT 'Store ID',
  `value` int(10) unsigned NOT NULL DEFAULT '0' COMMENT 'Value',
  PRIMARY KEY (`entity_id`,`attribute_id`,`store_id`,`value`),
  KEY `IDX_CATALOG_PRODUCT_INDEX_EAV_ENTITY_ID` (`entity_id`),
  KEY `IDX_CATALOG_PRODUCT_INDEX_EAV_ATTRIBUTE_ID` (`attribute_id`),
  KEY `IDX_CATALOG_PRODUCT_INDEX_EAV_STORE_ID` (`store_id`),
  KEY `IDX_CATALOG_PRODUCT_INDEX_EAV_VALUE` (`value`),
  CONSTRAINT `FK_CATALOG_PRODUCT_INDEX_EAV_STORE_ID_CORE_STORE_STORE_ID` FOREIGN KEY (`store_id`) REFERENCES `core_store` (`store_id`) ON DELETE CASCADE ON UPDATE CASCADE,
  CONSTRAINT `FK_CAT_PRD_IDX_EAV_ATTR_ID_EAV_ATTR_ATTR_ID` FOREIGN KEY (`attribute_id`) REFERENCES `eav_attribute` (`attribute_id`) ON DELETE CASCADE ON UPDATE CASCADE,
  CONSTRAINT `FK_CAT_PRD_IDX_EAV_ENTT_ID_CAT_PRD_ENTT_ENTT_ID` FOREIGN KEY (`entity_id`) REFERENCES `catalog_product_entity` (`entity_id`) ON DELETE CASCADE ON UPDATE CASCADE
) ENGINE=InnoDB DEFAULT CHARSET=utf8 COMMENT='Catalog Product EAV Index Table';

/*Data for the table `catalog_product_index_eav` */


insert  into `catalog_product_index_eav`(`entity_id`,`attribute_id`,`store_id`,`value`) values (140,102,1,111),(140,102,2,111),(140,102,3,111),(141,102,1,111),(141,102,2,111),(141,102,3,111),(143,102,1,111),(143,102,2,111),(143,102,3,111),(145,102,1,117),(145,102,2,117),(145,102,3,117),(147,102,1,3),(147,102,2,3),(147,102,3,3),(148,102,1,117),(148,102,2,117),(148,102,3,117),(149,102,1,118),(149,102,2,118),(149,102,3,118),(150,102,1,118),(150,102,2,118),(150,102,3,118),(151,102,1,116),(151,102,2,116),(151,102,3,116),(152,102,1,1),(152,102,2,1),(152,102,3,1),(153,102,1,116),(153,102,2,116),(153,102,3,116),(154,102,1,119),(154,102,2,119),(154,102,3,119),(155,102,1,119),(155,102,2,119),(155,102,3,119),(156,102,1,1),(156,102,2,1),(156,102,3,1),(157,102,1,29),(157,102,2,29),(157,102,3,29),(159,102,1,120),(159,102,2,120),(159,102,3,120),(160,102,1,121),(160,102,2,121),(160,102,3,121),(161,102,1,121),(161,102,2,121),(161,102,3,121),(162,102,1,120),(162,102,2,120),(162,102,3,120),(163,102,1,1),(163,102,1,3),(163,102,1,29),(163,102,1,111),(163,102,1,116),(163,102,1,117),(163,102,1,118),(163,102,1,119),(163,102,1,120),(163,102,1,121),(163,102,2,1),(163,102,2,3),(163,102,2,29),(163,102,2,111),(163,102,2,116),(163,102,2,117),(163,102,2,118),(163,102,2,119),(163,102,2,120),(163,102,2,121),(163,102,3,1),(163,102,3,3),(163,102,3,29),(163,102,3,111),(163,102,3,116),(163,102,3,117),(163,102,3,118),(163,102,3,119),(163,102,3,120),(163,102,3,121),(164,102,1,111),(164,102,1,116),(164,102,1,117),(164,102,1,118),(164,102,1,119),(164,102,1,120),(164,102,1,121),(164,102,2,111),(164,102,2,116),(164,102,2,117),(164,102,2,118),(164,102,2,119),(164,102,2,120),(164,102,2,121),(164,102,3,111),(164,102,3,116),(164,102,3,117),(164,102,3,118),(164,102,3,119),(164,102,3,120),(164,102,3,121),(165,102,1,1),(165,102,1,3),(165,102,1,29),(165,102,1,111),(165,102,1,116),(165,102,1,117),(165,102,1,118),(165,102,1,119),(165,102,2,1),(165,102,2,3),(165,102,2,29),(165,102,2,111),(165,102,2,116),(165,102,2,117),(165,102,2,118),(165,102,2,119),(165,102,3,1),(165,102,3,3),(165,102,3,29),(165,102,3,111),(165,102,3,116),(165,102,3,117),(165,102,3,118),(165,102,3,119),(166,102,1,122),(166,102,2,122),(166,102,3,122),(83,107,1,97),(83,107,2,97),(83,107,3,97),(93,107,1,49),(93,107,1,53),(93,107,2,49),(93,107,2,53),(93,107,3,49),(93,107,3,53),(98,107,1,49),(98,107,1,52),(98,107,2,49),(98,107,2,52),(98,107,3,49),(98,107,3,52),(103,107,1,51),(103,107,1,52),(103,107,2,51),(103,107,2,52),(103,107,3,51),(103,107,3,52),(108,107,1,51),(108,107,2,51),(108,107,3,51),(112,107,1,47),(112,107,2,47),(112,107,3,47),(135,107,1,97),(135,107,2,97),(135,107,3,97),(16,272,1,24),(16,272,2,24),(16,272,3,24),(17,272,1,23),(17,272,2,23),(17,272,3,23),(18,272,1,24),(18,272,2,24),(18,272,3,24),(19,272,1,23),(19,272,2,23),(19,272,3,23),(20,272,1,23),(20,272,2,23),(20,272,3,23),(25,272,1,23),(25,272,2,23),(25,272,3,23),(26,272,1,24),(26,272,2,24),(26,272,3,24),(27,272,1,24),(27,272,2,24),(27,272,3,24),(28,272,1,24),(28,272,2,24),(28,272,3,24),(39,272,1,22),(39,272,2,22),(39,272,3,22),(41,272,1,59),(41,272,2,59),(41,272,3,59),(42,272,1,59),(42,272,2,59),(42,272,3,59),(44,272,1,24),(44,272,2,24),(44,272,3,24),(45,272,1,23),(45,272,2,23),(45,272,3,23),(46,272,1,23),(46,272,2,23),(46,272,3,23),(47,272,1,23),(47,272,2,23),(47,272,3,23),(48,272,1,23),(48,272,2,23),(48,272,3,23),(51,272,1,26),(51,272,2,26),(51,272,3,26),(52,272,1,26),(52,272,2,26),(52,272,3,26),(53,272,1,26),(53,272,2,26),(53,272,3,26),(54,272,1,26),(54,272,2,26),(54,272,3,26),(83,272,1,25),(83,272,2,25),(83,272,3,25),(93,272,1,61),(93,272,2,61),(93,272,3,61),(98,272,1,24),(98,272,1,61),(98,272,2,24),(98,272,2,61),(98,272,3,24),(98,272,3,61),(103,272,1,26),(103,272,2,26),(103,272,3,26),(108,272,1,26),(108,272,2,26),(108,272,3,26),(112,272,1,59),(112,272,2,59),(112,272,3,59),(119,272,1,22),(119,272,2,22),(119,272,3,22),(120,272,1,60),(120,272,2,60),(120,272,3,60),(123,272,1,60),(123,272,2,60),(123,272,3,60),(126,272,1,22),(126,272,1,26),(126,272,2,22),(126,272,2,26),(126,272,3,22),(126,272,3,26),(135,272,1,59),(135,272,2,59),(135,272,3,59),(138,272,1,24),(138,272,2,24),(138,272,3,24),(139,272,1,23),(139,272,2,23),(139,272,3,23),(158,272,1,24),(158,272,2,24),(158,272,3,24),(160,272,1,59),(160,272,2,59),(160,272,3,59),(162,272,1,24),(162,272,2,24),(162,272,3,24),(163,272,1,23),(163,272,1,24),(163,272,1,59),(163,272,2,23),(163,272,2,24),(163,272,2,59),(163,272,3,23),(163,272,3,24),(163,272,3,59),(164,272,1,23),(164,272,1,24),(164,272,1,59),(164,272,2,23),(164,272,2,24),(164,272,2,59),(164,272,3,23),(164,272,3,24),(164,272,3,59),(165,272,1,23),(165,272,1,24),(165,272,2,23),(165,272,2,24),(165,272,3,23),(165,272,3,24),(166,272,1,24),(166,272,2,24),(166,272,3,24),(39,501,1,36),(39,501,2,36),(39,501,3,36),(83,501,1,35),(83,501,1,36),(83,501,2,35),(83,501,2,36),(83,501,3,35),(83,501,3,36),(93,501,1,36),(93,501,2,36),(93,501,3,36),(98,501,1,36),(98,501,2,36),(98,501,3,36),(103,501,1,35),(103,501,2,35),(103,501,3,35),(108,501,1,35),(108,501,2,35),(108,501,3,35),(112,501,1,35),(112,501,2,35),(112,501,3,35),(119,501,1,36),(119,501,2,36),(119,501,3,36),(120,501,1,35),(120,501,2,35),(120,501,3,35),(123,501,1,36),(123,501,2,36),(123,501,3,36),(126,501,1,36),(126,501,2,36),(126,501,3,36),(135,501,1,35),(135,501,2,35),(135,501,3,35),(25,510,1,77),(25,510,2,77),(25,510,3,77),(26,510,1,79),(26,510,2,79),(26,510,3,79),(27,510,1,76),(27,510,2,76),(27,510,3,76),(28,510,1,74),(28,510,2,74),(28,510,3,74),(158,510,1,76),(158,510,2,76),(158,510,3,76),(44,513,1,90),(44,513,2,90),(44,513,3,90),(45,513,1,93),(45,513,2,93),(45,513,3,93),(46,513,1,91),(46,513,2,91),(46,513,3,91),(47,513,1,90),(47,513,2,90),(47,513,3,90),(48,513,1,93),(48,513,2,93),(48,513,3,93),(147,875,1,110),(147,875,2,110),(147,875,3,110),(152,875,1,106),(152,875,2,106),(152,875,3,106),(156,875,1,106),(156,875,2,106),(156,875,3,106),(157,875,1,107),(157,875,2,107),(157,875,3,107),(163,875,1,106),(163,875,1,107),(163,875,1,110),(163,875,2,106),(163,875,2,107),(163,875,2,110),(163,875,3,106),(163,875,3,107),(163,875,3,110),(165,875,1,106),(165,875,1,107),(165,875,1,110),(165,875,2,106),(165,875,2,107),(165,875,2,110),(165,875,3,106),(165,875,3,107),(165,875,3,110);


/*Table structure for table `catalog_product_index_eav_decimal` */


CREATE TABLE `catalog_product_index_eav_decimal` (
  `entity_id` int(10) unsigned NOT NULL DEFAULT '0' COMMENT 'Entity ID',
  `attribute_id` smallint(5) unsigned NOT NULL DEFAULT '0' COMMENT 'Attribute ID',
  `store_id` smallint(5) unsigned NOT NULL DEFAULT '0' COMMENT 'Store ID',
  `value` decimal(12,4) NOT NULL DEFAULT '0.0000' COMMENT 'Value',
  PRIMARY KEY (`entity_id`,`attribute_id`,`store_id`),
  KEY `IDX_CATALOG_PRODUCT_INDEX_EAV_DECIMAL_ENTITY_ID` (`entity_id`),
  KEY `IDX_CATALOG_PRODUCT_INDEX_EAV_DECIMAL_ATTRIBUTE_ID` (`attribute_id`),
  KEY `IDX_CATALOG_PRODUCT_INDEX_EAV_DECIMAL_STORE_ID` (`store_id`),
  KEY `IDX_CATALOG_PRODUCT_INDEX_EAV_DECIMAL_VALUE` (`value`),
  CONSTRAINT `FK_CAT_PRD_IDX_EAV_DEC_ATTR_ID_EAV_ATTR_ATTR_ID` FOREIGN KEY (`attribute_id`) REFERENCES `eav_attribute` (`attribute_id`) ON DELETE CASCADE ON UPDATE CASCADE,
  CONSTRAINT `FK_CAT_PRD_IDX_EAV_DEC_ENTT_ID_CAT_PRD_ENTT_ENTT_ID` FOREIGN KEY (`entity_id`) REFERENCES `catalog_product_entity` (`entity_id`) ON DELETE CASCADE ON UPDATE CASCADE,
  CONSTRAINT `FK_CAT_PRD_IDX_EAV_DEC_STORE_ID_CORE_STORE_STORE_ID` FOREIGN KEY (`store_id`) REFERENCES `core_store` (`store_id`) ON DELETE CASCADE ON UPDATE CASCADE
) ENGINE=InnoDB DEFAULT CHARSET=utf8 COMMENT='Catalog Product EAV Decimal Index Table';

/*Data for the table `catalog_product_index_eav_decimal` */



/*Table structure for table `catalog_product_index_eav_decimal_idx` */


CREATE TABLE `catalog_product_index_eav_decimal_idx` (
  `entity_id` int(10) unsigned NOT NULL DEFAULT '0' COMMENT 'Entity ID',
  `attribute_id` smallint(5) unsigned NOT NULL DEFAULT '0' COMMENT 'Attribute ID',
  `store_id` smallint(5) unsigned NOT NULL DEFAULT '0' COMMENT 'Store ID',
  `value` decimal(12,4) NOT NULL DEFAULT '0.0000' COMMENT 'Value',
  PRIMARY KEY (`entity_id`,`attribute_id`,`store_id`,`value`),
  KEY `IDX_CATALOG_PRODUCT_INDEX_EAV_DECIMAL_IDX_ENTITY_ID` (`entity_id`),
  KEY `IDX_CATALOG_PRODUCT_INDEX_EAV_DECIMAL_IDX_ATTRIBUTE_ID` (`attribute_id`),
  KEY `IDX_CATALOG_PRODUCT_INDEX_EAV_DECIMAL_IDX_STORE_ID` (`store_id`),
  KEY `IDX_CATALOG_PRODUCT_INDEX_EAV_DECIMAL_IDX_VALUE` (`value`)
) ENGINE=InnoDB DEFAULT CHARSET=utf8 COMMENT='Catalog Product EAV Decimal Indexer Index Table';

/*Data for the table `catalog_product_index_eav_decimal_idx` */



/*Table structure for table `catalog_product_index_eav_decimal_tmp` */


CREATE TABLE `catalog_product_index_eav_decimal_tmp` (
  `entity_id` int(10) unsigned NOT NULL DEFAULT '0' COMMENT 'Entity ID',
  `attribute_id` smallint(5) unsigned NOT NULL DEFAULT '0' COMMENT 'Attribute ID',
  `store_id` smallint(5) unsigned NOT NULL DEFAULT '0' COMMENT 'Store ID',
  `value` decimal(12,4) NOT NULL DEFAULT '0.0000' COMMENT 'Value',
  PRIMARY KEY (`entity_id`,`attribute_id`,`store_id`),
  KEY `IDX_CATALOG_PRODUCT_INDEX_EAV_DECIMAL_TMP_ENTITY_ID` (`entity_id`),
  KEY `IDX_CATALOG_PRODUCT_INDEX_EAV_DECIMAL_TMP_ATTRIBUTE_ID` (`attribute_id`),
  KEY `IDX_CATALOG_PRODUCT_INDEX_EAV_DECIMAL_TMP_STORE_ID` (`store_id`),
  KEY `IDX_CATALOG_PRODUCT_INDEX_EAV_DECIMAL_TMP_VALUE` (`value`)
) ENGINE=InnoDB DEFAULT CHARSET=utf8 COMMENT='Catalog Product EAV Decimal Indexer Temp Table';

/*Data for the table `catalog_product_index_eav_decimal_tmp` */



/*Table structure for table `catalog_product_index_eav_idx` */


CREATE TABLE `catalog_product_index_eav_idx` (
  `entity_id` int(10) unsigned NOT NULL DEFAULT '0' COMMENT 'Entity ID',
  `attribute_id` smallint(5) unsigned NOT NULL DEFAULT '0' COMMENT 'Attribute ID',
  `store_id` smallint(5) unsigned NOT NULL DEFAULT '0' COMMENT 'Store ID',
  `value` int(10) unsigned NOT NULL DEFAULT '0' COMMENT 'Value',
  PRIMARY KEY (`entity_id`,`attribute_id`,`store_id`,`value`),
  KEY `IDX_CATALOG_PRODUCT_INDEX_EAV_IDX_ENTITY_ID` (`entity_id`),
  KEY `IDX_CATALOG_PRODUCT_INDEX_EAV_IDX_ATTRIBUTE_ID` (`attribute_id`),
  KEY `IDX_CATALOG_PRODUCT_INDEX_EAV_IDX_STORE_ID` (`store_id`),
  KEY `IDX_CATALOG_PRODUCT_INDEX_EAV_IDX_VALUE` (`value`)
) ENGINE=InnoDB DEFAULT CHARSET=utf8 COMMENT='Catalog Product EAV Indexer Index Table';

/*Data for the table `catalog_product_index_eav_idx` */


insert  into `catalog_product_index_eav_idx`(`entity_id`,`attribute_id`,`store_id`,`value`) values (140,102,1,111),(140,102,2,111),(140,102,3,111),(141,102,1,111),(141,102,2,111),(141,102,3,111),(143,102,1,111),(143,102,2,111),(143,102,3,111),(145,102,1,117),(145,102,2,117),(145,102,3,117),(147,102,1,3),(147,102,2,3),(147,102,3,3),(148,102,1,117),(148,102,2,117),(148,102,3,117),(149,102,1,118),(149,102,2,118),(149,102,3,118),(150,102,1,118),(150,102,2,118),(150,102,3,118),(151,102,1,116),(151,102,2,116),(151,102,3,116),(152,102,1,1),(152,102,2,1),(152,102,3,1),(153,102,1,116),(153,102,2,116),(153,102,3,116),(154,102,1,119),(154,102,2,119),(154,102,3,119),(155,102,1,119),(155,102,2,119),(155,102,3,119),(156,102,1,1),(156,102,2,1),(156,102,3,1),(157,102,1,29),(157,102,2,29),(157,102,3,29),(159,102,1,120),(159,102,2,120),(159,102,3,120),(160,102,1,121),(160,102,2,121),(160,102,3,121),(161,102,1,121),(161,102,2,121),(161,102,3,121),(162,102,1,120),(162,102,2,120),(162,102,3,120),(163,102,1,1),(163,102,1,3),(163,102,1,29),(163,102,1,111),(163,102,1,116),(163,102,1,117),(163,102,1,118),(163,102,1,119),(163,102,1,120),(163,102,1,121),(163,102,2,1),(163,102,2,3),(163,102,2,29),(163,102,2,111),(163,102,2,116),(163,102,2,117),(163,102,2,118),(163,102,2,119),(163,102,2,120),(163,102,2,121),(163,102,3,1),(163,102,3,3),(163,102,3,29),(163,102,3,111),(163,102,3,116),(163,102,3,117),(163,102,3,118),(163,102,3,119),(163,102,3,120),(163,102,3,121),(164,102,1,111),(164,102,1,116),(164,102,1,117),(164,102,1,118),(164,102,1,119),(164,102,1,120),(164,102,1,121),(164,102,2,111),(164,102,2,116),(164,102,2,117),(164,102,2,118),(164,102,2,119),(164,102,2,120),(164,102,2,121),(164,102,3,111),(164,102,3,116),(164,102,3,117),(164,102,3,118),(164,102,3,119),(164,102,3,120),(164,102,3,121),(165,102,1,1),(165,102,1,3),(165,102,1,29),(165,102,1,111),(165,102,1,116),(165,102,1,117),(165,102,1,118),(165,102,1,119),(165,102,2,1),(165,102,2,3),(165,102,2,29),(165,102,2,111),(165,102,2,116),(165,102,2,117),(165,102,2,118),(165,102,2,119),(165,102,3,1),(165,102,3,3),(165,102,3,29),(165,102,3,111),(165,102,3,116),(165,102,3,117),(165,102,3,118),(165,102,3,119),(166,102,1,122),(166,102,2,122),(166,102,3,122),(83,107,1,97),(83,107,2,97),(83,107,3,97),(93,107,1,49),(93,107,1,53),(93,107,2,49),(93,107,2,53),(93,107,3,49),(93,107,3,53),(98,107,1,49),(98,107,1,52),(98,107,2,49),(98,107,2,52),(98,107,3,49),(98,107,3,52),(103,107,1,51),(103,107,1,52),(103,107,2,51),(103,107,2,52),(103,107,3,51),(103,107,3,52),(108,107,1,51),(108,107,2,51),(108,107,3,51),(112,107,1,47),(112,107,2,47),(112,107,3,47),(135,107,1,97),(135,107,2,97),(135,107,3,97),(16,272,1,24),(16,272,2,24),(16,272,3,24),(17,272,1,23),(17,272,2,23),(17,272,3,23),(18,272,1,24),(18,272,2,24),(18,272,3,24),(19,272,1,23),(19,272,2,23),(19,272,3,23),(20,272,1,23),(20,272,2,23),(20,272,3,23),(25,272,1,23),(25,272,2,23),(25,272,3,23),(26,272,1,24),(26,272,2,24),(26,272,3,24),(27,272,1,24),(27,272,2,24),(27,272,3,24),(28,272,1,24),(28,272,2,24),(28,272,3,24),(39,272,1,22),(39,272,2,22),(39,272,3,22),(41,272,1,59),(41,272,2,59),(41,272,3,59),(42,272,1,59),(42,272,2,59),(42,272,3,59),(44,272,1,24),(44,272,2,24),(44,272,3,24),(45,272,1,23),(45,272,2,23),(45,272,3,23),(46,272,1,23),(46,272,2,23),(46,272,3,23),(47,272,1,23),(47,272,2,23),(47,272,3,23),(48,272,1,23),(48,272,2,23),(48,272,3,23),(51,272,1,26),(51,272,2,26),(51,272,3,26),(52,272,1,26),(52,272,2,26),(52,272,3,26),(53,272,1,26),(53,272,2,26),(53,272,3,26),(54,272,1,26),(54,272,2,26),(54,272,3,26),(83,272,1,25),(83,272,2,25),(83,272,3,25),(93,272,1,61),(93,272,2,61),(93,272,3,61),(98,272,1,24),(98,272,1,61),(98,272,2,24),(98,272,2,61),(98,272,3,24),(98,272,3,61),(103,272,1,26),(103,272,2,26),(103,272,3,26),(108,272,1,26),(108,272,2,26),(108,272,3,26),(112,272,1,59),(112,272,2,59),(112,272,3,59),(119,272,1,22),(119,272,2,22),(119,272,3,22),(120,272,1,60),(120,272,2,60),(120,272,3,60),(123,272,1,60),(123,272,2,60),(123,272,3,60),(126,272,1,22),(126,272,1,26),(126,272,2,22),(126,272,2,26),(126,272,3,22),(126,272,3,26),(135,272,1,59),(135,272,2,59),(135,272,3,59),(138,272,1,24),(138,272,2,24),(138,272,3,24),(139,272,1,23),(139,272,2,23),(139,272,3,23),(158,272,1,24),(158,272,2,24),(158,272,3,24),(160,272,1,59),(160,272,2,59),(160,272,3,59),(162,272,1,24),(162,272,2,24),(162,272,3,24),(163,272,1,23),(163,272,1,24),(163,272,1,59),(163,272,2,23),(163,272,2,24),(163,272,2,59),(163,272,3,23),(163,272,3,24),(163,272,3,59),(164,272,1,23),(164,272,1,24),(164,272,1,59),(164,272,2,23),(164,272,2,24),(164,272,2,59),(164,272,3,23),(164,272,3,24),(164,272,3,59),(165,272,1,23),(165,272,1,24),(165,272,2,23),(165,272,2,24),(165,272,3,23),(165,272,3,24),(166,272,1,24),(166,272,2,24),(166,272,3,24),(39,501,1,36),(39,501,2,36),(39,501,3,36),(83,501,1,35),(83,501,1,36),(83,501,2,35),(83,501,2,36),(83,501,3,35),(83,501,3,36),(93,501,1,36),(93,501,2,36),(93,501,3,36),(98,501,1,36),(98,501,2,36),(98,501,3,36),(103,501,1,35),(103,501,2,35),(103,501,3,35),(108,501,1,35),(108,501,2,35),(108,501,3,35),(112,501,1,35),(112,501,2,35),(112,501,3,35),(119,501,1,36),(119,501,2,36),(119,501,3,36),(120,501,1,35),(120,501,2,35),(120,501,3,35),(123,501,1,36),(123,501,2,36),(123,501,3,36),(126,501,1,36),(126,501,2,36),(126,501,3,36),(135,501,1,35),(135,501,2,35),(135,501,3,35),(25,510,1,77),(25,510,2,77),(25,510,3,77),(26,510,1,79),(26,510,2,79),(26,510,3,79),(27,510,1,76),(27,510,2,76),(27,510,3,76),(28,510,1,74),(28,510,2,74),(28,510,3,74),(158,510,1,76),(158,510,2,76),(158,510,3,76),(44,513,1,90),(44,513,2,90),(44,513,3,90),(45,513,1,93),(45,513,2,93),(45,513,3,93),(46,513,1,91),(46,513,2,91),(46,513,3,91),(47,513,1,90),(47,513,2,90),(47,513,3,90),(48,513,1,93),(48,513,2,93),(48,513,3,93),(147,875,1,110),(147,875,2,110),(147,875,3,110),(152,875,1,106),(152,875,2,106),(152,875,3,106),(156,875,1,106),(156,875,2,106),(156,875,3,106),(157,875,1,107),(157,875,2,107),(157,875,3,107),(163,875,1,106),(163,875,1,107),(163,875,1,110),(163,875,2,106),(163,875,2,107),(163,875,2,110),(163,875,3,106),(163,875,3,107),(163,875,3,110),(165,875,1,106),(165,875,1,107),(165,875,1,110),(165,875,2,106),(165,875,2,107),(165,875,2,110),(165,875,3,106),(165,875,3,107),(165,875,3,110);


/*Table structure for table `catalog_product_index_eav_tmp` */


CREATE TABLE `catalog_product_index_eav_tmp` (
  `entity_id` int(10) unsigned NOT NULL DEFAULT '0' COMMENT 'Entity ID',
  `attribute_id` smallint(5) unsigned NOT NULL DEFAULT '0' COMMENT 'Attribute ID',
  `store_id` smallint(5) unsigned NOT NULL DEFAULT '0' COMMENT 'Store ID',
  `value` int(10) unsigned NOT NULL DEFAULT '0' COMMENT 'Value',
  PRIMARY KEY (`entity_id`,`attribute_id`,`store_id`,`value`),
  KEY `IDX_CATALOG_PRODUCT_INDEX_EAV_TMP_ENTITY_ID` (`entity_id`),
  KEY `IDX_CATALOG_PRODUCT_INDEX_EAV_TMP_ATTRIBUTE_ID` (`attribute_id`),
  KEY `IDX_CATALOG_PRODUCT_INDEX_EAV_TMP_STORE_ID` (`store_id`),
  KEY `IDX_CATALOG_PRODUCT_INDEX_EAV_TMP_VALUE` (`value`)
) ENGINE=InnoDB DEFAULT CHARSET=utf8 COMMENT='Catalog Product EAV Indexer Temp Table';

/*Data for the table `catalog_product_index_eav_tmp` */



/*Table structure for table `catalog_product_index_price` */


CREATE TABLE `catalog_product_index_price` (
  `entity_id` int(10) unsigned NOT NULL DEFAULT '0' COMMENT 'Entity ID',
  `customer_group_id` smallint(5) unsigned NOT NULL DEFAULT '0' COMMENT 'Customer Group ID',
  `website_id` smallint(5) unsigned NOT NULL DEFAULT '0' COMMENT 'Website ID',
  `tax_class_id` smallint(5) unsigned DEFAULT '0' COMMENT 'Tax Class ID',
  `price` decimal(12,4) DEFAULT NULL COMMENT 'Price',
  `final_price` decimal(12,4) DEFAULT NULL COMMENT 'Final Price',
  `min_price` decimal(12,4) DEFAULT NULL COMMENT 'Min Price',
  `max_price` decimal(12,4) DEFAULT NULL COMMENT 'Max Price',
  `tier_price` decimal(12,4) DEFAULT NULL COMMENT 'Tier Price',
  PRIMARY KEY (`entity_id`,`customer_group_id`,`website_id`),
  KEY `IDX_CATALOG_PRODUCT_INDEX_PRICE_CUSTOMER_GROUP_ID` (`customer_group_id`),
  KEY `IDX_CATALOG_PRODUCT_INDEX_PRICE_WEBSITE_ID` (`website_id`),
  KEY `IDX_CATALOG_PRODUCT_INDEX_PRICE_MIN_PRICE` (`min_price`),
  CONSTRAINT `FK_CAT_PRD_IDX_PRICE_WS_ID_CORE_WS_WS_ID` FOREIGN KEY (`website_id`) REFERENCES `core_website` (`website_id`) ON DELETE CASCADE ON UPDATE CASCADE,
  CONSTRAINT `FK_CAT_PRD_IDX_PRICE_CSTR_GROUP_ID_CSTR_GROUP_CSTR_GROUP_ID` FOREIGN KEY (`customer_group_id`) REFERENCES `customer_group` (`customer_group_id`) ON DELETE CASCADE ON UPDATE CASCADE,
  CONSTRAINT `FK_CAT_PRD_IDX_PRICE_ENTT_ID_CAT_PRD_ENTT_ENTT_ID` FOREIGN KEY (`entity_id`) REFERENCES `catalog_product_entity` (`entity_id`) ON DELETE CASCADE ON UPDATE CASCADE
) ENGINE=InnoDB DEFAULT CHARSET=utf8 COMMENT='Catalog Product Price Index Table';

/*Data for the table `catalog_product_index_price` */


insert  into `catalog_product_index_price`(`entity_id`,`customer_group_id`,`website_id`,`tax_class_id`,`price`,`final_price`,`min_price`,`max_price`,`tier_price`) values (16,0,1,2,'149.9900','149.9900','149.9900','149.9900',NULL),(16,1,1,2,'149.9900','149.9900','149.9900','149.9900',NULL),(16,2,1,2,'149.9900','149.9900','149.9900','149.9900',NULL),(16,3,1,2,'149.9900','149.9900','149.9900','149.9900',NULL),(16,4,1,2,'149.9900','149.9900','149.9900','149.9900',NULL),(17,0,1,2,'349.9900','349.9900','349.9900','349.9900',NULL),(17,1,1,2,'349.9900','349.9900','349.9900','349.9900',NULL),(17,2,1,2,'349.9900','349.9900','349.9900','349.9900',NULL),(17,3,1,2,'349.9900','349.9900','349.9900','349.9900',NULL),(17,4,1,2,'349.9900','349.9900','349.9900','349.9900',NULL),(18,0,1,2,'399.9900','399.9900','399.9900','399.9900',NULL),(18,1,1,2,'399.9900','399.9900','399.9900','399.9900',NULL),(18,2,1,2,'399.9900','399.9900','399.9900','399.9900',NULL),(18,3,1,2,'399.9900','399.9900','399.9900','399.9900',NULL),(18,4,1,2,'399.9900','399.9900','399.9900','399.9900',NULL),(19,0,1,2,'199.9900','199.9900','199.9900','199.9900',NULL),(19,1,1,2,'199.9900','199.9900','199.9900','199.9900',NULL),(19,2,1,2,'199.9900','199.9900','199.9900','199.9900',NULL),(19,3,1,2,'199.9900','199.9900','199.9900','199.9900',NULL),(19,4,1,2,'199.9900','199.9900','199.9900','199.9900',NULL),(20,0,1,2,'150.0000','150.0000','150.0000','150.0000',NULL),(20,1,1,2,'150.0000','150.0000','150.0000','150.0000',NULL),(20,2,1,2,'150.0000','150.0000','150.0000','150.0000',NULL),(20,3,1,2,'150.0000','150.0000','150.0000','150.0000',NULL),(20,4,1,2,'150.0000','150.0000','150.0000','150.0000',NULL),(25,0,1,2,'2299.9900','2299.9900','2299.9900','2624.9900',NULL),(25,1,1,2,'2299.9900','2299.9900','2299.9900','2624.9900',NULL),(25,2,1,2,'2299.9900','2299.9900','2299.9900','2624.9900',NULL),(25,3,1,2,'2299.9900','2299.9900','2299.9900','2624.9900',NULL),(25,4,1,2,'2299.9900','2299.9900','2299.9900','2624.9900',NULL),(26,0,1,2,'1799.9900','1799.9900','1799.9900','2124.9900',NULL),(26,1,1,2,'1799.9900','1799.9900','1799.9900','2124.9900',NULL),(26,2,1,2,'1799.9900','1799.9900','1799.9900','2124.9900',NULL),(26,3,1,2,'1799.9900','1799.9900','1799.9900','2124.9900',NULL),(26,4,1,2,'1799.9900','1799.9900','1799.9900','2124.9900',NULL),(27,0,1,2,'2699.9900','2699.9900','2699.9900','2699.9900',NULL),(27,1,1,2,'2699.9900','2699.9900','2699.9900','2699.9900',NULL),(27,2,1,2,'2699.9900','2699.9900','2699.9900','2699.9900',NULL),(27,3,1,2,'2699.9900','2699.9900','2699.9900','2699.9900',NULL),(27,4,1,2,'2699.9900','2699.9900','2699.9900','2699.9900',NULL),(28,0,1,2,'1599.9900','1599.9900','1599.9900','1599.9900',NULL),(28,1,1,2,'1599.9900','1599.9900','1599.9900','1599.9900',NULL),(28,2,1,2,'1599.9900','1599.9900','1599.9900','1599.9900',NULL),(28,3,1,2,'1599.9900','1599.9900','1599.9900','1599.9900',NULL),(28,4,1,2,'1599.9900','1599.9900','1599.9900','1599.9900',NULL),(29,0,1,2,'15.9900','15.9900','15.9900','15.9900',NULL),(29,1,1,2,'15.9900','15.9900','15.9900','15.9900',NULL),(29,2,1,2,'15.9900','15.9900','15.9900','15.9900',NULL),(29,3,1,2,'15.9900','15.9900','15.9900','15.9900',NULL),(29,4,1,2,'15.9900','15.9900','15.9900','15.9900',NULL),(30,0,1,2,'134.9900','134.9900','134.9900','134.9900',NULL),(30,1,1,2,'134.9900','134.9900','134.9900','134.9900',NULL),(30,2,1,2,'134.9900','134.9900','134.9900','134.9900',NULL),(30,3,1,2,'134.9900','134.9900','134.9900','134.9900',NULL),(30,4,1,2,'134.9900','134.9900','134.9900','134.9900',NULL),(31,0,1,2,'69.9900','69.9900','69.9900','69.9900',NULL),(31,1,1,2,'69.9900','69.9900','69.9900','69.9900',NULL),(31,2,1,2,'69.9900','69.9900','69.9900','69.9900',NULL),(31,3,1,2,'69.9900','69.9900','69.9900','69.9900',NULL),(31,4,1,2,'69.9900','69.9900','69.9900','69.9900',NULL),(32,0,1,2,'89.9900','89.9900','89.9900','89.9900',NULL),(32,1,1,2,'89.9900','89.9900','89.9900','89.9900',NULL),(32,2,1,2,'89.9900','89.9900','89.9900','89.9900',NULL),(32,3,1,2,'89.9900','89.9900','89.9900','89.9900',NULL),(32,4,1,2,'89.9900','89.9900','89.9900','89.9900',NULL),(33,0,1,2,'159.9900','159.9900','159.9900','159.9900',NULL),(33,1,1,2,'159.9900','159.9900','159.9900','159.9900',NULL),(33,2,1,2,'159.9900','159.9900','159.9900','159.9900',NULL),(33,3,1,2,'159.9900','159.9900','159.9900','159.9900',NULL),(33,4,1,2,'159.9900','159.9900','159.9900','159.9900',NULL),(34,0,1,2,'160.9900','160.9900','160.9900','160.9900',NULL),(34,1,1,2,'160.9900','160.9900','160.9900','160.9900',NULL),(34,2,1,2,'160.9900','160.9900','160.9900','160.9900',NULL),(34,3,1,2,'160.9900','160.9900','160.9900','160.9900',NULL),(34,4,1,2,'160.9900','160.9900','160.9900','160.9900',NULL),(35,0,1,2,'15.0000','15.0000','15.0000','15.0000',NULL),(35,1,1,2,'15.0000','15.0000','15.0000','15.0000',NULL),(35,2,1,2,'15.0000','15.0000','15.0000','15.0000',NULL),(35,3,1,2,'15.0000','15.0000','15.0000','15.0000',NULL),(35,4,1,2,'15.0000','15.0000','15.0000','15.0000',NULL),(37,0,1,2,'15.0000','15.0000','15.0000','15.0000',NULL),(37,1,1,2,'15.0000','15.0000','15.0000','15.0000',NULL),(37,2,1,2,'15.0000','15.0000','15.0000','15.0000',NULL),(37,3,1,2,'15.0000','15.0000','15.0000','15.0000',NULL),(37,4,1,2,'15.0000','15.0000','15.0000','15.0000',NULL),(38,0,1,2,'13.5000','13.5000','13.5000','13.5000',NULL),(38,1,1,2,'13.5000','13.5000','13.5000','13.5000',NULL),(38,2,1,2,'13.5000','13.5000','13.5000','13.5000',NULL),(38,3,1,2,'13.5000','13.5000','13.5000','13.5000',NULL),(38,4,1,2,'13.5000','13.5000','13.5000','13.5000',NULL),(39,0,1,2,'30.0000','30.0000','30.0000','30.0000',NULL),(39,1,1,2,'30.0000','30.0000','30.0000','30.0000',NULL),(39,2,1,2,'30.0000','30.0000','30.0000','30.0000',NULL),(39,3,1,2,'30.0000','30.0000','30.0000','30.0000',NULL),(39,4,1,2,'30.0000','30.0000','30.0000','30.0000',NULL),(41,0,1,2,'399.9900','399.9900','399.9900','399.9900',NULL),(41,1,1,2,'399.9900','399.9900','399.9900','399.9900',NULL),(41,2,1,2,'399.9900','399.9900','399.9900','399.9900',NULL),(41,3,1,2,'399.9900','399.9900','399.9900','399.9900',NULL),(41,4,1,2,'399.9900','399.9900','399.9900','399.9900',NULL),(42,0,1,2,'2299.0000','2299.0000','2299.0000','2299.0000',NULL),(42,1,1,2,'2299.0000','2299.0000','2299.0000','2299.0000',NULL),(42,2,1,2,'2299.0000','2299.0000','2299.0000','2299.0000',NULL),(42,3,1,2,'2299.0000','2299.0000','2299.0000','2299.0000',NULL),(42,4,1,2,'2299.0000','2299.0000','2299.0000','2299.0000',NULL),(44,0,1,2,'550.0000','550.0000','550.0000','550.0000','449.0000'),(44,1,1,2,'550.0000','550.0000','550.0000','550.0000','449.0000'),(44,2,1,2,'550.0000','550.0000','550.0000','550.0000','449.0000'),(44,3,1,2,'550.0000','550.0000','550.0000','550.0000','449.0000'),(44,4,1,2,'550.0000','550.0000','550.0000','550.0000','449.0000'),(45,0,1,2,'37.4900','37.4900','37.4900','37.4900',NULL),(45,1,1,2,'37.4900','37.4900','37.4900','37.4900',NULL),(45,2,1,2,'37.4900','37.4900','37.4900','37.4900',NULL),(45,3,1,2,'37.4900','37.4900','37.4900','37.4900',NULL),(45,4,1,2,'37.4900','37.4900','37.4900','37.4900',NULL),(46,0,1,2,'161.9400','161.9400','161.9400','161.9400',NULL),(46,1,1,2,'161.9400','161.9400','161.9400','161.9400',NULL),(46,2,1,2,'161.9400','161.9400','161.9400','161.9400',NULL),(46,3,1,2,'161.9400','161.9400','161.9400','161.9400',NULL),(46,4,1,2,'161.9400','161.9400','161.9400','161.9400',NULL),(47,0,1,2,'329.9900','329.9900','329.9900','329.9900',NULL),(47,1,1,2,'329.9900','329.9900','329.9900','329.9900',NULL),(47,2,1,2,'329.9900','329.9900','329.9900','329.9900',NULL),(47,3,1,2,'329.9900','329.9900','329.9900','329.9900',NULL),(47,4,1,2,'329.9900','329.9900','329.9900','329.9900',NULL),(48,0,1,2,'199.9900','199.9900','199.9900','199.9900',NULL),(48,1,1,2,'199.9900','199.9900','199.9900','199.9900',NULL),(48,2,1,2,'199.9900','199.9900','199.9900','199.9900',NULL),(48,3,1,2,'199.9900','199.9900','199.9900','199.9900',NULL),(48,4,1,2,'199.9900','199.9900','199.9900','199.9900',NULL),(49,0,1,2,'41.9500','41.9500','41.9500','41.9500',NULL),(49,1,1,2,'41.9500','41.9500','41.9500','41.9500',NULL),(49,2,1,2,'41.9500','41.9500','41.9500','41.9500',NULL),(49,3,1,2,'41.9500','41.9500','41.9500','41.9500',NULL),(49,4,1,2,'41.9500','41.9500','41.9500','41.9500',NULL),(51,0,1,2,'299.9900','299.9900','299.9900','299.9900',NULL),(51,1,1,2,'299.9900','299.9900','299.9900','299.9900',NULL),(51,2,1,2,'299.9900','299.9900','299.9900','299.9900',NULL),(51,3,1,2,'299.9900','299.9900','299.9900','299.9900',NULL),(51,4,1,2,'299.9900','299.9900','299.9900','299.9900',NULL),(52,0,1,2,'129.9900','129.9900','129.9900','129.9900',NULL),(52,1,1,2,'129.9900','129.9900','129.9900','129.9900',NULL),(52,2,1,2,'129.9900','129.9900','129.9900','129.9900',NULL),(52,3,1,2,'129.9900','129.9900','129.9900','129.9900',NULL),(52,4,1,2,'129.9900','129.9900','129.9900','129.9900',NULL),(53,0,1,2,'599.9900','599.9900','599.9900','599.9900',NULL),(53,1,1,2,'599.9900','599.9900','599.9900','599.9900',NULL),(53,2,1,2,'599.9900','599.9900','599.9900','599.9900',NULL),(53,3,1,2,'599.9900','599.9900','599.9900','599.9900',NULL),(53,4,1,2,'599.9900','599.9900','599.9900','599.9900',NULL),(54,0,1,2,NULL,NULL,'129.9900','599.9900',NULL),(54,1,1,2,NULL,NULL,'129.9900','599.9900',NULL),(54,2,1,2,NULL,NULL,'129.9900','599.9900',NULL),(54,3,1,2,NULL,NULL,'129.9900','599.9900',NULL),(54,4,1,2,NULL,NULL,'129.9900','599.9900',NULL),(74,0,1,2,'41.9500','41.9500','41.9500','41.9500',NULL),(74,1,1,2,'41.9500','41.9500','41.9500','41.9500',NULL),(74,2,1,2,'41.9500','41.9500','41.9500','41.9500',NULL),(74,3,1,2,'41.9500','41.9500','41.9500','41.9500',NULL),(74,4,1,2,'41.9500','41.9500','41.9500','41.9500',NULL),(75,0,1,2,'41.9500','41.9500','41.9500','41.9500',NULL),(75,1,1,2,'41.9500','41.9500','41.9500','41.9500',NULL),(75,2,1,2,'41.9500','41.9500','41.9500','41.9500',NULL),(75,3,1,2,'41.9500','41.9500','41.9500','41.9500',NULL),(75,4,1,2,'41.9500','41.9500','41.9500','41.9500',NULL),(79,0,1,2,'41.9500','41.9500','41.9500','41.9500',NULL),(79,1,1,2,'41.9500','41.9500','41.9500','41.9500',NULL),(79,2,1,2,'41.9500','41.9500','41.9500','41.9500',NULL),(79,3,1,2,'41.9500','41.9500','41.9500','41.9500',NULL),(79,4,1,2,'41.9500','41.9500','41.9500','41.9500',NULL),(80,0,1,2,'41.9500','41.9500','41.9500','41.9500',NULL),(80,1,1,2,'41.9500','41.9500','41.9500','41.9500',NULL),(80,2,1,2,'41.9500','41.9500','41.9500','41.9500',NULL),(80,3,1,2,'41.9500','41.9500','41.9500','41.9500',NULL),(80,4,1,2,'41.9500','41.9500','41.9500','41.9500',NULL),(81,0,1,2,'41.9500','41.9500','41.9500','41.9500',NULL),(81,1,1,2,'41.9500','41.9500','41.9500','41.9500',NULL),(81,2,1,2,'41.9500','41.9500','41.9500','41.9500',NULL),(81,3,1,2,'41.9500','41.9500','41.9500','41.9500',NULL),(81,4,1,2,'41.9500','41.9500','41.9500','41.9500',NULL),(82,0,1,2,'41.9500','41.9500','41.9500','41.9500',NULL),(82,1,1,2,'41.9500','41.9500','41.9500','41.9500',NULL),(82,2,1,2,'41.9500','41.9500','41.9500','41.9500',NULL),(82,3,1,2,'41.9500','41.9500','41.9500','41.9500',NULL),(82,4,1,2,'41.9500','41.9500','41.9500','41.9500',NULL),(83,0,1,2,'15.9900','15.9900','15.9900','18.9900',NULL),(83,1,1,2,'15.9900','15.9900','15.9900','18.9900',NULL),(83,2,1,2,'15.9900','15.9900','15.9900','18.9900',NULL),(83,3,1,2,'15.9900','15.9900','15.9900','18.9900',NULL),(83,4,1,2,'15.9900','15.9900','15.9900','18.9900',NULL),(84,0,1,2,'15.9900','15.9900','15.9900','15.9900',NULL),(84,1,1,2,'15.9900','15.9900','15.9900','15.9900',NULL),(84,2,1,2,'15.9900','15.9900','15.9900','15.9900',NULL),(84,3,1,2,'15.9900','15.9900','15.9900','15.9900',NULL),(84,4,1,2,'15.9900','15.9900','15.9900','15.9900',NULL),(85,0,1,2,'15.9900','15.9900','15.9900','15.9900',NULL),(85,1,1,2,'15.9900','15.9900','15.9900','15.9900',NULL),(85,2,1,2,'15.9900','15.9900','15.9900','15.9900',NULL),(85,3,1,2,'15.9900','15.9900','15.9900','15.9900',NULL),(85,4,1,2,'15.9900','15.9900','15.9900','15.9900',NULL),(86,0,1,2,'15.9900','15.9900','15.9900','15.9900',NULL),(86,1,1,2,'15.9900','15.9900','15.9900','15.9900',NULL),(86,2,1,2,'15.9900','15.9900','15.9900','15.9900',NULL),(86,3,1,2,'15.9900','15.9900','15.9900','15.9900',NULL),(86,4,1,2,'15.9900','15.9900','15.9900','15.9900',NULL),(87,0,1,2,'15.9900','15.9900','15.9900','15.9900',NULL),(87,1,1,2,'15.9900','15.9900','15.9900','15.9900',NULL),(87,2,1,2,'15.9900','15.9900','15.9900','15.9900',NULL),(87,3,1,2,'15.9900','15.9900','15.9900','15.9900',NULL),(87,4,1,2,'15.9900','15.9900','15.9900','15.9900',NULL),(88,0,1,2,'15.9900','15.9900','15.9900','15.9900',NULL),(88,1,1,2,'15.9900','15.9900','15.9900','15.9900',NULL),(88,2,1,2,'15.9900','15.9900','15.9900','15.9900',NULL),(88,3,1,2,'15.9900','15.9900','15.9900','15.9900',NULL),(88,4,1,2,'15.9900','15.9900','15.9900','15.9900',NULL),(89,0,1,2,'15.9900','15.9900','15.9900','15.9900',NULL),(89,1,1,2,'15.9900','15.9900','15.9900','15.9900',NULL),(89,2,1,2,'15.9900','15.9900','15.9900','15.9900',NULL),(89,3,1,2,'15.9900','15.9900','15.9900','15.9900',NULL),(89,4,1,2,'15.9900','15.9900','15.9900','15.9900',NULL),(90,0,1,2,'15.9900','15.9900','15.9900','15.9900',NULL),(90,1,1,2,'15.9900','15.9900','15.9900','15.9900',NULL),(90,2,1,2,'15.9900','15.9900','15.9900','15.9900',NULL),(90,3,1,2,'15.9900','15.9900','15.9900','15.9900',NULL),(90,4,1,2,'15.9900','15.9900','15.9900','15.9900',NULL),(91,0,1,2,'15.9900','15.9900','15.9900','15.9900',NULL),(91,1,1,2,'15.9900','15.9900','15.9900','15.9900',NULL),(91,2,1,2,'15.9900','15.9900','15.9900','15.9900',NULL),(91,3,1,2,'15.9900','15.9900','15.9900','15.9900',NULL),(91,4,1,2,'15.9900','15.9900','15.9900','15.9900',NULL),(92,0,1,2,'15.9900','15.9900','15.9900','15.9900',NULL),(92,1,1,2,'15.9900','15.9900','15.9900','15.9900',NULL),(92,2,1,2,'15.9900','15.9900','15.9900','15.9900',NULL),(92,3,1,2,'15.9900','15.9900','15.9900','15.9900',NULL),(92,4,1,2,'15.9900','15.9900','15.9900','15.9900',NULL),(93,0,1,2,'134.9900','134.9900','134.9900','134.9900',NULL),(93,1,1,2,'134.9900','134.9900','134.9900','134.9900',NULL),(93,2,1,2,'134.9900','134.9900','134.9900','134.9900',NULL),(93,3,1,2,'134.9900','134.9900','134.9900','134.9900',NULL),(93,4,1,2,'134.9900','134.9900','134.9900','134.9900',NULL),(94,0,1,2,'134.9900','134.9900','134.9900','134.9900',NULL),(94,1,1,2,'134.9900','134.9900','134.9900','134.9900',NULL),(94,2,1,2,'134.9900','134.9900','134.9900','134.9900',NULL),(94,3,1,2,'134.9900','134.9900','134.9900','134.9900',NULL),(94,4,1,2,'134.9900','134.9900','134.9900','134.9900',NULL),(95,0,1,2,'134.9900','134.9900','134.9900','134.9900',NULL),(95,1,1,2,'134.9900','134.9900','134.9900','134.9900',NULL),(95,2,1,2,'134.9900','134.9900','134.9900','134.9900',NULL),(95,3,1,2,'134.9900','134.9900','134.9900','134.9900',NULL),(95,4,1,2,'134.9900','134.9900','134.9900','134.9900',NULL),(96,0,1,2,'134.9900','134.9900','134.9900','134.9900',NULL),(96,1,1,2,'134.9900','134.9900','134.9900','134.9900',NULL),(96,2,1,2,'134.9900','134.9900','134.9900','134.9900',NULL),(96,3,1,2,'134.9900','134.9900','134.9900','134.9900',NULL),(96,4,1,2,'134.9900','134.9900','134.9900','134.9900',NULL),(97,0,1,2,'134.9900','134.9900','134.9900','134.9900',NULL),(97,1,1,2,'134.9900','134.9900','134.9900','134.9900',NULL),(97,2,1,2,'134.9900','134.9900','134.9900','134.9900',NULL),(97,3,1,2,'134.9900','134.9900','134.9900','134.9900',NULL),(97,4,1,2,'134.9900','134.9900','134.9900','134.9900',NULL),(98,0,1,2,'160.9900','160.9900','160.9900','160.9900',NULL),(98,1,1,2,'160.9900','160.9900','160.9900','160.9900',NULL),(98,2,1,2,'160.9900','160.9900','160.9900','160.9900',NULL),(98,3,1,2,'160.9900','160.9900','160.9900','160.9900',NULL),(98,4,1,2,'160.9900','160.9900','160.9900','160.9900',NULL),(99,0,1,2,'160.9900','160.9900','160.9900','160.9900',NULL),(99,1,1,2,'160.9900','160.9900','160.9900','160.9900',NULL),(99,2,1,2,'160.9900','160.9900','160.9900','160.9900',NULL),(99,3,1,2,'160.9900','160.9900','160.9900','160.9900',NULL),(99,4,1,2,'160.9900','160.9900','160.9900','160.9900',NULL),(100,0,1,2,'160.9900','160.9900','160.9900','160.9900',NULL),(100,1,1,2,'160.9900','160.9900','160.9900','160.9900',NULL),(100,2,1,2,'160.9900','160.9900','160.9900','160.9900',NULL),(100,3,1,2,'160.9900','160.9900','160.9900','160.9900',NULL),(100,4,1,2,'160.9900','160.9900','160.9900','160.9900',NULL),(101,0,1,2,'160.9900','160.9900','160.9900','160.9900',NULL),(101,1,1,2,'160.9900','160.9900','160.9900','160.9900',NULL),(101,2,1,2,'160.9900','160.9900','160.9900','160.9900',NULL),(101,3,1,2,'160.9900','160.9900','160.9900','160.9900',NULL),(101,4,1,2,'160.9900','160.9900','160.9900','160.9900',NULL),(102,0,1,2,'160.9900','160.9900','160.9900','160.9900',NULL),(102,1,1,2,'160.9900','160.9900','160.9900','160.9900',NULL),(102,2,1,2,'160.9900','160.9900','160.9900','160.9900',NULL),(102,3,1,2,'160.9900','160.9900','160.9900','160.9900',NULL),(102,4,1,2,'160.9900','160.9900','160.9900','160.9900',NULL),(103,0,1,2,'69.9900','69.9900','69.9900','69.9900',NULL),(103,1,1,2,'69.9900','69.9900','69.9900','69.9900',NULL),(103,2,1,2,'69.9900','69.9900','69.9900','69.9900',NULL),(103,3,1,2,'69.9900','69.9900','69.9900','69.9900',NULL),(103,4,1,2,'69.9900','69.9900','69.9900','69.9900',NULL),(104,0,1,2,'69.9900','69.9900','69.9900','69.9900',NULL),(104,1,1,2,'69.9900','69.9900','69.9900','69.9900',NULL),(104,2,1,2,'69.9900','69.9900','69.9900','69.9900',NULL),(104,3,1,2,'69.9900','69.9900','69.9900','69.9900',NULL),(104,4,1,2,'69.9900','69.9900','69.9900','69.9900',NULL),(105,0,1,2,'69.9900','69.9900','69.9900','69.9900',NULL),(105,1,1,2,'69.9900','69.9900','69.9900','69.9900',NULL),(105,2,1,2,'69.9900','69.9900','69.9900','69.9900',NULL),(105,3,1,2,'69.9900','69.9900','69.9900','69.9900',NULL),(105,4,1,2,'69.9900','69.9900','69.9900','69.9900',NULL),(106,0,1,2,'69.9900','69.9900','69.9900','69.9900',NULL),(106,1,1,2,'69.9900','69.9900','69.9900','69.9900',NULL),(106,2,1,2,'69.9900','69.9900','69.9900','69.9900',NULL),(106,3,1,2,'69.9900','69.9900','69.9900','69.9900',NULL),(106,4,1,2,'69.9900','69.9900','69.9900','69.9900',NULL),(107,0,1,2,'69.9900','69.9900','69.9900','69.9900',NULL),(107,1,1,2,'69.9900','69.9900','69.9900','69.9900',NULL),(107,2,1,2,'69.9900','69.9900','69.9900','69.9900',NULL),(107,3,1,2,'69.9900','69.9900','69.9900','69.9900',NULL),(107,4,1,2,'69.9900','69.9900','69.9900','69.9900',NULL),(108,0,1,2,'89.9900','89.9900','89.9900','89.9900',NULL),(108,1,1,2,'89.9900','89.9900','89.9900','89.9900',NULL),(108,2,1,2,'89.9900','89.9900','89.9900','89.9900',NULL),(108,3,1,2,'89.9900','89.9900','89.9900','89.9900',NULL),(108,4,1,2,'89.9900','89.9900','89.9900','89.9900',NULL),(109,0,1,2,'89.9900','89.9900','89.9900','89.9900',NULL),(109,1,1,2,'89.9900','89.9900','89.9900','89.9900',NULL),(109,2,1,2,'89.9900','89.9900','89.9900','89.9900',NULL),(109,3,1,2,'89.9900','89.9900','89.9900','89.9900',NULL),(109,4,1,2,'89.9900','89.9900','89.9900','89.9900',NULL),(110,0,1,2,'89.9900','89.9900','89.9900','89.9900',NULL),(110,1,1,2,'89.9900','89.9900','89.9900','89.9900',NULL),(110,2,1,2,'89.9900','89.9900','89.9900','89.9900',NULL),(110,3,1,2,'89.9900','89.9900','89.9900','89.9900',NULL),(110,4,1,2,'89.9900','89.9900','89.9900','89.9900',NULL),(111,0,1,2,'89.9900','89.9900','89.9900','89.9900',NULL),(111,1,1,2,'89.9900','89.9900','89.9900','89.9900',NULL),(111,2,1,2,'89.9900','89.9900','89.9900','89.9900',NULL),(111,3,1,2,'89.9900','89.9900','89.9900','89.9900',NULL),(111,4,1,2,'89.9900','89.9900','89.9900','89.9900',NULL),(112,0,1,2,'159.9900','159.9900','159.9900','159.9900',NULL),(112,1,1,2,'159.9900','159.9900','159.9900','159.9900',NULL),(112,2,1,2,'159.9900','159.9900','159.9900','159.9900',NULL),(112,3,1,2,'159.9900','159.9900','159.9900','159.9900',NULL),(112,4,1,2,'159.9900','159.9900','159.9900','159.9900',NULL),(113,0,1,2,'159.9900','159.9900','159.9900','159.9900',NULL),(113,1,1,2,'159.9900','159.9900','159.9900','159.9900',NULL),(113,2,1,2,'159.9900','159.9900','159.9900','159.9900',NULL),(113,3,1,2,'159.9900','159.9900','159.9900','159.9900',NULL),(113,4,1,2,'159.9900','159.9900','159.9900','159.9900',NULL),(114,0,1,2,'159.9900','159.9900','159.9900','159.9900',NULL),(114,1,1,2,'159.9900','159.9900','159.9900','159.9900',NULL),(114,2,1,2,'159.9900','159.9900','159.9900','159.9900',NULL),(114,3,1,2,'159.9900','159.9900','159.9900','159.9900',NULL),(114,4,1,2,'159.9900','159.9900','159.9900','159.9900',NULL),(115,0,1,2,'159.9900','159.9900','159.9900','159.9900',NULL),(115,1,1,2,'159.9900','159.9900','159.9900','159.9900',NULL),(115,2,1,2,'159.9900','159.9900','159.9900','159.9900',NULL),(115,3,1,2,'159.9900','159.9900','159.9900','159.9900',NULL),(115,4,1,2,'159.9900','159.9900','159.9900','159.9900',NULL),(117,0,1,2,'15.0000','15.0000','15.0000','15.0000',NULL),(117,1,1,2,'15.0000','15.0000','15.0000','15.0000',NULL),(117,2,1,2,'15.0000','15.0000','15.0000','15.0000',NULL),(117,3,1,2,'15.0000','15.0000','15.0000','15.0000',NULL),(117,4,1,2,'15.0000','15.0000','15.0000','15.0000',NULL),(118,0,1,2,'15.0000','15.0000','15.0000','15.0000',NULL),(118,1,1,2,'15.0000','15.0000','15.0000','15.0000',NULL),(118,2,1,2,'15.0000','15.0000','15.0000','15.0000',NULL),(118,3,1,2,'15.0000','15.0000','15.0000','15.0000',NULL),(118,4,1,2,'15.0000','15.0000','15.0000','15.0000',NULL),(119,0,1,2,'15.0000','15.0000','15.0000','15.0000',NULL),(119,1,1,2,'15.0000','15.0000','15.0000','15.0000',NULL),(119,2,1,2,'15.0000','15.0000','15.0000','15.0000',NULL),(119,3,1,2,'15.0000','15.0000','15.0000','15.0000',NULL),(119,4,1,2,'15.0000','15.0000','15.0000','15.0000',NULL),(120,0,1,2,'22.0000','22.0000','22.0000','22.0000','18.0000'),(120,1,1,2,'22.0000','22.0000','22.0000','22.0000','18.0000'),(120,2,1,2,'22.0000','22.0000','22.0000','22.0000','18.0000'),(120,3,1,2,'22.0000','22.0000','22.0000','22.0000','18.0000'),(120,4,1,2,'22.0000','22.0000','22.0000','22.0000','18.0000'),(121,0,1,2,'22.0000','22.0000','22.0000','22.0000',NULL),(121,1,1,2,'22.0000','22.0000','22.0000','22.0000',NULL),(121,2,1,2,'22.0000','22.0000','22.0000','22.0000',NULL),(121,3,1,2,'22.0000','22.0000','22.0000','22.0000',NULL),(121,4,1,2,'22.0000','22.0000','22.0000','22.0000',NULL),(122,0,1,2,'22.0000','22.0000','22.0000','22.0000',NULL),(122,1,1,2,'22.0000','22.0000','22.0000','22.0000',NULL),(122,2,1,2,'22.0000','22.0000','22.0000','22.0000',NULL),(122,3,1,2,'22.0000','22.0000','22.0000','22.0000',NULL),(122,4,1,2,'22.0000','22.0000','22.0000','22.0000',NULL),(123,0,1,2,'100.0000','100.0000','110.0000','130.0000','80.0000'),(123,1,1,2,'100.0000','100.0000','110.0000','130.0000','80.0000'),(123,2,1,2,'100.0000','100.0000','110.0000','130.0000','80.0000'),(123,3,1,2,'100.0000','100.0000','110.0000','130.0000','80.0000'),(123,4,1,2,'100.0000','100.0000','110.0000','130.0000','80.0000'),(124,0,1,2,'15.0000','15.0000','15.0000','15.0000',NULL),(124,1,1,2,'15.0000','15.0000','15.0000','15.0000',NULL),(124,2,1,2,'15.0000','15.0000','15.0000','15.0000',NULL),(124,3,1,2,'15.0000','15.0000','15.0000','15.0000',NULL),(124,4,1,2,'15.0000','15.0000','15.0000','15.0000',NULL),(125,0,1,2,'15.0000','15.0000','15.0000','15.0000',NULL),(125,1,1,2,'15.0000','15.0000','15.0000','15.0000',NULL),(125,2,1,2,'15.0000','15.0000','15.0000','15.0000',NULL),(125,3,1,2,'15.0000','15.0000','15.0000','15.0000',NULL),(125,4,1,2,'15.0000','15.0000','15.0000','15.0000',NULL),(126,0,1,2,'13.5000','13.5000','13.5000','18.7500','9.5000'),(126,1,1,2,'13.5000','13.5000','13.5000','18.7500','9.5000'),(126,2,1,2,'13.5000','13.5000','13.5000','18.7500','9.5000'),(126,3,1,2,'13.5000','13.5000','13.5000','18.7500','9.5000'),(126,4,1,2,'13.5000','13.5000','13.5000','18.7500','9.5000'),(127,0,1,2,'13.5000','13.5000','13.5000','13.5000',NULL),(127,1,1,2,'13.5000','13.5000','13.5000','13.5000',NULL),(127,2,1,2,'13.5000','13.5000','13.5000','13.5000',NULL),(127,3,1,2,'13.5000','13.5000','13.5000','13.5000',NULL),(127,4,1,2,'13.5000','13.5000','13.5000','13.5000',NULL),(128,0,1,2,'13.5000','13.5000','13.5000','13.5000',NULL),(128,1,1,2,'13.5000','13.5000','13.5000','13.5000',NULL),(128,2,1,2,'13.5000','13.5000','13.5000','13.5000',NULL),(128,3,1,2,'13.5000','13.5000','13.5000','13.5000',NULL),(128,4,1,2,'13.5000','13.5000','13.5000','13.5000',NULL),(129,0,1,2,'13.5000','13.5000','13.5000','13.5000',NULL),(129,1,1,2,'13.5000','13.5000','13.5000','13.5000',NULL),(129,2,1,2,'13.5000','13.5000','13.5000','13.5000',NULL),(129,3,1,2,'13.5000','13.5000','13.5000','13.5000',NULL),(129,4,1,2,'13.5000','13.5000','13.5000','13.5000',NULL),(130,0,1,2,'13.5000','13.5000','13.5000','13.5000',NULL),(130,1,1,2,'13.5000','13.5000','13.5000','13.5000',NULL),(130,2,1,2,'13.5000','13.5000','13.5000','13.5000',NULL),(130,3,1,2,'13.5000','13.5000','13.5000','13.5000',NULL),(130,4,1,2,'13.5000','13.5000','13.5000','13.5000',NULL),(131,0,1,2,'13.5000','13.5000','13.5000','13.5000',NULL),(131,1,1,2,'13.5000','13.5000','13.5000','13.5000',NULL),(131,2,1,2,'13.5000','13.5000','13.5000','13.5000',NULL),(131,3,1,2,'13.5000','13.5000','13.5000','13.5000',NULL),(131,4,1,2,'13.5000','13.5000','13.5000','13.5000',NULL),(132,0,1,2,'99.0000','99.0000','99.0000','99.0000',NULL),(132,1,1,2,'99.0000','99.0000','99.0000','99.0000',NULL),(132,2,1,2,'99.0000','99.0000','99.0000','99.0000',NULL),(132,3,1,2,'99.0000','99.0000','99.0000','99.0000',NULL),(132,4,1,2,'99.0000','99.0000','99.0000','99.0000',NULL),(133,0,1,2,'34.0000','34.0000','34.0000','34.0000',NULL),(133,1,1,2,'34.0000','34.0000','34.0000','34.0000',NULL),(133,2,1,2,'34.0000','34.0000','34.0000','34.0000',NULL),(133,3,1,2,'34.0000','34.0000','34.0000','34.0000',NULL),(133,4,1,2,'34.0000','34.0000','34.0000','34.0000',NULL),(134,0,1,2,'19.0000','19.0000','19.0000','19.0000',NULL),(134,1,1,2,'19.0000','19.0000','19.0000','19.0000',NULL),(134,2,1,2,'19.0000','19.0000','19.0000','19.0000',NULL),(134,3,1,2,'19.0000','19.0000','19.0000','19.0000',NULL),(134,4,1,2,'19.0000','19.0000','19.0000','19.0000',NULL),(135,0,1,2,'41.9500','41.9500','41.9500','41.9500',NULL),(135,1,1,2,'41.9500','41.9500','41.9500','41.9500',NULL),(135,2,1,2,'41.9500','41.9500','41.9500','41.9500',NULL),(135,3,1,2,'41.9500','41.9500','41.9500','41.9500',NULL),(135,4,1,2,'41.9500','41.9500','41.9500','41.9500',NULL),(138,0,1,1,'150.0000','150.0000','150.0000','150.0000',NULL),(138,1,1,1,'150.0000','150.0000','150.0000','150.0000',NULL),(138,2,1,1,'150.0000','150.0000','150.0000','150.0000',NULL),(138,3,1,1,'150.0000','150.0000','150.0000','150.0000',NULL),(138,4,1,1,'150.0000','150.0000','150.0000','150.0000',NULL),(139,0,1,1,'199.9900','199.9900','199.9900','199.9900',NULL),(139,1,1,1,'199.9900','199.9900','199.9900','199.9900',NULL),(139,2,1,1,'199.9900','199.9900','199.9900','199.9900',NULL),(139,3,1,1,'199.9900','199.9900','199.9900','199.9900',NULL),(139,4,1,1,'199.9900','199.9900','199.9900','199.9900',NULL),(140,0,1,1,'199.9900','199.9900','199.9900','199.9900',NULL),(140,1,1,1,'199.9900','199.9900','199.9900','199.9900',NULL),(140,2,1,1,'199.9900','199.9900','199.9900','199.9900',NULL),(140,3,1,1,'199.9900','199.9900','199.9900','199.9900',NULL),(140,4,1,1,'199.9900','199.9900','199.9900','199.9900',NULL),(141,0,1,1,'150.9900','150.9900','150.9900','150.9900',NULL),(141,1,1,1,'150.9900','150.9900','150.9900','150.9900',NULL),(141,2,1,1,'150.9900','150.9900','150.9900','150.9900',NULL),(141,3,1,1,'150.9900','150.9900','150.9900','150.9900',NULL),(141,4,1,1,'150.9900','150.9900','150.9900','150.9900',NULL),(142,0,1,0,'150.0000','150.0000','150.0000','150.0000',NULL),(142,1,1,0,'150.0000','150.0000','150.0000','150.0000',NULL),(142,2,1,0,'150.0000','150.0000','150.0000','150.0000',NULL),(142,3,1,0,'150.0000','150.0000','150.0000','150.0000',NULL),(142,4,1,0,'150.0000','150.0000','150.0000','150.0000',NULL),(143,0,1,1,'99.9900','99.9900','99.9900','99.9900',NULL),(143,1,1,1,'99.9900','99.9900','99.9900','99.9900',NULL),(143,2,1,1,'99.9900','99.9900','99.9900','99.9900',NULL),(143,3,1,1,'99.9900','99.9900','99.9900','99.9900',NULL),(143,4,1,1,'99.9900','99.9900','99.9900','99.9900',NULL),(144,0,1,0,'250.0000','250.0000','250.0000','250.0000',NULL),(144,1,1,0,'250.0000','250.0000','250.0000','250.0000',NULL),(144,2,1,0,'250.0000','250.0000','250.0000','250.0000',NULL),(144,3,1,0,'250.0000','250.0000','250.0000','250.0000',NULL),(144,4,1,0,'250.0000','250.0000','250.0000','250.0000',NULL),(145,0,1,1,'335.9900','335.9900','335.9900','335.9900',NULL),(145,1,1,1,'335.9900','335.9900','335.9900','335.9900',NULL),(145,2,1,1,'335.9900','335.9900','335.9900','335.9900',NULL),(145,3,1,1,'335.9900','335.9900','335.9900','335.9900',NULL),(145,4,1,1,'335.9900','335.9900','335.9900','335.9900',NULL),(146,0,1,0,'325.0000','325.0000','325.0000','325.0000',NULL),(146,1,1,0,'325.0000','325.0000','325.0000','325.0000',NULL),(146,2,1,0,'325.0000','325.0000','325.0000','325.0000',NULL),(146,3,1,0,'325.0000','325.0000','325.0000','325.0000',NULL),(146,4,1,0,'325.0000','325.0000','325.0000','325.0000',NULL),(147,0,1,0,'399.9900','399.9900','399.9900','399.9900',NULL),(147,1,1,0,'399.9900','399.9900','399.9900','399.9900',NULL),(147,2,1,0,'399.9900','399.9900','399.9900','399.9900',NULL),(147,3,1,0,'399.9900','399.9900','399.9900','399.9900',NULL),(147,4,1,0,'399.9900','399.9900','399.9900','399.9900',NULL),(148,0,1,1,'98.9900','98.9900','98.9900','98.9900',NULL),(148,1,1,1,'98.9900','98.9900','98.9900','98.9900',NULL),(148,2,1,1,'98.9900','98.9900','98.9900','98.9900',NULL),(148,3,1,1,'98.9900','98.9900','98.9900','98.9900',NULL),(148,4,1,1,'98.9900','98.9900','98.9900','98.9900',NULL),(149,0,1,1,'399.0000','399.0000','399.0000','399.0000',NULL),(149,1,1,1,'399.0000','399.0000','399.0000','399.0000',NULL),(149,2,1,1,'399.0000','399.0000','399.0000','399.0000',NULL),(149,3,1,1,'399.0000','399.0000','399.0000','399.0000',NULL),(149,4,1,1,'399.0000','399.0000','399.0000','399.0000',NULL),(150,0,1,1,'299.0000','299.0000','299.0000','299.0000',NULL),(150,1,1,1,'299.0000','299.0000','299.0000','299.0000',NULL),(150,2,1,1,'299.0000','299.0000','299.0000','299.0000',NULL),(150,3,1,1,'299.0000','299.0000','299.0000','299.0000',NULL),(150,4,1,1,'299.0000','299.0000','299.0000','299.0000',NULL),(151,0,1,1,'98.9900','98.9900','98.9900','98.9900',NULL),(151,1,1,1,'98.9900','98.9900','98.9900','98.9900',NULL),(151,2,1,1,'98.9900','98.9900','98.9900','98.9900',NULL),(151,3,1,1,'98.9900','98.9900','98.9900','98.9900',NULL),(151,4,1,1,'98.9900','98.9900','98.9900','98.9900',NULL),(152,0,1,1,'699.9900','699.9900','699.9900','699.9900',NULL),(152,1,1,1,'699.9900','699.9900','699.9900','699.9900',NULL),(152,2,1,1,'699.9900','699.9900','699.9900','699.9900',NULL),(152,3,1,1,'699.9900','699.9900','699.9900','699.9900',NULL),(152,4,1,1,'699.9900','699.9900','699.9900','699.9900',NULL),(153,0,1,1,'2049.9900','2049.9900','2049.9900','2049.9900',NULL),(153,1,1,1,'2049.9900','2049.9900','2049.9900','2049.9900',NULL),(153,2,1,1,'2049.9900','2049.9900','2049.9900','2049.9900',NULL),(153,3,1,1,'2049.9900','2049.9900','2049.9900','2049.9900',NULL),(153,4,1,1,'2049.9900','2049.9900','2049.9900','2049.9900',NULL),(154,0,1,1,'299.0000','299.0000','299.0000','299.0000',NULL),(154,1,1,1,'299.0000','299.0000','299.0000','299.0000',NULL),(154,2,1,1,'299.0000','299.0000','299.0000','299.0000',NULL),(154,3,1,1,'299.0000','299.0000','299.0000','299.0000',NULL),(154,4,1,1,'299.0000','299.0000','299.0000','299.0000',NULL),(155,0,1,1,'99.0000','99.0000','99.0000','99.0000',NULL),(155,1,1,1,'99.0000','99.0000','99.0000','99.0000',NULL),(155,2,1,1,'99.0000','99.0000','99.0000','99.0000',NULL),(155,3,1,1,'99.0000','99.0000','99.0000','99.0000',NULL),(155,4,1,1,'99.0000','99.0000','99.0000','99.0000',NULL),(156,0,1,0,'399.9900','399.9900','399.9900','399.9900',NULL),(156,1,1,0,'399.9900','399.9900','399.9900','399.9900',NULL),(156,2,1,0,'399.9900','399.9900','399.9900','399.9900',NULL),(156,3,1,0,'399.9900','399.9900','399.9900','399.9900',NULL),(156,4,1,0,'399.9900','399.9900','399.9900','399.9900',NULL),(157,0,1,0,'699.9900','699.9900','699.9900','699.9900',NULL),(157,1,1,0,'699.9900','699.9900','699.9900','699.9900',NULL),(157,2,1,0,'699.9900','699.9900','699.9900','699.9900',NULL),(157,3,1,0,'699.9900','699.9900','699.9900','699.9900',NULL),(157,4,1,0,'699.9900','699.9900','699.9900','699.9900',NULL),(158,0,1,0,'0.0000','0.0000','2699.9900','3024.9900',NULL),(158,1,1,0,'0.0000','0.0000','2699.9900','3024.9900',NULL),(158,2,1,0,'0.0000','0.0000','2699.9900','3024.9900',NULL),(158,3,1,0,'0.0000','0.0000','2699.9900','3024.9900',NULL),(158,4,1,0,'0.0000','0.0000','2699.9900','3024.9900',NULL),(159,0,1,0,'99.9900','99.9900','99.9900','99.9900',NULL),(159,1,1,0,'99.9900','99.9900','99.9900','99.9900',NULL),(159,2,1,0,'99.9900','99.9900','99.9900','99.9900',NULL),(159,3,1,0,'99.9900','99.9900','99.9900','99.9900',NULL),(159,4,1,0,'99.9900','99.9900','99.9900','99.9900',NULL),(160,0,1,1,'79.9900','79.9900','79.9900','79.9900',NULL),(160,1,1,1,'79.9900','79.9900','79.9900','79.9900',NULL),(160,2,1,1,'79.9900','79.9900','79.9900','79.9900',NULL),(160,3,1,1,'79.9900','79.9900','79.9900','79.9900',NULL),(160,4,1,1,'79.9900','79.9900','79.9900','79.9900',NULL),(161,0,1,0,'239.9900','239.9900','239.9900','239.9900',NULL),(161,1,1,0,'239.9900','239.9900','239.9900','239.9900',NULL),(161,2,1,0,'239.9900','239.9900','239.9900','239.9900',NULL),(161,3,1,0,'239.9900','239.9900','239.9900','239.9900',NULL),(161,4,1,0,'239.9900','239.9900','239.9900','239.9900',NULL),(162,0,1,1,'59.9900','59.9900','59.9900','59.9900',NULL),(162,1,1,1,'59.9900','59.9900','59.9900','59.9900',NULL),(162,2,1,1,'59.9900','59.9900','59.9900','59.9900',NULL),(162,3,1,1,'59.9900','59.9900','59.9900','59.9900',NULL),(162,4,1,1,'59.9900','59.9900','59.9900','59.9900',NULL),(163,0,1,0,'0.0000','0.0000','447.9800','4477.9200',NULL),(163,1,1,0,'0.0000','0.0000','447.9800','4477.9200',NULL),(163,2,1,0,'0.0000','0.0000','447.9800','4477.9200',NULL),(163,3,1,0,'0.0000','0.0000','447.9800','4477.9200',NULL),(163,4,1,0,'0.0000','0.0000','447.9800','4477.9200',NULL),(164,0,1,1,'4999.9500','4999.9500','4999.9500','6348.9500',NULL),(164,1,1,1,'4999.9500','4999.9500','4999.9500','6348.9500',NULL),(164,2,1,1,'4999.9500','4999.9500','4999.9500','6348.9500',NULL),(164,3,1,1,'4999.9500','4999.9500','4999.9500','6348.9500',NULL),(164,4,1,1,'4999.9500','4999.9500','4999.9500','6348.9500',NULL),(165,0,1,0,'0.0000','0.0000','635.9775','3786.6975',NULL),(165,1,1,0,'0.0000','0.0000','635.9775','3786.6975',NULL),(165,2,1,0,'0.0000','0.0000','635.9775','3786.6975',NULL),(165,3,1,0,'0.0000','0.0000','635.9775','3786.6975',NULL),(165,4,1,0,'0.0000','0.0000','635.9775','3786.6975',NULL),(166,0,1,2,'750.0000','750.0000','750.0000','750.0000',NULL),(166,1,1,2,'750.0000','750.0000','750.0000','750.0000',NULL),(166,2,1,2,'750.0000','750.0000','750.0000','750.0000',NULL),(166,3,1,2,'750.0000','750.0000','750.0000','750.0000',NULL),(166,4,1,2,'750.0000','750.0000','750.0000','750.0000',NULL);


/*Table structure for table `catalog_product_index_price_bundle_idx` */


CREATE TABLE `catalog_product_index_price_bundle_idx` (
  `entity_id` int(10) unsigned NOT NULL COMMENT 'Entity Id',
  `customer_group_id` smallint(5) unsigned NOT NULL COMMENT 'Customer Group Id',
  `website_id` smallint(5) unsigned NOT NULL COMMENT 'Website Id',
  `tax_class_id` smallint(5) unsigned DEFAULT '0' COMMENT 'Tax Class Id',
  `price_type` smallint(5) unsigned NOT NULL COMMENT 'Price Type',
  `special_price` decimal(12,4) DEFAULT NULL COMMENT 'Special Price',
  `tier_percent` decimal(12,4) DEFAULT NULL COMMENT 'Tier Percent',
  `orig_price` decimal(12,4) DEFAULT NULL COMMENT 'Orig Price',
  `price` decimal(12,4) DEFAULT NULL COMMENT 'Price',
  `min_price` decimal(12,4) DEFAULT NULL COMMENT 'Min Price',
  `max_price` decimal(12,4) DEFAULT NULL COMMENT 'Max Price',
  `tier_price` decimal(12,4) DEFAULT NULL COMMENT 'Tier Price',
  `base_tier` decimal(12,4) DEFAULT NULL COMMENT 'Base Tier',
  PRIMARY KEY (`entity_id`,`customer_group_id`,`website_id`)
) ENGINE=InnoDB DEFAULT CHARSET=utf8 COMMENT='Catalog Product Index Price Bundle Idx';

/*Data for the table `catalog_product_index_price_bundle_idx` */


insert  into `catalog_product_index_price_bundle_idx`(`entity_id`,`customer_group_id`,`website_id`,`tax_class_id`,`price_type`,`special_price`,`tier_percent`,`orig_price`,`price`,`min_price`,`max_price`,`tier_price`,`base_tier`) values (158,0,1,0,0,'0.0000',NULL,'0.0000','0.0000','0.0000','0.0000',NULL,NULL),(158,1,1,0,0,'0.0000',NULL,'0.0000','0.0000','0.0000','0.0000',NULL,NULL),(158,2,1,0,0,'0.0000',NULL,'0.0000','0.0000','0.0000','0.0000',NULL,NULL),(158,3,1,0,0,'0.0000',NULL,'0.0000','0.0000','0.0000','0.0000',NULL,NULL),(158,4,1,0,0,'0.0000',NULL,'0.0000','0.0000','0.0000','0.0000',NULL,NULL),(163,0,1,0,0,'0.0000',NULL,'0.0000','0.0000','0.0000','0.0000',NULL,NULL),(163,1,1,0,0,'0.0000',NULL,'0.0000','0.0000','0.0000','0.0000',NULL,NULL),(163,2,1,0,0,'0.0000',NULL,'0.0000','0.0000','0.0000','0.0000',NULL,NULL),(163,3,1,0,0,'0.0000',NULL,'0.0000','0.0000','0.0000','0.0000',NULL,NULL),(163,4,1,0,0,'0.0000',NULL,'0.0000','0.0000','0.0000','0.0000',NULL,NULL),(164,0,1,1,1,'0.0000',NULL,'4999.9500','4999.9500','4999.9500','4999.9500',NULL,NULL),(164,1,1,1,1,'0.0000',NULL,'4999.9500','4999.9500','4999.9500','4999.9500',NULL,NULL),(164,2,1,1,1,'0.0000',NULL,'4999.9500','4999.9500','4999.9500','4999.9500',NULL,NULL),(164,3,1,1,1,'0.0000',NULL,'4999.9500','4999.9500','4999.9500','4999.9500',NULL,NULL),(164,4,1,1,1,'0.0000',NULL,'4999.9500','4999.9500','4999.9500','4999.9500',NULL,NULL),(165,0,1,0,0,'75.0000',NULL,'0.0000','0.0000','0.0000','0.0000',NULL,NULL),(165,1,1,0,0,'75.0000',NULL,'0.0000','0.0000','0.0000','0.0000',NULL,NULL),(165,2,1,0,0,'75.0000',NULL,'0.0000','0.0000','0.0000','0.0000',NULL,NULL),(165,3,1,0,0,'75.0000',NULL,'0.0000','0.0000','0.0000','0.0000',NULL,NULL),(165,4,1,0,0,'75.0000',NULL,'0.0000','0.0000','0.0000','0.0000',NULL,NULL);


/*Table structure for table `catalog_product_index_price_bundle_opt_idx` */


CREATE TABLE `catalog_product_index_price_bundle_opt_idx` (
  `entity_id` int(10) unsigned NOT NULL COMMENT 'Entity Id',
  `customer_group_id` smallint(5) unsigned NOT NULL COMMENT 'Customer Group Id',
  `website_id` smallint(5) unsigned NOT NULL COMMENT 'Website Id',
  `option_id` int(10) unsigned NOT NULL DEFAULT '0' COMMENT 'Option Id',
  `min_price` decimal(12,4) DEFAULT NULL COMMENT 'Min Price',
  `alt_price` decimal(12,4) DEFAULT NULL COMMENT 'Alt Price',
  `max_price` decimal(12,4) DEFAULT NULL COMMENT 'Max Price',
  `tier_price` decimal(12,4) DEFAULT NULL COMMENT 'Tier Price',
  `alt_tier_price` decimal(12,4) DEFAULT NULL COMMENT 'Alt Tier Price',
  PRIMARY KEY (`entity_id`,`customer_group_id`,`website_id`,`option_id`)
) ENGINE=InnoDB DEFAULT CHARSET=utf8 COMMENT='Catalog Product Index Price Bundle Opt Idx';

/*Data for the table `catalog_product_index_price_bundle_opt_idx` */


insert  into `catalog_product_index_price_bundle_opt_idx`(`entity_id`,`customer_group_id`,`website_id`,`option_id`,`min_price`,`alt_price`,`max_price`,`tier_price`,`alt_tier_price`) values (158,0,1,1,'0.0000','150.0000','325.0000','0.0000',NULL),(158,0,1,2,'2699.9900','0.0000','2699.9900',NULL,'0.0000'),(158,1,1,1,'0.0000','150.0000','325.0000','0.0000',NULL),(158,1,1,2,'2699.9900','0.0000','2699.9900',NULL,'0.0000'),(158,2,1,1,'0.0000','150.0000','325.0000','0.0000',NULL),(158,2,1,2,'2699.9900','0.0000','2699.9900',NULL,'0.0000'),(158,3,1,1,'0.0000','150.0000','325.0000','0.0000',NULL),(158,3,1,2,'2699.9900','0.0000','2699.9900',NULL,'0.0000'),(158,4,1,1,'0.0000','150.0000','325.0000','0.0000',NULL),(158,4,1,2,'2699.9900','0.0000','2699.9900',NULL,'0.0000'),(163,0,1,3,'0.0000','150.0000','150.0000','0.0000',NULL),(163,0,1,4,'0.0000','399.9900','699.9900','0.0000',NULL),(163,0,1,5,'0.0000','59.9900','479.9600','0.0000',NULL),(163,0,1,6,'0.0000','299.0000','399.0000','0.0000',NULL),(163,0,1,7,'99.0000','0.0000','299.0000',NULL,'0.0000'),(163,0,1,8,'99.9900','0.0000','199.9900',NULL,'0.0000'),(163,0,1,9,'98.9900','0.0000','2049.9900',NULL,'0.0000'),(163,0,1,10,'150.0000','0.0000','199.9900',NULL,'0.0000'),(163,1,1,3,'0.0000','150.0000','150.0000','0.0000',NULL),(163,1,1,4,'0.0000','399.9900','699.9900','0.0000',NULL),(163,1,1,5,'0.0000','59.9900','479.9600','0.0000',NULL),(163,1,1,6,'0.0000','299.0000','399.0000','0.0000',NULL),(163,1,1,7,'99.0000','0.0000','299.0000',NULL,'0.0000'),(163,1,1,8,'99.9900','0.0000','199.9900',NULL,'0.0000'),(163,1,1,9,'98.9900','0.0000','2049.9900',NULL,'0.0000'),(163,1,1,10,'150.0000','0.0000','199.9900',NULL,'0.0000'),(163,2,1,3,'0.0000','150.0000','150.0000','0.0000',NULL),(163,2,1,4,'0.0000','399.9900','699.9900','0.0000',NULL),(163,2,1,5,'0.0000','59.9900','479.9600','0.0000',NULL),(163,2,1,6,'0.0000','299.0000','399.0000','0.0000',NULL),(163,2,1,7,'99.0000','0.0000','299.0000',NULL,'0.0000'),(163,2,1,8,'99.9900','0.0000','199.9900',NULL,'0.0000'),(163,2,1,9,'98.9900','0.0000','2049.9900',NULL,'0.0000'),(163,2,1,10,'150.0000','0.0000','199.9900',NULL,'0.0000'),(163,3,1,3,'0.0000','150.0000','150.0000','0.0000',NULL),(163,3,1,4,'0.0000','399.9900','699.9900','0.0000',NULL),(163,3,1,5,'0.0000','59.9900','479.9600','0.0000',NULL),(163,3,1,6,'0.0000','299.0000','399.0000','0.0000',NULL),(163,3,1,7,'99.0000','0.0000','299.0000',NULL,'0.0000'),(163,3,1,8,'99.9900','0.0000','199.9900',NULL,'0.0000'),(163,3,1,9,'98.9900','0.0000','2049.9900',NULL,'0.0000'),(163,3,1,10,'150.0000','0.0000','199.9900',NULL,'0.0000'),(163,4,1,3,'0.0000','150.0000','150.0000','0.0000',NULL),(163,4,1,4,'0.0000','399.9900','699.9900','0.0000',NULL),(163,4,1,5,'0.0000','59.9900','479.9600','0.0000',NULL),(163,4,1,6,'0.0000','299.0000','399.0000','0.0000',NULL),(163,4,1,7,'99.0000','0.0000','299.0000',NULL,'0.0000'),(163,4,1,8,'99.9900','0.0000','199.9900',NULL,'0.0000'),(163,4,1,9,'98.9900','0.0000','2049.9900',NULL,'0.0000'),(163,4,1,10,'150.0000','0.0000','199.9900',NULL,'0.0000'),(164,0,1,11,'0.0000','0.0000','150.0000',NULL,'0.0000'),(164,0,1,12,'0.0000','0.0000','250.0000',NULL,'0.0000'),(164,0,1,13,'0.0000','0.0000','249.0000','0.0000',NULL),(164,0,1,20,'0.0000','0.0000','700.0000',NULL,'0.0000'),(164,0,1,21,'0.0000','0.0000','0.0000',NULL,'0.0000'),(164,1,1,11,'0.0000','0.0000','150.0000',NULL,'0.0000'),(164,1,1,12,'0.0000','0.0000','250.0000',NULL,'0.0000'),(164,1,1,13,'0.0000','0.0000','249.0000','0.0000',NULL),(164,1,1,20,'0.0000','0.0000','700.0000',NULL,'0.0000'),(164,1,1,21,'0.0000','0.0000','0.0000',NULL,'0.0000'),(164,2,1,11,'0.0000','0.0000','150.0000',NULL,'0.0000'),(164,2,1,12,'0.0000','0.0000','250.0000',NULL,'0.0000'),(164,2,1,13,'0.0000','0.0000','249.0000','0.0000',NULL),(164,2,1,20,'0.0000','0.0000','700.0000',NULL,'0.0000'),(164,2,1,21,'0.0000','0.0000','0.0000',NULL,'0.0000'),(164,3,1,11,'0.0000','0.0000','150.0000',NULL,'0.0000'),(164,3,1,12,'0.0000','0.0000','250.0000',NULL,'0.0000'),(164,3,1,13,'0.0000','0.0000','249.0000','0.0000',NULL),(164,3,1,20,'0.0000','0.0000','700.0000',NULL,'0.0000'),(164,3,1,21,'0.0000','0.0000','0.0000',NULL,'0.0000'),(164,4,1,11,'0.0000','0.0000','150.0000',NULL,'0.0000'),(164,4,1,12,'0.0000','0.0000','250.0000',NULL,'0.0000'),(164,4,1,13,'0.0000','0.0000','249.0000','0.0000',NULL),(164,4,1,20,'0.0000','0.0000','700.0000',NULL,'0.0000'),(164,4,1,21,'0.0000','0.0000','0.0000',NULL,'0.0000'),(165,0,1,14,'299.9925','0.0000','1649.9700',NULL,'0.0000'),(165,0,1,15,'74.9925','0.0000','149.9925',NULL,'0.0000'),(165,0,1,16,'74.2500','0.0000','299.2500',NULL,'0.0000'),(165,0,1,17,'112.5000','0.0000','149.9925',NULL,'0.0000'),(165,0,1,22,'74.2425','0.0000','1537.4925',NULL,'0.0000'),(165,1,1,14,'299.9925','0.0000','1649.9700',NULL,'0.0000'),(165,1,1,15,'74.9925','0.0000','149.9925',NULL,'0.0000'),(165,1,1,16,'74.2500','0.0000','299.2500',NULL,'0.0000'),(165,1,1,17,'112.5000','0.0000','149.9925',NULL,'0.0000'),(165,1,1,22,'74.2425','0.0000','1537.4925',NULL,'0.0000'),(165,2,1,14,'299.9925','0.0000','1649.9700',NULL,'0.0000'),(165,2,1,15,'74.9925','0.0000','149.9925',NULL,'0.0000'),(165,2,1,16,'74.2500','0.0000','299.2500',NULL,'0.0000'),(165,2,1,17,'112.5000','0.0000','149.9925',NULL,'0.0000'),(165,2,1,22,'74.2425','0.0000','1537.4925',NULL,'0.0000'),(165,3,1,14,'299.9925','0.0000','1649.9700',NULL,'0.0000'),(165,3,1,15,'74.9925','0.0000','149.9925',NULL,'0.0000'),(165,3,1,16,'74.2500','0.0000','299.2500',NULL,'0.0000'),(165,3,1,17,'112.5000','0.0000','149.9925',NULL,'0.0000'),(165,3,1,22,'74.2425','0.0000','1537.4925',NULL,'0.0000'),(165,4,1,14,'299.9925','0.0000','1649.9700',NULL,'0.0000'),(165,4,1,15,'74.9925','0.0000','149.9925',NULL,'0.0000'),(165,4,1,16,'74.2500','0.0000','299.2500',NULL,'0.0000'),(165,4,1,17,'112.5000','0.0000','149.9925',NULL,'0.0000'),(165,4,1,22,'74.2425','0.0000','1537.4925',NULL,'0.0000');


/*Table structure for table `catalog_product_index_price_bundle_opt_tmp` */


CREATE TABLE `catalog_product_index_price_bundle_opt_tmp` (
  `entity_id` int(10) unsigned NOT NULL COMMENT 'Entity Id',
  `customer_group_id` smallint(5) unsigned NOT NULL COMMENT 'Customer Group Id',
  `website_id` smallint(5) unsigned NOT NULL COMMENT 'Website Id',
  `option_id` int(10) unsigned NOT NULL DEFAULT '0' COMMENT 'Option Id',
  `min_price` decimal(12,4) DEFAULT NULL COMMENT 'Min Price',
  `alt_price` decimal(12,4) DEFAULT NULL COMMENT 'Alt Price',
  `max_price` decimal(12,4) DEFAULT NULL COMMENT 'Max Price',
  `tier_price` decimal(12,4) DEFAULT NULL COMMENT 'Tier Price',
  `alt_tier_price` decimal(12,4) DEFAULT NULL COMMENT 'Alt Tier Price',
  PRIMARY KEY (`entity_id`,`customer_group_id`,`website_id`,`option_id`)
) ENGINE=InnoDB DEFAULT CHARSET=utf8 COMMENT='Catalog Product Index Price Bundle Opt Tmp';

/*Data for the table `catalog_product_index_price_bundle_opt_tmp` */



/*Table structure for table `catalog_product_index_price_bundle_sel_idx` */


CREATE TABLE `catalog_product_index_price_bundle_sel_idx` (
  `entity_id` int(10) unsigned NOT NULL COMMENT 'Entity Id',
  `customer_group_id` smallint(5) unsigned NOT NULL COMMENT 'Customer Group Id',
  `website_id` smallint(5) unsigned NOT NULL COMMENT 'Website Id',
  `option_id` int(10) unsigned NOT NULL DEFAULT '0' COMMENT 'Option Id',
  `selection_id` int(10) unsigned NOT NULL DEFAULT '0' COMMENT 'Selection Id',
  `group_type` smallint(5) unsigned DEFAULT '0' COMMENT 'Group Type',
  `is_required` smallint(5) unsigned DEFAULT '0' COMMENT 'Is Required',
  `price` decimal(12,4) DEFAULT NULL COMMENT 'Price',
  `tier_price` decimal(12,4) DEFAULT NULL COMMENT 'Tier Price',
  PRIMARY KEY (`entity_id`,`customer_group_id`,`website_id`,`option_id`,`selection_id`)
) ENGINE=InnoDB DEFAULT CHARSET=utf8 COMMENT='Catalog Product Index Price Bundle Sel Idx';

/*Data for the table `catalog_product_index_price_bundle_sel_idx` */


insert  into `catalog_product_index_price_bundle_sel_idx`(`entity_id`,`customer_group_id`,`website_id`,`option_id`,`selection_id`,`group_type`,`is_required`,`price`,`tier_price`) values (158,0,1,1,1,0,0,'325.0000',NULL),(158,0,1,1,2,0,0,'150.0000',NULL),(158,0,1,1,3,0,0,'250.0000',NULL),(158,0,1,2,4,0,1,'2699.9900',NULL),(158,1,1,1,1,0,0,'325.0000',NULL),(158,1,1,1,2,0,0,'150.0000',NULL),(158,1,1,1,3,0,0,'250.0000',NULL),(158,1,1,2,4,0,1,'2699.9900',NULL),(158,2,1,1,1,0,0,'325.0000',NULL),(158,2,1,1,2,0,0,'150.0000',NULL),(158,2,1,1,3,0,0,'250.0000',NULL),(158,2,1,2,4,0,1,'2699.9900',NULL),(158,3,1,1,1,0,0,'325.0000',NULL),(158,3,1,1,2,0,0,'150.0000',NULL),(158,3,1,1,3,0,0,'250.0000',NULL),(158,3,1,2,4,0,1,'2699.9900',NULL),(158,4,1,1,1,0,0,'325.0000',NULL),(158,4,1,1,2,0,0,'150.0000',NULL),(158,4,1,1,3,0,0,'250.0000',NULL),(158,4,1,2,4,0,1,'2699.9900',NULL),(163,0,1,3,5,1,0,'150.0000',NULL),(163,0,1,4,6,0,0,'699.9900',NULL),(163,0,1,4,7,0,0,'399.9900',NULL),(163,0,1,4,8,0,0,'699.9900',NULL),(163,0,1,4,9,0,0,'399.9900',NULL),(163,0,1,5,10,1,0,'59.9900',NULL),(163,0,1,5,11,1,0,'99.9900',NULL),(163,0,1,5,12,1,0,'239.9900',NULL),(163,0,1,5,13,1,0,'79.9900',NULL),(163,0,1,6,14,0,0,'399.0000',NULL),(163,0,1,6,15,0,0,'299.0000',NULL),(163,0,1,7,16,0,1,'99.0000',NULL),(163,0,1,7,17,0,1,'299.0000',NULL),(163,0,1,8,18,0,1,'99.9900',NULL),(163,0,1,8,19,0,1,'150.9900',NULL),(163,0,1,8,20,0,1,'199.9900',NULL),(163,0,1,9,21,0,1,'98.9900',NULL),(163,0,1,9,22,0,1,'335.9900',NULL),(163,0,1,9,23,0,1,'2049.9900',NULL),(163,0,1,9,24,0,1,'98.9900',NULL),(163,0,1,10,25,0,1,'150.0000',NULL),(163,0,1,10,26,0,1,'199.9900',NULL),(163,1,1,3,5,1,0,'150.0000',NULL),(163,1,1,4,6,0,0,'699.9900',NULL),(163,1,1,4,7,0,0,'399.9900',NULL),(163,1,1,4,8,0,0,'699.9900',NULL),(163,1,1,4,9,0,0,'399.9900',NULL),(163,1,1,5,10,1,0,'59.9900',NULL),(163,1,1,5,11,1,0,'99.9900',NULL),(163,1,1,5,12,1,0,'239.9900',NULL),(163,1,1,5,13,1,0,'79.9900',NULL),(163,1,1,6,14,0,0,'399.0000',NULL),(163,1,1,6,15,0,0,'299.0000',NULL),(163,1,1,7,16,0,1,'99.0000',NULL),(163,1,1,7,17,0,1,'299.0000',NULL),(163,1,1,8,18,0,1,'99.9900',NULL),(163,1,1,8,19,0,1,'150.9900',NULL),(163,1,1,8,20,0,1,'199.9900',NULL),(163,1,1,9,21,0,1,'98.9900',NULL),(163,1,1,9,22,0,1,'335.9900',NULL),(163,1,1,9,23,0,1,'2049.9900',NULL),(163,1,1,9,24,0,1,'98.9900',NULL),(163,1,1,10,25,0,1,'150.0000',NULL),(163,1,1,10,26,0,1,'199.9900',NULL),(163,2,1,3,5,1,0,'150.0000',NULL),(163,2,1,4,6,0,0,'699.9900',NULL),(163,2,1,4,7,0,0,'399.9900',NULL),(163,2,1,4,8,0,0,'699.9900',NULL),(163,2,1,4,9,0,0,'399.9900',NULL),(163,2,1,5,10,1,0,'59.9900',NULL),(163,2,1,5,11,1,0,'99.9900',NULL),(163,2,1,5,12,1,0,'239.9900',NULL),(163,2,1,5,13,1,0,'79.9900',NULL),(163,2,1,6,14,0,0,'399.0000',NULL),(163,2,1,6,15,0,0,'299.0000',NULL),(163,2,1,7,16,0,1,'99.0000',NULL),(163,2,1,7,17,0,1,'299.0000',NULL),(163,2,1,8,18,0,1,'99.9900',NULL),(163,2,1,8,19,0,1,'150.9900',NULL),(163,2,1,8,20,0,1,'199.9900',NULL),(163,2,1,9,21,0,1,'98.9900',NULL),(163,2,1,9,22,0,1,'335.9900',NULL),(163,2,1,9,23,0,1,'2049.9900',NULL),(163,2,1,9,24,0,1,'98.9900',NULL),(163,2,1,10,25,0,1,'150.0000',NULL),(163,2,1,10,26,0,1,'199.9900',NULL),(163,3,1,3,5,1,0,'150.0000',NULL),(163,3,1,4,6,0,0,'699.9900',NULL),(163,3,1,4,7,0,0,'399.9900',NULL),(163,3,1,4,8,0,0,'699.9900',NULL),(163,3,1,4,9,0,0,'399.9900',NULL),(163,3,1,5,10,1,0,'59.9900',NULL),(163,3,1,5,11,1,0,'99.9900',NULL),(163,3,1,5,12,1,0,'239.9900',NULL),(163,3,1,5,13,1,0,'79.9900',NULL),(163,3,1,6,14,0,0,'399.0000',NULL),(163,3,1,6,15,0,0,'299.0000',NULL),(163,3,1,7,16,0,1,'99.0000',NULL),(163,3,1,7,17,0,1,'299.0000',NULL),(163,3,1,8,18,0,1,'99.9900',NULL),(163,3,1,8,19,0,1,'150.9900',NULL),(163,3,1,8,20,0,1,'199.9900',NULL),(163,3,1,9,21,0,1,'98.9900',NULL),(163,3,1,9,22,0,1,'335.9900',NULL),(163,3,1,9,23,0,1,'2049.9900',NULL),(163,3,1,9,24,0,1,'98.9900',NULL),(163,3,1,10,25,0,1,'150.0000',NULL),(163,3,1,10,26,0,1,'199.9900',NULL),(163,4,1,3,5,1,0,'150.0000',NULL),(163,4,1,4,6,0,0,'699.9900',NULL),(163,4,1,4,7,0,0,'399.9900',NULL),(163,4,1,4,8,0,0,'699.9900',NULL),(163,4,1,4,9,0,0,'399.9900',NULL),(163,4,1,5,10,1,0,'59.9900',NULL),(163,4,1,5,11,1,0,'99.9900',NULL),(163,4,1,5,12,1,0,'239.9900',NULL),(163,4,1,5,13,1,0,'79.9900',NULL),(163,4,1,6,14,0,0,'399.0000',NULL),(163,4,1,6,15,0,0,'299.0000',NULL),(163,4,1,7,16,0,1,'99.0000',NULL),(163,4,1,7,17,0,1,'299.0000',NULL),(163,4,1,8,18,0,1,'99.9900',NULL),(163,4,1,8,19,0,1,'150.9900',NULL),(163,4,1,8,20,0,1,'199.9900',NULL),(163,4,1,9,21,0,1,'98.9900',NULL),(163,4,1,9,22,0,1,'335.9900',NULL),(163,4,1,9,23,0,1,'2049.9900',NULL),(163,4,1,9,24,0,1,'98.9900',NULL),(163,4,1,10,25,0,1,'150.0000',NULL),(163,4,1,10,26,0,1,'199.9900',NULL),(164,0,1,11,27,0,1,'0.0000',NULL),(164,0,1,11,28,0,1,'75.0000',NULL),(164,0,1,11,29,0,1,'150.0000',NULL),(164,0,1,12,30,1,1,'250.0000',NULL),(164,0,1,12,31,1,1,'0.0000',NULL),(164,0,1,13,32,1,0,'199.0000',NULL),(164,0,1,13,33,1,0,'50.0000',NULL),(164,0,1,13,34,1,0,'0.0000',NULL),(164,0,1,13,35,1,0,'0.0000',NULL),(164,0,1,20,54,0,1,'700.0000',NULL),(164,0,1,20,55,0,1,'200.0000',NULL),(164,0,1,20,56,0,1,'100.0000',NULL),(164,0,1,20,57,0,1,'0.0000',NULL),(164,0,1,21,58,0,1,'0.0000',NULL),(164,1,1,11,27,0,1,'0.0000',NULL),(164,1,1,11,28,0,1,'75.0000',NULL),(164,1,1,11,29,0,1,'150.0000',NULL),(164,1,1,12,30,1,1,'250.0000',NULL),(164,1,1,12,31,1,1,'0.0000',NULL),(164,1,1,13,32,1,0,'199.0000',NULL),(164,1,1,13,33,1,0,'50.0000',NULL),(164,1,1,13,34,1,0,'0.0000',NULL),(164,1,1,13,35,1,0,'0.0000',NULL),(164,1,1,20,54,0,1,'700.0000',NULL),(164,1,1,20,55,0,1,'200.0000',NULL),(164,1,1,20,56,0,1,'100.0000',NULL),(164,1,1,20,57,0,1,'0.0000',NULL),(164,1,1,21,58,0,1,'0.0000',NULL),(164,2,1,11,27,0,1,'0.0000',NULL),(164,2,1,11,28,0,1,'75.0000',NULL),(164,2,1,11,29,0,1,'150.0000',NULL),(164,2,1,12,30,1,1,'250.0000',NULL),(164,2,1,12,31,1,1,'0.0000',NULL),(164,2,1,13,32,1,0,'199.0000',NULL),(164,2,1,13,33,1,0,'50.0000',NULL),(164,2,1,13,34,1,0,'0.0000',NULL),(164,2,1,13,35,1,0,'0.0000',NULL),(164,2,1,20,54,0,1,'700.0000',NULL),(164,2,1,20,55,0,1,'200.0000',NULL),(164,2,1,20,56,0,1,'100.0000',NULL),(164,2,1,20,57,0,1,'0.0000',NULL),(164,2,1,21,58,0,1,'0.0000',NULL),(164,3,1,11,27,0,1,'0.0000',NULL),(164,3,1,11,28,0,1,'75.0000',NULL),(164,3,1,11,29,0,1,'150.0000',NULL),(164,3,1,12,30,1,1,'250.0000',NULL),(164,3,1,12,31,1,1,'0.0000',NULL),(164,3,1,13,32,1,0,'199.0000',NULL),(164,3,1,13,33,1,0,'50.0000',NULL),(164,3,1,13,34,1,0,'0.0000',NULL),(164,3,1,13,35,1,0,'0.0000',NULL),(164,3,1,20,54,0,1,'700.0000',NULL),(164,3,1,20,55,0,1,'200.0000',NULL),(164,3,1,20,56,0,1,'100.0000',NULL),(164,3,1,20,57,0,1,'0.0000',NULL),(164,3,1,21,58,0,1,'0.0000',NULL),(164,4,1,11,27,0,1,'0.0000',NULL),(164,4,1,11,28,0,1,'75.0000',NULL),(164,4,1,11,29,0,1,'150.0000',NULL),(164,4,1,12,30,1,1,'250.0000',NULL),(164,4,1,12,31,1,1,'0.0000',NULL),(164,4,1,13,32,1,0,'199.0000',NULL),(164,4,1,13,33,1,0,'50.0000',NULL),(164,4,1,13,34,1,0,'0.0000',NULL),(164,4,1,13,35,1,0,'0.0000',NULL),(164,4,1,20,54,0,1,'700.0000',NULL),(164,4,1,20,55,0,1,'200.0000',NULL),(164,4,1,20,56,0,1,'100.0000',NULL),(164,4,1,20,57,0,1,'0.0000',NULL),(164,4,1,21,58,0,1,'0.0000',NULL),(165,0,1,14,36,1,1,'524.9925',NULL),(165,0,1,14,37,1,1,'299.9925',NULL),(165,0,1,14,38,1,1,'524.9925',NULL),(165,0,1,14,39,1,1,'299.9925',NULL),(165,0,1,15,40,0,1,'74.9925',NULL),(165,0,1,15,41,0,1,'113.2425',NULL),(165,0,1,15,42,0,1,'149.9925',NULL),(165,0,1,16,43,0,1,'299.2500',NULL),(165,0,1,16,44,0,1,'224.2500',NULL),(165,0,1,16,45,0,1,'224.2500',NULL),(165,0,1,16,46,0,1,'74.2500',NULL),(165,0,1,17,47,0,1,'112.5000',NULL),(165,0,1,17,48,0,1,'149.9925',NULL),(165,0,1,22,59,0,1,'251.9925',NULL),(165,0,1,22,60,0,1,'74.2425',NULL),(165,0,1,22,61,0,1,'74.2425',NULL),(165,0,1,22,62,0,1,'1537.4925',NULL),(165,1,1,14,36,1,1,'524.9925',NULL),(165,1,1,14,37,1,1,'299.9925',NULL),(165,1,1,14,38,1,1,'524.9925',NULL),(165,1,1,14,39,1,1,'299.9925',NULL),(165,1,1,15,40,0,1,'74.9925',NULL),(165,1,1,15,41,0,1,'113.2425',NULL),(165,1,1,15,42,0,1,'149.9925',NULL),(165,1,1,16,43,0,1,'299.2500',NULL),(165,1,1,16,44,0,1,'224.2500',NULL),(165,1,1,16,45,0,1,'224.2500',NULL),(165,1,1,16,46,0,1,'74.2500',NULL),(165,1,1,17,47,0,1,'112.5000',NULL),(165,1,1,17,48,0,1,'149.9925',NULL),(165,1,1,22,59,0,1,'251.9925',NULL),(165,1,1,22,60,0,1,'74.2425',NULL),(165,1,1,22,61,0,1,'74.2425',NULL),(165,1,1,22,62,0,1,'1537.4925',NULL),(165,2,1,14,36,1,1,'524.9925',NULL),(165,2,1,14,37,1,1,'299.9925',NULL),(165,2,1,14,38,1,1,'524.9925',NULL),(165,2,1,14,39,1,1,'299.9925',NULL),(165,2,1,15,40,0,1,'74.9925',NULL),(165,2,1,15,41,0,1,'113.2425',NULL),(165,2,1,15,42,0,1,'149.9925',NULL),(165,2,1,16,43,0,1,'299.2500',NULL),(165,2,1,16,44,0,1,'224.2500',NULL),(165,2,1,16,45,0,1,'224.2500',NULL),(165,2,1,16,46,0,1,'74.2500',NULL),(165,2,1,17,47,0,1,'112.5000',NULL),(165,2,1,17,48,0,1,'149.9925',NULL),(165,2,1,22,59,0,1,'251.9925',NULL),(165,2,1,22,60,0,1,'74.2425',NULL),(165,2,1,22,61,0,1,'74.2425',NULL),(165,2,1,22,62,0,1,'1537.4925',NULL),(165,3,1,14,36,1,1,'524.9925',NULL),(165,3,1,14,37,1,1,'299.9925',NULL),(165,3,1,14,38,1,1,'524.9925',NULL),(165,3,1,14,39,1,1,'299.9925',NULL),(165,3,1,15,40,0,1,'74.9925',NULL),(165,3,1,15,41,0,1,'113.2425',NULL),(165,3,1,15,42,0,1,'149.9925',NULL),(165,3,1,16,43,0,1,'299.2500',NULL),(165,3,1,16,44,0,1,'224.2500',NULL),(165,3,1,16,45,0,1,'224.2500',NULL),(165,3,1,16,46,0,1,'74.2500',NULL),(165,3,1,17,47,0,1,'112.5000',NULL),(165,3,1,17,48,0,1,'149.9925',NULL),(165,3,1,22,59,0,1,'251.9925',NULL),(165,3,1,22,60,0,1,'74.2425',NULL),(165,3,1,22,61,0,1,'74.2425',NULL),(165,3,1,22,62,0,1,'1537.4925',NULL),(165,4,1,14,36,1,1,'524.9925',NULL),(165,4,1,14,37,1,1,'299.9925',NULL),(165,4,1,14,38,1,1,'524.9925',NULL),(165,4,1,14,39,1,1,'299.9925',NULL),(165,4,1,15,40,0,1,'74.9925',NULL),(165,4,1,15,41,0,1,'113.2425',NULL),(165,4,1,15,42,0,1,'149.9925',NULL),(165,4,1,16,43,0,1,'299.2500',NULL),(165,4,1,16,44,0,1,'224.2500',NULL),(165,4,1,16,45,0,1,'224.2500',NULL),(165,4,1,16,46,0,1,'74.2500',NULL),(165,4,1,17,47,0,1,'112.5000',NULL),(165,4,1,17,48,0,1,'149.9925',NULL),(165,4,1,22,59,0,1,'251.9925',NULL),(165,4,1,22,60,0,1,'74.2425',NULL),(165,4,1,22,61,0,1,'74.2425',NULL),(165,4,1,22,62,0,1,'1537.4925',NULL);


/*Table structure for table `catalog_product_index_price_bundle_sel_tmp` */


CREATE TABLE `catalog_product_index_price_bundle_sel_tmp` (
  `entity_id` int(10) unsigned NOT NULL COMMENT 'Entity Id',
  `customer_group_id` smallint(5) unsigned NOT NULL COMMENT 'Customer Group Id',
  `website_id` smallint(5) unsigned NOT NULL COMMENT 'Website Id',
  `option_id` int(10) unsigned NOT NULL DEFAULT '0' COMMENT 'Option Id',
  `selection_id` int(10) unsigned NOT NULL DEFAULT '0' COMMENT 'Selection Id',
  `group_type` smallint(5) unsigned DEFAULT '0' COMMENT 'Group Type',
  `is_required` smallint(5) unsigned DEFAULT '0' COMMENT 'Is Required',
  `price` decimal(12,4) DEFAULT NULL COMMENT 'Price',
  `tier_price` decimal(12,4) DEFAULT NULL COMMENT 'Tier Price',
  PRIMARY KEY (`entity_id`,`customer_group_id`,`website_id`,`option_id`,`selection_id`)
) ENGINE=InnoDB DEFAULT CHARSET=utf8 COMMENT='Catalog Product Index Price Bundle Sel Tmp';

/*Data for the table `catalog_product_index_price_bundle_sel_tmp` */



/*Table structure for table `catalog_product_index_price_bundle_tmp` */


CREATE TABLE `catalog_product_index_price_bundle_tmp` (
  `entity_id` int(10) unsigned NOT NULL COMMENT 'Entity Id',
  `customer_group_id` smallint(5) unsigned NOT NULL COMMENT 'Customer Group Id',
  `website_id` smallint(5) unsigned NOT NULL COMMENT 'Website Id',
  `tax_class_id` smallint(5) unsigned DEFAULT '0' COMMENT 'Tax Class Id',
  `price_type` smallint(5) unsigned NOT NULL COMMENT 'Price Type',
  `special_price` decimal(12,4) DEFAULT NULL COMMENT 'Special Price',
  `tier_percent` decimal(12,4) DEFAULT NULL COMMENT 'Tier Percent',
  `orig_price` decimal(12,4) DEFAULT NULL COMMENT 'Orig Price',
  `price` decimal(12,4) DEFAULT NULL COMMENT 'Price',
  `min_price` decimal(12,4) DEFAULT NULL COMMENT 'Min Price',
  `max_price` decimal(12,4) DEFAULT NULL COMMENT 'Max Price',
  `tier_price` decimal(12,4) DEFAULT NULL COMMENT 'Tier Price',
  `base_tier` decimal(12,4) DEFAULT NULL COMMENT 'Base Tier',
  PRIMARY KEY (`entity_id`,`customer_group_id`,`website_id`)
) ENGINE=InnoDB DEFAULT CHARSET=utf8 COMMENT='Catalog Product Index Price Bundle Tmp';

/*Data for the table `catalog_product_index_price_bundle_tmp` */



/*Table structure for table `catalog_product_index_price_cfg_opt_agr_idx` */


CREATE TABLE `catalog_product_index_price_cfg_opt_agr_idx` (
  `parent_id` int(10) unsigned NOT NULL DEFAULT '0' COMMENT 'Parent ID',
  `child_id` int(10) unsigned NOT NULL DEFAULT '0' COMMENT 'Child ID',
  `customer_group_id` smallint(5) unsigned NOT NULL DEFAULT '0' COMMENT 'Customer Group ID',
  `website_id` smallint(5) unsigned NOT NULL DEFAULT '0' COMMENT 'Website ID',
  `price` decimal(12,4) DEFAULT NULL COMMENT 'Price',
  `tier_price` decimal(12,4) DEFAULT NULL COMMENT 'Tier Price',
  PRIMARY KEY (`parent_id`,`child_id`,`customer_group_id`,`website_id`)
) ENGINE=InnoDB DEFAULT CHARSET=utf8 COMMENT='Catalog Product Price Indexer Config Option Aggregate Index ';

/*Data for the table `catalog_product_index_price_cfg_opt_agr_idx` */



/*Table structure for table `catalog_product_index_price_cfg_opt_agr_tmp` */


CREATE TABLE `catalog_product_index_price_cfg_opt_agr_tmp` (
  `parent_id` int(10) unsigned NOT NULL DEFAULT '0' COMMENT 'Parent ID',
  `child_id` int(10) unsigned NOT NULL DEFAULT '0' COMMENT 'Child ID',
  `customer_group_id` smallint(5) unsigned NOT NULL DEFAULT '0' COMMENT 'Customer Group ID',
  `website_id` smallint(5) unsigned NOT NULL DEFAULT '0' COMMENT 'Website ID',
  `price` decimal(12,4) DEFAULT NULL COMMENT 'Price',
  `tier_price` decimal(12,4) DEFAULT NULL COMMENT 'Tier Price',
  PRIMARY KEY (`parent_id`,`child_id`,`customer_group_id`,`website_id`)
) ENGINE=InnoDB DEFAULT CHARSET=utf8 COMMENT='Catalog Product Price Indexer Config Option Aggregate Temp T';

/*Data for the table `catalog_product_index_price_cfg_opt_agr_tmp` */



/*Table structure for table `catalog_product_index_price_cfg_opt_idx` */


CREATE TABLE `catalog_product_index_price_cfg_opt_idx` (
  `entity_id` int(10) unsigned NOT NULL DEFAULT '0' COMMENT 'Entity ID',
  `customer_group_id` smallint(5) unsigned NOT NULL DEFAULT '0' COMMENT 'Customer Group ID',
  `website_id` smallint(5) unsigned NOT NULL DEFAULT '0' COMMENT 'Website ID',
  `min_price` decimal(12,4) DEFAULT NULL COMMENT 'Min Price',
  `max_price` decimal(12,4) DEFAULT NULL COMMENT 'Max Price',
  `tier_price` decimal(12,4) DEFAULT NULL COMMENT 'Tier Price',
  PRIMARY KEY (`entity_id`,`customer_group_id`,`website_id`)
) ENGINE=InnoDB DEFAULT CHARSET=utf8 COMMENT='Catalog Product Price Indexer Config Option Index Table';

/*Data for the table `catalog_product_index_price_cfg_opt_idx` */



/*Table structure for table `catalog_product_index_price_cfg_opt_tmp` */


CREATE TABLE `catalog_product_index_price_cfg_opt_tmp` (
  `entity_id` int(10) unsigned NOT NULL DEFAULT '0' COMMENT 'Entity ID',
  `customer_group_id` smallint(5) unsigned NOT NULL DEFAULT '0' COMMENT 'Customer Group ID',
  `website_id` smallint(5) unsigned NOT NULL DEFAULT '0' COMMENT 'Website ID',
  `min_price` decimal(12,4) DEFAULT NULL COMMENT 'Min Price',
  `max_price` decimal(12,4) DEFAULT NULL COMMENT 'Max Price',
  `tier_price` decimal(12,4) DEFAULT NULL COMMENT 'Tier Price',
  PRIMARY KEY (`entity_id`,`customer_group_id`,`website_id`)
) ENGINE=InnoDB DEFAULT CHARSET=utf8 COMMENT='Catalog Product Price Indexer Config Option Temp Table';

/*Data for the table `catalog_product_index_price_cfg_opt_tmp` */



/*Table structure for table `catalog_product_index_price_downlod_idx` */


CREATE TABLE `catalog_product_index_price_downlod_idx` (
  `entity_id` int(10) unsigned NOT NULL COMMENT 'Entity ID',
  `customer_group_id` smallint(5) unsigned NOT NULL COMMENT 'Customer Group ID',
  `website_id` smallint(5) unsigned NOT NULL COMMENT 'Website ID',
  `min_price` decimal(12,4) NOT NULL DEFAULT '0.0000' COMMENT 'Minimum price',
  `max_price` decimal(12,4) NOT NULL DEFAULT '0.0000' COMMENT 'Maximum price',
  PRIMARY KEY (`entity_id`,`customer_group_id`,`website_id`)
) ENGINE=InnoDB DEFAULT CHARSET=utf8 COMMENT='Indexer Table for price of downloadable products';

/*Data for the table `catalog_product_index_price_downlod_idx` */



/*Table structure for table `catalog_product_index_price_downlod_tmp` */


CREATE TABLE `catalog_product_index_price_downlod_tmp` (
  `entity_id` int(10) unsigned NOT NULL COMMENT 'Entity ID',
  `customer_group_id` smallint(5) unsigned NOT NULL COMMENT 'Customer Group ID',
  `website_id` smallint(5) unsigned NOT NULL COMMENT 'Website ID',
  `min_price` decimal(12,4) NOT NULL DEFAULT '0.0000' COMMENT 'Minimum price',
  `max_price` decimal(12,4) NOT NULL DEFAULT '0.0000' COMMENT 'Maximum price',
  PRIMARY KEY (`entity_id`,`customer_group_id`,`website_id`)
) ENGINE=MEMORY DEFAULT CHARSET=utf8 COMMENT='Temporary Indexer Table for price of downloadable products';

/*Data for the table `catalog_product_index_price_downlod_tmp` */



/*Table structure for table `catalog_product_index_price_final_idx` */


CREATE TABLE `catalog_product_index_price_final_idx` (
  `entity_id` int(10) unsigned NOT NULL DEFAULT '0' COMMENT 'Entity ID',
  `customer_group_id` smallint(5) unsigned NOT NULL DEFAULT '0' COMMENT 'Customer Group ID',
  `website_id` smallint(5) unsigned NOT NULL DEFAULT '0' COMMENT 'Website ID',
  `tax_class_id` smallint(5) unsigned DEFAULT '0' COMMENT 'Tax Class ID',
  `orig_price` decimal(12,4) DEFAULT NULL COMMENT 'Original Price',
  `price` decimal(12,4) DEFAULT NULL COMMENT 'Price',
  `min_price` decimal(12,4) DEFAULT NULL COMMENT 'Min Price',
  `max_price` decimal(12,4) DEFAULT NULL COMMENT 'Max Price',
  `tier_price` decimal(12,4) DEFAULT NULL COMMENT 'Tier Price',
  `base_tier` decimal(12,4) DEFAULT NULL COMMENT 'Base Tier',
  PRIMARY KEY (`entity_id`,`customer_group_id`,`website_id`)
) ENGINE=InnoDB DEFAULT CHARSET=utf8 COMMENT='Catalog Product Price Indexer Final Index Table';

/*Data for the table `catalog_product_index_price_final_idx` */



/*Table structure for table `catalog_product_index_price_final_tmp` */


CREATE TABLE `catalog_product_index_price_final_tmp` (
  `entity_id` int(10) unsigned NOT NULL DEFAULT '0' COMMENT 'Entity ID',
  `customer_group_id` smallint(5) unsigned NOT NULL DEFAULT '0' COMMENT 'Customer Group ID',
  `website_id` smallint(5) unsigned NOT NULL DEFAULT '0' COMMENT 'Website ID',
  `tax_class_id` smallint(5) unsigned DEFAULT '0' COMMENT 'Tax Class ID',
  `orig_price` decimal(12,4) DEFAULT NULL COMMENT 'Original Price',
  `price` decimal(12,4) DEFAULT NULL COMMENT 'Price',
  `min_price` decimal(12,4) DEFAULT NULL COMMENT 'Min Price',
  `max_price` decimal(12,4) DEFAULT NULL COMMENT 'Max Price',
  `tier_price` decimal(12,4) DEFAULT NULL COMMENT 'Tier Price',
  `base_tier` decimal(12,4) DEFAULT NULL COMMENT 'Base Tier',
  PRIMARY KEY (`entity_id`,`customer_group_id`,`website_id`)
) ENGINE=InnoDB DEFAULT CHARSET=utf8 COMMENT='Catalog Product Price Indexer Final Temp Table';

/*Data for the table `catalog_product_index_price_final_tmp` */



/*Table structure for table `catalog_product_index_price_idx` */


CREATE TABLE `catalog_product_index_price_idx` (
  `entity_id` int(10) unsigned NOT NULL DEFAULT '0' COMMENT 'Entity ID',
  `customer_group_id` smallint(5) unsigned NOT NULL DEFAULT '0' COMMENT 'Customer Group ID',
  `website_id` smallint(5) unsigned NOT NULL DEFAULT '0' COMMENT 'Website ID',
  `tax_class_id` smallint(5) unsigned DEFAULT '0' COMMENT 'Tax Class ID',
  `price` decimal(12,4) DEFAULT NULL COMMENT 'Price',
  `final_price` decimal(12,4) DEFAULT NULL COMMENT 'Final Price',
  `min_price` decimal(12,4) DEFAULT NULL COMMENT 'Min Price',
  `max_price` decimal(12,4) DEFAULT NULL COMMENT 'Max Price',
  `tier_price` decimal(12,4) DEFAULT NULL COMMENT 'Tier Price',
  PRIMARY KEY (`entity_id`,`customer_group_id`,`website_id`),
  KEY `IDX_CATALOG_PRODUCT_INDEX_PRICE_IDX_CUSTOMER_GROUP_ID` (`customer_group_id`),
  KEY `IDX_CATALOG_PRODUCT_INDEX_PRICE_IDX_WEBSITE_ID` (`website_id`),
  KEY `IDX_CATALOG_PRODUCT_INDEX_PRICE_IDX_MIN_PRICE` (`min_price`)
) ENGINE=InnoDB DEFAULT CHARSET=utf8 COMMENT='Catalog Product Price Indexer Index Table';

/*Data for the table `catalog_product_index_price_idx` */


insert  into `catalog_product_index_price_idx`(`entity_id`,`customer_group_id`,`website_id`,`tax_class_id`,`price`,`final_price`,`min_price`,`max_price`,`tier_price`) values (16,0,1,2,'149.9900','149.9900','149.9900','149.9900',NULL),(16,1,1,2,'149.9900','149.9900','149.9900','149.9900',NULL),(16,2,1,2,'149.9900','149.9900','149.9900','149.9900',NULL),(16,3,1,2,'149.9900','149.9900','149.9900','149.9900',NULL),(16,4,1,2,'149.9900','149.9900','149.9900','149.9900',NULL),(17,0,1,2,'349.9900','349.9900','349.9900','349.9900',NULL),(17,1,1,2,'349.9900','349.9900','349.9900','349.9900',NULL),(17,2,1,2,'349.9900','349.9900','349.9900','349.9900',NULL),(17,3,1,2,'349.9900','349.9900','349.9900','349.9900',NULL),(17,4,1,2,'349.9900','349.9900','349.9900','349.9900',NULL),(18,0,1,2,'399.9900','399.9900','399.9900','399.9900',NULL),(18,1,1,2,'399.9900','399.9900','399.9900','399.9900',NULL),(18,2,1,2,'399.9900','399.9900','399.9900','399.9900',NULL),(18,3,1,2,'399.9900','399.9900','399.9900','399.9900',NULL),(18,4,1,2,'399.9900','399.9900','399.9900','399.9900',NULL),(19,0,1,2,'199.9900','199.9900','199.9900','199.9900',NULL),(19,1,1,2,'199.9900','199.9900','199.9900','199.9900',NULL),(19,2,1,2,'199.9900','199.9900','199.9900','199.9900',NULL),(19,3,1,2,'199.9900','199.9900','199.9900','199.9900',NULL),(19,4,1,2,'199.9900','199.9900','199.9900','199.9900',NULL),(20,0,1,2,'150.0000','150.0000','150.0000','150.0000',NULL),(20,1,1,2,'150.0000','150.0000','150.0000','150.0000',NULL),(20,2,1,2,'150.0000','150.0000','150.0000','150.0000',NULL),(20,3,1,2,'150.0000','150.0000','150.0000','150.0000',NULL),(20,4,1,2,'150.0000','150.0000','150.0000','150.0000',NULL),(25,0,1,2,'2299.9900','2299.9900','2299.9900','2624.9900',NULL),(25,1,1,2,'2299.9900','2299.9900','2299.9900','2624.9900',NULL),(25,2,1,2,'2299.9900','2299.9900','2299.9900','2624.9900',NULL),(25,3,1,2,'2299.9900','2299.9900','2299.9900','2624.9900',NULL),(25,4,1,2,'2299.9900','2299.9900','2299.9900','2624.9900',NULL),(26,0,1,2,'1799.9900','1799.9900','1799.9900','2124.9900',NULL),(26,1,1,2,'1799.9900','1799.9900','1799.9900','2124.9900',NULL),(26,2,1,2,'1799.9900','1799.9900','1799.9900','2124.9900',NULL),(26,3,1,2,'1799.9900','1799.9900','1799.9900','2124.9900',NULL),(26,4,1,2,'1799.9900','1799.9900','1799.9900','2124.9900',NULL),(27,0,1,2,'2699.9900','2699.9900','2699.9900','2699.9900',NULL),(27,1,1,2,'2699.9900','2699.9900','2699.9900','2699.9900',NULL),(27,2,1,2,'2699.9900','2699.9900','2699.9900','2699.9900',NULL),(27,3,1,2,'2699.9900','2699.9900','2699.9900','2699.9900',NULL),(27,4,1,2,'2699.9900','2699.9900','2699.9900','2699.9900',NULL),(28,0,1,2,'1599.9900','1599.9900','1599.9900','1599.9900',NULL),(28,1,1,2,'1599.9900','1599.9900','1599.9900','1599.9900',NULL),(28,2,1,2,'1599.9900','1599.9900','1599.9900','1599.9900',NULL),(28,3,1,2,'1599.9900','1599.9900','1599.9900','1599.9900',NULL),(28,4,1,2,'1599.9900','1599.9900','1599.9900','1599.9900',NULL),(29,0,1,2,'15.9900','15.9900','15.9900','15.9900',NULL),(29,1,1,2,'15.9900','15.9900','15.9900','15.9900',NULL),(29,2,1,2,'15.9900','15.9900','15.9900','15.9900',NULL),(29,3,1,2,'15.9900','15.9900','15.9900','15.9900',NULL),(29,4,1,2,'15.9900','15.9900','15.9900','15.9900',NULL),(30,0,1,2,'134.9900','134.9900','134.9900','134.9900',NULL),(30,1,1,2,'134.9900','134.9900','134.9900','134.9900',NULL),(30,2,1,2,'134.9900','134.9900','134.9900','134.9900',NULL),(30,3,1,2,'134.9900','134.9900','134.9900','134.9900',NULL),(30,4,1,2,'134.9900','134.9900','134.9900','134.9900',NULL),(31,0,1,2,'69.9900','69.9900','69.9900','69.9900',NULL),(31,1,1,2,'69.9900','69.9900','69.9900','69.9900',NULL),(31,2,1,2,'69.9900','69.9900','69.9900','69.9900',NULL),(31,3,1,2,'69.9900','69.9900','69.9900','69.9900',NULL),(31,4,1,2,'69.9900','69.9900','69.9900','69.9900',NULL),(32,0,1,2,'89.9900','89.9900','89.9900','89.9900',NULL),(32,1,1,2,'89.9900','89.9900','89.9900','89.9900',NULL),(32,2,1,2,'89.9900','89.9900','89.9900','89.9900',NULL),(32,3,1,2,'89.9900','89.9900','89.9900','89.9900',NULL),(32,4,1,2,'89.9900','89.9900','89.9900','89.9900',NULL),(33,0,1,2,'159.9900','159.9900','159.9900','159.9900',NULL),(33,1,1,2,'159.9900','159.9900','159.9900','159.9900',NULL),(33,2,1,2,'159.9900','159.9900','159.9900','159.9900',NULL),(33,3,1,2,'159.9900','159.9900','159.9900','159.9900',NULL),(33,4,1,2,'159.9900','159.9900','159.9900','159.9900',NULL),(34,0,1,2,'160.9900','160.9900','160.9900','160.9900',NULL),(34,1,1,2,'160.9900','160.9900','160.9900','160.9900',NULL),(34,2,1,2,'160.9900','160.9900','160.9900','160.9900',NULL),(34,3,1,2,'160.9900','160.9900','160.9900','160.9900',NULL),(34,4,1,2,'160.9900','160.9900','160.9900','160.9900',NULL),(35,0,1,2,'15.0000','15.0000','15.0000','15.0000',NULL),(35,1,1,2,'15.0000','15.0000','15.0000','15.0000',NULL),(35,2,1,2,'15.0000','15.0000','15.0000','15.0000',NULL),(35,3,1,2,'15.0000','15.0000','15.0000','15.0000',NULL),(35,4,1,2,'15.0000','15.0000','15.0000','15.0000',NULL),(37,0,1,2,'15.0000','15.0000','15.0000','15.0000',NULL),(37,1,1,2,'15.0000','15.0000','15.0000','15.0000',NULL),(37,2,1,2,'15.0000','15.0000','15.0000','15.0000',NULL),(37,3,1,2,'15.0000','15.0000','15.0000','15.0000',NULL),(37,4,1,2,'15.0000','15.0000','15.0000','15.0000',NULL),(38,0,1,2,'13.5000','13.5000','13.5000','13.5000',NULL),(38,1,1,2,'13.5000','13.5000','13.5000','13.5000',NULL),(38,2,1,2,'13.5000','13.5000','13.5000','13.5000',NULL),(38,3,1,2,'13.5000','13.5000','13.5000','13.5000',NULL),(38,4,1,2,'13.5000','13.5000','13.5000','13.5000',NULL),(39,0,1,2,'30.0000','30.0000','30.0000','30.0000',NULL),(39,1,1,2,'30.0000','30.0000','30.0000','30.0000',NULL),(39,2,1,2,'30.0000','30.0000','30.0000','30.0000',NULL),(39,3,1,2,'30.0000','30.0000','30.0000','30.0000',NULL),(39,4,1,2,'30.0000','30.0000','30.0000','30.0000',NULL),(41,0,1,2,'399.9900','399.9900','399.9900','399.9900',NULL),(41,1,1,2,'399.9900','399.9900','399.9900','399.9900',NULL),(41,2,1,2,'399.9900','399.9900','399.9900','399.9900',NULL),(41,3,1,2,'399.9900','399.9900','399.9900','399.9900',NULL),(41,4,1,2,'399.9900','399.9900','399.9900','399.9900',NULL),(42,0,1,2,'2299.0000','2299.0000','2299.0000','2299.0000',NULL),(42,1,1,2,'2299.0000','2299.0000','2299.0000','2299.0000',NULL),(42,2,1,2,'2299.0000','2299.0000','2299.0000','2299.0000',NULL),(42,3,1,2,'2299.0000','2299.0000','2299.0000','2299.0000',NULL),(42,4,1,2,'2299.0000','2299.0000','2299.0000','2299.0000',NULL),(44,0,1,2,'550.0000','550.0000','550.0000','550.0000','449.0000'),(44,1,1,2,'550.0000','550.0000','550.0000','550.0000','449.0000'),(44,2,1,2,'550.0000','550.0000','550.0000','550.0000','449.0000'),(44,3,1,2,'550.0000','550.0000','550.0000','550.0000','449.0000'),(44,4,1,2,'550.0000','550.0000','550.0000','550.0000','449.0000'),(45,0,1,2,'37.4900','37.4900','37.4900','37.4900',NULL),(45,1,1,2,'37.4900','37.4900','37.4900','37.4900',NULL),(45,2,1,2,'37.4900','37.4900','37.4900','37.4900',NULL),(45,3,1,2,'37.4900','37.4900','37.4900','37.4900',NULL),(45,4,1,2,'37.4900','37.4900','37.4900','37.4900',NULL),(46,0,1,2,'161.9400','161.9400','161.9400','161.9400',NULL),(46,1,1,2,'161.9400','161.9400','161.9400','161.9400',NULL),(46,2,1,2,'161.9400','161.9400','161.9400','161.9400',NULL),(46,3,1,2,'161.9400','161.9400','161.9400','161.9400',NULL),(46,4,1,2,'161.9400','161.9400','161.9400','161.9400',NULL),(47,0,1,2,'329.9900','329.9900','329.9900','329.9900',NULL),(47,1,1,2,'329.9900','329.9900','329.9900','329.9900',NULL),(47,2,1,2,'329.9900','329.9900','329.9900','329.9900',NULL),(47,3,1,2,'329.9900','329.9900','329.9900','329.9900',NULL),(47,4,1,2,'329.9900','329.9900','329.9900','329.9900',NULL),(48,0,1,2,'199.9900','199.9900','199.9900','199.9900',NULL),(48,1,1,2,'199.9900','199.9900','199.9900','199.9900',NULL),(48,2,1,2,'199.9900','199.9900','199.9900','199.9900',NULL),(48,3,1,2,'199.9900','199.9900','199.9900','199.9900',NULL),(48,4,1,2,'199.9900','199.9900','199.9900','199.9900',NULL),(49,0,1,2,'41.9500','41.9500','41.9500','41.9500',NULL),(49,1,1,2,'41.9500','41.9500','41.9500','41.9500',NULL),(49,2,1,2,'41.9500','41.9500','41.9500','41.9500',NULL),(49,3,1,2,'41.9500','41.9500','41.9500','41.9500',NULL),(49,4,1,2,'41.9500','41.9500','41.9500','41.9500',NULL),(51,0,1,2,'299.9900','299.9900','299.9900','299.9900',NULL),(51,1,1,2,'299.9900','299.9900','299.9900','299.9900',NULL),(51,2,1,2,'299.9900','299.9900','299.9900','299.9900',NULL),(51,3,1,2,'299.9900','299.9900','299.9900','299.9900',NULL),(51,4,1,2,'299.9900','299.9900','299.9900','299.9900',NULL),(52,0,1,2,'129.9900','129.9900','129.9900','129.9900',NULL),(52,1,1,2,'129.9900','129.9900','129.9900','129.9900',NULL),(52,2,1,2,'129.9900','129.9900','129.9900','129.9900',NULL),(52,3,1,2,'129.9900','129.9900','129.9900','129.9900',NULL),(52,4,1,2,'129.9900','129.9900','129.9900','129.9900',NULL),(53,0,1,2,'599.9900','599.9900','599.9900','599.9900',NULL),(53,1,1,2,'599.9900','599.9900','599.9900','599.9900',NULL),(53,2,1,2,'599.9900','599.9900','599.9900','599.9900',NULL),(53,3,1,2,'599.9900','599.9900','599.9900','599.9900',NULL),(53,4,1,2,'599.9900','599.9900','599.9900','599.9900',NULL),(54,0,1,2,NULL,NULL,'129.9900','599.9900',NULL),(54,1,1,2,NULL,NULL,'129.9900','599.9900',NULL),(54,2,1,2,NULL,NULL,'129.9900','599.9900',NULL),(54,3,1,2,NULL,NULL,'129.9900','599.9900',NULL),(54,4,1,2,NULL,NULL,'129.9900','599.9900',NULL),(74,0,1,2,'41.9500','41.9500','41.9500','41.9500',NULL),(74,1,1,2,'41.9500','41.9500','41.9500','41.9500',NULL),(74,2,1,2,'41.9500','41.9500','41.9500','41.9500',NULL),(74,3,1,2,'41.9500','41.9500','41.9500','41.9500',NULL),(74,4,1,2,'41.9500','41.9500','41.9500','41.9500',NULL),(75,0,1,2,'41.9500','41.9500','41.9500','41.9500',NULL),(75,1,1,2,'41.9500','41.9500','41.9500','41.9500',NULL),(75,2,1,2,'41.9500','41.9500','41.9500','41.9500',NULL),(75,3,1,2,'41.9500','41.9500','41.9500','41.9500',NULL),(75,4,1,2,'41.9500','41.9500','41.9500','41.9500',NULL),(79,0,1,2,'41.9500','41.9500','41.9500','41.9500',NULL),(79,1,1,2,'41.9500','41.9500','41.9500','41.9500',NULL),(79,2,1,2,'41.9500','41.9500','41.9500','41.9500',NULL),(79,3,1,2,'41.9500','41.9500','41.9500','41.9500',NULL),(79,4,1,2,'41.9500','41.9500','41.9500','41.9500',NULL),(80,0,1,2,'41.9500','41.9500','41.9500','41.9500',NULL),(80,1,1,2,'41.9500','41.9500','41.9500','41.9500',NULL),(80,2,1,2,'41.9500','41.9500','41.9500','41.9500',NULL),(80,3,1,2,'41.9500','41.9500','41.9500','41.9500',NULL),(80,4,1,2,'41.9500','41.9500','41.9500','41.9500',NULL),(81,0,1,2,'41.9500','41.9500','41.9500','41.9500',NULL),(81,1,1,2,'41.9500','41.9500','41.9500','41.9500',NULL),(81,2,1,2,'41.9500','41.9500','41.9500','41.9500',NULL),(81,3,1,2,'41.9500','41.9500','41.9500','41.9500',NULL),(81,4,1,2,'41.9500','41.9500','41.9500','41.9500',NULL),(82,0,1,2,'41.9500','41.9500','41.9500','41.9500',NULL),(82,1,1,2,'41.9500','41.9500','41.9500','41.9500',NULL),(82,2,1,2,'41.9500','41.9500','41.9500','41.9500',NULL),(82,3,1,2,'41.9500','41.9500','41.9500','41.9500',NULL),(82,4,1,2,'41.9500','41.9500','41.9500','41.9500',NULL),(83,0,1,2,'15.9900','15.9900','15.9900','18.9900',NULL),(83,1,1,2,'15.9900','15.9900','15.9900','18.9900',NULL),(83,2,1,2,'15.9900','15.9900','15.9900','18.9900',NULL),(83,3,1,2,'15.9900','15.9900','15.9900','18.9900',NULL),(83,4,1,2,'15.9900','15.9900','15.9900','18.9900',NULL),(84,0,1,2,'15.9900','15.9900','15.9900','15.9900',NULL),(84,1,1,2,'15.9900','15.9900','15.9900','15.9900',NULL),(84,2,1,2,'15.9900','15.9900','15.9900','15.9900',NULL),(84,3,1,2,'15.9900','15.9900','15.9900','15.9900',NULL),(84,4,1,2,'15.9900','15.9900','15.9900','15.9900',NULL),(85,0,1,2,'15.9900','15.9900','15.9900','15.9900',NULL),(85,1,1,2,'15.9900','15.9900','15.9900','15.9900',NULL),(85,2,1,2,'15.9900','15.9900','15.9900','15.9900',NULL),(85,3,1,2,'15.9900','15.9900','15.9900','15.9900',NULL),(85,4,1,2,'15.9900','15.9900','15.9900','15.9900',NULL),(86,0,1,2,'15.9900','15.9900','15.9900','15.9900',NULL),(86,1,1,2,'15.9900','15.9900','15.9900','15.9900',NULL),(86,2,1,2,'15.9900','15.9900','15.9900','15.9900',NULL),(86,3,1,2,'15.9900','15.9900','15.9900','15.9900',NULL),(86,4,1,2,'15.9900','15.9900','15.9900','15.9900',NULL),(87,0,1,2,'15.9900','15.9900','15.9900','15.9900',NULL),(87,1,1,2,'15.9900','15.9900','15.9900','15.9900',NULL),(87,2,1,2,'15.9900','15.9900','15.9900','15.9900',NULL),(87,3,1,2,'15.9900','15.9900','15.9900','15.9900',NULL),(87,4,1,2,'15.9900','15.9900','15.9900','15.9900',NULL),(88,0,1,2,'15.9900','15.9900','15.9900','15.9900',NULL),(88,1,1,2,'15.9900','15.9900','15.9900','15.9900',NULL),(88,2,1,2,'15.9900','15.9900','15.9900','15.9900',NULL),(88,3,1,2,'15.9900','15.9900','15.9900','15.9900',NULL),(88,4,1,2,'15.9900','15.9900','15.9900','15.9900',NULL),(89,0,1,2,'15.9900','15.9900','15.9900','15.9900',NULL),(89,1,1,2,'15.9900','15.9900','15.9900','15.9900',NULL),(89,2,1,2,'15.9900','15.9900','15.9900','15.9900',NULL),(89,3,1,2,'15.9900','15.9900','15.9900','15.9900',NULL),(89,4,1,2,'15.9900','15.9900','15.9900','15.9900',NULL),(90,0,1,2,'15.9900','15.9900','15.9900','15.9900',NULL),(90,1,1,2,'15.9900','15.9900','15.9900','15.9900',NULL),(90,2,1,2,'15.9900','15.9900','15.9900','15.9900',NULL),(90,3,1,2,'15.9900','15.9900','15.9900','15.9900',NULL),(90,4,1,2,'15.9900','15.9900','15.9900','15.9900',NULL),(91,0,1,2,'15.9900','15.9900','15.9900','15.9900',NULL),(91,1,1,2,'15.9900','15.9900','15.9900','15.9900',NULL),(91,2,1,2,'15.9900','15.9900','15.9900','15.9900',NULL),(91,3,1,2,'15.9900','15.9900','15.9900','15.9900',NULL),(91,4,1,2,'15.9900','15.9900','15.9900','15.9900',NULL),(92,0,1,2,'15.9900','15.9900','15.9900','15.9900',NULL),(92,1,1,2,'15.9900','15.9900','15.9900','15.9900',NULL),(92,2,1,2,'15.9900','15.9900','15.9900','15.9900',NULL),(92,3,1,2,'15.9900','15.9900','15.9900','15.9900',NULL),(92,4,1,2,'15.9900','15.9900','15.9900','15.9900',NULL),(93,0,1,2,'134.9900','134.9900','134.9900','134.9900',NULL),(93,1,1,2,'134.9900','134.9900','134.9900','134.9900',NULL),(93,2,1,2,'134.9900','134.9900','134.9900','134.9900',NULL),(93,3,1,2,'134.9900','134.9900','134.9900','134.9900',NULL),(93,4,1,2,'134.9900','134.9900','134.9900','134.9900',NULL),(94,0,1,2,'134.9900','134.9900','134.9900','134.9900',NULL),(94,1,1,2,'134.9900','134.9900','134.9900','134.9900',NULL),(94,2,1,2,'134.9900','134.9900','134.9900','134.9900',NULL),(94,3,1,2,'134.9900','134.9900','134.9900','134.9900',NULL),(94,4,1,2,'134.9900','134.9900','134.9900','134.9900',NULL),(95,0,1,2,'134.9900','134.9900','134.9900','134.9900',NULL),(95,1,1,2,'134.9900','134.9900','134.9900','134.9900',NULL),(95,2,1,2,'134.9900','134.9900','134.9900','134.9900',NULL),(95,3,1,2,'134.9900','134.9900','134.9900','134.9900',NULL),(95,4,1,2,'134.9900','134.9900','134.9900','134.9900',NULL),(96,0,1,2,'134.9900','134.9900','134.9900','134.9900',NULL),(96,1,1,2,'134.9900','134.9900','134.9900','134.9900',NULL),(96,2,1,2,'134.9900','134.9900','134.9900','134.9900',NULL),(96,3,1,2,'134.9900','134.9900','134.9900','134.9900',NULL),(96,4,1,2,'134.9900','134.9900','134.9900','134.9900',NULL),(97,0,1,2,'134.9900','134.9900','134.9900','134.9900',NULL),(97,1,1,2,'134.9900','134.9900','134.9900','134.9900',NULL),(97,2,1,2,'134.9900','134.9900','134.9900','134.9900',NULL),(97,3,1,2,'134.9900','134.9900','134.9900','134.9900',NULL),(97,4,1,2,'134.9900','134.9900','134.9900','134.9900',NULL),(98,0,1,2,'160.9900','160.9900','160.9900','160.9900',NULL),(98,1,1,2,'160.9900','160.9900','160.9900','160.9900',NULL),(98,2,1,2,'160.9900','160.9900','160.9900','160.9900',NULL),(98,3,1,2,'160.9900','160.9900','160.9900','160.9900',NULL),(98,4,1,2,'160.9900','160.9900','160.9900','160.9900',NULL),(99,0,1,2,'160.9900','160.9900','160.9900','160.9900',NULL),(99,1,1,2,'160.9900','160.9900','160.9900','160.9900',NULL),(99,2,1,2,'160.9900','160.9900','160.9900','160.9900',NULL),(99,3,1,2,'160.9900','160.9900','160.9900','160.9900',NULL),(99,4,1,2,'160.9900','160.9900','160.9900','160.9900',NULL),(100,0,1,2,'160.9900','160.9900','160.9900','160.9900',NULL),(100,1,1,2,'160.9900','160.9900','160.9900','160.9900',NULL),(100,2,1,2,'160.9900','160.9900','160.9900','160.9900',NULL),(100,3,1,2,'160.9900','160.9900','160.9900','160.9900',NULL),(100,4,1,2,'160.9900','160.9900','160.9900','160.9900',NULL),(101,0,1,2,'160.9900','160.9900','160.9900','160.9900',NULL),(101,1,1,2,'160.9900','160.9900','160.9900','160.9900',NULL),(101,2,1,2,'160.9900','160.9900','160.9900','160.9900',NULL),(101,3,1,2,'160.9900','160.9900','160.9900','160.9900',NULL),(101,4,1,2,'160.9900','160.9900','160.9900','160.9900',NULL),(102,0,1,2,'160.9900','160.9900','160.9900','160.9900',NULL),(102,1,1,2,'160.9900','160.9900','160.9900','160.9900',NULL),(102,2,1,2,'160.9900','160.9900','160.9900','160.9900',NULL),(102,3,1,2,'160.9900','160.9900','160.9900','160.9900',NULL),(102,4,1,2,'160.9900','160.9900','160.9900','160.9900',NULL),(103,0,1,2,'69.9900','69.9900','69.9900','69.9900',NULL),(103,1,1,2,'69.9900','69.9900','69.9900','69.9900',NULL),(103,2,1,2,'69.9900','69.9900','69.9900','69.9900',NULL),(103,3,1,2,'69.9900','69.9900','69.9900','69.9900',NULL),(103,4,1,2,'69.9900','69.9900','69.9900','69.9900',NULL),(104,0,1,2,'69.9900','69.9900','69.9900','69.9900',NULL),(104,1,1,2,'69.9900','69.9900','69.9900','69.9900',NULL),(104,2,1,2,'69.9900','69.9900','69.9900','69.9900',NULL),(104,3,1,2,'69.9900','69.9900','69.9900','69.9900',NULL),(104,4,1,2,'69.9900','69.9900','69.9900','69.9900',NULL),(105,0,1,2,'69.9900','69.9900','69.9900','69.9900',NULL),(105,1,1,2,'69.9900','69.9900','69.9900','69.9900',NULL),(105,2,1,2,'69.9900','69.9900','69.9900','69.9900',NULL),(105,3,1,2,'69.9900','69.9900','69.9900','69.9900',NULL),(105,4,1,2,'69.9900','69.9900','69.9900','69.9900',NULL),(106,0,1,2,'69.9900','69.9900','69.9900','69.9900',NULL),(106,1,1,2,'69.9900','69.9900','69.9900','69.9900',NULL),(106,2,1,2,'69.9900','69.9900','69.9900','69.9900',NULL),(106,3,1,2,'69.9900','69.9900','69.9900','69.9900',NULL),(106,4,1,2,'69.9900','69.9900','69.9900','69.9900',NULL),(107,0,1,2,'69.9900','69.9900','69.9900','69.9900',NULL),(107,1,1,2,'69.9900','69.9900','69.9900','69.9900',NULL),(107,2,1,2,'69.9900','69.9900','69.9900','69.9900',NULL),(107,3,1,2,'69.9900','69.9900','69.9900','69.9900',NULL),(107,4,1,2,'69.9900','69.9900','69.9900','69.9900',NULL),(108,0,1,2,'89.9900','89.9900','89.9900','89.9900',NULL),(108,1,1,2,'89.9900','89.9900','89.9900','89.9900',NULL),(108,2,1,2,'89.9900','89.9900','89.9900','89.9900',NULL),(108,3,1,2,'89.9900','89.9900','89.9900','89.9900',NULL),(108,4,1,2,'89.9900','89.9900','89.9900','89.9900',NULL),(109,0,1,2,'89.9900','89.9900','89.9900','89.9900',NULL),(109,1,1,2,'89.9900','89.9900','89.9900','89.9900',NULL),(109,2,1,2,'89.9900','89.9900','89.9900','89.9900',NULL),(109,3,1,2,'89.9900','89.9900','89.9900','89.9900',NULL),(109,4,1,2,'89.9900','89.9900','89.9900','89.9900',NULL),(110,0,1,2,'89.9900','89.9900','89.9900','89.9900',NULL),(110,1,1,2,'89.9900','89.9900','89.9900','89.9900',NULL),(110,2,1,2,'89.9900','89.9900','89.9900','89.9900',NULL),(110,3,1,2,'89.9900','89.9900','89.9900','89.9900',NULL),(110,4,1,2,'89.9900','89.9900','89.9900','89.9900',NULL),(111,0,1,2,'89.9900','89.9900','89.9900','89.9900',NULL),(111,1,1,2,'89.9900','89.9900','89.9900','89.9900',NULL),(111,2,1,2,'89.9900','89.9900','89.9900','89.9900',NULL),(111,3,1,2,'89.9900','89.9900','89.9900','89.9900',NULL),(111,4,1,2,'89.9900','89.9900','89.9900','89.9900',NULL),(112,0,1,2,'159.9900','159.9900','159.9900','159.9900',NULL),(112,1,1,2,'159.9900','159.9900','159.9900','159.9900',NULL),(112,2,1,2,'159.9900','159.9900','159.9900','159.9900',NULL),(112,3,1,2,'159.9900','159.9900','159.9900','159.9900',NULL),(112,4,1,2,'159.9900','159.9900','159.9900','159.9900',NULL),(113,0,1,2,'159.9900','159.9900','159.9900','159.9900',NULL),(113,1,1,2,'159.9900','159.9900','159.9900','159.9900',NULL),(113,2,1,2,'159.9900','159.9900','159.9900','159.9900',NULL),(113,3,1,2,'159.9900','159.9900','159.9900','159.9900',NULL),(113,4,1,2,'159.9900','159.9900','159.9900','159.9900',NULL),(114,0,1,2,'159.9900','159.9900','159.9900','159.9900',NULL),(114,1,1,2,'159.9900','159.9900','159.9900','159.9900',NULL),(114,2,1,2,'159.9900','159.9900','159.9900','159.9900',NULL),(114,3,1,2,'159.9900','159.9900','159.9900','159.9900',NULL),(114,4,1,2,'159.9900','159.9900','159.9900','159.9900',NULL),(115,0,1,2,'159.9900','159.9900','159.9900','159.9900',NULL),(115,1,1,2,'159.9900','159.9900','159.9900','159.9900',NULL),(115,2,1,2,'159.9900','159.9900','159.9900','159.9900',NULL),(115,3,1,2,'159.9900','159.9900','159.9900','159.9900',NULL),(115,4,1,2,'159.9900','159.9900','159.9900','159.9900',NULL),(117,0,1,2,'15.0000','15.0000','15.0000','15.0000',NULL),(117,1,1,2,'15.0000','15.0000','15.0000','15.0000',NULL),(117,2,1,2,'15.0000','15.0000','15.0000','15.0000',NULL),(117,3,1,2,'15.0000','15.0000','15.0000','15.0000',NULL),(117,4,1,2,'15.0000','15.0000','15.0000','15.0000',NULL),(118,0,1,2,'15.0000','15.0000','15.0000','15.0000',NULL),(118,1,1,2,'15.0000','15.0000','15.0000','15.0000',NULL),(118,2,1,2,'15.0000','15.0000','15.0000','15.0000',NULL),(118,3,1,2,'15.0000','15.0000','15.0000','15.0000',NULL),(118,4,1,2,'15.0000','15.0000','15.0000','15.0000',NULL),(119,0,1,2,'15.0000','15.0000','15.0000','15.0000',NULL),(119,1,1,2,'15.0000','15.0000','15.0000','15.0000',NULL),(119,2,1,2,'15.0000','15.0000','15.0000','15.0000',NULL),(119,3,1,2,'15.0000','15.0000','15.0000','15.0000',NULL),(119,4,1,2,'15.0000','15.0000','15.0000','15.0000',NULL),(120,0,1,2,'22.0000','22.0000','22.0000','22.0000','18.0000'),(120,1,1,2,'22.0000','22.0000','22.0000','22.0000','18.0000'),(120,2,1,2,'22.0000','22.0000','22.0000','22.0000','18.0000'),(120,3,1,2,'22.0000','22.0000','22.0000','22.0000','18.0000'),(120,4,1,2,'22.0000','22.0000','22.0000','22.0000','18.0000'),(121,0,1,2,'22.0000','22.0000','22.0000','22.0000',NULL),(121,1,1,2,'22.0000','22.0000','22.0000','22.0000',NULL),(121,2,1,2,'22.0000','22.0000','22.0000','22.0000',NULL),(121,3,1,2,'22.0000','22.0000','22.0000','22.0000',NULL),(121,4,1,2,'22.0000','22.0000','22.0000','22.0000',NULL),(122,0,1,2,'22.0000','22.0000','22.0000','22.0000',NULL),(122,1,1,2,'22.0000','22.0000','22.0000','22.0000',NULL),(122,2,1,2,'22.0000','22.0000','22.0000','22.0000',NULL),(122,3,1,2,'22.0000','22.0000','22.0000','22.0000',NULL),(122,4,1,2,'22.0000','22.0000','22.0000','22.0000',NULL),(123,0,1,2,'100.0000','100.0000','110.0000','130.0000','80.0000'),(123,1,1,2,'100.0000','100.0000','110.0000','130.0000','80.0000'),(123,2,1,2,'100.0000','100.0000','110.0000','130.0000','80.0000'),(123,3,1,2,'100.0000','100.0000','110.0000','130.0000','80.0000'),(123,4,1,2,'100.0000','100.0000','110.0000','130.0000','80.0000'),(124,0,1,2,'15.0000','15.0000','15.0000','15.0000',NULL),(124,1,1,2,'15.0000','15.0000','15.0000','15.0000',NULL),(124,2,1,2,'15.0000','15.0000','15.0000','15.0000',NULL),(124,3,1,2,'15.0000','15.0000','15.0000','15.0000',NULL),(124,4,1,2,'15.0000','15.0000','15.0000','15.0000',NULL),(125,0,1,2,'15.0000','15.0000','15.0000','15.0000',NULL),(125,1,1,2,'15.0000','15.0000','15.0000','15.0000',NULL),(125,2,1,2,'15.0000','15.0000','15.0000','15.0000',NULL),(125,3,1,2,'15.0000','15.0000','15.0000','15.0000',NULL),(125,4,1,2,'15.0000','15.0000','15.0000','15.0000',NULL),(126,0,1,2,'13.5000','13.5000','13.5000','18.7500','9.5000'),(126,1,1,2,'13.5000','13.5000','13.5000','18.7500','9.5000'),(126,2,1,2,'13.5000','13.5000','13.5000','18.7500','9.5000'),(126,3,1,2,'13.5000','13.5000','13.5000','18.7500','9.5000'),(126,4,1,2,'13.5000','13.5000','13.5000','18.7500','9.5000'),(127,0,1,2,'13.5000','13.5000','13.5000','13.5000',NULL),(127,1,1,2,'13.5000','13.5000','13.5000','13.5000',NULL),(127,2,1,2,'13.5000','13.5000','13.5000','13.5000',NULL),(127,3,1,2,'13.5000','13.5000','13.5000','13.5000',NULL),(127,4,1,2,'13.5000','13.5000','13.5000','13.5000',NULL),(128,0,1,2,'13.5000','13.5000','13.5000','13.5000',NULL),(128,1,1,2,'13.5000','13.5000','13.5000','13.5000',NULL),(128,2,1,2,'13.5000','13.5000','13.5000','13.5000',NULL),(128,3,1,2,'13.5000','13.5000','13.5000','13.5000',NULL),(128,4,1,2,'13.5000','13.5000','13.5000','13.5000',NULL),(129,0,1,2,'13.5000','13.5000','13.5000','13.5000',NULL),(129,1,1,2,'13.5000','13.5000','13.5000','13.5000',NULL),(129,2,1,2,'13.5000','13.5000','13.5000','13.5000',NULL),(129,3,1,2,'13.5000','13.5000','13.5000','13.5000',NULL),(129,4,1,2,'13.5000','13.5000','13.5000','13.5000',NULL),(130,0,1,2,'13.5000','13.5000','13.5000','13.5000',NULL),(130,1,1,2,'13.5000','13.5000','13.5000','13.5000',NULL),(130,2,1,2,'13.5000','13.5000','13.5000','13.5000',NULL),(130,3,1,2,'13.5000','13.5000','13.5000','13.5000',NULL),(130,4,1,2,'13.5000','13.5000','13.5000','13.5000',NULL),(131,0,1,2,'13.5000','13.5000','13.5000','13.5000',NULL),(131,1,1,2,'13.5000','13.5000','13.5000','13.5000',NULL),(131,2,1,2,'13.5000','13.5000','13.5000','13.5000',NULL),(131,3,1,2,'13.5000','13.5000','13.5000','13.5000',NULL),(131,4,1,2,'13.5000','13.5000','13.5000','13.5000',NULL),(132,0,1,2,'99.0000','99.0000','99.0000','99.0000',NULL),(132,1,1,2,'99.0000','99.0000','99.0000','99.0000',NULL),(132,2,1,2,'99.0000','99.0000','99.0000','99.0000',NULL),(132,3,1,2,'99.0000','99.0000','99.0000','99.0000',NULL),(132,4,1,2,'99.0000','99.0000','99.0000','99.0000',NULL),(133,0,1,2,'34.0000','34.0000','34.0000','34.0000',NULL),(133,1,1,2,'34.0000','34.0000','34.0000','34.0000',NULL),(133,2,1,2,'34.0000','34.0000','34.0000','34.0000',NULL),(133,3,1,2,'34.0000','34.0000','34.0000','34.0000',NULL),(133,4,1,2,'34.0000','34.0000','34.0000','34.0000',NULL),(134,0,1,2,'19.0000','19.0000','19.0000','19.0000',NULL),(134,1,1,2,'19.0000','19.0000','19.0000','19.0000',NULL),(134,2,1,2,'19.0000','19.0000','19.0000','19.0000',NULL),(134,3,1,2,'19.0000','19.0000','19.0000','19.0000',NULL),(134,4,1,2,'19.0000','19.0000','19.0000','19.0000',NULL),(135,0,1,2,'41.9500','41.9500','41.9500','41.9500',NULL),(135,1,1,2,'41.9500','41.9500','41.9500','41.9500',NULL),(135,2,1,2,'41.9500','41.9500','41.9500','41.9500',NULL),(135,3,1,2,'41.9500','41.9500','41.9500','41.9500',NULL),(135,4,1,2,'41.9500','41.9500','41.9500','41.9500',NULL),(138,0,1,1,'150.0000','150.0000','150.0000','150.0000',NULL),(138,1,1,1,'150.0000','150.0000','150.0000','150.0000',NULL),(138,2,1,1,'150.0000','150.0000','150.0000','150.0000',NULL),(138,3,1,1,'150.0000','150.0000','150.0000','150.0000',NULL),(138,4,1,1,'150.0000','150.0000','150.0000','150.0000',NULL),(139,0,1,1,'199.9900','199.9900','199.9900','199.9900',NULL),(139,1,1,1,'199.9900','199.9900','199.9900','199.9900',NULL),(139,2,1,1,'199.9900','199.9900','199.9900','199.9900',NULL),(139,3,1,1,'199.9900','199.9900','199.9900','199.9900',NULL),(139,4,1,1,'199.9900','199.9900','199.9900','199.9900',NULL),(140,0,1,1,'199.9900','199.9900','199.9900','199.9900',NULL),(140,1,1,1,'199.9900','199.9900','199.9900','199.9900',NULL),(140,2,1,1,'199.9900','199.9900','199.9900','199.9900',NULL),(140,3,1,1,'199.9900','199.9900','199.9900','199.9900',NULL),(140,4,1,1,'199.9900','199.9900','199.9900','199.9900',NULL),(141,0,1,1,'150.9900','150.9900','150.9900','150.9900',NULL),(141,1,1,1,'150.9900','150.9900','150.9900','150.9900',NULL),(141,2,1,1,'150.9900','150.9900','150.9900','150.9900',NULL),(141,3,1,1,'150.9900','150.9900','150.9900','150.9900',NULL),(141,4,1,1,'150.9900','150.9900','150.9900','150.9900',NULL),(142,0,1,0,'150.0000','150.0000','150.0000','150.0000',NULL),(142,1,1,0,'150.0000','150.0000','150.0000','150.0000',NULL),(142,2,1,0,'150.0000','150.0000','150.0000','150.0000',NULL),(142,3,1,0,'150.0000','150.0000','150.0000','150.0000',NULL),(142,4,1,0,'150.0000','150.0000','150.0000','150.0000',NULL),(143,0,1,1,'99.9900','99.9900','99.9900','99.9900',NULL),(143,1,1,1,'99.9900','99.9900','99.9900','99.9900',NULL),(143,2,1,1,'99.9900','99.9900','99.9900','99.9900',NULL),(143,3,1,1,'99.9900','99.9900','99.9900','99.9900',NULL),(143,4,1,1,'99.9900','99.9900','99.9900','99.9900',NULL),(144,0,1,0,'250.0000','250.0000','250.0000','250.0000',NULL),(144,1,1,0,'250.0000','250.0000','250.0000','250.0000',NULL),(144,2,1,0,'250.0000','250.0000','250.0000','250.0000',NULL),(144,3,1,0,'250.0000','250.0000','250.0000','250.0000',NULL),(144,4,1,0,'250.0000','250.0000','250.0000','250.0000',NULL),(145,0,1,1,'335.9900','335.9900','335.9900','335.9900',NULL),(145,1,1,1,'335.9900','335.9900','335.9900','335.9900',NULL),(145,2,1,1,'335.9900','335.9900','335.9900','335.9900',NULL),(145,3,1,1,'335.9900','335.9900','335.9900','335.9900',NULL),(145,4,1,1,'335.9900','335.9900','335.9900','335.9900',NULL),(146,0,1,0,'325.0000','325.0000','325.0000','325.0000',NULL),(146,1,1,0,'325.0000','325.0000','325.0000','325.0000',NULL),(146,2,1,0,'325.0000','325.0000','325.0000','325.0000',NULL),(146,3,1,0,'325.0000','325.0000','325.0000','325.0000',NULL),(146,4,1,0,'325.0000','325.0000','325.0000','325.0000',NULL),(147,0,1,0,'399.9900','399.9900','399.9900','399.9900',NULL),(147,1,1,0,'399.9900','399.9900','399.9900','399.9900',NULL),(147,2,1,0,'399.9900','399.9900','399.9900','399.9900',NULL),(147,3,1,0,'399.9900','399.9900','399.9900','399.9900',NULL),(147,4,1,0,'399.9900','399.9900','399.9900','399.9900',NULL),(148,0,1,1,'98.9900','98.9900','98.9900','98.9900',NULL),(148,1,1,1,'98.9900','98.9900','98.9900','98.9900',NULL),(148,2,1,1,'98.9900','98.9900','98.9900','98.9900',NULL),(148,3,1,1,'98.9900','98.9900','98.9900','98.9900',NULL),(148,4,1,1,'98.9900','98.9900','98.9900','98.9900',NULL),(149,0,1,1,'399.0000','399.0000','399.0000','399.0000',NULL),(149,1,1,1,'399.0000','399.0000','399.0000','399.0000',NULL),(149,2,1,1,'399.0000','399.0000','399.0000','399.0000',NULL),(149,3,1,1,'399.0000','399.0000','399.0000','399.0000',NULL),(149,4,1,1,'399.0000','399.0000','399.0000','399.0000',NULL),(150,0,1,1,'299.0000','299.0000','299.0000','299.0000',NULL),(150,1,1,1,'299.0000','299.0000','299.0000','299.0000',NULL),(150,2,1,1,'299.0000','299.0000','299.0000','299.0000',NULL),(150,3,1,1,'299.0000','299.0000','299.0000','299.0000',NULL),(150,4,1,1,'299.0000','299.0000','299.0000','299.0000',NULL),(151,0,1,1,'98.9900','98.9900','98.9900','98.9900',NULL),(151,1,1,1,'98.9900','98.9900','98.9900','98.9900',NULL),(151,2,1,1,'98.9900','98.9900','98.9900','98.9900',NULL),(151,3,1,1,'98.9900','98.9900','98.9900','98.9900',NULL),(151,4,1,1,'98.9900','98.9900','98.9900','98.9900',NULL),(152,0,1,1,'699.9900','699.9900','699.9900','699.9900',NULL),(152,1,1,1,'699.9900','699.9900','699.9900','699.9900',NULL),(152,2,1,1,'699.9900','699.9900','699.9900','699.9900',NULL),(152,3,1,1,'699.9900','699.9900','699.9900','699.9900',NULL),(152,4,1,1,'699.9900','699.9900','699.9900','699.9900',NULL),(153,0,1,1,'2049.9900','2049.9900','2049.9900','2049.9900',NULL),(153,1,1,1,'2049.9900','2049.9900','2049.9900','2049.9900',NULL),(153,2,1,1,'2049.9900','2049.9900','2049.9900','2049.9900',NULL),(153,3,1,1,'2049.9900','2049.9900','2049.9900','2049.9900',NULL),(153,4,1,1,'2049.9900','2049.9900','2049.9900','2049.9900',NULL),(154,0,1,1,'299.0000','299.0000','299.0000','299.0000',NULL),(154,1,1,1,'299.0000','299.0000','299.0000','299.0000',NULL),(154,2,1,1,'299.0000','299.0000','299.0000','299.0000',NULL),(154,3,1,1,'299.0000','299.0000','299.0000','299.0000',NULL),(154,4,1,1,'299.0000','299.0000','299.0000','299.0000',NULL),(155,0,1,1,'99.0000','99.0000','99.0000','99.0000',NULL),(155,1,1,1,'99.0000','99.0000','99.0000','99.0000',NULL),(155,2,1,1,'99.0000','99.0000','99.0000','99.0000',NULL),(155,3,1,1,'99.0000','99.0000','99.0000','99.0000',NULL),(155,4,1,1,'99.0000','99.0000','99.0000','99.0000',NULL),(156,0,1,0,'399.9900','399.9900','399.9900','399.9900',NULL),(156,1,1,0,'399.9900','399.9900','399.9900','399.9900',NULL),(156,2,1,0,'399.9900','399.9900','399.9900','399.9900',NULL),(156,3,1,0,'399.9900','399.9900','399.9900','399.9900',NULL),(156,4,1,0,'399.9900','399.9900','399.9900','399.9900',NULL),(157,0,1,0,'699.9900','699.9900','699.9900','699.9900',NULL),(157,1,1,0,'699.9900','699.9900','699.9900','699.9900',NULL),(157,2,1,0,'699.9900','699.9900','699.9900','699.9900',NULL),(157,3,1,0,'699.9900','699.9900','699.9900','699.9900',NULL),(157,4,1,0,'699.9900','699.9900','699.9900','699.9900',NULL),(158,0,1,0,'0.0000','0.0000','2699.9900','3024.9900',NULL),(158,1,1,0,'0.0000','0.0000','2699.9900','3024.9900',NULL),(158,2,1,0,'0.0000','0.0000','2699.9900','3024.9900',NULL),(158,3,1,0,'0.0000','0.0000','2699.9900','3024.9900',NULL),(158,4,1,0,'0.0000','0.0000','2699.9900','3024.9900',NULL),(159,0,1,0,'99.9900','99.9900','99.9900','99.9900',NULL),(159,1,1,0,'99.9900','99.9900','99.9900','99.9900',NULL),(159,2,1,0,'99.9900','99.9900','99.9900','99.9900',NULL),(159,3,1,0,'99.9900','99.9900','99.9900','99.9900',NULL),(159,4,1,0,'99.9900','99.9900','99.9900','99.9900',NULL),(160,0,1,1,'79.9900','79.9900','79.9900','79.9900',NULL),(160,1,1,1,'79.9900','79.9900','79.9900','79.9900',NULL),(160,2,1,1,'79.9900','79.9900','79.9900','79.9900',NULL),(160,3,1,1,'79.9900','79.9900','79.9900','79.9900',NULL),(160,4,1,1,'79.9900','79.9900','79.9900','79.9900',NULL),(161,0,1,0,'239.9900','239.9900','239.9900','239.9900',NULL),(161,1,1,0,'239.9900','239.9900','239.9900','239.9900',NULL),(161,2,1,0,'239.9900','239.9900','239.9900','239.9900',NULL),(161,3,1,0,'239.9900','239.9900','239.9900','239.9900',NULL),(161,4,1,0,'239.9900','239.9900','239.9900','239.9900',NULL),(162,0,1,1,'59.9900','59.9900','59.9900','59.9900',NULL),(162,1,1,1,'59.9900','59.9900','59.9900','59.9900',NULL),(162,2,1,1,'59.9900','59.9900','59.9900','59.9900',NULL),(162,3,1,1,'59.9900','59.9900','59.9900','59.9900',NULL),(162,4,1,1,'59.9900','59.9900','59.9900','59.9900',NULL),(163,0,1,0,'0.0000','0.0000','447.9800','4477.9200',NULL),(163,1,1,0,'0.0000','0.0000','447.9800','4477.9200',NULL),(163,2,1,0,'0.0000','0.0000','447.9800','4477.9200',NULL),(163,3,1,0,'0.0000','0.0000','447.9800','4477.9200',NULL),(163,4,1,0,'0.0000','0.0000','447.9800','4477.9200',NULL),(164,0,1,1,'4999.9500','4999.9500','4999.9500','6348.9500',NULL),(164,1,1,1,'4999.9500','4999.9500','4999.9500','6348.9500',NULL),(164,2,1,1,'4999.9500','4999.9500','4999.9500','6348.9500',NULL),(164,3,1,1,'4999.9500','4999.9500','4999.9500','6348.9500',NULL),(164,4,1,1,'4999.9500','4999.9500','4999.9500','6348.9500',NULL),(165,0,1,0,'0.0000','0.0000','635.9775','3786.6975',NULL),(165,1,1,0,'0.0000','0.0000','635.9775','3786.6975',NULL),(165,2,1,0,'0.0000','0.0000','635.9775','3786.6975',NULL),(165,3,1,0,'0.0000','0.0000','635.9775','3786.6975',NULL),(165,4,1,0,'0.0000','0.0000','635.9775','3786.6975',NULL),(166,0,1,2,'750.0000','750.0000','750.0000','750.0000',NULL),(166,1,1,2,'750.0000','750.0000','750.0000','750.0000',NULL),(166,2,1,2,'750.0000','750.0000','750.0000','750.0000',NULL),(166,3,1,2,'750.0000','750.0000','750.0000','750.0000',NULL),(166,4,1,2,'750.0000','750.0000','750.0000','750.0000',NULL);


/*Table structure for table `catalog_product_index_price_opt_agr_idx` */


CREATE TABLE `catalog_product_index_price_opt_agr_idx` (
  `entity_id` int(10) unsigned NOT NULL DEFAULT '0' COMMENT 'Entity ID',
  `customer_group_id` smallint(5) unsigned NOT NULL DEFAULT '0' COMMENT 'Customer Group ID',
  `website_id` smallint(5) unsigned NOT NULL DEFAULT '0' COMMENT 'Website ID',
  `option_id` int(10) unsigned NOT NULL DEFAULT '0' COMMENT 'Option ID',
  `min_price` decimal(12,4) DEFAULT NULL COMMENT 'Min Price',
  `max_price` decimal(12,4) DEFAULT NULL COMMENT 'Max Price',
  `tier_price` decimal(12,4) DEFAULT NULL COMMENT 'Tier Price',
  PRIMARY KEY (`entity_id`,`customer_group_id`,`website_id`,`option_id`)
) ENGINE=InnoDB DEFAULT CHARSET=utf8 COMMENT='Catalog Product Price Indexer Option Aggregate Index Table';

/*Data for the table `catalog_product_index_price_opt_agr_idx` */



/*Table structure for table `catalog_product_index_price_opt_agr_tmp` */


CREATE TABLE `catalog_product_index_price_opt_agr_tmp` (
  `entity_id` int(10) unsigned NOT NULL DEFAULT '0' COMMENT 'Entity ID',
  `customer_group_id` smallint(5) unsigned NOT NULL DEFAULT '0' COMMENT 'Customer Group ID',
  `website_id` smallint(5) unsigned NOT NULL DEFAULT '0' COMMENT 'Website ID',
  `option_id` int(10) unsigned NOT NULL DEFAULT '0' COMMENT 'Option ID',
  `min_price` decimal(12,4) DEFAULT NULL COMMENT 'Min Price',
  `max_price` decimal(12,4) DEFAULT NULL COMMENT 'Max Price',
  `tier_price` decimal(12,4) DEFAULT NULL COMMENT 'Tier Price',
  PRIMARY KEY (`entity_id`,`customer_group_id`,`website_id`,`option_id`)
) ENGINE=InnoDB DEFAULT CHARSET=utf8 COMMENT='Catalog Product Price Indexer Option Aggregate Temp Table';

/*Data for the table `catalog_product_index_price_opt_agr_tmp` */



/*Table structure for table `catalog_product_index_price_opt_idx` */


CREATE TABLE `catalog_product_index_price_opt_idx` (
  `entity_id` int(10) unsigned NOT NULL DEFAULT '0' COMMENT 'Entity ID',
  `customer_group_id` smallint(5) unsigned NOT NULL DEFAULT '0' COMMENT 'Customer Group ID',
  `website_id` smallint(5) unsigned NOT NULL DEFAULT '0' COMMENT 'Website ID',
  `min_price` decimal(12,4) DEFAULT NULL COMMENT 'Min Price',
  `max_price` decimal(12,4) DEFAULT NULL COMMENT 'Max Price',
  `tier_price` decimal(12,4) DEFAULT NULL COMMENT 'Tier Price',
  PRIMARY KEY (`entity_id`,`customer_group_id`,`website_id`)
) ENGINE=InnoDB DEFAULT CHARSET=utf8 COMMENT='Catalog Product Price Indexer Option Index Table';

/*Data for the table `catalog_product_index_price_opt_idx` */



/*Table structure for table `catalog_product_index_price_opt_tmp` */


CREATE TABLE `catalog_product_index_price_opt_tmp` (
  `entity_id` int(10) unsigned NOT NULL DEFAULT '0' COMMENT 'Entity ID',
  `customer_group_id` smallint(5) unsigned NOT NULL DEFAULT '0' COMMENT 'Customer Group ID',
  `website_id` smallint(5) unsigned NOT NULL DEFAULT '0' COMMENT 'Website ID',
  `min_price` decimal(12,4) DEFAULT NULL COMMENT 'Min Price',
  `max_price` decimal(12,4) DEFAULT NULL COMMENT 'Max Price',
  `tier_price` decimal(12,4) DEFAULT NULL COMMENT 'Tier Price',
  PRIMARY KEY (`entity_id`,`customer_group_id`,`website_id`)
) ENGINE=InnoDB DEFAULT CHARSET=utf8 COMMENT='Catalog Product Price Indexer Option Temp Table';

/*Data for the table `catalog_product_index_price_opt_tmp` */



/*Table structure for table `catalog_product_index_price_tmp` */


CREATE TABLE `catalog_product_index_price_tmp` (
  `entity_id` int(10) unsigned NOT NULL DEFAULT '0' COMMENT 'Entity ID',
  `customer_group_id` smallint(5) unsigned NOT NULL DEFAULT '0' COMMENT 'Customer Group ID',
  `website_id` smallint(5) unsigned NOT NULL DEFAULT '0' COMMENT 'Website ID',
  `tax_class_id` smallint(5) unsigned DEFAULT '0' COMMENT 'Tax Class ID',
  `price` decimal(12,4) DEFAULT NULL COMMENT 'Price',
  `final_price` decimal(12,4) DEFAULT NULL COMMENT 'Final Price',
  `min_price` decimal(12,4) DEFAULT NULL COMMENT 'Min Price',
  `max_price` decimal(12,4) DEFAULT NULL COMMENT 'Max Price',
  `tier_price` decimal(12,4) DEFAULT NULL COMMENT 'Tier Price',
  PRIMARY KEY (`entity_id`,`customer_group_id`,`website_id`),
  KEY `IDX_CATALOG_PRODUCT_INDEX_PRICE_TMP_CUSTOMER_GROUP_ID` (`customer_group_id`),
  KEY `IDX_CATALOG_PRODUCT_INDEX_PRICE_TMP_WEBSITE_ID` (`website_id`),
  KEY `IDX_CATALOG_PRODUCT_INDEX_PRICE_TMP_MIN_PRICE` (`min_price`)
) ENGINE=InnoDB DEFAULT CHARSET=utf8 COMMENT='Catalog Product Price Indexer Temp Table';

/*Data for the table `catalog_product_index_price_tmp` */



/*Table structure for table `catalog_product_index_tier_price` */


CREATE TABLE `catalog_product_index_tier_price` (
  `entity_id` int(10) unsigned NOT NULL DEFAULT '0' COMMENT 'Entity ID',
  `customer_group_id` smallint(5) unsigned NOT NULL DEFAULT '0' COMMENT 'Customer Group ID',
  `website_id` smallint(5) unsigned NOT NULL DEFAULT '0' COMMENT 'Website ID',
  `min_price` decimal(12,4) DEFAULT NULL COMMENT 'Min Price',
  PRIMARY KEY (`entity_id`,`customer_group_id`,`website_id`),
  KEY `IDX_CATALOG_PRODUCT_INDEX_TIER_PRICE_CUSTOMER_GROUP_ID` (`customer_group_id`),
  KEY `IDX_CATALOG_PRODUCT_INDEX_TIER_PRICE_WEBSITE_ID` (`website_id`),
  CONSTRAINT `FK_CAT_PRD_IDX_TIER_PRICE_WS_ID_CORE_WS_WS_ID` FOREIGN KEY (`website_id`) REFERENCES `core_website` (`website_id`) ON DELETE CASCADE ON UPDATE CASCADE,
  CONSTRAINT `FK_CAT_PRD_IDX_TIER_PRICE_CSTR_GROUP_ID_CSTR_GROUP_CSTR_GROUP_ID` FOREIGN KEY (`customer_group_id`) REFERENCES `customer_group` (`customer_group_id`) ON DELETE CASCADE ON UPDATE CASCADE,
  CONSTRAINT `FK_CAT_PRD_IDX_TIER_PRICE_ENTT_ID_CAT_PRD_ENTT_ENTT_ID` FOREIGN KEY (`entity_id`) REFERENCES `catalog_product_entity` (`entity_id`) ON DELETE CASCADE ON UPDATE CASCADE
) ENGINE=InnoDB DEFAULT CHARSET=utf8 COMMENT='Catalog Product Tier Price Index Table';

/*Data for the table `catalog_product_index_tier_price` */


insert  into `catalog_product_index_tier_price`(`entity_id`,`customer_group_id`,`website_id`,`min_price`) values (44,0,1,'449.0000'),(44,1,1,'449.0000'),(44,2,1,'449.0000'),(44,3,1,'449.0000'),(44,4,1,'449.0000'),(120,0,1,'18.0000'),(120,1,1,'18.0000'),(120,2,1,'18.0000'),(120,3,1,'18.0000'),(120,4,1,'18.0000'),(123,0,1,'70.0000'),(123,1,1,'70.0000'),(123,2,1,'70.0000'),(123,3,1,'70.0000'),(123,4,1,'70.0000'),(126,0,1,'9.5000'),(126,1,1,'9.5000'),(126,2,1,'9.5000'),(126,3,1,'9.5000'),(126,4,1,'9.5000');


/*Table structure for table `catalog_product_index_website` */


CREATE TABLE `catalog_product_index_website` (
  `website_id` smallint(5) unsigned NOT NULL DEFAULT '0' COMMENT 'Website ID',
  `website_date` date DEFAULT NULL COMMENT 'Website Date',
  `rate` float DEFAULT '1' COMMENT 'Rate',
  PRIMARY KEY (`website_id`),
  KEY `IDX_CATALOG_PRODUCT_INDEX_WEBSITE_WEBSITE_DATE` (`website_date`),
  CONSTRAINT `FK_CAT_PRD_IDX_WS_WS_ID_CORE_WS_WS_ID` FOREIGN KEY (`website_id`) REFERENCES `core_website` (`website_id`) ON DELETE CASCADE ON UPDATE CASCADE
) ENGINE=InnoDB DEFAULT CHARSET=utf8 COMMENT='Catalog Product Website Index Table';

/*Data for the table `catalog_product_index_website` */


insert  into `catalog_product_index_website`(`website_id`,`website_date`,`rate`) values (1,'2011-10-24',1);


/*Table structure for table `catalog_product_link` */


CREATE TABLE `catalog_product_link` (
  `link_id` int(10) unsigned NOT NULL AUTO_INCREMENT COMMENT 'Link ID',
  `product_id` int(10) unsigned NOT NULL DEFAULT '0' COMMENT 'Product ID',
  `linked_product_id` int(10) unsigned NOT NULL DEFAULT '0' COMMENT 'Linked Product ID',
  `link_type_id` smallint(5) unsigned NOT NULL DEFAULT '0' COMMENT 'Link Type ID',
  PRIMARY KEY (`link_id`),
  UNIQUE KEY `UNQ_CAT_PRD_LNK_LNK_TYPE_ID_PRD_ID_LNKED_PRD_ID` (`link_type_id`,`product_id`,`linked_product_id`),
  KEY `IDX_CATALOG_PRODUCT_LINK_PRODUCT_ID` (`product_id`),
  KEY `IDX_CATALOG_PRODUCT_LINK_LINKED_PRODUCT_ID` (`linked_product_id`),
  KEY `IDX_CATALOG_PRODUCT_LINK_LINK_TYPE_ID` (`link_type_id`),
  CONSTRAINT `FK_CAT_PRD_LNK_LNK_TYPE_ID_CAT_PRD_LNK_TYPE_LNK_TYPE_ID` FOREIGN KEY (`link_type_id`) REFERENCES `catalog_product_link_type` (`link_type_id`) ON DELETE CASCADE ON UPDATE CASCADE,
  CONSTRAINT `FK_CAT_PRD_LNK_LNKED_PRD_ID_CAT_PRD_ENTT_ENTT_ID` FOREIGN KEY (`linked_product_id`) REFERENCES `catalog_product_entity` (`entity_id`) ON DELETE CASCADE ON UPDATE CASCADE,
  CONSTRAINT `FK_CAT_PRD_LNK_PRD_ID_CAT_PRD_ENTT_ENTT_ID` FOREIGN KEY (`product_id`) REFERENCES `catalog_product_entity` (`entity_id`) ON DELETE CASCADE ON UPDATE CASCADE
) ENGINE=InnoDB AUTO_INCREMENT=2732 DEFAULT CHARSET=utf8 COMMENT='Catalog Product To Product Linkage Table';

/*Data for the table `catalog_product_link` */


insert  into `catalog_product_link`(`link_id`,`product_id`,`linked_product_id`,`link_type_id`) values (156,16,17,1),(157,16,18,1),(158,16,19,1),(146,17,16,1),(147,17,18,1),(148,17,19,1),(138,18,16,1),(139,18,17,1),(140,18,19,1),(179,19,16,1),(180,19,17,1),(181,19,18,1),(165,20,16,1),(166,20,17,1),(167,20,18,1),(173,25,134,1),(197,26,134,1),(2675,27,134,1),(190,28,134,1),(11,29,30,1),(12,29,33,1),(19,30,29,1),(20,30,31,1),(21,30,32,1),(33,31,32,1),(38,32,31,1),(39,32,33,1),(46,33,29,1),(26,34,29,1),(27,34,30,1),(54,35,36,1),(55,35,37,1),(56,35,39,1),(57,37,35,1),(58,37,36,1),(59,37,39,1),(62,38,36,1),(63,38,39,1),(2700,39,35,1),(2701,39,36,1),(2702,39,37,1),(2647,44,132,1),(2648,44,133,1),(2649,44,134,1),(124,45,132,1),(125,45,133,1),(126,45,134,1),(113,46,132,1),(114,46,133,1),(115,46,134,1),(98,48,132,1),(99,48,133,1),(100,48,134,1),(1,49,29,1),(2,49,32,1),(3,49,33,1),(4,49,44,1),(203,51,52,1),(86,52,53,1),(80,53,51,1),(81,53,52,1),(92,54,51,3),(93,54,52,3),(94,54,53,3),(159,16,27,4),(160,16,34,4),(161,16,39,4),(149,17,25,4),(150,17,44,4),(151,17,53,4),(152,17,126,4),(141,18,26,4),(142,18,44,4),(182,19,41,4),(183,19,47,4),(184,19,93,4),(168,20,31,4),(174,25,26,4),(175,25,27,4),(176,25,28,4),(198,26,25,4),(199,26,27,4),(200,26,28,4),(2676,27,25,4),(2677,27,26,4),(2678,27,28,4),(191,28,25,4),(192,28,26,4),(193,28,27,4),(13,29,20,4),(14,29,41,4),(15,29,53,4),(22,30,35,4),(23,30,38,4),(34,31,29,4),(35,31,39,4),(40,32,36,4),(41,32,45,4),(42,32,53,4),(47,33,17,4),(48,33,44,4),(49,33,54,4),(28,34,42,4),(29,34,46,4),(60,37,29,4),(61,37,32,4),(64,38,25,4),(65,38,29,4),(2703,39,25,4),(2705,39,29,4),(2704,39,41,4),(2650,44,46,4),(2651,44,47,4),(2652,44,48,4),(127,45,44,4),(128,45,47,4),(129,45,48,4),(116,46,44,4),(117,46,47,4),(118,46,48,4),(107,47,44,4),(108,47,46,4),(109,47,48,4),(101,48,44,4),(102,48,45,4),(103,48,47,4),(5,49,17,4),(6,49,25,4),(7,49,41,4),(204,51,54,4),(87,52,54,4),(82,53,54,4),(2662,83,135,4),(133,93,83,4),(134,93,98,4),(66,98,93,4),(71,103,83,4),(72,103,108,4),(73,103,112,4),(77,108,103,4),(78,108,135,4),(95,112,83,4),(96,112,103,4),(97,112,108,4),(2668,120,39,4),(2667,120,119,4),(2666,120,126,4),(2659,123,119,4),(2660,123,120,4),(2661,123,126,4),(2670,126,39,4),(2671,126,119,4),(2672,126,120,4),(2673,126,123,4),(172,135,83,4),(2731,158,25,4),(2730,158,26,4),(2729,158,28,4),(162,16,26,5),(163,16,29,5),(164,16,38,5),(153,17,27,5),(154,17,28,5),(155,17,51,5),(143,18,25,5),(144,18,42,5),(145,18,54,5),(185,19,25,5),(186,19,38,5),(187,19,39,5),(188,19,52,5),(189,19,126,5),(169,20,27,5),(170,20,33,5),(171,20,39,5),(177,25,17,5),(178,25,44,5),(201,26,17,5),(202,26,47,5),(2679,27,44,5),(2680,27,46,5),(2681,27,132,5),(194,28,17,5),(195,28,44,5),(196,28,133,5),(16,29,25,5),(17,29,34,5),(18,29,36,5),(24,30,27,5),(25,30,39,5),(36,31,25,5),(37,31,42,5),(43,32,25,5),(44,32,38,5),(45,32,42,5),(50,33,25,5),(51,33,32,5),(52,33,42,5),(53,33,53,5),(30,34,25,5),(31,34,36,5),(32,34,41,5),(2708,39,32,5),(2707,39,38,5),(2706,39,54,5),(2720,41,42,5),(2721,41,52,5),(2722,41,53,5),(2723,41,54,5),(2725,42,41,5),(2726,42,52,5),(2727,42,53,5),(2728,42,54,5),(2653,44,17,5),(2654,44,20,5),(2655,44,28,5),(130,45,16,5),(131,45,17,5),(132,45,19,5),(119,46,19,5),(120,46,20,5),(121,46,25,5),(122,46,28,5),(123,46,83,5),(110,47,16,5),(111,47,25,5),(112,47,28,5),(104,48,16,5),(105,48,19,5),(106,48,26,5),(8,49,28,5),(9,49,36,5),(10,49,47,5),(205,51,41,5),(206,51,42,5),(88,52,41,5),(89,52,42,5),(83,53,17,5),(84,53,34,5),(85,53,44,5),(90,54,41,5),(91,54,42,5),(2663,83,119,5),(2664,83,120,5),(2665,83,123,5),(135,93,119,5),(136,93,120,5),(137,93,123,5),(70,98,119,5),(69,98,120,5),(68,98,123,5),(67,98,126,5),(76,103,119,5),(75,103,120,5),(74,103,123,5),(79,108,119,5),(2669,120,83,5),(2674,126,83,5);


/*Table structure for table `catalog_product_link_attribute` */


CREATE TABLE `catalog_product_link_attribute` (
  `product_link_attribute_id` smallint(5) unsigned NOT NULL AUTO_INCREMENT COMMENT 'Product Link Attribute ID',
  `link_type_id` smallint(5) unsigned NOT NULL DEFAULT '0' COMMENT 'Link Type ID',
  `product_link_attribute_code` varchar(32) NOT NULL COMMENT 'Product Link Attribute Code',
  `data_type` varchar(32) NOT NULL COMMENT 'Data Type',
  PRIMARY KEY (`product_link_attribute_id`),
  KEY `IDX_CATALOG_PRODUCT_LINK_ATTRIBUTE_LINK_TYPE_ID` (`link_type_id`),
  CONSTRAINT `FK_CAT_PRD_LNK_ATTR_LNK_TYPE_ID_CAT_PRD_LNK_TYPE_LNK_TYPE_ID` FOREIGN KEY (`link_type_id`) REFERENCES `catalog_product_link_type` (`link_type_id`) ON DELETE CASCADE ON UPDATE CASCADE
) ENGINE=InnoDB AUTO_INCREMENT=9 DEFAULT CHARSET=utf8 COMMENT='Catalog Product Link Attribute Table';

/*Data for the table `catalog_product_link_attribute` */


insert  into `catalog_product_link_attribute`(`product_link_attribute_id`,`link_type_id`,`product_link_attribute_code`,`data_type`) values (1,2,'qty','decimal'),(2,1,'position','int'),(3,4,'position','int'),(4,5,'position','int'),(6,1,'qty','decimal'),(7,3,'position','int'),(8,3,'qty','decimal');


/*Table structure for table `catalog_product_link_attribute_decimal` */


CREATE TABLE `catalog_product_link_attribute_decimal` (
  `value_id` int(10) unsigned NOT NULL AUTO_INCREMENT COMMENT 'Value ID',
  `product_link_attribute_id` smallint(5) unsigned DEFAULT NULL COMMENT 'Product Link Attribute ID',
  `link_id` int(10) unsigned NOT NULL DEFAULT '0' COMMENT 'Link ID',
  `value` decimal(12,4) NOT NULL DEFAULT '0.0000' COMMENT 'Value',
  PRIMARY KEY (`value_id`),
  UNIQUE KEY `UNQ_CAT_PRD_LNK_ATTR_DEC_PRD_LNK_ATTR_ID_LNK_ID` (`product_link_attribute_id`,`link_id`),
  KEY `IDX_CAT_PRD_LNK_ATTR_DEC_PRD_LNK_ATTR_ID` (`product_link_attribute_id`),
  KEY `IDX_CATALOG_PRODUCT_LINK_ATTRIBUTE_DECIMAL_LINK_ID` (`link_id`),
  CONSTRAINT `FK_AB2EFA9A14F7BCF1D5400056203D14B6` FOREIGN KEY (`product_link_attribute_id`) REFERENCES `catalog_product_link_attribute` (`product_link_attribute_id`) ON DELETE CASCADE ON UPDATE CASCADE,
  CONSTRAINT `FK_CAT_PRD_LNK_ATTR_DEC_LNK_ID_CAT_PRD_LNK_LNK_ID` FOREIGN KEY (`link_id`) REFERENCES `catalog_product_link` (`link_id`) ON DELETE CASCADE ON UPDATE CASCADE
) ENGINE=InnoDB AUTO_INCREMENT=8 DEFAULT CHARSET=utf8 COMMENT='Catalog Product Link Decimal Attribute Table';

/*Data for the table `catalog_product_link_attribute_decimal` */


insert  into `catalog_product_link_attribute_decimal`(`value_id`,`product_link_attribute_id`,`link_id`,`value`) values (1,6,2647,'0.0000'),(2,6,2648,'0.0000'),(3,6,2649,'0.0000'),(4,6,2675,'0.0000'),(5,6,2700,'0.0000'),(6,6,2701,'0.0000'),(7,6,2702,'0.0000');


/*Table structure for table `catalog_product_link_attribute_int` */


CREATE TABLE `catalog_product_link_attribute_int` (
  `value_id` int(10) unsigned NOT NULL AUTO_INCREMENT COMMENT 'Value ID',
  `product_link_attribute_id` smallint(5) unsigned DEFAULT NULL COMMENT 'Product Link Attribute ID',
  `link_id` int(10) unsigned NOT NULL DEFAULT '0' COMMENT 'Link ID',
  `value` int(11) NOT NULL DEFAULT '0' COMMENT 'Value',
  PRIMARY KEY (`value_id`),
  UNIQUE KEY `UNQ_CAT_PRD_LNK_ATTR_INT_PRD_LNK_ATTR_ID_LNK_ID` (`product_link_attribute_id`,`link_id`),
  KEY `IDX_CATALOG_PRODUCT_LINK_ATTRIBUTE_INT_PRODUCT_LINK_ATTRIBUTE_ID` (`product_link_attribute_id`),
  KEY `IDX_CATALOG_PRODUCT_LINK_ATTRIBUTE_INT_LINK_ID` (`link_id`),
  CONSTRAINT `FK_D6D878F8BA2A4282F8DDED7E6E3DE35C` FOREIGN KEY (`product_link_attribute_id`) REFERENCES `catalog_product_link_attribute` (`product_link_attribute_id`) ON DELETE CASCADE ON UPDATE CASCADE,
  CONSTRAINT `FK_CAT_PRD_LNK_ATTR_INT_LNK_ID_CAT_PRD_LNK_LNK_ID` FOREIGN KEY (`link_id`) REFERENCES `catalog_product_link` (`link_id`) ON DELETE CASCADE ON UPDATE CASCADE
) ENGINE=InnoDB AUTO_INCREMENT=53 DEFAULT CHARSET=utf8 COMMENT='Catalog Product Link Integer Attribute Table';

/*Data for the table `catalog_product_link_attribute_int` */


insert  into `catalog_product_link_attribute_int`(`value_id`,`product_link_attribute_id`,`link_id`,`value`) values (1,2,2647,0),(2,2,2648,0),(3,2,2649,0),(4,3,2650,0),(5,3,2651,0),(6,3,2652,0),(7,4,2653,0),(8,4,2654,0),(9,4,2655,0),(10,3,2659,0),(11,3,2660,0),(12,3,2661,0),(13,3,2662,0),(14,4,2663,0),(15,4,2664,0),(16,4,2665,0),(17,3,2666,0),(18,3,2667,0),(19,3,2668,0),(20,4,2669,0),(21,3,2670,0),(22,3,2671,0),(23,3,2672,0),(24,3,2673,0),(25,4,2674,0),(26,2,2675,0),(27,3,2676,0),(28,3,2677,0),(29,3,2678,0),(30,4,2679,0),(31,4,2680,0),(32,4,2681,0),(33,2,2700,0),(34,2,2701,0),(35,2,2702,0),(36,3,2703,0),(37,3,2704,0),(38,3,2705,0),(39,4,2706,0),(40,4,2707,0),(41,4,2708,0),(42,4,2720,0),(43,4,2721,0),(44,4,2722,0),(45,4,2723,0),(46,4,2725,0),(47,4,2726,0),(48,4,2727,0),(49,4,2728,0),(50,3,2729,0),(51,3,2730,0),(52,3,2731,0);


/*Table structure for table `catalog_product_link_attribute_varchar` */


CREATE TABLE `catalog_product_link_attribute_varchar` (
  `value_id` int(10) unsigned NOT NULL AUTO_INCREMENT COMMENT 'Value ID',
  `product_link_attribute_id` smallint(5) unsigned NOT NULL DEFAULT '0' COMMENT 'Product Link Attribute ID',
  `link_id` int(10) unsigned NOT NULL DEFAULT '0' COMMENT 'Link ID',
  `value` varchar(255) DEFAULT NULL COMMENT 'Value',
  PRIMARY KEY (`value_id`),
  UNIQUE KEY `UNQ_CAT_PRD_LNK_ATTR_VCHR_PRD_LNK_ATTR_ID_LNK_ID` (`product_link_attribute_id`,`link_id`),
  KEY `IDX_CAT_PRD_LNK_ATTR_VCHR_PRD_LNK_ATTR_ID` (`product_link_attribute_id`),
  KEY `IDX_CATALOG_PRODUCT_LINK_ATTRIBUTE_VARCHAR_LINK_ID` (`link_id`),
  CONSTRAINT `FK_DEE9C4DA61CFCC01DFCF50F0D79CEA51` FOREIGN KEY (`product_link_attribute_id`) REFERENCES `catalog_product_link_attribute` (`product_link_attribute_id`) ON DELETE CASCADE ON UPDATE CASCADE,
  CONSTRAINT `FK_CAT_PRD_LNK_ATTR_VCHR_LNK_ID_CAT_PRD_LNK_LNK_ID` FOREIGN KEY (`link_id`) REFERENCES `catalog_product_link` (`link_id`) ON DELETE CASCADE ON UPDATE CASCADE
) ENGINE=InnoDB DEFAULT CHARSET=utf8 COMMENT='Catalog Product Link Varchar Attribute Table';

/*Data for the table `catalog_product_link_attribute_varchar` */



/*Table structure for table `catalog_product_link_type` */


CREATE TABLE `catalog_product_link_type` (
  `link_type_id` smallint(5) unsigned NOT NULL AUTO_INCREMENT COMMENT 'Link Type ID',
  `code` varchar(32) NOT NULL COMMENT 'Code',
  PRIMARY KEY (`link_type_id`)
) ENGINE=InnoDB AUTO_INCREMENT=6 DEFAULT CHARSET=utf8 COMMENT='Catalog Product Link Type Table';

/*Data for the table `catalog_product_link_type` */


insert  into `catalog_product_link_type`(`link_type_id`,`code`) values (1,'relation'),(2,'bundle'),(3,'super'),(4,'up_sell'),(5,'cross_sell');


/*Table structure for table `catalog_product_option` */


CREATE TABLE `catalog_product_option` (
  `option_id` int(10) unsigned NOT NULL AUTO_INCREMENT COMMENT 'Option ID',
  `product_id` int(10) unsigned NOT NULL DEFAULT '0' COMMENT 'Product ID',
  `type` varchar(50) NOT NULL COMMENT 'Type',
  `is_require` smallint(6) NOT NULL DEFAULT '1' COMMENT 'Is Required',
  `sku` varchar(64) DEFAULT NULL COMMENT 'SKU',
  `max_characters` int(10) unsigned DEFAULT NULL COMMENT 'Max Characters',
  `file_extension` varchar(50) DEFAULT NULL COMMENT 'File Extension',
  `image_size_x` smallint(5) unsigned DEFAULT NULL COMMENT 'Image Size X',
  `image_size_y` smallint(5) unsigned DEFAULT NULL COMMENT 'Image Size Y',
  `sort_order` int(10) unsigned NOT NULL DEFAULT '0' COMMENT 'Sort Order',
  PRIMARY KEY (`option_id`),
  KEY `IDX_CATALOG_PRODUCT_OPTION_PRODUCT_ID` (`product_id`),
  CONSTRAINT `FK_CAT_PRD_OPT_PRD_ID_CAT_PRD_ENTT_ENTT_ID` FOREIGN KEY (`product_id`) REFERENCES `catalog_product_entity` (`entity_id`) ON DELETE CASCADE ON UPDATE CASCADE
) ENGINE=InnoDB AUTO_INCREMENT=3 DEFAULT CHARSET=utf8 COMMENT='Catalog Product Option Table';

/*Data for the table `catalog_product_option` */


insert  into `catalog_product_option`(`option_id`,`product_id`,`type`,`is_require`,`sku`,`max_characters`,`file_extension`,`image_size_x`,`image_size_y`,`sort_order`) values (1,25,'drop_down',0,'',NULL,NULL,0,0,0),(2,26,'radio',0,'',NULL,NULL,0,0,0);


/*Table structure for table `catalog_product_option_price` */


CREATE TABLE `catalog_product_option_price` (
  `option_price_id` int(10) unsigned NOT NULL AUTO_INCREMENT COMMENT 'Option Price ID',
  `option_id` int(10) unsigned NOT NULL DEFAULT '0' COMMENT 'Option ID',
  `store_id` smallint(5) unsigned NOT NULL DEFAULT '0' COMMENT 'Store ID',
  `price` decimal(12,4) NOT NULL DEFAULT '0.0000' COMMENT 'Price',
  `price_type` varchar(7) NOT NULL DEFAULT 'fixed' COMMENT 'Price Type',
  PRIMARY KEY (`option_price_id`),
  UNIQUE KEY `UNQ_CATALOG_PRODUCT_OPTION_PRICE_OPTION_ID_STORE_ID` (`option_id`,`store_id`),
  KEY `IDX_CATALOG_PRODUCT_OPTION_PRICE_OPTION_ID` (`option_id`),
  KEY `IDX_CATALOG_PRODUCT_OPTION_PRICE_STORE_ID` (`store_id`),
  CONSTRAINT `FK_CATALOG_PRODUCT_OPTION_PRICE_STORE_ID_CORE_STORE_STORE_ID` FOREIGN KEY (`store_id`) REFERENCES `core_store` (`store_id`) ON DELETE CASCADE ON UPDATE CASCADE,
  CONSTRAINT `FK_CAT_PRD_OPT_PRICE_OPT_ID_CAT_PRD_OPT_OPT_ID` FOREIGN KEY (`option_id`) REFERENCES `catalog_product_option` (`option_id`) ON DELETE CASCADE ON UPDATE CASCADE
) ENGINE=InnoDB DEFAULT CHARSET=utf8 COMMENT='Catalog Product Option Price Table';

/*Data for the table `catalog_product_option_price` */



/*Table structure for table `catalog_product_option_title` */


CREATE TABLE `catalog_product_option_title` (
  `option_title_id` int(10) unsigned NOT NULL AUTO_INCREMENT COMMENT 'Option Title ID',
  `option_id` int(10) unsigned NOT NULL DEFAULT '0' COMMENT 'Option ID',
  `store_id` smallint(5) unsigned NOT NULL DEFAULT '0' COMMENT 'Store ID',
  `title` varchar(255) NOT NULL COMMENT 'Title',
  PRIMARY KEY (`option_title_id`),
  UNIQUE KEY `UNQ_CATALOG_PRODUCT_OPTION_TITLE_OPTION_ID_STORE_ID` (`option_id`,`store_id`),
  KEY `IDX_CATALOG_PRODUCT_OPTION_TITLE_OPTION_ID` (`option_id`),
  KEY `IDX_CATALOG_PRODUCT_OPTION_TITLE_STORE_ID` (`store_id`),
  CONSTRAINT `FK_CATALOG_PRODUCT_OPTION_TITLE_STORE_ID_CORE_STORE_STORE_ID` FOREIGN KEY (`store_id`) REFERENCES `core_store` (`store_id`) ON DELETE CASCADE ON UPDATE CASCADE,
  CONSTRAINT `FK_CAT_PRD_OPT_TTL_OPT_ID_CAT_PRD_OPT_OPT_ID` FOREIGN KEY (`option_id`) REFERENCES `catalog_product_option` (`option_id`) ON DELETE CASCADE ON UPDATE CASCADE
) ENGINE=InnoDB AUTO_INCREMENT=3 DEFAULT CHARSET=utf8 COMMENT='Catalog Product Option Title Table';

/*Data for the table `catalog_product_option_title` */


insert  into `catalog_product_option_title`(`option_title_id`,`option_id`,`store_id`,`title`) values (1,1,0,'Extended Warranty'),(2,2,0,'Extended Warranty');


/*Table structure for table `catalog_product_option_type_price` */


CREATE TABLE `catalog_product_option_type_price` (
  `option_type_price_id` int(10) unsigned NOT NULL AUTO_INCREMENT COMMENT 'Option Type Price ID',
  `option_type_id` int(10) unsigned NOT NULL DEFAULT '0' COMMENT 'Option Type ID',
  `store_id` smallint(5) unsigned NOT NULL DEFAULT '0' COMMENT 'Store ID',
  `price` decimal(12,4) NOT NULL DEFAULT '0.0000' COMMENT 'Price',
  `price_type` varchar(7) NOT NULL DEFAULT 'fixed' COMMENT 'Price Type',
  PRIMARY KEY (`option_type_price_id`),
  UNIQUE KEY `UNQ_CATALOG_PRODUCT_OPTION_TYPE_PRICE_OPTION_TYPE_ID_STORE_ID` (`option_type_id`,`store_id`),
  KEY `IDX_CATALOG_PRODUCT_OPTION_TYPE_PRICE_OPTION_TYPE_ID` (`option_type_id`),
  KEY `IDX_CATALOG_PRODUCT_OPTION_TYPE_PRICE_STORE_ID` (`store_id`),
  CONSTRAINT `FK_CAT_PRD_OPT_TYPE_PRICE_STORE_ID_CORE_STORE_STORE_ID` FOREIGN KEY (`store_id`) REFERENCES `core_store` (`store_id`) ON DELETE CASCADE ON UPDATE CASCADE,
  CONSTRAINT `FK_B523E3378E8602F376CC415825576B7F` FOREIGN KEY (`option_type_id`) REFERENCES `catalog_product_option_type_value` (`option_type_id`) ON DELETE CASCADE ON UPDATE CASCADE
) ENGINE=InnoDB AUTO_INCREMENT=7 DEFAULT CHARSET=utf8 COMMENT='Catalog Product Option Type Price Table';

/*Data for the table `catalog_product_option_type_price` */


insert  into `catalog_product_option_type_price`(`option_type_price_id`,`option_type_id`,`store_id`,`price`,`price_type`) values (1,1,0,'150.0000','fixed'),(2,2,0,'250.0000','fixed'),(3,3,0,'325.0000','fixed'),(4,4,0,'150.0000','fixed'),(5,5,0,'250.0000','fixed'),(6,6,0,'325.0000','fixed');


/*Table structure for table `catalog_product_option_type_title` */


CREATE TABLE `catalog_product_option_type_title` (
  `option_type_title_id` int(10) unsigned NOT NULL AUTO_INCREMENT COMMENT 'Option Type Title ID',
  `option_type_id` int(10) unsigned NOT NULL DEFAULT '0' COMMENT 'Option Type ID',
  `store_id` smallint(5) unsigned NOT NULL DEFAULT '0' COMMENT 'Store ID',
  `title` varchar(255) NOT NULL COMMENT 'Title',
  PRIMARY KEY (`option_type_title_id`),
  UNIQUE KEY `UNQ_CATALOG_PRODUCT_OPTION_TYPE_TITLE_OPTION_TYPE_ID_STORE_ID` (`option_type_id`,`store_id`),
  KEY `IDX_CATALOG_PRODUCT_OPTION_TYPE_TITLE_OPTION_TYPE_ID` (`option_type_id`),
  KEY `IDX_CATALOG_PRODUCT_OPTION_TYPE_TITLE_STORE_ID` (`store_id`),
  CONSTRAINT `FK_CAT_PRD_OPT_TYPE_TTL_STORE_ID_CORE_STORE_STORE_ID` FOREIGN KEY (`store_id`) REFERENCES `core_store` (`store_id`) ON DELETE CASCADE ON UPDATE CASCADE,
  CONSTRAINT `FK_C085B9CF2C2A302E8043FDEA1937D6A2` FOREIGN KEY (`option_type_id`) REFERENCES `catalog_product_option_type_value` (`option_type_id`) ON DELETE CASCADE ON UPDATE CASCADE
) ENGINE=InnoDB AUTO_INCREMENT=7 DEFAULT CHARSET=utf8 COMMENT='Catalog Product Option Type Title Table';

/*Data for the table `catalog_product_option_type_title` */


insert  into `catalog_product_option_type_title`(`option_type_title_id`,`option_type_id`,`store_id`,`title`) values (1,1,0,'1 Year - Parts and Labor'),(2,2,0,'2 Years - Parts and Labor'),(3,3,0,'3 Year - Parts and Labor'),(4,4,0,'1 Year - Parts and Labor'),(5,5,0,'2 Years - Parts and Labor'),(6,6,0,'3 Year - Parts and Labor');


/*Table structure for table `catalog_product_option_type_value` */


CREATE TABLE `catalog_product_option_type_value` (
  `option_type_id` int(10) unsigned NOT NULL AUTO_INCREMENT COMMENT 'Option Type ID',
  `option_id` int(10) unsigned NOT NULL DEFAULT '0' COMMENT 'Option ID',
  `sku` varchar(64) DEFAULT NULL COMMENT 'SKU',
  `sort_order` int(10) unsigned NOT NULL DEFAULT '0' COMMENT 'Sort Order',
  PRIMARY KEY (`option_type_id`),
  KEY `IDX_CATALOG_PRODUCT_OPTION_TYPE_VALUE_OPTION_ID` (`option_id`),
  CONSTRAINT `FK_CAT_PRD_OPT_TYPE_VAL_OPT_ID_CAT_PRD_OPT_OPT_ID` FOREIGN KEY (`option_id`) REFERENCES `catalog_product_option` (`option_id`) ON DELETE CASCADE ON UPDATE CASCADE
) ENGINE=InnoDB AUTO_INCREMENT=7 DEFAULT CHARSET=utf8 COMMENT='Catalog Product Option Type Value Table';

/*Data for the table `catalog_product_option_type_value` */


insert  into `catalog_product_option_type_value`(`option_type_id`,`option_id`,`sku`,`sort_order`) values (1,1,'1yr_p_l',10),(2,1,'2yr_p_l',20),(3,1,'3yr_p_l',30),(4,2,'1yr_p_l',10),(5,2,'2yr_p_l',20),(6,2,'3yr_p_l',0);


/*Table structure for table `catalog_product_relation` */


CREATE TABLE `catalog_product_relation` (
  `parent_id` int(10) unsigned NOT NULL DEFAULT '0' COMMENT 'Parent ID',
  `child_id` int(10) unsigned NOT NULL DEFAULT '0' COMMENT 'Child ID',
  PRIMARY KEY (`parent_id`,`child_id`),
  KEY `IDX_CATALOG_PRODUCT_RELATION_CHILD_ID` (`child_id`),
  CONSTRAINT `FK_CAT_PRD_RELATION_PARENT_ID_CAT_PRD_ENTT_ENTT_ID` FOREIGN KEY (`parent_id`) REFERENCES `catalog_product_entity` (`entity_id`) ON DELETE CASCADE ON UPDATE CASCADE,
  CONSTRAINT `FK_CAT_PRD_RELATION_CHILD_ID_CAT_PRD_ENTT_ENTT_ID` FOREIGN KEY (`child_id`) REFERENCES `catalog_product_entity` (`entity_id`) ON DELETE CASCADE ON UPDATE CASCADE
) ENGINE=InnoDB DEFAULT CHARSET=utf8 ROW_FORMAT=FIXED COMMENT='Catalog Product Relation Table';

/*Data for the table `catalog_product_relation` */


insert  into `catalog_product_relation`(`parent_id`,`child_id`) values (158,27),(83,29),(93,30),(98,30),(103,31),(108,32),(112,33),(119,35),(120,36),(123,37),(126,38),(135,49),(54,51),(54,52),(54,53),(135,74),(135,75),(135,79),(135,80),(135,81),(135,82),(83,84),(83,85),(83,86),(83,87),(83,88),(83,89),(83,90),(83,91),(83,92),(93,94),(98,94),(93,95),(98,95),(93,96),(98,96),(93,97),(98,97),(103,104),(103,105),(103,106),(103,107),(108,109),(108,110),(108,111),(112,113),(112,114),(112,115),(119,117),(119,118),(120,121),(120,122),(123,124),(123,125),(126,127),(126,128),(126,129),(126,130),(126,131),(163,138),(165,138),(163,139),(164,139),(165,139),(163,140),(164,140),(165,140),(163,141),(164,141),(165,141),(158,142),(163,142),(163,143),(164,143),(165,143),(158,144),(163,145),(164,145),(165,145),(158,146),(163,147),(165,147),(163,148),(164,148),(165,148),(163,149),(164,149),(165,149),(163,150),(165,150),(163,151),(164,151),(165,151),(163,152),(165,152),(163,153),(164,153),(165,153),(163,154),(164,154),(165,154),(163,155),(165,155),(163,156),(165,156),(163,157),(165,157),(163,159),(164,159),(163,160),(164,160),(163,161),(164,161),(163,162),(164,162);


/*Table structure for table `catalog_product_super_attribute` */


CREATE TABLE `catalog_product_super_attribute` (
  `product_super_attribute_id` int(10) unsigned NOT NULL AUTO_INCREMENT COMMENT 'Product Super Attribute ID',
  `product_id` int(10) unsigned NOT NULL DEFAULT '0' COMMENT 'Product ID',
  `attribute_id` smallint(5) unsigned NOT NULL DEFAULT '0' COMMENT 'Attribute ID',
  `position` smallint(5) unsigned NOT NULL DEFAULT '0' COMMENT 'Position',
  PRIMARY KEY (`product_super_attribute_id`),
  UNIQUE KEY `UNQ_CATALOG_PRODUCT_SUPER_ATTRIBUTE_PRODUCT_ID_ATTRIBUTE_ID` (`product_id`,`attribute_id`),
  KEY `IDX_CATALOG_PRODUCT_SUPER_ATTRIBUTE_PRODUCT_ID` (`product_id`),
  CONSTRAINT `FK_CAT_PRD_SPR_ATTR_PRD_ID_CAT_PRD_ENTT_ENTT_ID` FOREIGN KEY (`product_id`) REFERENCES `catalog_product_entity` (`entity_id`) ON DELETE CASCADE ON UPDATE NO ACTION
) ENGINE=InnoDB AUTO_INCREMENT=14 DEFAULT CHARSET=utf8 COMMENT='Catalog Product Super Attribute Table';

/*Data for the table `catalog_product_super_attribute` */


insert  into `catalog_product_super_attribute`(`product_super_attribute_id`,`product_id`,`attribute_id`,`position`) values (1,83,501,0),(2,93,502,0),(3,83,502,1),(4,103,502,0),(5,108,502,0),(6,98,502,0),(7,119,525,0),(8,120,525,0),(9,112,502,0),(10,126,525,0),(11,135,502,0),(12,123,525,0),(13,126,272,1);


/*Table structure for table `catalog_product_super_attribute_label` */


CREATE TABLE `catalog_product_super_attribute_label` (
  `value_id` int(10) unsigned NOT NULL AUTO_INCREMENT COMMENT 'Value ID',
  `product_super_attribute_id` int(10) unsigned NOT NULL DEFAULT '0' COMMENT 'Product Super Attribute ID',
  `store_id` smallint(5) unsigned NOT NULL DEFAULT '0' COMMENT 'Store ID',
  `use_default` smallint(5) unsigned DEFAULT '0' COMMENT 'Use Default Value',
  `value` varchar(255) DEFAULT NULL COMMENT 'Value',
  PRIMARY KEY (`value_id`),
  UNIQUE KEY `UNQ_CAT_PRD_SPR_ATTR_LBL_PRD_SPR_ATTR_ID_STORE_ID` (`product_super_attribute_id`,`store_id`),
  KEY `IDX_CAT_PRD_SPR_ATTR_LBL_PRD_SPR_ATTR_ID` (`product_super_attribute_id`),
  KEY `IDX_CATALOG_PRODUCT_SUPER_ATTRIBUTE_LABEL_STORE_ID` (`store_id`),
  CONSTRAINT `FK_CAT_PRD_SPR_ATTR_LBL_STORE_ID_CORE_STORE_STORE_ID` FOREIGN KEY (`store_id`) REFERENCES `core_store` (`store_id`) ON DELETE CASCADE ON UPDATE CASCADE,
  CONSTRAINT `FK_309442281DF7784210ED82B2CC51E5D5` FOREIGN KEY (`product_super_attribute_id`) REFERENCES `catalog_product_super_attribute` (`product_super_attribute_id`) ON DELETE CASCADE ON UPDATE CASCADE
) ENGINE=InnoDB AUTO_INCREMENT=14 DEFAULT CHARSET=utf8 ROW_FORMAT=DYNAMIC COMMENT='Catalog Product Super Attribute Label Table';

/*Data for the table `catalog_product_super_attribute_label` */


insert  into `catalog_product_super_attribute_label`(`value_id`,`product_super_attribute_id`,`store_id`,`use_default`,`value`) values (1,3,0,0,'Shoe Size'),(2,1,0,0,'Gender'),(3,2,0,0,'Shoe Size'),(4,6,0,0,'Shoe Size'),(5,4,0,0,'Shoe Size'),(6,5,0,0,'Shoe Size'),(7,9,0,0,'Shoe Size'),(8,7,0,0,'Size'),(9,8,0,0,'Size'),(10,12,0,0,'Size'),(11,10,0,0,'Size'),(12,13,0,0,'Color'),(13,11,0,0,'Shoe Size');


/*Table structure for table `catalog_product_super_attribute_pricing` */


CREATE TABLE `catalog_product_super_attribute_pricing` (
  `value_id` int(10) unsigned NOT NULL AUTO_INCREMENT COMMENT 'Value ID',
  `product_super_attribute_id` int(10) unsigned NOT NULL DEFAULT '0' COMMENT 'Product Super Attribute ID',
  `value_index` varchar(255) NOT NULL COMMENT 'Value Index',
  `is_percent` smallint(5) unsigned DEFAULT '0' COMMENT 'Is Percent',
  `pricing_value` decimal(12,4) DEFAULT NULL COMMENT 'Pricing Value',
  `website_id` smallint(5) unsigned NOT NULL DEFAULT '0' COMMENT 'Website ID',
  PRIMARY KEY (`value_id`),
  UNIQUE KEY `UNQ_CAT_PRD_SPR_ATTR_PRICING_PRD_SPR_ATTR_ID_VAL_IDX_WS_ID` (`product_super_attribute_id`,`value_index`,`website_id`),
  KEY `IDX_CAT_PRD_SPR_ATTR_PRICING_PRD_SPR_ATTR_ID` (`product_super_attribute_id`),
  KEY `IDX_CATALOG_PRODUCT_SUPER_ATTRIBUTE_PRICING_WEBSITE_ID` (`website_id`),
  CONSTRAINT `FK_CAT_PRD_SPR_ATTR_PRICING_WS_ID_CORE_WS_WS_ID` FOREIGN KEY (`website_id`) REFERENCES `core_website` (`website_id`) ON DELETE CASCADE ON UPDATE CASCADE,
  CONSTRAINT `FK_CDE8813117106CFAA3AD209358F66332` FOREIGN KEY (`product_super_attribute_id`) REFERENCES `catalog_product_super_attribute` (`product_super_attribute_id`) ON DELETE CASCADE ON UPDATE CASCADE
) ENGINE=InnoDB AUTO_INCREMENT=8 DEFAULT CHARSET=utf8 COMMENT='Catalog Product Super Attribute Pricing Table';

/*Data for the table `catalog_product_super_attribute_pricing` */


insert  into `catalog_product_super_attribute_pricing`(`value_id`,`product_super_attribute_id`,`value_index`,`is_percent`,`pricing_value`,`website_id`) values (1,12,'100',0,'10.0000',0),(2,12,'99',0,'20.0000',0),(3,12,'98',0,'30.0000',0),(4,3,'39',0,'1.0000',0),(5,3,'38',0,'2.0000',0),(6,3,'37',0,'3.0000',0),(7,13,'22',0,'5.2500',0);


/*Table structure for table `catalog_product_super_link` */


CREATE TABLE `catalog_product_super_link` (
  `link_id` int(10) unsigned NOT NULL AUTO_INCREMENT COMMENT 'Link ID',
  `product_id` int(10) unsigned NOT NULL DEFAULT '0' COMMENT 'Product ID',
  `parent_id` int(10) unsigned NOT NULL DEFAULT '0' COMMENT 'Parent ID',
  PRIMARY KEY (`link_id`),
  UNIQUE KEY `UNQ_CATALOG_PRODUCT_SUPER_LINK_PRODUCT_ID_PARENT_ID` (`product_id`,`parent_id`),
  KEY `IDX_CATALOG_PRODUCT_SUPER_LINK_PARENT_ID` (`parent_id`),
  KEY `IDX_CATALOG_PRODUCT_SUPER_LINK_PRODUCT_ID` (`product_id`),
  CONSTRAINT `FK_CAT_PRD_SPR_LNK_PARENT_ID_CAT_PRD_ENTT_ENTT_ID` FOREIGN KEY (`parent_id`) REFERENCES `catalog_product_entity` (`entity_id`) ON DELETE CASCADE ON UPDATE CASCADE,
  CONSTRAINT `FK_CAT_PRD_SPR_LNK_PRD_ID_CAT_PRD_ENTT_ENTT_ID` FOREIGN KEY (`product_id`) REFERENCES `catalog_product_entity` (`entity_id`) ON DELETE CASCADE ON UPDATE CASCADE
) ENGINE=InnoDB AUTO_INCREMENT=367 DEFAULT CHARSET=utf8 COMMENT='Catalog Product Super Link Table';

/*Data for the table `catalog_product_super_link` */


insert  into `catalog_product_super_link`(`link_id`,`product_id`,`parent_id`) values (323,29,83),(333,30,93),(322,30,98),(338,31,103),(343,32,108),(347,33,112),(171,35,119),(351,36,120),(118,37,123),(354,38,126),(360,49,135),(361,74,135),(362,75,135),(363,79,135),(364,80,135),(365,81,135),(366,82,135),(324,84,83),(325,85,83),(326,86,83),(327,87,83),(328,88,83),(329,89,83),(330,90,83),(331,91,83),(332,92,83),(337,94,93),(318,94,98),(336,95,93),(320,95,98),(335,96,93),(319,96,98),(334,97,93),(321,97,98),(339,104,103),(340,105,103),(341,106,103),(342,107,103),(344,109,108),(345,110,108),(346,111,108),(348,113,112),(349,114,112),(350,115,112),(172,117,119),(173,118,119),(352,121,120),(353,122,120),(119,124,123),(120,125,123),(355,127,126),(356,128,126),(357,129,126),(358,130,126),(359,131,126);


/*Table structure for table `catalog_product_website` */


CREATE TABLE `catalog_product_website` (
  `product_id` int(10) unsigned NOT NULL DEFAULT '0' COMMENT 'Product ID',
  `website_id` smallint(5) unsigned NOT NULL DEFAULT '0' COMMENT 'Website ID',
  PRIMARY KEY (`product_id`,`website_id`),
  KEY `IDX_CATALOG_PRODUCT_WEBSITE_WEBSITE_ID` (`website_id`),
  CONSTRAINT `FK_CAT_PRD_WS_PRD_ID_CAT_PRD_ENTT_ENTT_ID` FOREIGN KEY (`product_id`) REFERENCES `catalog_product_entity` (`entity_id`) ON DELETE CASCADE ON UPDATE CASCADE,
  CONSTRAINT `FK_CATALOG_PRODUCT_WEBSITE_WEBSITE_ID_CORE_WEBSITE_WEBSITE_ID` FOREIGN KEY (`website_id`) REFERENCES `core_website` (`website_id`) ON DELETE CASCADE ON UPDATE CASCADE
) ENGINE=InnoDB DEFAULT CHARSET=utf8 ROW_FORMAT=FIXED COMMENT='Catalog Product To Website Linkage Table';

/*Data for the table `catalog_product_website` */


insert  into `catalog_product_website`(`product_id`,`website_id`) values (16,1),(17,1),(18,1),(19,1),(20,1),(25,1),(26,1),(27,1),(28,1),(29,1),(30,1),(31,1),(32,1),(33,1),(34,1),(35,1),(36,1),(37,1),(38,1),(39,1),(41,1),(42,1),(44,1),(45,1),(46,1),(47,1),(48,1),(49,1),(51,1),(52,1),(53,1),(54,1),(74,1),(75,1),(79,1),(80,1),(81,1),(82,1),(83,1),(84,1),(85,1),(86,1),(87,1),(88,1),(89,1),(90,1),(91,1),(92,1),(93,1),(94,1),(95,1),(96,1),(97,1),(98,1),(99,1),(100,1),(101,1),(102,1),(103,1),(104,1),(105,1),(106,1),(107,1),(108,1),(109,1),(110,1),(111,1),(112,1),(113,1),(114,1),(115,1),(117,1),(118,1),(119,1),(120,1),(121,1),(122,1),(123,1),(124,1),(125,1),(126,1),(127,1),(128,1),(129,1),(130,1),(131,1),(132,1),(133,1),(134,1),(135,1),(137,1),(138,1),(139,1),(140,1),(141,1),(142,1),(143,1),(144,1),(145,1),(146,1),(147,1),(148,1),(149,1),(150,1),(151,1),(152,1),(153,1),(154,1),(155,1),(156,1),(157,1),(158,1),(159,1),(160,1),(161,1),(162,1),(163,1),(164,1),(165,1),(166,1);


/*Table structure for table `cataloginventory_stock` */


CREATE TABLE `cataloginventory_stock` (
  `stock_id` smallint(5) unsigned NOT NULL AUTO_INCREMENT COMMENT 'Stock Id',
  `stock_name` varchar(255) DEFAULT NULL COMMENT 'Stock Name',
  PRIMARY KEY (`stock_id`)
) ENGINE=InnoDB AUTO_INCREMENT=2 DEFAULT CHARSET=utf8 COMMENT='Cataloginventory Stock';

/*Data for the table `cataloginventory_stock` */


insert  into `cataloginventory_stock`(`stock_id`,`stock_name`) values (1,'Default');


/*Table structure for table `cataloginventory_stock_item` */


CREATE TABLE `cataloginventory_stock_item` (
  `item_id` int(10) unsigned NOT NULL AUTO_INCREMENT COMMENT 'Item Id',
  `product_id` int(10) unsigned NOT NULL DEFAULT '0' COMMENT 'Product Id',
  `stock_id` smallint(5) unsigned NOT NULL DEFAULT '0' COMMENT 'Stock Id',
  `qty` decimal(12,4) NOT NULL DEFAULT '0.0000' COMMENT 'Qty',
  `min_qty` decimal(12,4) NOT NULL DEFAULT '0.0000' COMMENT 'Min Qty',
  `use_config_min_qty` smallint(5) unsigned NOT NULL DEFAULT '1' COMMENT 'Use Config Min Qty',
  `is_qty_decimal` smallint(5) unsigned NOT NULL DEFAULT '0' COMMENT 'Is Qty Decimal',
  `backorders` smallint(5) unsigned NOT NULL DEFAULT '0' COMMENT 'Backorders',
  `use_config_backorders` smallint(5) unsigned NOT NULL DEFAULT '1' COMMENT 'Use Config Backorders',
  `min_sale_qty` decimal(12,4) NOT NULL DEFAULT '1.0000' COMMENT 'Min Sale Qty',
  `use_config_min_sale_qty` smallint(5) unsigned NOT NULL DEFAULT '1' COMMENT 'Use Config Min Sale Qty',
  `max_sale_qty` decimal(12,4) NOT NULL DEFAULT '0.0000' COMMENT 'Max Sale Qty',
  `use_config_max_sale_qty` smallint(5) unsigned NOT NULL DEFAULT '1' COMMENT 'Use Config Max Sale Qty',
  `is_in_stock` smallint(5) unsigned NOT NULL DEFAULT '0' COMMENT 'Is In Stock',
  `low_stock_date` timestamp NULL DEFAULT NULL COMMENT 'Low Stock Date',
  `notify_stock_qty` decimal(12,4) DEFAULT NULL COMMENT 'Notify Stock Qty',
  `use_config_notify_stock_qty` smallint(5) unsigned NOT NULL DEFAULT '1' COMMENT 'Use Config Notify Stock Qty',
  `manage_stock` smallint(5) unsigned NOT NULL DEFAULT '0' COMMENT 'Manage Stock',
  `use_config_manage_stock` smallint(5) unsigned NOT NULL DEFAULT '1' COMMENT 'Use Config Manage Stock',
  `stock_status_changed_auto` smallint(5) unsigned NOT NULL DEFAULT '0' COMMENT 'Stock Status Changed Automatically',
  `use_config_qty_increments` smallint(5) unsigned NOT NULL DEFAULT '1' COMMENT 'Use Config Qty Increments',
  `qty_increments` decimal(12,4) NOT NULL DEFAULT '0.0000' COMMENT 'Qty Increments',
  `use_config_enable_qty_inc` smallint(5) unsigned NOT NULL DEFAULT '1' COMMENT 'Use Config Enable Qty Increments',
  `enable_qty_increments` smallint(5) unsigned NOT NULL DEFAULT '0' COMMENT 'Enable Qty Increments',
  PRIMARY KEY (`item_id`),
  UNIQUE KEY `UNQ_CATALOGINVENTORY_STOCK_ITEM_PRODUCT_ID_STOCK_ID` (`product_id`,`stock_id`),
  KEY `IDX_CATALOGINVENTORY_STOCK_ITEM_PRODUCT_ID` (`product_id`),
  KEY `IDX_CATALOGINVENTORY_STOCK_ITEM_STOCK_ID` (`stock_id`),
  CONSTRAINT `FK_CATINV_STOCK_ITEM_STOCK_ID_CATINV_STOCK_STOCK_ID` FOREIGN KEY (`stock_id`) REFERENCES `cataloginventory_stock` (`stock_id`) ON DELETE CASCADE ON UPDATE CASCADE,
  CONSTRAINT `FK_CATINV_STOCK_ITEM_PRD_ID_CAT_PRD_ENTT_ENTT_ID` FOREIGN KEY (`product_id`) REFERENCES `catalog_product_entity` (`entity_id`) ON DELETE CASCADE ON UPDATE CASCADE
) ENGINE=InnoDB AUTO_INCREMENT=121 DEFAULT CHARSET=utf8 COMMENT='Cataloginventory Stock Item';

/*Data for the table `cataloginventory_stock_item` */


insert  into `cataloginventory_stock_item`(`item_id`,`product_id`,`stock_id`,`qty`,`min_qty`,`use_config_min_qty`,`is_qty_decimal`,`backorders`,`use_config_backorders`,`min_sale_qty`,`use_config_min_sale_qty`,`max_sale_qty`,`use_config_max_sale_qty`,`is_in_stock`,`low_stock_date`,`notify_stock_qty`,`use_config_notify_stock_qty`,`manage_stock`,`use_config_manage_stock`,`stock_status_changed_auto`,`use_config_qty_increments`,`qty_increments`,`use_config_enable_qty_inc`,`enable_qty_increments`) values (1,16,1,'996.0000','0.0000',1,0,0,1,'1.0000',1,'100.0000',1,1,'0000-00-00 00:00:00',NULL,1,0,1,0,1,'0.0000',1,0),(2,17,1,'797.0000','0.0000',1,0,0,1,'1.0000',1,'100.0000',1,1,'0000-00-00 00:00:00',NULL,1,0,1,0,1,'0.0000',1,0),(3,18,1,'989.0000','0.0000',1,0,0,1,'1.0000',1,'100.0000',1,1,'0000-00-00 00:00:00',NULL,1,0,1,0,1,'0.0000',1,0),(4,19,1,'328.0000','0.0000',1,0,0,1,'1.0000',1,'100.0000',1,1,'0000-00-00 00:00:00',NULL,1,0,1,0,1,'0.0000',1,0),(5,20,1,'361.0000','0.0000',1,0,0,1,'1.0000',1,'100.0000',1,1,'0000-00-00 00:00:00',NULL,1,0,1,0,1,'0.0000',1,0),(6,25,1,'143.0000','0.0000',1,0,0,1,'1.0000',1,'100.0000',1,1,'0000-00-00 00:00:00',NULL,1,0,1,0,1,'0.0000',1,0),(7,26,1,'11.0000','0.0000',1,0,0,1,'1.0000',1,'100.0000',1,1,'0000-00-00 00:00:00',NULL,1,0,1,0,1,'0.0000',1,0),(8,27,1,'595.0000','0.0000',1,0,0,1,'1.0000',1,'100.0000',1,1,'0000-00-00 00:00:00',NULL,1,0,1,0,1,'0.0000',1,0),(9,28,1,'681.0000','0.0000',1,0,0,1,'1.0000',1,'100.0000',1,1,'0000-00-00 00:00:00',NULL,1,0,1,0,1,'0.0000',1,0),(10,29,1,'16.0000','0.0000',1,0,0,1,'1.0000',1,'100.0000',1,1,'0000-00-00 00:00:00',NULL,1,0,1,0,1,'0.0000',1,0),(11,30,1,'719.0000','0.0000',1,0,0,1,'1.0000',1,'100.0000',1,1,'0000-00-00 00:00:00',NULL,1,0,1,0,1,'0.0000',1,0),(12,31,1,'441.0000','0.0000',1,0,0,1,'1.0000',1,'100.0000',1,1,'0000-00-00 00:00:00',NULL,1,0,1,0,1,'0.0000',1,0),(13,32,1,'805.0000','0.0000',1,0,0,1,'1.0000',1,'100.0000',1,1,'0000-00-00 00:00:00',NULL,1,0,1,0,1,'0.0000',1,0),(14,33,1,'386.0000','0.0000',1,0,0,1,'1.0000',1,'100.0000',1,1,'0000-00-00 00:00:00',NULL,1,0,1,0,1,'0.0000',1,0),(15,34,1,'718.0000','0.0000',1,0,0,1,'1.0000',1,'100.0000',1,1,'0000-00-00 00:00:00',NULL,1,0,1,0,1,'0.0000',1,0),(16,35,1,'580.0000','0.0000',1,0,0,1,'1.0000',1,'100.0000',1,1,'0000-00-00 00:00:00',NULL,1,0,1,0,1,'0.0000',1,0),(17,36,1,'79.0000','0.0000',1,0,0,1,'1.0000',1,'100.0000',1,0,'0000-00-00 00:00:00',NULL,1,0,1,0,1,'0.0000',1,0),(18,37,1,'722.0000','0.0000',1,0,0,1,'1.0000',1,'100.0000',1,1,'0000-00-00 00:00:00',NULL,1,0,1,0,1,'0.0000',1,0),(19,38,1,'99.0000','0.0000',1,0,0,1,'1.0000',1,'100.0000',1,1,'0000-00-00 00:00:00',NULL,1,0,1,0,1,'0.0000',1,0),(20,39,1,'234.0000','0.0000',1,0,0,1,'1.0000',1,'100.0000',1,1,'0000-00-00 00:00:00',NULL,1,0,1,0,1,'0.0000',1,0),(21,41,1,'339.0000','0.0000',1,0,0,1,'1.0000',1,'100.0000',1,1,'0000-00-00 00:00:00',NULL,1,0,1,0,1,'0.0000',1,0),(22,42,1,'994.0000','0.0000',1,0,0,1,'1.0000',1,'100.0000',1,1,'0000-00-00 00:00:00',NULL,1,0,1,0,1,'0.0000',1,0),(23,44,1,'452.0000','0.0000',1,0,0,1,'1.0000',1,'100.0000',1,1,'0000-00-00 00:00:00',NULL,1,0,1,0,1,'0.0000',1,0),(24,45,1,'120.0000','0.0000',1,0,0,1,'1.0000',1,'100.0000',1,1,'0000-00-00 00:00:00',NULL,1,0,1,0,1,'0.0000',1,0),(25,46,1,'932.0000','0.0000',1,0,0,1,'1.0000',1,'100.0000',1,1,'0000-00-00 00:00:00',NULL,1,0,1,0,1,'0.0000',1,0),(26,47,1,'673.0000','0.0000',1,0,0,1,'1.0000',1,'100.0000',1,1,'0000-00-00 00:00:00',NULL,1,0,1,0,1,'0.0000',1,0),(27,48,1,'872.0000','0.0000',1,0,0,1,'1.0000',1,'100.0000',1,1,'0000-00-00 00:00:00',NULL,1,0,1,0,1,'0.0000',1,0),(28,49,1,'456.0000','0.0000',1,0,0,1,'1.0000',1,'100.0000',1,1,'0000-00-00 00:00:00',NULL,1,0,1,0,1,'0.0000',1,0),(29,51,1,'706.0000','0.0000',1,0,0,1,'1.0000',1,'100.0000',1,1,'0000-00-00 00:00:00',NULL,1,0,1,0,1,'0.0000',1,0),(30,52,1,'724.0000','0.0000',1,0,0,1,'1.0000',1,'100.0000',1,1,'0000-00-00 00:00:00',NULL,1,0,1,0,1,'0.0000',1,0),(31,53,1,'956.0000','0.0000',1,0,0,1,'1.0000',1,'100.0000',1,1,'0000-00-00 00:00:00',NULL,1,0,1,0,1,'0.0000',1,0),(32,54,1,'960.0000','0.0000',1,0,0,1,'1.0000',1,'100.0000',1,1,'0000-00-00 00:00:00',NULL,1,0,1,0,1,'0.0000',1,0),(33,74,1,'999.0000','0.0000',1,0,0,1,'1.0000',1,'100.0000',1,1,'0000-00-00 00:00:00',NULL,1,0,1,0,1,'0.0000',1,0),(34,75,1,'617.0000','0.0000',1,0,0,1,'1.0000',1,'100.0000',1,1,'0000-00-00 00:00:00',NULL,1,0,1,0,1,'0.0000',1,0),(35,79,1,'797.0000','0.0000',1,0,0,1,'1.0000',1,'100.0000',1,1,'0000-00-00 00:00:00',NULL,1,0,1,0,1,'0.0000',1,0),(36,80,1,'856.0000','0.0000',1,0,0,1,'1.0000',1,'100.0000',1,1,'0000-00-00 00:00:00',NULL,1,0,1,0,1,'0.0000',1,0),(37,81,1,'660.0000','0.0000',1,0,0,1,'1.0000',1,'100.0000',1,1,'0000-00-00 00:00:00',NULL,1,0,1,0,1,'0.0000',1,0),(38,82,1,'321.0000','0.0000',1,0,0,1,'1.0000',1,'100.0000',1,1,'0000-00-00 00:00:00',NULL,1,0,1,0,1,'0.0000',1,0),(39,83,1,'986.0000','0.0000',1,0,0,1,'1.0000',1,'100.0000',1,1,'0000-00-00 00:00:00',NULL,1,0,1,0,1,'0.0000',1,0),(40,84,1,'859.0000','0.0000',1,0,0,1,'1.0000',1,'100.0000',1,1,'0000-00-00 00:00:00',NULL,1,0,1,0,1,'0.0000',1,0),(41,85,1,'31.0000','0.0000',1,0,0,1,'1.0000',1,'100.0000',1,1,'0000-00-00 00:00:00',NULL,1,0,1,0,1,'0.0000',1,0),(42,86,1,'303.0000','0.0000',1,0,0,1,'1.0000',1,'100.0000',1,1,'0000-00-00 00:00:00',NULL,1,0,1,0,1,'0.0000',1,0),(43,87,1,'621.0000','0.0000',1,0,0,1,'1.0000',1,'100.0000',1,1,'0000-00-00 00:00:00',NULL,1,0,1,0,1,'0.0000',1,0),(44,88,1,'191.0000','0.0000',1,0,0,1,'1.0000',1,'100.0000',1,1,'0000-00-00 00:00:00',NULL,1,0,1,0,1,'0.0000',1,0),(45,89,1,'948.0000','0.0000',1,0,0,1,'1.0000',1,'100.0000',1,1,'0000-00-00 00:00:00',NULL,1,0,1,0,1,'0.0000',1,0),(46,90,1,'533.0000','0.0000',1,0,0,1,'1.0000',1,'100.0000',1,1,'0000-00-00 00:00:00',NULL,1,0,1,0,1,'0.0000',1,0),(47,91,1,'293.0000','0.0000',1,0,0,1,'1.0000',1,'100.0000',1,1,'0000-00-00 00:00:00',NULL,1,0,1,0,1,'0.0000',1,0),(48,92,1,'563.0000','0.0000',1,0,0,1,'1.0000',1,'100.0000',1,1,'0000-00-00 00:00:00',NULL,1,0,1,0,1,'0.0000',1,0),(49,93,1,'767.0000','0.0000',1,0,0,1,'1.0000',1,'100.0000',1,1,'0000-00-00 00:00:00',NULL,1,0,1,0,1,'0.0000',1,0),(50,94,1,'480.0000','0.0000',1,0,0,1,'1.0000',1,'100.0000',1,1,'0000-00-00 00:00:00',NULL,1,0,1,0,1,'0.0000',1,0),(51,95,1,'95.0000','0.0000',1,0,0,1,'1.0000',1,'100.0000',1,1,'0000-00-00 00:00:00',NULL,1,0,1,0,1,'0.0000',1,0),(52,96,1,'202.0000','0.0000',1,0,0,1,'1.0000',1,'100.0000',1,1,'0000-00-00 00:00:00',NULL,1,0,1,0,1,'0.0000',1,0),(53,97,1,'326.0000','0.0000',1,0,0,1,'1.0000',1,'100.0000',1,1,'0000-00-00 00:00:00',NULL,1,0,1,0,1,'0.0000',1,0),(54,98,1,'114.0000','0.0000',1,0,0,1,'1.0000',1,'100.0000',1,1,'0000-00-00 00:00:00',NULL,1,0,1,0,1,'0.0000',1,0),(55,99,1,'618.0000','0.0000',1,0,0,1,'1.0000',1,'100.0000',1,1,'0000-00-00 00:00:00',NULL,1,0,1,0,1,'0.0000',1,0),(56,100,1,'820.0000','0.0000',1,0,0,1,'1.0000',1,'100.0000',1,1,'0000-00-00 00:00:00',NULL,1,0,1,0,1,'0.0000',1,0),(57,101,1,'966.0000','0.0000',1,0,0,1,'1.0000',1,'100.0000',1,1,'0000-00-00 00:00:00',NULL,1,0,1,0,1,'0.0000',1,0),(58,102,1,'898.0000','0.0000',1,0,0,1,'1.0000',1,'100.0000',1,1,'0000-00-00 00:00:00',NULL,1,0,1,0,1,'0.0000',1,0),(59,103,1,'961.0000','0.0000',1,0,0,1,'1.0000',1,'100.0000',1,1,'0000-00-00 00:00:00',NULL,1,0,1,0,1,'0.0000',1,0),(60,104,1,'641.0000','0.0000',1,0,0,1,'1.0000',1,'100.0000',1,1,'0000-00-00 00:00:00',NULL,1,0,1,0,1,'0.0000',1,0),(61,105,1,'537.0000','0.0000',1,0,0,1,'1.0000',1,'100.0000',1,1,'0000-00-00 00:00:00',NULL,1,0,1,0,1,'0.0000',1,0),(62,106,1,'808.0000','0.0000',1,0,0,1,'1.0000',1,'100.0000',1,1,'0000-00-00 00:00:00',NULL,1,0,1,0,1,'0.0000',1,0),(63,107,1,'718.0000','0.0000',1,0,0,1,'1.0000',1,'100.0000',1,1,'0000-00-00 00:00:00',NULL,1,0,1,0,1,'0.0000',1,0),(64,108,1,'384.0000','0.0000',1,0,0,1,'1.0000',1,'100.0000',1,1,'0000-00-00 00:00:00',NULL,1,0,1,0,1,'0.0000',1,0),(65,109,1,'379.0000','0.0000',1,0,0,1,'1.0000',1,'100.0000',1,1,'0000-00-00 00:00:00',NULL,1,0,1,0,1,'0.0000',1,0),(66,110,1,'312.0000','0.0000',1,0,0,1,'1.0000',1,'100.0000',1,1,'0000-00-00 00:00:00',NULL,1,0,1,0,1,'0.0000',1,0),(67,111,1,'979.0000','0.0000',1,0,0,1,'1.0000',1,'100.0000',1,1,'0000-00-00 00:00:00',NULL,1,0,1,0,1,'0.0000',1,0),(68,112,1,'264.0000','0.0000',1,0,0,1,'1.0000',1,'100.0000',1,1,'0000-00-00 00:00:00',NULL,1,0,1,0,1,'0.0000',1,0),(69,113,1,'336.0000','0.0000',1,0,0,1,'1.0000',1,'100.0000',1,1,'0000-00-00 00:00:00',NULL,1,0,1,0,1,'0.0000',1,0),(70,114,1,'374.0000','0.0000',1,0,0,1,'1.0000',1,'100.0000',1,1,'0000-00-00 00:00:00',NULL,1,0,1,0,1,'0.0000',1,0),(71,115,1,'343.0000','0.0000',1,0,0,1,'1.0000',1,'100.0000',1,1,'0000-00-00 00:00:00',NULL,1,0,1,0,1,'0.0000',1,0),(72,117,1,'998.0000','0.0000',1,0,0,1,'1.0000',1,'100.0000',1,1,'0000-00-00 00:00:00',NULL,1,0,1,0,1,'0.0000',1,0),(73,118,1,'749.0000','0.0000',1,0,0,1,'1.0000',1,'100.0000',1,1,'0000-00-00 00:00:00',NULL,1,0,1,0,1,'0.0000',1,0),(74,119,1,'466.0000','0.0000',1,0,0,1,'1.0000',1,'100.0000',1,1,'0000-00-00 00:00:00',NULL,1,0,1,0,1,'0.0000',1,0),(75,120,1,'896.0000','0.0000',1,0,0,1,'1.0000',1,'100.0000',1,1,'0000-00-00 00:00:00',NULL,1,0,1,0,1,'0.0000',1,0),(76,121,1,'812.0000','0.0000',1,0,0,1,'1.0000',1,'100.0000',1,1,'0000-00-00 00:00:00',NULL,1,0,1,0,1,'0.0000',1,0),(77,122,1,'469.0000','0.0000',1,0,0,1,'1.0000',1,'100.0000',1,1,'0000-00-00 00:00:00',NULL,1,0,1,0,1,'0.0000',1,0),(78,123,1,'555.0000','0.0000',1,0,0,1,'1.0000',1,'100.0000',1,1,'0000-00-00 00:00:00',NULL,1,0,1,0,1,'0.0000',1,0),(79,124,1,'241.0000','0.0000',1,0,0,1,'1.0000',1,'100.0000',1,1,'0000-00-00 00:00:00',NULL,1,0,1,0,1,'0.0000',1,0),(80,125,1,'422.0000','0.0000',1,0,0,1,'1.0000',1,'100.0000',1,1,'0000-00-00 00:00:00',NULL,1,0,1,0,1,'0.0000',1,0),(81,126,1,'832.0000','0.0000',1,0,0,1,'1.0000',1,'100.0000',1,1,'0000-00-00 00:00:00',NULL,1,0,1,0,1,'0.0000',1,0),(82,127,1,'113.0000','0.0000',1,0,0,1,'1.0000',1,'100.0000',1,1,'0000-00-00 00:00:00',NULL,1,0,1,0,1,'0.0000',1,0),(83,128,1,'463.0000','0.0000',1,0,0,1,'1.0000',1,'100.0000',1,1,'0000-00-00 00:00:00',NULL,1,0,1,0,1,'0.0000',1,0),(84,129,1,'45.0000','0.0000',1,0,0,1,'1.0000',1,'100.0000',1,1,'0000-00-00 00:00:00',NULL,1,0,1,0,1,'0.0000',1,0),(85,130,1,'687.0000','0.0000',1,0,0,1,'1.0000',1,'100.0000',1,1,'0000-00-00 00:00:00',NULL,1,0,1,0,1,'0.0000',1,0),(86,131,1,'105.0000','0.0000',1,0,0,1,'1.0000',1,'100.0000',1,1,'0000-00-00 00:00:00',NULL,1,0,1,0,1,'0.0000',1,0),(87,132,1,'162.0000','0.0000',1,0,0,1,'1.0000',1,'100.0000',1,1,'0000-00-00 00:00:00',NULL,1,0,1,0,1,'0.0000',1,0),(88,133,1,'398.0000','0.0000',1,0,0,1,'1.0000',1,'100.0000',1,1,'0000-00-00 00:00:00',NULL,1,0,1,0,1,'0.0000',1,0),(89,134,1,'377.0000','0.0000',1,0,0,1,'1.0000',1,'100.0000',1,1,'0000-00-00 00:00:00',NULL,1,0,1,0,1,'0.0000',1,0),(90,135,1,'998.0000','0.0000',1,0,0,1,'1.0000',1,'100.0000',1,1,'0000-00-00 00:00:00',NULL,1,0,1,0,1,'0.0000',1,0),(91,137,1,'427.0000','0.0000',1,0,0,1,'1.0000',1,'100.0000',1,1,'0000-00-00 00:00:00',NULL,1,0,1,0,1,'0.0000',1,0),(92,138,1,'703.0000','0.0000',1,0,0,1,'1.0000',1,'0.0000',1,1,'0000-00-00 00:00:00',NULL,1,0,1,0,1,'0.0000',1,0),(93,139,1,'743.0000','0.0000',1,0,0,1,'1.0000',1,'0.0000',1,1,'0000-00-00 00:00:00',NULL,1,0,1,0,1,'0.0000',1,0),(94,140,1,'769.0000','0.0000',1,0,0,1,'1.0000',1,'0.0000',1,1,'0000-00-00 00:00:00',NULL,1,0,1,0,1,'0.0000',1,0),(95,141,1,'853.0000','0.0000',1,0,0,1,'1.0000',1,'0.0000',1,1,'0000-00-00 00:00:00',NULL,1,0,1,0,1,'0.0000',1,0),(96,142,1,'678.0000','0.0000',1,0,0,1,'1.0000',1,'0.0000',1,1,'0000-00-00 00:00:00',NULL,1,0,1,0,1,'0.0000',1,0),(97,143,1,'133.0000','0.0000',1,0,0,1,'1.0000',1,'0.0000',1,1,'0000-00-00 00:00:00',NULL,1,0,1,0,1,'0.0000',1,0),(98,144,1,'879.0000','0.0000',1,0,0,1,'1.0000',1,'0.0000',1,1,'0000-00-00 00:00:00',NULL,1,0,1,0,1,'0.0000',1,0),(99,145,1,'539.0000','0.0000',1,0,0,1,'1.0000',1,'0.0000',1,1,'0000-00-00 00:00:00',NULL,1,0,1,0,1,'0.0000',1,0),(100,146,1,'543.0000','0.0000',1,0,0,1,'1.0000',1,'0.0000',1,1,'0000-00-00 00:00:00',NULL,1,0,1,0,1,'0.0000',1,0),(101,147,1,'385.0000','0.0000',1,0,0,1,'1.0000',1,'0.0000',1,1,'0000-00-00 00:00:00',NULL,1,0,1,0,1,'0.0000',1,0),(102,148,1,'303.0000','0.0000',1,0,0,1,'1.0000',1,'0.0000',1,1,'0000-00-00 00:00:00',NULL,1,0,1,0,1,'0.0000',1,0),(103,149,1,'74.0000','0.0000',1,0,0,1,'1.0000',1,'0.0000',1,1,'0000-00-00 00:00:00',NULL,1,0,1,0,1,'0.0000',1,0),(104,150,1,'17.0000','0.0000',1,0,0,1,'1.0000',1,'0.0000',1,1,'0000-00-00 00:00:00',NULL,1,0,1,0,1,'0.0000',1,0),(105,151,1,'846.0000','0.0000',1,0,0,1,'1.0000',1,'0.0000',1,1,'0000-00-00 00:00:00',NULL,1,0,1,0,1,'0.0000',1,0),(106,152,1,'504.0000','0.0000',1,0,0,1,'1.0000',1,'0.0000',1,1,'0000-00-00 00:00:00',NULL,1,0,1,0,1,'0.0000',1,0),(107,153,1,'549.0000','0.0000',1,0,0,1,'1.0000',1,'0.0000',1,1,'0000-00-00 00:00:00',NULL,1,0,1,0,1,'0.0000',1,0),(108,154,1,'313.0000','0.0000',1,0,0,1,'1.0000',1,'0.0000',1,1,'0000-00-00 00:00:00',NULL,1,0,1,0,1,'0.0000',1,0),(109,155,1,'363.0000','0.0000',1,0,0,1,'1.0000',1,'0.0000',1,1,'0000-00-00 00:00:00',NULL,1,0,1,0,1,'0.0000',1,0),(110,156,1,'453.0000','0.0000',1,0,0,1,'1.0000',1,'0.0000',1,1,'0000-00-00 00:00:00',NULL,1,0,1,0,1,'0.0000',1,0),(111,157,1,'563.0000','0.0000',1,0,0,1,'1.0000',1,'0.0000',1,1,'0000-00-00 00:00:00',NULL,1,0,1,0,1,'0.0000',1,0),(112,158,1,'156.0000','0.0000',1,0,0,1,'1.0000',1,'0.0000',1,1,'0000-00-00 00:00:00',NULL,1,0,1,0,1,'0.0000',1,0),(113,159,1,'275.0000','0.0000',1,0,0,1,'1.0000',1,'0.0000',1,1,'0000-00-00 00:00:00',NULL,1,0,1,0,1,'0.0000',1,0),(114,160,1,'618.0000','0.0000',1,0,0,1,'1.0000',1,'0.0000',1,1,'0000-00-00 00:00:00',NULL,1,0,1,0,1,'0.0000',1,0),(115,161,1,'209.0000','0.0000',1,0,0,1,'1.0000',1,'0.0000',1,1,'0000-00-00 00:00:00',NULL,1,0,1,0,1,'0.0000',1,0),(116,162,1,'760.0000','0.0000',1,0,0,1,'1.0000',1,'0.0000',1,1,'0000-00-00 00:00:00',NULL,1,0,1,0,1,'0.0000',1,0),(117,163,1,'426.0000','0.0000',1,0,0,1,'1.0000',1,'0.0000',1,1,'0000-00-00 00:00:00',NULL,1,0,1,0,1,'0.0000',1,0),(118,164,1,'968.0000','0.0000',1,0,0,1,'1.0000',1,'0.0000',1,1,'0000-00-00 00:00:00',NULL,1,0,1,0,1,'0.0000',1,0),(119,165,1,'79.0000','0.0000',1,0,0,1,'1.0000',1,'0.0000',1,1,'0000-00-00 00:00:00',NULL,1,0,1,0,1,'0.0000',1,0),(120,166,1,'849.0000','0.0000',1,0,0,1,'1.0000',1,'0.0000',1,1,'0000-00-00 00:00:00',NULL,1,0,1,0,1,'0.0000',1,0);


/*Table structure for table `cataloginventory_stock_status` */


CREATE TABLE `cataloginventory_stock_status` (
  `product_id` int(10) unsigned NOT NULL COMMENT 'Product Id',
  `website_id` smallint(5) unsigned NOT NULL COMMENT 'Website Id',
  `stock_id` smallint(5) unsigned NOT NULL COMMENT 'Stock Id',
  `qty` decimal(12,4) NOT NULL DEFAULT '0.0000' COMMENT 'Qty',
  `stock_status` smallint(5) unsigned NOT NULL COMMENT 'Stock Status',
  PRIMARY KEY (`product_id`,`website_id`,`stock_id`),
  KEY `IDX_CATALOGINVENTORY_STOCK_STATUS_STOCK_ID` (`stock_id`),
  KEY `IDX_CATALOGINVENTORY_STOCK_STATUS_WEBSITE_ID` (`website_id`),
  CONSTRAINT `FK_CATINV_STOCK_STS_WS_ID_CORE_WS_WS_ID` FOREIGN KEY (`website_id`) REFERENCES `core_website` (`website_id`) ON DELETE CASCADE ON UPDATE CASCADE,
  CONSTRAINT `FK_CATINV_STOCK_STS_PRD_ID_CAT_PRD_ENTT_ENTT_ID` FOREIGN KEY (`product_id`) REFERENCES `catalog_product_entity` (`entity_id`) ON DELETE CASCADE ON UPDATE CASCADE,
  CONSTRAINT `FK_CATINV_STOCK_STS_STOCK_ID_CATINV_STOCK_STOCK_ID` FOREIGN KEY (`stock_id`) REFERENCES `cataloginventory_stock` (`stock_id`) ON DELETE CASCADE ON UPDATE CASCADE
) ENGINE=InnoDB DEFAULT CHARSET=utf8 COMMENT='Cataloginventory Stock Status';

/*Data for the table `cataloginventory_stock_status` */


insert  into `cataloginventory_stock_status`(`product_id`,`website_id`,`stock_id`,`qty`,`stock_status`) values (16,1,1,'996.0000',1),(17,1,1,'797.0000',1),(18,1,1,'989.0000',1),(19,1,1,'328.0000',1),(20,1,1,'361.0000',1),(25,1,1,'143.0000',1),(26,1,1,'11.0000',1),(27,1,1,'595.0000',1),(28,1,1,'681.0000',1),(29,1,1,'16.0000',1),(30,1,1,'719.0000',1),(31,1,1,'441.0000',1),(32,1,1,'805.0000',1),(33,1,1,'386.0000',1),(34,1,1,'718.0000',1),(35,1,1,'580.0000',1),(36,1,1,'79.0000',0),(37,1,1,'722.0000',1),(38,1,1,'99.0000',1),(39,1,1,'234.0000',1),(41,1,1,'339.0000',1),(42,1,1,'994.0000',1),(44,1,1,'452.0000',1),(45,1,1,'120.0000',1),(46,1,1,'932.0000',1),(47,1,1,'673.0000',1),(48,1,1,'872.0000',1),(49,1,1,'456.0000',1),(51,1,1,'706.0000',1),(52,1,1,'724.0000',1),(53,1,1,'956.0000',1),(54,1,1,'0.0000',1),(74,1,1,'999.0000',1),(75,1,1,'617.0000',1),(79,1,1,'797.0000',1),(80,1,1,'856.0000',1),(81,1,1,'660.0000',1),(82,1,1,'321.0000',1),(83,1,1,'0.0000',1),(84,1,1,'859.0000',1),(85,1,1,'31.0000',1),(86,1,1,'303.0000',1),(87,1,1,'621.0000',1),(88,1,1,'191.0000',1),(89,1,1,'948.0000',1),(90,1,1,'533.0000',1),(91,1,1,'293.0000',1),(92,1,1,'563.0000',1),(93,1,1,'0.0000',1),(94,1,1,'480.0000',1),(95,1,1,'95.0000',1),(96,1,1,'202.0000',1),(97,1,1,'326.0000',1),(98,1,1,'0.0000',1),(99,1,1,'618.0000',1),(100,1,1,'820.0000',1),(101,1,1,'966.0000',1),(102,1,1,'898.0000',1),(103,1,1,'0.0000',1),(104,1,1,'641.0000',1),(105,1,1,'537.0000',1),(106,1,1,'808.0000',1),(107,1,1,'718.0000',1),(108,1,1,'0.0000',1),(109,1,1,'379.0000',1),(110,1,1,'312.0000',1),(111,1,1,'979.0000',1),(112,1,1,'0.0000',1),(113,1,1,'336.0000',1),(114,1,1,'374.0000',1),(115,1,1,'343.0000',1),(117,1,1,'998.0000',1),(118,1,1,'749.0000',1),(119,1,1,'0.0000',1),(120,1,1,'0.0000',1),(121,1,1,'812.0000',1),(122,1,1,'469.0000',1),(123,1,1,'0.0000',1),(124,1,1,'241.0000',1),(125,1,1,'422.0000',1),(126,1,1,'0.0000',1),(127,1,1,'113.0000',1),(128,1,1,'463.0000',1),(129,1,1,'45.0000',1),(130,1,1,'687.0000',1),(131,1,1,'105.0000',1),(132,1,1,'162.0000',1),(133,1,1,'398.0000',1),(134,1,1,'377.0000',1),(135,1,1,'0.0000',1),(138,1,1,'703.0000',1),(139,1,1,'743.0000',1),(140,1,1,'769.0000',1),(141,1,1,'853.0000',1),(142,1,1,'678.0000',1),(143,1,1,'133.0000',1),(144,1,1,'879.0000',1),(145,1,1,'539.0000',1),(146,1,1,'543.0000',1),(147,1,1,'385.0000',1),(148,1,1,'303.0000',1),(149,1,1,'74.0000',1),(150,1,1,'17.0000',1),(151,1,1,'846.0000',1),(152,1,1,'504.0000',1),(153,1,1,'549.0000',1),(154,1,1,'313.0000',1),(155,1,1,'363.0000',1),(156,1,1,'453.0000',1),(157,1,1,'563.0000',1),(158,1,1,'0.0000',1),(159,1,1,'275.0000',1),(160,1,1,'618.0000',1),(161,1,1,'209.0000',1),(162,1,1,'760.0000',1),(163,1,1,'0.0000',1),(164,1,1,'0.0000',1),(165,1,1,'0.0000',1),(166,1,1,'849.0000',1);


/*Table structure for table `cataloginventory_stock_status_idx` */


CREATE TABLE `cataloginventory_stock_status_idx` (
  `product_id` int(10) unsigned NOT NULL COMMENT 'Product Id',
  `website_id` smallint(5) unsigned NOT NULL COMMENT 'Website Id',
  `stock_id` smallint(5) unsigned NOT NULL COMMENT 'Stock Id',
  `qty` decimal(12,4) NOT NULL DEFAULT '0.0000' COMMENT 'Qty',
  `stock_status` smallint(5) unsigned NOT NULL COMMENT 'Stock Status',
  PRIMARY KEY (`product_id`,`website_id`,`stock_id`),
  KEY `IDX_CATALOGINVENTORY_STOCK_STATUS_IDX_STOCK_ID` (`stock_id`),
  KEY `IDX_CATALOGINVENTORY_STOCK_STATUS_IDX_WEBSITE_ID` (`website_id`)
) ENGINE=InnoDB DEFAULT CHARSET=utf8 COMMENT='Cataloginventory Stock Status Indexer Idx';

/*Data for the table `cataloginventory_stock_status_idx` */


insert  into `cataloginventory_stock_status_idx`(`product_id`,`website_id`,`stock_id`,`qty`,`stock_status`) values (16,1,1,'996.0000',1),(17,1,1,'797.0000',1),(18,1,1,'989.0000',1),(19,1,1,'328.0000',1),(20,1,1,'361.0000',1),(25,1,1,'143.0000',1),(26,1,1,'11.0000',1),(27,1,1,'595.0000',1),(28,1,1,'681.0000',1),(29,1,1,'16.0000',1),(30,1,1,'719.0000',1),(31,1,1,'441.0000',1),(32,1,1,'805.0000',1),(33,1,1,'386.0000',1),(34,1,1,'718.0000',1),(35,1,1,'580.0000',1),(36,1,1,'79.0000',0),(37,1,1,'722.0000',1),(38,1,1,'99.0000',1),(39,1,1,'234.0000',1),(41,1,1,'339.0000',1),(42,1,1,'994.0000',1),(44,1,1,'452.0000',1),(45,1,1,'120.0000',1),(46,1,1,'932.0000',1),(47,1,1,'673.0000',1),(48,1,1,'872.0000',1),(49,1,1,'456.0000',1),(51,1,1,'706.0000',1),(52,1,1,'724.0000',1),(53,1,1,'956.0000',1),(54,1,1,'0.0000',1),(74,1,1,'999.0000',1),(75,1,1,'617.0000',1),(79,1,1,'797.0000',1),(80,1,1,'856.0000',1),(81,1,1,'660.0000',1),(82,1,1,'321.0000',1),(83,1,1,'0.0000',1),(84,1,1,'859.0000',1),(85,1,1,'31.0000',1),(86,1,1,'303.0000',1),(87,1,1,'621.0000',1),(88,1,1,'191.0000',1),(89,1,1,'948.0000',1),(90,1,1,'533.0000',1),(91,1,1,'293.0000',1),(92,1,1,'563.0000',1),(93,1,1,'0.0000',1),(94,1,1,'480.0000',1),(95,1,1,'95.0000',1),(96,1,1,'202.0000',1),(97,1,1,'326.0000',1),(98,1,1,'0.0000',1),(99,1,1,'618.0000',1),(100,1,1,'820.0000',1),(101,1,1,'966.0000',1),(102,1,1,'898.0000',1),(103,1,1,'0.0000',1),(104,1,1,'641.0000',1),(105,1,1,'537.0000',1),(106,1,1,'808.0000',1),(107,1,1,'718.0000',1),(108,1,1,'0.0000',1),(109,1,1,'379.0000',1),(110,1,1,'312.0000',1),(111,1,1,'979.0000',1),(112,1,1,'0.0000',1),(113,1,1,'336.0000',1),(114,1,1,'374.0000',1),(115,1,1,'343.0000',1),(117,1,1,'998.0000',1),(118,1,1,'749.0000',1),(119,1,1,'0.0000',1),(120,1,1,'0.0000',1),(121,1,1,'812.0000',1),(122,1,1,'469.0000',1),(123,1,1,'0.0000',1),(124,1,1,'241.0000',1),(125,1,1,'422.0000',1),(126,1,1,'0.0000',1),(127,1,1,'113.0000',1),(128,1,1,'463.0000',1),(129,1,1,'45.0000',1),(130,1,1,'687.0000',1),(131,1,1,'105.0000',1),(132,1,1,'162.0000',1),(133,1,1,'398.0000',1),(134,1,1,'377.0000',1),(135,1,1,'0.0000',1),(138,1,1,'703.0000',1),(139,1,1,'743.0000',1),(140,1,1,'769.0000',1),(141,1,1,'853.0000',1),(142,1,1,'678.0000',1),(143,1,1,'133.0000',1),(144,1,1,'879.0000',1),(145,1,1,'539.0000',1),(146,1,1,'543.0000',1),(147,1,1,'385.0000',1),(148,1,1,'303.0000',1),(149,1,1,'74.0000',1),(150,1,1,'17.0000',1),(151,1,1,'846.0000',1),(152,1,1,'504.0000',1),(153,1,1,'549.0000',1),(154,1,1,'313.0000',1),(155,1,1,'363.0000',1),(156,1,1,'453.0000',1),(157,1,1,'563.0000',1),(158,1,1,'0.0000',1),(159,1,1,'275.0000',1),(160,1,1,'618.0000',1),(161,1,1,'209.0000',1),(162,1,1,'760.0000',1),(163,1,1,'0.0000',1),(164,1,1,'0.0000',1),(165,1,1,'0.0000',1),(166,1,1,'849.0000',1);


/*Table structure for table `cataloginventory_stock_status_tmp` */


CREATE TABLE `cataloginventory_stock_status_tmp` (
  `product_id` int(10) unsigned NOT NULL COMMENT 'Product Id',
  `website_id` smallint(5) unsigned NOT NULL COMMENT 'Website Id',
  `stock_id` smallint(5) unsigned NOT NULL COMMENT 'Stock Id',
  `qty` decimal(12,4) NOT NULL DEFAULT '0.0000' COMMENT 'Qty',
  `stock_status` smallint(5) unsigned NOT NULL COMMENT 'Stock Status',
  PRIMARY KEY (`product_id`,`website_id`,`stock_id`),
  KEY `IDX_CATALOGINVENTORY_STOCK_STATUS_TMP_STOCK_ID` (`stock_id`),
  KEY `IDX_CATALOGINVENTORY_STOCK_STATUS_TMP_WEBSITE_ID` (`website_id`)
) ENGINE=InnoDB DEFAULT CHARSET=utf8 COMMENT='Cataloginventory Stock Status Indexer Tmp';

/*Data for the table `cataloginventory_stock_status_tmp` */



/*Table structure for table `catalogrule` */


CREATE TABLE `catalogrule` (
  `rule_id` int(10) unsigned NOT NULL AUTO_INCREMENT COMMENT 'Rule Id',
  `name` varchar(255) DEFAULT NULL COMMENT 'Name',
  `description` text COMMENT 'Description',
  `from_date` date DEFAULT NULL COMMENT 'From Date',
  `to_date` date DEFAULT NULL COMMENT 'To Date',
  `customer_group_ids` text COMMENT 'Customer Group Ids',
  `is_active` smallint(6) NOT NULL DEFAULT '0' COMMENT 'Is Active',
  `conditions_serialized` mediumtext COMMENT 'Conditions Serialized',
  `actions_serialized` mediumtext COMMENT 'Actions Serialized',
  `stop_rules_processing` smallint(6) NOT NULL DEFAULT '1' COMMENT 'Stop Rules Processing',
  `sort_order` int(10) unsigned NOT NULL DEFAULT '0' COMMENT 'Sort Order',
  `simple_action` varchar(32) DEFAULT NULL COMMENT 'Simple Action',
  `discount_amount` decimal(12,4) NOT NULL DEFAULT '0.0000' COMMENT 'Discount Amount',
  `website_ids` text COMMENT 'Website Ids',
  `sub_is_enable` smallint(5) unsigned NOT NULL DEFAULT '0' COMMENT 'Is Rule Enable For Subitems',
  `sub_simple_action` varchar(32) DEFAULT NULL COMMENT 'Simple Action For Subitems',
  `sub_discount_amount` decimal(12,4) NOT NULL DEFAULT '0.0000' COMMENT 'Discount Amount For Subitems',
  PRIMARY KEY (`rule_id`),
  KEY `IDX_CATALOGRULE_IS_ACTIVE_SORT_ORDER_TO_DATE_FROM_DATE` (`is_active`,`sort_order`,`to_date`,`from_date`)
) ENGINE=InnoDB AUTO_INCREMENT=8 DEFAULT CHARSET=utf8 COMMENT='CatalogRule';

/*Data for the table `catalogrule` */


insert  into `catalogrule`(`rule_id`,`name`,`description`,`from_date`,`to_date`,`customer_group_ids`,`is_active`,`conditions_serialized`,`actions_serialized`,`stop_rules_processing`,`sort_order`,`simple_action`,`discount_amount`,`website_ids`,`sub_is_enable`,`sub_simple_action`,`sub_discount_amount`) values (1,'Sony Sale','20% discount on all Sony products.','2008-08-25','2009-01-31','0,1,2,3',1,'a:7:{s:4:\"type\";s:34:\"catalogrule/rule_condition_combine\";s:9:\"attribute\";N;s:8:\"operator\";N;s:5:\"value\";s:1:\"1\";s:18:\"is_value_processed\";N;s:10:\"aggregator\";s:3:\"all\";s:10:\"conditions\";a:2:{i:0;a:5:{s:4:\"type\";s:34:\"catalogrule/rule_condition_product\";s:9:\"attribute\";s:12:\"manufacturer\";s:8:\"operator\";s:2:\"==\";s:5:\"value\";s:0:\"\";s:18:\"is_value_processed\";b:0;}i:1;a:5:{s:4:\"type\";s:34:\"catalogrule/rule_condition_product\";s:9:\"attribute\";s:5:\"price\";s:8:\"operator\";s:2:\"<=\";s:5:\"value\";d:100;s:18:\"is_value_processed\";b:0;}}}','a:4:{s:4:\"type\";s:34:\"catalogrule/rule_action_collection\";s:9:\"attribute\";N;s:8:\"operator\";s:1:\"=\";s:5:\"value\";N;}',1,0,'by_percent','0.0000','1',0,NULL,'0.0000'),(3,'CODEDEMOSTORE','10% off all Toshiba laptops','2008-08-06','2009-08-23','0,1,2,4',1,'a:7:{s:4:\"type\";s:34:\"catalogrule/rule_condition_combine\";s:9:\"attribute\";N;s:8:\"operator\";N;s:5:\"value\";s:1:\"1\";s:18:\"is_value_processed\";N;s:10:\"aggregator\";s:3:\"all\";s:10:\"conditions\";a:1:{i:0;a:5:{s:4:\"type\";s:34:\"catalogrule/rule_condition_product\";s:9:\"attribute\";s:12:\"manufacturer\";s:8:\"operator\";s:2:\"==\";s:5:\"value\";s:0:\"\";s:18:\"is_value_processed\";b:0;}}}','a:4:{s:4:\"type\";s:34:\"catalogrule/rule_action_collection\";s:9:\"attribute\";N;s:8:\"operator\";s:1:\"=\";s:5:\"value\";N;}',0,0,'by_percent','0.0000','1',0,NULL,'0.0000'),(4,'Anashria 20 percent Off','','2008-08-27','2009-08-28','0,1,2,4',1,'a:7:{s:4:\"type\";s:34:\"catalogrule/rule_condition_combine\";s:9:\"attribute\";N;s:8:\"operator\";N;s:5:\"value\";s:1:\"1\";s:18:\"is_value_processed\";N;s:10:\"aggregator\";s:3:\"all\";s:10:\"conditions\";a:1:{i:0;a:5:{s:4:\"type\";s:34:\"catalogrule/rule_condition_product\";s:9:\"attribute\";s:3:\"sku\";s:8:\"operator\";s:2:\"==\";s:5:\"value\";s:3:\"ana\";s:18:\"is_value_processed\";b:0;}}}','a:4:{s:4:\"type\";s:34:\"catalogrule/rule_action_collection\";s:9:\"attribute\";N;s:8:\"operator\";s:1:\"=\";s:5:\"value\";N;}',1,0,'by_percent','0.0000','1',0,NULL,'0.0000'),(5,'20 percent off selected Furniture','','2008-08-24','2009-09-28','0,1,2,4',1,'a:7:{s:4:\"type\";s:34:\"catalogrule/rule_condition_combine\";s:9:\"attribute\";N;s:8:\"operator\";N;s:5:\"value\";s:1:\"1\";s:18:\"is_value_processed\";N;s:10:\"aggregator\";s:3:\"any\";s:10:\"conditions\";a:3:{i:0;a:5:{s:4:\"type\";s:34:\"catalogrule/rule_condition_product\";s:9:\"attribute\";s:3:\"sku\";s:8:\"operator\";s:2:\"==\";s:5:\"value\";s:6:\"384822\";s:18:\"is_value_processed\";b:0;}i:1;a:5:{s:4:\"type\";s:34:\"catalogrule/rule_condition_product\";s:9:\"attribute\";s:3:\"sku\";s:8:\"operator\";s:2:\"==\";s:5:\"value\";s:6:\"349838\";s:18:\"is_value_processed\";b:0;}i:2;a:5:{s:4:\"type\";s:34:\"catalogrule/rule_condition_product\";s:9:\"attribute\";s:3:\"sku\";s:8:\"operator\";s:2:\"==\";s:5:\"value\";s:4:\"1112\";s:18:\"is_value_processed\";b:0;}}}','a:4:{s:4:\"type\";s:34:\"catalogrule/rule_action_collection\";s:9:\"attribute\";N;s:8:\"operator\";s:1:\"=\";s:5:\"value\";N;}',1,0,'by_percent','0.0000','1',0,NULL,'0.0000'),(6,'20 percent off T shirts','','2008-08-28','2009-10-30','0,1,2',1,'a:7:{s:4:\"type\";s:34:\"catalogrule/rule_condition_combine\";s:9:\"attribute\";N;s:8:\"operator\";N;s:5:\"value\";s:1:\"1\";s:18:\"is_value_processed\";N;s:10:\"aggregator\";s:3:\"all\";s:10:\"conditions\";a:1:{i:0;a:5:{s:4:\"type\";s:34:\"catalogrule/rule_condition_product\";s:9:\"attribute\";s:16:\"attribute_set_id\";s:8:\"operator\";s:2:\"==\";s:5:\"value\";s:2:\"41\";s:18:\"is_value_processed\";b:0;}}}','a:4:{s:4:\"type\";s:34:\"catalogrule/rule_action_collection\";s:9:\"attribute\";N;s:8:\"operator\";s:1:\"=\";s:5:\"value\";N;}',0,0,'by_percent','0.0000','1',0,NULL,'0.0000'),(7,'Christmas Rule','','2008-12-21','2009-01-24','0,1,2,3,4',0,'a:6:{s:4:\"type\";s:34:\"catalogrule/rule_condition_combine\";s:9:\"attribute\";N;s:8:\"operator\";N;s:5:\"value\";s:1:\"1\";s:18:\"is_value_processed\";N;s:10:\"aggregator\";s:3:\"all\";}','a:4:{s:4:\"type\";s:34:\"catalogrule/rule_action_collection\";s:9:\"attribute\";N;s:8:\"operator\";s:1:\"=\";s:5:\"value\";N;}',0,0,'by_percent','10.0000','1',0,NULL,'0.0000');


/*Table structure for table `catalogrule_affected_product` */


CREATE TABLE `catalogrule_affected_product` (
  `product_id` int(10) unsigned NOT NULL COMMENT 'Product Id',
  PRIMARY KEY (`product_id`)
) ENGINE=InnoDB DEFAULT CHARSET=utf8 COMMENT='CatalogRule Affected Product';

/*Data for the table `catalogrule_affected_product` */



/*Table structure for table `catalogrule_group_website` */


CREATE TABLE `catalogrule_group_website` (
  `rule_id` int(10) unsigned NOT NULL DEFAULT '0' COMMENT 'Rule Id',
  `customer_group_id` smallint(5) unsigned NOT NULL DEFAULT '0' COMMENT 'Customer Group Id',
  `website_id` smallint(5) unsigned NOT NULL DEFAULT '0' COMMENT 'Website Id',
  PRIMARY KEY (`rule_id`,`customer_group_id`,`website_id`),
  KEY `IDX_CATALOGRULE_GROUP_WEBSITE_RULE_ID` (`rule_id`),
  KEY `IDX_CATALOGRULE_GROUP_WEBSITE_CUSTOMER_GROUP_ID` (`customer_group_id`),
  KEY `IDX_CATALOGRULE_GROUP_WEBSITE_WEBSITE_ID` (`website_id`),
  CONSTRAINT `FK_CATALOGRULE_GROUP_WEBSITE_WEBSITE_ID_CORE_WEBSITE_WEBSITE_ID` FOREIGN KEY (`website_id`) REFERENCES `core_website` (`website_id`) ON DELETE CASCADE ON UPDATE CASCADE,
  CONSTRAINT `FK_CATALOGRULE_GROUP_WEBSITE_RULE_ID_CATALOGRULE_RULE_ID` FOREIGN KEY (`rule_id`) REFERENCES `catalogrule` (`rule_id`) ON DELETE CASCADE ON UPDATE CASCADE,
  CONSTRAINT `FK_CATRULE_GROUP_WS_CSTR_GROUP_ID_CSTR_GROUP_CSTR_GROUP_ID` FOREIGN KEY (`customer_group_id`) REFERENCES `customer_group` (`customer_group_id`) ON DELETE CASCADE ON UPDATE CASCADE
) ENGINE=InnoDB DEFAULT CHARSET=utf8 COLLATE=utf8_bin COMMENT='CatalogRule Group Website';

/*Data for the table `catalogrule_group_website` */



/*Table structure for table `catalogrule_product` */


CREATE TABLE `catalogrule_product` (
  `rule_product_id` int(10) unsigned NOT NULL AUTO_INCREMENT COMMENT 'Rule Product Id',
  `rule_id` int(10) unsigned NOT NULL DEFAULT '0' COMMENT 'Rule Id',
  `from_time` int(10) unsigned NOT NULL DEFAULT '0' COMMENT 'From Time',
  `to_time` int(10) unsigned NOT NULL DEFAULT '0' COMMENT 'To time',
  `customer_group_id` smallint(5) unsigned NOT NULL DEFAULT '0' COMMENT 'Customer Group Id',
  `product_id` int(10) unsigned NOT NULL DEFAULT '0' COMMENT 'Product Id',
  `action_operator` varchar(10) DEFAULT 'to_fixed' COMMENT 'Action Operator',
  `action_amount` decimal(12,4) NOT NULL DEFAULT '0.0000' COMMENT 'Action Amount',
  `action_stop` smallint(6) NOT NULL DEFAULT '0' COMMENT 'Action Stop',
  `sort_order` int(10) unsigned NOT NULL DEFAULT '0' COMMENT 'Sort Order',
  `website_id` smallint(5) unsigned NOT NULL COMMENT 'Website Id',
  PRIMARY KEY (`rule_product_id`),
  UNIQUE KEY `EAA51B56FF092A0DCB795D1CEF812B7B` (`rule_id`,`from_time`,`to_time`,`website_id`,`customer_group_id`,`product_id`,`sort_order`),
  KEY `IDX_CATALOGRULE_PRODUCT_RULE_ID` (`rule_id`),
  KEY `IDX_CATALOGRULE_PRODUCT_CUSTOMER_GROUP_ID` (`customer_group_id`),
  KEY `IDX_CATALOGRULE_PRODUCT_WEBSITE_ID` (`website_id`),
  KEY `IDX_CATALOGRULE_PRODUCT_FROM_TIME` (`from_time`),
  KEY `IDX_CATALOGRULE_PRODUCT_TO_TIME` (`to_time`),
  KEY `IDX_CATALOGRULE_PRODUCT_PRODUCT_ID` (`product_id`),
  CONSTRAINT `FK_CATALOGRULE_PRODUCT_WEBSITE_ID_CORE_WEBSITE_WEBSITE_ID` FOREIGN KEY (`website_id`) REFERENCES `core_website` (`website_id`) ON DELETE CASCADE ON UPDATE CASCADE,
  CONSTRAINT `FK_CATALOGRULE_PRODUCT_RULE_ID_CATALOGRULE_RULE_ID` FOREIGN KEY (`rule_id`) REFERENCES `catalogrule` (`rule_id`) ON DELETE CASCADE ON UPDATE CASCADE,
  CONSTRAINT `FK_CATRULE_PRD_CSTR_GROUP_ID_CSTR_GROUP_CSTR_GROUP_ID` FOREIGN KEY (`customer_group_id`) REFERENCES `customer_group` (`customer_group_id`) ON DELETE CASCADE ON UPDATE CASCADE,
  CONSTRAINT `FK_CATRULE_PRD_PRD_ID_CAT_PRD_ENTT_ENTT_ID` FOREIGN KEY (`product_id`) REFERENCES `catalog_product_entity` (`entity_id`) ON DELETE CASCADE ON UPDATE CASCADE
) ENGINE=InnoDB AUTO_INCREMENT=708 DEFAULT CHARSET=utf8 COMMENT='CatalogRule Product';

/*Data for the table `catalogrule_product` */


insert  into `catalogrule_product`(`rule_product_id`,`rule_id`,`from_time`,`to_time`,`customer_group_id`,`product_id`,`action_operator`,`action_amount`,`action_stop`,`sort_order`,`website_id`) values (1,1,1219622400,1233446399,0,29,'by_percent','0.0000',1,0,1),(2,1,1219622400,1233446399,1,29,'by_percent','0.0000',1,0,1),(3,1,1219622400,1233446399,2,29,'by_percent','0.0000',1,0,1),(4,1,1219622400,1233446399,3,29,'by_percent','0.0000',1,0,1),(5,1,1219622400,1233446399,0,31,'by_percent','0.0000',1,0,1),(6,1,1219622400,1233446399,1,31,'by_percent','0.0000',1,0,1),(7,1,1219622400,1233446399,2,31,'by_percent','0.0000',1,0,1),(8,1,1219622400,1233446399,3,31,'by_percent','0.0000',1,0,1),(9,1,1219622400,1233446399,0,32,'by_percent','0.0000',1,0,1),(10,1,1219622400,1233446399,1,32,'by_percent','0.0000',1,0,1),(11,1,1219622400,1233446399,2,32,'by_percent','0.0000',1,0,1),(12,1,1219622400,1233446399,3,32,'by_percent','0.0000',1,0,1),(13,1,1219622400,1233446399,0,35,'by_percent','0.0000',1,0,1),(14,1,1219622400,1233446399,1,35,'by_percent','0.0000',1,0,1),(15,1,1219622400,1233446399,2,35,'by_percent','0.0000',1,0,1),(16,1,1219622400,1233446399,3,35,'by_percent','0.0000',1,0,1),(17,1,1219622400,1233446399,0,36,'by_percent','0.0000',1,0,1),(18,1,1219622400,1233446399,1,36,'by_percent','0.0000',1,0,1),(19,1,1219622400,1233446399,2,36,'by_percent','0.0000',1,0,1),(20,1,1219622400,1233446399,3,36,'by_percent','0.0000',1,0,1),(21,1,1219622400,1233446399,0,37,'by_percent','0.0000',1,0,1),(22,1,1219622400,1233446399,1,37,'by_percent','0.0000',1,0,1),(23,1,1219622400,1233446399,2,37,'by_percent','0.0000',1,0,1),(24,1,1219622400,1233446399,3,37,'by_percent','0.0000',1,0,1),(25,1,1219622400,1233446399,0,38,'by_percent','0.0000',1,0,1),(26,1,1219622400,1233446399,1,38,'by_percent','0.0000',1,0,1),(27,1,1219622400,1233446399,2,38,'by_percent','0.0000',1,0,1),(28,1,1219622400,1233446399,3,38,'by_percent','0.0000',1,0,1),(29,1,1219622400,1233446399,0,39,'by_percent','0.0000',1,0,1),(30,1,1219622400,1233446399,1,39,'by_percent','0.0000',1,0,1),(31,1,1219622400,1233446399,2,39,'by_percent','0.0000',1,0,1),(32,1,1219622400,1233446399,3,39,'by_percent','0.0000',1,0,1),(33,1,1219622400,1233446399,0,45,'by_percent','0.0000',1,0,1),(34,1,1219622400,1233446399,1,45,'by_percent','0.0000',1,0,1),(35,1,1219622400,1233446399,2,45,'by_percent','0.0000',1,0,1),(36,1,1219622400,1233446399,3,45,'by_percent','0.0000',1,0,1),(37,1,1219622400,1233446399,0,49,'by_percent','0.0000',1,0,1),(38,1,1219622400,1233446399,1,49,'by_percent','0.0000',1,0,1),(39,1,1219622400,1233446399,2,49,'by_percent','0.0000',1,0,1),(40,1,1219622400,1233446399,3,49,'by_percent','0.0000',1,0,1),(41,1,1219622400,1233446399,0,74,'by_percent','0.0000',1,0,1),(42,1,1219622400,1233446399,1,74,'by_percent','0.0000',1,0,1),(43,1,1219622400,1233446399,2,74,'by_percent','0.0000',1,0,1),(44,1,1219622400,1233446399,3,74,'by_percent','0.0000',1,0,1),(45,1,1219622400,1233446399,0,75,'by_percent','0.0000',1,0,1),(46,1,1219622400,1233446399,1,75,'by_percent','0.0000',1,0,1),(47,1,1219622400,1233446399,2,75,'by_percent','0.0000',1,0,1),(48,1,1219622400,1233446399,3,75,'by_percent','0.0000',1,0,1),(49,1,1219622400,1233446399,0,79,'by_percent','0.0000',1,0,1),(50,1,1219622400,1233446399,1,79,'by_percent','0.0000',1,0,1),(51,1,1219622400,1233446399,2,79,'by_percent','0.0000',1,0,1),(52,1,1219622400,1233446399,3,79,'by_percent','0.0000',1,0,1),(53,1,1219622400,1233446399,0,80,'by_percent','0.0000',1,0,1),(54,1,1219622400,1233446399,1,80,'by_percent','0.0000',1,0,1),(55,1,1219622400,1233446399,2,80,'by_percent','0.0000',1,0,1),(56,1,1219622400,1233446399,3,80,'by_percent','0.0000',1,0,1),(57,1,1219622400,1233446399,0,81,'by_percent','0.0000',1,0,1),(58,1,1219622400,1233446399,1,81,'by_percent','0.0000',1,0,1),(59,1,1219622400,1233446399,2,81,'by_percent','0.0000',1,0,1),(60,1,1219622400,1233446399,3,81,'by_percent','0.0000',1,0,1),(61,1,1219622400,1233446399,0,82,'by_percent','0.0000',1,0,1),(62,1,1219622400,1233446399,1,82,'by_percent','0.0000',1,0,1),(63,1,1219622400,1233446399,2,82,'by_percent','0.0000',1,0,1),(64,1,1219622400,1233446399,3,82,'by_percent','0.0000',1,0,1),(65,1,1219622400,1233446399,0,83,'by_percent','0.0000',1,0,1),(66,1,1219622400,1233446399,1,83,'by_percent','0.0000',1,0,1),(67,1,1219622400,1233446399,2,83,'by_percent','0.0000',1,0,1),(68,1,1219622400,1233446399,3,83,'by_percent','0.0000',1,0,1),(69,1,1219622400,1233446399,0,84,'by_percent','0.0000',1,0,1),(70,1,1219622400,1233446399,1,84,'by_percent','0.0000',1,0,1),(71,1,1219622400,1233446399,2,84,'by_percent','0.0000',1,0,1),(72,1,1219622400,1233446399,3,84,'by_percent','0.0000',1,0,1),(73,1,1219622400,1233446399,0,85,'by_percent','0.0000',1,0,1),(74,1,1219622400,1233446399,1,85,'by_percent','0.0000',1,0,1),(75,1,1219622400,1233446399,2,85,'by_percent','0.0000',1,0,1),(76,1,1219622400,1233446399,3,85,'by_percent','0.0000',1,0,1),(77,1,1219622400,1233446399,0,86,'by_percent','0.0000',1,0,1),(78,1,1219622400,1233446399,1,86,'by_percent','0.0000',1,0,1),(79,1,1219622400,1233446399,2,86,'by_percent','0.0000',1,0,1),(80,1,1219622400,1233446399,3,86,'by_percent','0.0000',1,0,1),(81,1,1219622400,1233446399,0,87,'by_percent','0.0000',1,0,1),(82,1,1219622400,1233446399,1,87,'by_percent','0.0000',1,0,1),(83,1,1219622400,1233446399,2,87,'by_percent','0.0000',1,0,1),(84,1,1219622400,1233446399,3,87,'by_percent','0.0000',1,0,1),(85,1,1219622400,1233446399,0,88,'by_percent','0.0000',1,0,1),(86,1,1219622400,1233446399,1,88,'by_percent','0.0000',1,0,1),(87,1,1219622400,1233446399,2,88,'by_percent','0.0000',1,0,1),(88,1,1219622400,1233446399,3,88,'by_percent','0.0000',1,0,1),(89,1,1219622400,1233446399,0,89,'by_percent','0.0000',1,0,1),(90,1,1219622400,1233446399,1,89,'by_percent','0.0000',1,0,1),(91,1,1219622400,1233446399,2,89,'by_percent','0.0000',1,0,1),(92,1,1219622400,1233446399,3,89,'by_percent','0.0000',1,0,1),(93,1,1219622400,1233446399,0,90,'by_percent','0.0000',1,0,1),(94,1,1219622400,1233446399,1,90,'by_percent','0.0000',1,0,1),(95,1,1219622400,1233446399,2,90,'by_percent','0.0000',1,0,1),(96,1,1219622400,1233446399,3,90,'by_percent','0.0000',1,0,1),(97,1,1219622400,1233446399,0,91,'by_percent','0.0000',1,0,1),(98,1,1219622400,1233446399,1,91,'by_percent','0.0000',1,0,1),(99,1,1219622400,1233446399,2,91,'by_percent','0.0000',1,0,1),(100,1,1219622400,1233446399,3,91,'by_percent','0.0000',1,0,1),(101,1,1219622400,1233446399,0,92,'by_percent','0.0000',1,0,1),(102,1,1219622400,1233446399,1,92,'by_percent','0.0000',1,0,1),(103,1,1219622400,1233446399,2,92,'by_percent','0.0000',1,0,1),(104,1,1219622400,1233446399,3,92,'by_percent','0.0000',1,0,1),(105,1,1219622400,1233446399,0,103,'by_percent','0.0000',1,0,1),(106,1,1219622400,1233446399,1,103,'by_percent','0.0000',1,0,1),(107,1,1219622400,1233446399,2,103,'by_percent','0.0000',1,0,1),(108,1,1219622400,1233446399,3,103,'by_percent','0.0000',1,0,1),(109,1,1219622400,1233446399,0,104,'by_percent','0.0000',1,0,1),(110,1,1219622400,1233446399,1,104,'by_percent','0.0000',1,0,1),(111,1,1219622400,1233446399,2,104,'by_percent','0.0000',1,0,1),(112,1,1219622400,1233446399,3,104,'by_percent','0.0000',1,0,1),(113,1,1219622400,1233446399,0,105,'by_percent','0.0000',1,0,1),(114,1,1219622400,1233446399,1,105,'by_percent','0.0000',1,0,1),(115,1,1219622400,1233446399,2,105,'by_percent','0.0000',1,0,1),(116,1,1219622400,1233446399,3,105,'by_percent','0.0000',1,0,1),(117,1,1219622400,1233446399,0,106,'by_percent','0.0000',1,0,1),(118,1,1219622400,1233446399,1,106,'by_percent','0.0000',1,0,1),(119,1,1219622400,1233446399,2,106,'by_percent','0.0000',1,0,1),(120,1,1219622400,1233446399,3,106,'by_percent','0.0000',1,0,1),(121,1,1219622400,1233446399,0,107,'by_percent','0.0000',1,0,1),(122,1,1219622400,1233446399,1,107,'by_percent','0.0000',1,0,1),(123,1,1219622400,1233446399,2,107,'by_percent','0.0000',1,0,1),(124,1,1219622400,1233446399,3,107,'by_percent','0.0000',1,0,1),(125,1,1219622400,1233446399,0,108,'by_percent','0.0000',1,0,1),(126,1,1219622400,1233446399,1,108,'by_percent','0.0000',1,0,1),(127,1,1219622400,1233446399,2,108,'by_percent','0.0000',1,0,1),(128,1,1219622400,1233446399,3,108,'by_percent','0.0000',1,0,1),(129,1,1219622400,1233446399,0,109,'by_percent','0.0000',1,0,1),(130,1,1219622400,1233446399,1,109,'by_percent','0.0000',1,0,1),(131,1,1219622400,1233446399,2,109,'by_percent','0.0000',1,0,1),(132,1,1219622400,1233446399,3,109,'by_percent','0.0000',1,0,1),(133,1,1219622400,1233446399,0,110,'by_percent','0.0000',1,0,1),(134,1,1219622400,1233446399,1,110,'by_percent','0.0000',1,0,1),(135,1,1219622400,1233446399,2,110,'by_percent','0.0000',1,0,1),(136,1,1219622400,1233446399,3,110,'by_percent','0.0000',1,0,1),(137,1,1219622400,1233446399,0,111,'by_percent','0.0000',1,0,1),(138,1,1219622400,1233446399,1,111,'by_percent','0.0000',1,0,1),(139,1,1219622400,1233446399,2,111,'by_percent','0.0000',1,0,1),(140,1,1219622400,1233446399,3,111,'by_percent','0.0000',1,0,1),(141,1,1219622400,1233446399,0,117,'by_percent','0.0000',1,0,1),(142,1,1219622400,1233446399,1,117,'by_percent','0.0000',1,0,1),(143,1,1219622400,1233446399,2,117,'by_percent','0.0000',1,0,1),(144,1,1219622400,1233446399,3,117,'by_percent','0.0000',1,0,1),(145,1,1219622400,1233446399,0,118,'by_percent','0.0000',1,0,1),(146,1,1219622400,1233446399,1,118,'by_percent','0.0000',1,0,1),(147,1,1219622400,1233446399,2,118,'by_percent','0.0000',1,0,1),(148,1,1219622400,1233446399,3,118,'by_percent','0.0000',1,0,1),(149,1,1219622400,1233446399,0,119,'by_percent','0.0000',1,0,1),(150,1,1219622400,1233446399,1,119,'by_percent','0.0000',1,0,1),(151,1,1219622400,1233446399,2,119,'by_percent','0.0000',1,0,1),(152,1,1219622400,1233446399,3,119,'by_percent','0.0000',1,0,1),(153,1,1219622400,1233446399,0,120,'by_percent','0.0000',1,0,1),(154,1,1219622400,1233446399,1,120,'by_percent','0.0000',1,0,1),(155,1,1219622400,1233446399,2,120,'by_percent','0.0000',1,0,1),(156,1,1219622400,1233446399,3,120,'by_percent','0.0000',1,0,1),(157,1,1219622400,1233446399,0,121,'by_percent','0.0000',1,0,1),(158,1,1219622400,1233446399,1,121,'by_percent','0.0000',1,0,1),(159,1,1219622400,1233446399,2,121,'by_percent','0.0000',1,0,1),(160,1,1219622400,1233446399,3,121,'by_percent','0.0000',1,0,1),(161,1,1219622400,1233446399,0,122,'by_percent','0.0000',1,0,1),(162,1,1219622400,1233446399,1,122,'by_percent','0.0000',1,0,1),(163,1,1219622400,1233446399,2,122,'by_percent','0.0000',1,0,1),(164,1,1219622400,1233446399,3,122,'by_percent','0.0000',1,0,1),(165,1,1219622400,1233446399,0,123,'by_percent','0.0000',1,0,1),(166,1,1219622400,1233446399,1,123,'by_percent','0.0000',1,0,1),(167,1,1219622400,1233446399,2,123,'by_percent','0.0000',1,0,1),(168,1,1219622400,1233446399,3,123,'by_percent','0.0000',1,0,1),(169,1,1219622400,1233446399,0,124,'by_percent','0.0000',1,0,1),(170,1,1219622400,1233446399,1,124,'by_percent','0.0000',1,0,1),(171,1,1219622400,1233446399,2,124,'by_percent','0.0000',1,0,1),(172,1,1219622400,1233446399,3,124,'by_percent','0.0000',1,0,1),(173,1,1219622400,1233446399,0,125,'by_percent','0.0000',1,0,1),(174,1,1219622400,1233446399,1,125,'by_percent','0.0000',1,0,1),(175,1,1219622400,1233446399,2,125,'by_percent','0.0000',1,0,1),(176,1,1219622400,1233446399,3,125,'by_percent','0.0000',1,0,1),(177,1,1219622400,1233446399,0,126,'by_percent','0.0000',1,0,1),(178,1,1219622400,1233446399,1,126,'by_percent','0.0000',1,0,1),(179,1,1219622400,1233446399,2,126,'by_percent','0.0000',1,0,1),(180,1,1219622400,1233446399,3,126,'by_percent','0.0000',1,0,1),(181,1,1219622400,1233446399,0,127,'by_percent','0.0000',1,0,1),(182,1,1219622400,1233446399,1,127,'by_percent','0.0000',1,0,1),(183,1,1219622400,1233446399,2,127,'by_percent','0.0000',1,0,1),(184,1,1219622400,1233446399,3,127,'by_percent','0.0000',1,0,1),(185,1,1219622400,1233446399,0,128,'by_percent','0.0000',1,0,1),(186,1,1219622400,1233446399,1,128,'by_percent','0.0000',1,0,1),(187,1,1219622400,1233446399,2,128,'by_percent','0.0000',1,0,1),(188,1,1219622400,1233446399,3,128,'by_percent','0.0000',1,0,1),(189,1,1219622400,1233446399,0,129,'by_percent','0.0000',1,0,1),(190,1,1219622400,1233446399,1,129,'by_percent','0.0000',1,0,1),(191,1,1219622400,1233446399,2,129,'by_percent','0.0000',1,0,1),(192,1,1219622400,1233446399,3,129,'by_percent','0.0000',1,0,1),(193,1,1219622400,1233446399,0,130,'by_percent','0.0000',1,0,1),(194,1,1219622400,1233446399,1,130,'by_percent','0.0000',1,0,1),(195,1,1219622400,1233446399,2,130,'by_percent','0.0000',1,0,1),(196,1,1219622400,1233446399,3,130,'by_percent','0.0000',1,0,1),(197,1,1219622400,1233446399,0,131,'by_percent','0.0000',1,0,1),(198,1,1219622400,1233446399,1,131,'by_percent','0.0000',1,0,1),(199,1,1219622400,1233446399,2,131,'by_percent','0.0000',1,0,1),(200,1,1219622400,1233446399,3,131,'by_percent','0.0000',1,0,1),(201,1,1219622400,1233446399,0,132,'by_percent','0.0000',1,0,1),(202,1,1219622400,1233446399,1,132,'by_percent','0.0000',1,0,1),(203,1,1219622400,1233446399,2,132,'by_percent','0.0000',1,0,1),(204,1,1219622400,1233446399,3,132,'by_percent','0.0000',1,0,1),(205,1,1219622400,1233446399,0,133,'by_percent','0.0000',1,0,1),(206,1,1219622400,1233446399,1,133,'by_percent','0.0000',1,0,1),(207,1,1219622400,1233446399,2,133,'by_percent','0.0000',1,0,1),(208,1,1219622400,1233446399,3,133,'by_percent','0.0000',1,0,1),(209,1,1219622400,1233446399,0,134,'by_percent','0.0000',1,0,1),(210,1,1219622400,1233446399,1,134,'by_percent','0.0000',1,0,1),(211,1,1219622400,1233446399,2,134,'by_percent','0.0000',1,0,1),(212,1,1219622400,1233446399,3,134,'by_percent','0.0000',1,0,1),(213,1,1219622400,1233446399,0,135,'by_percent','0.0000',1,0,1),(214,1,1219622400,1233446399,1,135,'by_percent','0.0000',1,0,1),(215,1,1219622400,1233446399,2,135,'by_percent','0.0000',1,0,1),(216,1,1219622400,1233446399,3,135,'by_percent','0.0000',1,0,1),(217,1,1219622400,1233446399,0,137,'by_percent','0.0000',1,0,1),(218,1,1219622400,1233446399,1,137,'by_percent','0.0000',1,0,1),(219,1,1219622400,1233446399,2,137,'by_percent','0.0000',1,0,1),(220,1,1219622400,1233446399,3,137,'by_percent','0.0000',1,0,1),(221,1,1219622400,1233446399,0,158,'by_percent','0.0000',1,0,1),(222,1,1219622400,1233446399,1,158,'by_percent','0.0000',1,0,1),(223,1,1219622400,1233446399,2,158,'by_percent','0.0000',1,0,1),(224,1,1219622400,1233446399,3,158,'by_percent','0.0000',1,0,1),(225,1,1219622400,1233446399,0,163,'by_percent','0.0000',1,0,1),(226,1,1219622400,1233446399,1,163,'by_percent','0.0000',1,0,1),(227,1,1219622400,1233446399,2,163,'by_percent','0.0000',1,0,1),(228,1,1219622400,1233446399,3,163,'by_percent','0.0000',1,0,1),(229,1,1219622400,1233446399,0,165,'by_percent','0.0000',1,0,1),(230,1,1219622400,1233446399,1,165,'by_percent','0.0000',1,0,1),(231,1,1219622400,1233446399,2,165,'by_percent','0.0000',1,0,1),(232,1,1219622400,1233446399,3,165,'by_percent','0.0000',1,0,1),(233,3,1217980800,1251071999,0,16,'by_percent','0.0000',0,0,1),(234,3,1217980800,1251071999,1,16,'by_percent','0.0000',0,0,1),(235,3,1217980800,1251071999,2,16,'by_percent','0.0000',0,0,1),(236,3,1217980800,1251071999,4,16,'by_percent','0.0000',0,0,1),(237,3,1217980800,1251071999,0,17,'by_percent','0.0000',0,0,1),(238,3,1217980800,1251071999,1,17,'by_percent','0.0000',0,0,1),(239,3,1217980800,1251071999,2,17,'by_percent','0.0000',0,0,1),(240,3,1217980800,1251071999,4,17,'by_percent','0.0000',0,0,1),(241,3,1217980800,1251071999,0,18,'by_percent','0.0000',0,0,1),(242,3,1217980800,1251071999,1,18,'by_percent','0.0000',0,0,1),(243,3,1217980800,1251071999,2,18,'by_percent','0.0000',0,0,1),(244,3,1217980800,1251071999,4,18,'by_percent','0.0000',0,0,1),(245,3,1217980800,1251071999,0,19,'by_percent','0.0000',0,0,1),(246,3,1217980800,1251071999,1,19,'by_percent','0.0000',0,0,1),(247,3,1217980800,1251071999,2,19,'by_percent','0.0000',0,0,1),(248,3,1217980800,1251071999,4,19,'by_percent','0.0000',0,0,1),(249,3,1217980800,1251071999,0,20,'by_percent','0.0000',0,0,1),(250,3,1217980800,1251071999,1,20,'by_percent','0.0000',0,0,1),(251,3,1217980800,1251071999,2,20,'by_percent','0.0000',0,0,1),(252,3,1217980800,1251071999,4,20,'by_percent','0.0000',0,0,1),(253,3,1217980800,1251071999,0,25,'by_percent','0.0000',0,0,1),(254,3,1217980800,1251071999,1,25,'by_percent','0.0000',0,0,1),(255,3,1217980800,1251071999,2,25,'by_percent','0.0000',0,0,1),(256,3,1217980800,1251071999,4,25,'by_percent','0.0000',0,0,1),(257,3,1217980800,1251071999,0,26,'by_percent','0.0000',0,0,1),(258,3,1217980800,1251071999,1,26,'by_percent','0.0000',0,0,1),(259,3,1217980800,1251071999,2,26,'by_percent','0.0000',0,0,1),(260,3,1217980800,1251071999,4,26,'by_percent','0.0000',0,0,1),(261,3,1217980800,1251071999,0,27,'by_percent','0.0000',0,0,1),(262,3,1217980800,1251071999,1,27,'by_percent','0.0000',0,0,1),(263,3,1217980800,1251071999,2,27,'by_percent','0.0000',0,0,1),(264,3,1217980800,1251071999,4,27,'by_percent','0.0000',0,0,1),(265,3,1217980800,1251071999,0,28,'by_percent','0.0000',0,0,1),(266,3,1217980800,1251071999,1,28,'by_percent','0.0000',0,0,1),(267,3,1217980800,1251071999,2,28,'by_percent','0.0000',0,0,1),(268,3,1217980800,1251071999,4,28,'by_percent','0.0000',0,0,1),(269,3,1217980800,1251071999,0,29,'by_percent','0.0000',0,0,1),(270,3,1217980800,1251071999,1,29,'by_percent','0.0000',0,0,1),(271,3,1217980800,1251071999,2,29,'by_percent','0.0000',0,0,1),(272,3,1217980800,1251071999,4,29,'by_percent','0.0000',0,0,1),(273,3,1217980800,1251071999,0,30,'by_percent','0.0000',0,0,1),(274,3,1217980800,1251071999,1,30,'by_percent','0.0000',0,0,1),(275,3,1217980800,1251071999,2,30,'by_percent','0.0000',0,0,1),(276,3,1217980800,1251071999,4,30,'by_percent','0.0000',0,0,1),(277,3,1217980800,1251071999,0,31,'by_percent','0.0000',0,0,1),(278,3,1217980800,1251071999,1,31,'by_percent','0.0000',0,0,1),(279,3,1217980800,1251071999,2,31,'by_percent','0.0000',0,0,1),(280,3,1217980800,1251071999,4,31,'by_percent','0.0000',0,0,1),(281,3,1217980800,1251071999,0,32,'by_percent','0.0000',0,0,1),(282,3,1217980800,1251071999,1,32,'by_percent','0.0000',0,0,1),(283,3,1217980800,1251071999,2,32,'by_percent','0.0000',0,0,1),(284,3,1217980800,1251071999,4,32,'by_percent','0.0000',0,0,1),(285,3,1217980800,1251071999,0,33,'by_percent','0.0000',0,0,1),(286,3,1217980800,1251071999,1,33,'by_percent','0.0000',0,0,1),(287,3,1217980800,1251071999,2,33,'by_percent','0.0000',0,0,1),(288,3,1217980800,1251071999,4,33,'by_percent','0.0000',0,0,1),(289,3,1217980800,1251071999,0,34,'by_percent','0.0000',0,0,1),(290,3,1217980800,1251071999,1,34,'by_percent','0.0000',0,0,1),(291,3,1217980800,1251071999,2,34,'by_percent','0.0000',0,0,1),(292,3,1217980800,1251071999,4,34,'by_percent','0.0000',0,0,1),(293,3,1217980800,1251071999,0,35,'by_percent','0.0000',0,0,1),(294,3,1217980800,1251071999,1,35,'by_percent','0.0000',0,0,1),(295,3,1217980800,1251071999,2,35,'by_percent','0.0000',0,0,1),(296,3,1217980800,1251071999,4,35,'by_percent','0.0000',0,0,1),(297,3,1217980800,1251071999,0,36,'by_percent','0.0000',0,0,1),(298,3,1217980800,1251071999,1,36,'by_percent','0.0000',0,0,1),(299,3,1217980800,1251071999,2,36,'by_percent','0.0000',0,0,1),(300,3,1217980800,1251071999,4,36,'by_percent','0.0000',0,0,1),(301,3,1217980800,1251071999,0,37,'by_percent','0.0000',0,0,1),(302,3,1217980800,1251071999,1,37,'by_percent','0.0000',0,0,1),(303,3,1217980800,1251071999,2,37,'by_percent','0.0000',0,0,1),(304,3,1217980800,1251071999,4,37,'by_percent','0.0000',0,0,1),(305,3,1217980800,1251071999,0,38,'by_percent','0.0000',0,0,1),(306,3,1217980800,1251071999,1,38,'by_percent','0.0000',0,0,1),(307,3,1217980800,1251071999,2,38,'by_percent','0.0000',0,0,1),(308,3,1217980800,1251071999,4,38,'by_percent','0.0000',0,0,1),(309,3,1217980800,1251071999,0,39,'by_percent','0.0000',0,0,1),(310,3,1217980800,1251071999,1,39,'by_percent','0.0000',0,0,1),(311,3,1217980800,1251071999,2,39,'by_percent','0.0000',0,0,1),(312,3,1217980800,1251071999,4,39,'by_percent','0.0000',0,0,1),(313,3,1217980800,1251071999,0,41,'by_percent','0.0000',0,0,1),(314,3,1217980800,1251071999,1,41,'by_percent','0.0000',0,0,1),(315,3,1217980800,1251071999,2,41,'by_percent','0.0000',0,0,1),(316,3,1217980800,1251071999,4,41,'by_percent','0.0000',0,0,1),(317,3,1217980800,1251071999,0,42,'by_percent','0.0000',0,0,1),(318,3,1217980800,1251071999,1,42,'by_percent','0.0000',0,0,1),(319,3,1217980800,1251071999,2,42,'by_percent','0.0000',0,0,1),(320,3,1217980800,1251071999,4,42,'by_percent','0.0000',0,0,1),(321,3,1217980800,1251071999,0,44,'by_percent','0.0000',0,0,1),(322,3,1217980800,1251071999,1,44,'by_percent','0.0000',0,0,1),(323,3,1217980800,1251071999,2,44,'by_percent','0.0000',0,0,1),(324,3,1217980800,1251071999,4,44,'by_percent','0.0000',0,0,1),(325,3,1217980800,1251071999,0,45,'by_percent','0.0000',0,0,1),(326,3,1217980800,1251071999,1,45,'by_percent','0.0000',0,0,1),(327,3,1217980800,1251071999,2,45,'by_percent','0.0000',0,0,1),(328,3,1217980800,1251071999,4,45,'by_percent','0.0000',0,0,1),(329,3,1217980800,1251071999,0,46,'by_percent','0.0000',0,0,1),(330,3,1217980800,1251071999,1,46,'by_percent','0.0000',0,0,1),(331,3,1217980800,1251071999,2,46,'by_percent','0.0000',0,0,1),(332,3,1217980800,1251071999,4,46,'by_percent','0.0000',0,0,1),(333,3,1217980800,1251071999,0,47,'by_percent','0.0000',0,0,1),(334,3,1217980800,1251071999,1,47,'by_percent','0.0000',0,0,1),(335,3,1217980800,1251071999,2,47,'by_percent','0.0000',0,0,1),(336,3,1217980800,1251071999,4,47,'by_percent','0.0000',0,0,1),(337,3,1217980800,1251071999,0,48,'by_percent','0.0000',0,0,1),(338,3,1217980800,1251071999,1,48,'by_percent','0.0000',0,0,1),(339,3,1217980800,1251071999,2,48,'by_percent','0.0000',0,0,1),(340,3,1217980800,1251071999,4,48,'by_percent','0.0000',0,0,1),(341,3,1217980800,1251071999,0,49,'by_percent','0.0000',0,0,1),(342,3,1217980800,1251071999,1,49,'by_percent','0.0000',0,0,1),(343,3,1217980800,1251071999,2,49,'by_percent','0.0000',0,0,1),(344,3,1217980800,1251071999,4,49,'by_percent','0.0000',0,0,1),(345,3,1217980800,1251071999,0,51,'by_percent','0.0000',0,0,1),(346,3,1217980800,1251071999,1,51,'by_percent','0.0000',0,0,1),(347,3,1217980800,1251071999,2,51,'by_percent','0.0000',0,0,1),(348,3,1217980800,1251071999,4,51,'by_percent','0.0000',0,0,1),(349,3,1217980800,1251071999,0,52,'by_percent','0.0000',0,0,1),(350,3,1217980800,1251071999,1,52,'by_percent','0.0000',0,0,1),(351,3,1217980800,1251071999,2,52,'by_percent','0.0000',0,0,1),(352,3,1217980800,1251071999,4,52,'by_percent','0.0000',0,0,1),(353,3,1217980800,1251071999,0,53,'by_percent','0.0000',0,0,1),(354,3,1217980800,1251071999,1,53,'by_percent','0.0000',0,0,1),(355,3,1217980800,1251071999,2,53,'by_percent','0.0000',0,0,1),(356,3,1217980800,1251071999,4,53,'by_percent','0.0000',0,0,1),(357,3,1217980800,1251071999,0,54,'by_percent','0.0000',0,0,1),(358,3,1217980800,1251071999,1,54,'by_percent','0.0000',0,0,1),(359,3,1217980800,1251071999,2,54,'by_percent','0.0000',0,0,1),(360,3,1217980800,1251071999,4,54,'by_percent','0.0000',0,0,1),(361,3,1217980800,1251071999,0,74,'by_percent','0.0000',0,0,1),(362,3,1217980800,1251071999,1,74,'by_percent','0.0000',0,0,1),(363,3,1217980800,1251071999,2,74,'by_percent','0.0000',0,0,1),(364,3,1217980800,1251071999,4,74,'by_percent','0.0000',0,0,1),(365,3,1217980800,1251071999,0,75,'by_percent','0.0000',0,0,1),(366,3,1217980800,1251071999,1,75,'by_percent','0.0000',0,0,1),(367,3,1217980800,1251071999,2,75,'by_percent','0.0000',0,0,1),(368,3,1217980800,1251071999,4,75,'by_percent','0.0000',0,0,1),(369,3,1217980800,1251071999,0,79,'by_percent','0.0000',0,0,1),(370,3,1217980800,1251071999,1,79,'by_percent','0.0000',0,0,1),(371,3,1217980800,1251071999,2,79,'by_percent','0.0000',0,0,1),(372,3,1217980800,1251071999,4,79,'by_percent','0.0000',0,0,1),(373,3,1217980800,1251071999,0,80,'by_percent','0.0000',0,0,1),(374,3,1217980800,1251071999,1,80,'by_percent','0.0000',0,0,1),(375,3,1217980800,1251071999,2,80,'by_percent','0.0000',0,0,1),(376,3,1217980800,1251071999,4,80,'by_percent','0.0000',0,0,1),(377,3,1217980800,1251071999,0,81,'by_percent','0.0000',0,0,1),(378,3,1217980800,1251071999,1,81,'by_percent','0.0000',0,0,1),(379,3,1217980800,1251071999,2,81,'by_percent','0.0000',0,0,1),(380,3,1217980800,1251071999,4,81,'by_percent','0.0000',0,0,1),(381,3,1217980800,1251071999,0,82,'by_percent','0.0000',0,0,1),(382,3,1217980800,1251071999,1,82,'by_percent','0.0000',0,0,1),(383,3,1217980800,1251071999,2,82,'by_percent','0.0000',0,0,1),(384,3,1217980800,1251071999,4,82,'by_percent','0.0000',0,0,1),(385,3,1217980800,1251071999,0,83,'by_percent','0.0000',0,0,1),(386,3,1217980800,1251071999,1,83,'by_percent','0.0000',0,0,1),(387,3,1217980800,1251071999,2,83,'by_percent','0.0000',0,0,1),(388,3,1217980800,1251071999,4,83,'by_percent','0.0000',0,0,1),(389,3,1217980800,1251071999,0,84,'by_percent','0.0000',0,0,1),(390,3,1217980800,1251071999,1,84,'by_percent','0.0000',0,0,1),(391,3,1217980800,1251071999,2,84,'by_percent','0.0000',0,0,1),(392,3,1217980800,1251071999,4,84,'by_percent','0.0000',0,0,1),(393,3,1217980800,1251071999,0,85,'by_percent','0.0000',0,0,1),(394,3,1217980800,1251071999,1,85,'by_percent','0.0000',0,0,1),(395,3,1217980800,1251071999,2,85,'by_percent','0.0000',0,0,1),(396,3,1217980800,1251071999,4,85,'by_percent','0.0000',0,0,1),(397,3,1217980800,1251071999,0,86,'by_percent','0.0000',0,0,1),(398,3,1217980800,1251071999,1,86,'by_percent','0.0000',0,0,1),(399,3,1217980800,1251071999,2,86,'by_percent','0.0000',0,0,1),(400,3,1217980800,1251071999,4,86,'by_percent','0.0000',0,0,1),(401,3,1217980800,1251071999,0,87,'by_percent','0.0000',0,0,1),(402,3,1217980800,1251071999,1,87,'by_percent','0.0000',0,0,1),(403,3,1217980800,1251071999,2,87,'by_percent','0.0000',0,0,1),(404,3,1217980800,1251071999,4,87,'by_percent','0.0000',0,0,1),(405,3,1217980800,1251071999,0,88,'by_percent','0.0000',0,0,1),(406,3,1217980800,1251071999,1,88,'by_percent','0.0000',0,0,1),(407,3,1217980800,1251071999,2,88,'by_percent','0.0000',0,0,1),(408,3,1217980800,1251071999,4,88,'by_percent','0.0000',0,0,1),(409,3,1217980800,1251071999,0,89,'by_percent','0.0000',0,0,1),(410,3,1217980800,1251071999,1,89,'by_percent','0.0000',0,0,1),(411,3,1217980800,1251071999,2,89,'by_percent','0.0000',0,0,1),(412,3,1217980800,1251071999,4,89,'by_percent','0.0000',0,0,1),(413,3,1217980800,1251071999,0,90,'by_percent','0.0000',0,0,1),(414,3,1217980800,1251071999,1,90,'by_percent','0.0000',0,0,1),(415,3,1217980800,1251071999,2,90,'by_percent','0.0000',0,0,1),(416,3,1217980800,1251071999,4,90,'by_percent','0.0000',0,0,1),(417,3,1217980800,1251071999,0,91,'by_percent','0.0000',0,0,1),(418,3,1217980800,1251071999,1,91,'by_percent','0.0000',0,0,1),(419,3,1217980800,1251071999,2,91,'by_percent','0.0000',0,0,1),(420,3,1217980800,1251071999,4,91,'by_percent','0.0000',0,0,1),(421,3,1217980800,1251071999,0,92,'by_percent','0.0000',0,0,1),(422,3,1217980800,1251071999,1,92,'by_percent','0.0000',0,0,1),(423,3,1217980800,1251071999,2,92,'by_percent','0.0000',0,0,1),(424,3,1217980800,1251071999,4,92,'by_percent','0.0000',0,0,1),(425,3,1217980800,1251071999,0,93,'by_percent','0.0000',0,0,1),(426,3,1217980800,1251071999,1,93,'by_percent','0.0000',0,0,1),(427,3,1217980800,1251071999,2,93,'by_percent','0.0000',0,0,1),(428,3,1217980800,1251071999,4,93,'by_percent','0.0000',0,0,1),(429,3,1217980800,1251071999,0,94,'by_percent','0.0000',0,0,1),(430,3,1217980800,1251071999,1,94,'by_percent','0.0000',0,0,1),(431,3,1217980800,1251071999,2,94,'by_percent','0.0000',0,0,1),(432,3,1217980800,1251071999,4,94,'by_percent','0.0000',0,0,1),(433,3,1217980800,1251071999,0,95,'by_percent','0.0000',0,0,1),(434,3,1217980800,1251071999,1,95,'by_percent','0.0000',0,0,1),(435,3,1217980800,1251071999,2,95,'by_percent','0.0000',0,0,1),(436,3,1217980800,1251071999,4,95,'by_percent','0.0000',0,0,1),(437,3,1217980800,1251071999,0,96,'by_percent','0.0000',0,0,1),(438,3,1217980800,1251071999,1,96,'by_percent','0.0000',0,0,1),(439,3,1217980800,1251071999,2,96,'by_percent','0.0000',0,0,1),(440,3,1217980800,1251071999,4,96,'by_percent','0.0000',0,0,1),(441,3,1217980800,1251071999,0,97,'by_percent','0.0000',0,0,1),(442,3,1217980800,1251071999,1,97,'by_percent','0.0000',0,0,1),(443,3,1217980800,1251071999,2,97,'by_percent','0.0000',0,0,1),(444,3,1217980800,1251071999,4,97,'by_percent','0.0000',0,0,1),(445,3,1217980800,1251071999,0,98,'by_percent','0.0000',0,0,1),(446,3,1217980800,1251071999,1,98,'by_percent','0.0000',0,0,1),(447,3,1217980800,1251071999,2,98,'by_percent','0.0000',0,0,1),(448,3,1217980800,1251071999,4,98,'by_percent','0.0000',0,0,1),(449,3,1217980800,1251071999,0,99,'by_percent','0.0000',0,0,1),(450,3,1217980800,1251071999,1,99,'by_percent','0.0000',0,0,1),(451,3,1217980800,1251071999,2,99,'by_percent','0.0000',0,0,1),(452,3,1217980800,1251071999,4,99,'by_percent','0.0000',0,0,1),(453,3,1217980800,1251071999,0,100,'by_percent','0.0000',0,0,1),(454,3,1217980800,1251071999,1,100,'by_percent','0.0000',0,0,1),(455,3,1217980800,1251071999,2,100,'by_percent','0.0000',0,0,1),(456,3,1217980800,1251071999,4,100,'by_percent','0.0000',0,0,1),(457,3,1217980800,1251071999,0,101,'by_percent','0.0000',0,0,1),(458,3,1217980800,1251071999,1,101,'by_percent','0.0000',0,0,1),(459,3,1217980800,1251071999,2,101,'by_percent','0.0000',0,0,1),(460,3,1217980800,1251071999,4,101,'by_percent','0.0000',0,0,1),(461,3,1217980800,1251071999,0,102,'by_percent','0.0000',0,0,1),(462,3,1217980800,1251071999,1,102,'by_percent','0.0000',0,0,1),(463,3,1217980800,1251071999,2,102,'by_percent','0.0000',0,0,1),(464,3,1217980800,1251071999,4,102,'by_percent','0.0000',0,0,1),(465,3,1217980800,1251071999,0,103,'by_percent','0.0000',0,0,1),(466,3,1217980800,1251071999,1,103,'by_percent','0.0000',0,0,1),(467,3,1217980800,1251071999,2,103,'by_percent','0.0000',0,0,1),(468,3,1217980800,1251071999,4,103,'by_percent','0.0000',0,0,1),(469,3,1217980800,1251071999,0,104,'by_percent','0.0000',0,0,1),(470,3,1217980800,1251071999,1,104,'by_percent','0.0000',0,0,1),(471,3,1217980800,1251071999,2,104,'by_percent','0.0000',0,0,1),(472,3,1217980800,1251071999,4,104,'by_percent','0.0000',0,0,1),(473,3,1217980800,1251071999,0,105,'by_percent','0.0000',0,0,1),(474,3,1217980800,1251071999,1,105,'by_percent','0.0000',0,0,1),(475,3,1217980800,1251071999,2,105,'by_percent','0.0000',0,0,1),(476,3,1217980800,1251071999,4,105,'by_percent','0.0000',0,0,1),(477,3,1217980800,1251071999,0,106,'by_percent','0.0000',0,0,1),(478,3,1217980800,1251071999,1,106,'by_percent','0.0000',0,0,1),(479,3,1217980800,1251071999,2,106,'by_percent','0.0000',0,0,1),(480,3,1217980800,1251071999,4,106,'by_percent','0.0000',0,0,1),(481,3,1217980800,1251071999,0,107,'by_percent','0.0000',0,0,1),(482,3,1217980800,1251071999,1,107,'by_percent','0.0000',0,0,1),(483,3,1217980800,1251071999,2,107,'by_percent','0.0000',0,0,1),(484,3,1217980800,1251071999,4,107,'by_percent','0.0000',0,0,1),(485,3,1217980800,1251071999,0,108,'by_percent','0.0000',0,0,1),(486,3,1217980800,1251071999,1,108,'by_percent','0.0000',0,0,1),(487,3,1217980800,1251071999,2,108,'by_percent','0.0000',0,0,1),(488,3,1217980800,1251071999,4,108,'by_percent','0.0000',0,0,1),(489,3,1217980800,1251071999,0,109,'by_percent','0.0000',0,0,1),(490,3,1217980800,1251071999,1,109,'by_percent','0.0000',0,0,1),(491,3,1217980800,1251071999,2,109,'by_percent','0.0000',0,0,1),(492,3,1217980800,1251071999,4,109,'by_percent','0.0000',0,0,1),(493,3,1217980800,1251071999,0,110,'by_percent','0.0000',0,0,1),(494,3,1217980800,1251071999,1,110,'by_percent','0.0000',0,0,1),(495,3,1217980800,1251071999,2,110,'by_percent','0.0000',0,0,1),(496,3,1217980800,1251071999,4,110,'by_percent','0.0000',0,0,1),(497,3,1217980800,1251071999,0,111,'by_percent','0.0000',0,0,1),(498,3,1217980800,1251071999,1,111,'by_percent','0.0000',0,0,1),(499,3,1217980800,1251071999,2,111,'by_percent','0.0000',0,0,1),(500,3,1217980800,1251071999,4,111,'by_percent','0.0000',0,0,1),(501,3,1217980800,1251071999,0,112,'by_percent','0.0000',0,0,1),(502,3,1217980800,1251071999,1,112,'by_percent','0.0000',0,0,1),(503,3,1217980800,1251071999,2,112,'by_percent','0.0000',0,0,1),(504,3,1217980800,1251071999,4,112,'by_percent','0.0000',0,0,1),(505,3,1217980800,1251071999,0,113,'by_percent','0.0000',0,0,1),(506,3,1217980800,1251071999,1,113,'by_percent','0.0000',0,0,1),(507,3,1217980800,1251071999,2,113,'by_percent','0.0000',0,0,1),(508,3,1217980800,1251071999,4,113,'by_percent','0.0000',0,0,1),(509,3,1217980800,1251071999,0,114,'by_percent','0.0000',0,0,1),(510,3,1217980800,1251071999,1,114,'by_percent','0.0000',0,0,1),(511,3,1217980800,1251071999,2,114,'by_percent','0.0000',0,0,1),(512,3,1217980800,1251071999,4,114,'by_percent','0.0000',0,0,1),(513,3,1217980800,1251071999,0,115,'by_percent','0.0000',0,0,1),(514,3,1217980800,1251071999,1,115,'by_percent','0.0000',0,0,1),(515,3,1217980800,1251071999,2,115,'by_percent','0.0000',0,0,1),(516,3,1217980800,1251071999,4,115,'by_percent','0.0000',0,0,1),(517,3,1217980800,1251071999,0,117,'by_percent','0.0000',0,0,1),(518,3,1217980800,1251071999,1,117,'by_percent','0.0000',0,0,1),(519,3,1217980800,1251071999,2,117,'by_percent','0.0000',0,0,1),(520,3,1217980800,1251071999,4,117,'by_percent','0.0000',0,0,1),(521,3,1217980800,1251071999,0,118,'by_percent','0.0000',0,0,1),(522,3,1217980800,1251071999,1,118,'by_percent','0.0000',0,0,1),(523,3,1217980800,1251071999,2,118,'by_percent','0.0000',0,0,1),(524,3,1217980800,1251071999,4,118,'by_percent','0.0000',0,0,1),(525,3,1217980800,1251071999,0,119,'by_percent','0.0000',0,0,1),(526,3,1217980800,1251071999,1,119,'by_percent','0.0000',0,0,1),(527,3,1217980800,1251071999,2,119,'by_percent','0.0000',0,0,1),(528,3,1217980800,1251071999,4,119,'by_percent','0.0000',0,0,1),(529,3,1217980800,1251071999,0,120,'by_percent','0.0000',0,0,1),(530,3,1217980800,1251071999,1,120,'by_percent','0.0000',0,0,1),(531,3,1217980800,1251071999,2,120,'by_percent','0.0000',0,0,1),(532,3,1217980800,1251071999,4,120,'by_percent','0.0000',0,0,1),(533,3,1217980800,1251071999,0,121,'by_percent','0.0000',0,0,1),(534,3,1217980800,1251071999,1,121,'by_percent','0.0000',0,0,1),(535,3,1217980800,1251071999,2,121,'by_percent','0.0000',0,0,1),(536,3,1217980800,1251071999,4,121,'by_percent','0.0000',0,0,1),(537,3,1217980800,1251071999,0,122,'by_percent','0.0000',0,0,1),(538,3,1217980800,1251071999,1,122,'by_percent','0.0000',0,0,1),(539,3,1217980800,1251071999,2,122,'by_percent','0.0000',0,0,1),(540,3,1217980800,1251071999,4,122,'by_percent','0.0000',0,0,1),(541,3,1217980800,1251071999,0,123,'by_percent','0.0000',0,0,1),(542,3,1217980800,1251071999,1,123,'by_percent','0.0000',0,0,1),(543,3,1217980800,1251071999,2,123,'by_percent','0.0000',0,0,1),(544,3,1217980800,1251071999,4,123,'by_percent','0.0000',0,0,1),(545,3,1217980800,1251071999,0,124,'by_percent','0.0000',0,0,1),(546,3,1217980800,1251071999,1,124,'by_percent','0.0000',0,0,1),(547,3,1217980800,1251071999,2,124,'by_percent','0.0000',0,0,1),(548,3,1217980800,1251071999,4,124,'by_percent','0.0000',0,0,1),(549,3,1217980800,1251071999,0,125,'by_percent','0.0000',0,0,1),(550,3,1217980800,1251071999,1,125,'by_percent','0.0000',0,0,1),(551,3,1217980800,1251071999,2,125,'by_percent','0.0000',0,0,1),(552,3,1217980800,1251071999,4,125,'by_percent','0.0000',0,0,1),(553,3,1217980800,1251071999,0,126,'by_percent','0.0000',0,0,1),(554,3,1217980800,1251071999,1,126,'by_percent','0.0000',0,0,1),(555,3,1217980800,1251071999,2,126,'by_percent','0.0000',0,0,1),(556,3,1217980800,1251071999,4,126,'by_percent','0.0000',0,0,1),(557,3,1217980800,1251071999,0,127,'by_percent','0.0000',0,0,1),(558,3,1217980800,1251071999,1,127,'by_percent','0.0000',0,0,1),(559,3,1217980800,1251071999,2,127,'by_percent','0.0000',0,0,1),(560,3,1217980800,1251071999,4,127,'by_percent','0.0000',0,0,1),(561,3,1217980800,1251071999,0,128,'by_percent','0.0000',0,0,1),(562,3,1217980800,1251071999,1,128,'by_percent','0.0000',0,0,1),(563,3,1217980800,1251071999,2,128,'by_percent','0.0000',0,0,1),(564,3,1217980800,1251071999,4,128,'by_percent','0.0000',0,0,1),(565,3,1217980800,1251071999,0,129,'by_percent','0.0000',0,0,1),(566,3,1217980800,1251071999,1,129,'by_percent','0.0000',0,0,1),(567,3,1217980800,1251071999,2,129,'by_percent','0.0000',0,0,1),(568,3,1217980800,1251071999,4,129,'by_percent','0.0000',0,0,1),(569,3,1217980800,1251071999,0,130,'by_percent','0.0000',0,0,1),(570,3,1217980800,1251071999,1,130,'by_percent','0.0000',0,0,1),(571,3,1217980800,1251071999,2,130,'by_percent','0.0000',0,0,1),(572,3,1217980800,1251071999,4,130,'by_percent','0.0000',0,0,1),(573,3,1217980800,1251071999,0,131,'by_percent','0.0000',0,0,1),(574,3,1217980800,1251071999,1,131,'by_percent','0.0000',0,0,1),(575,3,1217980800,1251071999,2,131,'by_percent','0.0000',0,0,1),(576,3,1217980800,1251071999,4,131,'by_percent','0.0000',0,0,1),(577,3,1217980800,1251071999,0,132,'by_percent','0.0000',0,0,1),(578,3,1217980800,1251071999,1,132,'by_percent','0.0000',0,0,1),(579,3,1217980800,1251071999,2,132,'by_percent','0.0000',0,0,1),(580,3,1217980800,1251071999,4,132,'by_percent','0.0000',0,0,1),(581,3,1217980800,1251071999,0,133,'by_percent','0.0000',0,0,1),(582,3,1217980800,1251071999,1,133,'by_percent','0.0000',0,0,1),(583,3,1217980800,1251071999,2,133,'by_percent','0.0000',0,0,1),(584,3,1217980800,1251071999,4,133,'by_percent','0.0000',0,0,1),(585,3,1217980800,1251071999,0,134,'by_percent','0.0000',0,0,1),(586,3,1217980800,1251071999,1,134,'by_percent','0.0000',0,0,1),(587,3,1217980800,1251071999,2,134,'by_percent','0.0000',0,0,1),(588,3,1217980800,1251071999,4,134,'by_percent','0.0000',0,0,1),(589,3,1217980800,1251071999,0,135,'by_percent','0.0000',0,0,1),(590,3,1217980800,1251071999,1,135,'by_percent','0.0000',0,0,1),(591,3,1217980800,1251071999,2,135,'by_percent','0.0000',0,0,1),(592,3,1217980800,1251071999,4,135,'by_percent','0.0000',0,0,1),(593,3,1217980800,1251071999,0,137,'by_percent','0.0000',0,0,1),(594,3,1217980800,1251071999,1,137,'by_percent','0.0000',0,0,1),(595,3,1217980800,1251071999,2,137,'by_percent','0.0000',0,0,1),(596,3,1217980800,1251071999,4,137,'by_percent','0.0000',0,0,1),(597,3,1217980800,1251071999,0,138,'by_percent','0.0000',0,0,1),(598,3,1217980800,1251071999,1,138,'by_percent','0.0000',0,0,1),(599,3,1217980800,1251071999,2,138,'by_percent','0.0000',0,0,1),(600,3,1217980800,1251071999,4,138,'by_percent','0.0000',0,0,1),(601,3,1217980800,1251071999,0,139,'by_percent','0.0000',0,0,1),(602,3,1217980800,1251071999,1,139,'by_percent','0.0000',0,0,1),(603,3,1217980800,1251071999,2,139,'by_percent','0.0000',0,0,1),(604,3,1217980800,1251071999,4,139,'by_percent','0.0000',0,0,1),(605,3,1217980800,1251071999,0,142,'by_percent','0.0000',0,0,1),(606,3,1217980800,1251071999,1,142,'by_percent','0.0000',0,0,1),(607,3,1217980800,1251071999,2,142,'by_percent','0.0000',0,0,1),(608,3,1217980800,1251071999,4,142,'by_percent','0.0000',0,0,1),(609,3,1217980800,1251071999,0,144,'by_percent','0.0000',0,0,1),(610,3,1217980800,1251071999,1,144,'by_percent','0.0000',0,0,1),(611,3,1217980800,1251071999,2,144,'by_percent','0.0000',0,0,1),(612,3,1217980800,1251071999,4,144,'by_percent','0.0000',0,0,1),(613,3,1217980800,1251071999,0,146,'by_percent','0.0000',0,0,1),(614,3,1217980800,1251071999,1,146,'by_percent','0.0000',0,0,1),(615,3,1217980800,1251071999,2,146,'by_percent','0.0000',0,0,1),(616,3,1217980800,1251071999,4,146,'by_percent','0.0000',0,0,1),(617,3,1217980800,1251071999,0,158,'by_percent','0.0000',0,0,1),(618,3,1217980800,1251071999,1,158,'by_percent','0.0000',0,0,1),(619,3,1217980800,1251071999,2,158,'by_percent','0.0000',0,0,1),(620,3,1217980800,1251071999,4,158,'by_percent','0.0000',0,0,1),(621,3,1217980800,1251071999,0,163,'by_percent','0.0000',0,0,1),(622,3,1217980800,1251071999,1,163,'by_percent','0.0000',0,0,1),(623,3,1217980800,1251071999,2,163,'by_percent','0.0000',0,0,1),(624,3,1217980800,1251071999,4,163,'by_percent','0.0000',0,0,1),(625,3,1217980800,1251071999,0,164,'by_percent','0.0000',0,0,1),(626,3,1217980800,1251071999,1,164,'by_percent','0.0000',0,0,1),(627,3,1217980800,1251071999,2,164,'by_percent','0.0000',0,0,1),(628,3,1217980800,1251071999,4,164,'by_percent','0.0000',0,0,1),(629,3,1217980800,1251071999,0,165,'by_percent','0.0000',0,0,1),(630,3,1217980800,1251071999,1,165,'by_percent','0.0000',0,0,1),(631,3,1217980800,1251071999,2,165,'by_percent','0.0000',0,0,1),(632,3,1217980800,1251071999,4,165,'by_percent','0.0000',0,0,1),(633,4,1219795200,1251503999,0,135,'by_percent','0.0000',1,0,1),(634,4,1219795200,1251503999,1,135,'by_percent','0.0000',1,0,1),(635,4,1219795200,1251503999,2,135,'by_percent','0.0000',1,0,1),(636,4,1219795200,1251503999,4,135,'by_percent','0.0000',1,0,1),(637,5,1219536000,1254182399,0,41,'by_percent','0.0000',1,0,1),(638,5,1219536000,1254182399,1,41,'by_percent','0.0000',1,0,1),(639,5,1219536000,1254182399,2,41,'by_percent','0.0000',1,0,1),(640,5,1219536000,1254182399,4,41,'by_percent','0.0000',1,0,1),(641,5,1219536000,1254182399,0,52,'by_percent','0.0000',1,0,1),(642,5,1219536000,1254182399,1,52,'by_percent','0.0000',1,0,1),(643,5,1219536000,1254182399,2,52,'by_percent','0.0000',1,0,1),(644,5,1219536000,1254182399,4,52,'by_percent','0.0000',1,0,1),(645,6,1219881600,1256947199,0,35,'by_percent','0.0000',0,0,1),(646,6,1219881600,1256947199,1,35,'by_percent','0.0000',0,0,1),(647,6,1219881600,1256947199,2,35,'by_percent','0.0000',0,0,1),(648,6,1219881600,1256947199,0,36,'by_percent','0.0000',0,0,1),(649,6,1219881600,1256947199,1,36,'by_percent','0.0000',0,0,1),(650,6,1219881600,1256947199,2,36,'by_percent','0.0000',0,0,1),(651,6,1219881600,1256947199,0,37,'by_percent','0.0000',0,0,1),(652,6,1219881600,1256947199,1,37,'by_percent','0.0000',0,0,1),(653,6,1219881600,1256947199,2,37,'by_percent','0.0000',0,0,1),(654,6,1219881600,1256947199,0,38,'by_percent','0.0000',0,0,1),(655,6,1219881600,1256947199,1,38,'by_percent','0.0000',0,0,1),(656,6,1219881600,1256947199,2,38,'by_percent','0.0000',0,0,1),(657,6,1219881600,1256947199,0,39,'by_percent','0.0000',0,0,1),(658,6,1219881600,1256947199,1,39,'by_percent','0.0000',0,0,1),(659,6,1219881600,1256947199,2,39,'by_percent','0.0000',0,0,1),(660,6,1219881600,1256947199,0,117,'by_percent','0.0000',0,0,1),(661,6,1219881600,1256947199,1,117,'by_percent','0.0000',0,0,1),(662,6,1219881600,1256947199,2,117,'by_percent','0.0000',0,0,1),(663,6,1219881600,1256947199,0,118,'by_percent','0.0000',0,0,1),(664,6,1219881600,1256947199,1,118,'by_percent','0.0000',0,0,1),(665,6,1219881600,1256947199,2,118,'by_percent','0.0000',0,0,1),(666,6,1219881600,1256947199,0,119,'by_percent','0.0000',0,0,1),(667,6,1219881600,1256947199,1,119,'by_percent','0.0000',0,0,1),(668,6,1219881600,1256947199,2,119,'by_percent','0.0000',0,0,1),(669,6,1219881600,1256947199,0,120,'by_percent','0.0000',0,0,1),(670,6,1219881600,1256947199,1,120,'by_percent','0.0000',0,0,1),(671,6,1219881600,1256947199,2,120,'by_percent','0.0000',0,0,1),(672,6,1219881600,1256947199,0,121,'by_percent','0.0000',0,0,1),(673,6,1219881600,1256947199,1,121,'by_percent','0.0000',0,0,1),(674,6,1219881600,1256947199,2,121,'by_percent','0.0000',0,0,1),(675,6,1219881600,1256947199,0,122,'by_percent','0.0000',0,0,1),(676,6,1219881600,1256947199,1,122,'by_percent','0.0000',0,0,1),(677,6,1219881600,1256947199,2,122,'by_percent','0.0000',0,0,1),(678,6,1219881600,1256947199,0,123,'by_percent','0.0000',0,0,1),(679,6,1219881600,1256947199,1,123,'by_percent','0.0000',0,0,1),(680,6,1219881600,1256947199,2,123,'by_percent','0.0000',0,0,1),(681,6,1219881600,1256947199,0,124,'by_percent','0.0000',0,0,1),(682,6,1219881600,1256947199,1,124,'by_percent','0.0000',0,0,1),(683,6,1219881600,1256947199,2,124,'by_percent','0.0000',0,0,1),(684,6,1219881600,1256947199,0,125,'by_percent','0.0000',0,0,1),(685,6,1219881600,1256947199,1,125,'by_percent','0.0000',0,0,1),(686,6,1219881600,1256947199,2,125,'by_percent','0.0000',0,0,1),(687,6,1219881600,1256947199,0,126,'by_percent','0.0000',0,0,1),(688,6,1219881600,1256947199,1,126,'by_percent','0.0000',0,0,1),(689,6,1219881600,1256947199,2,126,'by_percent','0.0000',0,0,1),(690,6,1219881600,1256947199,0,127,'by_percent','0.0000',0,0,1),(691,6,1219881600,1256947199,1,127,'by_percent','0.0000',0,0,1),(692,6,1219881600,1256947199,2,127,'by_percent','0.0000',0,0,1),(693,6,1219881600,1256947199,0,128,'by_percent','0.0000',0,0,1),(694,6,1219881600,1256947199,1,128,'by_percent','0.0000',0,0,1),(695,6,1219881600,1256947199,2,128,'by_percent','0.0000',0,0,1),(696,6,1219881600,1256947199,0,129,'by_percent','0.0000',0,0,1),(697,6,1219881600,1256947199,1,129,'by_percent','0.0000',0,0,1),(698,6,1219881600,1256947199,2,129,'by_percent','0.0000',0,0,1),(699,6,1219881600,1256947199,0,130,'by_percent','0.0000',0,0,1),(700,6,1219881600,1256947199,1,130,'by_percent','0.0000',0,0,1),(701,6,1219881600,1256947199,2,130,'by_percent','0.0000',0,0,1),(702,6,1219881600,1256947199,0,131,'by_percent','0.0000',0,0,1),(703,6,1219881600,1256947199,1,131,'by_percent','0.0000',0,0,1),(704,6,1219881600,1256947199,2,131,'by_percent','0.0000',0,0,1),(705,6,1219881600,1256947199,0,137,'by_percent','0.0000',0,0,1),(706,6,1219881600,1256947199,1,137,'by_percent','0.0000',0,0,1),(707,6,1219881600,1256947199,2,137,'by_percent','0.0000',0,0,1);


/*Table structure for table `catalogrule_product_price` */


CREATE TABLE `catalogrule_product_price` (
  `rule_product_price_id` int(10) unsigned NOT NULL AUTO_INCREMENT COMMENT 'Rule Product PriceId',
  `rule_date` date NOT NULL DEFAULT '0000-00-00' COMMENT 'Rule Date',
  `customer_group_id` smallint(5) unsigned NOT NULL DEFAULT '0' COMMENT 'Customer Group Id',
  `product_id` int(10) unsigned NOT NULL DEFAULT '0' COMMENT 'Product Id',
  `rule_price` decimal(12,4) NOT NULL DEFAULT '0.0000' COMMENT 'Rule Price',
  `website_id` smallint(5) unsigned NOT NULL COMMENT 'Website Id',
  `latest_start_date` date DEFAULT NULL COMMENT 'Latest StartDate',
  `earliest_end_date` date DEFAULT NULL COMMENT 'Earliest EndDate',
  PRIMARY KEY (`rule_product_price_id`),
  UNIQUE KEY `UNQ_CATRULE_PRD_PRICE_RULE_DATE_WS_ID_CSTR_GROUP_ID_PRD_ID` (`rule_date`,`website_id`,`customer_group_id`,`product_id`),
  KEY `IDX_CATALOGRULE_PRODUCT_PRICE_CUSTOMER_GROUP_ID` (`customer_group_id`),
  KEY `IDX_CATALOGRULE_PRODUCT_PRICE_WEBSITE_ID` (`website_id`),
  KEY `IDX_CATALOGRULE_PRODUCT_PRICE_PRODUCT_ID` (`product_id`),
  CONSTRAINT `FK_CATALOGRULE_PRODUCT_PRICE_WEBSITE_ID_CORE_WEBSITE_WEBSITE_ID` FOREIGN KEY (`website_id`) REFERENCES `core_website` (`website_id`) ON DELETE CASCADE ON UPDATE CASCADE,
  CONSTRAINT `FK_CATRULE_PRD_PRICE_CSTR_GROUP_ID_CSTR_GROUP_CSTR_GROUP_ID` FOREIGN KEY (`customer_group_id`) REFERENCES `customer_group` (`customer_group_id`) ON DELETE CASCADE ON UPDATE CASCADE,
  CONSTRAINT `FK_CATRULE_PRD_PRICE_PRD_ID_CAT_PRD_ENTT_ENTT_ID` FOREIGN KEY (`product_id`) REFERENCES `catalog_product_entity` (`entity_id`) ON DELETE CASCADE ON UPDATE CASCADE
) ENGINE=InnoDB AUTO_INCREMENT=7375 DEFAULT CHARSET=utf8 COMMENT='CatalogRule Product Price';

/*Data for the table `catalogrule_product_price` */


insert  into `catalogrule_product_price`(`rule_product_price_id`,`rule_date`,`customer_group_id`,`product_id`,`rule_price`,`website_id`,`latest_start_date`,`earliest_end_date`) values (6034,'2008-12-26',0,16,'149.9900',1,'2008-08-06','2009-08-23'),(6035,'2008-12-27',0,16,'149.9900',1,'2008-08-06','2009-08-23'),(6036,'2008-12-28',0,16,'149.9900',1,'2008-08-06','2009-08-23'),(6037,'2008-12-26',0,17,'349.9900',1,'2008-08-06','2009-08-23'),(6038,'2008-12-27',0,17,'349.9900',1,'2008-08-06','2009-08-23'),(6039,'2008-12-28',0,17,'349.9900',1,'2008-08-06','2009-08-23'),(6040,'2008-12-26',0,18,'399.9900',1,'2008-08-06','2009-08-23'),(6041,'2008-12-27',0,18,'399.9900',1,'2008-08-06','2009-08-23'),(6042,'2008-12-28',0,18,'399.9900',1,'2008-08-06','2009-08-23'),(6043,'2008-12-26',0,19,'199.9900',1,'2008-08-06','2009-08-23'),(6044,'2008-12-27',0,19,'199.9900',1,'2008-08-06','2009-08-23'),(6045,'2008-12-28',0,19,'199.9900',1,'2008-08-06','2009-08-23'),(6046,'2008-12-26',0,20,'150.0000',1,'2008-08-06','2009-08-23'),(6047,'2008-12-27',0,20,'150.0000',1,'2008-08-06','2009-08-23'),(6048,'2008-12-28',0,20,'150.0000',1,'2008-08-06','2009-08-23'),(6049,'2008-12-26',0,25,'2299.9900',1,'2008-08-06','2009-08-23'),(6050,'2008-12-27',0,25,'2299.9900',1,'2008-08-06','2009-08-23'),(6051,'2008-12-28',0,25,'2299.9900',1,'2008-08-06','2009-08-23'),(6052,'2008-12-26',0,26,'1799.9900',1,'2008-08-06','2009-08-23'),(6053,'2008-12-27',0,26,'1799.9900',1,'2008-08-06','2009-08-23'),(6054,'2008-12-28',0,26,'1799.9900',1,'2008-08-06','2009-08-23'),(6055,'2008-12-26',0,27,'2699.9900',1,'2008-08-06','2009-08-23'),(6056,'2008-12-27',0,27,'2699.9900',1,'2008-08-06','2009-08-23'),(6057,'2008-12-28',0,27,'2699.9900',1,'2008-08-06','2009-08-23'),(6058,'2008-12-26',0,28,'1599.9900',1,'2008-08-06','2009-08-23'),(6059,'2008-12-27',0,28,'1599.9900',1,'2008-08-06','2009-08-23'),(6060,'2008-12-28',0,28,'1599.9900',1,'2008-08-06','2009-08-23'),(6061,'2008-12-26',0,29,'15.9900',1,'2008-08-25','2009-01-31'),(6062,'2008-12-27',0,29,'15.9900',1,'2008-08-25','2009-01-31'),(6063,'2008-12-28',0,29,'15.9900',1,'2008-08-25','2009-01-31'),(6064,'2008-12-26',0,30,'134.9900',1,'2008-08-06','2009-08-23'),(6065,'2008-12-27',0,30,'134.9900',1,'2008-08-06','2009-08-23'),(6066,'2008-12-28',0,30,'134.9900',1,'2008-08-06','2009-08-23'),(6067,'2008-12-26',0,31,'69.9900',1,'2008-08-25','2009-01-31'),(6068,'2008-12-27',0,31,'69.9900',1,'2008-08-25','2009-01-31'),(6069,'2008-12-28',0,31,'69.9900',1,'2008-08-25','2009-01-31'),(6070,'2008-12-26',0,32,'89.9900',1,'2008-08-25','2009-01-31'),(6071,'2008-12-27',0,32,'89.9900',1,'2008-08-25','2009-01-31'),(6072,'2008-12-28',0,32,'89.9900',1,'2008-08-25','2009-01-31'),(6073,'2008-12-26',0,33,'159.9900',1,'2008-08-06','2009-08-23'),(6074,'2008-12-27',0,33,'159.9900',1,'2008-08-06','2009-08-23'),(6075,'2008-12-28',0,33,'159.9900',1,'2008-08-06','2009-08-23'),(6076,'2008-12-26',0,34,'160.9900',1,'2008-08-06','2009-08-23'),(6077,'2008-12-27',0,34,'160.9900',1,'2008-08-06','2009-08-23'),(6078,'2008-12-28',0,34,'160.9900',1,'2008-08-06','2009-08-23'),(6079,'2008-12-26',0,35,'15.0000',1,'2008-08-28','2009-01-31'),(6080,'2008-12-27',0,35,'15.0000',1,'2008-08-28','2009-01-31'),(6081,'2008-12-28',0,35,'15.0000',1,'2008-08-28','2009-01-31'),(6082,'2008-12-26',0,36,'22.0000',1,'2008-08-28','2009-01-31'),(6083,'2008-12-27',0,36,'22.0000',1,'2008-08-28','2009-01-31'),(6084,'2008-12-28',0,36,'22.0000',1,'2008-08-28','2009-01-31'),(6085,'2008-12-26',0,37,'15.0000',1,'2008-08-28','2009-01-31'),(6086,'2008-12-27',0,37,'15.0000',1,'2008-08-28','2009-01-31'),(6087,'2008-12-28',0,37,'15.0000',1,'2008-08-28','2009-01-31'),(6088,'2008-12-26',0,38,'13.5000',1,'2008-08-25','2009-01-31'),(6089,'2008-12-27',0,38,'13.5000',1,'2008-08-25','2009-01-31'),(6090,'2008-12-28',0,38,'13.5000',1,'2008-08-25','2009-01-31'),(6091,'2008-12-26',0,39,'30.0000',1,'2008-08-28','2009-01-31'),(6092,'2008-12-27',0,39,'30.0000',1,'2008-08-28','2009-01-31'),(6093,'2008-12-28',0,39,'30.0000',1,'2008-08-28','2009-01-31'),(6094,'2008-12-26',0,41,'399.9900',1,'2008-08-24','2009-09-28'),(6095,'2008-12-27',0,41,'399.9900',1,'2008-08-24','2009-09-28'),(6096,'2008-12-28',0,41,'399.9900',1,'2008-08-24','2009-09-28'),(6097,'2008-12-26',0,42,'2299.0000',1,'2008-08-06','2009-08-23'),(6098,'2008-12-27',0,42,'2299.0000',1,'2008-08-06','2009-08-23'),(6099,'2008-12-28',0,42,'2299.0000',1,'2008-08-06','2009-08-23'),(6100,'2008-12-26',0,44,'550.0000',1,'2008-08-06','2009-08-23'),(6101,'2008-12-27',0,44,'550.0000',1,'2008-08-06','2009-08-23'),(6102,'2008-12-28',0,44,'550.0000',1,'2008-08-06','2009-08-23'),(6103,'2008-12-26',0,45,'37.4900',1,'2008-08-25','2009-01-31'),(6104,'2008-12-27',0,45,'37.4900',1,'2008-08-25','2009-01-31'),(6105,'2008-12-28',0,45,'37.4900',1,'2008-08-25','2009-01-31'),(6106,'2008-12-26',0,46,'161.9400',1,'2008-08-06','2009-08-23'),(6107,'2008-12-27',0,46,'161.9400',1,'2008-08-06','2009-08-23'),(6108,'2008-12-28',0,46,'161.9400',1,'2008-08-06','2009-08-23'),(6109,'2008-12-26',0,47,'329.9900',1,'2008-08-06','2009-08-23'),(6110,'2008-12-27',0,47,'329.9900',1,'2008-08-06','2009-08-23'),(6111,'2008-12-28',0,47,'329.9900',1,'2008-08-06','2009-08-23'),(6112,'2008-12-26',0,48,'199.9900',1,'2008-08-06','2009-08-23'),(6113,'2008-12-27',0,48,'199.9900',1,'2008-08-06','2009-08-23'),(6114,'2008-12-28',0,48,'199.9900',1,'2008-08-06','2009-08-23'),(6115,'2008-12-26',0,49,'41.9500',1,'2008-08-25','2009-01-31'),(6116,'2008-12-27',0,49,'41.9500',1,'2008-08-25','2009-01-31'),(6117,'2008-12-28',0,49,'41.9500',1,'2008-08-25','2009-01-31'),(6118,'2008-12-26',0,51,'299.9900',1,'2008-08-06','2009-08-23'),(6119,'2008-12-27',0,51,'299.9900',1,'2008-08-06','2009-08-23'),(6120,'2008-12-28',0,51,'299.9900',1,'2008-08-06','2009-08-23'),(6121,'2008-12-26',0,52,'129.9900',1,'2008-08-24','2009-09-28'),(6122,'2008-12-27',0,52,'129.9900',1,'2008-08-24','2009-09-28'),(6123,'2008-12-28',0,52,'129.9900',1,'2008-08-24','2009-09-28'),(6124,'2008-12-26',0,53,'599.9900',1,'2008-08-06','2009-08-23'),(6125,'2008-12-27',0,53,'599.9900',1,'2008-08-06','2009-08-23'),(6126,'2008-12-28',0,53,'599.9900',1,'2008-08-06','2009-08-23'),(6127,'2008-12-26',0,54,'699.9900',1,'2008-08-06','2009-08-23'),(6128,'2008-12-27',0,54,'699.9900',1,'2008-08-06','2009-08-23'),(6129,'2008-12-28',0,54,'699.9900',1,'2008-08-06','2009-08-23'),(6130,'2008-12-26',0,74,'41.9500',1,'2008-08-25','2009-01-31'),(6131,'2008-12-27',0,74,'41.9500',1,'2008-08-25','2009-01-31'),(6132,'2008-12-28',0,74,'41.9500',1,'2008-08-25','2009-01-31'),(6136,'2008-12-26',0,75,'41.9500',1,'2008-08-25','2009-01-31'),(6137,'2008-12-27',0,75,'41.9500',1,'2008-08-25','2009-01-31'),(6138,'2008-12-28',0,75,'41.9500',1,'2008-08-25','2009-01-31'),(6139,'2008-12-26',0,79,'41.9500',1,'2008-08-25','2009-01-31'),(6140,'2008-12-27',0,79,'41.9500',1,'2008-08-25','2009-01-31'),(6141,'2008-12-28',0,79,'41.9500',1,'2008-08-25','2009-01-31'),(6142,'2008-12-26',0,80,'41.9500',1,'2008-08-25','2009-01-31'),(6143,'2008-12-27',0,80,'41.9500',1,'2008-08-25','2009-01-31'),(6144,'2008-12-28',0,80,'41.9500',1,'2008-08-25','2009-01-31'),(6145,'2008-12-26',0,81,'41.9500',1,'2008-08-25','2009-01-31'),(6146,'2008-12-27',0,81,'41.9500',1,'2008-08-25','2009-01-31'),(6147,'2008-12-28',0,81,'41.9500',1,'2008-08-25','2009-01-31'),(6148,'2008-12-26',0,82,'41.9500',1,'2008-08-25','2009-01-31'),(6149,'2008-12-27',0,82,'41.9500',1,'2008-08-25','2009-01-31'),(6150,'2008-12-28',0,82,'41.9500',1,'2008-08-25','2009-01-31'),(6151,'2008-12-26',0,83,'15.9900',1,'2008-08-25','2009-01-31'),(6152,'2008-12-27',0,83,'15.9900',1,'2008-08-25','2009-01-31'),(6153,'2008-12-28',0,83,'15.9900',1,'2008-08-25','2009-01-31'),(6154,'2008-12-26',0,84,'15.9900',1,'2008-08-25','2009-01-31'),(6155,'2008-12-27',0,84,'15.9900',1,'2008-08-25','2009-01-31'),(6156,'2008-12-28',0,84,'15.9900',1,'2008-08-25','2009-01-31'),(6157,'2008-12-26',0,85,'15.9900',1,'2008-08-25','2009-01-31'),(6158,'2008-12-27',0,85,'15.9900',1,'2008-08-25','2009-01-31'),(6159,'2008-12-28',0,85,'15.9900',1,'2008-08-25','2009-01-31'),(6160,'2008-12-26',0,86,'15.9900',1,'2008-08-25','2009-01-31'),(6161,'2008-12-27',0,86,'15.9900',1,'2008-08-25','2009-01-31'),(6162,'2008-12-28',0,86,'15.9900',1,'2008-08-25','2009-01-31'),(6163,'2008-12-26',0,87,'15.9900',1,'2008-08-25','2009-01-31'),(6164,'2008-12-27',0,87,'15.9900',1,'2008-08-25','2009-01-31'),(6165,'2008-12-28',0,87,'15.9900',1,'2008-08-25','2009-01-31'),(6166,'2008-12-26',0,88,'15.9900',1,'2008-08-25','2009-01-31'),(6167,'2008-12-27',0,88,'15.9900',1,'2008-08-25','2009-01-31'),(6168,'2008-12-28',0,88,'15.9900',1,'2008-08-25','2009-01-31'),(6169,'2008-12-26',0,89,'15.9900',1,'2008-08-25','2009-01-31'),(6170,'2008-12-27',0,89,'15.9900',1,'2008-08-25','2009-01-31'),(6171,'2008-12-28',0,89,'15.9900',1,'2008-08-25','2009-01-31'),(6172,'2008-12-26',0,90,'15.9900',1,'2008-08-25','2009-01-31'),(6173,'2008-12-27',0,90,'15.9900',1,'2008-08-25','2009-01-31'),(6174,'2008-12-28',0,90,'15.9900',1,'2008-08-25','2009-01-31'),(6175,'2008-12-26',0,91,'15.9900',1,'2008-08-25','2009-01-31'),(6176,'2008-12-27',0,91,'15.9900',1,'2008-08-25','2009-01-31'),(6177,'2008-12-28',0,91,'15.9900',1,'2008-08-25','2009-01-31'),(6178,'2008-12-26',0,92,'15.9900',1,'2008-08-25','2009-01-31'),(6179,'2008-12-27',0,92,'15.9900',1,'2008-08-25','2009-01-31'),(6180,'2008-12-28',0,92,'15.9900',1,'2008-08-25','2009-01-31'),(6181,'2008-12-26',0,93,'134.9900',1,'2008-08-06','2009-08-23'),(6182,'2008-12-27',0,93,'134.9900',1,'2008-08-06','2009-08-23'),(6183,'2008-12-28',0,93,'134.9900',1,'2008-08-06','2009-08-23'),(6184,'2008-12-26',0,94,'134.9900',1,'2008-08-06','2009-08-23'),(6185,'2008-12-27',0,94,'134.9900',1,'2008-08-06','2009-08-23'),(6186,'2008-12-28',0,94,'134.9900',1,'2008-08-06','2009-08-23'),(6187,'2008-12-26',0,95,'134.9900',1,'2008-08-06','2009-08-23'),(6188,'2008-12-27',0,95,'134.9900',1,'2008-08-06','2009-08-23'),(6189,'2008-12-28',0,95,'134.9900',1,'2008-08-06','2009-08-23'),(6190,'2008-12-26',0,96,'134.9900',1,'2008-08-06','2009-08-23'),(6191,'2008-12-27',0,96,'134.9900',1,'2008-08-06','2009-08-23'),(6192,'2008-12-28',0,96,'134.9900',1,'2008-08-06','2009-08-23'),(6193,'2008-12-26',0,97,'134.9900',1,'2008-08-06','2009-08-23'),(6194,'2008-12-27',0,97,'134.9900',1,'2008-08-06','2009-08-23'),(6195,'2008-12-28',0,97,'134.9900',1,'2008-08-06','2009-08-23'),(6196,'2008-12-26',0,98,'160.9900',1,'2008-08-06','2009-08-23'),(6197,'2008-12-27',0,98,'160.9900',1,'2008-08-06','2009-08-23'),(6198,'2008-12-28',0,98,'160.9900',1,'2008-08-06','2009-08-23'),(6199,'2008-12-26',0,99,'160.9900',1,'2008-08-06','2009-08-23'),(6200,'2008-12-27',0,99,'160.9900',1,'2008-08-06','2009-08-23'),(6201,'2008-12-28',0,99,'160.9900',1,'2008-08-06','2009-08-23'),(6202,'2008-12-26',0,100,'160.9900',1,'2008-08-06','2009-08-23'),(6203,'2008-12-27',0,100,'160.9900',1,'2008-08-06','2009-08-23'),(6204,'2008-12-28',0,100,'160.9900',1,'2008-08-06','2009-08-23'),(6205,'2008-12-26',0,101,'160.9900',1,'2008-08-06','2009-08-23'),(6206,'2008-12-27',0,101,'160.9900',1,'2008-08-06','2009-08-23'),(6207,'2008-12-28',0,101,'160.9900',1,'2008-08-06','2009-08-23'),(6208,'2008-12-26',0,102,'160.9900',1,'2008-08-06','2009-08-23'),(6209,'2008-12-27',0,102,'160.9900',1,'2008-08-06','2009-08-23'),(6210,'2008-12-28',0,102,'160.9900',1,'2008-08-06','2009-08-23'),(6211,'2008-12-26',0,103,'69.9900',1,'2008-08-25','2009-01-31'),(6212,'2008-12-27',0,103,'69.9900',1,'2008-08-25','2009-01-31'),(6213,'2008-12-28',0,103,'69.9900',1,'2008-08-25','2009-01-31'),(6214,'2008-12-26',0,104,'69.9900',1,'2008-08-25','2009-01-31'),(6215,'2008-12-27',0,104,'69.9900',1,'2008-08-25','2009-01-31'),(6216,'2008-12-28',0,104,'69.9900',1,'2008-08-25','2009-01-31'),(6217,'2008-12-26',0,105,'69.9900',1,'2008-08-25','2009-01-31'),(6218,'2008-12-27',0,105,'69.9900',1,'2008-08-25','2009-01-31'),(6219,'2008-12-28',0,105,'69.9900',1,'2008-08-25','2009-01-31'),(6220,'2008-12-26',0,106,'69.9900',1,'2008-08-25','2009-01-31'),(6221,'2008-12-27',0,106,'69.9900',1,'2008-08-25','2009-01-31'),(6222,'2008-12-28',0,106,'69.9900',1,'2008-08-25','2009-01-31'),(6223,'2008-12-26',0,107,'69.9900',1,'2008-08-25','2009-01-31'),(6224,'2008-12-27',0,107,'69.9900',1,'2008-08-25','2009-01-31'),(6225,'2008-12-28',0,107,'69.9900',1,'2008-08-25','2009-01-31'),(6226,'2008-12-26',0,108,'89.9900',1,'2008-08-25','2009-01-31'),(6227,'2008-12-27',0,108,'89.9900',1,'2008-08-25','2009-01-31'),(6228,'2008-12-28',0,108,'89.9900',1,'2008-08-25','2009-01-31'),(6229,'2008-12-26',0,109,'89.9900',1,'2008-08-25','2009-01-31'),(6230,'2008-12-27',0,109,'89.9900',1,'2008-08-25','2009-01-31'),(6231,'2008-12-28',0,109,'89.9900',1,'2008-08-25','2009-01-31'),(6232,'2008-12-26',0,110,'89.9900',1,'2008-08-25','2009-01-31'),(6233,'2008-12-27',0,110,'89.9900',1,'2008-08-25','2009-01-31'),(6234,'2008-12-28',0,110,'89.9900',1,'2008-08-25','2009-01-31'),(6238,'2008-12-26',0,111,'89.9900',1,'2008-08-25','2009-01-31'),(6239,'2008-12-27',0,111,'89.9900',1,'2008-08-25','2009-01-31'),(6240,'2008-12-28',0,111,'89.9900',1,'2008-08-25','2009-01-31'),(6241,'2008-12-26',0,112,'159.9900',1,'2008-08-06','2009-08-23'),(6242,'2008-12-27',0,112,'159.9900',1,'2008-08-06','2009-08-23'),(6243,'2008-12-28',0,112,'159.9900',1,'2008-08-06','2009-08-23'),(6244,'2008-12-26',0,113,'159.9900',1,'2008-08-06','2009-08-23'),(6245,'2008-12-27',0,113,'159.9900',1,'2008-08-06','2009-08-23'),(6246,'2008-12-28',0,113,'159.9900',1,'2008-08-06','2009-08-23'),(6247,'2008-12-26',0,114,'159.9900',1,'2008-08-06','2009-08-23'),(6248,'2008-12-27',0,114,'159.9900',1,'2008-08-06','2009-08-23'),(6249,'2008-12-28',0,114,'159.9900',1,'2008-08-06','2009-08-23'),(6250,'2008-12-26',0,115,'159.9900',1,'2008-08-06','2009-08-23'),(6251,'2008-12-27',0,115,'159.9900',1,'2008-08-06','2009-08-23'),(6252,'2008-12-28',0,115,'159.9900',1,'2008-08-06','2009-08-23'),(6253,'2008-12-26',0,117,'15.0000',1,'2008-08-28','2009-01-31'),(6254,'2008-12-27',0,117,'15.0000',1,'2008-08-28','2009-01-31'),(6255,'2008-12-28',0,117,'15.0000',1,'2008-08-28','2009-01-31'),(6256,'2008-12-26',0,118,'15.0000',1,'2008-08-25','2009-01-31'),(6257,'2008-12-27',0,118,'15.0000',1,'2008-08-25','2009-01-31'),(6258,'2008-12-28',0,118,'15.0000',1,'2008-08-25','2009-01-31'),(6259,'2008-12-26',0,119,'15.0000',1,'2008-08-28','2009-01-31'),(6260,'2008-12-27',0,119,'15.0000',1,'2008-08-28','2009-01-31'),(6261,'2008-12-28',0,119,'15.0000',1,'2008-08-28','2009-01-31'),(6262,'2008-12-26',0,120,'22.0000',1,'2008-08-25','2009-01-31'),(6263,'2008-12-27',0,120,'22.0000',1,'2008-08-25','2009-01-31'),(6264,'2008-12-28',0,120,'22.0000',1,'2008-08-25','2009-01-31'),(6265,'2008-12-26',0,121,'22.0000',1,'2008-08-28','2009-01-31'),(6266,'2008-12-27',0,121,'22.0000',1,'2008-08-28','2009-01-31'),(6267,'2008-12-28',0,121,'22.0000',1,'2008-08-28','2009-01-31'),(6268,'2008-12-26',0,122,'22.0000',1,'2008-08-28','2009-01-31'),(6269,'2008-12-27',0,122,'22.0000',1,'2008-08-28','2009-01-31'),(6270,'2008-12-28',0,122,'22.0000',1,'2008-08-28','2009-01-31'),(6271,'2008-12-26',0,123,'100.0000',1,'2008-08-25','2009-01-31'),(6272,'2008-12-27',0,123,'100.0000',1,'2008-08-25','2009-01-31'),(6273,'2008-12-28',0,123,'100.0000',1,'2008-08-25','2009-01-31'),(6274,'2008-12-26',0,124,'15.0000',1,'2008-08-28','2009-01-31'),(6275,'2008-12-27',0,124,'15.0000',1,'2008-08-28','2009-01-31'),(6276,'2008-12-28',0,124,'15.0000',1,'2008-08-28','2009-01-31'),(6277,'2008-12-26',0,125,'15.0000',1,'2008-08-25','2009-01-31'),(6278,'2008-12-27',0,125,'15.0000',1,'2008-08-25','2009-01-31'),(6279,'2008-12-28',0,125,'15.0000',1,'2008-08-25','2009-01-31'),(6280,'2008-12-26',0,126,'13.5000',1,'2008-08-28','2009-01-31'),(6281,'2008-12-27',0,126,'13.5000',1,'2008-08-28','2009-01-31'),(6282,'2008-12-28',0,126,'13.5000',1,'2008-08-28','2009-01-31'),(6283,'2008-12-26',0,127,'13.5000',1,'2008-08-28','2009-01-31'),(6284,'2008-12-27',0,127,'13.5000',1,'2008-08-28','2009-01-31'),(6285,'2008-12-28',0,127,'13.5000',1,'2008-08-28','2009-01-31'),(6286,'2008-12-26',0,128,'13.5000',1,'2008-08-28','2009-01-31'),(6287,'2008-12-27',0,128,'13.5000',1,'2008-08-28','2009-01-31'),(6288,'2008-12-28',0,128,'13.5000',1,'2008-08-28','2009-01-31'),(6289,'2008-12-26',0,129,'13.5000',1,'2008-08-28','2009-01-31'),(6290,'2008-12-27',0,129,'13.5000',1,'2008-08-28','2009-01-31'),(6291,'2008-12-28',0,129,'13.5000',1,'2008-08-28','2009-01-31'),(6292,'2008-12-26',0,130,'13.5000',1,'2008-08-25','2009-01-31'),(6293,'2008-12-27',0,130,'13.5000',1,'2008-08-25','2009-01-31'),(6294,'2008-12-28',0,130,'13.5000',1,'2008-08-25','2009-01-31'),(6295,'2008-12-26',0,131,'13.5000',1,'2008-08-28','2009-01-31'),(6296,'2008-12-27',0,131,'13.5000',1,'2008-08-28','2009-01-31'),(6297,'2008-12-28',0,131,'13.5000',1,'2008-08-28','2009-01-31'),(6298,'2008-12-26',0,132,'99.0000',1,'2008-08-25','2009-01-31'),(6299,'2008-12-27',0,132,'99.0000',1,'2008-08-25','2009-01-31'),(6300,'2008-12-28',0,132,'99.0000',1,'2008-08-25','2009-01-31'),(6301,'2008-12-26',0,133,'34.0000',1,'2008-08-25','2009-01-31'),(6302,'2008-12-27',0,133,'34.0000',1,'2008-08-25','2009-01-31'),(6303,'2008-12-28',0,133,'34.0000',1,'2008-08-25','2009-01-31'),(6304,'2008-12-26',0,134,'19.0000',1,'2008-08-25','2009-01-31'),(6305,'2008-12-27',0,134,'19.0000',1,'2008-08-25','2009-01-31'),(6306,'2008-12-28',0,134,'19.0000',1,'2008-08-25','2009-01-31'),(6307,'2008-12-26',0,135,'41.9500',1,'2008-08-25','2009-01-31'),(6308,'2008-12-27',0,135,'41.9500',1,'2008-08-25','2009-01-31'),(6309,'2008-12-28',0,135,'41.9500',1,'2008-08-25','2009-01-31'),(6310,'2008-12-26',0,137,'13.5000',1,'2008-08-28','2009-01-31'),(6311,'2008-12-27',0,137,'13.5000',1,'2008-08-28','2009-01-31'),(6312,'2008-12-28',0,137,'13.5000',1,'2008-08-28','2009-01-31'),(6313,'2008-12-26',0,138,'150.0000',1,'2008-08-06','2009-08-23'),(6314,'2008-12-27',0,138,'150.0000',1,'2008-08-06','2009-08-23'),(6315,'2008-12-28',0,138,'150.0000',1,'2008-08-06','2009-08-23'),(6316,'2008-12-26',0,139,'199.9900',1,'2008-08-06','2009-08-23'),(6317,'2008-12-27',0,139,'199.9900',1,'2008-08-06','2009-08-23'),(6318,'2008-12-28',0,139,'199.9900',1,'2008-08-06','2009-08-23'),(6319,'2008-12-26',0,142,'150.0000',1,'2008-08-06','2009-08-23'),(6320,'2008-12-27',0,142,'150.0000',1,'2008-08-06','2009-08-23'),(6321,'2008-12-28',0,142,'150.0000',1,'2008-08-06','2009-08-23'),(6322,'2008-12-26',0,144,'250.0000',1,'2008-08-06','2009-08-23'),(6323,'2008-12-27',0,144,'250.0000',1,'2008-08-06','2009-08-23'),(6324,'2008-12-28',0,144,'250.0000',1,'2008-08-06','2009-08-23'),(6325,'2008-12-26',0,146,'325.0000',1,'2008-08-06','2009-08-23'),(6326,'2008-12-27',0,146,'325.0000',1,'2008-08-06','2009-08-23'),(6327,'2008-12-28',0,146,'325.0000',1,'2008-08-06','2009-08-23'),(6328,'2008-12-26',0,164,'4999.9500',1,'2008-08-06','2009-08-23'),(6329,'2008-12-27',0,164,'4999.9500',1,'2008-08-06','2009-08-23'),(6330,'2008-12-28',0,164,'4999.9500',1,'2008-08-06','2009-08-23'),(6331,'2008-12-26',1,16,'149.9900',1,'2008-08-06','2009-08-23'),(6332,'2008-12-27',1,16,'149.9900',1,'2008-08-06','2009-08-23'),(6333,'2008-12-28',1,16,'149.9900',1,'2008-08-06','2009-08-23'),(6334,'2008-12-26',1,17,'349.9900',1,'2008-08-06','2009-08-23'),(6335,'2008-12-27',1,17,'349.9900',1,'2008-08-06','2009-08-23'),(6336,'2008-12-28',1,17,'349.9900',1,'2008-08-06','2009-08-23'),(6337,'2008-12-26',1,18,'399.9900',1,'2008-08-06','2009-08-23'),(6338,'2008-12-27',1,18,'399.9900',1,'2008-08-06','2009-08-23'),(6339,'2008-12-28',1,18,'399.9900',1,'2008-08-06','2009-08-23'),(6340,'2008-12-26',1,19,'199.9900',1,'2008-08-06','2009-08-23'),(6341,'2008-12-27',1,19,'199.9900',1,'2008-08-06','2009-08-23'),(6342,'2008-12-28',1,19,'199.9900',1,'2008-08-06','2009-08-23'),(6343,'2008-12-26',1,20,'150.0000',1,'2008-08-06','2009-08-23'),(6344,'2008-12-27',1,20,'150.0000',1,'2008-08-06','2009-08-23'),(6345,'2008-12-28',1,20,'150.0000',1,'2008-08-06','2009-08-23'),(6346,'2008-12-26',1,25,'2299.9900',1,'2008-08-06','2009-08-23'),(6347,'2008-12-27',1,25,'2299.9900',1,'2008-08-06','2009-08-23'),(6348,'2008-12-28',1,25,'2299.9900',1,'2008-08-06','2009-08-23'),(6349,'2008-12-26',1,26,'1799.9900',1,'2008-08-06','2009-08-23'),(6350,'2008-12-27',1,26,'1799.9900',1,'2008-08-06','2009-08-23'),(6351,'2008-12-28',1,26,'1799.9900',1,'2008-08-06','2009-08-23'),(6352,'2008-12-26',1,27,'2699.9900',1,'2008-08-06','2009-08-23'),(6353,'2008-12-27',1,27,'2699.9900',1,'2008-08-06','2009-08-23'),(6354,'2008-12-28',1,27,'2699.9900',1,'2008-08-06','2009-08-23'),(6355,'2008-12-26',1,28,'1599.9900',1,'2008-08-06','2009-08-23'),(6356,'2008-12-27',1,28,'1599.9900',1,'2008-08-06','2009-08-23'),(6357,'2008-12-28',1,28,'1599.9900',1,'2008-08-06','2009-08-23'),(6358,'2008-12-26',1,29,'15.9900',1,'2008-08-25','2009-01-31'),(6359,'2008-12-27',1,29,'15.9900',1,'2008-08-25','2009-01-31'),(6360,'2008-12-28',1,29,'15.9900',1,'2008-08-25','2009-01-31'),(6361,'2008-12-26',1,30,'134.9900',1,'2008-08-06','2009-08-23'),(6362,'2008-12-27',1,30,'134.9900',1,'2008-08-06','2009-08-23'),(6363,'2008-12-28',1,30,'134.9900',1,'2008-08-06','2009-08-23'),(6364,'2008-12-26',1,31,'69.9900',1,'2008-08-25','2009-01-31'),(6365,'2008-12-27',1,31,'69.9900',1,'2008-08-25','2009-01-31'),(6366,'2008-12-28',1,31,'69.9900',1,'2008-08-25','2009-01-31'),(6367,'2008-12-26',1,32,'89.9900',1,'2008-08-25','2009-01-31'),(6368,'2008-12-27',1,32,'89.9900',1,'2008-08-25','2009-01-31'),(6369,'2008-12-28',1,32,'89.9900',1,'2008-08-25','2009-01-31'),(6370,'2008-12-26',1,33,'159.9900',1,'2008-08-06','2009-08-23'),(6371,'2008-12-27',1,33,'159.9900',1,'2008-08-06','2009-08-23'),(6372,'2008-12-28',1,33,'159.9900',1,'2008-08-06','2009-08-23'),(6373,'2008-12-26',1,34,'160.9900',1,'2008-08-06','2009-08-23'),(6374,'2008-12-27',1,34,'160.9900',1,'2008-08-06','2009-08-23'),(6375,'2008-12-28',1,34,'160.9900',1,'2008-08-06','2009-08-23'),(6376,'2008-12-26',1,35,'15.0000',1,'2008-08-25','2009-01-31'),(6377,'2008-12-27',1,35,'15.0000',1,'2008-08-25','2009-01-31'),(6378,'2008-12-28',1,35,'15.0000',1,'2008-08-25','2009-01-31'),(6379,'2008-12-26',1,36,'22.0000',1,'2008-08-28','2009-01-31'),(6380,'2008-12-27',1,36,'22.0000',1,'2008-08-28','2009-01-31'),(6381,'2008-12-28',1,36,'22.0000',1,'2008-08-28','2009-01-31'),(6382,'2008-12-26',1,37,'15.0000',1,'2008-08-28','2009-01-31'),(6383,'2008-12-27',1,37,'15.0000',1,'2008-08-28','2009-01-31'),(6384,'2008-12-28',1,37,'15.0000',1,'2008-08-28','2009-01-31'),(6385,'2008-12-26',1,38,'13.5000',1,'2008-08-28','2009-01-31'),(6386,'2008-12-27',1,38,'13.5000',1,'2008-08-28','2009-01-31'),(6387,'2008-12-28',1,38,'13.5000',1,'2008-08-28','2009-01-31'),(6388,'2008-12-26',1,39,'30.0000',1,'2008-08-28','2009-01-31'),(6389,'2008-12-27',1,39,'30.0000',1,'2008-08-28','2009-01-31'),(6390,'2008-12-28',1,39,'30.0000',1,'2008-08-28','2009-01-31'),(6391,'2008-12-26',1,41,'399.9900',1,'2008-08-24','2009-08-23'),(6392,'2008-12-27',1,41,'399.9900',1,'2008-08-24','2009-08-23'),(6393,'2008-12-28',1,41,'399.9900',1,'2008-08-24','2009-08-23'),(6394,'2008-12-26',1,42,'2299.0000',1,'2008-08-06','2009-08-23'),(6395,'2008-12-27',1,42,'2299.0000',1,'2008-08-06','2009-08-23'),(6396,'2008-12-28',1,42,'2299.0000',1,'2008-08-06','2009-08-23'),(6397,'2008-12-26',1,44,'550.0000',1,'2008-08-06','2009-08-23'),(6398,'2008-12-27',1,44,'550.0000',1,'2008-08-06','2009-08-23'),(6399,'2008-12-28',1,44,'550.0000',1,'2008-08-06','2009-08-23'),(6400,'2008-12-26',1,45,'37.4900',1,'2008-08-25','2009-01-31'),(6401,'2008-12-27',1,45,'37.4900',1,'2008-08-25','2009-01-31'),(6402,'2008-12-28',1,45,'37.4900',1,'2008-08-25','2009-01-31'),(6403,'2008-12-26',1,46,'161.9400',1,'2008-08-06','2009-08-23'),(6404,'2008-12-27',1,46,'161.9400',1,'2008-08-06','2009-08-23'),(6405,'2008-12-28',1,46,'161.9400',1,'2008-08-06','2009-08-23'),(6406,'2008-12-26',1,47,'329.9900',1,'2008-08-06','2009-08-23'),(6407,'2008-12-27',1,47,'329.9900',1,'2008-08-06','2009-08-23'),(6408,'2008-12-28',1,47,'329.9900',1,'2008-08-06','2009-08-23'),(6409,'2008-12-26',1,48,'199.9900',1,'2008-08-06','2009-08-23'),(6410,'2008-12-27',1,48,'199.9900',1,'2008-08-06','2009-08-23'),(6411,'2008-12-28',1,48,'199.9900',1,'2008-08-06','2009-08-23'),(6412,'2008-12-26',1,49,'41.9500',1,'2008-08-25','2009-01-31'),(6413,'2008-12-27',1,49,'41.9500',1,'2008-08-25','2009-01-31'),(6414,'2008-12-28',1,49,'41.9500',1,'2008-08-25','2009-01-31'),(6415,'2008-12-26',1,51,'299.9900',1,'2008-08-06','2009-08-23'),(6416,'2008-12-27',1,51,'299.9900',1,'2008-08-06','2009-08-23'),(6417,'2008-12-28',1,51,'299.9900',1,'2008-08-06','2009-08-23'),(6418,'2008-12-26',1,52,'129.9900',1,'2008-08-24','2009-09-28'),(6419,'2008-12-27',1,52,'129.9900',1,'2008-08-24','2009-09-28'),(6420,'2008-12-28',1,52,'129.9900',1,'2008-08-24','2009-09-28'),(6421,'2008-12-26',1,53,'599.9900',1,'2008-08-06','2009-08-23'),(6422,'2008-12-27',1,53,'599.9900',1,'2008-08-06','2009-08-23'),(6423,'2008-12-28',1,53,'599.9900',1,'2008-08-06','2009-08-23'),(6424,'2008-12-26',1,54,'699.9900',1,'2008-08-06','2009-08-23'),(6425,'2008-12-27',1,54,'699.9900',1,'2008-08-06','2009-08-23'),(6426,'2008-12-28',1,54,'699.9900',1,'2008-08-06','2009-08-23'),(6427,'2008-12-26',1,74,'41.9500',1,'2008-08-25','2009-01-31'),(6428,'2008-12-27',1,74,'41.9500',1,'2008-08-25','2009-01-31'),(6429,'2008-12-28',1,74,'41.9500',1,'2008-08-25','2009-01-31'),(6430,'2008-12-26',1,75,'41.9500',1,'2008-08-25','2009-01-31'),(6431,'2008-12-27',1,75,'41.9500',1,'2008-08-25','2009-01-31'),(6432,'2008-12-28',1,75,'41.9500',1,'2008-08-25','2009-01-31'),(6433,'2008-12-26',1,79,'41.9500',1,'2008-08-25','2009-01-31'),(6434,'2008-12-27',1,79,'41.9500',1,'2008-08-25','2009-01-31'),(6435,'2008-12-28',1,79,'41.9500',1,'2008-08-25','2009-01-31'),(6436,'2008-12-26',1,80,'41.9500',1,'2008-08-25','2009-01-31'),(6437,'2008-12-27',1,80,'41.9500',1,'2008-08-25','2009-01-31'),(6438,'2008-12-28',1,80,'41.9500',1,'2008-08-25','2009-01-31'),(6439,'2008-12-26',1,81,'41.9500',1,'2008-08-25','2009-01-31'),(6440,'2008-12-27',1,81,'41.9500',1,'2008-08-25','2009-01-31'),(6441,'2008-12-28',1,81,'41.9500',1,'2008-08-25','2009-01-31'),(6442,'2008-12-26',1,82,'41.9500',1,'2008-08-25','2009-01-31'),(6443,'2008-12-27',1,82,'41.9500',1,'2008-08-25','2009-01-31'),(6444,'2008-12-28',1,82,'41.9500',1,'2008-08-25','2009-01-31'),(6445,'2008-12-26',1,83,'15.9900',1,'2008-08-25','2009-01-31'),(6446,'2008-12-27',1,83,'15.9900',1,'2008-08-25','2009-01-31'),(6447,'2008-12-28',1,83,'15.9900',1,'2008-08-25','2009-01-31'),(6448,'2008-12-26',1,84,'15.9900',1,'2008-08-25','2009-01-31'),(6449,'2008-12-27',1,84,'15.9900',1,'2008-08-25','2009-01-31'),(6450,'2008-12-28',1,84,'15.9900',1,'2008-08-25','2009-01-31'),(6451,'2008-12-26',1,85,'15.9900',1,'2008-08-25','2009-01-31'),(6452,'2008-12-27',1,85,'15.9900',1,'2008-08-25','2009-01-31'),(6453,'2008-12-28',1,85,'15.9900',1,'2008-08-25','2009-01-31'),(6454,'2008-12-26',1,86,'15.9900',1,'2008-08-25','2009-01-31'),(6455,'2008-12-27',1,86,'15.9900',1,'2008-08-25','2009-01-31'),(6456,'2008-12-28',1,86,'15.9900',1,'2008-08-25','2009-01-31'),(6457,'2008-12-26',1,87,'15.9900',1,'2008-08-25','2009-01-31'),(6458,'2008-12-27',1,87,'15.9900',1,'2008-08-25','2009-01-31'),(6459,'2008-12-28',1,87,'15.9900',1,'2008-08-25','2009-01-31'),(6460,'2008-12-26',1,88,'15.9900',1,'2008-08-25','2009-01-31'),(6461,'2008-12-27',1,88,'15.9900',1,'2008-08-25','2009-01-31'),(6462,'2008-12-28',1,88,'15.9900',1,'2008-08-25','2009-01-31'),(6463,'2008-12-26',1,89,'15.9900',1,'2008-08-25','2009-01-31'),(6464,'2008-12-27',1,89,'15.9900',1,'2008-08-25','2009-01-31'),(6465,'2008-12-28',1,89,'15.9900',1,'2008-08-25','2009-01-31'),(6466,'2008-12-26',1,90,'15.9900',1,'2008-08-25','2009-01-31'),(6467,'2008-12-27',1,90,'15.9900',1,'2008-08-25','2009-01-31'),(6468,'2008-12-28',1,90,'15.9900',1,'2008-08-25','2009-01-31'),(6469,'2008-12-26',1,91,'15.9900',1,'2008-08-25','2009-01-31'),(6470,'2008-12-27',1,91,'15.9900',1,'2008-08-25','2009-01-31'),(6471,'2008-12-28',1,91,'15.9900',1,'2008-08-25','2009-01-31'),(6472,'2008-12-26',1,92,'15.9900',1,'2008-08-25','2009-01-31'),(6473,'2008-12-27',1,92,'15.9900',1,'2008-08-25','2009-01-31'),(6474,'2008-12-28',1,92,'15.9900',1,'2008-08-25','2009-01-31'),(6475,'2008-12-26',1,93,'134.9900',1,'2008-08-06','2009-08-23'),(6476,'2008-12-27',1,93,'134.9900',1,'2008-08-06','2009-08-23'),(6477,'2008-12-28',1,93,'134.9900',1,'2008-08-06','2009-08-23'),(6478,'2008-12-26',1,94,'134.9900',1,'2008-08-06','2009-08-23'),(6479,'2008-12-27',1,94,'134.9900',1,'2008-08-06','2009-08-23'),(6480,'2008-12-28',1,94,'134.9900',1,'2008-08-06','2009-08-23'),(6481,'2008-12-26',1,95,'134.9900',1,'2008-08-06','2009-08-23'),(6482,'2008-12-27',1,95,'134.9900',1,'2008-08-06','2009-08-23'),(6483,'2008-12-28',1,95,'134.9900',1,'2008-08-06','2009-08-23'),(6484,'2008-12-26',1,96,'134.9900',1,'2008-08-06','2009-08-23'),(6485,'2008-12-27',1,96,'134.9900',1,'2008-08-06','2009-08-23'),(6486,'2008-12-28',1,96,'134.9900',1,'2008-08-06','2009-08-23'),(6487,'2008-12-26',1,97,'134.9900',1,'2008-08-06','2009-08-23'),(6488,'2008-12-27',1,97,'134.9900',1,'2008-08-06','2009-08-23'),(6489,'2008-12-28',1,97,'134.9900',1,'2008-08-06','2009-08-23'),(6490,'2008-12-26',1,98,'160.9900',1,'2008-08-06','2009-08-23'),(6491,'2008-12-27',1,98,'160.9900',1,'2008-08-06','2009-08-23'),(6492,'2008-12-28',1,98,'160.9900',1,'2008-08-06','2009-08-23'),(6493,'2008-12-26',1,99,'160.9900',1,'2008-08-06','2009-08-23'),(6494,'2008-12-27',1,99,'160.9900',1,'2008-08-06','2009-08-23'),(6495,'2008-12-28',1,99,'160.9900',1,'2008-08-06','2009-08-23'),(6496,'2008-12-26',1,100,'160.9900',1,'2008-08-06','2009-08-23'),(6497,'2008-12-27',1,100,'160.9900',1,'2008-08-06','2009-08-23'),(6498,'2008-12-28',1,100,'160.9900',1,'2008-08-06','2009-08-23'),(6499,'2008-12-26',1,101,'160.9900',1,'2008-08-06','2009-08-23'),(6500,'2008-12-27',1,101,'160.9900',1,'2008-08-06','2009-08-23'),(6501,'2008-12-28',1,101,'160.9900',1,'2008-08-06','2009-08-23'),(6502,'2008-12-26',1,102,'160.9900',1,'2008-08-06','2009-08-23'),(6503,'2008-12-27',1,102,'160.9900',1,'2008-08-06','2009-08-23'),(6504,'2008-12-28',1,102,'160.9900',1,'2008-08-06','2009-08-23'),(6505,'2008-12-26',1,103,'69.9900',1,'2008-08-25','2009-01-31'),(6506,'2008-12-27',1,103,'69.9900',1,'2008-08-25','2009-01-31'),(6507,'2008-12-28',1,103,'69.9900',1,'2008-08-25','2009-01-31'),(6508,'2008-12-26',1,104,'69.9900',1,'2008-08-25','2009-01-31'),(6509,'2008-12-27',1,104,'69.9900',1,'2008-08-25','2009-01-31'),(6510,'2008-12-28',1,104,'69.9900',1,'2008-08-25','2009-01-31'),(6511,'2008-12-26',1,105,'69.9900',1,'2008-08-25','2009-01-31'),(6512,'2008-12-27',1,105,'69.9900',1,'2008-08-25','2009-01-31'),(6513,'2008-12-28',1,105,'69.9900',1,'2008-08-25','2009-01-31'),(6514,'2008-12-26',1,106,'69.9900',1,'2008-08-25','2009-01-31'),(6515,'2008-12-27',1,106,'69.9900',1,'2008-08-25','2009-01-31'),(6516,'2008-12-28',1,106,'69.9900',1,'2008-08-25','2009-01-31'),(6517,'2008-12-26',1,107,'69.9900',1,'2008-08-25','2009-01-31'),(6518,'2008-12-27',1,107,'69.9900',1,'2008-08-25','2009-01-31'),(6519,'2008-12-28',1,107,'69.9900',1,'2008-08-25','2009-01-31'),(6520,'2008-12-26',1,108,'89.9900',1,'2008-08-25','2009-01-31'),(6521,'2008-12-27',1,108,'89.9900',1,'2008-08-25','2009-01-31'),(6522,'2008-12-28',1,108,'89.9900',1,'2008-08-25','2009-01-31'),(6523,'2008-12-26',1,109,'89.9900',1,'2008-08-25','2009-01-31'),(6524,'2008-12-27',1,109,'89.9900',1,'2008-08-25','2009-01-31'),(6525,'2008-12-28',1,109,'89.9900',1,'2008-08-25','2009-01-31'),(6526,'2008-12-26',1,110,'89.9900',1,'2008-08-25','2009-01-31'),(6527,'2008-12-27',1,110,'89.9900',1,'2008-08-25','2009-01-31'),(6528,'2008-12-28',1,110,'89.9900',1,'2008-08-25','2009-01-31'),(6529,'2008-12-26',1,111,'89.9900',1,'2008-08-25','2009-01-31'),(6530,'2008-12-27',1,111,'89.9900',1,'2008-08-25','2009-01-31'),(6531,'2008-12-28',1,111,'89.9900',1,'2008-08-25','2009-01-31'),(6532,'2008-12-26',1,112,'159.9900',1,'2008-08-06','2009-08-23'),(6533,'2008-12-27',1,112,'159.9900',1,'2008-08-06','2009-08-23'),(6534,'2008-12-28',1,112,'159.9900',1,'2008-08-06','2009-08-23'),(6535,'2008-12-26',1,113,'159.9900',1,'2008-08-06','2009-08-23'),(6536,'2008-12-27',1,113,'159.9900',1,'2008-08-06','2009-08-23'),(6537,'2008-12-28',1,113,'159.9900',1,'2008-08-06','2009-08-23'),(6538,'2008-12-26',1,114,'159.9900',1,'2008-08-06','2009-08-23'),(6539,'2008-12-27',1,114,'159.9900',1,'2008-08-06','2009-08-23'),(6540,'2008-12-28',1,114,'159.9900',1,'2008-08-06','2009-08-23'),(6541,'2008-12-26',1,115,'159.9900',1,'2008-08-06','2009-08-23'),(6542,'2008-12-27',1,115,'159.9900',1,'2008-08-06','2009-08-23'),(6543,'2008-12-28',1,115,'159.9900',1,'2008-08-06','2009-08-23'),(6544,'2008-12-26',1,117,'15.0000',1,'2008-08-25','2009-01-31'),(6545,'2008-12-27',1,117,'15.0000',1,'2008-08-25','2009-01-31'),(6546,'2008-12-28',1,117,'15.0000',1,'2008-08-25','2009-01-31'),(6547,'2008-12-26',1,118,'15.0000',1,'2008-08-28','2009-01-31'),(6548,'2008-12-27',1,118,'15.0000',1,'2008-08-28','2009-01-31'),(6549,'2008-12-28',1,118,'15.0000',1,'2008-08-28','2009-01-31'),(6550,'2008-12-26',1,119,'15.0000',1,'2008-08-28','2009-01-31'),(6551,'2008-12-27',1,119,'15.0000',1,'2008-08-28','2009-01-31'),(6552,'2008-12-28',1,119,'15.0000',1,'2008-08-28','2009-01-31'),(6553,'2008-12-26',1,120,'22.0000',1,'2008-08-25','2009-01-31'),(6554,'2008-12-27',1,120,'22.0000',1,'2008-08-25','2009-01-31'),(6555,'2008-12-28',1,120,'22.0000',1,'2008-08-25','2009-01-31'),(6556,'2008-12-26',1,121,'22.0000',1,'2008-08-28','2009-01-31'),(6557,'2008-12-27',1,121,'22.0000',1,'2008-08-28','2009-01-31'),(6558,'2008-12-28',1,121,'22.0000',1,'2008-08-28','2009-01-31'),(6559,'2008-12-26',1,122,'22.0000',1,'2008-08-25','2009-01-31'),(6560,'2008-12-27',1,122,'22.0000',1,'2008-08-25','2009-01-31'),(6561,'2008-12-28',1,122,'22.0000',1,'2008-08-25','2009-01-31'),(6562,'2008-12-26',1,123,'100.0000',1,'2008-08-28','2009-01-31'),(6563,'2008-12-27',1,123,'100.0000',1,'2008-08-28','2009-01-31'),(6564,'2008-12-28',1,123,'100.0000',1,'2008-08-28','2009-01-31'),(6565,'2008-12-26',1,124,'15.0000',1,'2008-08-28','2009-01-31'),(6566,'2008-12-27',1,124,'15.0000',1,'2008-08-28','2009-01-31'),(6567,'2008-12-28',1,124,'15.0000',1,'2008-08-28','2009-01-31'),(6568,'2008-12-26',1,125,'15.0000',1,'2008-08-28','2009-01-31'),(6569,'2008-12-27',1,125,'15.0000',1,'2008-08-28','2009-01-31'),(6570,'2008-12-28',1,125,'15.0000',1,'2008-08-28','2009-01-31'),(6571,'2008-12-26',1,126,'13.5000',1,'2008-08-28','2009-01-31'),(6572,'2008-12-27',1,126,'13.5000',1,'2008-08-28','2009-01-31'),(6573,'2008-12-28',1,126,'13.5000',1,'2008-08-28','2009-01-31'),(6574,'2008-12-26',1,127,'13.5000',1,'2008-08-25','2009-01-31'),(6575,'2008-12-27',1,127,'13.5000',1,'2008-08-25','2009-01-31'),(6576,'2008-12-28',1,127,'13.5000',1,'2008-08-25','2009-01-31'),(6577,'2008-12-26',1,128,'13.5000',1,'2008-08-28','2009-01-31'),(6578,'2008-12-27',1,128,'13.5000',1,'2008-08-28','2009-01-31'),(6579,'2008-12-28',1,128,'13.5000',1,'2008-08-28','2009-01-31'),(6580,'2008-12-26',1,129,'13.5000',1,'2008-08-28','2009-01-31'),(6581,'2008-12-27',1,129,'13.5000',1,'2008-08-28','2009-01-31'),(6582,'2008-12-28',1,129,'13.5000',1,'2008-08-28','2009-01-31'),(6583,'2008-12-26',1,130,'13.5000',1,'2008-08-28','2009-01-31'),(6584,'2008-12-27',1,130,'13.5000',1,'2008-08-28','2009-01-31'),(6585,'2008-12-28',1,130,'13.5000',1,'2008-08-28','2009-01-31'),(6586,'2008-12-26',1,131,'13.5000',1,'2008-08-28','2009-01-31'),(6587,'2008-12-27',1,131,'13.5000',1,'2008-08-28','2009-01-31'),(6588,'2008-12-28',1,131,'13.5000',1,'2008-08-28','2009-01-31'),(6589,'2008-12-26',1,132,'99.0000',1,'2008-08-25','2009-01-31'),(6590,'2008-12-27',1,132,'99.0000',1,'2008-08-25','2009-01-31'),(6591,'2008-12-28',1,132,'99.0000',1,'2008-08-25','2009-01-31'),(6592,'2008-12-26',1,133,'34.0000',1,'2008-08-25','2009-01-31'),(6593,'2008-12-27',1,133,'34.0000',1,'2008-08-25','2009-01-31'),(6594,'2008-12-28',1,133,'34.0000',1,'2008-08-25','2009-01-31'),(6595,'2008-12-26',1,134,'19.0000',1,'2008-08-25','2009-01-31'),(6596,'2008-12-27',1,134,'19.0000',1,'2008-08-25','2009-01-31'),(6597,'2008-12-28',1,134,'19.0000',1,'2008-08-25','2009-01-31'),(6598,'2008-12-26',1,135,'41.9500',1,'2008-08-27','2009-08-28'),(6599,'2008-12-27',1,135,'41.9500',1,'2008-08-27','2009-08-28'),(6600,'2008-12-28',1,135,'41.9500',1,'2008-08-27','2009-08-28'),(6601,'2008-12-26',1,137,'13.5000',1,'2008-08-28','2009-01-31'),(6602,'2008-12-27',1,137,'13.5000',1,'2008-08-28','2009-01-31'),(6603,'2008-12-28',1,137,'13.5000',1,'2008-08-28','2009-01-31'),(6604,'2008-12-26',1,138,'150.0000',1,'2008-08-06','2009-08-23'),(6605,'2008-12-27',1,138,'150.0000',1,'2008-08-06','2009-08-23'),(6606,'2008-12-28',1,138,'150.0000',1,'2008-08-06','2009-08-23'),(6607,'2008-12-26',1,139,'199.9900',1,'2008-08-06','2009-08-23'),(6608,'2008-12-27',1,139,'199.9900',1,'2008-08-06','2009-08-23'),(6609,'2008-12-28',1,139,'199.9900',1,'2008-08-06','2009-08-23'),(6610,'2008-12-26',1,142,'150.0000',1,'2008-08-06','2009-08-23'),(6611,'2008-12-27',1,142,'150.0000',1,'2008-08-06','2009-08-23'),(6612,'2008-12-28',1,142,'150.0000',1,'2008-08-06','2009-08-23'),(6613,'2008-12-26',1,144,'250.0000',1,'2008-08-06','2009-08-23'),(6614,'2008-12-27',1,144,'250.0000',1,'2008-08-06','2009-08-23'),(6615,'2008-12-28',1,144,'250.0000',1,'2008-08-06','2009-08-23'),(6616,'2008-12-26',1,146,'325.0000',1,'2008-08-06','2009-08-23'),(6617,'2008-12-27',1,146,'325.0000',1,'2008-08-06','2009-08-23'),(6618,'2008-12-28',1,146,'325.0000',1,'2008-08-06','2009-08-23'),(6619,'2008-12-26',1,164,'4999.9500',1,'2008-08-06','2009-08-23'),(6620,'2008-12-27',1,164,'4999.9500',1,'2008-08-06','2009-08-23'),(6621,'2008-12-28',1,164,'4999.9500',1,'2008-08-06','2009-08-23'),(6622,'2008-12-26',2,16,'149.9900',1,'2008-08-06','2009-08-23'),(6623,'2008-12-27',2,16,'149.9900',1,'2008-08-06','2009-08-23'),(6624,'2008-12-28',2,16,'149.9900',1,'2008-08-06','2009-08-23'),(6625,'2008-12-26',2,17,'349.9900',1,'2008-08-06','2009-08-23'),(6626,'2008-12-27',2,17,'349.9900',1,'2008-08-06','2009-08-23'),(6627,'2008-12-28',2,17,'349.9900',1,'2008-08-06','2009-08-23'),(6628,'2008-12-26',2,18,'399.9900',1,'2008-08-06','2009-08-23'),(6629,'2008-12-27',2,18,'399.9900',1,'2008-08-06','2009-08-23'),(6630,'2008-12-28',2,18,'399.9900',1,'2008-08-06','2009-08-23'),(6631,'2008-12-26',2,19,'199.9900',1,'2008-08-06','2009-08-23'),(6632,'2008-12-27',2,19,'199.9900',1,'2008-08-06','2009-08-23'),(6633,'2008-12-28',2,19,'199.9900',1,'2008-08-06','2009-08-23'),(6634,'2008-12-26',2,20,'150.0000',1,'2008-08-06','2009-08-23'),(6635,'2008-12-27',2,20,'150.0000',1,'2008-08-06','2009-08-23'),(6636,'2008-12-28',2,20,'150.0000',1,'2008-08-06','2009-08-23'),(6637,'2008-12-26',2,25,'2299.9900',1,'2008-08-06','2009-08-23'),(6638,'2008-12-27',2,25,'2299.9900',1,'2008-08-06','2009-08-23'),(6639,'2008-12-28',2,25,'2299.9900',1,'2008-08-06','2009-08-23'),(6640,'2008-12-26',2,26,'1799.9900',1,'2008-08-06','2009-08-23'),(6641,'2008-12-27',2,26,'1799.9900',1,'2008-08-06','2009-08-23'),(6642,'2008-12-28',2,26,'1799.9900',1,'2008-08-06','2009-08-23'),(6643,'2008-12-26',2,27,'2699.9900',1,'2008-08-06','2009-08-23'),(6644,'2008-12-27',2,27,'2699.9900',1,'2008-08-06','2009-08-23'),(6645,'2008-12-28',2,27,'2699.9900',1,'2008-08-06','2009-08-23'),(6646,'2008-12-26',2,28,'1599.9900',1,'2008-08-06','2009-08-23'),(6647,'2008-12-27',2,28,'1599.9900',1,'2008-08-06','2009-08-23'),(6648,'2008-12-28',2,28,'1599.9900',1,'2008-08-06','2009-08-23'),(6649,'2008-12-26',2,29,'15.9900',1,'2008-08-25','2009-01-31'),(6650,'2008-12-27',2,29,'15.9900',1,'2008-08-25','2009-01-31'),(6651,'2008-12-28',2,29,'15.9900',1,'2008-08-25','2009-01-31'),(6652,'2008-12-26',2,30,'134.9900',1,'2008-08-06','2009-08-23'),(6653,'2008-12-27',2,30,'134.9900',1,'2008-08-06','2009-08-23'),(6654,'2008-12-28',2,30,'134.9900',1,'2008-08-06','2009-08-23'),(6655,'2008-12-26',2,31,'69.9900',1,'2008-08-25','2009-01-31'),(6656,'2008-12-27',2,31,'69.9900',1,'2008-08-25','2009-01-31'),(6657,'2008-12-28',2,31,'69.9900',1,'2008-08-25','2009-01-31'),(6658,'2008-12-26',2,32,'89.9900',1,'2008-08-25','2009-01-31'),(6659,'2008-12-27',2,32,'89.9900',1,'2008-08-25','2009-01-31'),(6660,'2008-12-28',2,32,'89.9900',1,'2008-08-25','2009-01-31'),(6661,'2008-12-26',2,33,'159.9900',1,'2008-08-06','2009-08-23'),(6662,'2008-12-27',2,33,'159.9900',1,'2008-08-06','2009-08-23'),(6663,'2008-12-28',2,33,'159.9900',1,'2008-08-06','2009-08-23'),(6664,'2008-12-26',2,34,'160.9900',1,'2008-08-06','2009-08-23'),(6665,'2008-12-27',2,34,'160.9900',1,'2008-08-06','2009-08-23'),(6666,'2008-12-28',2,34,'160.9900',1,'2008-08-06','2009-08-23'),(6667,'2008-12-26',2,35,'15.0000',1,'2008-08-28','2009-01-31'),(6668,'2008-12-27',2,35,'15.0000',1,'2008-08-28','2009-01-31'),(6669,'2008-12-28',2,35,'15.0000',1,'2008-08-28','2009-01-31'),(6670,'2008-12-26',2,36,'22.0000',1,'2008-08-28','2009-01-31'),(6671,'2008-12-27',2,36,'22.0000',1,'2008-08-28','2009-01-31'),(6672,'2008-12-28',2,36,'22.0000',1,'2008-08-28','2009-01-31'),(6673,'2008-12-26',2,37,'15.0000',1,'2008-08-25','2009-01-31'),(6674,'2008-12-27',2,37,'15.0000',1,'2008-08-25','2009-01-31'),(6675,'2008-12-28',2,37,'15.0000',1,'2008-08-25','2009-01-31'),(6676,'2008-12-26',2,38,'13.5000',1,'2008-08-28','2009-01-31'),(6677,'2008-12-27',2,38,'13.5000',1,'2008-08-28','2009-01-31'),(6678,'2008-12-28',2,38,'13.5000',1,'2008-08-28','2009-01-31'),(6679,'2008-12-26',2,39,'30.0000',1,'2008-08-28','2009-01-31'),(6680,'2008-12-27',2,39,'30.0000',1,'2008-08-28','2009-01-31'),(6681,'2008-12-28',2,39,'30.0000',1,'2008-08-28','2009-01-31'),(6682,'2008-12-26',2,41,'399.9900',1,'2008-08-24','2009-09-28'),(6683,'2008-12-27',2,41,'399.9900',1,'2008-08-24','2009-09-28'),(6684,'2008-12-28',2,41,'399.9900',1,'2008-08-24','2009-09-28'),(6685,'2008-12-26',2,42,'2299.0000',1,'2008-08-06','2009-08-23'),(6686,'2008-12-27',2,42,'2299.0000',1,'2008-08-06','2009-08-23'),(6687,'2008-12-28',2,42,'2299.0000',1,'2008-08-06','2009-08-23'),(6688,'2008-12-26',2,44,'550.0000',1,'2008-08-06','2009-08-23'),(6689,'2008-12-27',2,44,'550.0000',1,'2008-08-06','2009-08-23'),(6690,'2008-12-28',2,44,'550.0000',1,'2008-08-06','2009-08-23'),(6691,'2008-12-26',2,45,'37.4900',1,'2008-08-25','2009-01-31'),(6692,'2008-12-27',2,45,'37.4900',1,'2008-08-25','2009-01-31'),(6693,'2008-12-28',2,45,'37.4900',1,'2008-08-25','2009-01-31'),(6694,'2008-12-26',2,46,'161.9400',1,'2008-08-06','2009-08-23'),(6695,'2008-12-27',2,46,'161.9400',1,'2008-08-06','2009-08-23'),(6696,'2008-12-28',2,46,'161.9400',1,'2008-08-06','2009-08-23'),(6697,'2008-12-26',2,47,'329.9900',1,'2008-08-06','2009-08-23'),(6698,'2008-12-27',2,47,'329.9900',1,'2008-08-06','2009-08-23'),(6699,'2008-12-28',2,47,'329.9900',1,'2008-08-06','2009-08-23'),(6700,'2008-12-26',2,48,'199.9900',1,'2008-08-06','2009-08-23'),(6701,'2008-12-27',2,48,'199.9900',1,'2008-08-06','2009-08-23'),(6702,'2008-12-28',2,48,'199.9900',1,'2008-08-06','2009-08-23'),(6703,'2008-12-26',2,49,'41.9500',1,'2008-08-25','2009-01-31'),(6704,'2008-12-27',2,49,'41.9500',1,'2008-08-25','2009-01-31'),(6705,'2008-12-28',2,49,'41.9500',1,'2008-08-25','2009-01-31'),(6706,'2008-12-26',2,51,'299.9900',1,'2008-08-06','2009-08-23'),(6707,'2008-12-27',2,51,'299.9900',1,'2008-08-06','2009-08-23'),(6708,'2008-12-28',2,51,'299.9900',1,'2008-08-06','2009-08-23'),(6709,'2008-12-26',2,52,'129.9900',1,'2008-08-24','2009-09-28'),(6710,'2008-12-27',2,52,'129.9900',1,'2008-08-24','2009-09-28'),(6711,'2008-12-28',2,52,'129.9900',1,'2008-08-24','2009-09-28'),(6712,'2008-12-26',2,53,'599.9900',1,'2008-08-06','2009-08-23'),(6713,'2008-12-27',2,53,'599.9900',1,'2008-08-06','2009-08-23'),(6714,'2008-12-28',2,53,'599.9900',1,'2008-08-06','2009-08-23'),(6715,'2008-12-26',2,54,'699.9900',1,'2008-08-06','2009-08-23'),(6716,'2008-12-27',2,54,'699.9900',1,'2008-08-06','2009-08-23'),(6717,'2008-12-28',2,54,'699.9900',1,'2008-08-06','2009-08-23'),(6718,'2008-12-26',2,74,'41.9500',1,'2008-08-25','2009-01-31'),(6719,'2008-12-27',2,74,'41.9500',1,'2008-08-25','2009-01-31'),(6720,'2008-12-28',2,74,'41.9500',1,'2008-08-25','2009-01-31'),(6721,'2008-12-26',2,75,'41.9500',1,'2008-08-25','2009-01-31'),(6722,'2008-12-27',2,75,'41.9500',1,'2008-08-25','2009-01-31'),(6723,'2008-12-28',2,75,'41.9500',1,'2008-08-25','2009-01-31'),(6724,'2008-12-26',2,79,'41.9500',1,'2008-08-25','2009-01-31'),(6725,'2008-12-27',2,79,'41.9500',1,'2008-08-25','2009-01-31'),(6726,'2008-12-28',2,79,'41.9500',1,'2008-08-25','2009-01-31'),(6727,'2008-12-26',2,80,'41.9500',1,'2008-08-25','2009-01-31'),(6728,'2008-12-27',2,80,'41.9500',1,'2008-08-25','2009-01-31'),(6729,'2008-12-28',2,80,'41.9500',1,'2008-08-25','2009-01-31'),(6730,'2008-12-26',2,81,'41.9500',1,'2008-08-25','2009-01-31'),(6731,'2008-12-27',2,81,'41.9500',1,'2008-08-25','2009-01-31'),(6732,'2008-12-28',2,81,'41.9500',1,'2008-08-25','2009-01-31'),(6733,'2008-12-26',2,82,'41.9500',1,'2008-08-25','2009-01-31'),(6734,'2008-12-27',2,82,'41.9500',1,'2008-08-25','2009-01-31'),(6735,'2008-12-28',2,82,'41.9500',1,'2008-08-25','2009-01-31'),(6736,'2008-12-26',2,83,'15.9900',1,'2008-08-25','2009-01-31'),(6737,'2008-12-27',2,83,'15.9900',1,'2008-08-25','2009-01-31'),(6738,'2008-12-28',2,83,'15.9900',1,'2008-08-25','2009-01-31'),(6739,'2008-12-26',2,84,'15.9900',1,'2008-08-25','2009-01-31'),(6740,'2008-12-27',2,84,'15.9900',1,'2008-08-25','2009-01-31'),(6741,'2008-12-28',2,84,'15.9900',1,'2008-08-25','2009-01-31'),(6742,'2008-12-26',2,85,'15.9900',1,'2008-08-25','2009-01-31'),(6743,'2008-12-27',2,85,'15.9900',1,'2008-08-25','2009-01-31'),(6744,'2008-12-28',2,85,'15.9900',1,'2008-08-25','2009-01-31'),(6748,'2008-12-26',2,86,'15.9900',1,'2008-08-25','2009-01-31'),(6749,'2008-12-27',2,86,'15.9900',1,'2008-08-25','2009-01-31'),(6750,'2008-12-28',2,86,'15.9900',1,'2008-08-25','2009-01-31'),(6751,'2008-12-26',2,87,'15.9900',1,'2008-08-25','2009-01-31'),(6752,'2008-12-27',2,87,'15.9900',1,'2008-08-25','2009-01-31'),(6753,'2008-12-28',2,87,'15.9900',1,'2008-08-25','2009-01-31'),(6754,'2008-12-26',2,88,'15.9900',1,'2008-08-25','2009-01-31'),(6755,'2008-12-27',2,88,'15.9900',1,'2008-08-25','2009-01-31'),(6756,'2008-12-28',2,88,'15.9900',1,'2008-08-25','2009-01-31'),(6757,'2008-12-26',2,89,'15.9900',1,'2008-08-25','2009-01-31'),(6758,'2008-12-27',2,89,'15.9900',1,'2008-08-25','2009-01-31'),(6759,'2008-12-28',2,89,'15.9900',1,'2008-08-25','2009-01-31'),(6760,'2008-12-26',2,90,'15.9900',1,'2008-08-25','2009-01-31'),(6761,'2008-12-27',2,90,'15.9900',1,'2008-08-25','2009-01-31'),(6762,'2008-12-28',2,90,'15.9900',1,'2008-08-25','2009-01-31'),(6763,'2008-12-26',2,91,'15.9900',1,'2008-08-25','2009-01-31'),(6764,'2008-12-27',2,91,'15.9900',1,'2008-08-25','2009-01-31'),(6765,'2008-12-28',2,91,'15.9900',1,'2008-08-25','2009-01-31'),(6766,'2008-12-26',2,92,'15.9900',1,'2008-08-25','2009-01-31'),(6767,'2008-12-27',2,92,'15.9900',1,'2008-08-25','2009-01-31'),(6768,'2008-12-28',2,92,'15.9900',1,'2008-08-25','2009-01-31'),(6769,'2008-12-26',2,93,'134.9900',1,'2008-08-06','2009-08-23'),(6770,'2008-12-27',2,93,'134.9900',1,'2008-08-06','2009-08-23'),(6771,'2008-12-28',2,93,'134.9900',1,'2008-08-06','2009-08-23'),(6772,'2008-12-26',2,94,'134.9900',1,'2008-08-06','2009-08-23'),(6773,'2008-12-27',2,94,'134.9900',1,'2008-08-06','2009-08-23'),(6774,'2008-12-28',2,94,'134.9900',1,'2008-08-06','2009-08-23'),(6775,'2008-12-26',2,95,'134.9900',1,'2008-08-06','2009-08-23'),(6776,'2008-12-27',2,95,'134.9900',1,'2008-08-06','2009-08-23'),(6777,'2008-12-28',2,95,'134.9900',1,'2008-08-06','2009-08-23'),(6778,'2008-12-26',2,96,'134.9900',1,'2008-08-06','2009-08-23'),(6779,'2008-12-27',2,96,'134.9900',1,'2008-08-06','2009-08-23'),(6780,'2008-12-28',2,96,'134.9900',1,'2008-08-06','2009-08-23'),(6781,'2008-12-26',2,97,'134.9900',1,'2008-08-06','2009-08-23'),(6782,'2008-12-27',2,97,'134.9900',1,'2008-08-06','2009-08-23'),(6783,'2008-12-28',2,97,'134.9900',1,'2008-08-06','2009-08-23'),(6784,'2008-12-26',2,98,'160.9900',1,'2008-08-06','2009-08-23'),(6785,'2008-12-27',2,98,'160.9900',1,'2008-08-06','2009-08-23'),(6786,'2008-12-28',2,98,'160.9900',1,'2008-08-06','2009-08-23'),(6787,'2008-12-26',2,99,'160.9900',1,'2008-08-06','2009-08-23'),(6788,'2008-12-27',2,99,'160.9900',1,'2008-08-06','2009-08-23'),(6789,'2008-12-28',2,99,'160.9900',1,'2008-08-06','2009-08-23'),(6790,'2008-12-26',2,100,'160.9900',1,'2008-08-06','2009-08-23'),(6791,'2008-12-27',2,100,'160.9900',1,'2008-08-06','2009-08-23'),(6792,'2008-12-28',2,100,'160.9900',1,'2008-08-06','2009-08-23'),(6793,'2008-12-26',2,101,'160.9900',1,'2008-08-06','2009-08-23'),(6794,'2008-12-27',2,101,'160.9900',1,'2008-08-06','2009-08-23'),(6795,'2008-12-28',2,101,'160.9900',1,'2008-08-06','2009-08-23'),(6796,'2008-12-26',2,102,'160.9900',1,'2008-08-06','2009-08-23'),(6797,'2008-12-27',2,102,'160.9900',1,'2008-08-06','2009-08-23'),(6798,'2008-12-28',2,102,'160.9900',1,'2008-08-06','2009-08-23'),(6799,'2008-12-26',2,103,'69.9900',1,'2008-08-25','2009-01-31'),(6800,'2008-12-27',2,103,'69.9900',1,'2008-08-25','2009-01-31'),(6801,'2008-12-28',2,103,'69.9900',1,'2008-08-25','2009-01-31'),(6802,'2008-12-26',2,104,'69.9900',1,'2008-08-25','2009-01-31'),(6803,'2008-12-27',2,104,'69.9900',1,'2008-08-25','2009-01-31'),(6804,'2008-12-28',2,104,'69.9900',1,'2008-08-25','2009-01-31'),(6805,'2008-12-26',2,105,'69.9900',1,'2008-08-25','2009-01-31'),(6806,'2008-12-27',2,105,'69.9900',1,'2008-08-25','2009-01-31'),(6807,'2008-12-28',2,105,'69.9900',1,'2008-08-25','2009-01-31'),(6808,'2008-12-26',2,106,'69.9900',1,'2008-08-25','2009-01-31'),(6809,'2008-12-27',2,106,'69.9900',1,'2008-08-25','2009-01-31'),(6810,'2008-12-28',2,106,'69.9900',1,'2008-08-25','2009-01-31'),(6811,'2008-12-26',2,107,'69.9900',1,'2008-08-25','2009-01-31'),(6812,'2008-12-27',2,107,'69.9900',1,'2008-08-25','2009-01-31'),(6813,'2008-12-28',2,107,'69.9900',1,'2008-08-25','2009-01-31'),(6814,'2008-12-26',2,108,'89.9900',1,'2008-08-25','2009-01-31'),(6815,'2008-12-27',2,108,'89.9900',1,'2008-08-25','2009-01-31'),(6816,'2008-12-28',2,108,'89.9900',1,'2008-08-25','2009-01-31'),(6817,'2008-12-26',2,109,'89.9900',1,'2008-08-25','2009-01-31'),(6818,'2008-12-27',2,109,'89.9900',1,'2008-08-25','2009-01-31'),(6819,'2008-12-28',2,109,'89.9900',1,'2008-08-25','2009-01-31'),(6820,'2008-12-26',2,110,'89.9900',1,'2008-08-25','2009-01-31'),(6821,'2008-12-27',2,110,'89.9900',1,'2008-08-25','2009-01-31'),(6822,'2008-12-28',2,110,'89.9900',1,'2008-08-25','2009-01-31'),(6823,'2008-12-26',2,111,'89.9900',1,'2008-08-25','2009-01-31'),(6824,'2008-12-27',2,111,'89.9900',1,'2008-08-25','2009-01-31'),(6825,'2008-12-28',2,111,'89.9900',1,'2008-08-25','2009-01-31'),(6826,'2008-12-26',2,112,'159.9900',1,'2008-08-06','2009-08-23'),(6827,'2008-12-27',2,112,'159.9900',1,'2008-08-06','2009-08-23'),(6828,'2008-12-28',2,112,'159.9900',1,'2008-08-06','2009-08-23'),(6829,'2008-12-26',2,113,'159.9900',1,'2008-08-06','2009-08-23'),(6830,'2008-12-27',2,113,'159.9900',1,'2008-08-06','2009-08-23'),(6831,'2008-12-28',2,113,'159.9900',1,'2008-08-06','2009-08-23'),(6832,'2008-12-26',2,114,'159.9900',1,'2008-08-06','2009-08-23'),(6833,'2008-12-27',2,114,'159.9900',1,'2008-08-06','2009-08-23'),(6834,'2008-12-28',2,114,'159.9900',1,'2008-08-06','2009-08-23'),(6835,'2008-12-26',2,115,'159.9900',1,'2008-08-06','2009-08-23'),(6836,'2008-12-27',2,115,'159.9900',1,'2008-08-06','2009-08-23'),(6837,'2008-12-28',2,115,'159.9900',1,'2008-08-06','2009-08-23'),(6838,'2008-12-26',2,117,'15.0000',1,'2008-08-25','2009-01-31'),(6839,'2008-12-27',2,117,'15.0000',1,'2008-08-25','2009-01-31'),(6840,'2008-12-28',2,117,'15.0000',1,'2008-08-25','2009-01-31'),(6841,'2008-12-26',2,118,'15.0000',1,'2008-08-28','2009-01-31'),(6842,'2008-12-27',2,118,'15.0000',1,'2008-08-28','2009-01-31'),(6843,'2008-12-28',2,118,'15.0000',1,'2008-08-28','2009-01-31'),(6844,'2008-12-26',2,119,'15.0000',1,'2008-08-25','2009-01-31'),(6845,'2008-12-27',2,119,'15.0000',1,'2008-08-25','2009-01-31'),(6846,'2008-12-28',2,119,'15.0000',1,'2008-08-25','2009-01-31'),(6850,'2008-12-26',2,120,'22.0000',1,'2008-08-25','2009-01-31'),(6851,'2008-12-27',2,120,'22.0000',1,'2008-08-25','2009-01-31'),(6852,'2008-12-28',2,120,'22.0000',1,'2008-08-25','2009-01-31'),(6853,'2008-12-26',2,121,'22.0000',1,'2008-08-28','2009-01-31'),(6854,'2008-12-27',2,121,'22.0000',1,'2008-08-28','2009-01-31'),(6855,'2008-12-28',2,121,'22.0000',1,'2008-08-28','2009-01-31'),(6856,'2008-12-26',2,122,'22.0000',1,'2008-08-28','2009-01-31'),(6857,'2008-12-27',2,122,'22.0000',1,'2008-08-28','2009-01-31'),(6858,'2008-12-28',2,122,'22.0000',1,'2008-08-28','2009-01-31'),(6859,'2008-12-26',2,123,'100.0000',1,'2008-08-28','2009-01-31'),(6860,'2008-12-27',2,123,'100.0000',1,'2008-08-28','2009-01-31'),(6861,'2008-12-28',2,123,'100.0000',1,'2008-08-28','2009-01-31'),(6862,'2008-12-26',2,124,'15.0000',1,'2008-08-25','2009-01-31'),(6863,'2008-12-27',2,124,'15.0000',1,'2008-08-25','2009-01-31'),(6864,'2008-12-28',2,124,'15.0000',1,'2008-08-25','2009-01-31'),(6865,'2008-12-26',2,125,'15.0000',1,'2008-08-28','2009-01-31'),(6866,'2008-12-27',2,125,'15.0000',1,'2008-08-28','2009-01-31'),(6867,'2008-12-28',2,125,'15.0000',1,'2008-08-28','2009-01-31'),(6868,'2008-12-26',2,126,'13.5000',1,'2008-08-28','2009-01-31'),(6869,'2008-12-27',2,126,'13.5000',1,'2008-08-28','2009-01-31'),(6870,'2008-12-28',2,126,'13.5000',1,'2008-08-28','2009-01-31'),(6871,'2008-12-26',2,127,'13.5000',1,'2008-08-28','2009-01-31'),(6872,'2008-12-27',2,127,'13.5000',1,'2008-08-28','2009-01-31'),(6873,'2008-12-28',2,127,'13.5000',1,'2008-08-28','2009-01-31'),(6874,'2008-12-26',2,128,'13.5000',1,'2008-08-28','2009-01-31'),(6875,'2008-12-27',2,128,'13.5000',1,'2008-08-28','2009-01-31'),(6876,'2008-12-28',2,128,'13.5000',1,'2008-08-28','2009-01-31'),(6877,'2008-12-26',2,129,'13.5000',1,'2008-08-25','2009-01-31'),(6878,'2008-12-27',2,129,'13.5000',1,'2008-08-25','2009-01-31'),(6879,'2008-12-28',2,129,'13.5000',1,'2008-08-25','2009-01-31'),(6880,'2008-12-26',2,130,'13.5000',1,'2008-08-28','2009-01-31'),(6881,'2008-12-27',2,130,'13.5000',1,'2008-08-28','2009-01-31'),(6882,'2008-12-28',2,130,'13.5000',1,'2008-08-28','2009-01-31'),(6883,'2008-12-26',2,131,'13.5000',1,'2008-08-28','2009-01-31'),(6884,'2008-12-27',2,131,'13.5000',1,'2008-08-28','2009-01-31'),(6885,'2008-12-28',2,131,'13.5000',1,'2008-08-28','2009-01-31'),(6886,'2008-12-26',2,132,'99.0000',1,'2008-08-25','2009-01-31'),(6887,'2008-12-27',2,132,'99.0000',1,'2008-08-25','2009-01-31'),(6888,'2008-12-28',2,132,'99.0000',1,'2008-08-25','2009-01-31'),(6889,'2008-12-26',2,133,'34.0000',1,'2008-08-25','2009-01-31'),(6890,'2008-12-27',2,133,'34.0000',1,'2008-08-25','2009-01-31'),(6891,'2008-12-28',2,133,'34.0000',1,'2008-08-25','2009-01-31'),(6892,'2008-12-26',2,134,'19.0000',1,'2008-08-25','2009-01-31'),(6893,'2008-12-27',2,134,'19.0000',1,'2008-08-25','2009-01-31'),(6894,'2008-12-28',2,134,'19.0000',1,'2008-08-25','2009-01-31'),(6895,'2008-12-26',2,135,'41.9500',1,'2008-08-27','2009-08-28'),(6896,'2008-12-27',2,135,'41.9500',1,'2008-08-27','2009-08-28'),(6897,'2008-12-28',2,135,'41.9500',1,'2008-08-27','2009-08-28'),(6898,'2008-12-26',2,137,'13.5000',1,'2008-08-25','2009-01-31'),(6899,'2008-12-27',2,137,'13.5000',1,'2008-08-25','2009-01-31'),(6900,'2008-12-28',2,137,'13.5000',1,'2008-08-25','2009-01-31'),(6901,'2008-12-26',2,138,'150.0000',1,'2008-08-06','2009-08-23'),(6902,'2008-12-27',2,138,'150.0000',1,'2008-08-06','2009-08-23'),(6903,'2008-12-28',2,138,'150.0000',1,'2008-08-06','2009-08-23'),(6904,'2008-12-26',2,139,'199.9900',1,'2008-08-06','2009-08-23'),(6905,'2008-12-27',2,139,'199.9900',1,'2008-08-06','2009-08-23'),(6906,'2008-12-28',2,139,'199.9900',1,'2008-08-06','2009-08-23'),(6907,'2008-12-26',2,142,'150.0000',1,'2008-08-06','2009-08-23'),(6908,'2008-12-27',2,142,'150.0000',1,'2008-08-06','2009-08-23'),(6909,'2008-12-28',2,142,'150.0000',1,'2008-08-06','2009-08-23'),(6910,'2008-12-26',2,144,'250.0000',1,'2008-08-06','2009-08-23'),(6911,'2008-12-27',2,144,'250.0000',1,'2008-08-06','2009-08-23'),(6912,'2008-12-28',2,144,'250.0000',1,'2008-08-06','2009-08-23'),(6913,'2008-12-26',2,146,'325.0000',1,'2008-08-06','2009-08-23'),(6914,'2008-12-27',2,146,'325.0000',1,'2008-08-06','2009-08-23'),(6915,'2008-12-28',2,146,'325.0000',1,'2008-08-06','2009-08-23'),(6916,'2008-12-26',2,164,'4999.9500',1,'2008-08-06','2009-08-23'),(6917,'2008-12-27',2,164,'4999.9500',1,'2008-08-06','2009-08-23'),(6918,'2008-12-28',2,164,'4999.9500',1,'2008-08-06','2009-08-23'),(6919,'2008-12-26',3,29,'15.9900',1,'2008-08-25','2009-01-31'),(6920,'2008-12-27',3,29,'15.9900',1,'2008-08-25','2009-01-31'),(6921,'2008-12-28',3,29,'15.9900',1,'2008-08-25','2009-01-31'),(6922,'2008-12-26',3,31,'69.9900',1,'2008-08-25','2009-01-31'),(6923,'2008-12-27',3,31,'69.9900',1,'2008-08-25','2009-01-31'),(6924,'2008-12-28',3,31,'69.9900',1,'2008-08-25','2009-01-31'),(6925,'2008-12-26',3,32,'89.9900',1,'2008-08-25','2009-01-31'),(6926,'2008-12-27',3,32,'89.9900',1,'2008-08-25','2009-01-31'),(6927,'2008-12-28',3,32,'89.9900',1,'2008-08-25','2009-01-31'),(6928,'2008-12-26',3,35,'15.0000',1,'2008-08-25','2009-01-31'),(6929,'2008-12-27',3,35,'15.0000',1,'2008-08-25','2009-01-31'),(6930,'2008-12-28',3,35,'15.0000',1,'2008-08-25','2009-01-31'),(6931,'2008-12-26',3,36,'22.0000',1,'2008-08-25','2009-01-31'),(6932,'2008-12-27',3,36,'22.0000',1,'2008-08-25','2009-01-31'),(6933,'2008-12-28',3,36,'22.0000',1,'2008-08-25','2009-01-31'),(6934,'2008-12-26',3,37,'15.0000',1,'2008-08-25','2009-01-31'),(6935,'2008-12-27',3,37,'15.0000',1,'2008-08-25','2009-01-31'),(6936,'2008-12-28',3,37,'15.0000',1,'2008-08-25','2009-01-31'),(6937,'2008-12-26',3,38,'13.5000',1,'2008-08-25','2009-01-31'),(6938,'2008-12-27',3,38,'13.5000',1,'2008-08-25','2009-01-31'),(6939,'2008-12-28',3,38,'13.5000',1,'2008-08-25','2009-01-31'),(6940,'2008-12-26',3,39,'30.0000',1,'2008-08-25','2009-01-31'),(6941,'2008-12-27',3,39,'30.0000',1,'2008-08-25','2009-01-31'),(6942,'2008-12-28',3,39,'30.0000',1,'2008-08-25','2009-01-31'),(6943,'2008-12-26',3,45,'37.4900',1,'2008-08-25','2009-01-31'),(6944,'2008-12-27',3,45,'37.4900',1,'2008-08-25','2009-01-31'),(6945,'2008-12-28',3,45,'37.4900',1,'2008-08-25','2009-01-31'),(6946,'2008-12-26',3,49,'41.9500',1,'2008-08-25','2009-01-31'),(6947,'2008-12-27',3,49,'41.9500',1,'2008-08-25','2009-01-31'),(6948,'2008-12-28',3,49,'41.9500',1,'2008-08-25','2009-01-31'),(6949,'2008-12-26',3,74,'41.9500',1,'2008-08-25','2009-01-31'),(6950,'2008-12-27',3,74,'41.9500',1,'2008-08-25','2009-01-31'),(6951,'2008-12-28',3,74,'41.9500',1,'2008-08-25','2009-01-31'),(6952,'2008-12-26',3,75,'41.9500',1,'2008-08-25','2009-01-31'),(6953,'2008-12-27',3,75,'41.9500',1,'2008-08-25','2009-01-31'),(6954,'2008-12-28',3,75,'41.9500',1,'2008-08-25','2009-01-31'),(6955,'2008-12-26',3,79,'41.9500',1,'2008-08-25','2009-01-31'),(6956,'2008-12-27',3,79,'41.9500',1,'2008-08-25','2009-01-31'),(6957,'2008-12-28',3,79,'41.9500',1,'2008-08-25','2009-01-31'),(6958,'2008-12-26',3,80,'41.9500',1,'2008-08-25','2009-01-31'),(6959,'2008-12-27',3,80,'41.9500',1,'2008-08-25','2009-01-31'),(6960,'2008-12-28',3,80,'41.9500',1,'2008-08-25','2009-01-31'),(6961,'2008-12-26',3,81,'41.9500',1,'2008-08-25','2009-01-31'),(6962,'2008-12-27',3,81,'41.9500',1,'2008-08-25','2009-01-31'),(6963,'2008-12-28',3,81,'41.9500',1,'2008-08-25','2009-01-31'),(6964,'2008-12-26',3,82,'41.9500',1,'2008-08-25','2009-01-31'),(6965,'2008-12-27',3,82,'41.9500',1,'2008-08-25','2009-01-31'),(6966,'2008-12-28',3,82,'41.9500',1,'2008-08-25','2009-01-31'),(6967,'2008-12-26',3,83,'15.9900',1,'2008-08-25','2009-01-31'),(6968,'2008-12-27',3,83,'15.9900',1,'2008-08-25','2009-01-31'),(6969,'2008-12-28',3,83,'15.9900',1,'2008-08-25','2009-01-31'),(6970,'2008-12-26',3,84,'15.9900',1,'2008-08-25','2009-01-31'),(6971,'2008-12-27',3,84,'15.9900',1,'2008-08-25','2009-01-31'),(6972,'2008-12-28',3,84,'15.9900',1,'2008-08-25','2009-01-31'),(6973,'2008-12-26',3,85,'15.9900',1,'2008-08-25','2009-01-31'),(6974,'2008-12-27',3,85,'15.9900',1,'2008-08-25','2009-01-31'),(6975,'2008-12-28',3,85,'15.9900',1,'2008-08-25','2009-01-31'),(6976,'2008-12-26',3,86,'15.9900',1,'2008-08-25','2009-01-31'),(6977,'2008-12-27',3,86,'15.9900',1,'2008-08-25','2009-01-31'),(6978,'2008-12-28',3,86,'15.9900',1,'2008-08-25','2009-01-31'),(6979,'2008-12-26',3,87,'15.9900',1,'2008-08-25','2009-01-31'),(6980,'2008-12-27',3,87,'15.9900',1,'2008-08-25','2009-01-31'),(6981,'2008-12-28',3,87,'15.9900',1,'2008-08-25','2009-01-31'),(6982,'2008-12-26',3,88,'15.9900',1,'2008-08-25','2009-01-31'),(6983,'2008-12-27',3,88,'15.9900',1,'2008-08-25','2009-01-31'),(6984,'2008-12-28',3,88,'15.9900',1,'2008-08-25','2009-01-31'),(6985,'2008-12-26',3,89,'15.9900',1,'2008-08-25','2009-01-31'),(6986,'2008-12-27',3,89,'15.9900',1,'2008-08-25','2009-01-31'),(6987,'2008-12-28',3,89,'15.9900',1,'2008-08-25','2009-01-31'),(6988,'2008-12-26',3,90,'15.9900',1,'2008-08-25','2009-01-31'),(6989,'2008-12-27',3,90,'15.9900',1,'2008-08-25','2009-01-31'),(6990,'2008-12-28',3,90,'15.9900',1,'2008-08-25','2009-01-31'),(6991,'2008-12-26',3,91,'15.9900',1,'2008-08-25','2009-01-31'),(6992,'2008-12-27',3,91,'15.9900',1,'2008-08-25','2009-01-31'),(6993,'2008-12-28',3,91,'15.9900',1,'2008-08-25','2009-01-31'),(6994,'2008-12-26',3,92,'15.9900',1,'2008-08-25','2009-01-31'),(6995,'2008-12-27',3,92,'15.9900',1,'2008-08-25','2009-01-31'),(6996,'2008-12-28',3,92,'15.9900',1,'2008-08-25','2009-01-31'),(6997,'2008-12-26',3,103,'69.9900',1,'2008-08-25','2009-01-31'),(6998,'2008-12-27',3,103,'69.9900',1,'2008-08-25','2009-01-31'),(6999,'2008-12-28',3,103,'69.9900',1,'2008-08-25','2009-01-31'),(7000,'2008-12-26',3,104,'69.9900',1,'2008-08-25','2009-01-31'),(7001,'2008-12-27',3,104,'69.9900',1,'2008-08-25','2009-01-31'),(7002,'2008-12-28',3,104,'69.9900',1,'2008-08-25','2009-01-31'),(7003,'2008-12-26',3,105,'69.9900',1,'2008-08-25','2009-01-31'),(7004,'2008-12-27',3,105,'69.9900',1,'2008-08-25','2009-01-31'),(7005,'2008-12-28',3,105,'69.9900',1,'2008-08-25','2009-01-31'),(7006,'2008-12-26',3,106,'69.9900',1,'2008-08-25','2009-01-31'),(7007,'2008-12-27',3,106,'69.9900',1,'2008-08-25','2009-01-31'),(7008,'2008-12-28',3,106,'69.9900',1,'2008-08-25','2009-01-31'),(7009,'2008-12-26',3,107,'69.9900',1,'2008-08-25','2009-01-31'),(7010,'2008-12-27',3,107,'69.9900',1,'2008-08-25','2009-01-31'),(7011,'2008-12-28',3,107,'69.9900',1,'2008-08-25','2009-01-31'),(7012,'2008-12-26',3,108,'89.9900',1,'2008-08-25','2009-01-31'),(7013,'2008-12-27',3,108,'89.9900',1,'2008-08-25','2009-01-31'),(7014,'2008-12-28',3,108,'89.9900',1,'2008-08-25','2009-01-31'),(7015,'2008-12-26',3,109,'89.9900',1,'2008-08-25','2009-01-31'),(7016,'2008-12-27',3,109,'89.9900',1,'2008-08-25','2009-01-31'),(7017,'2008-12-28',3,109,'89.9900',1,'2008-08-25','2009-01-31'),(7018,'2008-12-26',3,110,'89.9900',1,'2008-08-25','2009-01-31'),(7019,'2008-12-27',3,110,'89.9900',1,'2008-08-25','2009-01-31'),(7020,'2008-12-28',3,110,'89.9900',1,'2008-08-25','2009-01-31'),(7021,'2008-12-26',3,111,'89.9900',1,'2008-08-25','2009-01-31'),(7022,'2008-12-27',3,111,'89.9900',1,'2008-08-25','2009-01-31'),(7023,'2008-12-28',3,111,'89.9900',1,'2008-08-25','2009-01-31'),(7024,'2008-12-26',3,117,'15.0000',1,'2008-08-25','2009-01-31'),(7025,'2008-12-27',3,117,'15.0000',1,'2008-08-25','2009-01-31'),(7026,'2008-12-28',3,117,'15.0000',1,'2008-08-25','2009-01-31'),(7027,'2008-12-26',3,118,'15.0000',1,'2008-08-25','2009-01-31'),(7028,'2008-12-27',3,118,'15.0000',1,'2008-08-25','2009-01-31'),(7029,'2008-12-28',3,118,'15.0000',1,'2008-08-25','2009-01-31'),(7030,'2008-12-26',3,119,'15.0000',1,'2008-08-25','2009-01-31'),(7031,'2008-12-27',3,119,'15.0000',1,'2008-08-25','2009-01-31'),(7032,'2008-12-28',3,119,'15.0000',1,'2008-08-25','2009-01-31'),(7033,'2008-12-26',3,120,'22.0000',1,'2008-08-25','2009-01-31'),(7034,'2008-12-27',3,120,'22.0000',1,'2008-08-25','2009-01-31'),(7035,'2008-12-28',3,120,'22.0000',1,'2008-08-25','2009-01-31'),(7036,'2008-12-26',3,121,'22.0000',1,'2008-08-25','2009-01-31'),(7037,'2008-12-27',3,121,'22.0000',1,'2008-08-25','2009-01-31'),(7038,'2008-12-28',3,121,'22.0000',1,'2008-08-25','2009-01-31'),(7039,'2008-12-26',3,122,'22.0000',1,'2008-08-25','2009-01-31'),(7040,'2008-12-27',3,122,'22.0000',1,'2008-08-25','2009-01-31'),(7041,'2008-12-28',3,122,'22.0000',1,'2008-08-25','2009-01-31'),(7042,'2008-12-26',3,123,'100.0000',1,'2008-08-25','2009-01-31'),(7043,'2008-12-27',3,123,'100.0000',1,'2008-08-25','2009-01-31'),(7044,'2008-12-28',3,123,'100.0000',1,'2008-08-25','2009-01-31'),(7045,'2008-12-26',3,124,'15.0000',1,'2008-08-25','2009-01-31'),(7046,'2008-12-27',3,124,'15.0000',1,'2008-08-25','2009-01-31'),(7047,'2008-12-28',3,124,'15.0000',1,'2008-08-25','2009-01-31'),(7048,'2008-12-26',3,125,'15.0000',1,'2008-08-25','2009-01-31'),(7049,'2008-12-27',3,125,'15.0000',1,'2008-08-25','2009-01-31'),(7050,'2008-12-28',3,125,'15.0000',1,'2008-08-25','2009-01-31'),(7051,'2008-12-26',3,126,'13.5000',1,'2008-08-25','2009-01-31'),(7052,'2008-12-27',3,126,'13.5000',1,'2008-08-25','2009-01-31'),(7053,'2008-12-28',3,126,'13.5000',1,'2008-08-25','2009-01-31'),(7054,'2008-12-26',3,127,'13.5000',1,'2008-08-25','2009-01-31'),(7055,'2008-12-27',3,127,'13.5000',1,'2008-08-25','2009-01-31'),(7056,'2008-12-28',3,127,'13.5000',1,'2008-08-25','2009-01-31'),(7057,'2008-12-26',3,128,'13.5000',1,'2008-08-25','2009-01-31'),(7058,'2008-12-27',3,128,'13.5000',1,'2008-08-25','2009-01-31'),(7059,'2008-12-28',3,128,'13.5000',1,'2008-08-25','2009-01-31'),(7060,'2008-12-26',3,129,'13.5000',1,'2008-08-25','2009-01-31'),(7061,'2008-12-27',3,129,'13.5000',1,'2008-08-25','2009-01-31'),(7062,'2008-12-28',3,129,'13.5000',1,'2008-08-25','2009-01-31'),(7063,'2008-12-26',3,130,'13.5000',1,'2008-08-25','2009-01-31'),(7064,'2008-12-27',3,130,'13.5000',1,'2008-08-25','2009-01-31'),(7065,'2008-12-28',3,130,'13.5000',1,'2008-08-25','2009-01-31'),(7066,'2008-12-26',3,131,'13.5000',1,'2008-08-25','2009-01-31'),(7067,'2008-12-27',3,131,'13.5000',1,'2008-08-25','2009-01-31'),(7068,'2008-12-28',3,131,'13.5000',1,'2008-08-25','2009-01-31'),(7069,'2008-12-26',3,132,'99.0000',1,'2008-08-25','2009-01-31'),(7070,'2008-12-27',3,132,'99.0000',1,'2008-08-25','2009-01-31'),(7071,'2008-12-28',3,132,'99.0000',1,'2008-08-25','2009-01-31'),(7072,'2008-12-26',3,133,'34.0000',1,'2008-08-25','2009-01-31'),(7073,'2008-12-27',3,133,'34.0000',1,'2008-08-25','2009-01-31'),(7074,'2008-12-28',3,133,'34.0000',1,'2008-08-25','2009-01-31'),(7075,'2008-12-26',3,134,'19.0000',1,'2008-08-25','2009-01-31'),(7076,'2008-12-27',3,134,'19.0000',1,'2008-08-25','2009-01-31'),(7077,'2008-12-28',3,134,'19.0000',1,'2008-08-25','2009-01-31'),(7078,'2008-12-26',3,135,'41.9500',1,'2008-08-25','2009-01-31'),(7079,'2008-12-27',3,135,'41.9500',1,'2008-08-25','2009-01-31'),(7080,'2008-12-28',3,135,'41.9500',1,'2008-08-25','2009-01-31'),(7081,'2008-12-26',3,137,'13.5000',1,'2008-08-25','2009-01-31'),(7082,'2008-12-27',3,137,'13.5000',1,'2008-08-25','2009-01-31'),(7083,'2008-12-28',3,137,'13.5000',1,'2008-08-25','2009-01-31'),(7084,'2008-12-26',4,16,'149.9900',1,'2008-08-06','2009-08-23'),(7085,'2008-12-27',4,16,'149.9900',1,'2008-08-06','2009-08-23'),(7086,'2008-12-28',4,16,'149.9900',1,'2008-08-06','2009-08-23'),(7087,'2008-12-26',4,17,'349.9900',1,'2008-08-06','2009-08-23'),(7088,'2008-12-27',4,17,'349.9900',1,'2008-08-06','2009-08-23'),(7089,'2008-12-28',4,17,'349.9900',1,'2008-08-06','2009-08-23'),(7090,'2008-12-26',4,18,'399.9900',1,'2008-08-06','2009-08-23'),(7091,'2008-12-27',4,18,'399.9900',1,'2008-08-06','2009-08-23'),(7092,'2008-12-28',4,18,'399.9900',1,'2008-08-06','2009-08-23'),(7093,'2008-12-26',4,19,'199.9900',1,'2008-08-06','2009-08-23'),(7094,'2008-12-27',4,19,'199.9900',1,'2008-08-06','2009-08-23'),(7095,'2008-12-28',4,19,'199.9900',1,'2008-08-06','2009-08-23'),(7096,'2008-12-26',4,20,'150.0000',1,'2008-08-06','2009-08-23'),(7097,'2008-12-27',4,20,'150.0000',1,'2008-08-06','2009-08-23'),(7098,'2008-12-28',4,20,'150.0000',1,'2008-08-06','2009-08-23'),(7099,'2008-12-26',4,25,'2299.9900',1,'2008-08-06','2009-08-23'),(7100,'2008-12-27',4,25,'2299.9900',1,'2008-08-06','2009-08-23'),(7101,'2008-12-28',4,25,'2299.9900',1,'2008-08-06','2009-08-23'),(7102,'2008-12-26',4,26,'1799.9900',1,'2008-08-06','2009-08-23'),(7103,'2008-12-27',4,26,'1799.9900',1,'2008-08-06','2009-08-23'),(7104,'2008-12-28',4,26,'1799.9900',1,'2008-08-06','2009-08-23'),(7105,'2008-12-26',4,27,'2699.9900',1,'2008-08-06','2009-08-23'),(7106,'2008-12-27',4,27,'2699.9900',1,'2008-08-06','2009-08-23'),(7107,'2008-12-28',4,27,'2699.9900',1,'2008-08-06','2009-08-23'),(7108,'2008-12-26',4,28,'1599.9900',1,'2008-08-06','2009-08-23'),(7109,'2008-12-27',4,28,'1599.9900',1,'2008-08-06','2009-08-23'),(7110,'2008-12-28',4,28,'1599.9900',1,'2008-08-06','2009-08-23'),(7111,'2008-12-26',4,29,'15.9900',1,'2008-08-06','2009-08-23'),(7112,'2008-12-27',4,29,'15.9900',1,'2008-08-06','2009-08-23'),(7113,'2008-12-28',4,29,'15.9900',1,'2008-08-06','2009-08-23'),(7114,'2008-12-26',4,30,'134.9900',1,'2008-08-06','2009-08-23'),(7115,'2008-12-27',4,30,'134.9900',1,'2008-08-06','2009-08-23'),(7116,'2008-12-28',4,30,'134.9900',1,'2008-08-06','2009-08-23'),(7117,'2008-12-26',4,31,'69.9900',1,'2008-08-06','2009-08-23'),(7118,'2008-12-27',4,31,'69.9900',1,'2008-08-06','2009-08-23'),(7119,'2008-12-28',4,31,'69.9900',1,'2008-08-06','2009-08-23'),(7120,'2008-12-26',4,32,'89.9900',1,'2008-08-06','2009-08-23'),(7121,'2008-12-27',4,32,'89.9900',1,'2008-08-06','2009-08-23'),(7122,'2008-12-28',4,32,'89.9900',1,'2008-08-06','2009-08-23'),(7123,'2008-12-26',4,33,'159.9900',1,'2008-08-06','2009-08-23'),(7124,'2008-12-27',4,33,'159.9900',1,'2008-08-06','2009-08-23'),(7125,'2008-12-28',4,33,'159.9900',1,'2008-08-06','2009-08-23'),(7126,'2008-12-26',4,34,'160.9900',1,'2008-08-06','2009-08-23'),(7127,'2008-12-27',4,34,'160.9900',1,'2008-08-06','2009-08-23'),(7128,'2008-12-28',4,34,'160.9900',1,'2008-08-06','2009-08-23'),(7129,'2008-12-26',4,35,'15.0000',1,'2008-08-06','2009-08-23'),(7130,'2008-12-27',4,35,'15.0000',1,'2008-08-06','2009-08-23'),(7131,'2008-12-28',4,35,'15.0000',1,'2008-08-06','2009-08-23'),(7132,'2008-12-26',4,36,'22.0000',1,'2008-08-06','2009-08-23'),(7133,'2008-12-27',4,36,'22.0000',1,'2008-08-06','2009-08-23'),(7134,'2008-12-28',4,36,'22.0000',1,'2008-08-06','2009-08-23'),(7135,'2008-12-26',4,37,'15.0000',1,'2008-08-06','2009-08-23'),(7136,'2008-12-27',4,37,'15.0000',1,'2008-08-06','2009-08-23'),(7137,'2008-12-28',4,37,'15.0000',1,'2008-08-06','2009-08-23'),(7138,'2008-12-26',4,38,'13.5000',1,'2008-08-06','2009-08-23'),(7139,'2008-12-27',4,38,'13.5000',1,'2008-08-06','2009-08-23'),(7140,'2008-12-28',4,38,'13.5000',1,'2008-08-06','2009-08-23'),(7141,'2008-12-26',4,39,'30.0000',1,'2008-08-06','2009-08-23'),(7142,'2008-12-27',4,39,'30.0000',1,'2008-08-06','2009-08-23'),(7143,'2008-12-28',4,39,'30.0000',1,'2008-08-06','2009-08-23'),(7144,'2008-12-26',4,41,'399.9900',1,'2008-08-24','2009-09-28'),(7145,'2008-12-27',4,41,'399.9900',1,'2008-08-24','2009-09-28'),(7146,'2008-12-28',4,41,'399.9900',1,'2008-08-24','2009-09-28'),(7147,'2008-12-26',4,42,'2299.0000',1,'2008-08-06','2009-08-23'),(7148,'2008-12-27',4,42,'2299.0000',1,'2008-08-06','2009-08-23'),(7149,'2008-12-28',4,42,'2299.0000',1,'2008-08-06','2009-08-23'),(7150,'2008-12-26',4,44,'550.0000',1,'2008-08-06','2009-08-23'),(7151,'2008-12-27',4,44,'550.0000',1,'2008-08-06','2009-08-23'),(7152,'2008-12-28',4,44,'550.0000',1,'2008-08-06','2009-08-23'),(7153,'2008-12-26',4,45,'37.4900',1,'2008-08-06','2009-08-23'),(7154,'2008-12-27',4,45,'37.4900',1,'2008-08-06','2009-08-23'),(7155,'2008-12-28',4,45,'37.4900',1,'2008-08-06','2009-08-23'),(7156,'2008-12-26',4,46,'161.9400',1,'2008-08-06','2009-08-23'),(7157,'2008-12-27',4,46,'161.9400',1,'2008-08-06','2009-08-23'),(7158,'2008-12-28',4,46,'161.9400',1,'2008-08-06','2009-08-23'),(7159,'2008-12-26',4,47,'329.9900',1,'2008-08-06','2009-08-23'),(7160,'2008-12-27',4,47,'329.9900',1,'2008-08-06','2009-08-23'),(7161,'2008-12-28',4,47,'329.9900',1,'2008-08-06','2009-08-23'),(7162,'2008-12-26',4,48,'199.9900',1,'2008-08-06','2009-08-23'),(7163,'2008-12-27',4,48,'199.9900',1,'2008-08-06','2009-08-23'),(7164,'2008-12-28',4,48,'199.9900',1,'2008-08-06','2009-08-23'),(7165,'2008-12-26',4,49,'41.9500',1,'2008-08-06','2009-08-23'),(7166,'2008-12-27',4,49,'41.9500',1,'2008-08-06','2009-08-23'),(7167,'2008-12-28',4,49,'41.9500',1,'2008-08-06','2009-08-23'),(7168,'2008-12-26',4,51,'299.9900',1,'2008-08-06','2009-08-23'),(7169,'2008-12-27',4,51,'299.9900',1,'2008-08-06','2009-08-23'),(7170,'2008-12-28',4,51,'299.9900',1,'2008-08-06','2009-08-23'),(7171,'2008-12-26',4,52,'129.9900',1,'2008-08-24','2009-09-28'),(7172,'2008-12-27',4,52,'129.9900',1,'2008-08-24','2009-09-28'),(7173,'2008-12-28',4,52,'129.9900',1,'2008-08-24','2009-09-28'),(7174,'2008-12-26',4,53,'599.9900',1,'2008-08-06','2009-08-23'),(7175,'2008-12-27',4,53,'599.9900',1,'2008-08-06','2009-08-23'),(7176,'2008-12-28',4,53,'599.9900',1,'2008-08-06','2009-08-23'),(7177,'2008-12-26',4,54,'699.9900',1,'2008-08-06','2009-08-23'),(7178,'2008-12-27',4,54,'699.9900',1,'2008-08-06','2009-08-23'),(7179,'2008-12-28',4,54,'699.9900',1,'2008-08-06','2009-08-23'),(7180,'2008-12-26',4,74,'41.9500',1,'2008-08-06','2009-08-23'),(7181,'2008-12-27',4,74,'41.9500',1,'2008-08-06','2009-08-23'),(7182,'2008-12-28',4,74,'41.9500',1,'2008-08-06','2009-08-23'),(7183,'2008-12-26',4,75,'41.9500',1,'2008-08-06','2009-08-23'),(7184,'2008-12-27',4,75,'41.9500',1,'2008-08-06','2009-08-23'),(7185,'2008-12-28',4,75,'41.9500',1,'2008-08-06','2009-08-23'),(7186,'2008-12-26',4,79,'41.9500',1,'2008-08-06','2009-08-23'),(7187,'2008-12-27',4,79,'41.9500',1,'2008-08-06','2009-08-23'),(7188,'2008-12-28',4,79,'41.9500',1,'2008-08-06','2009-08-23'),(7189,'2008-12-26',4,80,'41.9500',1,'2008-08-06','2009-08-23'),(7190,'2008-12-27',4,80,'41.9500',1,'2008-08-06','2009-08-23'),(7191,'2008-12-28',4,80,'41.9500',1,'2008-08-06','2009-08-23'),(7192,'2008-12-26',4,81,'41.9500',1,'2008-08-06','2009-08-23'),(7193,'2008-12-27',4,81,'41.9500',1,'2008-08-06','2009-08-23'),(7194,'2008-12-28',4,81,'41.9500',1,'2008-08-06','2009-08-23'),(7195,'2008-12-26',4,82,'41.9500',1,'2008-08-06','2009-08-23'),(7196,'2008-12-27',4,82,'41.9500',1,'2008-08-06','2009-08-23'),(7197,'2008-12-28',4,82,'41.9500',1,'2008-08-06','2009-08-23'),(7198,'2008-12-26',4,83,'15.9900',1,'2008-08-06','2009-08-23'),(7199,'2008-12-27',4,83,'15.9900',1,'2008-08-06','2009-08-23'),(7200,'2008-12-28',4,83,'15.9900',1,'2008-08-06','2009-08-23'),(7201,'2008-12-26',4,84,'15.9900',1,'2008-08-06','2009-08-23'),(7202,'2008-12-27',4,84,'15.9900',1,'2008-08-06','2009-08-23'),(7203,'2008-12-28',4,84,'15.9900',1,'2008-08-06','2009-08-23'),(7204,'2008-12-26',4,85,'15.9900',1,'2008-08-06','2009-08-23'),(7205,'2008-12-27',4,85,'15.9900',1,'2008-08-06','2009-08-23'),(7206,'2008-12-28',4,85,'15.9900',1,'2008-08-06','2009-08-23'),(7207,'2008-12-26',4,86,'15.9900',1,'2008-08-06','2009-08-23'),(7208,'2008-12-27',4,86,'15.9900',1,'2008-08-06','2009-08-23'),(7209,'2008-12-28',4,86,'15.9900',1,'2008-08-06','2009-08-23'),(7210,'2008-12-26',4,87,'15.9900',1,'2008-08-06','2009-08-23'),(7211,'2008-12-27',4,87,'15.9900',1,'2008-08-06','2009-08-23'),(7212,'2008-12-28',4,87,'15.9900',1,'2008-08-06','2009-08-23'),(7213,'2008-12-26',4,88,'15.9900',1,'2008-08-06','2009-08-23'),(7214,'2008-12-27',4,88,'15.9900',1,'2008-08-06','2009-08-23'),(7215,'2008-12-28',4,88,'15.9900',1,'2008-08-06','2009-08-23'),(7216,'2008-12-26',4,89,'15.9900',1,'2008-08-06','2009-08-23'),(7217,'2008-12-27',4,89,'15.9900',1,'2008-08-06','2009-08-23'),(7218,'2008-12-28',4,89,'15.9900',1,'2008-08-06','2009-08-23'),(7219,'2008-12-26',4,90,'15.9900',1,'2008-08-06','2009-08-23'),(7220,'2008-12-27',4,90,'15.9900',1,'2008-08-06','2009-08-23'),(7221,'2008-12-28',4,90,'15.9900',1,'2008-08-06','2009-08-23'),(7222,'2008-12-26',4,91,'15.9900',1,'2008-08-06','2009-08-23'),(7223,'2008-12-27',4,91,'15.9900',1,'2008-08-06','2009-08-23'),(7224,'2008-12-28',4,91,'15.9900',1,'2008-08-06','2009-08-23'),(7225,'2008-12-26',4,92,'15.9900',1,'2008-08-06','2009-08-23'),(7226,'2008-12-27',4,92,'15.9900',1,'2008-08-06','2009-08-23'),(7227,'2008-12-28',4,92,'15.9900',1,'2008-08-06','2009-08-23'),(7228,'2008-12-26',4,93,'134.9900',1,'2008-08-06','2009-08-23'),(7229,'2008-12-27',4,93,'134.9900',1,'2008-08-06','2009-08-23'),(7230,'2008-12-28',4,93,'134.9900',1,'2008-08-06','2009-08-23'),(7231,'2008-12-26',4,94,'134.9900',1,'2008-08-06','2009-08-23'),(7232,'2008-12-27',4,94,'134.9900',1,'2008-08-06','2009-08-23'),(7233,'2008-12-28',4,94,'134.9900',1,'2008-08-06','2009-08-23'),(7234,'2008-12-26',4,95,'134.9900',1,'2008-08-06','2009-08-23'),(7235,'2008-12-27',4,95,'134.9900',1,'2008-08-06','2009-08-23'),(7236,'2008-12-28',4,95,'134.9900',1,'2008-08-06','2009-08-23'),(7237,'2008-12-26',4,96,'134.9900',1,'2008-08-06','2009-08-23'),(7238,'2008-12-27',4,96,'134.9900',1,'2008-08-06','2009-08-23'),(7239,'2008-12-28',4,96,'134.9900',1,'2008-08-06','2009-08-23'),(7240,'2008-12-26',4,97,'134.9900',1,'2008-08-06','2009-08-23'),(7241,'2008-12-27',4,97,'134.9900',1,'2008-08-06','2009-08-23'),(7242,'2008-12-28',4,97,'134.9900',1,'2008-08-06','2009-08-23'),(7243,'2008-12-26',4,98,'160.9900',1,'2008-08-06','2009-08-23'),(7244,'2008-12-27',4,98,'160.9900',1,'2008-08-06','2009-08-23'),(7245,'2008-12-28',4,98,'160.9900',1,'2008-08-06','2009-08-23'),(7246,'2008-12-26',4,99,'160.9900',1,'2008-08-06','2009-08-23'),(7247,'2008-12-27',4,99,'160.9900',1,'2008-08-06','2009-08-23'),(7248,'2008-12-28',4,99,'160.9900',1,'2008-08-06','2009-08-23'),(7249,'2008-12-26',4,100,'160.9900',1,'2008-08-06','2009-08-23'),(7250,'2008-12-27',4,100,'160.9900',1,'2008-08-06','2009-08-23'),(7251,'2008-12-28',4,100,'160.9900',1,'2008-08-06','2009-08-23'),(7252,'2008-12-26',4,101,'160.9900',1,'2008-08-06','2009-08-23'),(7253,'2008-12-27',4,101,'160.9900',1,'2008-08-06','2009-08-23'),(7254,'2008-12-28',4,101,'160.9900',1,'2008-08-06','2009-08-23'),(7255,'2008-12-26',4,102,'160.9900',1,'2008-08-06','2009-08-23'),(7256,'2008-12-27',4,102,'160.9900',1,'2008-08-06','2009-08-23'),(7257,'2008-12-28',4,102,'160.9900',1,'2008-08-06','2009-08-23'),(7258,'2008-12-26',4,103,'69.9900',1,'2008-08-06','2009-08-23'),(7259,'2008-12-27',4,103,'69.9900',1,'2008-08-06','2009-08-23'),(7260,'2008-12-28',4,103,'69.9900',1,'2008-08-06','2009-08-23'),(7261,'2008-12-26',4,104,'69.9900',1,'2008-08-06','2009-08-23'),(7262,'2008-12-27',4,104,'69.9900',1,'2008-08-06','2009-08-23'),(7263,'2008-12-28',4,104,'69.9900',1,'2008-08-06','2009-08-23'),(7264,'2008-12-26',4,105,'69.9900',1,'2008-08-06','2009-08-23'),(7265,'2008-12-27',4,105,'69.9900',1,'2008-08-06','2009-08-23'),(7266,'2008-12-28',4,105,'69.9900',1,'2008-08-06','2009-08-23'),(7267,'2008-12-26',4,106,'69.9900',1,'2008-08-06','2009-08-23'),(7268,'2008-12-27',4,106,'69.9900',1,'2008-08-06','2009-08-23'),(7269,'2008-12-28',4,106,'69.9900',1,'2008-08-06','2009-08-23'),(7270,'2008-12-26',4,107,'69.9900',1,'2008-08-06','2009-08-23'),(7271,'2008-12-27',4,107,'69.9900',1,'2008-08-06','2009-08-23'),(7272,'2008-12-28',4,107,'69.9900',1,'2008-08-06','2009-08-23'),(7273,'2008-12-26',4,108,'89.9900',1,'2008-08-06','2009-08-23'),(7274,'2008-12-27',4,108,'89.9900',1,'2008-08-06','2009-08-23'),(7275,'2008-12-28',4,108,'89.9900',1,'2008-08-06','2009-08-23'),(7276,'2008-12-26',4,109,'89.9900',1,'2008-08-06','2009-08-23'),(7277,'2008-12-27',4,109,'89.9900',1,'2008-08-06','2009-08-23'),(7278,'2008-12-28',4,109,'89.9900',1,'2008-08-06','2009-08-23'),(7279,'2008-12-26',4,110,'89.9900',1,'2008-08-06','2009-08-23'),(7280,'2008-12-27',4,110,'89.9900',1,'2008-08-06','2009-08-23'),(7281,'2008-12-28',4,110,'89.9900',1,'2008-08-06','2009-08-23'),(7282,'2008-12-26',4,111,'89.9900',1,'2008-08-06','2009-08-23'),(7283,'2008-12-27',4,111,'89.9900',1,'2008-08-06','2009-08-23'),(7284,'2008-12-28',4,111,'89.9900',1,'2008-08-06','2009-08-23'),(7285,'2008-12-26',4,112,'159.9900',1,'2008-08-06','2009-08-23'),(7286,'2008-12-27',4,112,'159.9900',1,'2008-08-06','2009-08-23'),(7287,'2008-12-28',4,112,'159.9900',1,'2008-08-06','2009-08-23'),(7288,'2008-12-26',4,113,'159.9900',1,'2008-08-06','2009-08-23'),(7289,'2008-12-27',4,113,'159.9900',1,'2008-08-06','2009-08-23'),(7290,'2008-12-28',4,113,'159.9900',1,'2008-08-06','2009-08-23'),(7291,'2008-12-26',4,114,'159.9900',1,'2008-08-06','2009-08-23'),(7292,'2008-12-27',4,114,'159.9900',1,'2008-08-06','2009-08-23'),(7293,'2008-12-28',4,114,'159.9900',1,'2008-08-06','2009-08-23'),(7294,'2008-12-26',4,115,'159.9900',1,'2008-08-06','2009-08-23'),(7295,'2008-12-27',4,115,'159.9900',1,'2008-08-06','2009-08-23'),(7296,'2008-12-28',4,115,'159.9900',1,'2008-08-06','2009-08-23'),(7297,'2008-12-26',4,117,'15.0000',1,'2008-08-06','2009-08-23'),(7298,'2008-12-27',4,117,'15.0000',1,'2008-08-06','2009-08-23'),(7299,'2008-12-28',4,117,'15.0000',1,'2008-08-06','2009-08-23'),(7300,'2008-12-26',4,118,'15.0000',1,'2008-08-06','2009-08-23'),(7301,'2008-12-27',4,118,'15.0000',1,'2008-08-06','2009-08-23'),(7302,'2008-12-28',4,118,'15.0000',1,'2008-08-06','2009-08-23'),(7303,'2008-12-26',4,119,'15.0000',1,'2008-08-06','2009-08-23'),(7304,'2008-12-27',4,119,'15.0000',1,'2008-08-06','2009-08-23'),(7305,'2008-12-28',4,119,'15.0000',1,'2008-08-06','2009-08-23'),(7306,'2008-12-26',4,120,'22.0000',1,'2008-08-06','2009-08-23'),(7307,'2008-12-27',4,120,'22.0000',1,'2008-08-06','2009-08-23'),(7308,'2008-12-28',4,120,'22.0000',1,'2008-08-06','2009-08-23'),(7309,'2008-12-26',4,121,'22.0000',1,'2008-08-06','2009-08-23'),(7310,'2008-12-27',4,121,'22.0000',1,'2008-08-06','2009-08-23'),(7311,'2008-12-28',4,121,'22.0000',1,'2008-08-06','2009-08-23'),(7312,'2008-12-26',4,122,'22.0000',1,'2008-08-06','2009-08-23'),(7313,'2008-12-27',4,122,'22.0000',1,'2008-08-06','2009-08-23'),(7314,'2008-12-28',4,122,'22.0000',1,'2008-08-06','2009-08-23'),(7315,'2008-12-26',4,123,'100.0000',1,'2008-08-06','2009-08-23'),(7316,'2008-12-27',4,123,'100.0000',1,'2008-08-06','2009-08-23'),(7317,'2008-12-28',4,123,'100.0000',1,'2008-08-06','2009-08-23'),(7318,'2008-12-26',4,124,'15.0000',1,'2008-08-06','2009-08-23'),(7319,'2008-12-27',4,124,'15.0000',1,'2008-08-06','2009-08-23'),(7320,'2008-12-28',4,124,'15.0000',1,'2008-08-06','2009-08-23'),(7321,'2008-12-26',4,125,'15.0000',1,'2008-08-06','2009-08-23'),(7322,'2008-12-27',4,125,'15.0000',1,'2008-08-06','2009-08-23'),(7323,'2008-12-28',4,125,'15.0000',1,'2008-08-06','2009-08-23'),(7324,'2008-12-26',4,126,'13.5000',1,'2008-08-06','2009-08-23'),(7325,'2008-12-27',4,126,'13.5000',1,'2008-08-06','2009-08-23'),(7326,'2008-12-28',4,126,'13.5000',1,'2008-08-06','2009-08-23'),(7327,'2008-12-26',4,127,'13.5000',1,'2008-08-06','2009-08-23'),(7328,'2008-12-27',4,127,'13.5000',1,'2008-08-06','2009-08-23'),(7329,'2008-12-28',4,127,'13.5000',1,'2008-08-06','2009-08-23'),(7330,'2008-12-26',4,128,'13.5000',1,'2008-08-06','2009-08-23'),(7331,'2008-12-27',4,128,'13.5000',1,'2008-08-06','2009-08-23'),(7332,'2008-12-28',4,128,'13.5000',1,'2008-08-06','2009-08-23'),(7333,'2008-12-26',4,129,'13.5000',1,'2008-08-06','2009-08-23'),(7334,'2008-12-27',4,129,'13.5000',1,'2008-08-06','2009-08-23'),(7335,'2008-12-28',4,129,'13.5000',1,'2008-08-06','2009-08-23'),(7336,'2008-12-26',4,130,'13.5000',1,'2008-08-06','2009-08-23'),(7337,'2008-12-27',4,130,'13.5000',1,'2008-08-06','2009-08-23'),(7338,'2008-12-28',4,130,'13.5000',1,'2008-08-06','2009-08-23'),(7339,'2008-12-26',4,131,'13.5000',1,'2008-08-06','2009-08-23'),(7340,'2008-12-27',4,131,'13.5000',1,'2008-08-06','2009-08-23'),(7341,'2008-12-28',4,131,'13.5000',1,'2008-08-06','2009-08-23'),(7342,'2008-12-26',4,132,'99.0000',1,'2008-08-06','2009-08-23'),(7343,'2008-12-27',4,132,'99.0000',1,'2008-08-06','2009-08-23'),(7344,'2008-12-28',4,132,'99.0000',1,'2008-08-06','2009-08-23'),(7345,'2008-12-26',4,133,'34.0000',1,'2008-08-06','2009-08-23'),(7346,'2008-12-27',4,133,'34.0000',1,'2008-08-06','2009-08-23'),(7347,'2008-12-28',4,133,'34.0000',1,'2008-08-06','2009-08-23'),(7348,'2008-12-26',4,134,'19.0000',1,'2008-08-06','2009-08-23'),(7349,'2008-12-27',4,134,'19.0000',1,'2008-08-06','2009-08-23'),(7350,'2008-12-28',4,134,'19.0000',1,'2008-08-06','2009-08-23'),(7351,'2008-12-26',4,135,'41.9500',1,'2008-08-27','2009-08-28'),(7352,'2008-12-27',4,135,'41.9500',1,'2008-08-27','2009-08-28'),(7353,'2008-12-28',4,135,'41.9500',1,'2008-08-27','2009-08-28'),(7354,'2008-12-26',4,137,'13.5000',1,'2008-08-06','2009-08-23'),(7355,'2008-12-27',4,137,'13.5000',1,'2008-08-06','2009-08-23'),(7356,'2008-12-28',4,137,'13.5000',1,'2008-08-06','2009-08-23'),(7357,'2008-12-26',4,138,'150.0000',1,'2008-08-06','2009-08-23'),(7358,'2008-12-27',4,138,'150.0000',1,'2008-08-06','2009-08-23'),(7359,'2008-12-28',4,138,'150.0000',1,'2008-08-06','2009-08-23'),(7360,'2008-12-26',4,139,'199.9900',1,'2008-08-06','2009-08-23'),(7361,'2008-12-27',4,139,'199.9900',1,'2008-08-06','2009-08-23'),(7362,'2008-12-28',4,139,'199.9900',1,'2008-08-06','2009-08-23'),(7363,'2008-12-26',4,142,'150.0000',1,'2008-08-06','2009-08-23'),(7364,'2008-12-27',4,142,'150.0000',1,'2008-08-06','2009-08-23'),(7365,'2008-12-28',4,142,'150.0000',1,'2008-08-06','2009-08-23'),(7366,'2008-12-26',4,144,'250.0000',1,'2008-08-06','2009-08-23'),(7367,'2008-12-27',4,144,'250.0000',1,'2008-08-06','2009-08-23'),(7368,'2008-12-28',4,144,'250.0000',1,'2008-08-06','2009-08-23'),(7369,'2008-12-26',4,146,'325.0000',1,'2008-08-06','2009-08-23'),(7370,'2008-12-27',4,146,'325.0000',1,'2008-08-06','2009-08-23'),(7371,'2008-12-28',4,146,'325.0000',1,'2008-08-06','2009-08-23'),(7372,'2008-12-26',4,164,'4999.9500',1,'2008-08-06','2009-08-23'),(7373,'2008-12-27',4,164,'4999.9500',1,'2008-08-06','2009-08-23'),(7374,'2008-12-28',4,164,'4999.9500',1,'2008-08-06','2009-08-23');


/*Table structure for table `catalogsearch_fulltext` */

