
/*Table structure for table `admin_assert` */


CREATE TABLE `admin_assert` (
  `assert_id` int(10) unsigned NOT NULL AUTO_INCREMENT COMMENT 'Assert ID',
  `assert_type` varchar(20) NOT NULL COMMENT 'Assert Type',
  `assert_data` text COMMENT 'Assert Data',
  PRIMARY KEY (`assert_id`)
) ENGINE=InnoDB DEFAULT CHARSET=utf8 COMMENT='Admin Assert Table';

/*Data for the table `admin_assert` */



/*Table structure for table `admin_role` */


CREATE TABLE `admin_role` (
  `role_id` int(10) unsigned NOT NULL AUTO_INCREMENT COMMENT 'Role ID',
  `parent_id` int(10) unsigned NOT NULL DEFAULT '0' COMMENT 'Parent Role ID',
  `tree_level` smallint(5) unsigned NOT NULL DEFAULT '0' COMMENT 'Role Tree Level',
  `sort_order` smallint(5) unsigned NOT NULL DEFAULT '0' COMMENT 'Role Sort Order',
  `role_type` varchar(1) NOT NULL DEFAULT '0' COMMENT 'Role Type',
  `user_id` int(10) unsigned NOT NULL DEFAULT '0' COMMENT 'User ID',
  `role_name` varchar(50) NOT NULL COMMENT 'Role Name',
  PRIMARY KEY (`role_id`),
  KEY `IDX_ADMIN_ROLE_PARENT_ID_SORT_ORDER` (`parent_id`,`sort_order`),
  KEY `IDX_ADMIN_ROLE_TREE_LEVEL` (`tree_level`)
) ENGINE=InnoDB AUTO_INCREMENT=5 DEFAULT CHARSET=utf8 COMMENT='Admin Role Table';

/*Data for the table `admin_role` */


insert  into `admin_role`(`role_id`,`parent_id`,`tree_level`,`sort_order`,`role_type`,`user_id`,`role_name`) values (1,0,1,1,'G',0,'Administrators'),(4,1,2,0,'U',1,'Store');


/*Table structure for table `admin_rule` */


CREATE TABLE `admin_rule` (
  `rule_id` int(10) unsigned NOT NULL AUTO_INCREMENT COMMENT 'Rule ID',
  `role_id` int(10) unsigned NOT NULL DEFAULT '0' COMMENT 'Role ID',
  `resource_id` varchar(255) NOT NULL COMMENT 'Resource ID',
  `privileges` varchar(20) DEFAULT NULL COMMENT 'Privileges',
  `assert_id` int(10) unsigned NOT NULL DEFAULT '0' COMMENT 'Assert ID',
  `role_type` varchar(1) DEFAULT NULL COMMENT 'Role Type',
  `permission` varchar(10) DEFAULT NULL COMMENT 'Permission',
  PRIMARY KEY (`rule_id`),
  KEY `IDX_ADMIN_RULE_RESOURCE_ID_ROLE_ID` (`resource_id`,`role_id`),
  KEY `IDX_ADMIN_RULE_ROLE_ID_RESOURCE_ID` (`role_id`,`resource_id`),
  CONSTRAINT `FK_ADMIN_RULE_ROLE_ID_ADMIN_ROLE_ROLE_ID` FOREIGN KEY (`role_id`) REFERENCES `admin_role` (`role_id`) ON DELETE CASCADE ON UPDATE CASCADE
) ENGINE=InnoDB AUTO_INCREMENT=2 DEFAULT CHARSET=utf8 COMMENT='Admin Rule Table';

/*Data for the table `admin_rule` */


insert  into `admin_rule`(`rule_id`,`role_id`,`resource_id`,`privileges`,`assert_id`,`role_type`,`permission`) values (1,1,'all','',0,'G','allow');


/*Table structure for table `admin_user` */




/*Data for the table `admin_user` */


insert  into `admin_user`(`user_id`,`firstname`,`lastname`,`email`,`username`,`password`,`created`,`modified`,`logdate`,`lognum`,`reload_acl_flag`,`is_active`,`extra`,`rp_token`,`rp_token_created_at`) values (1,'Store','Owner','owner@example.com','admin','e53f3a2b9372babb593ed61c119c5ee1:El','2011-10-24 16:25:38','2011-10-24 13:25:06','2011-10-24 13:25:38',3,0,1,'N;',NULL,NULL);


/*Table structure for table `adminnotification_inbox` */


CREATE TABLE `adminnotification_inbox` (
  `notification_id` int(10) unsigned NOT NULL AUTO_INCREMENT COMMENT 'Notification id',
  `severity` smallint(5) unsigned NOT NULL DEFAULT '0' COMMENT 'Problem type',
  `date_added` timestamp NOT NULL DEFAULT CURRENT_TIMESTAMP ON UPDATE CURRENT_TIMESTAMP COMMENT 'Create date',
  `title` varchar(255) NOT NULL COMMENT 'Title',
  `description` text COMMENT 'Description',
  `url` varchar(255) DEFAULT NULL COMMENT 'Url',
  `is_read` smallint(5) unsigned NOT NULL DEFAULT '0' COMMENT 'Flag if notification read',
  `is_remove` smallint(5) unsigned NOT NULL DEFAULT '0' COMMENT 'Flag if notification might be removed',
  PRIMARY KEY (`notification_id`),
  KEY `IDX_ADMINNOTIFICATION_INBOX_SEVERITY` (`severity`),
  KEY `IDX_ADMINNOTIFICATION_INBOX_IS_READ` (`is_read`),
  KEY `IDX_ADMINNOTIFICATION_INBOX_IS_REMOVE` (`is_remove`)
) ENGINE=InnoDB AUTO_INCREMENT=64 DEFAULT CHARSET=utf8 COMMENT='Adminnotification Inbox';

/*Data for the table `adminnotification_inbox` */


insert  into `adminnotification_inbox`(`notification_id`,`severity`,`date_added`,`title`,`description`,`url`,`is_read`,`is_remove`) values (1,4,'2008-07-25 05:24:40','Magento 1.1 Production Version Now Available','We are thrilled to announce the availability of the production release of Magento 1.1. Read more about the release in the Magento Blog.','http://www.magentocommerce.com/blog/comments/magento-11-is-here-1/',0,0),(2,4,'2008-08-02 05:30:16','Updated iPhone Theme is now available','Updated iPhone theme for Magento 1.1 is now available on Magento Connect and for upgrade through your Magento Connect Manager.','http://www.magentocommerce.com/blog/comments/updated-iphone-theme-for-magento-11-is-now-available/',0,0),(3,3,'2008-08-02 05:40:27','Magento version 1.1.2 is now available','Magento version 1.1.2 is now available for download and upgrade.','http://www.magentocommerce.com/blog/comments/magento-version-112-is-now-available/',0,0),(4,3,'2008-08-13 21:51:46','Magento version 1.1.3 is now available','Magento version 1.1.3 is now available','http://www.magentocommerce.com/blog/comments/magento-version-113-is-now-available/',0,0),(5,1,'2008-09-03 01:10:31','Magento Version 1.1.4 Security Update Now Available','Magento 1.1.4 Security Update Now Available. If you are using Magento version 1.1.x, we highly recommend upgrading to this version as soon as possible.','http://www.magentocommerce.com/blog/comments/magento-version-114-security-update/',0,0),(6,3,'2008-09-16 02:09:54','Magento version 1.1.5 Now Available','Magento version 1.1.5 Now Available.\n\nThis release includes many bug fixes, a new category manager and a new skin for the default Magento theme.','http://www.magentocommerce.com/blog/comments/magento-version-115-now-available/',0,0),(7,3,'2008-09-18 00:18:35','Magento version 1.1.6 Now Available','Magento version 1.1.6 Now Available.\n\nThis version includes bug fixes for Magento 1.1.x that are listed in the release notes section.','http://www.magentocommerce.com/blog/comments/magento-version-116-now-available/',0,0),(8,4,'2008-11-08 04:46:42','Reminder: Change Magento`s default phone numbers and callouts before site launch','Before launching your Magento store, please remember to change Magento`s default phone numbers that appear in email templates, callouts, templates, etc.','',0,0),(9,3,'2008-11-20 06:31:12','Magento version 1.1.7 Now Available','Magento version 1.1.7 Now Available.\n\nThis version includes over 350 issue resolutions for Magento 1.1.x that are listed in the release notes section, and new functionality that includes:\n\n-Google Website Optimizer integration\n-Google Base integration\n-Scheduled DB logs cleaning option','http://www.magentocommerce.com/blog/comments/magento-version-117-now-available/',0,0),(10,3,'2008-11-27 02:24:50','Magento Version 1.1.8 Now Available','Magento version 1.1.8 now available.\n\nThis version includes some issue resolutions for Magento 1.1.x that are listed in the release notes section.','http://www.magentocommerce.com/blog/comments/magento-version-118-now-available/',0,0),(11,3,'2008-12-30 12:45:59','Magento version 1.2.0 is now available for download and upgrade','We are extremely happy to announce the availability of Magento version 1.2.0 for download and upgrade.\n\nThis version includes numerous issue resolutions for Magento version 1.1.x and some highly requested new features such as:\n\n    * Support for Downloadable/Digital Products. \n    * Added Layered Navigation to site search result page.\n    * Improved site search to utilize MySQL fulltext search\n    * Added support for fixed-taxes on product level.\n    * Upgraded Zend Framework to the latest stable version 1.7.2','http://www.magentocommerce.com/blog/comments/magento-version-120-is-now-available/',0,0),(12,2,'2008-12-31 02:59:22','Magento version 1.2.0.1 now available','Magento version 1.2.0.1 now available.This version includes some issue resolutions for Magento 1.2.x that are listed in the release notes section.','http://www.magentocommerce.com/blog/comments/magento-version-1201-available/',0,0),(13,2,'2009-01-13 01:41:49','Magento version 1.2.0.2 now available','Magento version 1.2.0.2 is now available for download and upgrade. This version includes an issue resolutions for Magento version 1.2.0.x as listed in the release notes.','http://www.magentocommerce.com/blog/comments/magento-version-1202-now-available/',0,0),(14,3,'2009-01-24 05:25:56','Magento version 1.2.0.3 now available','Magento version 1.2.0.3 is now available for download and upgrade. This version includes issue resolutions for Magento version 1.2.0.x as listed in the release notes.','http://www.magentocommerce.com/blog/comments/magento-version-1203-now-available/',0,0),(15,3,'2009-02-03 02:57:00','Magento version 1.2.1 is now available for download and upgrade','We are happy to announce the availability of Magento version 1.2.1 for download and upgrade.\n\nThis version includes some issue resolutions for Magento version 1.2.x. A full list of items included in this release can be found on the release notes page.','http://www.magentocommerce.com/blog/comments/magento-version-121-now-available/',0,0),(16,3,'2009-02-24 05:45:47','Magento version 1.2.1.1 now available','Magento version 1.2.1.1 now available.This version includes some issue resolutions for Magento 1.2.x that are listed in the release notes section.','http://www.magentocommerce.com/blog/comments/magento-version-1211-now-available/',0,0),(17,3,'2009-02-27 06:39:24','CSRF Attack Prevention','We have just posted a blog entry about a hypothetical CSRF attack on a Magento admin panel. Please read the post to find out if your Magento installation is at risk at http://www.magentocommerce.com/blog/comments/csrf-vulnerabilities-in-web-application-and-how-to-avoid-them-in-magento/','http://www.magentocommerce.com/blog/comments/csrf-vulnerabilities-in-web-application-and-how-to-avoid-them-in-magento/',0,0),(18,2,'2009-03-04 04:03:58','Magento version 1.2.1.2 now available','Magento version 1.2.1.2 is now available for download and upgrade.\nThis version includes some updates to improve admin security as described in the release notes page.','http://www.magentocommerce.com/blog/comments/magento-version-1212-now-available/',0,0),(19,3,'2009-03-31 06:22:40','Magento version 1.3.0 now available','Magento version 1.3.0 is now available for download and upgrade. This version includes numerous issue resolutions for Magento version 1.2.x and new features as described on the release notes page.','http://www.magentocommerce.com/blog/comments/magento-version-130-is-now-available/',0,0),(20,3,'2009-04-18 08:06:02','Magento version 1.3.1 now available','Magento version 1.3.1 is now available for download and upgrade. This version includes some issue resolutions for Magento version 1.3.x and new features such as Checkout By Amazon and Amazon Flexible Payment. To see a full list of updates please check the release notes page.','http://www.magentocommerce.com/blog/comments/magento-version-131-now-available/',0,0),(21,3,'2009-05-20 02:31:21','Magento version 1.3.1.1 now available','Magento version 1.3.1.1 is now available for download and upgrade. This version includes some issue resolutions for Magento version 1.3.x and a security update for Magento installations that run on multiple domains or sub-domains. If you are running Magento with multiple domains or sub-domains we highly recommend upgrading to this version.','http://www.magentocommerce.com/blog/comments/magento-version-1311-now-available/',0,0),(22,3,'2009-05-30 02:54:06','Magento version 1.3.2 now available','This version includes some improvements and issue resolutions for version 1.3.x that are listed on the release notes page. also included is a Beta version of the Compile module.','http://www.magentocommerce.com/blog/comments/magento-version-132-now-available/',0,0),(23,3,'2009-06-01 23:32:52','Magento version 1.3.2.1 now available','Magento version 1.3.2.1 now available for download and upgrade.\n\nThis release solves an issue for users running Magento with PHP 5.2.0, and changes to index.php to support the new Compiler Module.','http://www.magentocommerce.com/blog/comments/magento-version-1321-now-available/',0,0),(24,3,'2009-07-02 05:21:44','Magento version 1.3.2.2 now available','Magento version 1.3.2.2 is now available for download and upgrade.\n\nThis release includes issue resolution for Magento version 1.3.x. To see a full list of changes please visit the release notes page http://www.magentocommerce.com/download/release_notes.','http://www.magentocommerce.com/blog/comments/magento-version-1322-now-available/',0,0),(25,3,'2009-07-23 10:48:54','Magento version 1.3.2.3 now available','Magento version 1.3.2.3 is now available for download and upgrade.\n\nThis release includes issue resolution for Magento version 1.3.x. We recommend to upgrade to this version if PayPal payment modules are in use. To see a full list of changes please visit the release notes page http://www.magentocommerce.com/download/release_notes.','http://www.magentocommerce.com/blog/comments/magento-version-1323-now-available/',0,0),(26,4,'2009-08-28 22:26:28','PayPal is updating Payflow Pro and Website Payments Pro (Payflow Edition) UK.','If you are using Payflow Pro and/or Website Payments Pro (Payflow Edition) UK.  payment methods, you will need to update the URL‘s in your Magento Administrator Panel in order to process transactions after September 1, 2009. Full details are available here: http://www.magentocommerce.com/wiki/paypal_payflow_changes','http://www.magentocommerce.com/wiki/paypal_payflow_changes',0,0),(27,2,'2009-09-24 00:16:49','Magento Version 1.3.2.4 Security Update','Magento Version 1.3.2.4 is now available. This version includes a security updates for Magento 1.3.x that solves possible XSS vulnerability issue on customer registration page and is available through SVN, Download Page and through the Magento Connect Manager.','http://www.magentocommerce.com/blog/comments/magento-version-1324-security-update/',0,0),(28,4,'2009-09-25 18:57:54','Magento Preview Version 1.4.0.0-alpha2 is now available','We are happy to announce the availability of Magento Preview Version 1.4.0.0-alpha2 for download.\nAs this is a preview version it is NOT recommended in any way to be used in a production environment.','http://www.magentocommerce.com/blog/comments/magento-preview-version-1400-alpha2-now-available/',0,0),(29,4,'2009-10-07 04:55:40','Magento Preview Version 1.4.0.0-alpha3 is now available','We are happy to announce the availability of Magento Preview Version 1.4.0.0-alpha3 for download.\nAs this is a preview version it is NOT recommended in any way to be used in a production environment.','http://www.magentocommerce.com/blog/comments/magento-preview-version-1400-alpha3-now-available/',0,0),(30,4,'2009-12-09 04:30:36','Magento Preview Version 1.4.0.0-beta1 is now available','We are happy to announce the availability of Magento Preview Version 1.4.0.0-beta1 for download.\nAs this is a preview version it is NOT recommended in any way to be used in a production environment.','http://www.magentocommerce.com/blog/comments/magento-preview-version-1400-beta1-now-available/',0,0),(31,4,'2009-12-31 14:22:12','Magento Preview Version 1.4.0.0-rc1 is now available','We are happy to announce the availability of Magento Preview Version 1.4.0.0-rc1 for download.\nAs this is a preview version it is NOT recommended in any way to be used in a production environment.','http://www.magentocommerce.com/blog/comments/magento-preview-version-1400-rc1-now-available/',0,0),(32,4,'2010-02-13 08:39:53','Magento CE Version 1.4.0.0 Stable is now available','We are excited to announce the availability of Magento CE Version 1.4.0.0 Stable for upgrade and download.','http://bit.ly/c53rpK',0,0),(33,3,'2010-02-20 07:39:36','Magento CE Version 1.4.0.1 Stable is now available','Magento CE 1.4.0.1 Stable is now available for upgrade and download.','http://www.magentocommerce.com/blog/comments/magento-ce-version-1401-stable-now-available/',0,0),(34,4,'2010-04-24 00:09:03','Magento Version CE 1.3.3.0 Stable - Now Available With Support for 3-D Secure','Based on community requests, we are excited to announce the release of Magento CE 1.3.3.0-Stable with support for 3-D Secure. This release is intended for Magento merchants using version 1.3.x, who want to add support for 3-D Secure.','http://www.magentocommerce.com/blog/comments/magento-version-ce-1330-stable-now-available-with-support-for-3-d-secure/',0,0),(35,4,'2010-05-31 21:20:21','Announcing the Launch of Magento Mobile','The Magento team is pleased to announce the launch of Magento mobile, a new product that will allow Magento merchants to easily create branded, native mobile storefront applications that are deeply integrated with Magento’s market-leading eCommerce platform. The product includes a new administrative manager, a native iPhone app that is fully customizable, and a service where Magento manages the submission and maintenance process for the iTunes App Store.\n\nLearn more by visiting the Magento mobile product page and sign-up to be the first to launch a native mobile commerce app, fully integrated with Magento.','http://www.magentocommerce.com/product/mobile',0,0),(36,4,'2010-06-11 00:08:08','Magento CE Version 1.4.1.0 Stable is now available','We are excited to announce the availability of Magento CE Version 1.4.1.0 Stable for upgrade and download. Some of the highlights of this release include: Enhanced PayPal integration (more info to follow), Change of Database structure of the Sales module to no longer use EAV, and much more.','http://www.magentocommerce.com/blog/comments/magento-ce-version-1410-stable-now-available/',0,0),(37,4,'2010-07-27 01:37:34','Magento CE Version 1.4.1.1 Stable is now available','We are excited to announce the availability of Magento CE Version 1.4.1.1 Stable for download and upgrade.','http://www.magentocommerce.com/blog/comments/magento-ce-version-1411-stable-now-available/',0,0),(38,4,'2010-07-28 09:12:12','Magento CE Version 1.4.2.0-beta1 Preview Release Now Available','This release gives a preview of the new Magento Connect Manager.','http://www.magentocommerce.com/blog/comments/magento-preview-version-1420-beta1-now-available/',0,0),(39,4,'2010-07-29 00:15:01','Magento CE Version 1.4.1.1 Patch Available','As some users experienced issues with upgrading to CE 1.4.1.1 through PEAR channels we provided a patch for it that is available on our blog http://www.magentocommerce.com/blog/comments/magento-ce-version-1411-stable-patch/','http://www.magentocommerce.com/blog/comments/magento-ce-version-1411-stable-patch/',0,0),(40,4,'2010-10-12 04:13:25','Magento Mobile is now live!','Magento Mobile is now live! Signup today to have your own native iPhone mobile-shopping app in iTunes for the holiday season! Learn more at http://www.magentomobile.com/','http://www.magentomobile.com/',0,0),(41,4,'2010-11-09 02:52:06','Magento CE Version 1.4.2.0-RC1 Preview Release Now Available','We are happy to announce the availability of Magento Preview Version 1.4.2.0-RC1 for download.','http://www.magentocommerce.com/blog/comments/magento-preview-version-1420-rc1-now-available/',0,0),(42,4,'2010-12-03 01:33:00','Magento CE Version 1.4.2.0-RC2 Preview Release Now Available','We are happy to announce the availability of Magento Preview Version 1.4.2.0-RC2 for download.','http://www.magentocommerce.com/blog/comments/magento-preview-version-1420-rc2-now-available/',0,0),(43,4,'2010-12-09 03:29:55','Magento CE Version 1.4.2.0 Stable is now available','We are excited to announce the availability of Magento CE Version 1.4.2.0 Stable for download and upgrade.','http://www.magentocommerce.com/blog/comments/magento-ce-version-1420-stable-now-available/',0,0),(44,4,'2010-12-18 04:23:55','Magento Preview Version CE 1.5.0.0-alpha1 is now available','We are happy to announce the availability of Magento Preview Version CE 1.5.0.0-alpha1 for download.\nAs this is a preview version it is NOT recommended in any way to be used in a production environment.','http://www.magentocommerce.com/blog/comments/magento-preview-version-ce-1500-alpha1-now-available/',0,0),(45,4,'2010-12-30 04:51:08','Magento Preview Version CE 1.5.0.0-alpha2 is now available','We are happy to announce the availability of Magento Preview Version CE 1.5.0.0-alpha2 for download.\nAs this is a preview version it is NOT recommended in any way to be used in a production environment.','http://www.magentocommerce.com/blog/comments/magento-preview-version-ce-1500-alpha2-now-available/',0,0),(46,4,'2011-01-14 05:35:36','Magento Preview Version CE 1.5.0.0-beta1 is now available','We are happy to announce the availability of Magento Preview Version CE 1.5.0.0-beta1 for download.\nAs this is a preview version it is NOT recommended in any way to be used in a production environment.','http://www.magentocommerce.com/blog/comments/magento-preview-version-ce-1500-beta1-now-available/',0,0),(47,4,'2011-01-22 02:19:09','Magento Preview Version CE 1.5.0.0-beta2 is now available','We are happy to announce the availability of Magento Preview Version CE 1.5.0.0-beta2 for download.\nAs this is a preview version it is NOT recommended in any way to be used in a production environment.','http://www.magentocommerce.com/blog/comments/magento-preview-version-ce-1500-beta2-now-available/',0,0),(48,4,'2011-01-25 03:10:33','Join us for Magento\'s Imagine eCommerce Conference!','Magento\'s Imagine eCommerce Conference is a must-attend event for anyone who uses the Magento platform or is part of the Magento ecosystem. The conference will bring together over 500 retailers, merchants, developers, partners, eCommerce experts, technologists and marketing pros for a fun and intensive conversation about the future of eCommerce.\n\nThe conference is in Los Angeles and kicks off early Monday evening February 7th through Wednesday, February 9th, 2011.\n\nRegister at http://www.magento.com/imagine. First 20 registrants use discount code IMAGINE3X76 for $300 off. *This discount is sponsored by PayPal and is only valid for new registrations.\n\nHope to see you there!\n\nMagento Team','http://www.magento.com/imagine',0,0),(49,4,'2011-01-28 02:27:57','Magento Preview Version CE 1.5.0.0-rc1 is now available','We are happy to announce the availability of Magento Preview Version CE 1.5.0.0-rc1 for download.\nAs this is a preview version it is NOT recommended in any way to be used in a production environment.','http://www.magentocommerce.com/blog/comments/magento-preview-version-ce-1500-rc1-now-available/',0,0),(50,4,'2011-02-04 02:56:33','Magento Preview Version CE 1.5.0.0-rc2 is now available','We are happy to announce the availability of Magento Preview Version CE 1.5.0.0-rc2 for download.\nAs this is a preview version it is NOT recommended in any way to be used in a production environment.','http://www.magentocommerce.com/blog/comments/magento-preview-version-ce-1500-rc2-now-available/',0,0),(51,4,'2011-02-09 00:43:23','Magento CE Version 1.5.0.0 Stable is now available','We are excited to announce the availability of Magento CE Version 1.5.0.0 Stable for download and upgrade.','http://www.magentocommerce.com/blog/comments/magento-community-professional-and-enterprise-editions-releases-now-availab/',0,0),(52,4,'2011-02-10 04:42:57','Magento CE 1.5.0.1 stable Now Available','We are excited to announce the availability of Magento CE Version 1.5.0.1 Stable for download and upgrade.','http://www.magentocommerce.com/blog/comments/magento-ce-1501-stable-now-available/',0,0),(53,4,'2011-03-19 00:15:45','Magento CE 1.5.1.0-beta1 Now Available','We are happy to announce the availability of Magento Preview Version CE 1.5.1.0-beta1 for download and upgrade.','http://www.magentocommerce.com/blog/comments/magento-preview-version-ce-1510-beta1-now-available/',0,0),(54,4,'2011-03-31 22:43:02','Magento CE 1.5.1.0-rc1 Now Available','We are happy to announce the availability of Magento Preview Version CE 1.5.1.0-rc1 for download and upgrade.','http://www.magentocommerce.com/blog/comments/magento-preview-version-ce-1510-rc1-now-available/',0,0),(55,4,'2011-04-26 23:21:07','Magento CE 1.5.1.0-stable Now Available','We are excited to announce the availability of Magento CE Version 1.5.1.0 Stable for download and upgrade.','http://www.magentocommerce.com/blog/comments/magento-ce-version-1510-stable-now-available/',0,0),(56,4,'2011-05-26 23:33:23','Magento Preview Version CE 1.6.0.0-alpha1 is now available','We are happy to announce the availability of Magento Preview Version CE 1.6.0.0-alpha1 for download.\nAs this is a preview version it is NOT recommended in any way to be used in a production environment.','http://www.magentocommerce.com/blog/comments/magento-preview-version-ce-1600-alpha1-now-available/',0,0),(57,4,'2011-06-15 22:12:08','Magento Preview Version CE 1.6.0.0-beta1 is now available','We are happy to announce the availability of Magento Preview Version CE 1.6.0.0-beta1for download.\nAs this is a preview version it is NOT recommended in any way to be used in a production environment.','http://www.magentocommerce.com/blog/comments/magento-preview-version-ce-1600-beta1-now-available/',0,0),(58,4,'2011-06-30 23:03:58','Magento Preview Version CE 1.6.0.0-rc1 is now available','We are happy to announce the availability of Magento Preview Version CE 1.6.0.0-rc1 for download.\nAs this is a preview version it is NOT recommended in any way to be used in a production environment.','http://www.magentocommerce.com/blog/comments/magento-preview-version-ce-1600-rc1-now-available/',0,0),(59,4,'2011-07-11 23:07:39','Magento Preview Version CE 1.6.0.0-rc2 is now available','We are happy to announce the availability of Magento Preview Version CE 1.6.0.0-rc2 for download.\nAs this is a preview version it is NOT recommended in any way to be used in a production environment.','http://www.magentocommerce.com/blog/comments/magento-preview-version-ce-1600-rc2-now-available/',0,0),(60,4,'2011-08-19 21:58:31','Magento CE 1.6.0.0-stable Now Available','We are excited to announce the availability of Magento CE Version 1.6.0.0 Stable for download and upgrade.','http://www.magentocommerce.com/blog/comments/magento-ce-version-1600-stable-now-available/',0,0),(61,4,'2011-09-17 05:31:26','Magento Preview Version CE 1.6.1.0-beta1 is now available','We are happy to announce the availability of Magento Preview Version CE 1.6.1.0-beta1 for download.\nAs this is a preview version it is NOT recommended in any way to be used in a production environment.','http://www.magentocommerce.com/blog/comments/magento-preview-version-ce-1610-beta1-now-available/',0,0),(62,4,'2011-09-29 19:44:10','Magento Preview Version CE 1.6.1.0-rc1 is now available','We are happy to announce the availability of Magento Preview Version CE 1.6.1.0-rc1 for download.\nAs this is a preview version it is NOT recommended in any way to be used in a production environment.','http://www.magentocommerce.com/blog/comments/magento-preview-version-ce-1610-rc1-now-available/',0,0),(63,4,'2011-10-19 21:50:05','Magento CE 1.6.1.0-stable Now Available','We are excited to announce the availability of Magento CE Version 1.6.1.0 Stable for download and upgrade.','http://www.magentocommerce.com/blog/comments/magento-ce-version-1610-stable-now-available/',0,0);


/*Table structure for table `api_assert` */


CREATE TABLE `api_assert` (
  `assert_id` int(10) unsigned NOT NULL AUTO_INCREMENT COMMENT 'Assert id',
  `assert_type` varchar(20) DEFAULT NULL COMMENT 'Assert type',
  `assert_data` text COMMENT 'Assert additional data',
  PRIMARY KEY (`assert_id`)
) ENGINE=InnoDB DEFAULT CHARSET=utf8 COMMENT='Api ACL Asserts';

/*Data for the table `api_assert` */



/*Table structure for table `api_role` */


CREATE TABLE `api_role` (
  `role_id` int(10) unsigned NOT NULL AUTO_INCREMENT COMMENT 'Role id',
  `parent_id` int(10) unsigned NOT NULL DEFAULT '0' COMMENT 'Parent role id',
  `tree_level` smallint(5) unsigned NOT NULL DEFAULT '0' COMMENT 'Role level in tree',
  `sort_order` smallint(5) unsigned NOT NULL DEFAULT '0' COMMENT 'Sort order to display on admin area',
  `role_type` varchar(1) NOT NULL DEFAULT '0' COMMENT 'Role type',
  `user_id` int(10) unsigned NOT NULL DEFAULT '0' COMMENT 'User id',
  `role_name` varchar(50) DEFAULT NULL COMMENT 'Role name',
  PRIMARY KEY (`role_id`),
  KEY `IDX_API_ROLE_PARENT_ID_SORT_ORDER` (`parent_id`,`sort_order`),
  KEY `IDX_API_ROLE_TREE_LEVEL` (`tree_level`)
) ENGINE=InnoDB DEFAULT CHARSET=utf8 COMMENT='Api ACL Roles';

/*Data for the table `api_role` */



/*Table structure for table `api_rule` */


CREATE TABLE `api_rule` (
  `rule_id` int(10) unsigned NOT NULL AUTO_INCREMENT COMMENT 'Api rule Id',
  `role_id` int(10) unsigned NOT NULL DEFAULT '0' COMMENT 'Api role Id',
  `resource_id` varchar(255) DEFAULT NULL COMMENT 'Module code',
  `api_privileges` varchar(20) DEFAULT NULL COMMENT 'Privileges',
  `assert_id` int(10) unsigned NOT NULL DEFAULT '0' COMMENT 'Assert id',
  `role_type` varchar(1) DEFAULT NULL COMMENT 'Role type',
  `api_permission` varchar(10) DEFAULT NULL COMMENT 'Permission',
  PRIMARY KEY (`rule_id`),
  KEY `IDX_API_RULE_RESOURCE_ID_ROLE_ID` (`resource_id`,`role_id`),
  KEY `IDX_API_RULE_ROLE_ID_RESOURCE_ID` (`role_id`,`resource_id`),
  CONSTRAINT `FK_API_RULE_ROLE_ID_API_ROLE_ROLE_ID` FOREIGN KEY (`role_id`) REFERENCES `api_role` (`role_id`) ON DELETE CASCADE ON UPDATE CASCADE
) ENGINE=InnoDB DEFAULT CHARSET=utf8 COMMENT='Api ACL Rules';

/*Data for the table `api_rule` */



/*Table structure for table `api_session` */


CREATE TABLE `api_session` (
  `user_id` int(10) unsigned NOT NULL DEFAULT '0' COMMENT 'User id',
  `logdate` timestamp NOT NULL DEFAULT CURRENT_TIMESTAMP ON UPDATE CURRENT_TIMESTAMP COMMENT 'Login date',
  `sessid` varchar(40) DEFAULT NULL COMMENT 'Sessioin id',
  KEY `IDX_API_SESSION_USER_ID` (`user_id`),
  KEY `IDX_API_SESSION_SESSID` (`sessid`),
  CONSTRAINT `FK_API_SESSION_USER_ID_API_USER_USER_ID` FOREIGN KEY (`user_id`) REFERENCES `api_user` (`user_id`) ON DELETE CASCADE ON UPDATE CASCADE
) ENGINE=InnoDB DEFAULT CHARSET=utf8 COMMENT='Api Sessions';

/*Data for the table `api_session` */



/*Table structure for table `api_user` */


CREATE TABLE `api_user` (
  `user_id` int(10) unsigned NOT NULL AUTO_INCREMENT COMMENT 'User id',
  `firstname` varchar(32) DEFAULT NULL COMMENT 'First name',
  `lastname` varchar(32) DEFAULT NULL COMMENT 'Last name',
  `email` varchar(128) DEFAULT NULL COMMENT 'Email',
  `username` varchar(40) DEFAULT NULL COMMENT 'Nickname',
  `api_key` varchar(40) DEFAULT NULL COMMENT 'Api key',
  `created` timestamp NOT NULL DEFAULT CURRENT_TIMESTAMP ON UPDATE CURRENT_TIMESTAMP COMMENT 'User record create date',
  `modified` timestamp NULL DEFAULT NULL COMMENT 'User record modify date',
  `lognum` smallint(5) unsigned NOT NULL DEFAULT '0' COMMENT 'Quantity of log ins',
  `reload_acl_flag` smallint(6) NOT NULL DEFAULT '0' COMMENT 'Refresh ACL flag',
  `is_active` smallint(6) NOT NULL DEFAULT '1' COMMENT 'Account status',
  PRIMARY KEY (`user_id`)
) ENGINE=InnoDB DEFAULT CHARSET=utf8 COMMENT='Api Users';

/*Data for the table `api_user` */



/*Table structure for table `catalog_category_anc_categs_index_idx` */


CREATE TABLE `catalog_category_anc_categs_index_idx` (
  `category_id` int(10) unsigned NOT NULL DEFAULT '0' COMMENT 'Category ID',
  `path` varchar(255) NOT NULL COMMENT 'Path',
  KEY `IDX_CATALOG_CATEGORY_ANC_CATEGS_INDEX_IDX_CATEGORY_ID` (`category_id`)
) ENGINE=InnoDB DEFAULT CHARSET=utf8 COMMENT='Catalog Category Anchor Indexer Index Table';

/*Data for the table `catalog_category_anc_categs_index_idx` */



/*Table structure for table `catalog_category_anc_categs_index_tmp` */


CREATE TABLE `catalog_category_anc_categs_index_tmp` (
  `category_id` int(10) unsigned NOT NULL DEFAULT '0' COMMENT 'Category ID',
  `path` varchar(255) NOT NULL COMMENT 'Path',
  KEY `IDX_CATALOG_CATEGORY_ANC_CATEGS_INDEX_TMP_CATEGORY_ID` (`category_id`)
) ENGINE=InnoDB DEFAULT CHARSET=utf8 COMMENT='Catalog Category Anchor Indexer Temp Table';

/*Data for the table `catalog_category_anc_categs_index_tmp` */



/*Table structure for table `catalog_category_anc_products_index_idx` */


CREATE TABLE `catalog_category_anc_products_index_idx` (
  `category_id` int(10) unsigned NOT NULL DEFAULT '0' COMMENT 'Category ID',
  `product_id` int(10) unsigned NOT NULL DEFAULT '0' COMMENT 'Product ID',
  `position` int(10) unsigned DEFAULT NULL COMMENT 'Position'
) ENGINE=InnoDB DEFAULT CHARSET=utf8 COMMENT='Catalog Category Anchor Product Indexer Index Table';

/*Data for the table `catalog_category_anc_products_index_idx` */



/*Table structure for table `catalog_category_anc_products_index_tmp` */


CREATE TABLE `catalog_category_anc_products_index_tmp` (
  `category_id` int(10) unsigned NOT NULL DEFAULT '0' COMMENT 'Category ID',
  `product_id` int(10) unsigned NOT NULL DEFAULT '0' COMMENT 'Product ID'
) ENGINE=InnoDB DEFAULT CHARSET=utf8 COMMENT='Catalog Category Anchor Product Indexer Temp Table';

/*Data for the table `catalog_category_anc_products_index_tmp` */



/*Table structure for table `catalog_category_entity` */


CREATE TABLE `catalog_category_entity` (
  `entity_id` int(10) unsigned NOT NULL AUTO_INCREMENT COMMENT 'Entity ID',
  `entity_type_id` smallint(5) unsigned NOT NULL DEFAULT '0' COMMENT 'Entity Type ID',
  `attribute_set_id` smallint(5) unsigned NOT NULL DEFAULT '0' COMMENT 'Attriute Set ID',
  `parent_id` int(10) unsigned NOT NULL DEFAULT '0' COMMENT 'Parent Category ID',
  `created_at` timestamp NULL DEFAULT NULL COMMENT 'Creation Time',
  `updated_at` timestamp NULL DEFAULT NULL COMMENT 'Update Time',
  `path` varchar(255) NOT NULL COMMENT 'Tree Path',
  `position` int(11) NOT NULL DEFAULT '0' COMMENT 'Position',
  `level` int(11) NOT NULL DEFAULT '0' COMMENT 'Tree Level',
  `children_count` int(11) NOT NULL DEFAULT '0' COMMENT 'Child Count',
  PRIMARY KEY (`entity_id`),
  KEY `IDX_CATALOG_CATEGORY_ENTITY_LEVEL` (`level`)
) ENGINE=InnoDB AUTO_INCREMENT=35 DEFAULT CHARSET=utf8 COMMENT='Catalog Category Table';

/*Data for the table `catalog_category_entity` */


insert  into `catalog_category_entity`(`entity_id`,`entity_type_id`,`attribute_set_id`,`parent_id`,`created_at`,`updated_at`,`path`,`position`,`level`,`children_count`) values (1,9,12,0,'2007-07-20 18:46:08','2007-08-07 09:50:15','1',1,0,26),(3,9,12,1,'2007-08-22 15:54:41','2007-12-05 04:38:59','1/3',3,1,25),(4,9,12,18,'2007-08-22 15:55:34','2008-08-08 00:56:48','1/3/18/4',4,3,0),(5,9,12,18,'2007-08-22 16:21:29','2008-08-07 23:55:38','1/3/18/5',5,3,2),(8,9,12,13,'2007-08-22 18:10:30','2008-08-07 23:51:26','1/3/13/8',8,3,0),(10,9,12,3,'2007-08-23 11:45:22','2008-08-08 00:01:18','1/3/10',10,2,2),(12,9,12,13,'2007-08-24 12:34:30','2008-08-07 23:54:48','1/3/13/12',12,3,2),(13,9,12,3,'2007-08-24 13:31:01','2008-08-08 00:02:23','1/3/13',13,2,13),(15,9,12,13,'2007-08-24 13:33:17','2008-07-25 01:53:39','1/3/13/15',15,3,8),(16,9,12,5,'2007-08-24 15:41:52','2008-08-07 23:56:01','1/3/18/5/16',16,4,0),(17,9,12,5,'2007-08-24 15:43:07','2008-08-07 23:56:28','1/3/18/5/17',17,4,0),(18,9,12,3,'2007-08-24 15:44:31','2008-08-07 23:54:16','1/3/18',18,2,6),(19,9,12,18,'2007-08-24 20:05:28','2008-08-07 23:57:03','1/3/18/19',19,3,0),(20,9,12,3,'2007-08-25 13:14:09','2008-08-07 23:58:57','1/3/20',20,2,0),(22,9,12,10,'2007-08-26 14:49:39','2008-08-08 00:01:45','1/3/10/22',22,3,0),(23,9,12,10,'2007-08-27 10:35:27','2008-08-07 23:49:18','1/3/10/23',23,3,0),(24,9,12,18,'2007-08-28 18:32:41','2007-08-29 23:20:36','1/3/18/24',24,3,0),(25,9,12,12,'2007-08-29 19:49:52','2008-08-07 23:46:35','1/3/13/12/25',25,4,0),(26,9,12,12,'2007-08-29 20:37:22','2008-08-07 23:47:02','1/3/13/12/26',26,4,0),(27,9,12,15,'2008-07-25 00:36:22','2008-08-07 23:48:15','1/3/13/15/27',1,4,0),(28,9,12,15,'2008-07-25 00:39:10','2008-08-08 13:02:59','1/3/13/15/28',2,4,0),(29,9,12,13,'2008-07-25 00:39:54','2008-07-25 00:39:54','1/3/13/15/29',3,4,0),(30,9,12,13,'2008-07-25 00:41:11','2008-07-25 00:41:11','1/3/13/15/30',4,4,0),(31,9,12,13,'2008-07-25 00:41:56','2008-07-25 00:41:56','1/3/13/15/31',5,4,0),(32,9,12,13,'2008-07-25 00:42:57','2008-07-25 00:42:57','1/3/13/15/32',6,4,0),(33,9,12,13,'2008-07-25 00:43:25','2008-07-25 00:43:25','1/3/13/15/33',7,4,0),(34,9,12,13,'2008-07-25 00:44:17','2008-07-25 00:44:17','1/3/13/15/34',8,4,0);


/*Table structure for table `catalog_category_entity_datetime` */


CREATE TABLE `catalog_category_entity_datetime` (
  `value_id` int(11) NOT NULL AUTO_INCREMENT COMMENT 'Value ID',
  `entity_type_id` smallint(5) unsigned NOT NULL COMMENT 'Entity Type ID',
  `attribute_id` smallint(5) unsigned NOT NULL COMMENT 'Attribute ID',
  `store_id` smallint(5) unsigned NOT NULL COMMENT 'Store ID',
  `entity_id` int(10) unsigned NOT NULL COMMENT 'Entity ID',
  `value` datetime DEFAULT NULL COMMENT 'Value',
  PRIMARY KEY (`value_id`),
  UNIQUE KEY `UNQ_CAT_CTGR_ENTT_DTIME_ENTT_TYPE_ID_ENTT_ID_ATTR_ID_STORE_ID` (`entity_type_id`,`entity_id`,`attribute_id`,`store_id`),
  KEY `IDX_CATALOG_CATEGORY_ENTITY_DATETIME_ENTITY_ID` (`entity_id`),
  KEY `IDX_CATALOG_CATEGORY_ENTITY_DATETIME_ATTRIBUTE_ID` (`attribute_id`),
  KEY `IDX_CATALOG_CATEGORY_ENTITY_DATETIME_STORE_ID` (`store_id`),
  CONSTRAINT `FK_CATALOG_CATEGORY_ENTITY_DATETIME_STORE_ID_CORE_STORE_STORE_ID` FOREIGN KEY (`store_id`) REFERENCES `core_store` (`store_id`) ON DELETE CASCADE ON UPDATE CASCADE,
  CONSTRAINT `FK_CAT_CTGR_ENTT_DTIME_ATTR_ID_EAV_ATTR_ATTR_ID` FOREIGN KEY (`attribute_id`) REFERENCES `eav_attribute` (`attribute_id`) ON DELETE CASCADE ON UPDATE CASCADE,
  CONSTRAINT `FK_CAT_CTGR_ENTT_DTIME_ENTT_ID_CAT_CTGR_ENTT_ENTT_ID` FOREIGN KEY (`entity_id`) REFERENCES `catalog_category_entity` (`entity_id`) ON DELETE CASCADE ON UPDATE CASCADE
) ENGINE=InnoDB DEFAULT CHARSET=utf8 COMMENT='Catalog Category Datetime Attribute Backend Table';

/*Data for the table `catalog_category_entity_datetime` */



/*Table structure for table `catalog_category_entity_decimal` */


CREATE TABLE `catalog_category_entity_decimal` (
  `value_id` int(11) NOT NULL AUTO_INCREMENT COMMENT 'Value ID',
  `entity_type_id` smallint(5) unsigned NOT NULL COMMENT 'Entity Type ID',
  `attribute_id` smallint(5) unsigned NOT NULL COMMENT 'Attribute ID',
  `store_id` smallint(5) unsigned NOT NULL COMMENT 'Store ID',
  `entity_id` int(10) unsigned NOT NULL COMMENT 'Entity ID',
  `value` decimal(12,4) DEFAULT NULL COMMENT 'Value',
  PRIMARY KEY (`value_id`),
  UNIQUE KEY `UNQ_CAT_CTGR_ENTT_DEC_ENTT_TYPE_ID_ENTT_ID_ATTR_ID_STORE_ID` (`entity_type_id`,`entity_id`,`attribute_id`,`store_id`),
  KEY `IDX_CATALOG_CATEGORY_ENTITY_DECIMAL_ENTITY_ID` (`entity_id`),
  KEY `IDX_CATALOG_CATEGORY_ENTITY_DECIMAL_ATTRIBUTE_ID` (`attribute_id`),
  KEY `IDX_CATALOG_CATEGORY_ENTITY_DECIMAL_STORE_ID` (`store_id`),
  CONSTRAINT `FK_CATALOG_CATEGORY_ENTITY_DECIMAL_STORE_ID_CORE_STORE_STORE_ID` FOREIGN KEY (`store_id`) REFERENCES `core_store` (`store_id`) ON DELETE CASCADE ON UPDATE CASCADE,
  CONSTRAINT `FK_CAT_CTGR_ENTT_DEC_ATTR_ID_EAV_ATTR_ATTR_ID` FOREIGN KEY (`attribute_id`) REFERENCES `eav_attribute` (`attribute_id`) ON DELETE CASCADE ON UPDATE CASCADE,
  CONSTRAINT `FK_CAT_CTGR_ENTT_DEC_ENTT_ID_CAT_CTGR_ENTT_ENTT_ID` FOREIGN KEY (`entity_id`) REFERENCES `catalog_category_entity` (`entity_id`) ON DELETE CASCADE ON UPDATE CASCADE
) ENGINE=InnoDB DEFAULT CHARSET=utf8 COMMENT='Catalog Category Decimal Attribute Backend Table';

/*Data for the table `catalog_category_entity_decimal` */



/*Table structure for table `catalog_category_entity_int` */


CREATE TABLE `catalog_category_entity_int` (
  `value_id` int(11) NOT NULL AUTO_INCREMENT COMMENT 'Value ID',
  `entity_type_id` smallint(5) unsigned NOT NULL COMMENT 'Entity Type ID',
  `attribute_id` smallint(5) unsigned NOT NULL COMMENT 'Attribute ID',
  `store_id` smallint(5) unsigned NOT NULL COMMENT 'Store ID',
  `entity_id` int(10) unsigned NOT NULL COMMENT 'Entity ID',
  `value` int(11) DEFAULT NULL COMMENT 'Value',
  PRIMARY KEY (`value_id`),
  UNIQUE KEY `UNQ_CAT_CTGR_ENTT_INT_ENTT_TYPE_ID_ENTT_ID_ATTR_ID_STORE_ID` (`entity_type_id`,`entity_id`,`attribute_id`,`store_id`),
  KEY `IDX_CATALOG_CATEGORY_ENTITY_INT_ENTITY_ID` (`entity_id`),
  KEY `IDX_CATALOG_CATEGORY_ENTITY_INT_ATTRIBUTE_ID` (`attribute_id`),
  KEY `IDX_CATALOG_CATEGORY_ENTITY_INT_STORE_ID` (`store_id`),
  CONSTRAINT `FK_CATALOG_CATEGORY_ENTITY_INT_STORE_ID_CORE_STORE_STORE_ID` FOREIGN KEY (`store_id`) REFERENCES `core_store` (`store_id`) ON DELETE CASCADE ON UPDATE CASCADE,
  CONSTRAINT `FK_CAT_CTGR_ENTT_INT_ATTR_ID_EAV_ATTR_ATTR_ID` FOREIGN KEY (`attribute_id`) REFERENCES `eav_attribute` (`attribute_id`) ON DELETE CASCADE ON UPDATE CASCADE,
  CONSTRAINT `FK_CAT_CTGR_ENTT_INT_ENTT_ID_CAT_CTGR_ENTT_ENTT_ID` FOREIGN KEY (`entity_id`) REFERENCES `catalog_category_entity` (`entity_id`) ON DELETE CASCADE ON UPDATE CASCADE
) ENGINE=InnoDB AUTO_INCREMENT=171 DEFAULT CHARSET=utf8 COMMENT='Catalog Category Integer Attribute Backend Table';

/*Data for the table `catalog_category_entity_int` */


insert  into `catalog_category_entity_int`(`value_id`,`entity_type_id`,`attribute_id`,`store_id`,`entity_id`,`value`) values (1,9,120,0,13,1),(2,9,120,0,5,1),(3,9,120,0,18,1),(4,9,120,0,16,1),(5,9,120,0,17,1),(6,9,120,0,4,1),(7,9,120,0,19,0),(8,9,120,0,22,0),(9,9,120,0,10,1),(10,9,120,0,15,1),(11,9,119,0,1,1),(12,9,119,0,4,1),(13,9,119,0,8,1),(14,9,119,0,12,1),(15,9,119,0,15,1),(16,9,119,0,17,1),(17,9,120,0,23,0),(18,9,117,0,13,3),(19,9,119,0,23,1),(20,9,120,0,12,1),(21,9,117,0,8,4),(22,9,120,0,8,1),(23,9,120,0,26,1),(25,9,119,0,3,1),(26,9,120,0,20,0),(27,9,119,0,5,1),(28,9,119,0,10,1),(29,9,119,0,13,1),(30,9,119,0,16,1),(31,9,119,0,18,1),(32,9,119,0,19,1),(33,9,119,0,20,0),(34,9,119,0,22,1),(35,9,119,0,24,0),(36,9,119,0,25,1),(37,9,119,0,26,1),(39,9,119,0,27,1),(40,9,120,0,27,0),(42,9,119,0,28,1),(43,9,120,0,28,1),(45,9,119,0,29,1),(46,9,120,0,29,1),(48,9,119,0,30,1),(49,9,120,0,30,1),(51,9,119,0,31,1),(52,9,120,0,31,1),(54,9,119,0,32,1),(55,9,120,0,32,1),(57,9,119,0,33,1),(58,9,120,0,33,1),(60,9,119,0,34,1),(61,9,120,0,34,1),(67,9,120,0,25,0),(77,9,934,0,1,1),(78,9,934,0,3,1),(79,9,934,0,10,1),(80,9,934,0,13,1),(81,9,934,0,18,1),(82,9,934,0,20,1),(83,9,934,0,4,1),(84,9,934,0,5,1),(85,9,934,0,8,1),(86,9,934,0,12,1),(87,9,934,0,15,1),(88,9,934,0,19,1),(89,9,934,0,22,1),(90,9,934,0,23,1),(91,9,934,0,24,1),(92,9,934,0,16,1),(93,9,934,0,17,1),(94,9,934,0,25,1),(95,9,934,0,26,1),(96,9,934,0,27,1),(97,9,934,0,28,1),(98,9,934,0,29,1),(99,9,934,0,30,1),(100,9,934,0,31,1),(101,9,934,0,32,1),(102,9,934,0,33,1),(103,9,934,0,34,1),(108,9,937,0,4,1),(109,9,938,0,4,1),(110,9,937,0,5,1),(111,9,938,0,5,1),(112,9,937,0,8,1),(113,9,938,0,8,1),(114,9,937,0,10,1),(115,9,938,0,10,1),(116,9,937,0,12,1),(117,9,938,0,12,1),(118,9,937,0,15,1),(119,9,938,0,15,1),(120,9,937,0,16,1),(121,9,938,0,16,1),(122,9,937,0,17,1),(123,9,938,0,17,1),(124,9,937,0,18,1),(125,9,938,0,18,1),(126,9,937,0,19,1),(127,9,938,0,19,1),(128,9,937,0,20,1),(129,9,938,0,20,1),(130,9,937,0,22,1),(131,9,938,0,22,1),(132,9,937,0,23,1),(133,9,938,0,23,1),(134,9,937,0,25,1),(135,9,938,0,25,1),(136,9,937,0,26,1),(137,9,938,0,26,1),(138,9,937,0,27,1),(139,9,938,0,27,1),(140,9,937,0,28,1),(141,9,938,0,28,1),(142,9,937,0,29,1),(143,9,938,0,29,1),(144,9,937,0,30,1),(145,9,938,0,30,1),(146,9,937,0,31,1),(147,9,938,0,31,1),(148,9,937,0,32,1),(149,9,938,0,32,1),(150,9,937,0,33,1),(151,9,938,0,33,1),(152,9,937,0,34,1),(153,9,938,0,34,1);


/*Table structure for table `catalog_category_entity_text` */


CREATE TABLE `catalog_category_entity_text` (
  `value_id` int(11) NOT NULL AUTO_INCREMENT COMMENT 'Value ID',
  `entity_type_id` smallint(5) unsigned NOT NULL COMMENT 'Entity Type ID',
  `attribute_id` smallint(5) unsigned NOT NULL COMMENT 'Attribute ID',
  `store_id` smallint(5) unsigned NOT NULL COMMENT 'Store ID',
  `entity_id` int(10) unsigned NOT NULL COMMENT 'Entity ID',
  `value` text COMMENT 'Value',
  PRIMARY KEY (`value_id`),
  UNIQUE KEY `UNQ_CAT_CTGR_ENTT_TEXT_ENTT_TYPE_ID_ENTT_ID_ATTR_ID_STORE_ID` (`entity_type_id`,`entity_id`,`attribute_id`,`store_id`),
  KEY `IDX_CATALOG_CATEGORY_ENTITY_TEXT_ENTITY_ID` (`entity_id`),
  KEY `IDX_CATALOG_CATEGORY_ENTITY_TEXT_ATTRIBUTE_ID` (`attribute_id`),
  KEY `IDX_CATALOG_CATEGORY_ENTITY_TEXT_STORE_ID` (`store_id`),
  CONSTRAINT `FK_CATALOG_CATEGORY_ENTITY_TEXT_STORE_ID_CORE_STORE_STORE_ID` FOREIGN KEY (`store_id`) REFERENCES `core_store` (`store_id`) ON DELETE CASCADE ON UPDATE CASCADE,
  CONSTRAINT `FK_CAT_CTGR_ENTT_TEXT_ATTR_ID_EAV_ATTR_ATTR_ID` FOREIGN KEY (`attribute_id`) REFERENCES `eav_attribute` (`attribute_id`) ON DELETE CASCADE ON UPDATE CASCADE,
  CONSTRAINT `FK_CAT_CTGR_ENTT_TEXT_ENTT_ID_CAT_CTGR_ENTT_ENTT_ID` FOREIGN KEY (`entity_id`) REFERENCES `catalog_category_entity` (`entity_id`) ON DELETE CASCADE ON UPDATE CASCADE
) ENGINE=InnoDB AUTO_INCREMENT=147 DEFAULT CHARSET=utf8 COMMENT='Catalog Category Text Attribute Backend Table';

/*Data for the table `catalog_category_entity_text` */


insert  into `catalog_category_entity_text`(`value_id`,`entity_type_id`,`attribute_id`,`store_id`,`entity_id`,`value`) values (1,9,121,0,3,'3,18,4,5,16,17,19,24,10,22,23,13,8,12,26,25,15,20'),(2,9,121,0,4,'4'),(3,9,122,0,4,'4,18'),(4,9,123,0,3,'18,10,13,20'),(5,9,121,0,5,'5,16,17'),(6,9,122,0,5,'5,18'),(7,9,121,0,8,'8'),(8,9,122,0,8,'8,13'),(9,9,121,0,10,'10,22,23'),(10,9,122,0,10,'10'),(11,9,121,0,12,'12,26,25'),(12,9,122,0,12,'12,13'),(13,9,121,0,13,'13,8,12,26,25,15'),(14,9,122,0,13,'13'),(15,9,123,0,13,'8,12,15'),(16,9,121,0,15,'15'),(17,9,122,0,15,'15,13'),(18,9,123,0,5,'16,17'),(19,9,122,0,18,'18'),(20,9,123,0,18,'4,5,19,24'),(21,9,122,0,19,'19,18'),(22,9,122,0,20,'20'),(23,9,121,0,22,'22'),(24,9,122,0,22,'22,10'),(25,9,123,0,10,'22,23'),(26,9,121,0,23,'23'),(27,9,122,0,23,'23,10'),(28,9,123,0,22,''),(29,9,123,0,16,''),(30,9,123,0,4,''),(31,9,123,0,23,''),(32,9,123,0,19,''),(33,9,123,0,15,''),(34,9,121,0,24,'24'),(35,9,122,0,24,'24,18'),(36,9,123,0,24,''),(37,9,123,0,8,''),(38,9,112,0,25,'Random accessories for different electronic items'),(39,9,115,0,25,'electric, accesories, gadgets'),(40,9,122,0,25,'25,12,13'),(41,9,123,0,25,''),(42,9,121,0,26,'26'),(43,9,122,0,26,'26,12,13'),(44,9,123,0,26,''),(45,9,123,0,17,''),(46,9,122,0,3,''),(47,9,112,0,15,''),(48,9,115,0,15,''),(49,9,116,0,15,''),(50,9,530,0,15,''),(51,9,112,0,27,''),(52,9,115,0,27,''),(53,9,116,0,27,''),(54,9,530,0,27,''),(55,9,112,0,28,''),(56,9,115,0,28,''),(57,9,116,0,28,''),(58,9,530,0,28,''),(59,9,112,0,29,''),(60,9,115,0,29,''),(61,9,116,0,29,''),(62,9,530,0,29,''),(63,9,112,0,30,''),(64,9,115,0,30,''),(65,9,116,0,30,''),(66,9,112,0,31,''),(67,9,116,0,31,''),(68,9,530,0,31,''),(69,9,112,0,32,''),(70,9,115,0,32,''),(71,9,116,0,32,''),(72,9,530,0,32,''),(73,9,112,0,33,''),(74,9,115,0,33,''),(75,9,116,0,33,''),(76,9,530,0,33,''),(77,9,112,0,34,''),(78,9,115,0,34,''),(79,9,116,0,34,''),(80,9,112,0,22,''),(81,9,116,0,22,''),(82,9,530,0,22,''),(83,9,112,0,23,''),(84,9,115,0,23,''),(85,9,116,0,23,''),(86,9,530,0,23,''),(87,9,112,0,10,''),(88,9,115,0,10,''),(89,9,116,0,10,''),(90,9,530,0,10,''),(91,9,112,0,12,''),(92,9,115,0,12,''),(93,9,116,0,12,''),(94,9,530,0,12,''),(95,9,116,0,25,''),(96,9,112,0,26,''),(97,9,116,0,26,''),(98,9,112,0,8,''),(99,9,115,0,8,''),(100,9,116,0,8,''),(101,9,530,0,8,''),(102,9,112,0,18,''),(103,9,115,0,18,''),(104,9,116,0,18,''),(105,9,530,0,18,''),(106,9,112,0,4,''),(107,9,115,0,4,''),(108,9,116,0,4,''),(109,9,530,0,4,''),(110,9,112,0,5,''),(111,9,115,0,5,''),(112,9,116,0,5,''),(113,9,530,0,5,''),(114,9,112,0,16,''),(115,9,115,0,16,''),(116,9,116,0,16,''),(117,9,530,0,16,''),(118,9,112,0,17,''),(119,9,115,0,17,''),(120,9,116,0,17,''),(121,9,530,0,17,''),(122,9,112,0,19,''),(123,9,115,0,19,''),(124,9,530,0,19,''),(125,9,115,0,20,''),(126,9,530,0,20,''),(127,9,121,0,16,'16'),(128,9,122,0,16,'16,5,18'),(129,9,121,0,17,'17'),(130,9,122,0,17,'17,5,18'),(131,9,121,0,18,'18,4,5,16,17,19,24'),(132,9,121,0,19,'19'),(133,9,121,0,20,'20'),(134,9,123,0,20,''),(135,9,121,0,25,'25'),(136,9,123,0,12,'26,25'),(137,9,530,0,30,''),(138,9,115,0,31,''),(139,9,530,0,34,''),(140,9,115,0,22,''),(141,9,530,0,25,''),(142,9,115,0,26,''),(143,9,530,0,26,''),(144,9,116,0,19,''),(145,9,112,0,20,''),(146,9,116,0,20,'');


/*Table structure for table `catalog_category_entity_varchar` */


CREATE TABLE `catalog_category_entity_varchar` (
  `value_id` int(11) NOT NULL AUTO_INCREMENT COMMENT 'Value ID',
  `entity_type_id` smallint(5) unsigned NOT NULL COMMENT 'Entity Type ID',
  `attribute_id` smallint(5) unsigned NOT NULL COMMENT 'Attribute ID',
  `store_id` smallint(5) unsigned NOT NULL COMMENT 'Store ID',
  `entity_id` int(10) unsigned NOT NULL COMMENT 'Entity ID',
  `value` varchar(255) DEFAULT NULL COMMENT 'Value',
  PRIMARY KEY (`value_id`),
  UNIQUE KEY `UNQ_CAT_CTGR_ENTT_VCHR_ENTT_TYPE_ID_ENTT_ID_ATTR_ID_STORE_ID` (`entity_type_id`,`entity_id`,`attribute_id`,`store_id`),
  KEY `IDX_CATALOG_CATEGORY_ENTITY_VARCHAR_ENTITY_ID` (`entity_id`),
  KEY `IDX_CATALOG_CATEGORY_ENTITY_VARCHAR_ATTRIBUTE_ID` (`attribute_id`),
  KEY `IDX_CATALOG_CATEGORY_ENTITY_VARCHAR_STORE_ID` (`store_id`),
  CONSTRAINT `FK_CATALOG_CATEGORY_ENTITY_VARCHAR_STORE_ID_CORE_STORE_STORE_ID` FOREIGN KEY (`store_id`) REFERENCES `core_store` (`store_id`) ON DELETE CASCADE ON UPDATE CASCADE,
  CONSTRAINT `FK_CAT_CTGR_ENTT_VCHR_ATTR_ID_EAV_ATTR_ATTR_ID` FOREIGN KEY (`attribute_id`) REFERENCES `eav_attribute` (`attribute_id`) ON DELETE CASCADE ON UPDATE CASCADE,
  CONSTRAINT `FK_CAT_CTGR_ENTT_VCHR_ENTT_ID_CAT_CTGR_ENTT_ENTT_ID` FOREIGN KEY (`entity_id`) REFERENCES `catalog_category_entity` (`entity_id`) ON DELETE CASCADE ON UPDATE CASCADE
) ENGINE=InnoDB AUTO_INCREMENT=205 DEFAULT CHARSET=utf8 COMMENT='Catalog Category Varchar Attribute Backend Table';

/*Data for the table `catalog_category_entity_varchar` */


insert  into `catalog_category_entity_varchar`(`value_id`,`entity_type_id`,`attribute_id`,`store_id`,`entity_id`,`value`) values (1,9,111,0,3,'Root Catalog'),(2,9,118,0,3,'PRODUCTS'),(3,9,479,0,3,'root-catalog'),(4,9,111,0,4,'Shirts'),(5,9,118,0,4,'PRODUCTS'),(6,9,479,0,4,'shirts'),(7,9,111,0,5,'Shoes'),(8,9,118,0,5,'PRODUCTS'),(9,9,479,0,5,'shoes'),(10,9,111,0,8,'Cell Phones'),(11,9,118,0,8,'PRODUCTS_AND_PAGE'),(12,9,479,0,8,'cell-phones'),(13,9,111,0,10,'Furniture'),(14,9,118,0,10,'PRODUCTS'),(15,9,479,0,10,'furniture'),(16,9,111,0,12,'Cameras'),(17,9,118,0,12,'PRODUCTS'),(18,9,479,0,12,'cameras'),(19,9,111,0,13,'Electronics'),(20,9,118,0,13,'PAGE'),(21,9,479,0,13,'electronics'),(22,9,111,0,15,'Computers'),(23,9,118,0,15,'PRODUCTS'),(24,9,479,0,15,'computers'),(25,9,111,0,16,'Mens'),(26,9,118,0,16,'PRODUCTS'),(27,9,479,0,16,'mens'),(28,9,111,0,17,'Womens'),(29,9,118,0,17,'PRODUCTS'),(30,9,479,0,17,'womens'),(31,9,111,0,18,'Apparel'),(32,9,118,0,18,'PRODUCTS'),(33,9,479,0,18,'apparel'),(34,9,111,0,19,'Hoodies'),(35,9,118,0,19,'PRODUCTS'),(36,9,479,0,19,'hoodies'),(37,9,113,0,4,'shirts.jpg'),(38,9,113,0,12,'camera.jpg'),(39,9,111,0,20,'Household Items'),(40,9,118,0,20,'PRODUCTS'),(41,9,479,0,20,'household-items'),(42,9,111,0,22,'Living Room'),(43,9,118,0,22,'PRODUCTS_AND_PAGE'),(44,9,118,0,23,'PRODUCTS'),(45,9,111,0,23,'Bedroom'),(46,9,113,0,5,'shoes.jpg'),(47,9,113,0,23,'bedroom.jpg'),(48,9,113,0,18,'apparel.jpg'),(49,9,113,0,10,'furniture.jpg'),(50,9,514,0,13,'one_column'),(51,9,514,0,8,''),(52,9,111,0,24,'Pants'),(53,9,118,0,24,'PRODUCTS'),(54,9,111,0,25,'Accessories'),(55,9,118,0,25,'PRODUCTS'),(56,9,111,0,26,'Digital Cameras'),(57,9,118,0,26,'PRODUCTS'),(58,9,533,0,18,'apparel.html'),(59,9,533,0,4,'apparel/shirts.html'),(60,9,533,0,5,'apparel/shoes.html'),(61,9,533,0,16,'apparel/shoes/mens.html'),(62,9,533,0,17,'apparel/shoes/womens.html'),(63,9,533,0,19,'apparel/hoodies.html'),(64,9,533,0,10,'furniture.html'),(65,9,533,0,13,'electronics.html'),(66,9,533,0,8,'electronics/cell-phones.html'),(67,9,533,0,12,'electronics/cameras.html'),(68,9,533,0,15,'electronics/computers.html'),(69,9,533,0,20,'household-items.html'),(70,9,479,0,22,'living-room'),(71,9,533,0,22,'furniture/living-room.html'),(72,9,479,0,23,'bedroom'),(73,9,533,0,23,'furniture/bedroom.html'),(74,9,479,0,25,'accessories'),(75,9,533,0,25,'electronics/cameras/accessories.html'),(76,9,479,0,26,'digital-cameras'),(77,9,533,0,26,'electronics/cameras/digital-cameras.html'),(78,9,479,0,24,'pants'),(79,9,533,0,24,'apparel/pants.html'),(80,9,114,0,15,''),(81,9,563,0,15,''),(82,9,514,0,15,''),(83,9,111,0,27,'Build Your Own'),(84,9,114,0,27,''),(85,9,118,0,27,'PRODUCTS'),(86,9,479,0,27,'build-your-own'),(87,9,563,0,27,''),(88,9,514,0,27,''),(89,9,533,0,27,'electronics/computers/build-your-own.html'),(90,9,111,0,28,'Laptops'),(91,9,114,0,28,''),(92,9,118,0,28,'PRODUCTS'),(93,9,479,0,28,'laptops'),(94,9,563,0,28,''),(95,9,514,0,28,''),(96,9,533,0,28,'electronics/computers/laptops.html'),(97,9,111,0,29,'Hard Drives'),(98,9,114,0,29,''),(99,9,118,0,29,'PRODUCTS'),(100,9,479,0,29,'hard-drives'),(101,9,563,0,29,''),(102,9,514,0,29,''),(103,9,533,0,29,'electronics/computers/hard-drives.html'),(104,9,111,0,30,'Monitors'),(105,9,114,0,30,''),(106,9,118,0,30,'PRODUCTS'),(107,9,479,0,30,'monitors'),(108,9,563,0,30,''),(109,9,514,0,30,''),(110,9,533,0,30,'electronics/computers/monitors.html'),(111,9,111,0,31,'RAM / Memory'),(112,9,114,0,31,''),(113,9,118,0,31,'PRODUCTS'),(114,9,479,0,31,'ram-memory'),(115,9,563,0,31,''),(116,9,514,0,31,''),(117,9,533,0,31,'electronics/computers/ram-memory.html'),(118,9,111,0,32,'Cases'),(119,9,114,0,32,''),(120,9,118,0,32,'PRODUCTS'),(121,9,479,0,32,'cases'),(122,9,563,0,32,''),(123,9,514,0,32,''),(124,9,533,0,32,'electronics/computers/cases.html'),(125,9,111,0,33,'Processors'),(126,9,114,0,33,''),(127,9,118,0,33,'PRODUCTS'),(128,9,479,0,33,'processors'),(129,9,563,0,33,''),(130,9,514,0,33,''),(131,9,533,0,33,'electronics/computers/processors.html'),(132,9,111,0,34,'Peripherals'),(133,9,114,0,34,''),(134,9,118,0,34,'PRODUCTS'),(135,9,479,0,34,'peripherals'),(136,9,563,0,34,''),(137,9,514,0,34,''),(138,9,533,0,34,'electronics/computers/peripherals.html'),(139,9,114,0,22,''),(140,9,563,0,22,''),(141,9,514,0,22,''),(142,9,114,0,23,''),(143,9,563,0,23,''),(144,9,514,0,23,''),(145,9,114,0,10,''),(146,9,563,0,10,''),(147,9,514,0,10,''),(148,9,114,0,12,''),(149,9,563,0,12,''),(150,9,514,0,12,''),(151,9,114,0,25,''),(152,9,563,0,25,''),(153,9,514,0,25,''),(154,9,114,0,26,''),(155,9,563,0,26,''),(156,9,514,0,26,''),(157,9,114,0,8,''),(158,9,563,0,8,''),(159,9,114,0,18,''),(160,9,563,0,18,''),(161,9,514,0,18,''),(162,9,114,0,4,''),(163,9,563,0,4,''),(164,9,514,0,4,''),(165,9,114,0,5,''),(166,9,563,0,5,''),(167,9,514,0,5,''),(168,9,114,0,16,''),(169,9,563,0,16,''),(170,9,514,0,16,''),(171,9,114,0,17,''),(172,9,563,0,17,''),(173,9,514,0,17,''),(174,9,114,0,19,''),(175,9,563,0,19,''),(176,9,514,0,19,''),(177,9,114,0,20,''),(178,9,563,0,20,''),(179,9,514,0,20,''),(180,9,533,1,10,'furniture.html'),(181,9,533,1,22,'furniture/living-room.html'),(182,9,533,1,23,'furniture/bedroom.html'),(183,9,533,1,13,'electronics.html'),(184,9,533,1,12,'electronics/cameras.html'),(185,9,533,1,25,'electronics/cameras/accessories.html'),(186,9,533,1,26,'electronics/cameras/digital-cameras.html'),(187,9,533,1,15,'electronics/computers.html'),(188,9,533,1,27,'electronics/computers/build-your-own.html'),(189,9,533,1,28,'electronics/computers/laptops.html'),(190,9,533,1,29,'electronics/computers/hard-drives.html'),(191,9,533,1,30,'electronics/computers/monitors.html'),(192,9,533,1,31,'electronics/computers/ram-memory.html'),(193,9,533,1,32,'electronics/computers/cases.html'),(194,9,533,1,33,'electronics/computers/processors.html'),(195,9,533,1,34,'electronics/computers/peripherals.html'),(196,9,533,1,8,'electronics/cell-phones.html'),(197,9,533,1,18,'apparel.html'),(198,9,533,1,19,'apparel/hoodies.html'),(199,9,533,1,24,'apparel/pants.html'),(200,9,533,1,4,'apparel/shirts.html'),(201,9,533,1,5,'apparel/shoes.html'),(202,9,533,1,16,'apparel/shoes/mens.html'),(203,9,533,1,17,'apparel/shoes/womens.html'),(204,9,533,1,20,'household-items.html');


/*Table structure for table `catalog_category_flat_store_1` */


CREATE TABLE `catalog_category_flat_store_1` (
  `entity_id` int(10) unsigned NOT NULL COMMENT 'entity_id',
  `parent_id` int(10) unsigned NOT NULL DEFAULT '0' COMMENT 'parent_id',
  `created_at` timestamp NULL DEFAULT NULL COMMENT 'created_at',
  `updated_at` timestamp NULL DEFAULT NULL COMMENT 'updated_at',
  `path` varchar(255) NOT NULL DEFAULT '' COMMENT 'path',
  `position` int(11) NOT NULL DEFAULT '0' COMMENT 'position',
  `level` int(11) NOT NULL DEFAULT '0' COMMENT 'level',
  `children_count` int(11) NOT NULL DEFAULT '0' COMMENT 'children_count',
  `store_id` smallint(5) unsigned NOT NULL DEFAULT '0' COMMENT 'Store Id',
  `all_children` text COMMENT 'All Children',
  `available_sort_by` text COMMENT 'Available Product Listing Sort By',
  `children` text COMMENT 'Children',
  `custom_apply_to_products` int(11) DEFAULT NULL COMMENT 'Apply To Products',
  `custom_design` varchar(255) DEFAULT NULL COMMENT 'Custom Design',
  `custom_design_from` datetime DEFAULT NULL COMMENT 'Active From',
  `custom_design_to` datetime DEFAULT NULL COMMENT 'Active To',
  `custom_layout_update` text COMMENT 'Custom Layout Update',
  `custom_use_parent_settings` int(11) DEFAULT NULL COMMENT 'Use Parent Category Settings',
  `default_sort_by` varchar(255) DEFAULT NULL COMMENT 'Default Product Listing Sort By',
  `description` text COMMENT 'Description',
  `display_mode` varchar(255) DEFAULT NULL COMMENT 'Display Mode',
  `filter_price_range` int(11) DEFAULT NULL COMMENT 'Layered Navigation Price Step',
  `image` varchar(255) DEFAULT NULL COMMENT 'Image',
  `include_in_menu` int(11) DEFAULT NULL COMMENT 'Include in Navigation Menu',
  `is_active` int(11) DEFAULT NULL COMMENT 'Is Active',
  `is_anchor` int(11) DEFAULT NULL COMMENT 'Is Anchor',
  `landing_page` int(11) DEFAULT NULL COMMENT 'CMS Block',
  `meta_description` text COMMENT 'Meta Description',
  `meta_keywords` text COMMENT 'Meta Keywords',
  `meta_title` varchar(255) DEFAULT NULL COMMENT 'Page Title',
  `name` varchar(255) DEFAULT NULL COMMENT 'Name',
  `page_layout` varchar(255) DEFAULT NULL COMMENT 'Page Layout',
  `path_in_store` text COMMENT 'Path In Store',
  `thumbnail` varchar(255) DEFAULT NULL COMMENT 'Thumbnail Image',
  `url_key` varchar(255) DEFAULT NULL COMMENT 'URL Key',
  `url_path` varchar(255) DEFAULT NULL COMMENT 'Url Path',
  PRIMARY KEY (`entity_id`),
  KEY `IDX_CATALOG_CATEGORY_FLAT_STORE_1_STORE_ID` (`store_id`),
  KEY `IDX_CATALOG_CATEGORY_FLAT_STORE_1_PATH` (`path`),
  KEY `IDX_CATALOG_CATEGORY_FLAT_STORE_1_LEVEL` (`level`),
  CONSTRAINT `FK_CAT_CTGR_FLAT_STORE_1_ENTT_ID_CAT_CTGR_ENTT_ENTT_ID` FOREIGN KEY (`entity_id`) REFERENCES `catalog_category_entity` (`entity_id`) ON DELETE CASCADE ON UPDATE CASCADE,
  CONSTRAINT `FK_CATALOG_CATEGORY_FLAT_STORE_1_STORE_ID_CORE_STORE_STORE_ID` FOREIGN KEY (`store_id`) REFERENCES `core_store` (`store_id`) ON DELETE CASCADE ON UPDATE CASCADE
) ENGINE=InnoDB DEFAULT CHARSET=utf8 COMMENT='Catalog Category Flat (Store 1)';

/*Data for the table `catalog_category_flat_store_1` */


insert  into `catalog_category_flat_store_1`(`entity_id`,`parent_id`,`created_at`,`updated_at`,`path`,`position`,`level`,`children_count`,`store_id`,`all_children`,`available_sort_by`,`children`,`custom_apply_to_products`,`custom_design`,`custom_design_from`,`custom_design_to`,`custom_layout_update`,`custom_use_parent_settings`,`default_sort_by`,`description`,`display_mode`,`filter_price_range`,`image`,`include_in_menu`,`is_active`,`is_anchor`,`landing_page`,`meta_description`,`meta_keywords`,`meta_title`,`name`,`page_layout`,`path_in_store`,`thumbnail`,`url_key`,`url_path`) values (1,0,'2007-07-20 18:46:08','2007-08-07 09:50:15','1',1,0,26,1,NULL,NULL,NULL,NULL,NULL,NULL,NULL,NULL,NULL,NULL,NULL,NULL,NULL,NULL,1,1,NULL,NULL,NULL,NULL,NULL,NULL,NULL,NULL,NULL,NULL,NULL),(3,1,'2007-08-22 15:54:41','2007-12-05 04:38:59','1/3',3,1,25,1,'3,18,4,5,16,17,19,24,10,22,23,13,8,12,26,25,15,20',NULL,'18,10,13,20',NULL,NULL,NULL,NULL,NULL,NULL,NULL,NULL,'PRODUCTS',NULL,NULL,1,1,NULL,NULL,NULL,NULL,NULL,'Root Catalog',NULL,'',NULL,'root-catalog',NULL),(4,18,'2007-08-22 15:55:34','2008-08-08 00:56:48','1/3/18/4',4,3,0,1,'4',NULL,'',1,'',NULL,NULL,'',1,NULL,'','PRODUCTS',NULL,'shirts.jpg',1,1,1,NULL,'','','','Shirts','','4,18',NULL,'shirts','apparel/shirts'),(5,18,'2007-08-22 16:21:29','2008-08-07 23:55:38','1/3/18/5',5,3,2,1,'5,16,17',NULL,'16,17',1,'',NULL,NULL,'',1,NULL,'','PRODUCTS',NULL,'shoes.jpg',1,1,1,NULL,'','','','Shoes','','5,18',NULL,'shoes','apparel/shoes'),(8,13,'2007-08-22 18:10:30','2008-08-07 23:51:26','1/3/13/8',8,3,0,1,'8',NULL,'',1,'',NULL,NULL,'',1,NULL,'','PRODUCTS_AND_PAGE',NULL,NULL,1,1,1,4,'','','','Cell Phones','','8,13',NULL,'cell-phones','electronics/cell-phones'),(10,3,'2007-08-23 11:45:22','2008-08-08 00:01:18','1/3/10',10,2,2,1,'10,22,23',NULL,'22,23',1,'',NULL,NULL,'',1,NULL,'','PRODUCTS',NULL,'furniture.jpg',1,1,1,NULL,'','','','Furniture','','10',NULL,'furniture','furniture'),(12,13,'2007-08-24 12:34:30','2008-08-07 23:54:48','1/3/13/12',12,3,2,1,'12,26,25',NULL,'26,25',1,'',NULL,NULL,'',1,NULL,'','PRODUCTS',NULL,'camera.jpg',1,1,1,NULL,'','','','Cameras','','12,13',NULL,'cameras','electronics/cameras'),(13,3,'2007-08-24 13:31:01','2008-08-08 00:02:23','1/3/13',13,2,13,1,'13,8,12,26,25,15',NULL,'8,12,15',NULL,NULL,NULL,NULL,NULL,NULL,NULL,NULL,'PAGE',NULL,NULL,1,1,1,3,NULL,NULL,NULL,'Electronics','one_column','13',NULL,'electronics','electronics'),(15,13,'2007-08-24 13:33:17','2008-07-25 01:53:39','1/3/13/15',15,3,8,1,'15',NULL,'',1,'',NULL,NULL,'',1,NULL,'','PRODUCTS',NULL,NULL,1,1,1,NULL,'','','','Computers','','15,13',NULL,'computers','electronics/computers'),(16,5,'2007-08-24 15:41:52','2008-08-07 23:56:01','1/3/18/5/16',16,4,0,1,'16',NULL,'',1,'',NULL,NULL,'',1,NULL,'','PRODUCTS',NULL,NULL,1,1,1,NULL,'','','','Mens','','16,5,18',NULL,'mens','apparel/shoes/mens'),(17,5,'2007-08-24 15:43:07','2008-08-07 23:56:28','1/3/18/5/17',17,4,0,1,'17',NULL,'',1,'',NULL,NULL,'',1,NULL,'','PRODUCTS',NULL,NULL,1,1,1,NULL,'','','','Womens','','17,5,18',NULL,'womens','apparel/shoes/womens'),(18,3,'2007-08-24 15:44:31','2008-08-07 23:54:16','1/3/18',18,2,6,1,'18,4,5,16,17,19,24',NULL,'4,5,19,24',1,'',NULL,NULL,'',1,NULL,'','PRODUCTS',NULL,'apparel.jpg',1,1,1,NULL,'','','','Apparel','','18',NULL,'apparel','apparel'),(19,18,'2007-08-24 20:05:28','2008-08-07 23:57:03','1/3/18/19',19,3,0,1,'19',NULL,'',1,'',NULL,NULL,'',1,NULL,'','PRODUCTS',NULL,NULL,1,1,0,NULL,'','','','Hoodies','','19,18',NULL,'hoodies','apparel/hoodies'),(20,3,'2007-08-25 13:14:09','2008-08-07 23:58:57','1/3/20',20,2,0,1,'20',NULL,'',1,'',NULL,NULL,'',1,NULL,'','PRODUCTS',NULL,NULL,1,0,0,NULL,'','','','Household Items','','20',NULL,'household-items','household-items'),(22,10,'2007-08-26 14:49:39','2008-08-08 00:01:45','1/3/10/22',22,3,0,1,'22',NULL,'',1,'',NULL,NULL,'',1,NULL,'','PRODUCTS_AND_PAGE',NULL,NULL,1,1,0,NULL,'','','','Living Room','','22,10',NULL,'living-room','furniture/living-room'),(23,10,'2007-08-27 10:35:27','2008-08-07 23:49:18','1/3/10/23',23,3,0,1,'23',NULL,'',1,'',NULL,NULL,'',1,NULL,'','PRODUCTS',NULL,'bedroom.jpg',1,1,0,NULL,'','','','Bedroom','','23,10',NULL,'bedroom','furniture/bedroom'),(24,18,'2007-08-28 18:32:41','2007-08-29 23:20:36','1/3/18/24',24,3,0,1,'24',NULL,'',NULL,NULL,NULL,NULL,NULL,NULL,NULL,NULL,'PRODUCTS',NULL,NULL,1,0,NULL,NULL,NULL,NULL,NULL,'Pants',NULL,'24,18',NULL,'pants','apparel/pants'),(25,12,'2007-08-29 19:49:52','2008-08-07 23:46:35','1/3/13/12/25',25,4,0,1,'25',NULL,'',1,'',NULL,NULL,'',1,NULL,'Random accessories for different electronic items','PRODUCTS',NULL,NULL,1,1,0,NULL,'','electric, accesories, gadgets','','Accessories','','25,12,13',NULL,'accessories','electronics/cameras/accessories'),(26,12,'2007-08-29 20:37:22','2008-08-07 23:47:02','1/3/13/12/26',26,4,0,1,'26',NULL,'',1,'',NULL,NULL,'',1,NULL,'','PRODUCTS',NULL,NULL,1,1,1,NULL,'','','','Digital Cameras','','26,12,13',NULL,'digital-cameras','electronics/cameras/digital-cameras'),(27,15,'2008-07-25 00:36:22','2008-08-07 23:48:15','1/3/13/15/27',1,4,0,1,NULL,NULL,NULL,1,'',NULL,NULL,'',1,NULL,'','PRODUCTS',NULL,NULL,1,1,0,NULL,'','','','Build Your Own','',NULL,NULL,'build-your-own','electronics/computers/build-your-own'),(28,15,'2008-07-25 00:39:10','2008-08-08 13:02:59','1/3/13/15/28',2,4,0,1,NULL,NULL,NULL,1,'',NULL,NULL,'',1,NULL,'','PRODUCTS',NULL,NULL,1,1,1,NULL,'','','','Laptops','',NULL,NULL,'laptops','electronics/computers/laptops'),(29,13,'2008-07-25 00:39:54','2008-07-25 00:39:54','1/3/13/15/29',3,4,0,1,NULL,NULL,NULL,1,'',NULL,NULL,'',1,NULL,'','PRODUCTS',NULL,NULL,1,1,1,NULL,'','','','Hard Drives','',NULL,NULL,'hard-drives','electronics/computers/hard-drives'),(30,13,'2008-07-25 00:41:11','2008-07-25 00:41:11','1/3/13/15/30',4,4,0,1,NULL,NULL,NULL,1,'',NULL,NULL,'',1,NULL,'','PRODUCTS',NULL,NULL,1,1,1,NULL,'','','','Monitors','',NULL,NULL,'monitors','electronics/computers/monitors'),(31,13,'2008-07-25 00:41:56','2008-07-25 00:41:56','1/3/13/15/31',5,4,0,1,NULL,NULL,NULL,1,'',NULL,NULL,'',1,NULL,'','PRODUCTS',NULL,NULL,1,1,1,NULL,'','','','RAM / Memory','',NULL,NULL,'ram-memory','electronics/computers/ram-memory'),(32,13,'2008-07-25 00:42:57','2008-07-25 00:42:57','1/3/13/15/32',6,4,0,1,NULL,NULL,NULL,1,'',NULL,NULL,'',1,NULL,'','PRODUCTS',NULL,NULL,1,1,1,NULL,'','','','Cases','',NULL,NULL,'cases','electronics/computers/cases'),(33,13,'2008-07-25 00:43:25','2008-07-25 00:43:25','1/3/13/15/33',7,4,0,1,NULL,NULL,NULL,1,'',NULL,NULL,'',1,NULL,'','PRODUCTS',NULL,NULL,1,1,1,NULL,'','','','Processors','',NULL,NULL,'processors','electronics/computers/processors'),(34,13,'2008-07-25 00:44:17','2008-07-25 00:44:17','1/3/13/15/34',8,4,0,1,NULL,NULL,NULL,1,'',NULL,NULL,'',1,NULL,'','PRODUCTS',NULL,NULL,1,1,1,NULL,'','','','Peripherals','',NULL,NULL,'peripherals','electronics/computers/peripherals');


/*Table structure for table `catalog_category_flat_store_2` */


CREATE TABLE `catalog_category_flat_store_2` (
  `entity_id` int(10) unsigned NOT NULL COMMENT 'entity_id',
  `parent_id` int(10) unsigned NOT NULL DEFAULT '0' COMMENT 'parent_id',
  `created_at` timestamp NULL DEFAULT NULL COMMENT 'created_at',
  `updated_at` timestamp NULL DEFAULT NULL COMMENT 'updated_at',
  `path` varchar(255) NOT NULL DEFAULT '' COMMENT 'path',
  `position` int(11) NOT NULL DEFAULT '0' COMMENT 'position',
  `level` int(11) NOT NULL DEFAULT '0' COMMENT 'level',
  `children_count` int(11) NOT NULL DEFAULT '0' COMMENT 'children_count',
  `store_id` smallint(5) unsigned NOT NULL DEFAULT '0' COMMENT 'Store Id',
  `all_children` text COMMENT 'All Children',
  `available_sort_by` text COMMENT 'Available Product Listing Sort By',
  `children` text COMMENT 'Children',
  `custom_apply_to_products` int(11) DEFAULT NULL COMMENT 'Apply To Products',
  `custom_design` varchar(255) DEFAULT NULL COMMENT 'Custom Design',
  `custom_design_from` datetime DEFAULT NULL COMMENT 'Active From',
  `custom_design_to` datetime DEFAULT NULL COMMENT 'Active To',
  `custom_layout_update` text COMMENT 'Custom Layout Update',
  `custom_use_parent_settings` int(11) DEFAULT NULL COMMENT 'Use Parent Category Settings',
  `default_sort_by` varchar(255) DEFAULT NULL COMMENT 'Default Product Listing Sort By',
  `description` text COMMENT 'Description',
  `display_mode` varchar(255) DEFAULT NULL COMMENT 'Display Mode',
  `filter_price_range` int(11) DEFAULT NULL COMMENT 'Layered Navigation Price Step',
  `image` varchar(255) DEFAULT NULL COMMENT 'Image',
  `include_in_menu` int(11) DEFAULT NULL COMMENT 'Include in Navigation Menu',
  `is_active` int(11) DEFAULT NULL COMMENT 'Is Active',
  `is_anchor` int(11) DEFAULT NULL COMMENT 'Is Anchor',
  `landing_page` int(11) DEFAULT NULL COMMENT 'CMS Block',
  `meta_description` text COMMENT 'Meta Description',
  `meta_keywords` text COMMENT 'Meta Keywords',
  `meta_title` varchar(255) DEFAULT NULL COMMENT 'Page Title',
  `name` varchar(255) DEFAULT NULL COMMENT 'Name',
  `page_layout` varchar(255) DEFAULT NULL COMMENT 'Page Layout',
  `path_in_store` text COMMENT 'Path In Store',
  `thumbnail` varchar(255) DEFAULT NULL COMMENT 'Thumbnail Image',
  `url_key` varchar(255) DEFAULT NULL COMMENT 'URL Key',
  `url_path` varchar(255) DEFAULT NULL COMMENT 'Url Path',
  PRIMARY KEY (`entity_id`),
  KEY `IDX_CATALOG_CATEGORY_FLAT_STORE_2_STORE_ID` (`store_id`),
  KEY `IDX_CATALOG_CATEGORY_FLAT_STORE_2_PATH` (`path`),
  KEY `IDX_CATALOG_CATEGORY_FLAT_STORE_2_LEVEL` (`level`),
  CONSTRAINT `FK_CAT_CTGR_FLAT_STORE_2_ENTT_ID_CAT_CTGR_ENTT_ENTT_ID` FOREIGN KEY (`entity_id`) REFERENCES `catalog_category_entity` (`entity_id`) ON DELETE CASCADE ON UPDATE CASCADE,
  CONSTRAINT `FK_CATALOG_CATEGORY_FLAT_STORE_2_STORE_ID_CORE_STORE_STORE_ID` FOREIGN KEY (`store_id`) REFERENCES `core_store` (`store_id`) ON DELETE CASCADE ON UPDATE CASCADE
) ENGINE=InnoDB DEFAULT CHARSET=utf8 COMMENT='Catalog Category Flat (Store 2)';

/*Data for the table `catalog_category_flat_store_2` */


insert  into `catalog_category_flat_store_2`(`entity_id`,`parent_id`,`created_at`,`updated_at`,`path`,`position`,`level`,`children_count`,`store_id`,`all_children`,`available_sort_by`,`children`,`custom_apply_to_products`,`custom_design`,`custom_design_from`,`custom_design_to`,`custom_layout_update`,`custom_use_parent_settings`,`default_sort_by`,`description`,`display_mode`,`filter_price_range`,`image`,`include_in_menu`,`is_active`,`is_anchor`,`landing_page`,`meta_description`,`meta_keywords`,`meta_title`,`name`,`page_layout`,`path_in_store`,`thumbnail`,`url_key`,`url_path`) values (1,0,'2007-07-20 18:46:08','2007-08-07 09:50:15','1',1,0,26,2,NULL,NULL,NULL,NULL,NULL,NULL,NULL,NULL,NULL,NULL,NULL,NULL,NULL,NULL,1,1,NULL,NULL,NULL,NULL,NULL,NULL,NULL,NULL,NULL,NULL,NULL),(3,1,'2007-08-22 15:54:41','2007-12-05 04:38:59','1/3',3,1,25,2,'3,18,4,5,16,17,19,24,10,22,23,13,8,12,26,25,15,20',NULL,'18,10,13,20',NULL,NULL,NULL,NULL,NULL,NULL,NULL,NULL,'PRODUCTS',NULL,NULL,1,1,NULL,NULL,NULL,NULL,NULL,'Root Catalog',NULL,'',NULL,'root-catalog',NULL),(4,18,'2007-08-22 15:55:34','2008-08-08 00:56:48','1/3/18/4',4,3,0,2,'4',NULL,'',1,'',NULL,NULL,'',1,NULL,'','PRODUCTS',NULL,'shirts.jpg',1,1,1,NULL,'','','','Shirts','','4,18',NULL,'shirts','apparel/shirts'),(5,18,'2007-08-22 16:21:29','2008-08-07 23:55:38','1/3/18/5',5,3,2,2,'5,16,17',NULL,'16,17',1,'',NULL,NULL,'',1,NULL,'','PRODUCTS',NULL,'shoes.jpg',1,1,1,NULL,'','','','Shoes','','5,18',NULL,'shoes','apparel/shoes'),(8,13,'2007-08-22 18:10:30','2008-08-07 23:51:26','1/3/13/8',8,3,0,2,'8',NULL,'',1,'',NULL,NULL,'',1,NULL,'','PRODUCTS_AND_PAGE',NULL,NULL,1,1,1,4,'','','','Cell Phones','','8,13',NULL,'cell-phones','electronics/cell-phones'),(10,3,'2007-08-23 11:45:22','2008-08-08 00:01:18','1/3/10',10,2,2,2,'10,22,23',NULL,'22,23',1,'',NULL,NULL,'',1,NULL,'','PRODUCTS',NULL,'furniture.jpg',1,1,1,NULL,'','','','Furniture','','10',NULL,'furniture','furniture'),(12,13,'2007-08-24 12:34:30','2008-08-07 23:54:48','1/3/13/12',12,3,2,2,'12,26,25',NULL,'26,25',1,'',NULL,NULL,'',1,NULL,'','PRODUCTS',NULL,'camera.jpg',1,1,1,NULL,'','','','Cameras','','12,13',NULL,'cameras','electronics/cameras'),(13,3,'2007-08-24 13:31:01','2008-08-08 00:02:23','1/3/13',13,2,13,2,'13,8,12,26,25,15',NULL,'8,12,15',NULL,NULL,NULL,NULL,NULL,NULL,NULL,NULL,'PAGE',NULL,NULL,1,1,1,3,NULL,NULL,NULL,'Electronics','one_column','13',NULL,'electronics','electronics'),(15,13,'2007-08-24 13:33:17','2008-07-25 01:53:39','1/3/13/15',15,3,8,2,'15',NULL,'',1,'',NULL,NULL,'',1,NULL,'','PRODUCTS',NULL,NULL,1,1,1,NULL,'','','','Computers','','15,13',NULL,'computers','electronics/computers'),(16,5,'2007-08-24 15:41:52','2008-08-07 23:56:01','1/3/18/5/16',16,4,0,2,'16',NULL,'',1,'',NULL,NULL,'',1,NULL,'','PRODUCTS',NULL,NULL,1,1,1,NULL,'','','','Mens','','16,5,18',NULL,'mens','apparel/shoes/mens'),(17,5,'2007-08-24 15:43:07','2008-08-07 23:56:28','1/3/18/5/17',17,4,0,2,'17',NULL,'',1,'',NULL,NULL,'',1,NULL,'','PRODUCTS',NULL,NULL,1,1,1,NULL,'','','','Womens','','17,5,18',NULL,'womens','apparel/shoes/womens'),(18,3,'2007-08-24 15:44:31','2008-08-07 23:54:16','1/3/18',18,2,6,2,'18,4,5,16,17,19,24',NULL,'4,5,19,24',1,'',NULL,NULL,'',1,NULL,'','PRODUCTS',NULL,'apparel.jpg',1,1,1,NULL,'','','','Apparel','','18',NULL,'apparel','apparel'),(19,18,'2007-08-24 20:05:28','2008-08-07 23:57:03','1/3/18/19',19,3,0,2,'19',NULL,'',1,'',NULL,NULL,'',1,NULL,'','PRODUCTS',NULL,NULL,1,1,0,NULL,'','','','Hoodies','','19,18',NULL,'hoodies','apparel/hoodies'),(20,3,'2007-08-25 13:14:09','2008-08-07 23:58:57','1/3/20',20,2,0,2,'20',NULL,'',1,'',NULL,NULL,'',1,NULL,'','PRODUCTS',NULL,NULL,1,0,0,NULL,'','','','Household Items','','20',NULL,'household-items','household-items'),(22,10,'2007-08-26 14:49:39','2008-08-08 00:01:45','1/3/10/22',22,3,0,2,'22',NULL,'',1,'',NULL,NULL,'',1,NULL,'','PRODUCTS_AND_PAGE',NULL,NULL,1,1,0,NULL,'','','','Living Room','','22,10',NULL,'living-room','furniture/living-room'),(23,10,'2007-08-27 10:35:27','2008-08-07 23:49:18','1/3/10/23',23,3,0,2,'23',NULL,'',1,'',NULL,NULL,'',1,NULL,'','PRODUCTS',NULL,'bedroom.jpg',1,1,0,NULL,'','','','Bedroom','','23,10',NULL,'bedroom','furniture/bedroom'),(24,18,'2007-08-28 18:32:41','2007-08-29 23:20:36','1/3/18/24',24,3,0,2,'24',NULL,'',NULL,NULL,NULL,NULL,NULL,NULL,NULL,NULL,'PRODUCTS',NULL,NULL,1,0,NULL,NULL,NULL,NULL,NULL,'Pants',NULL,'24,18',NULL,'pants','apparel/pants'),(25,12,'2007-08-29 19:49:52','2008-08-07 23:46:35','1/3/13/12/25',25,4,0,2,'25',NULL,'',1,'',NULL,NULL,'',1,NULL,'Random accessories for different electronic items','PRODUCTS',NULL,NULL,1,1,0,NULL,'','electric, accesories, gadgets','','Accessories','','25,12,13',NULL,'accessories','electronics/cameras/accessories'),(26,12,'2007-08-29 20:37:22','2008-08-07 23:47:02','1/3/13/12/26',26,4,0,2,'26',NULL,'',1,'',NULL,NULL,'',1,NULL,'','PRODUCTS',NULL,NULL,1,1,1,NULL,'','','','Digital Cameras','','26,12,13',NULL,'digital-cameras','electronics/cameras/digital-cameras'),(27,15,'2008-07-25 00:36:22','2008-08-07 23:48:15','1/3/13/15/27',1,4,0,2,NULL,NULL,NULL,1,'',NULL,NULL,'',1,NULL,'','PRODUCTS',NULL,NULL,1,1,0,NULL,'','','','Build Your Own','',NULL,NULL,'build-your-own','electronics/computers/build-your-own'),(28,15,'2008-07-25 00:39:10','2008-08-08 13:02:59','1/3/13/15/28',2,4,0,2,NULL,NULL,NULL,1,'',NULL,NULL,'',1,NULL,'','PRODUCTS',NULL,NULL,1,1,1,NULL,'','','','Laptops','',NULL,NULL,'laptops','electronics/computers/laptops'),(29,13,'2008-07-25 00:39:54','2008-07-25 00:39:54','1/3/13/15/29',3,4,0,2,NULL,NULL,NULL,1,'',NULL,NULL,'',1,NULL,'','PRODUCTS',NULL,NULL,1,1,1,NULL,'','','','Hard Drives','',NULL,NULL,'hard-drives','electronics/computers/hard-drives'),(30,13,'2008-07-25 00:41:11','2008-07-25 00:41:11','1/3/13/15/30',4,4,0,2,NULL,NULL,NULL,1,'',NULL,NULL,'',1,NULL,'','PRODUCTS',NULL,NULL,1,1,1,NULL,'','','','Monitors','',NULL,NULL,'monitors','electronics/computers/monitors'),(31,13,'2008-07-25 00:41:56','2008-07-25 00:41:56','1/3/13/15/31',5,4,0,2,NULL,NULL,NULL,1,'',NULL,NULL,'',1,NULL,'','PRODUCTS',NULL,NULL,1,1,1,NULL,'','','','RAM / Memory','',NULL,NULL,'ram-memory','electronics/computers/ram-memory'),(32,13,'2008-07-25 00:42:57','2008-07-25 00:42:57','1/3/13/15/32',6,4,0,2,NULL,NULL,NULL,1,'',NULL,NULL,'',1,NULL,'','PRODUCTS',NULL,NULL,1,1,1,NULL,'','','','Cases','',NULL,NULL,'cases','electronics/computers/cases'),(33,13,'2008-07-25 00:43:25','2008-07-25 00:43:25','1/3/13/15/33',7,4,0,2,NULL,NULL,NULL,1,'',NULL,NULL,'',1,NULL,'','PRODUCTS',NULL,NULL,1,1,1,NULL,'','','','Processors','',NULL,NULL,'processors','electronics/computers/processors'),(34,13,'2008-07-25 00:44:17','2008-07-25 00:44:17','1/3/13/15/34',8,4,0,2,NULL,NULL,NULL,1,'',NULL,NULL,'',1,NULL,'','PRODUCTS',NULL,NULL,1,1,1,NULL,'','','','Peripherals','',NULL,NULL,'peripherals','electronics/computers/peripherals');


/*Table structure for table `catalog_category_flat_store_3` */


CREATE TABLE `catalog_category_flat_store_3` (
  `entity_id` int(10) unsigned NOT NULL COMMENT 'entity_id',
  `parent_id` int(10) unsigned NOT NULL DEFAULT '0' COMMENT 'parent_id',
  `created_at` timestamp NULL DEFAULT NULL COMMENT 'created_at',
  `updated_at` timestamp NULL DEFAULT NULL COMMENT 'updated_at',
  `path` varchar(255) NOT NULL DEFAULT '' COMMENT 'path',
  `position` int(11) NOT NULL DEFAULT '0' COMMENT 'position',
  `level` int(11) NOT NULL DEFAULT '0' COMMENT 'level',
  `children_count` int(11) NOT NULL DEFAULT '0' COMMENT 'children_count',
  `store_id` smallint(5) unsigned NOT NULL DEFAULT '0' COMMENT 'Store Id',
  `all_children` text COMMENT 'All Children',
  `available_sort_by` text COMMENT 'Available Product Listing Sort By',
  `children` text COMMENT 'Children',
  `custom_apply_to_products` int(11) DEFAULT NULL COMMENT 'Apply To Products',
  `custom_design` varchar(255) DEFAULT NULL COMMENT 'Custom Design',
  `custom_design_from` datetime DEFAULT NULL COMMENT 'Active From',
  `custom_design_to` datetime DEFAULT NULL COMMENT 'Active To',
  `custom_layout_update` text COMMENT 'Custom Layout Update',
  `custom_use_parent_settings` int(11) DEFAULT NULL COMMENT 'Use Parent Category Settings',
  `default_sort_by` varchar(255) DEFAULT NULL COMMENT 'Default Product Listing Sort By',
  `description` text COMMENT 'Description',
  `display_mode` varchar(255) DEFAULT NULL COMMENT 'Display Mode',
  `filter_price_range` int(11) DEFAULT NULL COMMENT 'Layered Navigation Price Step',
  `image` varchar(255) DEFAULT NULL COMMENT 'Image',
  `include_in_menu` int(11) DEFAULT NULL COMMENT 'Include in Navigation Menu',
  `is_active` int(11) DEFAULT NULL COMMENT 'Is Active',
  `is_anchor` int(11) DEFAULT NULL COMMENT 'Is Anchor',
  `landing_page` int(11) DEFAULT NULL COMMENT 'CMS Block',
  `meta_description` text COMMENT 'Meta Description',
  `meta_keywords` text COMMENT 'Meta Keywords',
  `meta_title` varchar(255) DEFAULT NULL COMMENT 'Page Title',
  `name` varchar(255) DEFAULT NULL COMMENT 'Name',
  `page_layout` varchar(255) DEFAULT NULL COMMENT 'Page Layout',
  `path_in_store` text COMMENT 'Path In Store',
  `thumbnail` varchar(255) DEFAULT NULL COMMENT 'Thumbnail Image',
  `url_key` varchar(255) DEFAULT NULL COMMENT 'URL Key',
  `url_path` varchar(255) DEFAULT NULL COMMENT 'Url Path',
  PRIMARY KEY (`entity_id`),
  KEY `IDX_CATALOG_CATEGORY_FLAT_STORE_3_STORE_ID` (`store_id`),
  KEY `IDX_CATALOG_CATEGORY_FLAT_STORE_3_PATH` (`path`),
  KEY `IDX_CATALOG_CATEGORY_FLAT_STORE_3_LEVEL` (`level`),
  CONSTRAINT `FK_CAT_CTGR_FLAT_STORE_3_ENTT_ID_CAT_CTGR_ENTT_ENTT_ID` FOREIGN KEY (`entity_id`) REFERENCES `catalog_category_entity` (`entity_id`) ON DELETE CASCADE ON UPDATE CASCADE,
  CONSTRAINT `FK_CATALOG_CATEGORY_FLAT_STORE_3_STORE_ID_CORE_STORE_STORE_ID` FOREIGN KEY (`store_id`) REFERENCES `core_store` (`store_id`) ON DELETE CASCADE ON UPDATE CASCADE
) ENGINE=InnoDB DEFAULT CHARSET=utf8 COMMENT='Catalog Category Flat (Store 3)';

/*Data for the table `catalog_category_flat_store_3` */


insert  into `catalog_category_flat_store_3`(`entity_id`,`parent_id`,`created_at`,`updated_at`,`path`,`position`,`level`,`children_count`,`store_id`,`all_children`,`available_sort_by`,`children`,`custom_apply_to_products`,`custom_design`,`custom_design_from`,`custom_design_to`,`custom_layout_update`,`custom_use_parent_settings`,`default_sort_by`,`description`,`display_mode`,`filter_price_range`,`image`,`include_in_menu`,`is_active`,`is_anchor`,`landing_page`,`meta_description`,`meta_keywords`,`meta_title`,`name`,`page_layout`,`path_in_store`,`thumbnail`,`url_key`,`url_path`) values (1,0,'2007-07-20 18:46:08','2007-08-07 09:50:15','1',1,0,26,3,NULL,NULL,NULL,NULL,NULL,NULL,NULL,NULL,NULL,NULL,NULL,NULL,NULL,NULL,1,1,NULL,NULL,NULL,NULL,NULL,NULL,NULL,NULL,NULL,NULL,NULL),(3,1,'2007-08-22 15:54:41','2007-12-05 04:38:59','1/3',3,1,25,3,'3,18,4,5,16,17,19,24,10,22,23,13,8,12,26,25,15,20',NULL,'18,10,13,20',NULL,NULL,NULL,NULL,NULL,NULL,NULL,NULL,'PRODUCTS',NULL,NULL,1,1,NULL,NULL,NULL,NULL,NULL,'Root Catalog',NULL,'',NULL,'root-catalog',NULL),(4,18,'2007-08-22 15:55:34','2008-08-08 00:56:48','1/3/18/4',4,3,0,3,'4',NULL,'',1,'',NULL,NULL,'',1,NULL,'','PRODUCTS',NULL,'shirts.jpg',1,1,1,NULL,'','','','Shirts','','4,18',NULL,'shirts','apparel/shirts'),(5,18,'2007-08-22 16:21:29','2008-08-07 23:55:38','1/3/18/5',5,3,2,3,'5,16,17',NULL,'16,17',1,'',NULL,NULL,'',1,NULL,'','PRODUCTS',NULL,'shoes.jpg',1,1,1,NULL,'','','','Shoes','','5,18',NULL,'shoes','apparel/shoes'),(8,13,'2007-08-22 18:10:30','2008-08-07 23:51:26','1/3/13/8',8,3,0,3,'8',NULL,'',1,'',NULL,NULL,'',1,NULL,'','PRODUCTS_AND_PAGE',NULL,NULL,1,1,1,4,'','','','Cell Phones','','8,13',NULL,'cell-phones','electronics/cell-phones'),(10,3,'2007-08-23 11:45:22','2008-08-08 00:01:18','1/3/10',10,2,2,3,'10,22,23',NULL,'22,23',1,'',NULL,NULL,'',1,NULL,'','PRODUCTS',NULL,'furniture.jpg',1,1,1,NULL,'','','','Furniture','','10',NULL,'furniture','furniture'),(12,13,'2007-08-24 12:34:30','2008-08-07 23:54:48','1/3/13/12',12,3,2,3,'12,26,25',NULL,'26,25',1,'',NULL,NULL,'',1,NULL,'','PRODUCTS',NULL,'camera.jpg',1,1,1,NULL,'','','','Cameras','','12,13',NULL,'cameras','electronics/cameras'),(13,3,'2007-08-24 13:31:01','2008-08-08 00:02:23','1/3/13',13,2,13,3,'13,8,12,26,25,15',NULL,'8,12,15',NULL,NULL,NULL,NULL,NULL,NULL,NULL,NULL,'PAGE',NULL,NULL,1,1,1,3,NULL,NULL,NULL,'Electronics','one_column','13',NULL,'electronics','electronics'),(15,13,'2007-08-24 13:33:17','2008-07-25 01:53:39','1/3/13/15',15,3,8,3,'15',NULL,'',1,'',NULL,NULL,'',1,NULL,'','PRODUCTS',NULL,NULL,1,1,1,NULL,'','','','Computers','','15,13',NULL,'computers','electronics/computers'),(16,5,'2007-08-24 15:41:52','2008-08-07 23:56:01','1/3/18/5/16',16,4,0,3,'16',NULL,'',1,'',NULL,NULL,'',1,NULL,'','PRODUCTS',NULL,NULL,1,1,1,NULL,'','','','Mens','','16,5,18',NULL,'mens','apparel/shoes/mens'),(17,5,'2007-08-24 15:43:07','2008-08-07 23:56:28','1/3/18/5/17',17,4,0,3,'17',NULL,'',1,'',NULL,NULL,'',1,NULL,'','PRODUCTS',NULL,NULL,1,1,1,NULL,'','','','Womens','','17,5,18',NULL,'womens','apparel/shoes/womens'),(18,3,'2007-08-24 15:44:31','2008-08-07 23:54:16','1/3/18',18,2,6,3,'18,4,5,16,17,19,24',NULL,'4,5,19,24',1,'',NULL,NULL,'',1,NULL,'','PRODUCTS',NULL,'apparel.jpg',1,1,1,NULL,'','','','Apparel','','18',NULL,'apparel','apparel'),(19,18,'2007-08-24 20:05:28','2008-08-07 23:57:03','1/3/18/19',19,3,0,3,'19',NULL,'',1,'',NULL,NULL,'',1,NULL,'','PRODUCTS',NULL,NULL,1,1,0,NULL,'','','','Hoodies','','19,18',NULL,'hoodies','apparel/hoodies'),(20,3,'2007-08-25 13:14:09','2008-08-07 23:58:57','1/3/20',20,2,0,3,'20',NULL,'',1,'',NULL,NULL,'',1,NULL,'','PRODUCTS',NULL,NULL,1,0,0,NULL,'','','','Household Items','','20',NULL,'household-items','household-items'),(22,10,'2007-08-26 14:49:39','2008-08-08 00:01:45','1/3/10/22',22,3,0,3,'22',NULL,'',1,'',NULL,NULL,'',1,NULL,'','PRODUCTS_AND_PAGE',NULL,NULL,1,1,0,NULL,'','','','Living Room','','22,10',NULL,'living-room','furniture/living-room'),(23,10,'2007-08-27 10:35:27','2008-08-07 23:49:18','1/3/10/23',23,3,0,3,'23',NULL,'',1,'',NULL,NULL,'',1,NULL,'','PRODUCTS',NULL,'bedroom.jpg',1,1,0,NULL,'','','','Bedroom','','23,10',NULL,'bedroom','furniture/bedroom'),(24,18,'2007-08-28 18:32:41','2007-08-29 23:20:36','1/3/18/24',24,3,0,3,'24',NULL,'',NULL,NULL,NULL,NULL,NULL,NULL,NULL,NULL,'PRODUCTS',NULL,NULL,1,0,NULL,NULL,NULL,NULL,NULL,'Pants',NULL,'24,18',NULL,'pants','apparel/pants'),(25,12,'2007-08-29 19:49:52','2008-08-07 23:46:35','1/3/13/12/25',25,4,0,3,'25',NULL,'',1,'',NULL,NULL,'',1,NULL,'Random accessories for different electronic items','PRODUCTS',NULL,NULL,1,1,0,NULL,'','electric, accesories, gadgets','','Accessories','','25,12,13',NULL,'accessories','electronics/cameras/accessories'),(26,12,'2007-08-29 20:37:22','2008-08-07 23:47:02','1/3/13/12/26',26,4,0,3,'26',NULL,'',1,'',NULL,NULL,'',1,NULL,'','PRODUCTS',NULL,NULL,1,1,1,NULL,'','','','Digital Cameras','','26,12,13',NULL,'digital-cameras','electronics/cameras/digital-cameras'),(27,15,'2008-07-25 00:36:22','2008-08-07 23:48:15','1/3/13/15/27',1,4,0,3,NULL,NULL,NULL,1,'',NULL,NULL,'',1,NULL,'','PRODUCTS',NULL,NULL,1,1,0,NULL,'','','','Build Your Own','',NULL,NULL,'build-your-own','electronics/computers/build-your-own'),(28,15,'2008-07-25 00:39:10','2008-08-08 13:02:59','1/3/13/15/28',2,4,0,3,NULL,NULL,NULL,1,'',NULL,NULL,'',1,NULL,'','PRODUCTS',NULL,NULL,1,1,1,NULL,'','','','Laptops','',NULL,NULL,'laptops','electronics/computers/laptops'),(29,13,'2008-07-25 00:39:54','2008-07-25 00:39:54','1/3/13/15/29',3,4,0,3,NULL,NULL,NULL,1,'',NULL,NULL,'',1,NULL,'','PRODUCTS',NULL,NULL,1,1,1,NULL,'','','','Hard Drives','',NULL,NULL,'hard-drives','electronics/computers/hard-drives'),(30,13,'2008-07-25 00:41:11','2008-07-25 00:41:11','1/3/13/15/30',4,4,0,3,NULL,NULL,NULL,1,'',NULL,NULL,'',1,NULL,'','PRODUCTS',NULL,NULL,1,1,1,NULL,'','','','Monitors','',NULL,NULL,'monitors','electronics/computers/monitors'),(31,13,'2008-07-25 00:41:56','2008-07-25 00:41:56','1/3/13/15/31',5,4,0,3,NULL,NULL,NULL,1,'',NULL,NULL,'',1,NULL,'','PRODUCTS',NULL,NULL,1,1,1,NULL,'','','','RAM / Memory','',NULL,NULL,'ram-memory','electronics/computers/ram-memory'),(32,13,'2008-07-25 00:42:57','2008-07-25 00:42:57','1/3/13/15/32',6,4,0,3,NULL,NULL,NULL,1,'',NULL,NULL,'',1,NULL,'','PRODUCTS',NULL,NULL,1,1,1,NULL,'','','','Cases','',NULL,NULL,'cases','electronics/computers/cases'),(33,13,'2008-07-25 00:43:25','2008-07-25 00:43:25','1/3/13/15/33',7,4,0,3,NULL,NULL,NULL,1,'',NULL,NULL,'',1,NULL,'','PRODUCTS',NULL,NULL,1,1,1,NULL,'','','','Processors','',NULL,NULL,'processors','electronics/computers/processors'),(34,13,'2008-07-25 00:44:17','2008-07-25 00:44:17','1/3/13/15/34',8,4,0,3,NULL,NULL,NULL,1,'',NULL,NULL,'',1,NULL,'','PRODUCTS',NULL,NULL,1,1,1,NULL,'','','','Peripherals','',NULL,NULL,'peripherals','electronics/computers/peripherals');


/*Table structure for table `catalog_category_product` */


CREATE TABLE `catalog_category_product` (
  `category_id` int(10) unsigned NOT NULL DEFAULT '0' COMMENT 'Category ID',
  `product_id` int(10) unsigned NOT NULL DEFAULT '0' COMMENT 'Product ID',
  `position` int(11) NOT NULL DEFAULT '0' COMMENT 'Position',
  PRIMARY KEY (`category_id`,`product_id`),
  KEY `IDX_CATALOG_CATEGORY_PRODUCT_PRODUCT_ID` (`product_id`),
  CONSTRAINT `FK_CAT_CTGR_PRD_PRD_ID_CAT_PRD_ENTT_ENTT_ID` FOREIGN KEY (`product_id`) REFERENCES `catalog_product_entity` (`entity_id`) ON DELETE CASCADE ON UPDATE CASCADE,
  CONSTRAINT `FK_CAT_CTGR_PRD_CTGR_ID_CAT_CTGR_ENTT_ENTT_ID` FOREIGN KEY (`category_id`) REFERENCES `catalog_category_entity` (`entity_id`) ON DELETE CASCADE ON UPDATE CASCADE
) ENGINE=InnoDB DEFAULT CHARSET=utf8 COMMENT='Catalog Product To Category Linkage Table';

/*Data for the table `catalog_category_product` */


insert  into `catalog_category_product`(`category_id`,`product_id`,`position`) values (4,35,0),(4,36,0),(4,37,0),(4,38,0),(4,117,0),(4,118,0),(4,119,0),(4,120,0),(4,121,0),(4,122,0),(4,123,0),(4,124,0),(4,125,0),(4,126,0),(4,127,0),(4,128,0),(4,129,0),(4,130,0),(4,131,0),(8,16,0),(8,17,0),(8,18,0),(8,19,0),(8,20,0),(8,166,0),(12,46,0),(15,25,0),(15,26,0),(15,28,3),(15,140,0),(15,141,0),(15,143,0),(15,163,0),(16,30,0),(16,34,0),(16,83,0),(16,84,0),(16,85,0),(16,86,0),(16,87,0),(16,88,0),(16,89,0),(16,90,0),(16,91,0),(16,92,0),(16,93,0),(16,94,0),(16,95,0),(16,96,0),(16,97,0),(16,98,0),(16,99,0),(16,100,0),(16,101,0),(16,102,0),(17,31,2),(17,32,2),(17,33,2),(17,49,2),(17,74,2),(17,75,2),(17,79,2),(17,80,2),(17,81,2),(17,82,2),(17,83,2),(17,84,2),(17,85,2),(17,86,2),(17,87,2),(17,88,2),(17,89,2),(17,90,2),(17,91,2),(17,92,2),(17,103,2),(17,104,2),(17,105,2),(17,106,2),(17,107,2),(17,108,2),(17,109,2),(17,110,2),(17,111,2),(17,112,2),(17,113,2),(17,114,2),(17,115,2),(17,135,1),(19,39,0),(22,51,0),(22,52,0),(22,53,0),(22,54,0),(23,41,0),(23,42,0),(25,132,0),(25,133,0),(25,134,0),(26,44,0),(26,45,0),(26,46,0),(26,47,0),(26,48,0),(27,163,0),(27,164,0),(27,165,0),(28,25,0),(28,26,0),(28,28,0),(28,158,0),(29,149,0),(29,150,0),(29,154,0),(29,155,0),(30,147,0),(30,152,0),(30,156,0),(30,157,0),(31,140,0),(31,141,0),(31,143,0),(32,138,0),(32,139,0),(33,145,0),(33,148,0),(33,151,0),(33,153,0),(34,159,0),(34,160,0),(34,161,0),(34,162,0);


/*Table structure for table `catalog_category_product_index` */


CREATE TABLE `catalog_category_product_index` (
  `category_id` int(10) unsigned NOT NULL DEFAULT '0' COMMENT 'Category ID',
  `product_id` int(10) unsigned NOT NULL DEFAULT '0' COMMENT 'Product ID',
  `position` int(11) DEFAULT NULL COMMENT 'Position',
  `is_parent` smallint(5) unsigned NOT NULL DEFAULT '0' COMMENT 'Is Parent',
  `store_id` smallint(5) unsigned NOT NULL DEFAULT '0' COMMENT 'Store ID',
  `visibility` smallint(5) unsigned NOT NULL DEFAULT '0' COMMENT 'Visibility',
  PRIMARY KEY (`category_id`,`product_id`,`store_id`),
  KEY `15D3C269665C74C2219037D534F4B0DC` (`store_id`,`category_id`,`visibility`,`is_parent`,`position`),
  KEY `IDX_CAT_CTGR_PRD_IDX_PRD_ID_STORE_ID_CTGR_ID_VISIBILITY` (`product_id`,`store_id`,`category_id`,`visibility`),
  CONSTRAINT `FK_CATALOG_CATEGORY_PRODUCT_INDEX_STORE_ID_CORE_STORE_STORE_ID` FOREIGN KEY (`store_id`) REFERENCES `core_store` (`store_id`) ON DELETE CASCADE ON UPDATE CASCADE,
  CONSTRAINT `FK_CAT_CTGR_PRD_IDX_CTGR_ID_CAT_CTGR_ENTT_ENTT_ID` FOREIGN KEY (`category_id`) REFERENCES `catalog_category_entity` (`entity_id`) ON DELETE CASCADE ON UPDATE CASCADE,
  CONSTRAINT `FK_CAT_CTGR_PRD_IDX_PRD_ID_CAT_PRD_ENTT_ENTT_ID` FOREIGN KEY (`product_id`) REFERENCES `catalog_product_entity` (`entity_id`) ON DELETE CASCADE ON UPDATE CASCADE
) ENGINE=InnoDB DEFAULT CHARSET=utf8 COMMENT='Catalog Category Product Index';

/*Data for the table `catalog_category_product_index` */


insert  into `catalog_category_product_index`(`category_id`,`product_id`,`position`,`is_parent`,`store_id`,`visibility`) values (3,35,50015,0,1,1),(3,36,50015,0,1,1),(3,37,50015,0,1,1),(3,38,50015,0,1,1),(3,117,50015,0,1,1),(3,118,50015,0,1,1),(3,121,50015,0,1,1),(3,122,50015,0,1,1),(3,124,50015,0,1,1),(3,125,50015,0,1,1),(3,127,50015,0,1,1),(3,128,50015,0,1,1),(3,129,50015,0,1,1),(3,130,50015,0,1,1),(3,131,50015,0,1,1),(3,30,170068,0,1,1),(3,34,170068,0,1,1),(3,84,170068,0,1,1),(3,85,170068,0,1,1),(3,86,170068,0,1,1),(3,87,170068,0,1,1),(3,88,170068,0,1,1),(3,89,170068,0,1,1),(3,90,170068,0,1,1),(3,91,170068,0,1,1),(3,92,170068,0,1,1),(3,94,170068,0,1,1),(3,95,170068,0,1,1),(3,96,170068,0,1,1),(3,97,170068,0,1,1),(3,99,170068,0,1,1),(3,100,170068,0,1,1),(3,101,170068,0,1,1),(3,102,170068,0,1,1),(3,31,180074,0,1,1),(3,32,180074,0,1,1),(3,33,180074,0,1,1),(3,49,180074,0,1,1),(3,74,180074,0,1,1),(3,75,180074,0,1,1),(3,79,180074,0,1,1),(3,80,180074,0,1,1),(3,81,180074,0,1,1),(3,82,180074,0,1,1),(3,104,180074,0,1,1),(3,105,180074,0,1,1),(3,106,180074,0,1,1),(3,107,180074,0,1,1),(3,109,180074,0,1,1),(3,110,180074,0,1,1),(3,111,180074,0,1,1),(3,113,180074,0,1,1),(3,114,180074,0,1,1),(3,115,180074,0,1,1),(3,29,0,1,1,1),(3,142,0,1,1,1),(3,144,0,1,1,1),(3,146,0,1,1,1),(3,163,20008,0,1,4),(3,164,20008,0,1,4),(3,165,20008,0,1,4),(3,25,30012,0,1,4),(3,26,30012,0,1,4),(3,28,30012,0,1,4),(3,158,30012,0,1,4),(3,149,40016,0,1,4),(3,150,40016,0,1,4),(3,154,40016,0,1,4),(3,155,40016,0,1,4),(3,119,50015,0,1,4),(3,120,50015,0,1,4),(3,123,50015,0,1,4),(3,126,50015,0,1,4),(3,147,50020,0,1,4),(3,152,50020,0,1,4),(3,156,50020,0,1,4),(3,157,50020,0,1,4),(3,140,60024,0,1,4),(3,141,60024,0,1,4),(3,143,60024,0,1,4),(3,138,70028,0,1,4),(3,139,70028,0,1,4),(3,145,80032,0,1,4),(3,148,80032,0,1,4),(3,151,80032,0,1,4),(3,153,80032,0,1,4),(3,16,90027,0,1,4),(3,17,90027,0,1,4),(3,18,90027,0,1,4),(3,19,90027,0,1,4),(3,20,90027,0,1,4),(3,166,90027,0,1,4),(3,159,90036,0,1,4),(3,160,90036,0,1,4),(3,161,90036,0,1,4),(3,162,90036,0,1,4),(3,46,130039,0,1,4),(3,83,170068,0,1,4),(3,93,170068,0,1,4),(3,98,170068,0,1,4),(3,135,180073,0,1,4),(3,103,180074,0,1,4),(3,108,180074,0,1,4),(3,112,180074,0,1,4),(3,39,200060,0,1,4),(3,51,230069,0,1,4),(3,52,230069,0,1,4),(3,53,230069,0,1,4),(3,54,230069,0,1,4),(3,41,240072,0,1,4),(3,42,240072,0,1,4),(3,132,260104,0,1,4),(3,133,260104,0,1,4),(3,134,260104,0,1,4),(3,44,270108,0,1,4),(3,45,270108,0,1,4),(3,47,270108,0,1,4),(3,48,270108,0,1,4),(3,27,0,1,1,4),(4,35,0,1,1,1),(4,36,0,1,1,1),(4,37,0,1,1,1),(4,38,0,1,1,1),(4,117,0,1,1,1),(4,118,0,1,1,1),(4,121,0,1,1,1),(4,122,0,1,1,1),(4,124,0,1,1,1),(4,125,0,1,1,1),(4,127,0,1,1,1),(4,128,0,1,1,1),(4,129,0,1,1,1),(4,130,0,1,1,1),(4,131,0,1,1,1),(4,119,0,1,1,4),(4,120,0,1,1,4),(4,123,0,1,1,4),(4,126,0,1,1,4),(5,30,170068,0,1,1),(5,34,170068,0,1,1),(5,84,170068,0,1,1),(5,85,170068,0,1,1),(5,86,170068,0,1,1),(5,87,170068,0,1,1),(5,88,170068,0,1,1),(5,89,170068,0,1,1),(5,90,170068,0,1,1),(5,91,170068,0,1,1),(5,92,170068,0,1,1),(5,94,170068,0,1,1),(5,95,170068,0,1,1),(5,96,170068,0,1,1),(5,97,170068,0,1,1),(5,99,170068,0,1,1),(5,100,170068,0,1,1),(5,101,170068,0,1,1),(5,102,170068,0,1,1),(5,31,180074,0,1,1),(5,32,180074,0,1,1),(5,33,180074,0,1,1),(5,49,180074,0,1,1),(5,74,180074,0,1,1),(5,75,180074,0,1,1),(5,79,180074,0,1,1),(5,80,180074,0,1,1),(5,81,180074,0,1,1),(5,82,180074,0,1,1),(5,104,180074,0,1,1),(5,105,180074,0,1,1),(5,106,180074,0,1,1),(5,107,180074,0,1,1),(5,109,180074,0,1,1),(5,110,180074,0,1,1),(5,111,180074,0,1,1),(5,113,180074,0,1,1),(5,114,180074,0,1,1),(5,115,180074,0,1,1),(5,83,170068,0,1,4),(5,93,170068,0,1,4),(5,98,170068,0,1,4),(5,135,180073,0,1,4),(5,103,180074,0,1,4),(5,108,180074,0,1,4),(5,112,180074,0,1,4),(8,16,0,1,1,4),(8,17,0,1,1,4),(8,18,0,1,1,4),(8,19,0,1,1,4),(8,20,0,1,1,4),(8,166,0,1,1,4),(10,51,230069,0,1,4),(10,52,230069,0,1,4),(10,53,230069,0,1,4),(10,54,230069,0,1,4),(10,41,240072,0,1,4),(10,42,240072,0,1,4),(12,132,260104,0,1,4),(12,133,260104,0,1,4),(12,134,260104,0,1,4),(12,44,270108,0,1,4),(12,45,270108,0,1,4),(12,47,270108,0,1,4),(12,48,270108,0,1,4),(12,46,0,1,1,4),(13,163,20008,0,1,4),(13,164,20008,0,1,4),(13,165,20008,0,1,4),(13,25,30012,0,1,4),(13,26,30012,0,1,4),(13,28,30012,0,1,4),(13,158,30012,0,1,4),(13,149,40016,0,1,4),(13,150,40016,0,1,4),(13,154,40016,0,1,4),(13,155,40016,0,1,4),(13,147,50020,0,1,4),(13,152,50020,0,1,4),(13,156,50020,0,1,4),(13,157,50020,0,1,4),(13,140,60024,0,1,4),(13,141,60024,0,1,4),(13,143,60024,0,1,4),(13,138,70028,0,1,4),(13,139,70028,0,1,4),(13,145,80032,0,1,4),(13,148,80032,0,1,4),(13,151,80032,0,1,4),(13,153,80032,0,1,4),(13,16,90027,0,1,4),(13,17,90027,0,1,4),(13,18,90027,0,1,4),(13,19,90027,0,1,4),(13,20,90027,0,1,4),(13,166,90027,0,1,4),(13,159,90036,0,1,4),(13,160,90036,0,1,4),(13,161,90036,0,1,4),(13,162,90036,0,1,4),(13,46,130039,0,1,4),(13,132,260104,0,1,4),(13,133,260104,0,1,4),(13,134,260104,0,1,4),(13,44,270108,0,1,4),(13,45,270108,0,1,4),(13,47,270108,0,1,4),(13,48,270108,0,1,4),(15,164,20008,0,1,4),(15,165,20008,0,1,4),(15,158,30012,0,1,4),(15,149,40016,0,1,4),(15,150,40016,0,1,4),(15,154,40016,0,1,4),(15,155,40016,0,1,4),(15,147,50020,0,1,4),(15,152,50020,0,1,4),(15,156,50020,0,1,4),(15,157,50020,0,1,4),(15,138,70028,0,1,4),(15,139,70028,0,1,4),(15,145,80032,0,1,4),(15,148,80032,0,1,4),(15,151,80032,0,1,4),(15,153,80032,0,1,4),(15,159,90036,0,1,4),(15,160,90036,0,1,4),(15,161,90036,0,1,4),(15,162,90036,0,1,4),(15,25,0,1,1,4),(15,26,0,1,1,4),(15,140,0,1,1,4),(15,141,0,1,1,4),(15,143,0,1,1,4),(15,163,0,1,1,4),(15,28,3,1,1,4),(16,30,0,1,1,1),(16,34,0,1,1,1),(16,84,0,1,1,1),(16,85,0,1,1,1),(16,86,0,1,1,1),(16,87,0,1,1,1),(16,88,0,1,1,1),(16,89,0,1,1,1),(16,90,0,1,1,1),(16,91,0,1,1,1),(16,92,0,1,1,1),(16,94,0,1,1,1),(16,95,0,1,1,1),(16,96,0,1,1,1),(16,97,0,1,1,1),(16,99,0,1,1,1),(16,100,0,1,1,1),(16,101,0,1,1,1),(16,102,0,1,1,1),(16,83,0,1,1,4),(16,93,0,1,1,4),(16,98,0,1,1,4),(17,31,2,1,1,1),(17,32,2,1,1,1),(17,33,2,1,1,1),(17,49,2,1,1,1),(17,74,2,1,1,1),(17,75,2,1,1,1),(17,79,2,1,1,1),(17,80,2,1,1,1),(17,81,2,1,1,1),(17,82,2,1,1,1),(17,84,2,1,1,1),(17,85,2,1,1,1),(17,86,2,1,1,1),(17,87,2,1,1,1),(17,88,2,1,1,1),(17,89,2,1,1,1),(17,90,2,1,1,1),(17,91,2,1,1,1),(17,92,2,1,1,1),(17,104,2,1,1,1),(17,105,2,1,1,1),(17,106,2,1,1,1),(17,107,2,1,1,1),(17,109,2,1,1,1),(17,110,2,1,1,1),(17,111,2,1,1,1),(17,113,2,1,1,1),(17,114,2,1,1,1),(17,115,2,1,1,1),(17,135,1,1,1,4),(17,83,2,1,1,4),(17,103,2,1,1,4),(17,108,2,1,1,4),(17,112,2,1,1,4),(18,35,50015,0,1,1),(18,36,50015,0,1,1),(18,37,50015,0,1,1),(18,38,50015,0,1,1),(18,117,50015,0,1,1),(18,118,50015,0,1,1),(18,121,50015,0,1,1),(18,122,50015,0,1,1),(18,124,50015,0,1,1),(18,125,50015,0,1,1),(18,127,50015,0,1,1),(18,128,50015,0,1,1),(18,129,50015,0,1,1),(18,130,50015,0,1,1),(18,131,50015,0,1,1),(18,30,170068,0,1,1),(18,34,170068,0,1,1),(18,84,170068,0,1,1),(18,85,170068,0,1,1),(18,86,170068,0,1,1),(18,87,170068,0,1,1),(18,88,170068,0,1,1),(18,89,170068,0,1,1),(18,90,170068,0,1,1),(18,91,170068,0,1,1),(18,92,170068,0,1,1),(18,94,170068,0,1,1),(18,95,170068,0,1,1),(18,96,170068,0,1,1),(18,97,170068,0,1,1),(18,99,170068,0,1,1),(18,100,170068,0,1,1),(18,101,170068,0,1,1),(18,102,170068,0,1,1),(18,31,180074,0,1,1),(18,32,180074,0,1,1),(18,33,180074,0,1,1),(18,49,180074,0,1,1),(18,74,180074,0,1,1),(18,75,180074,0,1,1),(18,79,180074,0,1,1),(18,80,180074,0,1,1),(18,81,180074,0,1,1),(18,82,180074,0,1,1),(18,104,180074,0,1,1),(18,105,180074,0,1,1),(18,106,180074,0,1,1),(18,107,180074,0,1,1),(18,109,180074,0,1,1),(18,110,180074,0,1,1),(18,111,180074,0,1,1),(18,113,180074,0,1,1),(18,114,180074,0,1,1),(18,115,180074,0,1,1),(18,119,50015,0,1,4),(18,120,50015,0,1,4),(18,123,50015,0,1,4),(18,126,50015,0,1,4),(18,83,170068,0,1,4),(18,93,170068,0,1,4),(18,98,170068,0,1,4),(18,135,180073,0,1,4),(18,103,180074,0,1,4),(18,108,180074,0,1,4),(18,112,180074,0,1,4),(18,39,200060,0,1,4),(19,39,0,1,1,4),(22,51,0,1,1,4),(22,52,0,1,1,4),(22,53,0,1,1,4),(22,54,0,1,1,4),(23,41,0,1,1,4),(23,42,0,1,1,4),(25,132,0,1,1,4),(25,133,0,1,1,4),(25,134,0,1,1,4),(26,44,0,1,1,4),(26,45,0,1,1,4),(26,46,0,1,1,4),(26,47,0,1,1,4),(26,48,0,1,1,4),(27,163,0,1,1,4),(27,164,0,1,1,4),(27,165,0,1,1,4),(28,25,0,1,1,4),(28,26,0,1,1,4),(28,28,0,1,1,4),(28,158,0,1,1,4),(29,149,0,1,1,4),(29,150,0,1,1,4),(29,154,0,1,1,4),(29,155,0,1,1,4),(30,147,0,1,1,4),(30,152,0,1,1,4),(30,156,0,1,1,4),(30,157,0,1,1,4),(31,140,0,1,1,4),(31,141,0,1,1,4),(31,143,0,1,1,4),(32,138,0,1,1,4),(32,139,0,1,1,4),(33,145,0,1,1,4),(33,148,0,1,1,4),(33,151,0,1,1,4),(33,153,0,1,1,4),(34,159,0,1,1,4),(34,160,0,1,1,4),(34,161,0,1,1,4),(34,162,0,1,1,4),(3,35,50015,0,2,1),(3,36,50015,0,2,1),(3,37,50015,0,2,1),(3,38,50015,0,2,1),(3,117,50015,0,2,1),(3,118,50015,0,2,1),(3,121,50015,0,2,1),(3,122,50015,0,2,1),(3,124,50015,0,2,1),(3,125,50015,0,2,1),(3,127,50015,0,2,1),(3,128,50015,0,2,1),(3,129,50015,0,2,1),(3,130,50015,0,2,1),(3,131,50015,0,2,1),(3,30,170068,0,2,1),(3,34,170068,0,2,1),(3,84,170068,0,2,1),(3,85,170068,0,2,1),(3,86,170068,0,2,1),(3,87,170068,0,2,1),(3,88,170068,0,2,1),(3,89,170068,0,2,1),(3,90,170068,0,2,1),(3,91,170068,0,2,1),(3,92,170068,0,2,1),(3,94,170068,0,2,1),(3,95,170068,0,2,1),(3,96,170068,0,2,1),(3,97,170068,0,2,1),(3,99,170068,0,2,1),(3,100,170068,0,2,1),(3,101,170068,0,2,1),(3,102,170068,0,2,1),(3,31,180074,0,2,1),(3,32,180074,0,2,1),(3,33,180074,0,2,1),(3,49,180074,0,2,1),(3,74,180074,0,2,1),(3,75,180074,0,2,1),(3,79,180074,0,2,1),(3,80,180074,0,2,1),(3,81,180074,0,2,1),(3,82,180074,0,2,1),(3,104,180074,0,2,1),(3,105,180074,0,2,1),(3,106,180074,0,2,1),(3,107,180074,0,2,1),(3,109,180074,0,2,1),(3,110,180074,0,2,1),(3,111,180074,0,2,1),(3,113,180074,0,2,1),(3,114,180074,0,2,1),(3,115,180074,0,2,1),(3,29,0,1,2,1),(3,142,0,1,2,1),(3,144,0,1,2,1),(3,146,0,1,2,1),(3,163,20008,0,2,4),(3,164,20008,0,2,4),(3,165,20008,0,2,4),(3,25,30012,0,2,4),(3,26,30012,0,2,4),(3,28,30012,0,2,4),(3,158,30012,0,2,4),(3,149,40016,0,2,4),(3,150,40016,0,2,4),(3,154,40016,0,2,4),(3,155,40016,0,2,4),(3,119,50015,0,2,4),(3,120,50015,0,2,4),(3,123,50015,0,2,4),(3,126,50015,0,2,4),(3,147,50020,0,2,4),(3,152,50020,0,2,4),(3,156,50020,0,2,4),(3,157,50020,0,2,4),(3,140,60024,0,2,4),(3,141,60024,0,2,4),(3,143,60024,0,2,4),(3,138,70028,0,2,4),(3,139,70028,0,2,4),(3,145,80032,0,2,4),(3,148,80032,0,2,4),(3,151,80032,0,2,4),(3,153,80032,0,2,4),(3,16,90027,0,2,4),(3,17,90027,0,2,4),(3,18,90027,0,2,4),(3,19,90027,0,2,4),(3,20,90027,0,2,4),(3,166,90027,0,2,4),(3,159,90036,0,2,4),(3,160,90036,0,2,4),(3,161,90036,0,2,4),(3,162,90036,0,2,4),(3,46,130039,0,2,4),(3,83,170068,0,2,4),(3,93,170068,0,2,4),(3,98,170068,0,2,4),(3,135,180073,0,2,4),(3,103,180074,0,2,4),(3,108,180074,0,2,4),(3,112,180074,0,2,4),(3,39,200060,0,2,4),(3,51,230069,0,2,4),(3,52,230069,0,2,4),(3,53,230069,0,2,4),(3,54,230069,0,2,4),(3,41,240072,0,2,4),(3,42,240072,0,2,4),(3,132,260104,0,2,4),(3,133,260104,0,2,4),(3,134,260104,0,2,4),(3,44,270108,0,2,4),(3,45,270108,0,2,4),(3,47,270108,0,2,4),(3,48,270108,0,2,4),(3,27,0,1,2,4),(4,35,0,1,2,1),(4,36,0,1,2,1),(4,37,0,1,2,1),(4,38,0,1,2,1),(4,117,0,1,2,1),(4,118,0,1,2,1),(4,121,0,1,2,1),(4,122,0,1,2,1),(4,124,0,1,2,1),(4,125,0,1,2,1),(4,127,0,1,2,1),(4,128,0,1,2,1),(4,129,0,1,2,1),(4,130,0,1,2,1),(4,131,0,1,2,1),(4,119,0,1,2,4),(4,120,0,1,2,4),(4,123,0,1,2,4),(4,126,0,1,2,4),(5,30,170068,0,2,1),(5,34,170068,0,2,1),(5,84,170068,0,2,1),(5,85,170068,0,2,1),(5,86,170068,0,2,1),(5,87,170068,0,2,1),(5,88,170068,0,2,1),(5,89,170068,0,2,1),(5,90,170068,0,2,1),(5,91,170068,0,2,1),(5,92,170068,0,2,1),(5,94,170068,0,2,1),(5,95,170068,0,2,1),(5,96,170068,0,2,1),(5,97,170068,0,2,1),(5,99,170068,0,2,1),(5,100,170068,0,2,1),(5,101,170068,0,2,1),(5,102,170068,0,2,1),(5,31,180074,0,2,1),(5,32,180074,0,2,1),(5,33,180074,0,2,1),(5,49,180074,0,2,1),(5,74,180074,0,2,1),(5,75,180074,0,2,1),(5,79,180074,0,2,1),(5,80,180074,0,2,1),(5,81,180074,0,2,1),(5,82,180074,0,2,1),(5,104,180074,0,2,1),(5,105,180074,0,2,1),(5,106,180074,0,2,1),(5,107,180074,0,2,1),(5,109,180074,0,2,1),(5,110,180074,0,2,1),(5,111,180074,0,2,1),(5,113,180074,0,2,1),(5,114,180074,0,2,1),(5,115,180074,0,2,1),(5,83,170068,0,2,4),(5,93,170068,0,2,4),(5,98,170068,0,2,4),(5,135,180073,0,2,4),(5,103,180074,0,2,4),(5,108,180074,0,2,4),(5,112,180074,0,2,4),(8,16,0,1,2,4),(8,17,0,1,2,4),(8,18,0,1,2,4),(8,19,0,1,2,4),(8,20,0,1,2,4),(8,166,0,1,2,4),(10,51,230069,0,2,4),(10,52,230069,0,2,4),(10,53,230069,0,2,4),(10,54,230069,0,2,4),(10,41,240072,0,2,4),(10,42,240072,0,2,4),(12,132,260104,0,2,4),(12,133,260104,0,2,4),(12,134,260104,0,2,4),(12,44,270108,0,2,4),(12,45,270108,0,2,4),(12,47,270108,0,2,4),(12,48,270108,0,2,4),(12,46,0,1,2,4),(13,163,20008,0,2,4),(13,164,20008,0,2,4),(13,165,20008,0,2,4),(13,25,30012,0,2,4),(13,26,30012,0,2,4),(13,28,30012,0,2,4),(13,158,30012,0,2,4),(13,149,40016,0,2,4),(13,150,40016,0,2,4),(13,154,40016,0,2,4),(13,155,40016,0,2,4),(13,147,50020,0,2,4),(13,152,50020,0,2,4),(13,156,50020,0,2,4),(13,157,50020,0,2,4),(13,140,60024,0,2,4),(13,141,60024,0,2,4),(13,143,60024,0,2,4),(13,138,70028,0,2,4),(13,139,70028,0,2,4),(13,145,80032,0,2,4),(13,148,80032,0,2,4),(13,151,80032,0,2,4),(13,153,80032,0,2,4),(13,16,90027,0,2,4),(13,17,90027,0,2,4),(13,18,90027,0,2,4),(13,19,90027,0,2,4),(13,20,90027,0,2,4),(13,166,90027,0,2,4),(13,159,90036,0,2,4),(13,160,90036,0,2,4),(13,161,90036,0,2,4),(13,162,90036,0,2,4),(13,46,130039,0,2,4),(13,132,260104,0,2,4),(13,133,260104,0,2,4),(13,134,260104,0,2,4),(13,44,270108,0,2,4),(13,45,270108,0,2,4),(13,47,270108,0,2,4),(13,48,270108,0,2,4),(15,164,20008,0,2,4),(15,165,20008,0,2,4),(15,158,30012,0,2,4),(15,149,40016,0,2,4),(15,150,40016,0,2,4),(15,154,40016,0,2,4),(15,155,40016,0,2,4),(15,147,50020,0,2,4),(15,152,50020,0,2,4),(15,156,50020,0,2,4),(15,157,50020,0,2,4),(15,138,70028,0,2,4),(15,139,70028,0,2,4),(15,145,80032,0,2,4),(15,148,80032,0,2,4),(15,151,80032,0,2,4),(15,153,80032,0,2,4),(15,159,90036,0,2,4),(15,160,90036,0,2,4),(15,161,90036,0,2,4),(15,162,90036,0,2,4),(15,25,0,1,2,4),(15,26,0,1,2,4),(15,140,0,1,2,4),(15,141,0,1,2,4),(15,143,0,1,2,4),(15,163,0,1,2,4),(15,28,3,1,2,4),(16,30,0,1,2,1),(16,34,0,1,2,1),(16,84,0,1,2,1),(16,85,0,1,2,1),(16,86,0,1,2,1),(16,87,0,1,2,1),(16,88,0,1,2,1),(16,89,0,1,2,1),(16,90,0,1,2,1),(16,91,0,1,2,1),(16,92,0,1,2,1),(16,94,0,1,2,1),(16,95,0,1,2,1),(16,96,0,1,2,1),(16,97,0,1,2,1),(16,99,0,1,2,1),(16,100,0,1,2,1),(16,101,0,1,2,1),(16,102,0,1,2,1),(16,83,0,1,2,4),(16,93,0,1,2,4),(16,98,0,1,2,4),(17,31,2,1,2,1),(17,32,2,1,2,1),(17,33,2,1,2,1),(17,49,2,1,2,1),(17,74,2,1,2,1),(17,75,2,1,2,1),(17,79,2,1,2,1),(17,80,2,1,2,1),(17,81,2,1,2,1),(17,82,2,1,2,1),(17,84,2,1,2,1),(17,85,2,1,2,1),(17,86,2,1,2,1),(17,87,2,1,2,1),(17,88,2,1,2,1),(17,89,2,1,2,1),(17,90,2,1,2,1),(17,91,2,1,2,1),(17,92,2,1,2,1),(17,104,2,1,2,1),(17,105,2,1,2,1),(17,106,2,1,2,1),(17,107,2,1,2,1),(17,109,2,1,2,1),(17,110,2,1,2,1),(17,111,2,1,2,1),(17,113,2,1,2,1),(17,114,2,1,2,1),(17,115,2,1,2,1),(17,135,1,1,2,4),(17,83,2,1,2,4),(17,103,2,1,2,4),(17,108,2,1,2,4),(17,112,2,1,2,4),(18,35,50015,0,2,1),(18,36,50015,0,2,1),(18,37,50015,0,2,1),(18,38,50015,0,2,1),(18,117,50015,0,2,1),(18,118,50015,0,2,1),(18,121,50015,0,2,1),(18,122,50015,0,2,1),(18,124,50015,0,2,1),(18,125,50015,0,2,1),(18,127,50015,0,2,1),(18,128,50015,0,2,1),(18,129,50015,0,2,1),(18,130,50015,0,2,1),(18,131,50015,0,2,1),(18,30,170068,0,2,1),(18,34,170068,0,2,1),(18,84,170068,0,2,1),(18,85,170068,0,2,1),(18,86,170068,0,2,1),(18,87,170068,0,2,1),(18,88,170068,0,2,1),(18,89,170068,0,2,1),(18,90,170068,0,2,1),(18,91,170068,0,2,1),(18,92,170068,0,2,1),(18,94,170068,0,2,1),(18,95,170068,0,2,1),(18,96,170068,0,2,1),(18,97,170068,0,2,1),(18,99,170068,0,2,1),(18,100,170068,0,2,1),(18,101,170068,0,2,1),(18,102,170068,0,2,1),(18,31,180074,0,2,1),(18,32,180074,0,2,1),(18,33,180074,0,2,1),(18,49,180074,0,2,1),(18,74,180074,0,2,1),(18,75,180074,0,2,1),(18,79,180074,0,2,1),(18,80,180074,0,2,1),(18,81,180074,0,2,1),(18,82,180074,0,2,1),(18,104,180074,0,2,1),(18,105,180074,0,2,1),(18,106,180074,0,2,1),(18,107,180074,0,2,1),(18,109,180074,0,2,1),(18,110,180074,0,2,1),(18,111,180074,0,2,1),(18,113,180074,0,2,1),(18,114,180074,0,2,1),(18,115,180074,0,2,1),(18,119,50015,0,2,4),(18,120,50015,0,2,4),(18,123,50015,0,2,4),(18,126,50015,0,2,4),(18,83,170068,0,2,4),(18,93,170068,0,2,4),(18,98,170068,0,2,4),(18,135,180073,0,2,4),(18,103,180074,0,2,4),(18,108,180074,0,2,4),(18,112,180074,0,2,4),(18,39,200060,0,2,4),(19,39,0,1,2,4),(22,51,0,1,2,4),(22,52,0,1,2,4),(22,53,0,1,2,4),(22,54,0,1,2,4),(23,41,0,1,2,4),(23,42,0,1,2,4),(25,132,0,1,2,4),(25,133,0,1,2,4),(25,134,0,1,2,4),(26,44,0,1,2,4),(26,45,0,1,2,4),(26,46,0,1,2,4),(26,47,0,1,2,4),(26,48,0,1,2,4),(27,163,0,1,2,4),(27,164,0,1,2,4),(27,165,0,1,2,4),(28,25,0,1,2,4),(28,26,0,1,2,4),(28,28,0,1,2,4),(28,158,0,1,2,4),(29,149,0,1,2,4),(29,150,0,1,2,4),(29,154,0,1,2,4),(29,155,0,1,2,4),(30,147,0,1,2,4),(30,152,0,1,2,4),(30,156,0,1,2,4),(30,157,0,1,2,4),(31,140,0,1,2,4),(31,141,0,1,2,4),(31,143,0,1,2,4),(32,138,0,1,2,4),(32,139,0,1,2,4),(33,145,0,1,2,4),(33,148,0,1,2,4),(33,151,0,1,2,4),(33,153,0,1,2,4),(34,159,0,1,2,4),(34,160,0,1,2,4),(34,161,0,1,2,4),(34,162,0,1,2,4),(3,35,50015,0,3,1),(3,36,50015,0,3,1),(3,37,50015,0,3,1),(3,38,50015,0,3,1),(3,117,50015,0,3,1),(3,118,50015,0,3,1),(3,121,50015,0,3,1),(3,122,50015,0,3,1),(3,124,50015,0,3,1),(3,125,50015,0,3,1),(3,127,50015,0,3,1),(3,128,50015,0,3,1),(3,129,50015,0,3,1),(3,130,50015,0,3,1),(3,131,50015,0,3,1),(3,30,170068,0,3,1),(3,34,170068,0,3,1),(3,84,170068,0,3,1),(3,85,170068,0,3,1),(3,86,170068,0,3,1),(3,87,170068,0,3,1),(3,88,170068,0,3,1),(3,89,170068,0,3,1),(3,90,170068,0,3,1),(3,91,170068,0,3,1),(3,92,170068,0,3,1),(3,94,170068,0,3,1),(3,95,170068,0,3,1),(3,96,170068,0,3,1),(3,97,170068,0,3,1),(3,99,170068,0,3,1),(3,100,170068,0,3,1),(3,101,170068,0,3,1),(3,102,170068,0,3,1),(3,31,180074,0,3,1),(3,32,180074,0,3,1),(3,33,180074,0,3,1),(3,49,180074,0,3,1),(3,74,180074,0,3,1),(3,75,180074,0,3,1),(3,79,180074,0,3,1),(3,80,180074,0,3,1),(3,81,180074,0,3,1),(3,82,180074,0,3,1),(3,104,180074,0,3,1),(3,105,180074,0,3,1),(3,106,180074,0,3,1),(3,107,180074,0,3,1),(3,109,180074,0,3,1),(3,110,180074,0,3,1),(3,111,180074,0,3,1),(3,113,180074,0,3,1),(3,114,180074,0,3,1),(3,115,180074,0,3,1),(3,29,0,1,3,1),(3,142,0,1,3,1),(3,144,0,1,3,1),(3,146,0,1,3,1),(3,163,20008,0,3,4),(3,164,20008,0,3,4),(3,165,20008,0,3,4),(3,25,30012,0,3,4),(3,26,30012,0,3,4),(3,28,30012,0,3,4),(3,158,30012,0,3,4),(3,149,40016,0,3,4),(3,150,40016,0,3,4),(3,154,40016,0,3,4),(3,155,40016,0,3,4),(3,119,50015,0,3,4),(3,120,50015,0,3,4),(3,123,50015,0,3,4),(3,126,50015,0,3,4),(3,147,50020,0,3,4),(3,152,50020,0,3,4),(3,156,50020,0,3,4),(3,157,50020,0,3,4),(3,140,60024,0,3,4),(3,141,60024,0,3,4),(3,143,60024,0,3,4),(3,138,70028,0,3,4),(3,139,70028,0,3,4),(3,145,80032,0,3,4),(3,148,80032,0,3,4),(3,151,80032,0,3,4),(3,153,80032,0,3,4),(3,16,90027,0,3,4),(3,17,90027,0,3,4),(3,18,90027,0,3,4),(3,19,90027,0,3,4),(3,20,90027,0,3,4),(3,166,90027,0,3,4),(3,159,90036,0,3,4),(3,160,90036,0,3,4),(3,161,90036,0,3,4),(3,162,90036,0,3,4),(3,46,130039,0,3,4),(3,83,170068,0,3,4),(3,93,170068,0,3,4),(3,98,170068,0,3,4),(3,135,180073,0,3,4),(3,103,180074,0,3,4),(3,108,180074,0,3,4),(3,112,180074,0,3,4),(3,39,200060,0,3,4),(3,51,230069,0,3,4),(3,52,230069,0,3,4),(3,53,230069,0,3,4),(3,54,230069,0,3,4),(3,41,240072,0,3,4),(3,42,240072,0,3,4),(3,132,260104,0,3,4),(3,133,260104,0,3,4),(3,134,260104,0,3,4),(3,44,270108,0,3,4),(3,45,270108,0,3,4),(3,47,270108,0,3,4),(3,48,270108,0,3,4),(3,27,0,1,3,4),(4,35,0,1,3,1),(4,36,0,1,3,1),(4,37,0,1,3,1),(4,38,0,1,3,1),(4,117,0,1,3,1),(4,118,0,1,3,1),(4,121,0,1,3,1),(4,122,0,1,3,1),(4,124,0,1,3,1),(4,125,0,1,3,1),(4,127,0,1,3,1),(4,128,0,1,3,1),(4,129,0,1,3,1),(4,130,0,1,3,1),(4,131,0,1,3,1),(4,119,0,1,3,4),(4,120,0,1,3,4),(4,123,0,1,3,4),(4,126,0,1,3,4),(5,30,170068,0,3,1),(5,34,170068,0,3,1),(5,84,170068,0,3,1),(5,85,170068,0,3,1),(5,86,170068,0,3,1),(5,87,170068,0,3,1),(5,88,170068,0,3,1),(5,89,170068,0,3,1),(5,90,170068,0,3,1),(5,91,170068,0,3,1),(5,92,170068,0,3,1),(5,94,170068,0,3,1),(5,95,170068,0,3,1),(5,96,170068,0,3,1),(5,97,170068,0,3,1),(5,99,170068,0,3,1),(5,100,170068,0,3,1),(5,101,170068,0,3,1),(5,102,170068,0,3,1),(5,31,180074,0,3,1),(5,32,180074,0,3,1),(5,33,180074,0,3,1),(5,49,180074,0,3,1),(5,74,180074,0,3,1),(5,75,180074,0,3,1),(5,79,180074,0,3,1),(5,80,180074,0,3,1),(5,81,180074,0,3,1),(5,82,180074,0,3,1),(5,104,180074,0,3,1),(5,105,180074,0,3,1),(5,106,180074,0,3,1),(5,107,180074,0,3,1),(5,109,180074,0,3,1),(5,110,180074,0,3,1),(5,111,180074,0,3,1),(5,113,180074,0,3,1),(5,114,180074,0,3,1),(5,115,180074,0,3,1),(5,83,170068,0,3,4),(5,93,170068,0,3,4),(5,98,170068,0,3,4),(5,135,180073,0,3,4),(5,103,180074,0,3,4),(5,108,180074,0,3,4),(5,112,180074,0,3,4),(8,16,0,1,3,4),(8,17,0,1,3,4),(8,18,0,1,3,4),(8,19,0,1,3,4),(8,20,0,1,3,4),(8,166,0,1,3,4),(10,51,230069,0,3,4),(10,52,230069,0,3,4),(10,53,230069,0,3,4),(10,54,230069,0,3,4),(10,41,240072,0,3,4),(10,42,240072,0,3,4),(12,132,260104,0,3,4),(12,133,260104,0,3,4),(12,134,260104,0,3,4),(12,44,270108,0,3,4),(12,45,270108,0,3,4),(12,47,270108,0,3,4),(12,48,270108,0,3,4),(12,46,0,1,3,4),(13,163,20008,0,3,4),(13,164,20008,0,3,4),(13,165,20008,0,3,4),(13,25,30012,0,3,4),(13,26,30012,0,3,4),(13,28,30012,0,3,4),(13,158,30012,0,3,4),(13,149,40016,0,3,4),(13,150,40016,0,3,4),(13,154,40016,0,3,4),(13,155,40016,0,3,4),(13,147,50020,0,3,4),(13,152,50020,0,3,4),(13,156,50020,0,3,4),(13,157,50020,0,3,4),(13,140,60024,0,3,4),(13,141,60024,0,3,4),(13,143,60024,0,3,4),(13,138,70028,0,3,4),(13,139,70028,0,3,4),(13,145,80032,0,3,4),(13,148,80032,0,3,4),(13,151,80032,0,3,4),(13,153,80032,0,3,4),(13,16,90027,0,3,4),(13,17,90027,0,3,4),(13,18,90027,0,3,4),(13,19,90027,0,3,4),(13,20,90027,0,3,4),(13,166,90027,0,3,4),(13,159,90036,0,3,4),(13,160,90036,0,3,4),(13,161,90036,0,3,4),(13,162,90036,0,3,4),(13,46,130039,0,3,4),(13,132,260104,0,3,4),(13,133,260104,0,3,4),(13,134,260104,0,3,4),(13,44,270108,0,3,4),(13,45,270108,0,3,4),(13,47,270108,0,3,4),(13,48,270108,0,3,4),(15,164,20008,0,3,4),(15,165,20008,0,3,4),(15,158,30012,0,3,4),(15,149,40016,0,3,4),(15,150,40016,0,3,4),(15,154,40016,0,3,4),(15,155,40016,0,3,4),(15,147,50020,0,3,4),(15,152,50020,0,3,4),(15,156,50020,0,3,4),(15,157,50020,0,3,4),(15,138,70028,0,3,4),(15,139,70028,0,3,4),(15,145,80032,0,3,4),(15,148,80032,0,3,4),(15,151,80032,0,3,4),(15,153,80032,0,3,4),(15,159,90036,0,3,4),(15,160,90036,0,3,4),(15,161,90036,0,3,4),(15,162,90036,0,3,4),(15,25,0,1,3,4),(15,26,0,1,3,4),(15,140,0,1,3,4),(15,141,0,1,3,4),(15,143,0,1,3,4),(15,163,0,1,3,4),(15,28,3,1,3,4),(16,30,0,1,3,1),(16,34,0,1,3,1),(16,84,0,1,3,1),(16,85,0,1,3,1),(16,86,0,1,3,1),(16,87,0,1,3,1),(16,88,0,1,3,1),(16,89,0,1,3,1),(16,90,0,1,3,1),(16,91,0,1,3,1),(16,92,0,1,3,1),(16,94,0,1,3,1),(16,95,0,1,3,1),(16,96,0,1,3,1),(16,97,0,1,3,1),(16,99,0,1,3,1),(16,100,0,1,3,1),(16,101,0,1,3,1),(16,102,0,1,3,1),(16,83,0,1,3,4),(16,93,0,1,3,4),(16,98,0,1,3,4),(17,31,2,1,3,1),(17,32,2,1,3,1),(17,33,2,1,3,1),(17,49,2,1,3,1),(17,74,2,1,3,1),(17,75,2,1,3,1),(17,79,2,1,3,1),(17,80,2,1,3,1),(17,81,2,1,3,1),(17,82,2,1,3,1),(17,84,2,1,3,1),(17,85,2,1,3,1),(17,86,2,1,3,1),(17,87,2,1,3,1),(17,88,2,1,3,1),(17,89,2,1,3,1),(17,90,2,1,3,1),(17,91,2,1,3,1),(17,92,2,1,3,1),(17,104,2,1,3,1),(17,105,2,1,3,1),(17,106,2,1,3,1),(17,107,2,1,3,1),(17,109,2,1,3,1),(17,110,2,1,3,1),(17,111,2,1,3,1),(17,113,2,1,3,1),(17,114,2,1,3,1),(17,115,2,1,3,1),(17,135,1,1,3,4),(17,83,2,1,3,4),(17,103,2,1,3,4),(17,108,2,1,3,4),(17,112,2,1,3,4),(18,35,50015,0,3,1),(18,36,50015,0,3,1),(18,37,50015,0,3,1),(18,38,50015,0,3,1),(18,117,50015,0,3,1),(18,118,50015,0,3,1),(18,121,50015,0,3,1),(18,122,50015,0,3,1),(18,124,50015,0,3,1),(18,125,50015,0,3,1),(18,127,50015,0,3,1),(18,128,50015,0,3,1),(18,129,50015,0,3,1),(18,130,50015,0,3,1),(18,131,50015,0,3,1),(18,30,170068,0,3,1),(18,34,170068,0,3,1),(18,84,170068,0,3,1),(18,85,170068,0,3,1),(18,86,170068,0,3,1),(18,87,170068,0,3,1),(18,88,170068,0,3,1),(18,89,170068,0,3,1),(18,90,170068,0,3,1),(18,91,170068,0,3,1),(18,92,170068,0,3,1),(18,94,170068,0,3,1),(18,95,170068,0,3,1),(18,96,170068,0,3,1),(18,97,170068,0,3,1),(18,99,170068,0,3,1),(18,100,170068,0,3,1),(18,101,170068,0,3,1),(18,102,170068,0,3,1),(18,31,180074,0,3,1),(18,32,180074,0,3,1),(18,33,180074,0,3,1),(18,49,180074,0,3,1),(18,74,180074,0,3,1),(18,75,180074,0,3,1),(18,79,180074,0,3,1),(18,80,180074,0,3,1),(18,81,180074,0,3,1),(18,82,180074,0,3,1),(18,104,180074,0,3,1),(18,105,180074,0,3,1),(18,106,180074,0,3,1),(18,107,180074,0,3,1),(18,109,180074,0,3,1),(18,110,180074,0,3,1),(18,111,180074,0,3,1),(18,113,180074,0,3,1),(18,114,180074,0,3,1),(18,115,180074,0,3,1),(18,119,50015,0,3,4),(18,120,50015,0,3,4),(18,123,50015,0,3,4),(18,126,50015,0,3,4),(18,83,170068,0,3,4),(18,93,170068,0,3,4),(18,98,170068,0,3,4),(18,135,180073,0,3,4),(18,103,180074,0,3,4),(18,108,180074,0,3,4),(18,112,180074,0,3,4),(18,39,200060,0,3,4),(19,39,0,1,3,4),(22,51,0,1,3,4),(22,52,0,1,3,4),(22,53,0,1,3,4),(22,54,0,1,3,4),(23,41,0,1,3,4),(23,42,0,1,3,4),(25,132,0,1,3,4),(25,133,0,1,3,4),(25,134,0,1,3,4),(26,44,0,1,3,4),(26,45,0,1,3,4),(26,46,0,1,3,4),(26,47,0,1,3,4),(26,48,0,1,3,4),(27,163,0,1,3,4),(27,164,0,1,3,4),(27,165,0,1,3,4),(28,25,0,1,3,4),(28,26,0,1,3,4),(28,28,0,1,3,4),(28,158,0,1,3,4),(29,149,0,1,3,4),(29,150,0,1,3,4),(29,154,0,1,3,4),(29,155,0,1,3,4),(30,147,0,1,3,4),(30,152,0,1,3,4),(30,156,0,1,3,4),(30,157,0,1,3,4),(31,140,0,1,3,4),(31,141,0,1,3,4),(31,143,0,1,3,4),(32,138,0,1,3,4),(32,139,0,1,3,4),(33,145,0,1,3,4),(33,148,0,1,3,4),(33,151,0,1,3,4),(33,153,0,1,3,4),(34,159,0,1,3,4),(34,160,0,1,3,4),(34,161,0,1,3,4),(34,162,0,1,3,4);


/*Table structure for table `catalog_category_product_index_enbl_idx` */


CREATE TABLE `catalog_category_product_index_enbl_idx` (
  `product_id` int(10) unsigned NOT NULL DEFAULT '0' COMMENT 'Product ID',
  `visibility` int(10) unsigned NOT NULL DEFAULT '0' COMMENT 'Visibility',
  KEY `IDX_CATALOG_CATEGORY_PRODUCT_INDEX_ENBL_IDX_PRODUCT_ID` (`product_id`)
) ENGINE=InnoDB DEFAULT CHARSET=utf8 COMMENT='Catalog Category Product Enabled Indexer Index Table';

/*Data for the table `catalog_category_product_index_enbl_idx` */



/*Table structure for table `catalog_category_product_index_enbl_tmp` */


CREATE TABLE `catalog_category_product_index_enbl_tmp` (
  `product_id` int(10) unsigned NOT NULL DEFAULT '0' COMMENT 'Product ID',
  `visibility` int(10) unsigned NOT NULL DEFAULT '0' COMMENT 'Visibility',
  KEY `IDX_CATALOG_CATEGORY_PRODUCT_INDEX_ENBL_TMP_PRODUCT_ID` (`product_id`)
) ENGINE=InnoDB DEFAULT CHARSET=utf8 COMMENT='Catalog Category Product Enabled Indexer Temp Table';

/*Data for the table `catalog_category_product_index_enbl_tmp` */



/*Table structure for table `catalog_category_product_index_idx` */


CREATE TABLE `catalog_category_product_index_idx` (
  `category_id` int(10) unsigned NOT NULL DEFAULT '0' COMMENT 'Category ID',
  `product_id` int(10) unsigned NOT NULL DEFAULT '0' COMMENT 'Product ID',
  `position` int(11) NOT NULL DEFAULT '0' COMMENT 'Position',
  `is_parent` smallint(5) unsigned NOT NULL DEFAULT '0' COMMENT 'Is Parent',
  `store_id` smallint(5) unsigned NOT NULL DEFAULT '0' COMMENT 'Store ID',
  `visibility` smallint(5) unsigned NOT NULL DEFAULT '0' COMMENT 'Visibility',
  KEY `IDX_CAT_CTGR_PRD_IDX_IDX_PRD_ID_CTGR_ID_STORE_ID` (`product_id`,`category_id`,`store_id`)
) ENGINE=InnoDB DEFAULT CHARSET=utf8 COMMENT='Catalog Category Product Indexer Index Table';

/*Data for the table `catalog_category_product_index_idx` */



/*Table structure for table `catalog_category_product_index_tmp` */


CREATE TABLE `catalog_category_product_index_tmp` (
  `category_id` int(10) unsigned NOT NULL DEFAULT '0' COMMENT 'Category ID',
  `product_id` int(10) unsigned NOT NULL DEFAULT '0' COMMENT 'Product ID',
  `position` int(11) NOT NULL DEFAULT '0' COMMENT 'Position',
  `is_parent` smallint(5) unsigned NOT NULL DEFAULT '0' COMMENT 'Is Parent',
  `store_id` smallint(5) unsigned NOT NULL DEFAULT '0' COMMENT 'Store ID',
  `visibility` smallint(5) unsigned NOT NULL DEFAULT '0' COMMENT 'Visibility'
) ENGINE=InnoDB DEFAULT CHARSET=utf8 COMMENT='Catalog Category Product Indexer Temp Table';

/*Data for the table `catalog_category_product_index_tmp` */



/*Table structure for table `catalog_compare_item` */


CREATE TABLE `catalog_compare_item` (
  `catalog_compare_item_id` int(10) unsigned NOT NULL AUTO_INCREMENT COMMENT 'Compare Item ID',
  `visitor_id` int(10) unsigned NOT NULL DEFAULT '0' COMMENT 'Visitor ID',
  `customer_id` int(10) unsigned DEFAULT NULL COMMENT 'Customer ID',
  `product_id` int(10) unsigned NOT NULL DEFAULT '0' COMMENT 'Product ID',
  `store_id` smallint(5) unsigned DEFAULT NULL COMMENT 'Store ID',
  PRIMARY KEY (`catalog_compare_item_id`),
  KEY `IDX_CATALOG_COMPARE_ITEM_CUSTOMER_ID` (`customer_id`),
  KEY `IDX_CATALOG_COMPARE_ITEM_PRODUCT_ID` (`product_id`),
  KEY `IDX_CATALOG_COMPARE_ITEM_VISITOR_ID_PRODUCT_ID` (`visitor_id`,`product_id`),
  KEY `IDX_CATALOG_COMPARE_ITEM_CUSTOMER_ID_PRODUCT_ID` (`customer_id`,`product_id`),
  KEY `IDX_CATALOG_COMPARE_ITEM_STORE_ID` (`store_id`),
  CONSTRAINT `FK_CATALOG_COMPARE_ITEM_STORE_ID_CORE_STORE_STORE_ID` FOREIGN KEY (`store_id`) REFERENCES `core_store` (`store_id`) ON DELETE SET NULL ON UPDATE CASCADE,
  CONSTRAINT `FK_CATALOG_COMPARE_ITEM_CUSTOMER_ID_CUSTOMER_ENTITY_ENTITY_ID` FOREIGN KEY (`customer_id`) REFERENCES `customer_entity` (`entity_id`) ON DELETE CASCADE ON UPDATE CASCADE,
  CONSTRAINT `FK_CAT_CMP_ITEM_PRD_ID_CAT_PRD_ENTT_ENTT_ID` FOREIGN KEY (`product_id`) REFERENCES `catalog_product_entity` (`entity_id`) ON DELETE CASCADE ON UPDATE CASCADE
) ENGINE=InnoDB DEFAULT CHARSET=utf8 COMMENT='Catalog Compare Table';

/*Data for the table `catalog_compare_item` */



/*Table structure for table `catalog_eav_attribute` */


CREATE TABLE `catalog_eav_attribute` (
  `attribute_id` smallint(5) unsigned NOT NULL DEFAULT '0' COMMENT 'Attribute ID',
  `frontend_input_renderer` varchar(255) DEFAULT NULL COMMENT 'Frontend Input Renderer',
  `is_global` smallint(5) unsigned NOT NULL DEFAULT '1' COMMENT 'Is Global',
  `is_visible` smallint(5) unsigned NOT NULL DEFAULT '1' COMMENT 'Is Visible',
  `is_searchable` smallint(5) unsigned NOT NULL DEFAULT '0' COMMENT 'Is Searchable',
  `is_filterable` smallint(5) unsigned NOT NULL DEFAULT '0' COMMENT 'Is Filterable',
  `is_comparable` smallint(5) unsigned NOT NULL DEFAULT '0' COMMENT 'Is Comparable',
  `is_visible_on_front` smallint(5) unsigned NOT NULL DEFAULT '0' COMMENT 'Is Visible On Front',
  `is_html_allowed_on_front` smallint(5) unsigned NOT NULL DEFAULT '0' COMMENT 'Is HTML Allowed On Front',
  `is_used_for_price_rules` smallint(5) unsigned NOT NULL DEFAULT '0' COMMENT 'Is Used For Price Rules',
  `is_filterable_in_search` smallint(5) unsigned NOT NULL DEFAULT '0' COMMENT 'Is Filterable In Search',
  `used_in_product_listing` smallint(5) unsigned NOT NULL DEFAULT '0' COMMENT 'Is Used In Product Listing',
  `used_for_sort_by` smallint(5) unsigned NOT NULL DEFAULT '0' COMMENT 'Is Used For Sorting',
  `is_configurable` smallint(5) unsigned NOT NULL DEFAULT '1' COMMENT 'Is Configurable',
  `apply_to` varchar(255) DEFAULT NULL COMMENT 'Apply To',
  `is_visible_in_advanced_search` smallint(5) unsigned NOT NULL DEFAULT '0' COMMENT 'Is Visible In Advanced Search',
  `position` int(11) NOT NULL DEFAULT '0' COMMENT 'Position',
  `is_wysiwyg_enabled` smallint(5) unsigned NOT NULL DEFAULT '0' COMMENT 'Is WYSIWYG Enabled',
  `is_used_for_promo_rules` smallint(5) unsigned NOT NULL DEFAULT '0' COMMENT 'Is Used For Promo Rules',
  PRIMARY KEY (`attribute_id`),
  KEY `IDX_CATALOG_EAV_ATTRIBUTE_USED_FOR_SORT_BY` (`used_for_sort_by`),
  KEY `IDX_CATALOG_EAV_ATTRIBUTE_USED_IN_PRODUCT_LISTING` (`used_in_product_listing`),
  CONSTRAINT `FK_CATALOG_EAV_ATTRIBUTE_ATTRIBUTE_ID_EAV_ATTRIBUTE_ATTRIBUTE_ID` FOREIGN KEY (`attribute_id`) REFERENCES `eav_attribute` (`attribute_id`) ON DELETE CASCADE ON UPDATE CASCADE
) ENGINE=InnoDB DEFAULT CHARSET=utf8 COMMENT='Catalog EAV Attribute Table';

/*Data for the table `catalog_eav_attribute` */


insert  into `catalog_eav_attribute`(`attribute_id`,`frontend_input_renderer`,`is_global`,`is_visible`,`is_searchable`,`is_filterable`,`is_comparable`,`is_visible_on_front`,`is_html_allowed_on_front`,`is_used_for_price_rules`,`is_filterable_in_search`,`used_in_product_listing`,`used_for_sort_by`,`is_configurable`,`apply_to`,`is_visible_in_advanced_search`,`position`,`is_wysiwyg_enabled`,`is_used_for_promo_rules`) values (96,NULL,0,1,1,0,0,0,0,1,0,1,1,1,'',1,1,0,1),(97,NULL,0,1,1,0,1,0,1,1,0,0,0,1,'',1,1,1,1),(98,NULL,1,1,1,0,1,0,0,1,0,0,0,1,'',1,1,0,1),(99,NULL,2,1,1,1,0,0,0,1,1,1,1,1,'simple,configurable,virtual,bundle,downloadable',1,0,0,1),(100,NULL,2,1,0,0,0,0,0,1,0,0,0,1,'simple,virtual,downloadable',0,1,0,1),(101,NULL,1,1,0,0,0,0,0,1,0,0,0,1,'simple,bundle',0,1,0,1),(102,NULL,1,1,1,1,1,0,0,1,1,0,0,1,'simple',0,1,0,1),(103,NULL,0,1,0,0,0,0,0,1,0,0,0,1,'',0,1,0,1),(104,NULL,0,1,1,0,0,0,0,1,0,0,0,1,'',0,1,0,1),(105,NULL,0,1,0,0,0,0,0,1,0,0,0,1,'',0,1,0,1),(106,NULL,0,1,0,0,0,0,0,1,0,0,0,1,'',0,1,0,1),(107,NULL,1,1,1,1,1,0,0,1,1,0,0,1,'simple,grouped,configurable',0,1,0,1),(109,NULL,0,1,0,0,0,0,0,1,0,1,0,1,'',0,1,0,1),(110,NULL,1,0,0,0,0,0,0,1,0,0,0,1,'',0,1,0,1),(111,NULL,0,1,0,0,0,0,0,1,0,0,0,1,'',0,1,0,1),(112,NULL,0,1,0,0,0,0,1,1,0,0,0,1,'',0,1,1,1),(113,NULL,0,1,0,0,0,0,0,1,0,0,0,1,'',0,1,0,1),(114,NULL,0,1,0,0,0,0,0,1,0,0,0,1,'',0,1,0,1),(115,NULL,0,1,0,0,0,0,0,1,0,0,0,1,'',0,1,0,1),(116,NULL,0,1,0,0,0,0,0,1,0,0,0,1,'',0,1,0,1),(117,NULL,0,1,0,0,0,0,0,1,0,0,0,1,'',0,1,0,1),(118,NULL,0,1,0,0,0,0,0,1,0,0,0,1,'',0,1,0,1),(119,NULL,0,1,0,0,0,0,0,1,0,0,0,1,'',0,1,0,1),(120,NULL,1,1,0,0,0,0,0,1,0,0,0,1,'',0,1,0,1),(121,NULL,1,0,0,0,0,0,0,1,0,0,0,1,'',0,1,0,1),(122,NULL,1,0,0,0,0,0,0,1,0,0,0,1,'',0,1,0,1),(123,NULL,1,0,0,0,0,0,0,1,0,0,0,1,'',0,1,0,1),(270,NULL,2,1,0,0,0,0,0,0,0,0,0,1,'simple,configurable,virtual,bundle,downloadable',0,1,0,0),(271,NULL,1,1,0,0,0,0,0,1,0,0,0,1,'',0,1,0,1),(272,NULL,1,1,1,1,1,0,0,1,1,0,0,1,'simple',1,1,0,1),(273,NULL,2,1,1,0,0,0,0,1,0,1,0,1,'',0,1,0,1),(274,NULL,0,1,0,0,0,0,0,1,0,1,0,1,'simple,configurable,virtual,bundle,downloadable',0,1,0,1),(476,NULL,0,1,1,1,1,1,0,1,1,0,0,1,'simple,grouped,configurable',0,1,0,1),(479,NULL,1,1,0,0,0,0,0,1,0,0,0,1,'',0,1,0,1),(481,NULL,1,1,0,0,0,0,0,1,0,1,0,1,'',0,1,0,1),(492,NULL,0,1,1,0,1,1,1,1,0,0,0,1,'simple,grouped,configurable',0,1,0,1),(493,NULL,0,1,0,0,0,0,0,1,0,1,0,1,'',0,1,0,1),(494,NULL,1,1,1,0,1,1,0,1,0,0,0,1,'simple,grouped,configurable',0,1,0,1),(495,NULL,1,1,1,0,1,1,0,1,0,0,0,1,'simple,grouped,configurable',0,1,0,1),(496,NULL,1,1,0,0,0,1,0,1,0,0,0,1,'simple,grouped,configurable',0,1,0,1),(497,NULL,1,1,1,0,1,1,0,1,0,0,0,1,'simple',0,1,0,1),(498,NULL,1,1,1,0,1,1,0,1,0,0,0,1,'simple,grouped,configurable',0,1,0,1),(499,NULL,1,1,1,0,1,1,0,1,0,0,0,1,'simple,grouped,configurable',0,1,0,1),(500,NULL,1,1,1,0,1,1,0,1,0,0,0,1,'simple,grouped,configurable',0,1,0,1),(501,NULL,1,1,1,0,0,0,0,1,0,0,0,1,'simple,grouped,configurable',1,1,0,1),(502,NULL,1,1,1,0,0,0,0,1,0,0,0,1,'simple,grouped,configurable',0,1,0,1),(503,NULL,0,0,0,0,0,0,0,1,0,0,0,1,'simple,configurable,virtual,bundle,downloadable',0,1,0,1),(506,NULL,0,1,1,0,1,0,1,1,0,1,0,1,'',0,1,1,1),(507,NULL,1,1,1,0,1,1,0,1,0,0,0,1,'simple,grouped,configurable',0,1,0,1),(508,NULL,1,1,1,0,1,0,0,1,0,0,0,1,'simple,grouped,configurable',0,1,0,1),(509,NULL,1,1,1,0,1,1,0,1,0,0,0,1,'simple,grouped,configurable',0,1,0,1),(510,NULL,1,1,1,2,1,1,0,1,1,0,0,1,'simple,grouped,configurable',1,1,0,1),(513,NULL,1,1,1,1,1,1,0,1,1,0,0,1,'simple,grouped,configurable',0,1,0,1),(514,NULL,0,1,0,0,0,0,0,1,0,0,0,1,'',0,1,0,1),(525,NULL,1,1,1,0,0,0,0,1,0,0,0,1,'simple,grouped,configurable',0,1,0,1),(526,NULL,0,1,0,0,0,0,0,1,0,0,0,1,'',0,1,0,1),(530,NULL,0,1,0,0,0,0,0,1,0,0,0,1,'',0,1,0,1),(531,NULL,1,1,0,0,0,0,0,1,0,0,0,1,'',0,1,0,1),(533,NULL,0,0,0,0,0,0,0,1,0,0,0,1,'',0,1,0,1),(562,'giftmessage/adminhtml_product_helper_form_config',1,1,0,0,0,0,0,1,0,0,0,0,'',0,1,0,1),(563,NULL,0,1,0,0,0,0,0,1,0,0,0,1,'',0,1,0,1),(565,NULL,0,1,0,0,0,0,0,1,0,0,0,1,'',0,1,0,1),(566,NULL,0,1,0,0,0,0,0,1,0,0,0,1,'',0,1,0,1),(567,NULL,2,1,0,0,0,0,0,1,0,1,0,1,'simple,configurable,virtual,bundle,downloadable',0,1,0,1),(568,NULL,1,1,0,0,0,0,0,1,0,1,0,1,'simple,configurable,virtual,bundle,downloadable',0,1,0,1),(569,NULL,1,1,0,0,0,0,0,1,0,1,0,1,'simple,configurable,virtual,bundle,downloadable',0,1,0,1),(570,NULL,0,0,0,0,0,0,0,1,0,0,0,1,'',0,1,0,1),(571,NULL,0,1,0,0,0,0,0,1,0,0,0,1,'',0,1,0,1),(572,NULL,0,1,0,0,0,0,0,1,0,0,0,1,'',0,1,0,1),(573,NULL,0,1,0,0,0,0,0,1,0,0,0,1,'',0,1,0,1),(701,NULL,1,0,0,0,0,0,0,1,0,0,0,1,'',0,1,0,1),(702,NULL,1,0,0,0,0,0,0,1,0,0,0,1,'',0,1,0,1),(703,NULL,1,1,0,0,0,0,0,1,0,0,0,1,'',0,1,0,1),(704,NULL,1,1,0,0,0,0,0,1,0,1,0,1,'',0,1,0,1),(705,NULL,1,1,0,0,0,0,0,1,0,1,0,1,'',0,1,0,1),(835,NULL,1,0,0,0,0,0,0,1,0,0,0,1,'',0,0,0,1),(836,NULL,0,1,0,0,0,0,0,1,0,0,0,1,'',0,0,0,1),(837,NULL,1,0,0,0,0,0,0,1,0,1,0,1,'',0,0,0,1),(838,NULL,1,0,0,0,0,0,0,1,0,0,0,1,'',0,0,0,1),(859,NULL,1,0,0,0,0,0,0,1,0,1,0,0,'bundle',0,0,0,1),(860,NULL,1,0,0,0,0,0,0,1,0,0,0,0,'bundle',0,0,0,1),(861,NULL,1,0,0,0,0,0,0,1,0,1,0,0,'bundle',0,0,0,1),(862,NULL,1,1,0,0,0,0,0,1,0,1,0,0,'bundle',0,0,0,1),(863,NULL,1,0,0,0,0,0,0,1,0,1,0,0,'bundle',0,0,0,1),(873,NULL,0,1,0,0,0,0,0,1,0,0,0,0,'',0,0,0,1),(874,NULL,0,1,0,0,0,0,0,1,0,0,0,0,'',0,0,0,1),(875,NULL,0,1,0,1,1,1,0,1,1,0,0,0,'',0,0,0,1),(876,NULL,0,1,0,0,0,1,0,1,0,0,0,0,'',0,0,0,1),(877,NULL,0,1,0,0,0,0,0,1,0,0,0,0,'',0,0,0,1),(878,NULL,0,1,0,0,0,1,0,1,0,0,0,0,'',0,0,0,1),(879,NULL,0,0,0,0,0,0,0,1,1,1,0,0,'',0,0,0,1),(880,NULL,0,0,0,0,0,0,0,1,1,1,0,0,'',0,0,0,1),(881,NULL,0,0,0,0,0,0,0,1,1,1,0,0,'',0,0,0,1),(903,NULL,1,1,0,0,0,0,0,1,1,0,0,0,'',0,0,0,1),(904,NULL,1,0,0,0,0,0,0,1,1,1,0,0,'downloadable',0,0,0,1),(905,NULL,0,0,0,0,0,0,0,1,1,0,0,0,'downloadable',0,0,0,1),(906,NULL,0,0,0,0,0,0,0,1,1,0,0,0,'downloadable',0,0,0,1),(929,'adminhtml/catalog_category_helper_sortby_available',0,1,0,0,0,0,0,1,0,0,0,1,'',0,0,0,1),(930,'adminhtml/catalog_category_helper_sortby_default',0,1,0,0,0,0,0,1,0,0,0,1,'',0,0,0,1),(931,NULL,0,1,0,0,0,0,0,1,0,0,0,1,'',0,0,0,1),(932,NULL,1,0,0,0,0,0,0,1,0,0,0,1,'',0,0,0,1),(933,NULL,1,0,0,0,0,0,0,1,0,0,0,1,'',0,0,0,1),(934,NULL,0,1,0,0,0,0,0,0,0,0,0,1,'',0,0,0,0),(935,NULL,1,1,0,0,0,0,0,0,0,0,0,0,'simple,virtual',0,0,0,0),(936,NULL,1,1,0,0,0,0,0,0,0,0,0,0,'simple,virtual',0,0,0,0),(937,NULL,0,1,0,0,0,0,0,0,0,0,0,1,'',0,0,0,0),(938,NULL,0,1,0,0,0,0,0,0,0,0,0,1,'',0,0,0,0),(939,'adminhtml/catalog_category_helper_pricestep',0,1,0,0,0,0,0,0,0,0,0,1,'',0,0,0,0),(940,NULL,2,1,0,0,0,0,0,0,0,0,0,0,'simple,configurable,bundle,grouped',0,0,0,0),(941,'adminhtml/catalog_product_helper_form_msrp_enabled',2,1,0,0,0,0,0,0,0,1,0,1,'simple,bundle,configurable,virtual,downloadable',0,0,0,0),(942,'adminhtml/catalog_product_helper_form_msrp_price',2,1,0,0,0,0,0,0,0,1,0,1,'simple,bundle,configurable,virtual,downloadable',0,0,0,0),(943,NULL,2,1,0,0,0,0,0,0,0,1,0,1,'simple,bundle,configurable,virtual,downloadable',0,0,0,0),(952,NULL,1,0,0,0,0,0,0,0,0,1,0,0,'downloadable',0,0,0,0),(953,NULL,0,1,0,0,0,0,0,0,0,0,0,1,NULL,0,0,0,0);


/*Table structure for table `catalog_product_bundle_option` */


CREATE TABLE `catalog_product_bundle_option` (
  `option_id` int(10) unsigned NOT NULL AUTO_INCREMENT COMMENT 'Option Id',
  `parent_id` int(10) unsigned NOT NULL COMMENT 'Parent Id',
  `required` smallint(5) unsigned NOT NULL DEFAULT '0' COMMENT 'Required',
  `position` int(10) unsigned NOT NULL DEFAULT '0' COMMENT 'Position',
  `type` varchar(255) DEFAULT NULL COMMENT 'Type',
  PRIMARY KEY (`option_id`),
  KEY `IDX_CATALOG_PRODUCT_BUNDLE_OPTION_PARENT_ID` (`parent_id`),
  CONSTRAINT `FK_CAT_PRD_BNDL_OPT_PARENT_ID_CAT_PRD_ENTT_ENTT_ID` FOREIGN KEY (`parent_id`) REFERENCES `catalog_product_entity` (`entity_id`) ON DELETE CASCADE ON UPDATE CASCADE
) ENGINE=InnoDB AUTO_INCREMENT=23 DEFAULT CHARSET=utf8 COMMENT='Catalog Product Bundle Option';

/*Data for the table `catalog_product_bundle_option` */


insert  into `catalog_product_bundle_option`(`option_id`,`parent_id`,`required`,`position`,`type`) values (1,158,0,10,'radio'),(2,158,1,0,'radio'),(3,163,0,11,'multi'),(4,163,0,10,'radio'),(5,163,0,7,'checkbox'),(6,163,0,5,'radio'),(7,163,1,4,'radio'),(8,163,1,3,'radio'),(9,163,1,2,'radio'),(10,163,1,1,'radio'),(11,164,1,4,'select'),(12,164,1,5,'multi'),(13,164,0,8,'checkbox'),(14,165,1,4,'checkbox'),(15,165,1,3,'radio'),(16,165,1,2,'radio'),(17,165,1,1,'select'),(20,164,1,3,'radio'),(21,164,1,1,'radio'),(22,165,1,1,'select');


/*Table structure for table `catalog_product_bundle_option_value` */


CREATE TABLE `catalog_product_bundle_option_value` (
  `value_id` int(10) unsigned NOT NULL AUTO_INCREMENT COMMENT 'Value Id',
  `option_id` int(10) unsigned NOT NULL COMMENT 'Option Id',
  `store_id` smallint(5) unsigned NOT NULL COMMENT 'Store Id',
  `title` varchar(255) DEFAULT NULL COMMENT 'Title',
  PRIMARY KEY (`value_id`),
  UNIQUE KEY `UNQ_CATALOG_PRODUCT_BUNDLE_OPTION_VALUE_OPTION_ID_STORE_ID` (`option_id`,`store_id`),
  CONSTRAINT `FK_CAT_PRD_BNDL_OPT_VAL_OPT_ID_CAT_PRD_BNDL_OPT_OPT_ID` FOREIGN KEY (`option_id`) REFERENCES `catalog_product_bundle_option` (`option_id`) ON DELETE CASCADE ON UPDATE CASCADE
) ENGINE=InnoDB AUTO_INCREMENT=21 DEFAULT CHARSET=utf8 COMMENT='Catalog Product Bundle Option Value';

/*Data for the table `catalog_product_bundle_option_value` */


insert  into `catalog_product_bundle_option_value`(`value_id`,`option_id`,`store_id`,`title`) values (1,1,0,'Waranty'),(2,2,0,'Laptop'),(3,21,0,'Case'),(4,20,0,'CPU'),(5,11,0,'RAM'),(6,12,0,'Hard Drive'),(7,13,0,'Peripherals'),(8,10,0,'Case'),(9,9,0,'Processor'),(10,8,0,'Memory'),(11,7,0,'Hard Drive'),(12,6,0,'Hard Drive 2'),(13,5,0,'Peripherals'),(14,4,0,'Monitor'),(15,3,0,'Warranty'),(16,17,0,'Case'),(17,22,0,'CPU'),(18,16,0,'Hard Drive'),(19,15,0,'Ram'),(20,14,0,'Monitor');


/*Table structure for table `catalog_product_bundle_price_index` */


CREATE TABLE `catalog_product_bundle_price_index` (
  `entity_id` int(10) unsigned NOT NULL COMMENT 'Entity Id',
  `website_id` smallint(5) unsigned NOT NULL COMMENT 'Website Id',
  `customer_group_id` smallint(5) unsigned NOT NULL COMMENT 'Customer Group Id',
  `min_price` decimal(12,4) NOT NULL COMMENT 'Min Price',
  `max_price` decimal(12,4) NOT NULL COMMENT 'Max Price',
  PRIMARY KEY (`entity_id`,`website_id`,`customer_group_id`),
  KEY `IDX_CATALOG_PRODUCT_BUNDLE_PRICE_INDEX_WEBSITE_ID` (`website_id`),
  KEY `IDX_CATALOG_PRODUCT_BUNDLE_PRICE_INDEX_CUSTOMER_GROUP_ID` (`customer_group_id`),
  CONSTRAINT `FK_CAT_PRD_BNDL_PRICE_IDX_WS_ID_CORE_WS_WS_ID` FOREIGN KEY (`website_id`) REFERENCES `core_website` (`website_id`) ON DELETE CASCADE ON UPDATE CASCADE,
  CONSTRAINT `FK_CAT_PRD_BNDL_PRICE_IDX_CSTR_GROUP_ID_CSTR_GROUP_CSTR_GROUP_ID` FOREIGN KEY (`customer_group_id`) REFERENCES `customer_group` (`customer_group_id`) ON DELETE CASCADE ON UPDATE CASCADE,
  CONSTRAINT `FK_CAT_PRD_BNDL_PRICE_IDX_ENTT_ID_CAT_PRD_ENTT_ENTT_ID` FOREIGN KEY (`entity_id`) REFERENCES `catalog_product_entity` (`entity_id`) ON DELETE CASCADE ON UPDATE CASCADE
) ENGINE=InnoDB DEFAULT CHARSET=utf8 COMMENT='Catalog Product Bundle Price Index';

/*Data for the table `catalog_product_bundle_price_index` */



/*Table structure for table `catalog_product_bundle_selection` */


CREATE TABLE `catalog_product_bundle_selection` (
  `selection_id` int(10) unsigned NOT NULL AUTO_INCREMENT COMMENT 'Selection Id',
  `option_id` int(10) unsigned NOT NULL COMMENT 'Option Id',
  `parent_product_id` int(10) unsigned NOT NULL COMMENT 'Parent Product Id',
  `product_id` int(10) unsigned NOT NULL COMMENT 'Product Id',
  `position` int(10) unsigned NOT NULL DEFAULT '0' COMMENT 'Position',
  `is_default` smallint(5) unsigned NOT NULL DEFAULT '0' COMMENT 'Is Default',
  `selection_price_type` smallint(5) unsigned NOT NULL DEFAULT '0' COMMENT 'Selection Price Type',
  `selection_price_value` decimal(12,4) NOT NULL DEFAULT '0.0000' COMMENT 'Selection Price Value',
  `selection_qty` decimal(12,4) DEFAULT NULL COMMENT 'Selection Qty',
  `selection_can_change_qty` smallint(6) NOT NULL DEFAULT '0' COMMENT 'Selection Can Change Qty',
  PRIMARY KEY (`selection_id`),
  KEY `IDX_CATALOG_PRODUCT_BUNDLE_SELECTION_OPTION_ID` (`option_id`),
  KEY `IDX_CATALOG_PRODUCT_BUNDLE_SELECTION_PRODUCT_ID` (`product_id`),
  CONSTRAINT `FK_CAT_PRD_BNDL_SELECTION_PRD_ID_CAT_PRD_ENTT_ENTT_ID` FOREIGN KEY (`product_id`) REFERENCES `catalog_product_entity` (`entity_id`) ON DELETE CASCADE ON UPDATE CASCADE,
  CONSTRAINT `FK_CAT_PRD_BNDL_SELECTION_OPT_ID_CAT_PRD_BNDL_OPT_OPT_ID` FOREIGN KEY (`option_id`) REFERENCES `catalog_product_bundle_option` (`option_id`) ON DELETE CASCADE ON UPDATE CASCADE
) ENGINE=InnoDB AUTO_INCREMENT=63 DEFAULT CHARSET=utf8 COMMENT='Catalog Product Bundle Selection';

/*Data for the table `catalog_product_bundle_selection` */


insert  into `catalog_product_bundle_selection`(`selection_id`,`option_id`,`parent_product_id`,`product_id`,`position`,`is_default`,`selection_price_type`,`selection_price_value`,`selection_qty`,`selection_can_change_qty`) values (1,1,158,146,20,0,0,'0.0000','1.0000',0),(2,1,158,142,0,0,0,'0.0000','1.0000',0),(3,1,158,144,10,0,0,'0.0000','1.0000',0),(4,2,158,27,0,0,0,'0.0000','1.0000',0),(5,3,163,142,0,0,0,'0.0000','1.0000',1),(6,4,163,157,0,0,0,'0.0000','1.0000',1),(7,4,163,156,0,0,0,'0.0000','1.0000',1),(8,4,163,152,0,0,0,'0.0000','1.0000',1),(9,4,163,147,0,0,0,'0.0000','1.0000',1),(10,5,163,162,50,0,0,'0.0000','1.0000',1),(11,5,163,159,0,0,0,'0.0000','1.0000',1),(12,5,163,161,0,0,0,'0.0000','1.0000',1),(13,5,163,160,100,0,0,'0.0000','1.0000',1),(14,6,163,149,0,0,0,'0.0000','1.0000',1),(15,6,163,154,0,1,0,'0.0000','1.0000',1),(16,7,163,155,0,1,0,'0.0000','1.0000',0),(17,7,163,150,0,0,0,'0.0000','1.0000',0),(18,8,163,143,0,0,0,'0.0000','1.0000',0),(19,8,163,141,0,1,0,'0.0000','1.0000',0),(20,8,163,140,0,0,0,'0.0000','1.0000',0),(21,9,163,148,0,0,0,'0.0000','1.0000',0),(22,9,163,145,0,0,0,'0.0000','1.0000',0),(23,9,163,153,0,1,0,'0.0000','1.0000',0),(24,9,163,151,0,0,0,'0.0000','1.0000',0),(25,10,163,138,0,1,0,'0.0000','1.0000',0),(26,10,163,139,0,0,0,'0.0000','1.0000',0),(27,11,164,143,0,0,0,'0.0000','1.0000',0),(28,11,164,141,0,0,0,'75.0000','1.0000',0),(29,11,164,140,0,0,0,'150.0000','1.0000',0),(30,12,164,149,0,0,0,'250.0000','1.0000',1),(31,12,164,154,0,0,0,'0.0000','1.0000',1),(32,13,164,161,0,0,0,'199.0000','1.0000',1),(33,13,164,160,0,0,0,'50.0000','1.0000',1),(34,13,164,162,0,0,0,'0.0000','1.0000',1),(35,13,164,159,0,0,0,'0.0000','1.0000',1),(36,14,165,157,0,0,0,'0.0000','1.0000',1),(37,14,165,156,0,0,0,'0.0000','1.0000',1),(38,14,165,152,0,0,0,'0.0000','1.0000',1),(39,14,165,147,0,0,0,'0.0000','1.0000',1),(40,15,165,143,0,0,0,'0.0000','1.0000',0),(41,15,165,141,0,0,0,'0.0000','1.0000',0),(42,15,165,140,0,0,0,'0.0000','1.0000',0),(43,16,165,149,0,0,0,'0.0000','1.0000',1),(44,16,165,150,0,0,0,'0.0000','1.0000',1),(45,16,165,154,0,0,0,'0.0000','1.0000',1),(46,16,165,155,0,0,0,'0.0000','1.0000',1),(47,17,165,138,0,0,0,'0.0000','1.0000',0),(48,17,165,139,0,0,0,'0.0000','1.0000',0),(54,20,164,153,0,0,0,'700.0000','1.0000',0),(55,20,164,151,0,0,0,'200.0000','1.0000',0),(56,20,164,148,0,0,0,'100.0000','1.0000',0),(57,20,164,145,0,0,0,'0.0000','1.0000',0),(58,21,164,139,0,0,0,'0.0000','1.0000',0),(59,22,165,145,0,0,0,'0.0000','1.0000',0),(60,22,165,151,0,0,0,'0.0000','1.0000',0),(61,22,165,148,0,0,0,'0.0000','1.0000',0),(62,22,165,153,0,0,0,'0.0000','1.0000',0);


/*Table structure for table `catalog_product_bundle_selection_price` */


CREATE TABLE `catalog_product_bundle_selection_price` (
  `selection_id` int(10) unsigned NOT NULL COMMENT 'Selection Id',
  `website_id` smallint(5) unsigned NOT NULL COMMENT 'Website Id',
  `selection_price_type` smallint(5) unsigned NOT NULL DEFAULT '0' COMMENT 'Selection Price Type',
  `selection_price_value` decimal(12,4) NOT NULL DEFAULT '0.0000' COMMENT 'Selection Price Value',
  PRIMARY KEY (`selection_id`,`website_id`),
  KEY `IDX_CATALOG_PRODUCT_BUNDLE_SELECTION_PRICE_WEBSITE_ID` (`website_id`),
  CONSTRAINT `FK_DCF37523AA05D770A70AA4ED7C2616E4` FOREIGN KEY (`selection_id`) REFERENCES `catalog_product_bundle_selection` (`selection_id`) ON DELETE CASCADE ON UPDATE CASCADE,
  CONSTRAINT `FK_CAT_PRD_BNDL_SELECTION_PRICE_WS_ID_CORE_WS_WS_ID` FOREIGN KEY (`website_id`) REFERENCES `core_website` (`website_id`) ON DELETE CASCADE ON UPDATE CASCADE
) ENGINE=InnoDB DEFAULT CHARSET=utf8 COMMENT='Catalog Product Bundle Selection Price';

/*Data for the table `catalog_product_bundle_selection_price` */



/*Table structure for table `catalog_product_bundle_stock_index` */


CREATE TABLE `catalog_product_bundle_stock_index` (
  `entity_id` int(10) unsigned NOT NULL COMMENT 'Entity Id',
  `website_id` smallint(5) unsigned NOT NULL COMMENT 'Website Id',
  `stock_id` smallint(5) unsigned NOT NULL COMMENT 'Stock Id',
  `option_id` int(10) unsigned NOT NULL DEFAULT '0' COMMENT 'Option Id',
  `stock_status` smallint(6) DEFAULT '0' COMMENT 'Stock Status',
  PRIMARY KEY (`entity_id`,`stock_id`,`website_id`,`option_id`)
) ENGINE=InnoDB DEFAULT CHARSET=utf8 COMMENT='Catalog Product Bundle Stock Index';

/*Data for the table `catalog_product_bundle_stock_index` */



/*Table structure for table `catalog_product_enabled_index` */


CREATE TABLE `catalog_product_enabled_index` (
  `product_id` int(10) unsigned NOT NULL DEFAULT '0' COMMENT 'Product ID',
  `store_id` smallint(5) unsigned NOT NULL DEFAULT '0' COMMENT 'Store ID',
  `visibility` smallint(5) unsigned NOT NULL DEFAULT '0' COMMENT 'Visibility',
  PRIMARY KEY (`product_id`,`store_id`),
  KEY `IDX_CATALOG_PRODUCT_ENABLED_INDEX_STORE_ID` (`store_id`),
  CONSTRAINT `FK_CATALOG_PRODUCT_ENABLED_INDEX_STORE_ID_CORE_STORE_STORE_ID` FOREIGN KEY (`store_id`) REFERENCES `core_store` (`store_id`) ON DELETE CASCADE ON UPDATE CASCADE,
  CONSTRAINT `FK_CAT_PRD_ENABLED_IDX_PRD_ID_CAT_PRD_ENTT_ENTT_ID` FOREIGN KEY (`product_id`) REFERENCES `catalog_product_entity` (`entity_id`) ON DELETE CASCADE ON UPDATE CASCADE
) ENGINE=InnoDB DEFAULT CHARSET=utf8 COMMENT='Catalog Product Visibility Index Table';

/*Data for the table `catalog_product_enabled_index` */


insert  into `catalog_product_enabled_index`(`product_id`,`store_id`,`visibility`) values (16,1,4),(16,2,4),(16,3,4),(17,1,4),(17,2,4),(17,3,4),(18,1,4),(18,2,4),(18,3,4),(19,1,4),(19,2,4),(19,3,4),(20,1,4),(20,2,4),(20,3,4),(25,1,4),(25,2,4),(25,3,4),(26,1,4),(26,2,4),(26,3,4),(27,1,4),(27,2,4),(27,3,4),(28,1,4),(28,2,4),(28,3,4),(29,1,1),(29,2,1),(29,3,1),(30,1,1),(30,2,1),(30,3,1),(31,1,1),(31,2,1),(31,3,1),(32,1,1),(32,2,1),(32,3,1),(33,1,1),(33,2,1),(33,3,1),(34,1,1),(34,2,1),(34,3,1),(35,1,1),(35,2,1),(35,3,1),(36,1,1),(36,2,1),(36,3,1),(37,1,1),(37,2,1),(37,3,1),(38,1,1),(38,2,1),(38,3,1),(39,1,4),(39,2,4),(39,3,4),(41,1,4),(41,2,4),(41,3,4),(42,1,4),(42,2,4),(42,3,4),(44,1,4),(44,2,4),(44,3,4),(45,1,4),(45,2,4),(45,3,4),(46,1,4),(46,2,4),(46,3,4),(47,1,4),(47,2,4),(47,3,4),(48,1,4),(48,2,4),(48,3,4),(49,1,1),(49,2,1),(49,3,1),(51,1,4),(51,2,4),(51,3,4),(52,1,4),(52,2,4),(52,3,4),(53,1,4),(53,2,4),(53,3,4),(54,1,4),(54,2,4),(54,3,4),(74,1,1),(74,2,1),(74,3,1),(75,1,1),(75,2,1),(75,3,1),(79,1,1),(79,2,1),(79,3,1),(80,1,1),(80,2,1),(80,3,1),(81,1,1),(81,2,1),(81,3,1),(82,1,1),(82,2,1),(82,3,1),(83,1,4),(83,2,4),(83,3,4),(84,1,1),(84,2,1),(84,3,1),(85,1,1),(85,2,1),(85,3,1),(86,1,1),(86,2,1),(86,3,1),(87,1,1),(87,2,1),(87,3,1),(88,1,1),(88,2,1),(88,3,1),(89,1,1),(89,2,1),(89,3,1),(90,1,1),(90,2,1),(90,3,1),(91,1,1),(91,2,1),(91,3,1),(92,1,1),(92,2,1),(92,3,1),(93,1,4),(93,2,4),(93,3,4),(94,1,1),(94,2,1),(94,3,1),(95,1,1),(95,2,1),(95,3,1),(96,1,1),(96,2,1),(96,3,1),(97,1,1),(97,2,1),(97,3,1),(98,1,4),(98,2,4),(98,3,4),(99,1,1),(99,2,1),(99,3,1),(100,1,1),(100,2,1),(100,3,1),(101,1,1),(101,2,1),(101,3,1),(102,1,1),(102,2,1),(102,3,1),(103,1,4),(103,2,4),(103,3,4),(104,1,1),(104,2,1),(104,3,1),(105,1,1),(105,2,1),(105,3,1),(106,1,1),(106,2,1),(106,3,1),(107,1,1),(107,2,1),(107,3,1),(108,1,4),(108,2,4),(108,3,4),(109,1,1),(109,2,1),(109,3,1),(110,1,1),(110,2,1),(110,3,1),(111,1,1),(111,2,1),(111,3,1),(112,1,4),(112,2,4),(112,3,4),(113,1,1),(113,2,1),(113,3,1),(114,1,1),(114,2,1),(114,3,1),(115,1,1),(115,2,1),(115,3,1),(117,1,1),(117,2,1),(117,3,1),(118,1,1),(118,2,1),(118,3,1),(119,1,4),(119,2,4),(119,3,4),(120,1,4),(120,2,4),(120,3,4),(121,1,1),(121,2,1),(121,3,1),(122,1,1),(122,2,1),(122,3,1),(123,1,4),(123,2,4),(123,3,4),(124,1,1),(124,2,1),(124,3,1),(125,1,1),(125,2,1),(125,3,1),(126,1,4),(126,2,4),(126,3,4),(127,1,1),(127,2,1),(127,3,1),(128,1,1),(128,2,1),(128,3,1),(129,1,1),(129,2,1),(129,3,1),(130,1,1),(130,2,1),(130,3,1),(131,1,1),(131,2,1),(131,3,1),(132,1,4),(132,2,4),(132,3,4),(133,1,4),(133,2,4),(133,3,4),(134,1,4),(134,2,4),(134,3,4),(135,1,4),(135,2,4),(135,3,4),(138,1,4),(138,2,4),(138,3,4),(139,1,4),(139,2,4),(139,3,4),(140,1,4),(140,2,4),(140,3,4),(141,1,4),(141,2,4),(141,3,4),(142,1,1),(142,2,1),(142,3,1),(143,1,4),(143,2,4),(143,3,4),(144,1,1),(144,2,1),(144,3,1),(145,1,4),(145,2,4),(145,3,4),(146,1,1),(146,2,1),(146,3,1),(147,1,4),(147,2,4),(147,3,4),(148,1,4),(148,2,4),(148,3,4),(149,1,4),(149,2,4),(149,3,4),(150,1,4),(150,2,4),(150,3,4),(151,1,4),(151,2,4),(151,3,4),(152,1,4),(152,2,4),(152,3,4),(153,1,4),(153,2,4),(153,3,4),(154,1,4),(154,2,4),(154,3,4),(155,1,4),(155,2,4),(155,3,4),(156,1,4),(156,2,4),(156,3,4),(157,1,4),(157,2,4),(157,3,4),(158,1,4),(158,2,4),(158,3,4),(159,1,4),(159,2,4),(159,3,4),(160,1,4),(160,2,4),(160,3,4),(161,1,4),(161,2,4),(161,3,4),(162,1,4),(162,2,4),(162,3,4),(163,1,4),(163,2,4),(163,3,4),(164,1,4),(164,2,4),(164,3,4),(165,1,4),(165,2,4),(165,3,4),(166,1,4),(166,2,4),(166,3,4);


/*Table structure for table `catalog_product_entity` */


CREATE TABLE `catalog_product_entity` (
  `entity_id` int(10) unsigned NOT NULL AUTO_INCREMENT COMMENT 'Entity ID',
  `entity_type_id` smallint(5) unsigned NOT NULL DEFAULT '0' COMMENT 'Entity Type ID',
  `attribute_set_id` smallint(5) unsigned NOT NULL DEFAULT '0' COMMENT 'Attribute Set ID',
  `type_id` varchar(32) NOT NULL DEFAULT 'simple' COMMENT 'Type ID',
  `sku` varchar(64) DEFAULT NULL COMMENT 'SKU',
  `created_at` timestamp NULL DEFAULT NULL COMMENT 'Creation Time',
  `updated_at` timestamp NULL DEFAULT NULL COMMENT 'Update Time',
  `has_options` smallint(6) NOT NULL DEFAULT '0' COMMENT 'Has Options',
  `required_options` smallint(5) unsigned NOT NULL DEFAULT '0' COMMENT 'Required Options',
  PRIMARY KEY (`entity_id`),
  KEY `IDX_CATALOG_PRODUCT_ENTITY_ENTITY_TYPE_ID` (`entity_type_id`),
  KEY `IDX_CATALOG_PRODUCT_ENTITY_ATTRIBUTE_SET_ID` (`attribute_set_id`),
  KEY `IDX_CATALOG_PRODUCT_ENTITY_SKU` (`sku`),
  CONSTRAINT `FK_CAT_PRD_ENTT_ENTT_TYPE_ID_EAV_ENTT_TYPE_ENTT_TYPE_ID` FOREIGN KEY (`entity_type_id`) REFERENCES `eav_entity_type` (`entity_type_id`) ON DELETE CASCADE ON UPDATE CASCADE,
  CONSTRAINT `FK_CAT_PRD_ENTT_ATTR_SET_ID_EAV_ATTR_SET_ATTR_SET_ID` FOREIGN KEY (`attribute_set_id`) REFERENCES `eav_attribute_set` (`attribute_set_id`) ON DELETE CASCADE ON UPDATE CASCADE
) ENGINE=InnoDB AUTO_INCREMENT=167 DEFAULT CHARSET=utf8 COMMENT='Catalog Product Table';

/*Data for the table `catalog_product_entity` */


insert  into `catalog_product_entity`(`entity_id`,`entity_type_id`,`attribute_set_id`,`type_id`,`sku`,`created_at`,`updated_at`,`has_options`,`required_options`) values (16,10,38,'simple','n2610','2007-08-23 13:03:05','2008-08-08 14:50:04',0,0),(17,10,38,'simple','bb8100','2007-08-23 15:40:26','2008-08-08 14:50:23',0,0),(18,10,38,'simple','sw810i','2007-08-23 15:47:44','2008-08-08 14:50:56',0,0),(19,10,38,'simple','8525PDA','2007-08-23 15:55:29','2008-08-08 14:51:11',0,0),(20,10,38,'simple','MM-A900M','2007-08-23 18:06:42','2008-08-08 14:51:27',0,0),(25,10,39,'simple','MA464LL/A','2007-08-24 14:28:50','2008-07-28 21:27:34',1,0),(26,10,39,'simple','LX.FR206.001','2007-08-24 14:35:16','2008-08-05 07:14:52',1,0),(27,10,39,'simple','VGN-TXN27N/B','2007-08-24 14:41:56','2008-08-06 05:12:24',0,0),(28,10,39,'simple','M285-E','2007-08-24 14:47:57','2008-08-08 14:51:44',0,0),(29,10,40,'simple','cn_3','2007-08-24 18:53:19','2008-08-08 00:51:34',0,0),(30,10,40,'simple','asc_8','2007-08-24 19:00:49','2008-07-31 17:23:28',0,0),(31,10,40,'simple','steve_4','2007-08-24 19:05:50','2008-08-08 01:02:40',0,0),(32,10,40,'simple','nine_3','2007-08-24 19:12:54','2008-07-31 18:06:25',0,0),(33,10,40,'simple','ecco_3','2007-08-24 19:21:42','2008-08-08 01:04:49',0,0),(34,10,40,'simple','ken_8','2007-08-24 19:27:04','2008-08-08 00:58:35',0,0),(35,10,41,'simple','coal_sm','2007-08-24 19:49:30','2008-07-31 17:36:42',0,0),(36,10,41,'simple','ink_sm','2007-08-24 19:53:06','2008-08-08 00:49:48',0,0),(37,10,41,'simple','oc_sm','2007-08-24 19:59:39','2008-08-08 00:47:47',0,0),(38,10,41,'simple','zol_r_sm','2007-08-24 20:02:08','2008-08-08 00:39:57',0,0),(39,10,41,'simple','4fasd5f5','2007-08-24 20:07:02','2008-06-24 23:45:44',0,0),(41,10,42,'simple','384822','2007-08-27 10:43:59','2008-07-29 22:28:43',0,0),(42,10,42,'simple','bar1234','2007-08-27 10:50:01','2008-06-24 23:59:46',0,0),(44,10,44,'simple','Rebel XT','2007-08-28 13:06:05','2008-06-24 22:50:46',0,0),(45,10,44,'simple','QC-2185','2007-08-28 13:18:56','2008-08-08 14:52:48',0,0),(46,10,44,'simple','750','2007-08-28 13:23:34','2008-08-08 14:57:57',0,0),(47,10,44,'simple','A630','2007-08-28 13:27:14','2008-08-08 14:58:14',0,0),(48,10,44,'simple','C530','2007-08-28 13:32:20','2008-08-08 14:58:41',0,0),(49,10,40,'simple','ana_9','2007-08-28 15:09:50','2008-08-08 01:07:50',0,0),(51,10,42,'simple','1111','2007-08-28 16:25:46','2008-08-08 14:59:04',0,0),(52,10,42,'simple','1112','2007-08-28 16:29:24','2008-08-08 14:59:17',0,0),(53,10,42,'simple','1113','2007-08-28 16:32:24','2008-08-08 14:59:40',0,0),(54,10,42,'grouped','1114','2007-08-28 16:38:54','2008-08-08 15:00:22',0,0),(74,10,40,'simple','ana_3','2007-08-28 15:09:50','2008-08-08 13:19:48',0,0),(75,10,40,'simple','ana_4','2007-08-28 15:09:50','2008-08-08 01:07:18',0,0),(79,10,40,'simple','ana_5','2007-08-28 15:09:50','2008-08-08 01:07:11',0,0),(80,10,40,'simple','ana_6','2007-08-28 15:09:50','2008-08-08 01:07:25',0,0),(81,10,40,'simple','ana_7','2007-08-28 15:09:50','2008-08-08 01:07:32',0,0),(82,10,40,'simple','ana_8','2007-08-28 15:09:50','2008-08-08 01:07:44',0,0),(83,10,40,'configurable','cn','2007-08-29 10:32:52','2008-08-08 15:00:07',1,1),(84,10,40,'simple','cn_4','2007-08-24 18:53:19','2008-08-08 00:53:37',0,0),(85,10,40,'simple','cn_5','2007-08-24 18:53:19','2008-08-08 00:53:55',0,0),(86,10,40,'simple','cn_6','2007-08-24 18:53:19','2008-08-08 00:53:50',0,0),(87,10,40,'simple','cn_7','2007-08-24 18:53:19','2008-08-08 00:54:00',0,0),(88,10,40,'simple','cn_m8','2007-08-24 18:53:19','2008-08-08 00:54:10',0,0),(89,10,40,'simple','cn_m9','2007-08-24 18:53:19','2008-08-08 00:54:27',0,0),(90,10,40,'simple','cn_m10','2007-08-24 18:53:19','2008-08-08 00:54:36',0,0),(91,10,40,'simple','cn_m11','2007-08-24 18:53:19','2008-08-08 00:54:40',0,0),(92,10,40,'simple','cn_m12','2007-08-24 18:53:19','2008-08-08 00:54:45',0,0),(93,10,40,'configurable','asc','2007-08-29 11:46:47','2008-08-08 15:00:35',1,1),(94,10,40,'simple','asc_9','2007-08-24 19:00:49','2008-07-31 17:23:18',0,0),(95,10,40,'simple','asc_10','2007-08-24 19:00:49','2008-07-31 17:23:37',0,0),(96,10,40,'simple','asc_11','2007-08-24 19:00:49','2008-07-31 17:23:47',0,0),(97,10,40,'simple','asc_12','2007-08-24 19:00:49','2008-07-31 17:23:58',0,0),(98,10,40,'configurable','ken','2007-08-29 12:09:17','2008-08-08 14:29:46',1,1),(99,10,40,'simple','ken_9','2007-08-24 19:27:04','2008-08-08 00:57:45',0,0),(100,10,40,'simple','ken_10','2007-08-24 19:27:04','2008-08-08 00:56:05',0,0),(101,10,40,'simple','ken_11','2007-08-24 19:27:04','2008-08-08 00:57:03',0,0),(102,10,40,'simple','ken_12','2007-08-24 19:27:04','2008-08-08 00:57:40',0,0),(103,10,40,'configurable','steve','2007-08-29 12:29:46','2008-08-08 15:02:24',1,1),(104,10,40,'simple','steve_5','2007-08-24 19:05:50','2008-08-08 01:02:34',0,0),(105,10,40,'simple','steve_6','2007-08-24 19:05:50','2008-08-08 01:02:56',0,0),(106,10,40,'simple','steve_7','2007-08-24 19:05:50','2008-08-08 01:03:00',0,0),(107,10,40,'simple','steve_8','2007-08-24 19:05:50','2008-08-08 01:03:06',0,0),(108,10,40,'configurable','nine','2007-08-29 12:52:39','2008-08-08 15:02:34',1,1),(109,10,40,'simple','nine_4','2007-08-24 19:12:54','2008-07-31 18:06:49',0,0),(110,10,40,'simple','nine_5','2007-08-24 19:12:54','2008-07-31 18:06:42',0,0),(111,10,40,'simple','nine_6','2007-08-24 19:12:54','2008-07-31 18:07:09',0,0),(112,10,40,'configurable','ecco','2007-08-29 13:17:43','2008-08-08 15:02:49',1,1),(113,10,40,'simple','ecco_4','2007-08-24 19:21:42','2008-08-08 01:04:28',0,0),(114,10,40,'simple','ecco_5','2007-08-24 19:21:42','2008-08-08 01:04:37',0,0),(115,10,40,'simple','ecco_6','2007-08-24 19:21:42','2008-08-08 01:04:44',0,0),(117,10,41,'simple','coal_md','2007-08-24 19:49:30','2008-07-31 17:37:23',0,0),(118,10,41,'simple','coal_lrg','2007-08-24 19:49:30','2008-07-31 17:38:30',0,0),(119,10,41,'configurable','coal_1','2007-08-29 15:00:05','2008-08-08 13:26:35',1,1),(120,10,41,'configurable','ink','2007-08-29 15:06:16','2008-08-08 15:05:04',1,1),(121,10,41,'simple','ink_med','2007-08-24 19:53:06','2008-08-08 00:49:36',0,0),(122,10,41,'simple','ink_lrg','2007-08-24 19:53:06','2008-08-08 00:49:19',0,0),(123,10,41,'configurable','oc','2007-08-29 15:14:29','2008-06-24 22:59:14',1,0),(124,10,41,'simple','oc_med','2007-08-24 19:59:39','2008-08-08 00:47:56',0,0),(125,10,41,'simple','oc_lrg','2007-08-24 19:59:39','2008-08-08 00:48:14',0,0),(126,10,41,'configurable','zol','2007-08-29 15:31:56','2008-08-08 15:05:22',1,1),(127,10,41,'simple','zol_g_sm','2007-08-24 20:02:08','2008-08-08 00:40:33',0,0),(128,10,41,'simple','zol_r_med','2007-08-24 20:02:08','2008-08-08 00:41:39',0,0),(129,10,41,'simple','zol_g_med','2007-08-24 20:02:08','2008-08-08 00:40:59',0,0),(130,10,41,'simple','zol_r_lrg','2007-08-24 20:02:08','2008-08-08 00:40:28',0,0),(131,10,41,'simple','zol_g_lrg','2007-08-24 20:02:08','2008-08-08 00:41:10',0,0),(132,10,9,'simple','ac674','2007-08-29 19:53:55','2008-08-08 15:05:45',0,0),(133,10,9,'simple','ac9003','2007-08-29 19:56:27','2008-06-28 01:57:22',0,0),(134,10,9,'simple','ac-66332','2007-08-29 19:59:29','2008-06-28 01:57:16',0,0),(135,10,40,'configurable','ana','2007-08-30 11:22:53','2008-08-08 15:06:02',1,1),(137,10,41,'simple','zol_b_med','2007-10-04 07:46:58','2008-08-08 00:41:29',0,0),(138,10,9,'simple','apevia-black','2008-07-25 00:52:03','2008-08-08 13:36:29',0,0),(139,10,9,'simple','nzxtlexa','2008-07-25 00:54:41','2008-07-25 00:54:41',0,0),(140,10,58,'simple','2gbdimm','2008-07-25 00:59:55','2008-07-25 02:14:23',0,0),(141,10,58,'simple','1gbdimm','2008-07-25 01:02:21','2008-07-25 02:13:04',0,0),(142,10,59,'virtual','1yr_p_l','2008-07-25 01:02:54','2008-07-25 01:02:54',0,0),(143,10,58,'simple','512dimm','2008-07-25 01:05:00','2008-07-25 02:12:45',0,0),(144,10,59,'virtual','2yr_p_l','2008-07-25 01:06:02','2008-07-25 01:06:02',0,0),(145,10,60,'simple','amdphenom','2008-07-25 01:07:37','2008-08-08 15:10:32',0,0),(146,10,59,'virtual','3yr_p_l','2008-07-25 01:07:50','2008-07-25 01:07:50',0,0),(147,10,61,'simple','226bw','2008-07-25 01:10:17','2008-08-08 15:33:30',0,0),(148,10,60,'simple','amda64','2008-07-25 01:10:21','2008-08-08 15:11:01',0,0),(149,10,62,'simple','1tb7200','2008-07-25 01:12:44','2008-07-25 02:10:08',0,0),(150,10,62,'simple','500gb7200','2008-07-25 01:12:44','2008-07-25 02:09:26',0,0),(151,10,60,'simple','intelc2d','2008-07-25 01:13:21','2008-08-08 15:33:10',0,0),(152,10,61,'simple','W2452T-TF','2008-07-25 01:14:11','2008-08-08 15:33:00',0,0),(153,10,60,'simple','intelcore2extreme','2008-07-25 01:15:29','2008-08-08 15:32:36',0,0),(154,10,62,'simple','500gb5400','2008-07-25 01:16:03','2008-07-25 02:08:37',0,0),(155,10,62,'simple','250gb5400','2008-07-25 01:16:03','2008-07-25 02:07:40',0,0),(156,10,61,'simple','W1952TQ-TF','2008-07-25 01:16:51','2008-08-08 15:33:26',0,0),(157,10,61,'simple','M9179LL','2008-07-25 01:19:30','2008-08-08 15:32:12',0,0),(158,10,39,'bundle','VGN-TXN27N/BW','2008-07-25 01:21:23','2008-07-25 02:05:56',1,1),(159,10,9,'simple','microsoftnatural','2008-07-25 01:22:14','2008-08-08 15:31:54',0,0),(160,10,9,'simple','logitechcord','2008-07-25 01:24:15','2008-08-08 15:31:33',0,0),(161,10,9,'simple','logidinovo','2008-07-25 01:25:09','2008-08-08 15:31:22',0,0),(162,10,9,'simple','micronmouse5000','2008-07-25 01:25:11','2008-08-08 15:31:01',0,0),(163,10,9,'bundle','computer','2008-07-25 01:34:24','2008-07-29 01:33:10',1,1),(164,10,9,'bundle','computer_fixed','2008-07-25 01:36:33','2008-07-31 09:30:37',1,1),(165,10,39,'bundle','mycomputer','2008-07-25 01:40:27','2008-07-31 16:19:40',1,1),(166,10,38,'simple','HTC Touch Diamond','2008-07-25 02:22:13','2008-07-25 02:22:44',0,0);


/*Table structure for table `catalog_product_entity_datetime` */


CREATE TABLE `catalog_product_entity_datetime` (
  `value_id` int(11) NOT NULL AUTO_INCREMENT COMMENT 'Value ID',
  `entity_type_id` smallint(5) unsigned NOT NULL COMMENT 'Entity Type ID',
  `attribute_id` smallint(5) unsigned NOT NULL COMMENT 'Attribute ID',
  `store_id` smallint(5) unsigned NOT NULL COMMENT 'Store ID',
  `entity_id` int(10) unsigned NOT NULL COMMENT 'Entity ID',
  `value` datetime DEFAULT NULL COMMENT 'Value',
  PRIMARY KEY (`value_id`),
  UNIQUE KEY `UNQ_CAT_PRD_ENTT_DTIME_ENTT_ID_ATTR_ID_STORE_ID` (`entity_id`,`attribute_id`,`store_id`),
  KEY `IDX_CATALOG_PRODUCT_ENTITY_DATETIME_ATTRIBUTE_ID` (`attribute_id`),
  KEY `IDX_CATALOG_PRODUCT_ENTITY_DATETIME_STORE_ID` (`store_id`),
  KEY `IDX_CATALOG_PRODUCT_ENTITY_DATETIME_ENTITY_ID` (`entity_id`),
  CONSTRAINT `FK_CATALOG_PRODUCT_ENTITY_DATETIME_STORE_ID_CORE_STORE_STORE_ID` FOREIGN KEY (`store_id`) REFERENCES `core_store` (`store_id`) ON DELETE CASCADE ON UPDATE CASCADE,
  CONSTRAINT `FK_CAT_PRD_ENTT_DTIME_ATTR_ID_EAV_ATTR_ATTR_ID` FOREIGN KEY (`attribute_id`) REFERENCES `eav_attribute` (`attribute_id`) ON DELETE CASCADE ON UPDATE CASCADE,
  CONSTRAINT `FK_CAT_PRD_ENTT_DTIME_ENTT_ID_CAT_PRD_ENTT_ENTT_ID` FOREIGN KEY (`entity_id`) REFERENCES `catalog_product_entity` (`entity_id`) ON DELETE CASCADE ON UPDATE CASCADE
) ENGINE=InnoDB AUTO_INCREMENT=2 DEFAULT CHARSET=utf8 COMMENT='Catalog Product Datetime Attribute Backend Table';

/*Data for the table `catalog_product_entity_datetime` */


insert  into `catalog_product_entity_datetime`(`value_id`,`entity_type_id`,`attribute_id`,`store_id`,`entity_id`,`value`) values (1,10,568,0,165,'2008-07-30 00:00:00');


/*Table structure for table `catalog_product_entity_decimal` */


CREATE TABLE `catalog_product_entity_decimal` (
  `value_id` int(11) NOT NULL AUTO_INCREMENT COMMENT 'Value ID',
  `entity_type_id` smallint(5) unsigned NOT NULL COMMENT 'Entity Type ID',
  `attribute_id` smallint(5) unsigned NOT NULL COMMENT 'Attribute ID',
  `store_id` smallint(5) unsigned NOT NULL COMMENT 'Store ID',
  `entity_id` int(10) unsigned NOT NULL COMMENT 'Entity ID',
  `value` decimal(12,4) DEFAULT NULL COMMENT 'Value',
  PRIMARY KEY (`value_id`),
  UNIQUE KEY `UNQ_CAT_PRD_ENTT_DEC_ENTT_ID_ATTR_ID_STORE_ID` (`entity_id`,`attribute_id`,`store_id`),
  KEY `IDX_CATALOG_PRODUCT_ENTITY_DECIMAL_STORE_ID` (`store_id`),
  KEY `IDX_CATALOG_PRODUCT_ENTITY_DECIMAL_ENTITY_ID` (`entity_id`),
  KEY `IDX_CATALOG_PRODUCT_ENTITY_DECIMAL_ATTRIBUTE_ID` (`attribute_id`),
  CONSTRAINT `FK_CATALOG_PRODUCT_ENTITY_DECIMAL_STORE_ID_CORE_STORE_STORE_ID` FOREIGN KEY (`store_id`) REFERENCES `core_store` (`store_id`) ON DELETE CASCADE ON UPDATE CASCADE,
  CONSTRAINT `FK_CAT_PRD_ENTT_DEC_ATTR_ID_EAV_ATTR_ATTR_ID` FOREIGN KEY (`attribute_id`) REFERENCES `eav_attribute` (`attribute_id`) ON DELETE CASCADE ON UPDATE CASCADE,
  CONSTRAINT `FK_CAT_PRD_ENTT_DEC_ENTT_ID_CAT_PRD_ENTT_ENTT_ID` FOREIGN KEY (`entity_id`) REFERENCES `catalog_product_entity` (`entity_id`) ON DELETE CASCADE ON UPDATE CASCADE
) ENGINE=InnoDB AUTO_INCREMENT=411 DEFAULT CHARSET=utf8 COMMENT='Catalog Product Decimal Attribute Backend Table';

/*Data for the table `catalog_product_entity_decimal` */


insert  into `catalog_product_entity_decimal`(`value_id`,`entity_type_id`,`attribute_id`,`store_id`,`entity_id`,`value`) values (1,10,101,0,16,'3.2000'),(2,10,99,0,16,'149.9900'),(3,10,100,0,16,'20.0000'),(4,10,101,0,17,'15.2000'),(5,10,99,0,17,'349.9900'),(6,10,100,0,17,'29.9900'),(7,10,101,0,18,'13.6000'),(8,10,99,0,18,'399.9900'),(9,10,100,0,18,'29.9900'),(10,10,101,0,20,'1.0000'),(11,10,99,0,20,'150.0000'),(12,10,100,0,20,'29.9900'),(13,10,101,0,25,'10.6000'),(14,10,99,0,25,'2299.9900'),(15,10,100,0,25,'1299.9900'),(16,10,101,0,26,'11.4000'),(17,10,99,0,26,'1799.9900'),(18,10,100,0,26,'999.9900'),(19,10,101,0,27,'2.8000'),(20,10,99,0,27,'2699.9900'),(21,10,100,0,27,'899.9900'),(22,10,101,0,28,'10.0000'),(23,10,99,0,28,'1599.9900'),(24,10,100,0,28,'899.9900'),(25,10,101,0,29,'1.0000'),(26,10,99,0,29,'15.9900'),(27,10,100,0,29,'1.0000'),(28,10,101,0,30,'3.0000'),(29,10,99,0,30,'134.9900'),(30,10,100,0,30,'29.9900'),(31,10,101,0,31,'2.0000'),(32,10,99,0,31,'69.9900'),(33,10,100,0,31,'29.9900'),(34,10,101,0,32,'2.0000'),(35,10,99,0,32,'89.9900'),(36,10,100,0,32,'29.9900'),(37,10,101,0,33,'4.0000'),(38,10,99,0,33,'159.9900'),(39,10,100,0,33,'29.9900'),(40,10,101,0,34,'2.0000'),(41,10,99,0,34,'160.9900'),(42,10,100,0,34,'29.9900'),(43,10,101,0,35,'0.5000'),(44,10,99,0,35,'15.0000'),(45,10,100,0,35,'2.0000'),(46,10,101,0,36,'0.5000'),(47,10,99,0,36,'22.0000'),(48,10,100,0,36,'2.0000'),(49,10,101,0,37,'0.4400'),(50,10,99,0,37,'15.0000'),(51,10,100,0,37,'2.0000'),(52,10,101,0,38,'0.4400'),(53,10,99,0,38,'13.5000'),(54,10,100,0,38,'2.0000'),(55,10,101,0,19,'30.0000'),(56,10,99,0,19,'199.9900'),(57,10,100,0,19,'29.9900'),(58,10,101,0,39,'1.7500'),(59,10,99,0,39,'30.0000'),(60,10,100,0,39,'5.0000'),(61,10,101,0,41,'128.9700'),(62,10,99,0,41,'399.9900'),(63,10,100,0,41,'100.0000'),(64,10,503,0,41,'399.9900'),(65,10,101,0,42,'150.0000'),(66,10,99,0,42,'2299.0000'),(67,10,100,0,42,'800.0000'),(68,10,503,0,42,'2299.0000'),(69,10,503,0,28,'1599.9900'),(70,10,503,0,27,'2699.9900'),(71,10,503,0,26,'1799.9900'),(72,10,503,0,25,'2299.9900'),(73,10,101,0,44,'4.0000'),(74,10,99,0,44,'550.0000'),(75,10,100,0,44,'200.0000'),(76,10,503,0,44,'449.0000'),(77,10,101,0,45,'1.0000'),(78,10,99,0,45,'37.4900'),(79,10,100,0,45,'20.0000'),(80,10,100,0,46,'29.9900'),(81,10,503,0,46,'161.9400'),(82,10,101,0,47,'3.0000'),(83,10,101,0,48,'2.0000'),(84,10,99,0,48,'199.9900'),(85,10,100,0,48,'29.9900'),(86,10,100,0,49,'10.0000'),(87,10,503,0,49,'41.9500'),(88,10,101,0,51,'20.0000'),(89,10,99,0,51,'299.9900'),(90,10,100,0,51,'50.0000'),(91,10,503,0,51,'299.9900'),(92,10,101,0,52,'50.0000'),(93,10,99,0,52,'129.9900'),(94,10,100,0,52,'50.0000'),(95,10,100,0,53,'200.0000'),(96,10,503,0,53,'599.9900'),(97,10,101,0,54,'500.0000'),(98,10,99,0,54,'699.9900'),(99,10,100,0,54,'300.0000'),(100,10,503,0,54,'699.9900'),(101,10,503,0,19,'199.9900'),(102,10,503,0,17,'349.9900'),(103,10,503,0,29,'15.9900'),(104,10,503,0,35,'15.0000'),(105,10,503,0,30,'134.9900'),(106,10,503,0,36,'22.0000'),(107,10,101,0,74,'2.0000'),(108,10,99,0,74,'41.9500'),(109,10,100,0,74,'10.0000'),(110,10,503,0,74,'41.9500'),(111,10,101,0,75,'2.0000'),(112,10,99,0,75,'41.9500'),(113,10,100,0,75,'10.0000'),(114,10,503,0,75,'41.9500'),(115,10,101,0,79,'2.0000'),(116,10,99,0,79,'41.9500'),(117,10,100,0,79,'10.0000'),(118,10,503,0,79,'41.9500'),(119,10,101,0,80,'2.0000'),(120,10,99,0,80,'41.9500'),(121,10,100,0,80,'10.0000'),(122,10,100,0,81,'10.0000'),(123,10,503,0,81,'41.9500'),(124,10,101,0,82,'2.0000'),(125,10,101,0,83,'1.0000'),(126,10,99,0,83,'15.9900'),(127,10,100,0,83,'2.0000'),(128,10,100,0,84,'1.0000'),(129,10,503,0,84,'15.9900'),(130,10,101,0,85,'1.0000'),(131,10,101,0,86,'1.0000'),(132,10,99,0,86,'15.9900'),(133,10,100,0,86,'1.0000'),(134,10,100,0,87,'1.0000'),(135,10,503,0,87,'15.9900'),(136,10,101,0,88,'1.0000'),(137,10,101,0,89,'1.0000'),(138,10,99,0,89,'15.9900'),(139,10,100,0,89,'1.0000'),(140,10,100,0,90,'1.0000'),(141,10,503,0,90,'15.9900'),(142,10,101,0,91,'1.0000'),(143,10,101,0,92,'1.0000'),(144,10,99,0,92,'15.9900'),(145,10,100,0,92,'1.0000'),(146,10,100,0,93,'29.9900'),(147,10,503,0,93,'134.9900'),(148,10,101,0,94,'3.0000'),(149,10,101,0,95,'3.0000'),(150,10,99,0,95,'134.9900'),(151,10,100,0,95,'29.9900'),(152,10,100,0,96,'29.9900'),(153,10,503,0,96,'134.9900'),(154,10,101,0,97,'3.0000'),(155,10,101,0,98,'2.0000'),(156,10,99,0,98,'160.9900'),(157,10,100,0,98,'29.9900'),(158,10,99,0,99,'160.9900'),(159,10,100,0,99,'29.9900'),(160,10,503,0,99,'160.9900'),(161,10,100,0,101,'29.9900'),(162,10,503,0,101,'160.9900'),(163,10,101,0,102,'2.0000'),(164,10,101,0,103,'2.0000'),(165,10,99,0,103,'69.9900'),(166,10,100,0,103,'29.9900'),(167,10,503,0,103,'69.9900'),(168,10,503,0,31,'69.9900'),(169,10,101,0,104,'2.0000'),(170,10,99,0,104,'69.9900'),(171,10,100,0,104,'29.9900'),(172,10,503,0,104,'69.9900'),(173,10,101,0,105,'2.0000'),(174,10,99,0,105,'69.9900'),(175,10,100,0,105,'29.9900'),(176,10,503,0,105,'69.9900'),(177,10,101,0,106,'2.0000'),(178,10,99,0,106,'69.9900'),(179,10,100,0,106,'29.9900'),(180,10,503,0,106,'69.9900'),(181,10,101,0,107,'2.0000'),(182,10,99,0,107,'69.9900'),(183,10,100,0,107,'29.9900'),(184,10,503,0,107,'69.9900'),(185,10,101,0,108,'2.0000'),(186,10,99,0,108,'89.9900'),(187,10,100,0,108,'29.9900'),(188,10,503,0,108,'89.9900'),(189,10,503,0,32,'89.9900'),(190,10,101,0,109,'2.0000'),(191,10,99,0,109,'89.9900'),(192,10,100,0,109,'29.9900'),(193,10,503,0,109,'89.9900'),(194,10,101,0,110,'2.0000'),(195,10,99,0,110,'89.9900'),(196,10,100,0,110,'29.9900'),(197,10,503,0,110,'89.9900'),(198,10,101,0,111,'2.0000'),(199,10,99,0,111,'89.9900'),(200,10,100,0,112,'29.9900'),(201,10,503,0,112,'159.9900'),(202,10,101,0,113,'4.0000'),(203,10,99,0,113,'159.9900'),(204,10,100,0,114,'29.9900'),(205,10,503,0,114,'159.9900'),(206,10,101,0,115,'4.0000'),(207,10,99,0,115,'159.9900'),(208,10,100,0,115,'29.9900'),(209,10,503,0,115,'159.9900'),(210,10,503,0,33,'159.9900'),(211,10,101,0,117,'0.5000'),(212,10,99,0,117,'15.0000'),(213,10,100,0,117,'2.0000'),(214,10,503,0,117,'15.0000'),(215,10,101,0,118,'0.5000'),(216,10,99,0,118,'15.0000'),(217,10,100,0,118,'2.0000'),(218,10,503,0,118,'15.0000'),(219,10,101,0,119,'0.5000'),(220,10,99,0,120,'22.0000'),(221,10,100,0,120,'2.0000'),(222,10,503,0,120,'18.0000'),(223,10,101,0,121,'0.5000'),(224,10,99,0,121,'22.0000'),(225,10,100,0,121,'2.0000'),(226,10,503,0,121,'22.0000'),(227,10,101,0,122,'0.5000'),(228,10,99,0,122,'22.0000'),(229,10,100,0,123,'2.0000'),(230,10,503,0,123,'10.0000'),(231,10,503,0,37,'15.0000'),(232,10,101,0,124,'0.4400'),(233,10,99,0,124,'15.0000'),(234,10,100,0,124,'2.0000'),(235,10,503,0,124,'15.0000'),(236,10,101,0,125,'0.4400'),(237,10,99,0,126,'13.5000'),(238,10,100,0,126,'2.0000'),(239,10,503,0,126,'9.5000'),(240,10,503,0,38,'13.5000'),(241,10,101,0,127,'0.4400'),(242,10,99,0,127,'13.5000'),(243,10,100,0,127,'2.0000'),(244,10,503,0,128,'13.5000'),(245,10,101,0,129,'0.4400'),(246,10,99,0,129,'13.5000'),(247,10,100,0,129,'2.0000'),(248,10,503,0,129,'13.5000'),(249,10,101,0,130,'0.4400'),(250,10,99,0,130,'13.5000'),(251,10,100,0,131,'2.0000'),(252,10,503,0,131,'13.5000'),(253,10,503,0,20,'150.0000'),(254,10,99,0,132,'99.0000'),(255,10,503,0,132,'99.0000'),(256,10,99,0,134,'19.0000'),(257,10,503,0,134,'19.0000'),(258,10,101,0,135,'2.0000'),(259,10,99,0,135,'41.9500'),(260,10,100,0,135,'10.0000'),(261,10,503,0,135,'41.9500'),(262,10,101,0,137,'0.4400'),(263,10,99,0,137,'13.5000'),(264,10,100,0,137,'2.0000'),(265,10,101,0,139,'10.0000'),(266,10,99,0,139,'199.9900'),(267,10,101,0,140,'1.0000'),(268,10,99,0,140,'199.9900'),(269,10,101,0,141,'1.0000'),(270,10,99,0,141,'150.9900'),(271,10,99,0,142,'150.0000'),(272,10,101,0,143,'1.0000'),(273,10,99,0,143,'99.9900'),(274,10,99,0,144,'250.0000'),(275,10,101,0,145,'1.0000'),(276,10,101,0,148,'1.0000'),(277,10,99,0,148,'98.9900'),(278,10,101,0,149,'1.0000'),(279,10,99,0,151,'98.9900'),(280,10,101,0,152,'1.0000'),(281,10,99,0,152,'699.9900'),(282,10,101,0,155,'1.0000'),(283,10,99,0,155,'99.0000'),(284,10,101,0,156,'1.0000'),(285,10,99,0,159,'99.9900'),(286,10,101,0,160,'1.0000'),(287,10,99,0,160,'79.9900'),(288,10,101,0,161,'1.0000'),(289,10,101,0,162,'1.0000'),(290,10,99,0,162,'59.9900'),(291,10,101,0,164,'20.0000'),(292,10,99,0,164,'4999.9500'),(293,10,101,0,165,'10.0000'),(294,10,101,0,166,'0.3000'),(295,10,99,0,166,'750.0000'),(296,10,567,0,165,'75.0000'),(297,10,101,0,132,'42.0000'),(298,10,503,0,45,'37.4900'),(299,10,101,0,46,'2.0000'),(300,10,99,0,46,'161.9400'),(301,10,99,0,47,'329.9900'),(302,10,100,0,47,'29.9900'),(303,10,503,0,47,'329.9900'),(304,10,503,0,48,'199.9900'),(305,10,101,0,49,'2.0000'),(306,10,99,0,49,'41.9500'),(307,10,503,0,52,'129.9900'),(308,10,101,0,53,'200.0000'),(309,10,99,0,53,'599.9900'),(310,10,503,0,80,'41.9500'),(311,10,101,0,81,'2.0000'),(312,10,99,0,81,'41.9500'),(313,10,99,0,82,'41.9500'),(314,10,100,0,82,'10.0000'),(315,10,503,0,82,'41.9500'),(316,10,503,0,83,'13.9900'),(317,10,101,0,84,'1.0000'),(318,10,99,0,84,'15.9900'),(319,10,99,0,85,'15.9900'),(320,10,100,0,85,'1.0000'),(321,10,503,0,85,'15.9900'),(322,10,503,0,86,'15.9900'),(323,10,101,0,87,'1.0000'),(324,10,99,0,87,'15.9900'),(325,10,99,0,88,'15.9900'),(326,10,100,0,88,'1.0000'),(327,10,503,0,88,'15.9900'),(328,10,503,0,89,'15.9900'),(329,10,101,0,90,'1.0000'),(330,10,99,0,90,'15.9900'),(331,10,99,0,91,'15.9900'),(332,10,100,0,91,'1.0000'),(333,10,503,0,91,'15.9900'),(334,10,503,0,92,'15.9900'),(335,10,101,0,93,'3.0000'),(336,10,99,0,93,'134.9900'),(337,10,99,0,94,'134.9900'),(338,10,100,0,94,'29.9900'),(339,10,503,0,94,'134.9900'),(340,10,503,0,95,'134.9900'),(341,10,101,0,96,'3.0000'),(342,10,99,0,96,'134.9900'),(343,10,99,0,97,'134.9900'),(344,10,100,0,97,'29.9900'),(345,10,503,0,97,'134.9900'),(346,10,503,0,98,'160.9900'),(347,10,503,0,34,'160.9900'),(348,10,101,0,99,'2.0000'),(349,10,101,0,100,'2.0000'),(350,10,99,0,100,'160.9900'),(351,10,100,0,100,'29.9900'),(352,10,503,0,100,'160.9900'),(353,10,101,0,101,'2.0000'),(354,10,99,0,101,'160.9900'),(355,10,99,0,102,'160.9900'),(356,10,100,0,102,'29.9900'),(357,10,503,0,102,'160.9900'),(358,10,100,0,111,'29.9900'),(359,10,503,0,111,'89.9900'),(360,10,101,0,112,'4.0000'),(361,10,99,0,112,'159.9900'),(362,10,100,0,113,'29.9900'),(363,10,503,0,113,'159.9900'),(364,10,101,0,114,'4.0000'),(365,10,99,0,114,'159.9900'),(366,10,99,0,119,'15.0000'),(367,10,100,0,119,'2.0000'),(368,10,503,0,119,'10.0000'),(369,10,101,0,120,'0.5000'),(370,10,100,0,122,'2.0000'),(371,10,503,0,122,'22.0000'),(372,10,101,0,123,'0.4400'),(373,10,99,0,123,'100.0000'),(374,10,99,0,125,'15.0000'),(375,10,100,0,125,'2.0000'),(376,10,503,0,125,'15.0000'),(377,10,101,0,126,'0.4400'),(378,10,503,0,127,'13.5000'),(379,10,101,0,128,'0.4400'),(380,10,99,0,128,'13.5000'),(381,10,100,0,128,'2.0000'),(382,10,100,0,130,'2.0000'),(383,10,503,0,130,'13.5000'),(384,10,101,0,131,'0.4400'),(385,10,99,0,131,'13.5000'),(386,10,503,0,16,'149.9900'),(387,10,503,0,18,'399.9900'),(388,10,99,0,133,'34.0000'),(389,10,503,0,133,'34.0000'),(390,10,503,0,137,'13.5000'),(391,10,101,0,134,'5.0000'),(392,10,101,0,138,'10.0000'),(393,10,99,0,138,'150.0000'),(394,10,99,0,145,'335.9900'),(395,10,99,0,146,'325.0000'),(396,10,101,0,147,'1.0000'),(397,10,99,0,147,'399.9900'),(398,10,99,0,149,'399.0000'),(399,10,101,0,150,'1.0000'),(400,10,99,0,150,'299.0000'),(401,10,101,0,151,'1.0000'),(402,10,101,0,153,'1.0000'),(403,10,99,0,153,'2049.9900'),(404,10,101,0,154,'1.0000'),(405,10,99,0,154,'299.0000'),(406,10,99,0,156,'399.9900'),(407,10,101,0,157,'1.0000'),(408,10,99,0,157,'699.9900'),(409,10,101,0,159,'1.0000'),(410,10,99,0,161,'239.9900');


/*Table structure for table `catalog_product_entity_gallery` */


CREATE TABLE `catalog_product_entity_gallery` (
  `value_id` int(11) NOT NULL AUTO_INCREMENT COMMENT 'Value ID',
  `entity_type_id` smallint(5) unsigned NOT NULL COMMENT 'Entity Type ID',
  `attribute_id` smallint(5) unsigned NOT NULL COMMENT 'Attribute ID',
  `store_id` smallint(5) unsigned NOT NULL COMMENT 'Store ID',
  `entity_id` int(10) unsigned NOT NULL COMMENT 'Entity ID',
  `position` int(11) NOT NULL COMMENT 'Position',
  `value` varchar(255) NOT NULL COMMENT 'Value',
  PRIMARY KEY (`value_id`),
  UNIQUE KEY `UNQ_CAT_PRD_ENTT_GLR_ENTT_TYPE_ID_ENTT_ID_ATTR_ID_STORE_ID` (`entity_type_id`,`entity_id`,`attribute_id`,`store_id`),
  KEY `IDX_CATALOG_PRODUCT_ENTITY_GALLERY_ENTITY_ID` (`entity_id`),
  KEY `IDX_CATALOG_PRODUCT_ENTITY_GALLERY_ATTRIBUTE_ID` (`attribute_id`),
  KEY `IDX_CATALOG_PRODUCT_ENTITY_GALLERY_STORE_ID` (`store_id`),
  CONSTRAINT `FK_CATALOG_PRODUCT_ENTITY_GALLERY_STORE_ID_CORE_STORE_STORE_ID` FOREIGN KEY (`store_id`) REFERENCES `core_store` (`store_id`) ON DELETE CASCADE ON UPDATE CASCADE,
  CONSTRAINT `FK_CAT_PRD_ENTT_GLR_ATTR_ID_EAV_ATTR_ATTR_ID` FOREIGN KEY (`attribute_id`) REFERENCES `eav_attribute` (`attribute_id`) ON DELETE CASCADE ON UPDATE CASCADE,
  CONSTRAINT `FK_CAT_PRD_ENTT_GLR_ENTT_ID_CAT_PRD_ENTT_ENTT_ID` FOREIGN KEY (`entity_id`) REFERENCES `catalog_product_entity` (`entity_id`) ON DELETE CASCADE ON UPDATE CASCADE
) ENGINE=InnoDB DEFAULT CHARSET=utf8 COMMENT='Catalog Product Gallery Attribute Backend Table';

/*Data for the table `catalog_product_entity_gallery` */



/*Table structure for table `catalog_product_entity_int` */


CREATE TABLE `catalog_product_entity_int` (
  `value_id` int(11) NOT NULL AUTO_INCREMENT COMMENT 'Value ID',
  `entity_type_id` int(10) unsigned NOT NULL COMMENT 'Entity Type ID',
  `attribute_id` smallint(5) unsigned NOT NULL COMMENT 'Attribute ID',
  `store_id` smallint(5) unsigned NOT NULL COMMENT 'Store ID',
  `entity_id` int(10) unsigned NOT NULL COMMENT 'Entity ID',
  `value` int(11) DEFAULT NULL COMMENT 'Value',
  PRIMARY KEY (`value_id`),
  UNIQUE KEY `UNQ_CATALOG_PRODUCT_ENTITY_INT_ENTITY_ID_ATTRIBUTE_ID_STORE_ID` (`entity_id`,`attribute_id`,`store_id`),
  KEY `IDX_CATALOG_PRODUCT_ENTITY_INT_ATTRIBUTE_ID` (`attribute_id`),
  KEY `IDX_CATALOG_PRODUCT_ENTITY_INT_STORE_ID` (`store_id`),
  KEY `IDX_CATALOG_PRODUCT_ENTITY_INT_ENTITY_ID` (`entity_id`),
  CONSTRAINT `FK_CATALOG_PRODUCT_ENTITY_INT_STORE_ID_CORE_STORE_STORE_ID` FOREIGN KEY (`store_id`) REFERENCES `core_store` (`store_id`) ON DELETE CASCADE ON UPDATE CASCADE,
  CONSTRAINT `FK_CAT_PRD_ENTT_INT_ATTR_ID_EAV_ATTR_ATTR_ID` FOREIGN KEY (`attribute_id`) REFERENCES `eav_attribute` (`attribute_id`) ON DELETE CASCADE ON UPDATE CASCADE,
  CONSTRAINT `FK_CAT_PRD_ENTT_INT_ENTT_ID_CAT_PRD_ENTT_ENTT_ID` FOREIGN KEY (`entity_id`) REFERENCES `catalog_product_entity` (`entity_id`) ON DELETE CASCADE ON UPDATE CASCADE
) ENGINE=InnoDB AUTO_INCREMENT=687 DEFAULT CHARSET=utf8 COMMENT='Catalog Product Integer Attribute Backend Table';

/*Data for the table `catalog_product_entity_int` */


insert  into `catalog_product_entity_int`(`value_id`,`entity_type_id`,`attribute_id`,`store_id`,`entity_id`,`value`) values (1,10,273,0,16,1),(2,10,274,0,16,2),(3,10,272,0,16,24),(4,10,272,0,17,23),(5,10,273,0,17,1),(6,10,274,0,17,2),(7,10,272,0,18,24),(8,10,273,0,18,1),(9,10,274,0,18,2),(10,10,272,0,20,23),(11,10,273,0,20,1),(12,10,274,0,20,2),(13,10,272,0,25,23),(14,10,273,0,25,1),(15,10,274,0,25,2),(16,10,272,0,26,24),(17,10,273,0,26,1),(18,10,274,0,26,2),(19,10,272,0,27,24),(20,10,273,0,27,1),(21,10,274,0,27,2),(22,10,272,0,28,24),(23,10,273,0,28,1),(24,10,274,0,28,2),(25,10,501,0,29,35),(26,10,272,0,29,25),(27,10,502,0,29,46),(28,10,273,0,29,1),(29,10,274,0,29,2),(30,10,501,0,30,36),(31,10,272,0,30,61),(32,10,502,0,30,41),(33,10,107,0,30,49),(34,10,273,0,30,1),(35,10,274,0,30,2),(36,10,501,0,31,35),(37,10,272,0,31,26),(38,10,502,0,31,45),(39,10,107,0,31,51),(40,10,273,0,31,1),(41,10,274,0,31,2),(42,10,501,0,32,35),(43,10,272,0,32,26),(44,10,502,0,32,46),(45,10,107,0,32,51),(46,10,273,0,32,1),(47,10,274,0,32,2),(48,10,501,0,33,35),(49,10,502,0,33,46),(50,10,107,0,33,47),(51,10,273,0,33,1),(52,10,274,0,33,2),(53,10,501,0,34,36),(54,10,272,0,34,24),(55,10,502,0,34,41),(56,10,107,0,34,52),(57,10,273,0,34,1),(58,10,274,0,34,2),(59,10,272,0,35,22),(60,10,273,0,35,1),(61,10,274,0,35,2),(62,10,272,0,36,60),(63,10,273,0,36,1),(64,10,274,0,36,2),(65,10,272,0,37,60),(66,10,273,0,37,1),(67,10,274,0,37,2),(68,10,272,0,38,26),(69,10,273,0,38,1),(70,10,274,0,38,2),(71,10,272,0,19,23),(72,10,273,0,19,1),(73,10,274,0,19,2),(74,10,272,0,39,22),(75,10,273,0,39,1),(76,10,274,0,39,2),(77,10,272,0,41,59),(78,10,508,0,41,71),(79,10,273,0,41,1),(80,10,274,0,41,2),(81,10,272,0,42,59),(82,10,508,0,42,71),(83,10,273,0,42,1),(84,10,274,0,42,2),(85,10,272,0,44,24),(86,10,513,0,44,90),(87,10,273,0,44,1),(88,10,274,0,44,2),(89,10,272,0,45,23),(90,10,513,0,45,93),(91,10,273,0,45,1),(92,10,274,0,45,2),(93,10,272,0,46,23),(94,10,513,0,46,91),(95,10,273,0,46,1),(96,10,274,0,46,2),(97,10,272,0,47,23),(98,10,513,0,47,90),(99,10,273,0,47,1),(100,10,274,0,47,2),(101,10,272,0,48,23),(102,10,513,0,48,93),(103,10,273,0,48,1),(104,10,274,0,48,2),(105,10,501,0,49,35),(106,10,272,0,49,59),(107,10,502,0,49,40),(108,10,273,0,49,1),(109,10,274,0,49,2),(110,10,107,0,49,97),(111,10,272,0,51,26),(112,10,508,0,51,72),(113,10,273,0,51,1),(114,10,274,0,51,2),(115,10,272,0,52,26),(116,10,508,0,52,72),(117,10,273,0,52,1),(118,10,274,0,52,2),(119,10,272,0,53,26),(120,10,508,0,53,72),(121,10,273,0,53,1),(122,10,274,0,53,2),(123,10,272,0,54,26),(124,10,508,0,54,72),(125,10,273,0,54,1),(126,10,274,0,54,2),(127,10,526,0,16,4),(128,10,526,0,17,4),(129,10,526,0,18,4),(130,10,526,0,20,4),(131,10,526,0,25,4),(132,10,526,0,26,4),(133,10,526,0,27,4),(134,10,526,0,28,4),(135,10,526,0,29,1),(136,10,526,0,30,1),(137,10,526,0,31,1),(138,10,526,0,32,1),(139,10,526,0,33,1),(140,10,526,0,34,1),(141,10,526,0,35,1),(142,10,526,0,36,1),(143,10,526,0,37,1),(144,10,526,0,38,1),(145,10,526,0,41,4),(146,10,526,0,44,4),(147,10,526,0,45,4),(148,10,526,0,46,4),(149,10,526,0,47,4),(150,10,526,0,49,1),(151,10,526,0,53,4),(152,10,526,0,54,4),(153,10,510,0,28,74),(154,10,510,0,27,76),(155,10,510,0,25,77),(156,10,272,0,74,59),(157,10,502,0,74,46),(158,10,273,0,74,1),(159,10,274,0,74,2),(160,10,107,0,74,97),(161,10,526,0,74,1),(162,10,501,0,75,35),(163,10,272,0,75,59),(164,10,502,0,75,45),(165,10,273,0,75,1),(166,10,274,0,75,2),(167,10,107,0,75,97),(168,10,501,0,79,35),(169,10,273,0,79,1),(170,10,274,0,79,2),(171,10,107,0,79,97),(172,10,526,0,79,1),(173,10,501,0,80,35),(174,10,272,0,80,59),(175,10,502,0,80,43),(176,10,273,0,80,1),(177,10,274,0,80,2),(178,10,107,0,80,97),(179,10,526,0,80,1),(180,10,501,0,81,35),(181,10,272,0,81,59),(182,10,502,0,81,42),(183,10,273,0,81,1),(184,10,274,0,81,2),(185,10,107,0,81,97),(186,10,526,0,81,1),(187,10,501,0,82,35),(188,10,272,0,82,59),(189,10,502,0,82,41),(190,10,273,0,82,1),(191,10,274,0,82,2),(192,10,107,0,82,97),(193,10,526,0,82,1),(194,10,273,0,83,1),(195,10,274,0,83,2),(196,10,526,0,83,4),(197,10,107,0,83,97),(198,10,272,0,83,25),(199,10,501,0,84,35),(200,10,272,0,84,25),(201,10,502,0,84,45),(202,10,273,0,84,1),(203,10,274,0,84,2),(204,10,526,0,84,1),(205,10,107,0,84,97),(206,10,272,0,85,25),(207,10,274,0,85,2),(208,10,526,0,85,1),(209,10,107,0,85,97),(210,10,501,0,86,35),(211,10,502,0,86,43),(212,10,526,0,86,1),(213,10,107,0,86,97),(214,10,501,0,87,35),(215,10,272,0,87,25),(216,10,273,0,87,1),(217,10,107,0,87,97),(218,10,501,0,88,36),(219,10,272,0,88,25),(220,10,502,0,88,41),(221,10,274,0,88,2),(222,10,501,0,89,36),(223,10,272,0,89,25),(224,10,502,0,89,40),(225,10,273,0,89,1),(226,10,274,0,89,2),(227,10,526,0,89,1),(228,10,502,0,90,39),(229,10,526,0,90,1),(230,10,107,0,90,97),(231,10,501,0,91,36),(232,10,272,0,91,25),(233,10,502,0,91,38),(234,10,273,0,91,1),(235,10,274,0,91,2),(236,10,502,0,92,37),(237,10,526,0,92,1),(238,10,107,0,92,97),(239,10,273,0,93,1),(240,10,274,0,93,2),(241,10,526,0,93,4),(242,10,107,0,93,53),(243,10,272,0,93,61),(244,10,107,0,94,49),(245,10,526,0,94,1),(246,10,501,0,95,36),(247,10,272,0,95,61),(248,10,502,0,95,39),(249,10,107,0,95,49),(250,10,273,0,95,1),(251,10,274,0,95,2),(252,10,107,0,96,49),(253,10,526,0,96,1),(254,10,501,0,97,36),(255,10,272,0,97,61),(256,10,502,0,97,37),(257,10,107,0,97,49),(258,10,273,0,97,1),(259,10,274,0,98,2),(260,10,272,0,98,24),(261,10,501,0,98,36),(262,10,501,0,99,36),(263,10,272,0,99,24),(264,10,502,0,99,40),(265,10,107,0,99,52),(266,10,273,0,99,1),(267,10,502,0,100,39),(268,10,274,0,100,2),(269,10,526,0,100,1),(270,10,501,0,101,36),(271,10,272,0,101,24),(272,10,502,0,101,38),(273,10,107,0,101,52),(274,10,274,0,101,2),(275,10,526,0,101,1),(276,10,502,0,102,37),(277,10,107,0,102,52),(278,10,273,0,102,1),(279,10,274,0,102,2),(280,10,526,0,102,1),(281,10,274,0,103,2),(282,10,526,0,103,4),(283,10,501,0,103,35),(284,10,501,0,104,35),(285,10,272,0,104,26),(286,10,502,0,104,44),(287,10,107,0,104,51),(288,10,274,0,104,2),(289,10,526,0,104,1),(290,10,502,0,105,43),(291,10,107,0,105,51),(292,10,273,0,105,1),(293,10,274,0,105,2),(294,10,526,0,105,1),(295,10,272,0,106,26),(296,10,502,0,106,42),(297,10,526,0,106,1),(298,10,502,0,107,41),(299,10,107,0,107,51),(300,10,273,0,107,1),(301,10,274,0,107,2),(302,10,526,0,107,1),(303,10,274,0,108,2),(304,10,526,0,108,4),(305,10,501,0,108,35),(306,10,501,0,109,35),(307,10,272,0,109,26),(308,10,502,0,109,45),(309,10,107,0,109,51),(310,10,273,0,109,1),(311,10,274,0,109,2),(312,10,526,0,109,1),(313,10,501,0,110,35),(314,10,272,0,110,26),(315,10,502,0,110,44),(316,10,107,0,110,51),(317,10,273,0,110,1),(318,10,274,0,110,2),(319,10,526,0,110,1),(320,10,501,0,111,35),(321,10,107,0,111,51),(322,10,526,0,111,1),(323,10,273,0,112,1),(324,10,274,0,112,2),(325,10,526,0,112,4),(326,10,107,0,112,47),(327,10,272,0,33,59),(328,10,107,0,113,47),(329,10,273,0,113,1),(330,10,274,0,113,2),(331,10,526,0,113,1),(332,10,272,0,113,59),(333,10,501,0,114,35),(334,10,502,0,114,44),(335,10,107,0,114,47),(336,10,273,0,114,1),(337,10,274,0,114,2),(338,10,526,0,114,1),(339,10,272,0,114,59),(340,10,501,0,115,35),(341,10,502,0,115,43),(342,10,107,0,115,47),(343,10,273,0,115,1),(344,10,274,0,115,2),(345,10,526,0,115,1),(346,10,272,0,115,59),(347,10,525,0,35,100),(348,10,272,0,117,22),(349,10,273,0,117,1),(350,10,274,0,117,2),(351,10,526,0,117,1),(352,10,525,0,117,99),(353,10,272,0,118,22),(354,10,273,0,118,1),(355,10,274,0,118,2),(356,10,526,0,118,1),(357,10,525,0,118,98),(358,10,273,0,119,1),(359,10,274,0,119,2),(360,10,526,0,119,4),(361,10,501,0,119,36),(362,10,272,0,119,22),(363,10,501,0,36,35),(364,10,525,0,36,100),(365,10,273,0,120,1),(366,10,274,0,120,2),(367,10,526,0,120,4),(368,10,501,0,120,35),(369,10,272,0,120,60),(370,10,272,0,121,60),(371,10,273,0,121,1),(372,10,274,0,121,2),(373,10,525,0,121,99),(374,10,274,0,122,2),(375,10,526,0,122,1),(376,10,501,0,122,35),(377,10,525,0,122,98),(378,10,273,0,123,1),(379,10,274,0,123,2),(380,10,526,0,123,4),(381,10,501,0,123,36),(382,10,272,0,123,60),(383,10,501,0,37,36),(384,10,273,0,124,1),(385,10,501,0,124,36),(386,10,525,0,124,99),(387,10,272,0,125,60),(388,10,273,0,125,1),(389,10,274,0,125,2),(390,10,526,0,125,1),(391,10,501,0,125,36),(392,10,525,0,125,98),(393,10,273,0,126,1),(394,10,274,0,126,2),(395,10,501,0,38,36),(396,10,273,0,127,1),(397,10,274,0,127,2),(398,10,526,0,127,1),(399,10,501,0,127,36),(400,10,525,0,127,100),(401,10,272,0,128,26),(402,10,273,0,128,1),(403,10,274,0,128,2),(404,10,526,0,128,1),(405,10,501,0,128,36),(406,10,273,0,129,1),(407,10,501,0,129,36),(408,10,525,0,129,99),(409,10,272,0,130,26),(410,10,273,0,130,1),(411,10,274,0,130,2),(412,10,525,0,130,98),(413,10,274,0,131,2),(414,10,526,0,131,1),(415,10,501,0,131,36),(416,10,525,0,131,98),(417,10,501,0,117,36),(418,10,501,0,118,36),(419,10,273,0,133,1),(420,10,274,0,133,2),(421,10,526,0,133,4),(422,10,273,0,132,1),(423,10,274,0,132,2),(424,10,526,0,134,4),(425,10,526,0,135,4),(426,10,272,0,135,59),(427,10,501,0,135,35),(428,10,272,0,137,24),(429,10,273,0,137,2),(430,10,274,0,137,2),(431,10,526,0,137,1),(432,10,501,0,137,36),(433,10,525,0,137,99),(434,10,501,0,39,36),(435,10,525,0,39,99),(436,10,526,0,138,4),(437,10,274,0,139,1),(438,10,526,0,139,4),(439,10,272,0,139,23),(440,10,273,0,140,1),(441,10,274,0,140,1),(442,10,273,0,141,1),(443,10,102,0,141,111),(444,10,273,0,142,1),(445,10,274,0,142,0),(446,10,526,0,142,1),(447,10,273,0,143,1),(448,10,102,0,143,111),(449,10,526,0,144,1),(450,10,273,0,145,1),(451,10,274,0,145,1),(452,10,526,0,145,4),(453,10,526,0,146,1),(454,10,273,0,147,1),(455,10,274,0,147,0),(456,10,526,0,147,4),(457,10,102,0,147,3),(458,10,875,0,147,110),(459,10,273,0,148,1),(460,10,274,0,148,1),(461,10,526,0,148,4),(462,10,102,0,148,117),(463,10,877,0,148,115),(464,10,273,0,149,1),(465,10,274,0,149,1),(466,10,526,0,149,4),(467,10,102,0,149,118),(468,10,273,0,150,1),(469,10,274,0,150,1),(470,10,526,0,150,4),(471,10,102,0,150,118),(472,10,273,0,151,1),(473,10,274,0,151,1),(474,10,526,0,151,4),(475,10,102,0,151,116),(476,10,877,0,151,112),(477,10,273,0,152,1),(478,10,274,0,152,1),(479,10,526,0,152,4),(480,10,102,0,152,1),(481,10,875,0,152,106),(482,10,273,0,153,1),(483,10,274,0,153,1),(484,10,526,0,153,4),(485,10,102,0,153,116),(486,10,877,0,153,114),(487,10,273,0,154,1),(488,10,274,0,154,1),(489,10,526,0,154,4),(490,10,102,0,154,119),(491,10,273,0,155,1),(492,10,274,0,155,1),(493,10,526,0,155,4),(494,10,102,0,155,119),(495,10,273,0,156,1),(496,10,274,0,156,0),(497,10,526,0,156,4),(498,10,102,0,156,1),(499,10,875,0,156,106),(500,10,273,0,157,1),(501,10,274,0,157,0),(502,10,526,0,157,4),(503,10,102,0,157,29),(504,10,875,0,157,107),(505,10,860,0,158,1),(506,10,861,0,158,0),(507,10,273,0,158,1),(508,10,274,0,158,0),(509,10,526,0,158,4),(510,10,859,0,158,0),(511,10,862,0,158,1),(512,10,863,0,158,0),(513,10,273,0,159,1),(514,10,274,0,159,0),(515,10,526,0,159,4),(516,10,102,0,159,120),(517,10,273,0,160,1),(518,10,274,0,160,1),(519,10,526,0,160,4),(520,10,102,0,160,121),(521,10,272,0,160,59),(522,10,273,0,161,1),(523,10,274,0,161,0),(524,10,526,0,161,4),(525,10,102,0,161,121),(526,10,273,0,162,1),(527,10,274,0,162,1),(528,10,526,0,162,4),(529,10,102,0,162,120),(530,10,272,0,162,24),(531,10,860,0,163,0),(532,10,861,0,163,0),(533,10,273,0,163,1),(534,10,274,0,163,0),(535,10,526,0,163,4),(536,10,859,0,163,0),(537,10,862,0,163,0),(538,10,863,0,163,0),(539,10,860,0,164,1),(540,10,861,0,164,1),(541,10,273,0,164,1),(542,10,274,0,164,1),(543,10,526,0,164,4),(544,10,859,0,164,1),(545,10,862,0,164,0),(546,10,863,0,164,1),(547,10,860,0,165,1),(548,10,861,0,165,1),(549,10,273,0,165,1),(550,10,274,0,165,0),(551,10,526,0,165,4),(552,10,859,0,165,0),(553,10,862,0,165,0),(554,10,863,0,165,0),(555,10,273,0,166,1),(556,10,274,0,166,2),(557,10,526,0,166,4),(558,10,272,0,166,24),(559,10,102,0,166,122),(560,10,501,0,35,36),(561,10,526,0,19,4),(562,10,526,0,39,4),(563,10,526,0,42,4),(564,10,526,0,48,4),(565,10,526,0,51,4),(566,10,526,0,52,4),(567,10,510,0,26,79),(568,10,107,0,29,97),(569,10,501,0,74,35),(570,10,526,0,75,1),(571,10,272,0,79,59),(572,10,502,0,79,44),(573,10,501,0,85,35),(574,10,502,0,85,44),(575,10,273,0,85,1),(576,10,272,0,86,25),(577,10,273,0,86,1),(578,10,274,0,86,2),(579,10,502,0,87,42),(580,10,274,0,87,2),(581,10,526,0,87,1),(582,10,273,0,88,1),(583,10,526,0,88,1),(584,10,107,0,88,97),(585,10,107,0,89,97),(586,10,501,0,90,36),(587,10,272,0,90,25),(588,10,273,0,90,1),(589,10,274,0,90,2),(590,10,526,0,91,1),(591,10,107,0,91,97),(592,10,501,0,92,36),(593,10,272,0,92,25),(594,10,273,0,92,1),(595,10,274,0,92,2),(596,10,501,0,93,36),(597,10,501,0,94,36),(598,10,272,0,94,61),(599,10,502,0,94,40),(600,10,273,0,94,1),(601,10,274,0,94,2),(602,10,526,0,95,1),(603,10,501,0,96,36),(604,10,272,0,96,61),(605,10,502,0,96,38),(606,10,273,0,96,1),(607,10,274,0,96,2),(608,10,274,0,97,2),(609,10,526,0,97,1),(610,10,273,0,98,1),(611,10,526,0,98,4),(612,10,107,0,98,52),(613,10,274,0,99,2),(614,10,526,0,99,1),(615,10,501,0,100,36),(616,10,272,0,100,24),(617,10,107,0,100,52),(618,10,273,0,100,1),(619,10,273,0,101,1),(620,10,501,0,102,36),(621,10,272,0,102,24),(622,10,273,0,103,1),(623,10,107,0,103,52),(624,10,272,0,103,26),(625,10,273,0,104,1),(626,10,501,0,105,35),(627,10,272,0,105,26),(628,10,501,0,106,35),(629,10,107,0,106,51),(630,10,273,0,106,1),(631,10,274,0,106,2),(632,10,501,0,107,35),(633,10,272,0,107,26),(634,10,273,0,108,1),(635,10,107,0,108,51),(636,10,272,0,108,26),(637,10,272,0,111,26),(638,10,502,0,111,43),(639,10,273,0,111,1),(640,10,274,0,111,2),(641,10,272,0,112,59),(642,10,501,0,112,35),(643,10,501,0,113,35),(644,10,502,0,113,45),(645,10,526,0,121,1),(646,10,501,0,121,35),(647,10,272,0,122,60),(648,10,273,0,122,1),(649,10,525,0,37,100),(650,10,272,0,124,60),(651,10,274,0,124,2),(652,10,526,0,124,1),(653,10,526,0,126,4),(654,10,501,0,126,36),(655,10,525,0,38,100),(656,10,272,0,127,22),(657,10,525,0,128,99),(658,10,272,0,129,22),(659,10,274,0,129,2),(660,10,526,0,129,1),(661,10,526,0,130,1),(662,10,501,0,130,36),(663,10,272,0,131,22),(664,10,273,0,131,1),(665,10,526,0,132,4),(666,10,273,0,134,1),(667,10,274,0,134,2),(668,10,273,0,135,1),(669,10,274,0,135,2),(670,10,107,0,135,97),(671,10,273,0,138,1),(672,10,274,0,138,1),(673,10,272,0,138,24),(674,10,273,0,139,1),(675,10,526,0,140,4),(676,10,102,0,140,111),(677,10,274,0,141,1),(678,10,526,0,141,4),(679,10,274,0,143,1),(680,10,526,0,143,4),(681,10,273,0,144,1),(682,10,274,0,144,0),(683,10,102,0,145,117),(684,10,877,0,145,113),(685,10,273,0,146,1),(686,10,274,0,146,0);


/*Table structure for table `catalog_product_entity_media_gallery` */


CREATE TABLE `catalog_product_entity_media_gallery` (
  `value_id` int(10) unsigned NOT NULL AUTO_INCREMENT COMMENT 'Value ID',
  `attribute_id` smallint(5) unsigned NOT NULL DEFAULT '0' COMMENT 'Attribute ID',
  `entity_id` int(10) unsigned NOT NULL DEFAULT '0' COMMENT 'Entity ID',
  `value` varchar(255) DEFAULT NULL COMMENT 'Value',
  PRIMARY KEY (`value_id`),
  KEY `IDX_CATALOG_PRODUCT_ENTITY_MEDIA_GALLERY_ATTRIBUTE_ID` (`attribute_id`),
  KEY `IDX_CATALOG_PRODUCT_ENTITY_MEDIA_GALLERY_ENTITY_ID` (`entity_id`),
  CONSTRAINT `FK_CAT_PRD_ENTT_MDA_GLR_ENTT_ID_CAT_PRD_ENTT_ENTT_ID` FOREIGN KEY (`entity_id`) REFERENCES `catalog_product_entity` (`entity_id`) ON DELETE CASCADE ON UPDATE CASCADE,
  CONSTRAINT `FK_CAT_PRD_ENTT_MDA_GLR_ATTR_ID_EAV_ATTR_ATTR_ID` FOREIGN KEY (`attribute_id`) REFERENCES `eav_attribute` (`attribute_id`) ON DELETE CASCADE ON UPDATE CASCADE
) ENGINE=InnoDB AUTO_INCREMENT=366 DEFAULT CHARSET=utf8 COMMENT='Catalog Product Media Gallery Attribute Backend Table';

/*Data for the table `catalog_product_entity_media_gallery` */


insert  into `catalog_product_entity_media_gallery`(`value_id`,`attribute_id`,`entity_id`,`value`) values (1,703,17,'/b/l/blackberry-8100-pearl.jpg'),(2,703,17,'/b/l/blackberry-8100-pearl-1.jpg'),(3,703,18,'/s/o/sony-ericsson-w810i.jpg'),(4,703,18,'/s/o/sony-ericsson-w810i-1.jpg'),(5,703,29,'/c/n/cn-clogs-beach-garden-clog.jpg'),(6,703,29,'/c/n/cn-clogs-beach-garden-clog-1.jpg'),(7,703,30,'/a/s/asics-men-s-gel-kayano-xii.jpg'),(8,703,30,'/a/s/asics-men-s-gel-kayano-xii-1.jpg'),(9,703,31,'/s/t/steven-by-steve-madden-pryme-pump.jpg'),(10,703,31,'/s/t/steven-by-steve-madden-pryme-pump-1.jpg'),(11,703,32,'/n/i/nine-west-women-s-lucero-pump.jpg'),(12,703,32,'/n/i/nine-west-women-s-lucero-pump-1.jpg'),(13,703,33,'/e/c/ecco-womens-golf-flexor-golf-shoe.jpg'),(14,703,33,'/e/c/ecco-womens-golf-flexor-golf-shoe-1.jpg'),(15,703,34,'/k/e/kenneth-cole-new-york-men-s-con-verge-slip-on.jpg'),(16,703,34,'/k/e/kenneth-cole-new-york-men-s-con-verge-slip-on-1.jpg'),(17,703,35,'/c/o/coalesce-functioning-on-impatience-t-shirt.jpg'),(18,703,36,'/i/n/ink-eater-krylon-bombear-destroyed-tee.jpg'),(19,703,37,'/t/h/the-only-children-paisley-t-shirt.jpg'),(20,703,38,'/z/o/zolof-the-rock-and-roll-destroyer-lol-cat-t-shirt.jpg'),(21,703,19,'/a/t/at-t-8525-pda.jpg'),(22,703,39,'/t/h/the-get-up-kids-band-camp-pullover-hoodie.jpg'),(24,703,45,'/a/r/argus-qc-2185-quick-click-5mp-digital-camera.jpg'),(25,703,45,'/a/r/argus-qc-2185-quick-click-5mp-digital-camera-1.jpg'),(26,703,46,'/o/l/olympus-stylus-750-7-1mp-digital-camera.jpg'),(27,703,46,'/o/l/olympus-stylus-750-7-1mp-digital-camera-1.jpg'),(28,703,47,'/c/a/canon-powershot-a630-8mp-digital-camera-with-4x-optical-zoom.jpg'),(29,703,47,'/c/a/canon-powershot-a630-8mp-digital-camera-with-4x-optical-zoom-1.jpg'),(30,703,48,'/k/o/kodak-easyshare-c530-5mp-digital-camera.jpg'),(31,703,48,'/k/o/kodak-easyshare-c530-5mp-digital-camera-1.jpg'),(32,703,44,'/c/a/canon-digital-rebel-xt-8mp-digital-slr-camera.jpg'),(33,703,49,'/a/n/anashria-womens-premier-leather-sandal.jpg'),(34,703,49,'/a/n/anashria-womens-premier-leather-sandal-1.jpg'),(35,703,74,'/a/n/anashria-womens-premier-leather-sandal.jpg'),(36,703,74,'/a/n/anashria-womens-premier-leather-sandal-1.jpg'),(37,703,75,'/a/n/anashria-womens-premier-leather-sandal.jpg'),(38,703,75,'/a/n/anashria-womens-premier-leather-sandal-1.jpg'),(47,703,83,'/c/n/cn-clogs-beach-garden-clog.jpg'),(84,703,103,'/s/t/steven-by-steve-madden-pryme-pump.jpg'),(102,703,112,'/e/c/ecco-womens-golf-flexor-golf-shoe.jpg'),(112,703,119,'/c/o/coalesce-functioning-on-impatience-t-shirt.jpg'),(113,703,120,'/i/n/ink-eater-krylon-bombear-destroyed-tee.jpg'),(116,703,123,'/t/h/the-only-children-paisley-t-shirt.jpg'),(119,703,126,'/z/o/zolof-the-rock-and-roll-destroyer-lol-cat-t-shirt.jpg'),(126,703,16,'/n/o/nokia-2610-phone.jpg'),(127,703,16,'/n/o/nokia-2610-phone-1.jpg'),(130,703,44,'/c/a/canon-digital-rebel-xt-8mp-digital-slr-camera-1.jpg'),(131,703,134,'/u/n/universal-camera-charger.jpg'),(133,703,119,'/c/o/coalesce-functioning-on-impatience-t-shirt-1.jpg'),(136,703,27,'/s/o/sony-vaio-vgn-txn27n-b-11-1-notebook-pc.jpg'),(137,703,39,'/t/h/the-get-up-kids-band-camp-pullover-hoodie-1.jpg'),(139,703,41,'/a/k/akio-dresser.jpg'),(140,703,42,'/b/a/barcelona-bamboo-platform-bed.jpg'),(141,703,138,'/a/p/apevia-black-x-cruiser-case-atx-mid-tower-case-default.jpg'),(142,703,139,'/n/z/nzxt-lexa-silver-aluminum-atx-mid-tower-case-default.jpg'),(143,703,145,'/a/m/amd-phenom-x4-9850-black-ed-2-50ghz-retail.jpg'),(144,703,148,'/a/m/amd-a64-x2-3800-2-0ghz-oem.jpg'),(145,703,147,'/2/2/22-syncmaster-lcd-monitor.jpg'),(146,703,151,'/i/n/intel-c2d-e8400-3-0ghz-retail.jpg'),(147,703,152,'/2/4/24-widescreen-flat-panel-lcd-monitor.jpg'),(148,703,153,'/i/n/intel-core-2-extreme-qx9775-3-20ghz-retail.jpg'),(149,703,156,'/1/9/19-widescreen-flat-panel-lcd-monitor.jpg'),(150,703,157,'/3/0/30-flat-panel-tft-lcd-cinema-hd-monitor.jpg'),(151,703,159,'/m/i/microsoft-natural-ergonomic-keyboard-4000.jpg'),(152,703,161,'/l/o/logitech-dinovo-edge-keyboard.jpg'),(153,703,162,'/m/i/microsoft-wireless-optical-mouse-5000.jpg'),(154,703,160,'/l/o/logitech-cordless-optical-trackman.jpg'),(155,703,163,'/c/o/computer.jpg'),(156,703,164,'/g/a/gaming-computer.jpg'),(157,703,165,'/m/y/my-computer.jpg'),(158,703,158,'/s/o/sony-vaio-11-1-notebook-pc.jpg'),(159,703,155,'/s/e/seagate-250gb-hd-5400rpm.jpg'),(160,703,154,'/s/e/seagate-500gb-hd-5400rpm.jpg'),(161,703,150,'/w/e/western-digital-500gb-hd-7200rpm.jpg'),(162,703,149,'/w/e/western-digital-1tb-hd-7200rpm.jpg'),(163,703,143,'/c/r/crucial-512mb-pc4200-ddr2-533mhz-memory.jpg'),(164,703,141,'/c/r/crucial-1gb-pc4200-ddr2-533mhz-memory.jpg'),(165,703,140,'/c/r/crucial-2gb-pc4200-ddr2-533mhz-memory.jpg'),(166,703,166,'/h/t/htc-touch-diamond.jpg'),(167,703,26,'/a/c/acer-ferrari-3200-notebook-computer-pc.jpg'),(168,703,25,'/a/p/apple-macbook-pro-ma464ll-a-15-4-notebook-pc.jpg'),(171,703,93,'/a/s/asics-men-s-gel-kayano-xii.jpg'),(172,703,93,'/a/s/asics-men-s-gel-kayano-xii-1.jpg'),(173,703,93,'/a/s/asics-men-s-gel-kayano-xii-2.jpg'),(174,703,108,'/n/i/nine-west-women-s-lucero-pump.jpg'),(175,703,108,'/n/i/nine-west-women-s-lucero-pump-1.jpg'),(176,703,108,'/n/i/nine-west-women-s-lucero-pump-2.jpg'),(177,703,135,'/a/n/anashria-womens-premier-leather-sandal-2.jpg'),(178,703,135,'/a/n/anashria-womens-premier-leather-sandal-1.jpg'),(179,703,135,'/a/n/anashria-womens-premier-leather-sandal.jpg'),(180,703,83,'/c/n/cn-clogs-beach-garden-clog-2.jpg'),(181,703,83,'/c/n/cn-clogs-beach-garden-clog-1.jpg'),(182,703,112,'/e/c/ecco-womens-golf-flexor-golf-shoe-1.jpg'),(183,703,112,'/e/c/ecco-womens-golf-flexor-golf-shoe-2.jpg'),(184,703,120,'/i/n/ink-eater-krylon-bombear-destroyed-tee-1.jpg'),(185,703,126,'/z/o/zolof-the-rock-and-roll-destroyer-lol-cat-t-shirt-2.jpg'),(186,703,126,'/z/o/zolof-the-rock-and-roll-destroyer-lol-cat-t-shirt-1.jpg'),(187,703,103,'/s/t/steven-by-steve-madden-pryme-pump-2.jpg'),(188,703,103,'/s/t/steven-by-steve-madden-pryme-pump-1.jpg'),(189,703,16,'/n/o/nokia-2610-phone-2.jpg'),(190,703,17,'/b/l/blackberry-8100-pearl-2.jpg'),(191,703,18,'/s/o/sony-ericsson-w810i-2.jpg'),(192,703,20,'/s/a/samsung-mm-a900m-ace.jpg'),(193,703,28,'/t/o/toshiba-m285-e-14.jpg'),(194,703,34,'/k/e/kenneth-cole-new-york-men-s-con-verge-slip-on-2.jpg'),(195,703,37,'/t/h/the-only-children-paisley-t-shirt-1.jpg'),(196,703,19,'/a/t/at-t-8525-pda-1.jpg'),(197,703,45,'/a/r/argus-qc-2185-quick-click-5mp-digital-camera-2.jpg'),(198,703,46,'/o/l/olympus-stylus-750-7-1mp-digital-camera-2.jpg'),(199,703,47,'/c/a/canon-powershot-a630-8mp-digital-camera-with-4x-optical-zoom-2.jpg'),(200,703,48,'/k/o/kodak-easyshare-c530-5mp-digital-camera-2.jpg'),(201,703,51,'/o/t/ottoman.jpg'),(202,703,52,'/c/h/chair.jpg'),(203,703,53,'/c/o/couch.jpg'),(204,703,54,'/m/a/magento-red-furniture-set.jpg'),(205,703,133,'/u/n/universal-camera-case.jpg'),(206,703,132,'/s/l/slr-camera-tripod.jpg'),(212,703,29,'/c/n/cn-clogs-beach-garden-clog-3.jpg'),(213,703,31,'/s/t/steven-by-steve-madden-pryme-pump-3.jpg'),(214,703,33,'/e/c/ecco-womens-golf-flexor-golf-shoe-3.jpg'),(215,703,34,'/k/e/kenneth-cole-new-york-men-s-con-verge-slip-on-3.jpg'),(216,703,37,'/t/h/the-only-children-paisley-t-shirt-2.jpg'),(222,703,49,'/a/n/anashria-womens-premier-leather-sandal-3.jpg'),(227,703,75,'/a/n/anashria-womens-premier-leather-sandal-3.jpg'),(228,703,124,'/t/h/the-only-children-paisley-t-shirt-1.jpg'),(229,703,125,'/t/h/the-only-children-paisley-t-shirt-1.jpg'),(230,703,133,'/u/n/universal-camera-case-1.jpg'),(237,703,29,'/c/n/cn-clogs-beach-garden-clog-4.jpg'),(238,703,31,'/s/t/steven-by-steve-madden-pryme-pump-4.jpg'),(239,703,33,'/e/c/ecco-womens-golf-flexor-golf-shoe-4.jpg'),(240,703,34,'/k/e/kenneth-cole-new-york-men-s-con-verge-slip-on-4.jpg'),(241,703,37,'/t/h/the-only-children-paisley-t-shirt-3.jpg'),(242,703,38,'/z/o/zolof-the-rock-and-roll-destroyer-lol-cat-t-shirt-3.jpg'),(248,703,49,'/a/n/anashria-womens-premier-leather-sandal-4.jpg'),(253,703,75,'/a/n/anashria-womens-premier-leather-sandal-4.jpg'),(255,703,99,'/k/e/kenneth-cole-new-york-men-s-con-verge-slip-on-2.jpg'),(256,703,100,'/k/e/kenneth-cole-new-york-men-s-con-verge-slip-on-2.jpg'),(257,703,101,'/k/e/kenneth-cole-new-york-men-s-con-verge-slip-on-2.jpg'),(258,703,102,'/k/e/kenneth-cole-new-york-men-s-con-verge-slip-on-2.jpg'),(259,703,121,'/i/n/ink-eater-krylon-bombear-destroyed-tee-2.jpg'),(260,703,122,'/i/n/ink-eater-krylon-bombear-destroyed-tee-2.jpg'),(261,703,124,'/t/h/the-only-children-paisley-t-shirt-2.jpg'),(262,703,125,'/t/h/the-only-children-paisley-t-shirt-2.jpg'),(263,703,133,'/u/n/universal-camera-case-2.jpg'),(265,703,29,'/c/n/cn-clogs-beach-garden-clog-2.jpg'),(266,703,31,'/s/t/steven-by-steve-madden-pryme-pump-2.jpg'),(267,703,33,'/e/c/ecco-womens-golf-flexor-golf-shoe-2.jpg'),(268,703,38,'/z/o/zolof-the-rock-and-roll-destroyer-lol-cat-t-shirt-1.jpg'),(269,703,49,'/a/n/anashria-womens-premier-leather-sandal-2.jpg'),(270,703,75,'/a/n/anashria-womens-premier-leather-sandal-2.jpg'),(271,703,79,'/a/n/anashria-womens-premier-leather-sandal.jpg'),(272,703,80,'/a/n/anashria-womens-premier-leather-sandal.jpg'),(273,703,81,'/a/n/anashria-womens-premier-leather-sandal.jpg'),(274,703,82,'/a/n/anashria-womens-premier-leather-sandal.jpg'),(275,703,84,'/c/n/cn-clogs-beach-garden-clog.jpg'),(276,703,85,'/c/n/cn-clogs-beach-garden-clog.jpg'),(277,703,86,'/c/n/cn-clogs-beach-garden-clog.jpg'),(278,703,87,'/c/n/cn-clogs-beach-garden-clog.jpg'),(279,703,88,'/c/n/cn-clogs-beach-garden-clog.jpg'),(280,703,89,'/c/n/cn-clogs-beach-garden-clog.jpg'),(281,703,90,'/c/n/cn-clogs-beach-garden-clog.jpg'),(282,703,91,'/c/n/cn-clogs-beach-garden-clog.jpg'),(283,703,92,'/c/n/cn-clogs-beach-garden-clog.jpg'),(284,703,98,'/k/e/kenneth-cole-new-york-men-s-con-verge-slip-on.jpg'),(285,703,99,'/k/e/kenneth-cole-new-york-men-s-con-verge-slip-on.jpg'),(286,703,100,'/k/e/kenneth-cole-new-york-men-s-con-verge-slip-on.jpg'),(287,703,101,'/k/e/kenneth-cole-new-york-men-s-con-verge-slip-on.jpg'),(288,703,102,'/k/e/kenneth-cole-new-york-men-s-con-verge-slip-on.jpg'),(289,703,104,'/s/t/steven-by-steve-madden-pryme-pump.jpg'),(290,703,105,'/s/t/steven-by-steve-madden-pryme-pump.jpg'),(291,703,106,'/s/t/steven-by-steve-madden-pryme-pump.jpg'),(292,703,107,'/s/t/steven-by-steve-madden-pryme-pump.jpg'),(293,703,113,'/e/c/ecco-womens-golf-flexor-golf-shoe.jpg'),(294,703,114,'/e/c/ecco-womens-golf-flexor-golf-shoe.jpg'),(295,703,115,'/e/c/ecco-womens-golf-flexor-golf-shoe.jpg'),(296,703,121,'/i/n/ink-eater-krylon-bombear-destroyed-tee.jpg'),(297,703,122,'/i/n/ink-eater-krylon-bombear-destroyed-tee.jpg'),(298,703,124,'/t/h/the-only-children-paisley-t-shirt.jpg'),(299,703,125,'/t/h/the-only-children-paisley-t-shirt.jpg'),(300,703,127,'/z/o/zolof-the-rock-and-roll-destroyer-lol-cat-t-shirt.jpg'),(301,703,128,'/z/o/zolof-the-rock-and-roll-destroyer-lol-cat-t-shirt.jpg'),(302,703,129,'/z/o/zolof-the-rock-and-roll-destroyer-lol-cat-t-shirt.jpg'),(303,703,130,'/z/o/zolof-the-rock-and-roll-destroyer-lol-cat-t-shirt.jpg'),(304,703,131,'/z/o/zolof-the-rock-and-roll-destroyer-lol-cat-t-shirt.jpg'),(305,703,137,'/z/o/zolof-the-rock-and-roll-destroyer-lol-cat-t-shirt.jpg'),(306,703,38,'/z/o/zolof-the-rock-and-roll-destroyer-lol-cat-t-shirt-2.jpg'),(307,703,79,'/a/n/anashria-womens-premier-leather-sandal-1.jpg'),(308,703,80,'/a/n/anashria-womens-premier-leather-sandal-1.jpg'),(309,703,81,'/a/n/anashria-womens-premier-leather-sandal-1.jpg'),(310,703,82,'/a/n/anashria-womens-premier-leather-sandal-1.jpg'),(311,703,84,'/c/n/cn-clogs-beach-garden-clog-1.jpg'),(312,703,85,'/c/n/cn-clogs-beach-garden-clog-1.jpg'),(313,703,86,'/c/n/cn-clogs-beach-garden-clog-1.jpg'),(314,703,87,'/c/n/cn-clogs-beach-garden-clog-1.jpg'),(315,703,88,'/c/n/cn-clogs-beach-garden-clog-1.jpg'),(316,703,89,'/c/n/cn-clogs-beach-garden-clog-1.jpg'),(317,703,90,'/c/n/cn-clogs-beach-garden-clog-1.jpg'),(318,703,91,'/c/n/cn-clogs-beach-garden-clog-1.jpg'),(319,703,92,'/c/n/cn-clogs-beach-garden-clog-1.jpg'),(321,703,99,'/k/e/kenneth-cole-new-york-men-s-con-verge-slip-on-1.jpg'),(322,703,100,'/k/e/kenneth-cole-new-york-men-s-con-verge-slip-on-1.jpg'),(323,703,101,'/k/e/kenneth-cole-new-york-men-s-con-verge-slip-on-1.jpg'),(324,703,102,'/k/e/kenneth-cole-new-york-men-s-con-verge-slip-on-1.jpg'),(325,703,104,'/s/t/steven-by-steve-madden-pryme-pump-1.jpg'),(326,703,105,'/s/t/steven-by-steve-madden-pryme-pump-1.jpg'),(327,703,106,'/s/t/steven-by-steve-madden-pryme-pump-1.jpg'),(328,703,107,'/s/t/steven-by-steve-madden-pryme-pump-1.jpg'),(329,703,113,'/e/c/ecco-womens-golf-flexor-golf-shoe-1.jpg'),(330,703,114,'/e/c/ecco-womens-golf-flexor-golf-shoe-1.jpg'),(331,703,115,'/e/c/ecco-womens-golf-flexor-golf-shoe-1.jpg'),(332,703,121,'/i/n/ink-eater-krylon-bombear-destroyed-tee-1.jpg'),(333,703,122,'/i/n/ink-eater-krylon-bombear-destroyed-tee-1.jpg'),(334,703,127,'/z/o/zolof-the-rock-and-roll-destroyer-lol-cat-t-shirt-1.jpg'),(335,703,128,'/z/o/zolof-the-rock-and-roll-destroyer-lol-cat-t-shirt-1.jpg'),(336,703,129,'/z/o/zolof-the-rock-and-roll-destroyer-lol-cat-t-shirt-1.jpg'),(337,703,130,'/z/o/zolof-the-rock-and-roll-destroyer-lol-cat-t-shirt-1.jpg'),(338,703,131,'/z/o/zolof-the-rock-and-roll-destroyer-lol-cat-t-shirt-1.jpg'),(339,703,137,'/z/o/zolof-the-rock-and-roll-destroyer-lol-cat-t-shirt-1.jpg'),(340,703,79,'/a/n/anashria-womens-premier-leather-sandal-2.jpg'),(341,703,80,'/a/n/anashria-womens-premier-leather-sandal-2.jpg'),(342,703,81,'/a/n/anashria-womens-premier-leather-sandal-2.jpg'),(343,703,82,'/a/n/anashria-womens-premier-leather-sandal-2.jpg'),(344,703,84,'/c/n/cn-clogs-beach-garden-clog-2.jpg'),(345,703,85,'/c/n/cn-clogs-beach-garden-clog-2.jpg'),(346,703,86,'/c/n/cn-clogs-beach-garden-clog-2.jpg'),(347,703,87,'/c/n/cn-clogs-beach-garden-clog-2.jpg'),(348,703,88,'/c/n/cn-clogs-beach-garden-clog-2.jpg'),(349,703,89,'/c/n/cn-clogs-beach-garden-clog-2.jpg'),(350,703,90,'/c/n/cn-clogs-beach-garden-clog-2.jpg'),(351,703,91,'/c/n/cn-clogs-beach-garden-clog-2.jpg'),(352,703,92,'/c/n/cn-clogs-beach-garden-clog-2.jpg'),(353,703,104,'/s/t/steven-by-steve-madden-pryme-pump-2.jpg'),(354,703,105,'/s/t/steven-by-steve-madden-pryme-pump-2.jpg'),(355,703,106,'/s/t/steven-by-steve-madden-pryme-pump-2.jpg'),(356,703,107,'/s/t/steven-by-steve-madden-pryme-pump-2.jpg'),(357,703,113,'/e/c/ecco-womens-golf-flexor-golf-shoe-2.jpg'),(358,703,114,'/e/c/ecco-womens-golf-flexor-golf-shoe-2.jpg'),(359,703,115,'/e/c/ecco-womens-golf-flexor-golf-shoe-2.jpg'),(360,703,127,'/z/o/zolof-the-rock-and-roll-destroyer-lol-cat-t-shirt-2.jpg'),(361,703,128,'/z/o/zolof-the-rock-and-roll-destroyer-lol-cat-t-shirt-2.jpg'),(362,703,129,'/z/o/zolof-the-rock-and-roll-destroyer-lol-cat-t-shirt-2.jpg'),(363,703,130,'/z/o/zolof-the-rock-and-roll-destroyer-lol-cat-t-shirt-2.jpg'),(364,703,131,'/z/o/zolof-the-rock-and-roll-destroyer-lol-cat-t-shirt-2.jpg'),(365,703,137,'/z/o/zolof-the-rock-and-roll-destroyer-lol-cat-t-shirt-2.jpg');


/*Table structure for table `catalog_product_entity_media_gallery_value` */


CREATE TABLE `catalog_product_entity_media_gallery_value` (
  `value_id` int(10) unsigned NOT NULL DEFAULT '0' COMMENT 'Value ID',
  `store_id` smallint(5) unsigned NOT NULL DEFAULT '0' COMMENT 'Store ID',
  `label` varchar(255) DEFAULT NULL COMMENT 'Label',
  `position` int(10) unsigned DEFAULT NULL COMMENT 'Position',
  `disabled` smallint(5) unsigned NOT NULL DEFAULT '0' COMMENT 'Is Disabled',
  PRIMARY KEY (`value_id`,`store_id`),
  KEY `IDX_CATALOG_PRODUCT_ENTITY_MEDIA_GALLERY_VALUE_STORE_ID` (`store_id`),
  CONSTRAINT `FK_CAT_PRD_ENTT_MDA_GLR_VAL_STORE_ID_CORE_STORE_STORE_ID` FOREIGN KEY (`store_id`) REFERENCES `core_store` (`store_id`) ON DELETE CASCADE ON UPDATE CASCADE,
  CONSTRAINT `FK_CAT_PRD_ENTT_MDA_GLR_VAL_VAL_ID_CAT_PRD_ENTT_MDA_GLR_VAL_ID` FOREIGN KEY (`value_id`) REFERENCES `catalog_product_entity_media_gallery` (`value_id`) ON DELETE CASCADE ON UPDATE CASCADE
) ENGINE=InnoDB DEFAULT CHARSET=utf8 COMMENT='Catalog Product Media Gallery Attribute Value Table';

/*Data for the table `catalog_product_entity_media_gallery_value` */


insert  into `catalog_product_entity_media_gallery_value`(`value_id`,`store_id`,`label`,`position`,`disabled`) values (1,0,'',2,0),(2,0,'',1,0),(3,0,'',0,0),(4,0,'',0,0),(5,0,'',0,1),(6,0,'',0,1),(7,0,'',0,0),(8,0,'',0,0),(9,0,'',0,1),(10,0,'',0,1),(11,0,'',0,0),(12,0,'',0,0),(13,0,'',0,1),(14,0,'',0,1),(15,0,'',0,1),(16,0,'',0,1),(17,0,'',0,0),(18,0,'',0,0),(19,0,'',0,0),(20,0,'',0,0),(21,0,'',0,0),(22,0,'',0,0),(24,0,'',1,0),(25,0,'',2,0),(26,0,'',0,0),(27,0,'',0,0),(28,0,'',1,0),(29,0,'',2,0),(30,0,'',0,0),(31,0,'',0,0),(32,0,'',0,0),(33,0,'',0,1),(34,0,'',0,1),(35,0,'',0,1),(36,0,'',0,1),(37,0,'',0,1),(38,0,'',0,1),(47,0,'',0,1),(84,0,'',0,1),(102,0,'',0,1),(112,0,'',0,0),(113,0,'',0,1),(116,0,'',0,1),(119,0,'',0,1),(126,0,'',2,0),(127,0,'',1,0),(130,0,'',1,1),(131,0,'',1,1),(133,0,'',1,1),(136,0,'',1,1),(137,0,'',1,1),(139,0,'',1,1),(140,0,'',1,1),(141,0,'',1,0),(142,0,'',1,0),(143,0,'',1,1),(144,0,'',1,1),(145,0,'',1,1),(146,0,'',1,1),(147,0,'',1,1),(148,0,'',1,1),(149,0,'',1,1),(150,0,'',1,1),(151,0,'',1,1),(152,0,'',1,1),(153,0,'',1,1),(154,0,'',1,1),(155,0,'',1,1),(156,0,'',1,1),(157,0,'',1,1),(158,0,'',1,1),(159,0,'',1,1),(160,0,'',1,1),(161,0,'',1,1),(162,0,'',1,1),(163,0,'',1,1),(164,0,'',1,1),(165,0,'',1,1),(166,0,'',1,1),(167,0,'',1,1),(168,0,'',1,1),(171,0,'',2,0),(172,0,'',1,0),(173,0,'',0,1),(174,0,'',0,1),(175,0,'',1,0),(176,0,'',2,0),(177,0,'',2,0),(178,0,'',1,0),(179,0,'',0,1),(180,0,'',0,0),(181,0,'',0,0),(182,0,'',1,0),(183,0,'',2,0),(184,0,'',0,0),(185,0,'',0,0),(186,0,'',0,0),(187,0,'',1,0),(188,0,'',2,0),(189,0,'',0,1),(190,0,'',0,1),(191,0,'',0,1),(192,0,'',0,1),(193,0,'',0,1),(194,0,'',0,1),(195,0,'',0,1),(196,0,'',0,1),(197,0,'',0,1),(198,0,'',0,1),(199,0,'',0,1),(200,0,'',0,1),(201,0,'',0,1),(202,0,'',0,1),(203,0,'',0,1),(204,0,'',0,1),(205,0,'',0,1),(206,0,'',0,1),(212,0,'',0,1),(213,0,'',0,1),(214,0,'',0,1),(215,0,'',0,1),(216,0,'',0,1),(222,0,'',0,1),(227,0,'',0,1),(228,0,'',0,1),(229,0,'',0,1),(230,0,'',0,1),(237,0,'',0,1),(238,0,'',0,1),(239,0,'',0,1),(240,0,'',0,1),(241,0,'',0,1),(242,0,'',0,1),(248,0,'',0,1),(253,0,'',0,1),(255,0,'',0,1),(256,0,'',0,1),(257,0,'',0,1),(258,0,'',0,1),(259,0,'',0,1),(260,0,'',0,1),(261,0,'',0,1),(262,0,'',0,1),(263,0,'',0,1),(265,0,'',0,1),(266,0,'',0,1),(267,0,'',0,1),(268,0,'',0,1),(269,0,'',0,1),(270,0,'',0,1),(271,0,'',0,1),(272,0,'',0,1),(273,0,'',0,1),(274,0,'',0,1),(275,0,'',0,1),(276,0,'',0,1),(277,0,'',0,1),(278,0,'',0,1),(279,0,'',0,1),(280,0,'',0,1),(281,0,'',0,1),(282,0,'',0,1),(283,0,'',0,1),(284,0,'',0,1),(285,0,'',0,1),(286,0,'',0,1),(287,0,'',0,1),(288,0,'',0,1),(289,0,'',0,1),(290,0,'',0,1),(291,0,'',0,1),(292,0,'',0,1),(293,0,'',0,1),(294,0,'',0,1),(295,0,'',0,1),(296,0,'',0,1),(297,0,'',0,1),(298,0,'',0,1),(299,0,'',0,1),(300,0,'',0,1),(301,0,'',0,1),(302,0,'',0,1),(303,0,'',0,1),(304,0,'',0,1),(305,0,'',0,1),(306,0,'',0,1),(307,0,'',0,1),(308,0,'',0,1),(309,0,'',0,1),(310,0,'',0,1),(311,0,'',0,1),(312,0,'',0,1),(313,0,'',0,1),(314,0,'',0,1),(315,0,'',0,1),(316,0,'',0,1),(317,0,'',0,1),(318,0,'',0,1),(319,0,'',0,1),(321,0,'',0,1),(322,0,'',0,1),(323,0,'',0,1),(324,0,'',0,1),(325,0,'',0,1),(326,0,'',0,1),(327,0,'',0,1),(328,0,'',0,1),(329,0,'',0,1),(330,0,'',0,1),(331,0,'',0,1),(332,0,'',0,1),(333,0,'',0,1),(334,0,'',0,1),(335,0,'',0,1),(336,0,'',0,1),(337,0,'',0,1),(338,0,'',0,1),(339,0,'',0,1),(340,0,'',0,1),(341,0,'',0,1),(342,0,'',0,1),(343,0,'',0,1),(344,0,'',0,1),(345,0,'',0,1),(346,0,'',0,1),(347,0,'',0,1),(348,0,'',0,1),(349,0,'',0,1),(350,0,'',0,1),(351,0,'',0,1),(352,0,'',0,1),(353,0,'',0,1),(354,0,'',0,1),(355,0,'',0,1),(356,0,'',0,1),(357,0,'',0,1),(358,0,'',0,1),(359,0,'',0,1),(360,0,'',0,1),(361,0,'',0,1),(362,0,'',0,1),(363,0,'',0,1),(364,0,'',0,1),(365,0,'',0,1);


/*Table structure for table `catalog_product_entity_text` */


CREATE TABLE `catalog_product_entity_text` (
  `value_id` int(11) NOT NULL AUTO_INCREMENT COMMENT 'Value ID',
  `entity_type_id` int(10) unsigned NOT NULL COMMENT 'Entity Type ID',
  `attribute_id` smallint(5) unsigned NOT NULL COMMENT 'Attribute ID',
  `store_id` smallint(5) unsigned NOT NULL COMMENT 'Store ID',
  `entity_id` int(10) unsigned NOT NULL COMMENT 'Entity ID',
  `value` text COMMENT 'Value',
  PRIMARY KEY (`value_id`),
  UNIQUE KEY `UNQ_CATALOG_PRODUCT_ENTITY_TEXT_ENTITY_ID_ATTRIBUTE_ID_STORE_ID` (`entity_id`,`attribute_id`,`store_id`),
  KEY `IDX_CATALOG_PRODUCT_ENTITY_TEXT_ATTRIBUTE_ID` (`attribute_id`),
  KEY `IDX_CATALOG_PRODUCT_ENTITY_TEXT_STORE_ID` (`store_id`),
  KEY `IDX_CATALOG_PRODUCT_ENTITY_TEXT_ENTITY_ID` (`entity_id`),
  CONSTRAINT `FK_CATALOG_PRODUCT_ENTITY_TEXT_STORE_ID_CORE_STORE_STORE_ID` FOREIGN KEY (`store_id`) REFERENCES `core_store` (`store_id`) ON DELETE CASCADE ON UPDATE CASCADE,
  CONSTRAINT `FK_CAT_PRD_ENTT_TEXT_ATTR_ID_EAV_ATTR_ATTR_ID` FOREIGN KEY (`attribute_id`) REFERENCES `eav_attribute` (`attribute_id`) ON DELETE CASCADE ON UPDATE CASCADE,
  CONSTRAINT `FK_CAT_PRD_ENTT_TEXT_ENTT_ID_CAT_PRD_ENTT_ENTT_ID` FOREIGN KEY (`entity_id`) REFERENCES `catalog_product_entity` (`entity_id`) ON DELETE CASCADE ON UPDATE CASCADE
) ENGINE=InnoDB AUTO_INCREMENT=693 DEFAULT CHARSET=utf8 COMMENT='Catalog Product Text Attribute Backend Table';

/*Data for the table `catalog_product_entity_text` */


insert  into `catalog_product_entity_text`(`value_id`,`entity_type_id`,`attribute_id`,`store_id`,`entity_id`,`value`) values (1,10,495,0,16,'2610'),(2,10,494,0,16,'4.1 x 1.7 x 0.7 inches '),(3,10,97,0,16,'The Nokia 2610 is an easy to use device that combines multiple messaging options including email, instant messaging, and more. You can even download MP3 ringtones, graphics, and games straight to the phone, or surf the Internet with Cingular\'s MEdia Net service. It\'s the perfect complement to Cingular service for those even remotely interested in mobile Web capabilities in an affordable handset.<br><br>\r\n\r\n<b>Design</b><br>\r\nCompact and stylish, the 2610 features a candybar design sporting a bright 128 x 128 pixel display capable of displaying over 65,000 colors. Most of the phone\'s features and on-screen menus are controlled by a center toggle on the control pad. A standard hands-free headphone jack is provided, as are volume control keys, and there\'s even a \"Go-To\" button that can be assigned by the user for quick access to favorite applications. Lastly, the included speakerphone allows you to talk handsfree, and because the phone sports an internal antenna, there\'s nothing to snag or break off.\r\n\r\n'),(4,10,492,0,16,'<ul>\r\n<ul class\"disc\">\r\n<li>Integrated camera with video recorder to capture those special moments<br></li>\r\n<li>Enriched data connections for complete mobile access via Email, MMS, and MEdia Net<br></li>\r\n<li> Personalize with downloadable MP3 and polyphonic Ring tones, Games, and Graphics<br></li>\r\n<li>Use AIM, Yahoo! and MSN Messenger to stay in touch on the go<br></li>\r\n<li>Mobile Internet browser and email</li>\r\n</ul>'),(5,10,496,0,16,'Conditional $250 Equipment Discount Included: Your price paid includes an equipment discount of $250 that has been provided to you in exchange for either activating a new, non-substitute line of service or renewing an existing line of service with AT&T and your agreement that for the 181-day period following such activation or renewal you will: (1) pay your balance due to AT&T each month and otherwise maintain your account in good standing; (2) not disconnect this AT&T line of service; (3) not transfer this equipment to another AT&T line of service; (4) not change your AT&T service rate plan to a lower monthly service rate--this includes canceling or removing required PDA, BlackBerry, or smartphone features after your product has shipped; (5) not use this line of service to replace an existing account with AT&T. If these conditions are not met, you hereby authorize Magento to charge your credit card $250 as reimbursement of this equipment discount without need for further approval.'),(6,10,104,0,16,'Nokia 2610, cell, phone, '),(7,10,495,0,17,'8100'),(8,10,494,0,17,'4.2 x 2 x 0.6 inches '),(9,10,97,0,17,' Like the BlackBerry 7105t, the BlackBerry 8100 Pearl is \r\nThe BlackBerry 8100 Pearl sports a large 240 x 260 screen that supports over 65,000 colors-- plenty of real estate to view your e-mails, Web browser content, messaging sessions, and attachments. The venerable BlackBerry trackwheel has been replaced on this model with an innovative four-way trackball placed below the screen. On the rear of the handheld, you\'ll find a 1.3-megapixel camera and a self portrait mirror. The handheld\'s microSD memory card slot is located inside the device, behind the battery. There\'s also a standard 2.5mm headset jack that can be used with the included headset, as well as a mini-USB port for data connectivity.'),(10,10,492,0,17,'<ul>\r\n<ul class=\"disc\">\r\n<li> 1.3 mega pixel camera to capture those special moments<br></li>\r\n<li> MP3 player lets you listen to your favorite music on the go<br></li>\r\n<li>Menu and escape keys on the front of the device for easier access<br></li>\r\n<li> Bluetooth technology lets you experience hands free and wire free features<br></li>\r\n<li>Package Contents: phone,AC adapter,software CD,headset,USB cable,sim- card,get started poster,reference guide<br></li>\r\n</ul>'),(11,10,496,0,17,'CONDITIONAL $250 Equipment Discount Included: Your price paid includes an Equipment Discount of $250 that has been provided to you in exchange for activating a new, non-substitute line of service with T-Mobile and your agreement that for the 181-day period following such activation you will (1) pay your balance due to T-Mobile each month and otherwise maintain your account in good standing, (2) not disconnect this T-Mobile line of service, (3) not transfer this equipment to another T-Mobile line of service, (4) not change your T-Mobile service rate plan to a lower monthly service rate--this includes canceling or removing required PDA, BlackBerry, or smartphone features after your product has shipped, (5) not use this line of service to replace an existing account with T-Mobile. If these conditions are not met, you hereby authorize Magento.com to charge your credit card $250 as reimbursement of this Equipment Discount without need for further approval.'),(12,10,104,0,17,'Blackberry, 8100, pearl, cell, phone'),(13,10,495,0,18,'W810i'),(14,10,494,0,18,' 3.5 x 1.8 x 1 inches'),(15,10,97,0,18,'The W810i\'s screen sports 176 x 220 pixel resolution with support for 262,000 colors. Quick access buttons below the screen make it easy to control the phone\'s Walkman music features, while a five-way center button controls most of the phone\'s menus and features.'),(16,10,492,0,18,'<ul>\r\n<ul class=\"disc\">\r\n \r\n<li>Disc2Phone™ music copying software is supplied in the W810 kit and it’s easy to copy songs from your favorite CDs, and PC music folders<br></li>\r\n<li>The built-in W810 2 megapixel digital camera with autofus takes excellent photos and when you need to catch some action, W810 has video too<br></li>\r\n<li>Sharing images and other phone content is easy. Use Bluetooth™, or Multimedia messaging when you want to send images and video<br></li>\r\n<li> Wherever you are, you have high speed access to the internet with EDGE technology<br></li>\r\n<li> A full-function email client in your W810 gives you access to your inbox wherever you go</li>\r\n</ul>'),(17,10,496,0,18,'Conditional $250 Equipment Discount Included: Your price paid includes an equipment discount of $250 that has been provided to you in exchange for either activating a new, non-substitute line of service or renewing an existing line of service with AT&T and your agreement that for the 181-day period following such activation or renewal you will: (1) pay your balance due to AT&T each month and otherwise maintain your account in good standing; (2) not disconnect this AT&T line of service; (3) not transfer this equipment to another AT&T line of service; (4) not change your AT&T service rate plan to a lower monthly service rate--this includes canceling or removing required PDA, BlackBerry, or smartphone features after your product has shipped; (5) not use this line of service to replace an existing account with AT&T. If these conditions are not met, you hereby authorize Magento.com to charge your credit card $250 as reimbursement of this equipment discount without need for further approval.'),(18,10,104,0,18,'Sony, Ericsson ,W810i, cell, phone'),(19,10,495,0,20,'MM-A900M'),(20,10,494,0,20,'3.9 x 2 x 0.6 inches'),(21,10,97,0,20,'New services supported by both the MM-A900m include the newly announced Sprint Music StoreSM, which allows users to immediately buy and download complete songs directly to their phone; 30 channels of live and on demand video and audio from Sprint TVSM and On Demand, a personalized resource guide to news, traffic, weather, sports and entertainment. The MM-A900m offers great-looking design with the ability to download a rich selection of content directly to the phone. Features like external music-navigation keys make these phones both functional and attractive. These handsets are sure to be at the top of many wish lists.'),(22,10,492,0,20,'<ul>\r\n<ul class=\"disc\">\r\n<li>Bluetooth Wireless Technology: Built-in radio technology allows fast, secure transmission between your phone and accessories without cables or wires. Bluetooth wireless accessories are sold separately.<br></li>\r\n<li>Mass Storage Area: Store pictures, videos, voice memos and music within the internal memory of the phone.<br></li>\r\n<li>Streaming Music Enabled: Stream music to your phone with Music Choice®. Select from Pop, Rock, Hip Hop, and R&B plus exclusive video clips, performances, and artist interviews.<br></li>\r\n</ul>\r\n   '),(23,10,496,0,20,'CONDITIONAL $250 Equipment Discount Included: Your price paid includes an equipment discount of $250 that has been provided to you in exchange for activating a new, non-substitute line of service with Sprint and your agreement that for the 181-day period following such activation you will (1) pay your balance due to Sprint each month and otherwise maintain your account in good standing, (2) not disconnect this Sprint line of service, (3) not transfer this equipment to another Sprint line of service, (4) not change your Sprint service rate plan to a lower monthly service rate--this includes canceling or removing required PDA, BlackBerry, or smartphone features after your product has shipped, and (5) not use this line of service to replace an existing account with Sprint. If these conditions are not met, you hereby authorize Magento.com to charge your credit card $250 as reimbursement of this equipment discount without need for further approval.'),(24,10,104,0,20,'Samsung, MM-A900M, cell, phone'),(25,10,495,0,25,'MA464LL/A'),(26,10,494,0,25,'19.5 x 7.6 x 19.5 inches'),(27,10,497,0,25,'2.0 GHz Intel Core Duo processor with 2 MB shared L2 Cache'),(28,10,498,0,25,'1 GB (single SODIMM) 667 MHz DDR2 SDRAM (PC2-5300)'),(29,10,499,0,25,'100 GB 5400 rpm Serial ATA hard drive'),(30,10,500,0,25,'15.4-inch TFT widescreen display with 1440 x 900 resolution'),(31,10,97,0,25,'This, combined with myriad other engineering leaps, boosts performance up to four times higher than the PowerBook G4. With this awesome power, it\'s a breeze to render complex 3D models, enjoy smooth playback of HD video, or host a four-way video conference.Intel Core Duo is the first chip built using Intel\'s groundbreaking 65-nanometer process - resulting in transistors so small, you could fit a hundred inside a single human cell. With smaller distances for electrons to travel, and two processors designed to share resources and conserve power, Intel Core Duo achieves higher levels of performance as it uses fewer watts. Which is what makes it possible to design a super-powerful MacBook Pro that\'s only one inch thin.When Mac technology makes something easy, it\'s hardly news. So here\'s more non-news for MacBook Pro owners: software just works. If you see the Universal logo on a new application, that means it will run on Intel- and PowerPC-based Mac computers. For most existing applications, you simply do what you\'ve always done: double-click them. Thanks to the Rosetta technology in Mac OS X, they look and feel just like they did before.'),(32,10,492,0,25,' <ul>\r\n<ul class=\"disc\">\r\n<li>2.0 GHz Intel Core Duo processor with 2 MB shared L2 Cache<br></li>\r\n<li>1 GB (single SODIMM) 667 MHz DDR2 SDRAM (PC2-5300); 100 GB 5400 rpm Serial ATA hard drive; slot-load SuperDrive (DVD±RW/CD-RW)<br></li>\r\n<li>One FireWire 400, two USB 2.0 ports, and ExpressCard/34 slot; no FireWire 800 slots<br></li>\r\n<li>Built-in 10/100/1000BASE-T (Gigabit); built-in 54 Mbps AirPort Extreme (802.11g); built-in Bluetooth 2.0+EDR<br></li>\r\n<li>15.4-inch TFT widescreen display with 1440 x 900 resolution</li>'),(33,10,104,0,25,'Apple MacBook Pro MA464LL/A 15.4\" Notebook PC (2.0 GHz Intel Core Duo, 1 GB RAM, 100 GB Hard Drive, SuperDrive) '),(34,10,495,0,26,'LX.FR206.001'),(35,10,497,0,26,'Mobile AMD Athlon 64 2800+'),(36,10,498,0,26,'512MB of PC2700 DDR333 SDRAM'),(37,10,499,0,26,'80 gig Western Digital'),(38,10,500,0,26,'15-inch, 200-nit, high-brightness TFT LCD screen '),(39,10,97,0,26,' Acer has flawlessly designed the Ferrari 3200, instilling it with exceptional performance, brilliant graphics, and lightning-fast connectivity. This exclusive edition is another striking symbol of cooperation between Acer and Ferrari -- two progressive companies with proud heritages built on passion, innovation, power and success.'),(40,10,492,0,26,' <ul>\r\n<ul class=\"disc\">\r\n<li>Mobile AMD Athlon 64 2800+<br></li>\r\n<li>1MB L2 Cache<br></li>\r\n<li>512MB of PC2700 DDR333 SDRAM<br></li>\r\n<li>2 RAM Slots (0 open - upgrading requires chip removal)<br></li>\r\n<li>RAM is upgradeable to 2GB</li>\r\n</ul>'),(41,10,104,0,26,'Acer Ferrari 3200 Notebook Computer PC '),(42,10,495,0,27,'VGN-TXN27N/B'),(43,10,494,0,27,'10.7 x 1.23 x 7.7 inches (WxHxD)'),(44,10,497,0,27,'Intel Core Solo Processor U1500'),(45,10,498,0,27,'2 GB RAM'),(46,10,499,0,27,'100 GB Hard Drive'),(47,10,500,0,27,'9 inches'),(48,10,97,0,27,' Weighing in at just an amazing 2.84 pounds and offering a sleek, durable carbon-fiber case in charcoal black. And with 4 to 10 hours of standard battery life, it has the stamina to power you through your most demanding applications. With the integrated wireless WAN, you can access the national Sprint Mobile Broadband service to extend your wireless coverage beyond LAN access networks and hotspots, giving you the freedom to go farther, do more, and stay connected.\r\n\r\n'),(49,10,492,0,27,' <ul>\r\n<ul class=\"disc\">\r\n<li>Processor: The Ultra Low Voltage Intel Core Solo U1500 processor offers a 1.33 GHz speed paired with a fast 533 MHz front-side bus and large 2 MB L2 cache. (An L2, or secondary, cache temporarily stores data; and a larger L2 cache can help speed up your system\'s performance. The FSB carries data between the CPU and RAM, and a faster front-side bus will deliver better overall performance.) The Core Solo processor delivers enhanced performance for today\'s demanding applications such as CAD tools, 3-D and 2-D modeling, video editing, digital music, digital photography and gaming. And Intel\'s Smart Cache technology enables smarter, more efficient cache and bus design for enhanced performance, responsiveness and power savings.</li>\r\n</ul>\r\n\r\n   '),(50,10,104,0,27,'Sony, VAIO, VGN-TXN27N/B , Notebook, PC, Intel, 2 GB RAM, Laptop'),(51,10,495,0,28,'M285-E'),(52,10,494,0,28,'17 x 7 x 13 inches'),(53,10,497,0,28,'1.66 GHz Intel Core Duo T2300E processor'),(54,10,498,0,28,'1 GB RAM'),(55,10,499,0,28,'60 GB hard drive'),(56,10,500,0,28,'14-inch screen '),(57,10,97,0,28,'Easily mobile at just 6 pounds, the Toshiba Satellite A135-S4527 makes it easy to get your work done with a large, bright 15.4-inch widescreen LCD. The XGA-resolution screen (1280 x 800) permits side-by-side viewing of documents for increased productivity. It\'s also great for using as a media center, with Toshiba\'s unique Express Media Player enabling you to bypass the system and access CDs and DVDs with a touch of button. This affordable notebook PC is powered by Intel\'s 1.73 GHz Core Duo T2080 processor, which provides an optimized, multithreaded architecture for improved gaming and multitasking performance and efficient power consumption. It also offers a 120 GB hard drive, 1 GB of installed RAM (2 GB maximum), dual-layer/multi-format DVD drive that also burns CDs, integrated 54g wireless connectivity, and Intel GMA 950 video card with up to 256 MB of shared video RAM.\r\n\r\n'),(58,10,492,0,28,' <ul>\r\n<ul class=\"disc\">\r\n<li>Processor: The Intel Core Duo T2080 processor is built with the Mobile Intel 945PM Express chipset, and it has a 1.73 GHz processor speed, fast 533 MHz front-side bus (FSB), and 1 MB L2 cache. (An L2, or secondary, cache temporarily stores data; and a larger L2 cache can help speed up your system\'s performance. The FSB carries data between the CPU and RAM, and a faster front-side bus will deliver better overall performance.)</li>\r\n</ul>'),(59,10,104,0,28,'Toshiba, notebook, laptop, intel, '),(60,10,495,0,29,'B000JI2N0I'),(61,10,97,0,29,'Comfortable and fun to wear these clogs are the latest trend in fashion footwear. Wear them either at the beach, in your garden, at the mall or just about anywhere you would want to be comfortable.'),(62,10,492,0,29,'    * Made of EVA foam\r\n    * Heel strap keeps shoe on foot\r\n    * Non-marking, slip-resistant outsole\r\n    * Weigh just 6-10 ounces\r\n\r\n'),(63,10,104,0,29,'CN Clogs Beach/Garden Clog '),(64,10,495,0,30,'B000CP1M00'),(65,10,97,0,30,'The ASICS® GEL-Kayano® XII running shoe delivers the ultimate blend of cushioning and support. Biomorphic Fit™ upper offers enhanced upper fit and comfort while decreasing the potential for irritation. Solyte midsole material is lighter than standard EVA and SpEVA® combined with improved cushioning and durability. Impact Guidance System (I.G.S.®) uses linked componentry to encourage optimal gait while allowing for natural foot movement from heel strike to toe off. DuoMax® support system helps ensure that the shoe maintains proper support for the foot during the critical transition from heel strike to toe off. Space Trusstic® System creates a pocket between the Trusstic® System device and the midsole, allowing for greater midsole deformation and more efficient foot function. GEL® Cushioning System provides maximum rearfoot and forefoot shock attenuation. Wt. 12.6 oz.'),(66,10,495,0,32,'B000LJQVF8'),(67,10,97,0,32,'The Lucero pump from Nine West may just leave him at a loss for words. This flirty pump has a leather upper, a pretty almond-shaped toe with a slight V-cut vamp, leather linings, and a cushioned insole for long-wearing comfort. The stiletto heel radiates a subtle hint of sensuality, so sass up your jean and t-shirt look or nighttime attire with this hot pump and you\'ll be absolutely unforgettable.'),(68,10,492,0,32,'The perfect pump will suit any ensemble. Leather upper. 3-3/4 inch stacked heel. Man-made sole. Imported. '),(69,10,104,0,32,'Nine West Women\'s Lucero Pump '),(70,10,495,0,33,'B000NPOA1M'),(71,10,97,0,33,'Featuring a wide toe box and delivering optimum support, the sporty Golf Flexor golf shoe is a stylish cleat that you\'ll love wearing on and off the links. The contrasting embossed snakeskin panels attract interest, while the laid back lace-up style keeps things simple. And thanks to the one-year waterproof guarantee, you can trust these shoes to keep you in the game, even when conditions are less than perfect.'),(72,10,495,0,35,'Impatience'),(73,10,97,0,35,'# 6.1 oz. 100% preshrunk heavyweight cotton \r\n# Shoulder-to-shoulder taping\r\n# Double-needle sleeves and bottom hem'),(74,10,104,0,35,'Coalesce: Functioning On Impatience T-Shirt'),(75,10,495,0,36,'Ink Eater:'),(76,10,97,0,36,'We bought these with the intention of making shirts for our family reunion, only to come back the next day to find each and every one of them had been tagged by The Bear.  Oh well -- can\'t argue with art.  Now you can make your grandparents proud by wearing an original piece of graf work to YOUR family reunion!'),(77,10,104,0,36,'Ink Eater: Krylon Bombear Destroyed Tee'),(78,10,495,0,19,'8525 PDA'),(79,10,494,0,19,'4.4 x 2.4 x 0.9 inches'),(80,10,97,0,19,' The design of the 8525 is clean and uncluttered, with just a few buttons for mail, Internet Explorer, and contextual menus. Meanwhile, call answer and end buttons surround a five-way toggle that allows you to navigate and control the Windows Mobile interface. As mentioned, a full QWERTY keyboard cleverly slides out from underneath the screen. This allows you to hold the device horizontally, and the screen is automatically placed in landscape mode when you\'re using the keyboard. A side scroll wheel is conveniently tucked away on the side, making navigation when accessing the music player and other various applications a cinch when needed. A mini-SD memory expansion card slot is provided, as is an infrared port and support for a stereo Bluetooth headset. A mini-USB port is also included for wired data transfers and charging.'),(81,10,492,0,19,'<ul>\r\n<ul class=\"disc\">\r\n<li>tri-band UMTS/HSDPA; quad-band GSM/GPRS/EDGE for global use<br></li>\r\n<li>Windows Mobile 5.0 with Messaging & Security Feature Pack<br></li>\r\n<li>sliding QWERTY keyboard with improved keypad design and improved backlight for easier use in low light conditions<br></li>\r\n<li>128MB ROM / 64MB RAM; ~51MB user available memory<br></li>\r\n<li>2.0 mega-pixel camera with video capabilities</li>\r\n</ul>'),(82,10,496,0,19,'Conditional $250 Equipment Discount Included: Your price paid includes an equipment discount of $250 that has been provided to you in exchange for either activating a new, non-substitute line of service or renewing an existing line of service with AT&T and your agreement that for the 181-day period following such activation or renewal you will: (1) pay your balance due to AT&T each month and otherwise maintain your account in good standing; (2) not disconnect this AT&T line of service; (3) not transfer this equipment to another AT&T line of service; (4) not change your AT&T service rate plan to a lower monthly service rate--this includes canceling or removing required PDA, BlackBerry, or smartphone features after your product has shipped; (5) not use this line of service to replace an existing account with AT&T. If these conditions are not met, you hereby authorize Magento.com to charge your credit card $250 as reimbursement of this equipment discount without need for further approval.'),(83,10,104,0,19,'At&t, 8525, cell, phone'),(84,10,495,0,39,'The Get Up Kids: Band Camp Pullover Hoodie'),(85,10,97,0,39,'Printed on American Apparel Classic style 5495 California Fleece Pull-Over Hoodies.  Sizing info is available here. '),(86,10,104,0,39,'The Get Up Kids: Band Camp Pullover Hoodie'),(87,10,495,0,41,'384822'),(88,10,494,0,41,'21\"W x 44\"L x 35.5\"H'),(89,10,507,0,41,'Thailand'),(90,10,509,0,41,'Asian Beechwood'),(91,10,97,0,41,'Features include inset panel sides and for spacious drawers and two wicker baskets. 41\"Wx18\"Dx36\"H.'),(92,10,104,0,41,'Hardwood, drawers, wicker, asian, beechwood'),(93,10,495,0,42,'bar1234'),(94,10,494,0,42,'62\"W x 84\"L x 8\"H'),(95,10,507,0,42,'Thailand'),(96,10,492,0,44,'<ul>\r\n<ul class=\"disc\"> \r\n\r\n<li>8.0-megapixel CMOS sensor captures enough detail for photo-quality 16 x 22-inch prints<br></li>\r\n<li>Includes Canon\'s EF-S 18-55mm, f3.5-5.6 zoom lens<br></li>\r\n<li>DIGIC II Image Processor provides fast, accurate image processing; captures images at a rate of up to 3 frames per second<br></li>\r\n<li>Fast start-up time--.2 seconds<br></li>\r\n<li>Powered by rechargeable Lithium-ion battery (included, with charger)</li>\r\n</ul>\r\n'),(97,10,104,0,44,'canon, slr, camera, 8, digital'),(98,10,495,0,45,'QC-2185'),(99,10,494,0,45,'2.75 inches x 1.5 inches'),(100,10,97,0,45,'The Argus QC-2185 Quick Click 5MP digital camera offers all the basic features you need in a compact and stylish digital camera. This unit is easy to use, and is perfect for those who want a completely portable option for taking good pictures, without having to empty their wallet.\r\n\r\nThe Argus QC-2185 features a clear and bright 1.1-inch CSTN (color super-twist nematic) LCD display that makes it easy to frame the perfect picture. Thanks to its USB 1.1 connection compatibility, this digital camera lets you quickly download pictures to your Mac or PC, and can also function as a handy web camera. The QC-2185 includes eight megabytes of internal SDRAM memory, with the ability to expand camera memory via a built-in SD (secure digital) storage card slot for easy storage and transfer of your pictures. This unit also includes a built-in auto flash with a three to seven foot range, and comes with ArcSoft PhotoImpression\'s photo editing software which makes it easy for you to edit, crop, adjust and improve all your best pictures to make them even better.\r\n'),(101,10,492,0,45,'<ul>\r\n<ul class=\"disc\".  \r\n<li>5 megapixel digital camera with a 1600 x 1200 resolution and an f2.8 aperture</li>\r\n<li> Clear and bright 1.1-inch CSTN LCD display makes it easy to frame the perfect picture</li>\r\n<li>USB 1.1 connection compatibility lets you quickly download pictures to your Mac or PC, and function as a web camera</li>\r\n<li>Runs on 3 AAA batteries, and requires; Windows OS 98 or higher, at least 32 MB of RAM and 125 MB of hard disk space, and an available USB port</li>\r\n<li>Weighs 3.4 ounces, measures 3.6 x 2.4 x 1.1 inches (W x H x D), and is backed by a 1-year manufacturer\'s warranty</li>\r\n</ul>\r\n'),(102,10,104,0,45,'Argus, QC-2185, digital, camera, 2MP'),(103,10,495,0,46,'750'),(104,10,494,0,46,'3.8 x 2.1 x 1 inches'),(105,10,97,0,46,'Olympus continues to innovate with the launch of the Stylus 750 digital camera, a technically sophisticated point-and-shoot camera offering a number of pioneering technologies such as Dual Image Stabilization, Bright Capture Technology, and TruePic Turbo, as well as a powerful 5x optical zoom that tucks away into a streamlined metal, all-weather body design. The camera is distinguished by a number of premium features, including:\r\n\r\n    * An advanced combination of the mechanical CCD-shift Image Stabilization and Digital Image Stabilization work together to ensure the clearest pictures possible in any situation;\r\n    * A 5x optical zoom lens with a newly developed lens element to maintain a small compact size;\r\n    * A 2.5-inch LCD and Bright Capture Technology dramatically improve composition, capture and review of images in low-light situations;\r\n    * Olympus\' exclusive TruePic Turbo Image Processing engine is coupled with a 7.1-megapixel image sensor to produce crisp, high-quality p'),(106,10,492,0,46,'<ul>\r\n<ul class=\"disc\">\r\n\r\n<li>7.1-megapixel CCD captures enough detail for photo-quality 15 x 20-inch prints<br></li>\r\n<li>5x image-stabilized optical zoom; 2.5-inch LCD display<br></li>\r\n<li>Compact, all-weather body measures 3.8 x 2.1 x 0.96 inches<br></li>\r\n<li>Bright Capture technology; 27 selectable shooting modes; built-in Help guide<br></li>\r\n<li>Stores images on xD Picture Cards; powered by Li-Ion battery (battery and charger included)</li>\r\n</ul>'),(107,10,104,0,46,'Olympus, stylus, 750, 7MP, digital, camera, zoom'),(108,10,495,0,47,'A630 '),(109,10,494,0,47,'4.3 x 2.6 x 1.9 inches '),(110,10,97,0,47,'Replacing the highly popular PowerShot A620, the PowerShot A630 features a rotating 2.5-inch vari-angle LCD, 4x optical zoom lens, and a vast array of creative shooting modes.<br>\r\n\r\nThe PowerShot A630 packs a vast array of advanced features into a remarkably compact space<br><br>\r\n\r\n'),(111,10,492,0,47,'<ul>\r\n<ul class=\"disc\">\r\n<li>8-megapixel CCD captures enough detail for photo-quality 16 x 22-inch prints<br></li>\r\n<li>4x optical zoom; 2.5-inch vari-angle LCD display<br></li>\r\n<li>ISO range up to ISO 800 for less blur in low light while hand-holding<br></li>\r\n<li>3:2 guide masks LCD to display 4 x 6-inch print size; 16:9 format option for still images<br></li>\r\n<li>Stores images on SD cards; powered by 4 AA-size batteries</li>\r\n</ul>'),(112,10,104,0,47,'canon, powershot, A630, digital, camera, optical, zoom'),(113,10,495,0,48,'C530 '),(114,10,494,0,48,' 4 x 6 x 9 inches'),(115,10,97,0,48,'Small on size. Big on value. Kodak\'s newest C-Series digital camera, the C530, sports awesome features--such as 5.0-megapixel CCD resolution, on-camera image cropping, and an on-camera Share button--at a very affordable price.'),(116,10,492,0,48,'<ul>\r\n<ul class=\"disc\">   \r\n\r\n<li>5.0-megapixel CCD captures enough detail for photo-quality 13 x 17-inch prints<br></li>\r\n<li>1.5-inch LCD display<br></li>\r\n<li>Continuous QVGA video<br></li>\r\n<li>Auto scene mode and three color modes; in-camera cropping<br></li>\r\n<li>Powered by AA size batteries; stores images on SD memory cards (includes 16 MB internal memory)</li>\r\n</ul>'),(117,10,104,0,48,'kodak, eayshare, c530, 5MP, digital, camera'),(118,10,495,0,49,'B000KJ43SG'),(119,10,97,0,49,'Womens Premier Leather Single Layer Narrow Strap - NEW Colors Available - Womens Style - Genuine Top Grain Premier Leather - Rich Color Tones - Straps lined with 2000 lb test nylon - Guaranteed for the Life of the Sole - Non-slip sole - Note: Rainbow is in the process of unveiling a new toe post tag that is much smaller than the original tag.'),(120,10,492,0,49,'Womens Premier Leather Single Layer Narrow Strap - '),(121,10,104,0,49,'womens, sandal, leather, anashria, '),(122,10,495,0,51,'magotto'),(123,10,507,0,51,'Italy'),(124,10,509,0,51,'Microfiber'),(125,10,97,0,51,'The Magento ottoman will impress with its style while it delivers on quality. This piece of living room furniture is built to last with durable solid wood framing, generous padding and plush stain-resistant microfiber upholstery.'),(126,10,104,0,51,'Ottoman'),(127,10,495,0,52,'1112'),(128,10,507,0,52,'Italy'),(129,10,509,0,52,'Microfiber'),(130,10,97,0,52,'This Magento chair features a fun, futuristic design, with fluid curves and gentle angles that follow the shape of the body to enhance ultimate relaxation. It combines a hint of nostalgia with the up-to-date sensibility and function of modern chairs. It is in soft, velvety microfiber.'),(131,10,104,0,52,'Chair'),(132,10,495,0,53,'1113'),(133,10,507,0,53,'Italy'),(134,10,509,0,53,'Microfiber'),(135,10,97,0,53,'Inspired by the classic camelback sofa, Magento offers comfort and style in a low maintenance package.  For a sleek, simple and stylish piece, look no further than the Magento sofa - or sofabed!'),(136,10,104,0,53,'Couch'),(137,10,495,0,54,'RFS'),(138,10,507,0,54,'Italy'),(139,10,509,0,54,'Microfiber'),(140,10,97,0,54,'The perfect furniture set for the living room!  Love red?  You\'ll love these pieces of handmade modern furniture!'),(141,10,104,0,54,'Magento, Red, Furniture, Set, ottoman, couch, chair'),(142,10,506,0,39,'Printed on American Apparel Classic style 5495 California Fleece Pull-Over Hoodies.  '),(143,10,506,0,38,'Printed on American Apparel Classic style 5495 California t-shirts.  '),(144,10,506,0,37,'Printed on American Apparel Classic style 5495 California cotton T shirst.   '),(145,10,506,0,36,'We bought these with the intention of making shirts for our family reunion, only to come back the next day to find each and every one of them had been tagged by The Bear.  Oh well -- can\'t argue with art.  Now you can make your grandparents proud by wearing an original piece of graf work to YOUR family reunion!'),(146,10,506,0,35,'# 6.1 oz. 100% preshrunk heavyweight cotton \r\n# Shoulder-to-shoulder taping\r\n# Double-needle sleeves and bottom hem'),(147,10,506,0,34,'High fashion and classic good looks converge in this suave slip on from Kenneth Cole. Smooth leather upper in a dress slip on style, with a stitched and covered seam moc-inspired square toe, quarter panel curved overlays and flared tongue'),(148,10,506,0,19,'Under the hood, the 8525 features 128MB of embedded memory and 64MB RAM, running on a 400 MHz Samsung processor. Up front, the 240 x 320 LCD touch-screen supports over 65,000 colors, while the rear of the device houses a 2.0 megapixel camera.'),(149,10,506,0,18,'The W810i follows a long tradition of beautifully designed and crafted phones from Sony Ericsson. The same candy-bar style that graced the W800 is here.'),(150,10,506,0,17,'The BlackBerry 8100 Pearl is a departure from the form factor of previous BlackBerry devices. This BlackBerry handset is far more phone-like, and RIM\'s engineers have managed to fit a QWERTY keyboard onto the handset\'s slim frame.'),(151,10,506,0,16,'The words \"entry level\" no longer mean \"low-end,\" especially when it comes to the Nokia 2610. Offering advanced media and calling features without breaking the bank'),(152,10,506,0,30,'The ASICS® GEL-Kayano® XII running shoe delivers the ultimate blend of cushioning and support. Biomorphic Fit™ upper offers enhanced upper fit and comfort while decreasing the potential for irritation. '),(153,10,506,0,41,'Our Akio dresser has a solid hardwood frame.  '),(154,10,506,0,42,'Our Barcelona platform bed captures the spirit and drama of late 20th century design with a variety of subtle details.'),(155,10,506,0,44,' Canon EOS Digital Rebel XT SLR adds resolution, speed, extra creative control, and enhanced comfort in the hand to one of the smallest and lightest digital cameras in its class. '),(156,10,506,0,54,'Love red?  You\'ll love these pieces of handmade modern furniture!'),(157,10,495,0,74,'B000KJ43SG'),(158,10,97,0,74,'Womens Premier Leather Single Layer Narrow Strap - NEW Colors Available - Womens Style - Genuine Top Grain Premier Leather - Rich Color Tones - Straps lined with 2000 lb test nylon - Guaranteed for the Life of the Sole - Non-slip sole - Note: Rainbow is in the process of unveiling a new toe post tag that is much smaller than the original tag.'),(159,10,492,0,74,'Womens Premier Leather Single Layer Narrow Strap - '),(160,10,104,0,74,'womens, sandal, leather, anashria, '),(161,10,506,0,74,'Womens Premier Leather Single Layer Narrow Strap - NEW Colors Available - Womens Style - Genuine Top Grain Premier Leather - Rich Color Tones - Straps lined with 2000 lb test nylon - Guaranteed for the Life of the Sole - Non-slip sole - Note: Rainbow is in the process of unveiling a new toe post tag that is much smaller than the original tag.'),(162,10,495,0,75,'B000KJ43SG'),(163,10,97,0,75,'Womens Premier Leather Single Layer Narrow Strap - NEW Colors Available - Womens Style - Genuine Top Grain Premier Leather - Rich Color Tones - Straps lined with 2000 lb test nylon - Guaranteed for the Life of the Sole - Non-slip sole - Note: Rainbow is in the process of unveiling a new toe post tag that is much smaller than the original tag.'),(164,10,492,0,75,'Womens Premier Leather Single Layer Narrow Strap - '),(165,10,492,0,80,'Womens Premier Leather Single Layer Narrow Strap - '),(166,10,104,0,80,'womens, sandal, leather, anashria, '),(167,10,506,0,80,'Womens Premier Leather Single Layer Narrow Strap - NEW Colors Available - Womens Style - Genuine Top Grain Premier Leather - Rich Color Tones - Straps lined with 2000 lb test nylon - Guaranteed for the Life of the Sole - Non-slip sole - Note: Rainbow is in the process of unveiling a new toe post tag that is much smaller than the original tag.'),(168,10,495,0,81,'B000KJ43SG'),(169,10,97,0,81,'Womens Premier Leather Single Layer Narrow Strap - NEW Colors Available - Womens Style - Genuine Top Grain Premier Leather - Rich Color Tones - Straps lined with 2000 lb test nylon - Guaranteed for the Life of the Sole - Non-slip sole - Note: Rainbow is in the process of unveiling a new toe post tag that is much smaller than the original tag.'),(170,10,492,0,81,'Womens Premier Leather Single Layer Narrow Strap - '),(171,10,104,0,81,'womens, sandal, leather, anashria, '),(172,10,506,0,81,'Womens Premier Leather Single Layer Narrow Strap - NEW Colors Available - Womens Style - Genuine Top Grain Premier Leather - Rich Color Tones - Straps lined with 2000 lb test nylon - Guaranteed for the Life of the Sole - Non-slip sole - Note: Rainbow is in the process of unveiling a new toe post tag that is much smaller than the original tag.'),(173,10,495,0,82,'B000KJ43SG'),(174,10,495,0,84,'B000JI2N0I'),(175,10,97,0,84,'Comfortable and fun to wear these clogs are the latest trend in fashion footwear. Wear them either at the beach, in your garden, at the mall or just about anywhere you would want to be comfortable.'),(176,10,492,0,84,'    * Made of EVA foam\r\n    * Heel strap keeps shoe on foot\r\n    * Non-marking, slip-resistant outsole\r\n    * Weigh just 6-10 ounces\r\n\r\n'),(177,10,104,0,84,'CN Clogs Beach/Garden Clog '),(178,10,104,0,85,'CN Clogs Beach/Garden Clog '),(179,10,506,0,85,'Comfortable and fun to wear these clogs are the latest trend in fashion footwear'),(180,10,495,0,86,'B000JI2N0I'),(181,10,97,0,86,'Comfortable and fun to wear these clogs are the latest trend in fashion footwear. Wear them either at the beach, in your garden, at the mall or just about anywhere you would want to be comfortable.'),(182,10,97,0,87,'Comfortable and fun to wear these clogs are the latest trend in fashion footwear. Wear them either at the beach, in your garden, at the mall or just about anywhere you would want to be comfortable.'),(183,10,492,0,87,'    * Made of EVA foam\r\n    * Heel strap keeps shoe on foot\r\n    * Non-marking, slip-resistant outsole\r\n    * Weigh just 6-10 ounces\r\n\r\n'),(184,10,104,0,87,'CN Clogs Beach/Garden Clog '),(185,10,506,0,87,'Comfortable and fun to wear these clogs are the latest trend in fashion footwear'),(186,10,506,0,88,'Comfortable and fun to wear these clogs are the latest trend in fashion footwear'),(187,10,495,0,89,'B000JI2N0I'),(188,10,97,0,89,'Comfortable and fun to wear these clogs are the latest trend in fashion footwear. Wear them either at the beach, in your garden, at the mall or just about anywhere you would want to be comfortable.'),(189,10,492,0,89,'    * Made of EVA foam\r\n    * Heel strap keeps shoe on foot\r\n    * Non-marking, slip-resistant outsole\r\n    * Weigh just 6-10 ounces\r\n\r\n'),(190,10,492,0,90,'    * Made of EVA foam\r\n    * Heel strap keeps shoe on foot\r\n    * Non-marking, slip-resistant outsole\r\n    * Weigh just 6-10 ounces\r\n\r\n'),(191,10,104,0,90,'CN Clogs Beach/Garden Clog '),(192,10,506,0,90,'Comfortable and fun to wear these clogs are the latest trend in fashion footwear'),(193,10,495,0,91,'B000JI2N0I'),(194,10,495,0,92,'B000JI2N0I'),(195,10,97,0,92,'Comfortable and fun to wear these clogs are the latest trend in fashion footwear. Wear them either at the beach, in your garden, at the mall or just about anywhere you would want to be comfortable.'),(196,10,492,0,92,'    * Made of EVA foam\r\n    * Heel strap keeps shoe on foot\r\n    * Non-marking, slip-resistant outsole\r\n    * Weigh just 6-10 ounces\r\n\r\n'),(197,10,104,0,92,'CN Clogs Beach/Garden Clog '),(198,10,97,0,93,'Biomorphic Fit™ upper offers enhanced upper fit and comfort while decreasing the potential for irritation. Solyte midsole material is lighter than standard EVA and SpEVA® combined with improved cushioning and durability. Impact Guidance System (I.G.S.®) uses linked componentry to encourage optimal gait while allowing for natural foot movement from heel strike to toe off. DuoMax® support system helps ensure that the shoe maintains proper support for the foot during the critical transition from heel strike to toe off. Space Trusstic® System creates a pocket between the Trusstic® System device and the midsole, allowing for greater midsole deformation and more efficient foot function. GEL® Cushioning System provides maximum rearfoot and forefoot shock attenuation. Wt. 12.6 oz.'),(199,10,492,0,93,'<ul>\r\n<ul class=\"disc\">\r\n<li> I.G.S.: Allows for natural foot movement from heel strike to toe-off<br></li>\r\n<li>DuoMax Support System: Maintains proper support for the foot during the critical transition from heel strike to toe-off<br></li>\r\n<li> Space Trusstic System: Allows for greater midsole deformation and more efficient foot function<br></li>\r\n<li>GEL Cushioning System: Provides maximum rearfoot/forefoot shock attenuation<br></li>\r\n<li>Biomorphic Fit Upper: Provides enhanced upper fit and comfort while limiting irritation</li>\r\n\r\n</ul>'),(200,10,495,0,94,'B000CP1M00'),(201,10,506,0,94,'The ASICS® GEL-Kayano® XII running shoe delivers the ultimate blend of cushioning and support. Biomorphic Fit™ upper offers enhanced upper fit and comfort while decreasing the potential for irritation. '),(202,10,495,0,95,'B000CP1M00'),(203,10,97,0,95,'The ASICS® GEL-Kayano® XII running shoe delivers the ultimate blend of cushioning and support. Biomorphic Fit™ upper offers enhanced upper fit and comfort while decreasing the potential for irritation. Solyte midsole material is lighter than standard EVA and SpEVA® combined with improved cushioning and durability. Impact Guidance System (I.G.S.®) uses linked componentry to encourage optimal gait while allowing for natural foot movement from heel strike to toe off. DuoMax® support system helps ensure that the shoe maintains proper support for the foot during the critical transition from heel strike to toe off. Space Trusstic® System creates a pocket between the Trusstic® System device and the midsole, allowing for greater midsole deformation and more efficient foot function. GEL® Cushioning System provides maximum rearfoot and forefoot shock attenuation. Wt. 12.6 oz.'),(204,10,495,0,96,'B000CP1M00'),(205,10,97,0,96,'The ASICS® GEL-Kayano® XII running shoe delivers the ultimate blend of cushioning and support. Biomorphic Fit™ upper offers enhanced upper fit and comfort while decreasing the potential for irritation. Solyte midsole material is lighter than standard EVA and SpEVA® combined with improved cushioning and durability. Impact Guidance System (I.G.S.®) uses linked componentry to encourage optimal gait while allowing for natural foot movement from heel strike to toe off. DuoMax® support system helps ensure that the shoe maintains proper support for the foot during the critical transition from heel strike to toe off. Space Trusstic® System creates a pocket between the Trusstic® System device and the midsole, allowing for greater midsole deformation and more efficient foot function. GEL® Cushioning System provides maximum rearfoot and forefoot shock attenuation. Wt. 12.6 oz.'),(206,10,492,0,96,'# I.G.S.?: Allows for natural foot movement from heel strike to toe-off\r\n# DuoMax? Support System: Maintains proper support for the foot during the critical transition from heel strike to toe-off\r\n# Space Trusstic System?: Allows for greater midsole deformation and more efficient foot function\r\n# GEL? Cushioning System: Provides maximum rearfoot/forefoot shock attenuation\r\n# Biomorphic Fit Upper: Provides enhanced upper fit and comfort while limiting irritation'),(207,10,97,0,97,'The ASICS® GEL-Kayano® XII running shoe delivers the ultimate blend of cushioning and support. Biomorphic Fit™ upper offers enhanced upper fit and comfort while decreasing the potential for irritation. Solyte midsole material is lighter than standard EVA and SpEVA® combined with improved cushioning and durability. Impact Guidance System (I.G.S.®) uses linked componentry to encourage optimal gait while allowing for natural foot movement from heel strike to toe off. DuoMax® support system helps ensure that the shoe maintains proper support for the foot during the critical transition from heel strike to toe off. Space Trusstic® System creates a pocket between the Trusstic® System device and the midsole, allowing for greater midsole deformation and more efficient foot function. GEL® Cushioning System provides maximum rearfoot and forefoot shock attenuation. Wt. 12.6 oz.'),(208,10,492,0,97,'# I.G.S.?: Allows for natural foot movement from heel strike to toe-off\r\n# DuoMax? Support System: Maintains proper support for the foot during the critical transition from heel strike to toe-off\r\n# Space Trusstic System?: Allows for greater midsole deformation and more efficient foot function\r\n# GEL? Cushioning System: Provides maximum rearfoot/forefoot shock attenuation\r\n# Biomorphic Fit Upper: Provides enhanced upper fit and comfort while limiting irritation'),(209,10,104,0,97,'ASICS® Men\'s GEL-Kayano® XII '),(210,10,104,0,99,'Kenneth Cole New York Men\'s Con-verge Slip-on'),(211,10,506,0,99,'High fashion and classic good looks converge in this suave slip on from Kenneth Cole. Smooth leather upper in a dress slip on style, with a stitched and covered seam moc-inspired square toe, quarter panel curved overlays and flared tongue'),(212,10,495,0,100,'B000IKC6AY'),(213,10,506,0,100,'High fashion and classic good looks converge in this suave slip on from Kenneth Cole. Smooth leather upper in a dress slip on style, with a stitched and covered seam moc-inspired square toe, quarter panel curved overlays and flared tongue'),(214,10,495,0,101,'B000IKC6AY'),(215,10,97,0,101,'High fashion and classic good looks converge in this suave slip on from Kenneth Cole. Smooth leather upper in a dress slip on style, with a stitched and covered seam moc-inspired square toe, quarter panel curved overlays and flared tongue with side elastic panels for a comfortable, secure fit. Smooth leather lining, cushioned leather topped insole. Dress midsole with a beveled edge, 1 inch capped dress heel. Flat traction outsole.'),(216,10,492,0,101,'The handsome style of the Con-Verge slip-on from Kenneth Cole New York is larger than life. This sharp shoe has a semi-polished smooth leather upper, a squared off stitched apron toe, and dual-goring for easy on/off accessibility. It also features soft leather linings, a cushioned insole, and a paneled rubber outsole for a sturdy step. The Con-Verge is a perfect companion to your business and special occasion wardrobes.'),(217,10,104,0,101,'Kenneth Cole New York Men\'s Con-verge Slip-on'),(218,10,506,0,101,'High fashion and classic good looks converge in this suave slip on from Kenneth Cole. Smooth leather upper in a dress slip on style, with a stitched and covered seam moc-inspired square toe, quarter panel curved overlays and flared tongue'),(219,10,495,0,102,'B000IKC6AY'),(220,10,97,0,102,'High fashion and classic good looks converge in this suave slip on from Kenneth Cole. Smooth leather upper in a dress slip on style, with a stitched and covered seam moc-inspired square toe, quarter panel curved overlays and flared tongue with side elastic panels for a comfortable, secure fit. Smooth leather lining, cushioned leather topped insole. Dress midsole with a beveled edge, 1 inch capped dress heel. Flat traction outsole.'),(221,10,492,0,102,'The handsome style of the Con-Verge slip-on from Kenneth Cole New York is larger than life. This sharp shoe has a semi-polished smooth leather upper, a squared off stitched apron toe, and dual-goring for easy on/off accessibility. It also features soft leather linings, a cushioned insole, and a paneled rubber outsole for a sturdy step. The Con-Verge is a perfect companion to your business and special occasion wardrobes.'),(222,10,104,0,102,'Kenneth Cole New York Men\'s Con-verge Slip-on'),(223,10,506,0,102,'High fashion and classic good looks converge in this suave slip on from Kenneth Cole. Smooth leather upper in a dress slip on style, with a stitched and covered seam moc-inspired square toe, quarter panel curved overlays and flared tongue'),(224,10,495,0,103,'B000NOGIKY'),(225,10,104,0,103,'Steven by Steve Madden Pryme Pump'),(226,10,506,0,103,' This daring pump has a pretty patent leather upper with light shirring, a double stitch detail surrounding the collar, and a vampy almond shaped toe'),(227,10,97,0,103,'Nothing will turn his head faster than you wearing the sexy Pryme pump from Steven by Steve Madden. This daring pump has a pretty patent leather upper with light shirring, a double stitch detail surrounding the collar, and a vampy almond shaped toe. It also features smooth linings, a fully cushioned insole, a sexy covered stiletto heel, and a lightly textured dress leather outsole. Any way you wear the Pryme, you\'re certain to catch a lot of attention.'),(228,10,492,0,103,'A prime example of chic style. Patent leather upper. Round toe. 3-1/2 inch covered heel. Flex leather sole. Imported. '),(229,10,495,0,104,'B000NOGIKY'),(230,10,97,0,104,'Nothing will turn his head faster than you wearing the sexy Pryme pump from Steven by Steve Madden. This daring pump has a pretty patent leather upper with light shirring, a double stitch detail surrounding the collar, and a vampy almond shaped toe. It also features smooth linings, a fully cushioned insole, a sexy covered stiletto heel, and a lightly textured dress leather outsole. Any way you wear the Pryme, you\'re certain to catch a lot of attention.'),(231,10,492,0,104,'A prime example of chic style. Patent leather upper. Round toe. 3-1/2 inch covered heel. Flex leather sole. Imported. '),(232,10,104,0,104,'Steven by Steve Madden Pryme Pump'),(233,10,506,0,104,'Nothing will turn his head faster than you wearing the sexy Pryme pump from Steven by Steve Madden. This daring pump has a pretty patent leather upper with light shirring, a double stitch detail surrounding the collar, and a vampy almond shaped toe'),(234,10,495,0,105,'B000NOGIKY'),(235,10,97,0,105,'Nothing will turn his head faster than you wearing the sexy Pryme pump from Steven by Steve Madden. This daring pump has a pretty patent leather upper with light shirring, a double stitch detail surrounding the collar, and a vampy almond shaped toe. It also features smooth linings, a fully cushioned insole, a sexy covered stiletto heel, and a lightly textured dress leather outsole. Any way you wear the Pryme, you\'re certain to catch a lot of attention.'),(236,10,492,0,105,'A prime example of chic style. Patent leather upper. Round toe. 3-1/2 inch covered heel. Flex leather sole. Imported. '),(237,10,104,0,105,'Steven by Steve Madden Pryme Pump'),(238,10,506,0,105,'Nothing will turn his head faster than you wearing the sexy Pryme pump from Steven by Steve Madden. This daring pump has a pretty patent leather upper with light shirring, a double stitch detail surrounding the collar, and a vampy almond shaped toe'),(239,10,495,0,106,'B000NOGIKY'),(240,10,97,0,106,'Nothing will turn his head faster than you wearing the sexy Pryme pump from Steven by Steve Madden. This daring pump has a pretty patent leather upper with light shirring, a double stitch detail surrounding the collar, and a vampy almond shaped toe. It also features smooth linings, a fully cushioned insole, a sexy covered stiletto heel, and a lightly textured dress leather outsole. Any way you wear the Pryme, you\'re certain to catch a lot of attention.'),(241,10,492,0,106,'A prime example of chic style. Patent leather upper. Round toe. 3-1/2 inch covered heel. Flex leather sole. Imported. '),(242,10,104,0,106,'Steven by Steve Madden Pryme Pump'),(243,10,506,0,106,'Nothing will turn his head faster than you wearing the sexy Pryme pump from Steven by Steve Madden. This daring pump has a pretty patent leather upper with light shirring, a double stitch detail surrounding the collar, and a vampy almond shaped toe'),(244,10,495,0,107,'B000NOGIKY'),(245,10,97,0,107,'Nothing will turn his head faster than you wearing the sexy Pryme pump from Steven by Steve Madden. This daring pump has a pretty patent leather upper with light shirring, a double stitch detail surrounding the collar, and a vampy almond shaped toe. It also features smooth linings, a fully cushioned insole, a sexy covered stiletto heel, and a lightly textured dress leather outsole. Any way you wear the Pryme, you\'re certain to catch a lot of attention.'),(246,10,492,0,107,'A prime example of chic style. Patent leather upper. Round toe. 3-1/2 inch covered heel. Flex leather sole. Imported. '),(247,10,104,0,107,'Steven by Steve Madden Pryme Pump'),(248,10,506,0,107,'Nothing will turn his head faster than you wearing the sexy Pryme pump from Steven by Steve Madden. This daring pump has a pretty patent leather upper with light shirring, a double stitch detail surrounding the collar, and a vampy almond shaped toe'),(249,10,495,0,108,'B000LJQVF8'),(250,10,104,0,108,'Nine West, Women, Lucero, Pump'),(251,10,506,0,108,'This flirty pump has a leather upper, a pretty almond-shaped toe with a slight V-cut vamp'),(252,10,97,0,108,'The Lucero pump from Nine West may just leave him at a loss for words. This flirty pump has a leather upper, a pretty almond-shaped toe with a slight V-cut vamp, leather linings, and a cushioned insole for long-wearing comfort. The stiletto heel radiates a subtle hint of sensuality, so sass up your jean and t-shirt look or nighttime attire with this hot pump and you\'ll be absolutely unforgettable.'),(253,10,492,0,108,'The perfect pump will suit any ensemble. Leather upper. 3-3/4 inch stacked heel. Man-made sole. Imported. '),(254,10,495,0,109,'B000LJQVF8'),(255,10,97,0,109,'The Lucero pump from Nine West may just leave him at a loss for words. This flirty pump has a leather upper, a pretty almond-shaped toe with a slight V-cut vamp, leather linings, and a cushioned insole for long-wearing comfort. The stiletto heel radiates a subtle hint of sensuality, so sass up your jean and t-shirt look or nighttime attire with this hot pump and you\'ll be absolutely unforgettable.'),(256,10,492,0,109,'The perfect pump will suit any ensemble. Leather upper. 3-3/4 inch stacked heel. Man-made sole. Imported. '),(257,10,104,0,109,'Nine West Women\'s Lucero Pump '),(258,10,506,0,109,'The Lucero pump from Nine West may just leave him at a loss for words. This flirty pump has a leather upper, a pretty almond-shaped toe with a slight V-cut vamp'),(259,10,495,0,110,'B000LJQVF8'),(260,10,97,0,110,'The Lucero pump from Nine West may just leave him at a loss for words. This flirty pump has a leather upper, a pretty almond-shaped toe with a slight V-cut vamp, leather linings, and a cushioned insole for long-wearing comfort. The stiletto heel radiates a subtle hint of sensuality, so sass up your jean and t-shirt look or nighttime attire with this hot pump and you\'ll be absolutely unforgettable.'),(261,10,97,0,111,'The Lucero pump from Nine West may just leave him at a loss for words. This flirty pump has a leather upper, a pretty almond-shaped toe with a slight V-cut vamp, leather linings, and a cushioned insole for long-wearing comfort. The stiletto heel radiates a subtle hint of sensuality, so sass up your jean and t-shirt look or nighttime attire with this hot pump and you\'ll be absolutely unforgettable.'),(262,10,506,0,111,'The Lucero pump from Nine West may just leave him at a loss for words. This flirty pump has a leather upper, a pretty almond-shaped toe with a slight V-cut vamp'),(263,10,495,0,112,'B000NPOA1M'),(264,10,104,0,112,'ECCO, Womens, Golf, Flexor, Shoe'),(265,10,506,0,112,'With a wide toe box and delivering optimum support, the sporty Golf Flexor golf shoe is a stylish cleat that you\'ll love wearing on and off the links.'),(266,10,97,0,112,'Featuring a wide toe box and delivering optimum support, the sporty Golf Flexor golf shoe is a stylish cleat that you\'ll love wearing on and off the links. The contrasting embossed snakeskin panels attract interest, while the laid back lace-up style keeps things simple. And thanks to the one-year waterproof guarantee, you can trust these shoes to keep you in the game, even when conditions are less than perfect.'),(267,10,492,0,112,'<ul>\r\n<ul class=\"disc\">\r\n<li>Breathable mesh fabric lining<br></li>\r\n<li>Cushioned Comfort Fibre System(R) <br></li>\r\n<li>Moisture absorbent<br></li>\r\n<li>Anti-bacterial insole<br></li>\r\n</ul>'),(268,10,495,0,113,'B000NPOA1M'),(269,10,495,0,114,'B000NPOA1M'),(270,10,104,0,114,'ECCO Womens Golf Flexor Golf Shoe'),(271,10,506,0,114,'Featuring a wide toe box and delivering optimum support, the sporty Golf Flexor golf shoe is a stylish cleat that you\'ll love wearing on and off the links.'),(272,10,495,0,115,'B000NPOA1M'),(273,10,97,0,115,'Featuring a wide toe box and delivering optimum support, the sporty Golf Flexor golf shoe is a stylish cleat that you\'ll love wearing on and off the links. The contrasting embossed snakeskin panels attract interest, while the laid back lace-up style keeps things simple. And thanks to the one-year waterproof guarantee, you can trust these shoes to keep you in the game, even when conditions are less than perfect.'),(274,10,492,0,115,'Featuring a wide toe box and delivering optimum support, the sporty Golf Flexor golf shoe is a stylish cleat that you\'ll love wearing on and off the links. The contrasting embossed snakeskin panels attract interest, while the laid back lace-up style keeps things simple. And thanks to the one-year waterproof guarantee, you can trust these shoes to keep you in the game, even when conditions are less than perfect.'),(275,10,104,0,115,'ECCO Womens Golf Flexor Golf Shoe'),(276,10,506,0,115,'Featuring a wide toe box and delivering optimum support, the sporty Golf Flexor golf shoe is a stylish cleat that you\'ll love wearing on and off the links.'),(277,10,495,0,117,'Impatience'),(278,10,97,0,117,'# 6.1 oz. 100% preshrunk heavyweight cotton \r\n# Shoulder-to-shoulder taping\r\n# Double-needle sleeves and bottom hem'),(279,10,104,0,117,'Coalesce: Functioning On Impatience T-Shirt'),(280,10,506,0,117,'# 6.1 oz. 100% preshrunk heavyweight cotton \r\n# Shoulder-to-shoulder taping\r\n# Double-needle sleeves and bottom hem'),(281,10,495,0,118,'Impatience'),(282,10,97,0,118,'# 6.1 oz. 100% preshrunk heavyweight cotton \r\n# Shoulder-to-shoulder taping\r\n# Double-needle sleeves and bottom hem'),(283,10,104,0,118,'Coalesce: Functioning On Impatience T-Shirt'),(284,10,506,0,118,'# 6.1 oz. 100% preshrunk heavyweight cotton \r\n# Shoulder-to-shoulder taping\r\n# Double-needle sleeves and bottom hem'),(285,10,495,0,119,'Impatience'),(286,10,104,0,119,'Coalesce, T-Shirt'),(287,10,506,0,119,'<ul>\r\n<ul class=\"disc\">\r\n\r\n<li>6.1 oz. 100% preshrunk heavyweight cotton<br></li>\r\n<li>Shoulder-to-shoulder taping<br></li>\r\n<li>Double-needle sleeves and bottom hem<br></li>\r\n</ul>'),(288,10,97,0,119,'Comfortable preshrunk shirts.  Highest Quality Printing.<br><br>\r\n<ul>\r\n<ul class=\"disc\">\r\n<li>6.1 oz. 100% preshrunk heavyweight cotton<br></li>\r\n<li>Shoulder-to-shoulder taping<br></li>\r\n<li>Double-needle sleeves and bottom hem<br></li>'),(289,10,495,0,120,'Ink Eater:'),(290,10,104,0,120,'Ink Eater, Krylon, Bombear , Destroyed, Tee, t shirt'),(291,10,506,0,120,'Now you can make your grandparents proud by wearing an original piece of graf work to YOUR family reunion!'),(292,10,97,0,120,'We bought these with the intention of making shirts for our family reunion, only to come back the next day to find each and every one of them had been tagged by The Bear.  Oh well -- can\'t argue with art.  Now you can make your grandparents proud by wearing an original piece of graf work to YOUR family reunion!'),(293,10,495,0,121,'Ink Eater:'),(294,10,97,0,121,'We bought these with the intention of making shirts for our family reunion, only to come back the next day to find each and every one of them had been tagged by The Bear.  Oh well -- can\'t argue with art.  Now you can make your grandparents proud by wearing an original piece of graf work to YOUR family reunion!'),(295,10,104,0,121,'Ink Eater: Krylon Bombear Destroyed Tee'),(296,10,506,0,121,'We bought these with the intention of making shirts for our family reunion, only to come back the next day to find each and every one of them had been tagged by The Bear.  Oh well -- can\'t argue with art.  Now you can make your grandparents proud by wearing an original piece of graf work to YOUR family reunion!'),(297,10,495,0,122,'Ink Eater:'),(298,10,97,0,122,'We bought these with the intention of making shirts for our family reunion, only to come back the next day to find each and every one of them had been tagged by The Bear.  Oh well -- can\'t argue with art.  Now you can make your grandparents proud by wearing an original piece of graf work to YOUR family reunion!'),(299,10,104,0,122,'Ink Eater: Krylon Bombear Destroyed Tee'),(300,10,506,0,122,'We bought these with the intention of making shirts for our family reunion, only to come back the next day to find each and every one of them had been tagged by The Bear.  Oh well -- can\'t argue with art.  Now you can make your grandparents proud by wearing an original piece of graf work to YOUR family reunion!'),(301,10,495,0,123,'paisley'),(302,10,104,0,123,'The Only Children: Paisley T-Shirt'),(303,10,506,0,123,'Printed on American Apparel Classic style 5495 California cotton T shirt.   '),(304,10,97,0,123,'<ul>\r\n<ul class=\"disc\">\r\n<li>6.1 oz. 100% preshrunk heavyweight cotton <br></li>\r\n<li>Double-needle sleeves and bottom hem</li>\r\n</ul>'),(305,10,495,0,124,'The Only Children: Paisley T-Shirt'),(306,10,97,0,124,'# 6.1 oz. 100% preshrunk heavyweight cotton \r\n# Double-needle sleeves and bottom hem'),(307,10,104,0,124,'The Only Children: Paisley T-Shirt'),(308,10,506,0,124,'Printed on American Apparel Classic style 5495 California cotton T shirst.   '),(309,10,495,0,125,'The Only Children: Paisley T-Shirt'),(310,10,97,0,125,'# 6.1 oz. 100% preshrunk heavyweight cotton \r\n# Double-needle sleeves and bottom hem'),(311,10,104,0,125,'The Only Children: Paisley T-Shirt'),(312,10,506,0,125,'Printed on American Apparel Classic style 5495 California cotton T shirst.   '),(313,10,495,0,126,'zolof'),(314,10,104,0,126,'Zolof The Rock And Roll Destroyer: LOL Cat T-shirt'),(315,10,506,0,126,'Printed on American Apparel Classic style 5495 California t-shirts.  '),(316,10,97,0,126,'<ul>\r\n<ul class=\"disc\")\r\n<li> 6.1 oz. 100% preshrunk heavyweight cotton <br></li>\r\n<li> Shoulder-to-shoulder taping<br></li>\r\n<li>Double-needle sleeves and bottom hem<br></li>\r\n</ul>'),(317,10,104,0,127,'Zolof The Rock And Roll Destroyer: LOL Cat T-shirt'),(318,10,104,0,128,'Zolof The Rock And Roll Destroyer: LOL Cat T-shirt'),(319,10,506,0,128,'Printed on American Apparel Classic style 5495 California t-shirts.  '),(320,10,495,0,129,'Zolof The Rock And Roll Destroyer: LOL Cat T-shirt'),(321,10,97,0,129,'# 6.1 oz. 100% preshrunk heavyweight cotton \r\n# Shoulder-to-shoulder taping\r\n# Double-needle sleeves and bottom hem'),(322,10,104,0,129,'Zolof The Rock And Roll Destroyer: LOL Cat T-shirt'),(323,10,506,0,129,'Printed on American Apparel Classic style 5495 California t-shirts.  '),(324,10,495,0,130,'Zolof The Rock And Roll Destroyer: LOL Cat T-shirt'),(325,10,97,0,130,'# 6.1 oz. 100% preshrunk heavyweight cotton \r\n# Shoulder-to-shoulder taping\r\n# Double-needle sleeves and bottom hem'),(326,10,104,0,130,'Zolof The Rock And Roll Destroyer: LOL Cat T-shirt'),(327,10,506,0,130,'Printed on American Apparel Classic style 5495 California t-shirts.  '),(328,10,495,0,131,'Zolof The Rock And Roll Destroyer: LOL Cat T-shirt'),(329,10,97,0,131,'# 6.1 oz. 100% preshrunk heavyweight cotton \r\n# Shoulder-to-shoulder taping\r\n# Double-needle sleeves and bottom hem'),(330,10,97,0,133,'A stylish digital camera demands stylish protection. This leather carrying case will defend your camera from the dings and scratches of travel and everyday use while looking smart all the time.'),(331,10,97,0,134,'Features foldable Flat Pin for Easy Storage/ Slim/ Lightweight Design and Smart Charging LED Indicator.'),(332,10,506,0,134,'Features foldable Flat Pin for Easy Storage/ Slim/ Lightweight Design and Smart Charging LED Indicator.'),(333,10,495,0,135,'B000KJ43SG!'),(334,10,104,0,135,'womens, sandal, leather, anashria, '),(335,10,506,0,135,'Buckle embellished contrasting straps adorn both the heel and canvas covered wedge of this t-strap sandal to make it a truly unique addition to your wardrobe'),(336,10,97,0,135,'Smooth kidskin upper in a dress platform wedge t-strap sandal style, with a round open toe, front and ankle adjustable buckles and tonal stitching accents. Ankle buckle features elastic panel. Smooth faux leather lining, cushioning faux leather and fabric topped insole. 1 inch matching leather and fabric wrapped midsole.'),(337,10,492,0,135,'<ul>\r\n<ul class=\"disc\">\r\n<li>Womens Style <br></li>\r\n<li>Genuine Top Grain Premier Leather <br></li>\r\n<li>Rich Color Tones <br></li>\r\n<li>Straps lined with 2000 lb test nylon <br></li>\r\n<li>Guaranteed for the Life of the Sole - Non-slip sole<br></li>\r\n</ul>'),(338,10,495,0,137,'Zolof The Rock And Roll Destroyer: LOL Cat T-shirt'),(339,10,97,0,137,'# 6.1 oz. 100% preshrunk heavyweight cotton \r\n# Shoulder-to-shoulder taping\r\n# Double-needle sleeves and bottom hem'),(340,10,104,0,137,'Zolof The Rock And Roll Destroyer: LOL Cat T-shirt'),(341,10,506,0,137,'Printed on American Apparel Classic style 5495 California t-shirts.  '),(342,10,531,0,28,''),(343,10,104,0,134,''),(344,10,531,0,51,''),(345,10,531,0,119,''),(346,10,531,0,126,''),(347,10,531,0,123,''),(348,10,531,0,120,''),(349,10,531,0,83,''),(350,10,531,0,44,''),(351,10,531,0,27,''),(352,10,531,0,39,''),(353,10,531,0,41,''),(354,10,531,0,42,''),(355,10,104,0,138,''),(356,10,531,0,138,''),(357,10,531,0,139,''),(358,10,104,0,140,''),(359,10,97,0,140,'Crucial 2GB PC4200 DDR2 533MHz Memory\r\nCrucial Technologies is part of Micron, the largest DRAM manufacturer in the U.S. and one of the largest in the world. Because they actually manufacture memory, they have unparalleled expertise in the upgrade industry. Crucial is the only consumer memory upgrade supplier that is part of a major DRAM manufacturer.\r\n\r\nEvery single Crucial memory module is tested before it goes out their doors. Crucial chips are individually tested under varying temperatures, voltages, and operational conditions for performance and functionality. '),(360,10,506,0,140,'Crucial 2GB PC4200 DDR2 533MHz Memory\r\nCrucial Technologies is part of Micron, the largest DRAM manufacturer in the U.S. and one of the largest in the world. Because they actually manufacture memory, they have unparalleled expertise in the upgrade industry. Crucial is the only consumer memory upgrade supplier that is part of a major DRAM manufacturer.\r\n\r\nEvery single Crucial memory module is tested before it goes out their doors. Crucial chips are individually tested under varying temperatures, voltages, and operational conditions for performance and functionality. '),(361,10,531,0,140,''),(362,10,104,0,141,''),(363,10,531,0,141,''),(364,10,531,0,142,''),(365,10,104,0,143,''),(366,10,97,0,143,'Crucial 512MB PC4200 DDR2 533MHz Memory\r\nCrucial Technologies is part of Micron, the largest DRAM manufacturer in the U.S. and one of the largest in the world. Because they actually manufacture memory, they have unparalleled expertise in the upgrade industry. Crucial is the only consumer memory upgrade supplier that is part of a major DRAM manufacturer.\r\n\r\nEvery single Crucial memory module is tested before it goes out their doors. Crucial chips are individually tested under varying temperatures, voltages, and operational conditions for performance and functionality. '),(367,10,506,0,143,'Crucial 512MB PC4200 DDR2 533MHz Memory\r\nCrucial Technologies is part of Micron, the largest DRAM manufacturer in the U.S. and one of the largest in the world. Because they actually manufacture memory, they have unparalleled expertise in the upgrade industry. Crucial is the only consumer memory upgrade supplier that is part of a major DRAM manufacturer.\r\n\r\nEvery single Crucial memory module is tested before it goes out their doors. Crucial chips are individually tested under varying temperatures, voltages, and operational conditions for performance and functionality. '),(368,10,531,0,143,''),(369,10,104,0,144,'2 Year Warranty - Parts and Labor'),(370,10,97,0,144,'2 Year Extended Warranty - Parts and Labor'),(371,10,506,0,144,'2 Year Extended Warranty - Parts and Labor'),(372,10,531,0,144,''),(373,10,104,0,145,''),(374,10,97,0,145,'Overclocker’s dream! Deliver more sophisticated solutions with the leading-edge technology of AMD Phenom™ 9000 Series processor. Built from the ground up for true quad-core performance, AMD Phenom 9000 Series processors incorporate a unified high-speed L3 cache and high-speed DDR2 memory. Speed through complex multitasking, critical business productivity, advanced visual design and modeling and visually stunning digital media and entertainment. Whether it\'s a single solution or an enterprise system, AMD Phenom processors have the power to perform.'),(375,10,531,0,145,''),(376,10,531,0,146,''),(377,10,500,0,147,'22\"'),(378,10,104,0,147,''),(379,10,97,0,147,'The wide, 16:10 format of SAMSUNG\'s 226BW digital/Analog widescreen LCD monitor gives you plenty of room for all your computer applications and multiple images. DC 3000:1 contrast ratio creates crisp, easy-to-view images and gaming graphics, without ghosting or blurring. Complete with Microsoft® Vista® Premium certification and advanced dual interface for both analog digital video signals, the 226BW monitor is future-ready.'),(380,10,506,0,147,'The wide, 16:10 format of SAMSUNG\'s 226BW digital/Analog widescreen LCD monitor gives you plenty of room for all your computer applications and multiple images. DC 3000:1 contrast ratio creates crisp, easy-to-view images and gaming graphics, without ghosting or blurring. Complete with Microsoft® Vista® Premium certification and advanced dual interface for both analog digital video signals, the 226BW monitor is future-ready.'),(381,10,531,0,147,''),(382,10,104,0,148,''),(383,10,97,0,148,'Frustrated by staring at the hourglass icon as soon as you try to work on more than three programs at once, especially when you’re working with digital media? Increase your performance with the AMD Athlon™ 64 X2 dual core processor. Work or play with multiple programs without any stalling or waiting. Dual-core technology is like having two processors, and two working together is better and faster than one working alone. Do more in less time with the AMD Athlon 64 X2 dual-core processor.'),(384,10,506,0,148,'AMD Athlon 64 X2 3800+ Processor ADO3800IAA5CZ - 2.0GHz, 2 x 512KB Cache, 1000MHz (2000 MT/s) FSB, Windsor, Dual Core, OEM, Socket AM2, Processor'),(385,10,531,0,148,''),(386,10,499,0,149,'1 TB'),(387,10,104,0,149,''),(388,10,97,0,149,'1 TB - 7200RPM, SATA 3.0Gb/s, 32MB Cache'),(389,10,506,0,149,'1 TB - 7200RPM, SATA 3.0Gb/s, 32MB Cache'),(390,10,531,0,149,''),(391,10,499,0,150,'500 GB'),(392,10,531,0,150,''),(393,10,506,0,151,'Intel® Core™2 Duo processor is the new brand name for our next-generation energy-efficient performance desktop and mobile processors.'),(394,10,531,0,151,''),(395,10,500,0,152,'24\"'),(396,10,104,0,152,''),(397,10,97,0,152,'With ultrafine 10,000:1 contrast and wide 170° viewing angles, this 24\" widescreen LCD monitor delivers crystal-clear high-definition visuals for gaming and work projects. The DVI-D input lets you connect a DVD player or other digital video device.\r\n\r\nProduct Features:\r\n    * Ultrafast 5 ms response time\r\n    * Digital Fine 10,000:1 contrast ratio; 400 cd/m² brightness\r\n    * 1920 x 1200 maximum resolution; wide 170° horizontal and vertical viewing angles\r\n'),(398,10,506,0,152,'5 ms response time; 10,000:1 contrast ratio; 400 cd/m² brightness; 1920 x 1200 maximum resolution; DVI-D and 15-pin D-sub inputs'),(399,10,506,0,153,'Intel Core 2 Extreme QX9775 Processor BX80574QX9775 - 45nm, 3.20GHz, 12MB Cache, 1600MHz FSB, Yorkfield XE, Quad-Core, Retail, Socket 771, Processor'),(400,10,104,0,154,''),(401,10,97,0,154,'1 TB - 7200RPM, SATA 3.0Gb/s, 32MB Cache'),(402,10,506,0,154,'1 TB - 7200RPM, SATA 3.0Gb/s, 32MB Cache'),(403,10,531,0,154,''),(404,10,499,0,155,'5400 rpm'),(405,10,104,0,155,''),(406,10,500,0,156,'19\"'),(407,10,506,0,156,'2 ms response time; 10,000:1 contrast ratio; 300 cd/m² brightness; 1440 x 900 maximum resolution; DVI-D and 15-pin D-sub inputs'),(408,10,531,0,156,''),(409,10,500,0,157,'30\"'),(410,10,104,0,157,''),(411,10,97,0,157,'    * Digital (DVI), USB 2.0 and FireWire 400 inputs\r\n    * Cinema HD delivers up to 16.7 million colors across a wide gamut for a breathtaking, vivid picture\r\n    * ColorSync technology lets you create a custom profile to maintain consistent colors on the screen and in print\r\n    * Single cable with breakout for DVI, USB and FireWire ports provides a tidy look while reducing clutter\r\n    * Built-in, 2-port USB 2.0 hub to easily connect peripheral devices\r\n    * User controls allow you to monitor display power, system sleep/wake, brightness and monitor tilt\r\n    * Antiglare, hard-coat screen treatment\r\n    * Wall-mountable with optional mounting kit (not included)\r\n    * ENERGY STAR compliance assures a high standard of energy efficiency\r\n'),(412,10,506,0,157,'Computer games, digital photo editing and graphic applications will astound you on this huge 30\" flat-panel monitor. Cinema HD and ColorSync technology let you enjoy 16.7 million breathtaking colors and custom profiling for color consistency.'),(413,10,97,0,158,' <ul>\r\n<ul class=\"disc\">\r\n<li>Processor: The Ultra Low Voltage Intel Core Solo U1500 processor offers a 1.33 GHz speed paired with a fast 533 MHz front-side bus and large 2 MB L2 cache. (An L2, or secondary, cache temporarily stores data; and a larger L2 cache can help speed up your system\'s performance. The FSB carries data between the CPU and RAM, and a faster front-side bus will deliver better overall performance.) The Core Solo processor delivers enhanced performance for today\'s demanding applications such as CAD tools, 3-D and 2-D modeling, video editing, digital music, digital photography and gaming. And Intel\'s Smart Cache technology enables smarter, more efficient cache and bus design for enhanced performance, responsiveness and power savings.</li>\r\n</ul>\r\n'),(414,10,97,0,159,'The most comfortable ergonomic keyboard on the market! We just made a great deal for this Microsoft Natural ergonomic keyboard. And we know you’re going to love it. This newest addition to the world’s best selling line of ergonomic keyboards features a natural wrist alignment that will make your day! Just one touch allows you to perform a wealth of common but important tasks such as opening documents and replying to e-mail. The Microsoft Natural Model 4000 ergonomic keyboard also features an improved number pad with easy-to-reach symbols such left and right, equal sign and back space placed just above the number pad. Easy-access to the Internet. Multimedia keys. Lockable F keys and much more (see complete list of additional features below). Don’t you think it’s time to go natural? Microsoft’s Natural Ergonomic Model 4000 Keyboard. Available right here, for the best price!'),(415,10,506,0,159,'The most comfortable ergonomic keyboard on the market! We just made a great deal for this Microsoft Natural ergonomic keyboard.'),(416,10,531,0,159,''),(417,10,104,0,160,''),(418,10,97,0,160,'Our most advanced trackball yet: a comfortable, cordless, finger-operated trackball that works where you need it. Save space and eliminate desktop clutter. Take advantage of extra buttons that help you navigate around Windows and the web more easily. And with Logitech\'s patented optical technology, you get virtually maintenance-free precision and smooth tracking.'),(419,10,506,0,160,'Our most advanced trackball yet. It\'s comfortable, cordless, finger-operated and works where you need it. Save space and eliminate desktop clutter.'),(420,10,531,0,160,''),(421,10,104,0,161,''),(422,10,97,0,161,'PerfectStroke key system for the ultimate keyboard feel. Bluetooth wireless and Li-Ion powered. Stylishly sleek with its elegant charging base and backlit controls, the diNovo Edge makes a bold statement.\r\n\r\nAn ideal partner for any high-end computer, the ultra-slim Logitech diNovo Edge delivers the ultimate in feel and response. The revolutionary TouchDisc with hyper-speed scrolling and pixel-perfect control makes trackpads obsolete. A slim recharging base doubles as a keyboard stand. Work longer thanks to the longer-lasting Li-Ion batteries, and more securely via Bluetooth wireless technology. Combine it with the world\'s most advanced mouse, the Logitech MX Revolution, for a premium desktop experience!'),(423,10,506,0,161,'PerfectStroke key system for the ultimate keyboard feel. Bluetooth wireless and Li-Ion powered.'),(424,10,531,0,161,''),(425,10,104,0,162,''),(426,10,97,0,162,'Experience smoother tracking and wireless freedom. Navigate with enhanced precision with this ergonomic High Definition Optical mouse. Easily enlarge and edit detail with the new Magnifier and enjoy more than six months of battery life. '),(427,10,506,0,162,'Experience smoother tracking and wireless freedom. Navigate with enhanced precision with this ergonomic High Definition Optical mouse.'),(428,10,531,0,162,''),(429,10,531,0,25,''),(430,10,104,0,163,''),(431,10,97,0,163,'Make a computer'),(432,10,506,0,163,'Make a computer'),(433,10,531,0,163,''),(434,10,104,0,164,''),(435,10,97,0,164,'Make a computer'),(436,10,506,0,164,'Make a computer'),(437,10,531,0,164,''),(438,10,104,0,165,''),(439,10,506,0,165,'test description'),(440,10,97,0,165,'test description'),(441,10,531,0,165,''),(442,10,495,0,166,'HTC Touch Diamond'),(443,10,104,0,166,''),(444,10,506,0,166,'Re-defining the perception of advanced mobile phones… the HTC Touch Diamond™ signals a giant leap forward in combining hi-tech prowess with intuitive usability and exhilarating design.'),(445,10,97,0,166,'Re-defining the perception of advanced mobile phones… the HTC Touch Diamond™ signals a giant leap forward in combining hi-tech prowess with intuitive usability and exhilarating design.\r\n\r\nFeaturing a sharp 2.8-inch touch screen housed within a stunning formation of brushed metal and flawless faceted edges, the HTC Touch Diamond is as beautiful to behold as it is to use.\r\n\r\nWith HTC’s vibrant touch-responsive user interface, TouchFLO™ 3D, and ultra-fast HSDPA internet connectivity… the HTC Touch Diamond offers a rich online experience to rival a notebook computer, allowing you to interact with Google, YouTube, and Wikipedia as freely as you would with a broadband connection.\r\n\r\nYour contacts, favourite music, videos and photos are no longer an uninspired line of text. With TouchFLO 3D, album artwork, video stills and snapshots of your friends’ and family’s faces are brought to life for you to interact, play and launch at your fingertips.\r\n\r\nA 3.2 megapixel auto-focus camera will help you capture the perfect moment in style and with a massive 4GB of internal storage you can keep all the files you need. The integrated ultra-sensitive GPS will help you find your destination as quickly and efficiently as a dedicated satellite navigation unit.\r\n\r\nStyle and substance in a phone are no longer mutually exclusive. The HTC Touch Diamond has arrived.'),(446,10,492,0,166,'Re-defining the perception of advanced mobile phones… the HTC Touch Diamond™ signals a giant leap forward in combining hi-tech prowess with intuitive usability and exhilarating design.\r\n\r\nFeaturing a sharp 2.8-inch touch screen housed within a stunning formation of brushed metal and flawless faceted edges, the HTC Touch Diamond is as beautiful to behold as it is to use.\r\n\r\nWith HTC’s vibrant touch-responsive user interface, TouchFLO™ 3D, and ultra-fast HSDPA internet connectivity… the HTC Touch Diamond offers a rich online experience to rival a notebook computer, allowing you to interact with Google, YouTube, and Wikipedia as freely as you would with a broadband connection.\r\n\r\nYour contacts, favourite music, videos and photos are no longer an uninspired line of text. With TouchFLO 3D, album artwork, video stills and snapshots of your friends’ and family’s faces are brought to life for you to interact, play and launch at your fingertips.\r\n\r\nA 3.2 megapixel auto-focus camera will help you capture the perfect moment in style and with a massive 4GB of internal storage you can keep all the files you need. The integrated ultra-sensitive GPS will help you find your destination as quickly and efficiently as a dedicated satellite navigation unit.\r\n\r\nStyle and substance in a phone are no longer mutually exclusive. The HTC Touch Diamond has arrived.'),(447,10,494,0,166,'102 mm (L) X 51 mm (W) X 11.35 mm (T)'),(448,10,496,0,166,''),(449,10,531,0,166,''),(450,10,531,0,108,''),(451,10,531,0,94,''),(452,10,531,0,30,''),(453,10,531,0,95,''),(454,10,531,0,96,''),(455,10,531,0,97,''),(456,10,531,0,93,''),(457,10,531,0,35,''),(458,10,531,0,117,''),(459,10,531,0,32,''),(460,10,531,0,110,''),(461,10,531,0,109,''),(462,10,531,0,111,''),(463,10,531,0,36,''),(464,10,531,0,137,''),(465,10,531,0,38,''),(466,10,531,0,128,''),(467,10,531,0,130,''),(468,10,531,0,127,''),(469,10,531,0,129,''),(470,10,531,0,131,''),(471,10,531,0,37,''),(472,10,531,0,124,''),(473,10,531,0,125,''),(474,10,531,0,122,''),(475,10,531,0,121,''),(476,10,531,0,29,''),(477,10,531,0,84,''),(478,10,531,0,86,''),(479,10,531,0,85,''),(480,10,531,0,87,''),(481,10,531,0,88,''),(482,10,531,0,89,''),(483,10,531,0,90,''),(484,10,531,0,91,''),(485,10,531,0,92,''),(486,10,531,0,100,''),(487,10,531,0,101,''),(488,10,531,0,102,''),(489,10,531,0,99,''),(490,10,531,0,34,''),(491,10,531,0,104,''),(492,10,531,0,31,''),(493,10,531,0,105,''),(494,10,531,0,106,''),(495,10,531,0,107,''),(496,10,531,0,113,''),(497,10,531,0,114,''),(498,10,531,0,115,''),(499,10,531,0,33,''),(500,10,531,0,74,''),(501,10,531,0,79,''),(502,10,531,0,75,''),(503,10,531,0,80,''),(504,10,531,0,81,''),(505,10,531,0,82,''),(506,10,531,0,49,''),(507,10,531,0,135,''),(508,10,531,0,112,''),(509,10,531,0,103,''),(510,10,531,0,98,''),(511,10,531,0,16,''),(512,10,531,0,17,''),(513,10,531,0,18,''),(514,10,531,0,19,''),(515,10,531,0,20,''),(516,10,531,0,45,''),(517,10,531,0,46,''),(518,10,531,0,47,''),(519,10,531,0,48,''),(520,10,494,0,52,''),(521,10,531,0,52,''),(522,10,494,0,53,''),(523,10,531,0,53,''),(524,10,494,0,54,''),(525,10,531,0,54,''),(526,10,104,0,132,''),(527,10,531,0,132,''),(528,10,492,0,30,'# I.G.S.?: Allows for natural foot movement from heel strike to toe-off\r\n# DuoMax? Support System: Maintains proper support for the foot during the critical transition from heel strike to toe-off\r\n# Space Trusstic System?: Allows for greater midsole deformation and more efficient foot function\r\n# GEL? Cushioning System: Provides maximum rearfoot/forefoot shock attenuation\r\n# Biomorphic Fit Upper: Provides enhanced upper fit and comfort while limiting irritation'),(529,10,104,0,30,'ASICS® Men\'s GEL-Kayano® XII '),(530,10,495,0,31,'B000NOGIKY'),(531,10,97,0,31,'Nothing will turn his head faster than you wearing the sexy Pryme pump from Steven by Steve Madden. This daring pump has a pretty patent leather upper with light shirring, a double stitch detail surrounding the collar, and a vampy almond shaped toe. It also features smooth linings, a fully cushioned insole, a sexy covered stiletto heel, and a lightly textured dress leather outsole. Any way you wear the Pryme, you\'re certain to catch a lot of attention.'),(532,10,492,0,31,'A prime example of chic style. Patent leather upper. Round toe. 3-1/2 inch covered heel. Flex leather sole. Imported. '),(533,10,104,0,31,'Steven by Steve Madden Pryme Pump'),(534,10,492,0,33,'Featuring a wide toe box and delivering optimum support, the sporty Golf Flexor golf shoe is a stylish cleat that you\'ll love wearing on and off the links. The contrasting embossed snakeskin panels attract interest, while the laid back lace-up style keeps things simple. And thanks to the one-year waterproof guarantee, you can trust these shoes to keep you in the game, even when conditions are less than perfect.'),(535,10,104,0,33,'ECCO Womens Golf Flexor Golf Shoe'),(536,10,495,0,34,'B000IKC6AY'),(537,10,97,0,34,'High fashion and classic good looks converge in this suave slip on from Kenneth Cole. Smooth leather upper in a dress slip on style, with a stitched and covered seam moc-inspired square toe, quarter panel curved overlays and flared tongue with side elastic panels for a comfortable, secure fit. Smooth leather lining, cushioned leather topped insole. Dress midsole with a beveled edge, 1 inch capped dress heel. Flat traction outsole.'),(538,10,492,0,34,'The handsome style of the Con-Verge slip-on from Kenneth Cole New York is larger than life. This sharp shoe has a semi-polished smooth leather upper, a squared off stitched apron toe, and dual-goring for easy on/off accessibility. It also features soft leather linings, a cushioned insole, and a paneled rubber outsole for a sturdy step. The Con-Verge is a perfect companion to your business and special occasion wardrobes.'),(539,10,104,0,34,'Kenneth Cole New York Men\'s Con-verge Slip-on'),(540,10,495,0,37,'The Only Children: Paisley T-Shirt'),(541,10,97,0,37,'# 6.1 oz. 100% preshrunk heavyweight cotton \r\n# Double-needle sleeves and bottom hem'),(542,10,104,0,37,'The Only Children: Paisley T-Shirt'),(543,10,495,0,38,'Zolof The Rock And Roll Destroyer: LOL Cat T-shirt'),(544,10,97,0,38,'# 6.1 oz. 100% preshrunk heavyweight cotton \r\n# Shoulder-to-shoulder taping\r\n# Double-needle sleeves and bottom hem'),(545,10,104,0,38,'Zolof The Rock And Roll Destroyer: LOL Cat T-shirt'),(546,10,509,0,42,'Bamboo'),(547,10,97,0,42,'Entirely handcrafted of solid Bamboo. Designed for use with a mattress alone, it includes a sturdy, padded wood platform for comfort and proper mattress support.'),(548,10,104,0,42,'bamboo, barcelona, platform, bed'),(549,10,495,0,44,'Rebel XT '),(550,10,494,0,44,'5 x 3.7 x 2.5 inches'),(551,10,97,0,44,'The Canon EOS Digital Rebel camera now has a new, faster, even smaller big brother. Sibling rivalries aside, the 8.0-megapixel Canon EOS Digital Rebel XT SLR adds resolution, speed, extra creative control, and enhanced comfort in the hand to one of the smallest and lightest digital cameras in its class. Even with its advancements in ergonomic design and technology, this easy-to-use EOS digital camera is compatible with all of Canon\'s EF lenses, including the EF-S lenses.'),(552,10,506,0,33,'Featuring a wide toe box and delivering optimum support, the sporty Golf Flexor golf shoe is a stylish cleat that you\'ll love wearing on and off the links.'),(553,10,506,0,32,'The Lucero pump from Nine West may just leave him at a loss for words. This flirty pump has a leather upper, a pretty almond-shaped toe with a slight V-cut vamp'),(554,10,506,0,31,'Nothing will turn his head faster than you wearing the sexy Pryme pump from Steven by Steve Madden. This daring pump has a pretty patent leather upper with light shirring, a double stitch detail surrounding the collar, and a vampy almond shaped toe'),(555,10,506,0,29,'Comfortable and fun to wear these clogs are the latest trend in fashion footwear'),(556,10,506,0,28,'Get the competitive edge with the Gateway M285-E. This widescreen Convertible Notebook functions as both a conventional notebook and a tablet.'),(557,10,506,0,27,'Take a load off your shoulders when you\'re racing for your plane with the sleekly designed and ultra-portable Sony Vaio VGN-TXN27N/B notebook PC.'),(558,10,506,0,26,'This exclusive edition is another striking symbol of cooperation between Acer and Ferrari -- two progressive companies with proud heritages built on passion, innovation, power and success'),(559,10,506,0,25,'You\'ve seen improvements in notebook performance before - but never on this scale. The Intel Core Duo powering MacBook Pro is actually two processors built into a single chip.'),(560,10,506,0,20,'The MM-A900m offers great-looking design with the ability to download a rich selection of content directly to the phone. '),(561,10,506,0,45,'The Argus QC-2185 Quick Click 5MP digital camera offers all the basic features you need in a compact and stylish digital camera. This unit is easy to use, and is perfect for those who want a completely portable option for taking good pictures, without having to empty their wallet.'),(562,10,506,0,46,'A technically sophisticated point-and-shoot camera offering a number of pioneering technologies such as Dual Image Stabilization, Bright Capture Technology, and TruePic Turbo, as well as a powerful 5x optical zoom.'),(563,10,506,0,47,'Replacing the highly popular PowerShot A620, the PowerShot A630 features a rotating 2.5-inch vari-angle LCD, 4x optical zoom lens, and a vast array of creative shooting modes.'),(564,10,506,0,48,'Small on size. Big on value. Kodak\'s newest C-Series digital camera, the C530, sports awesome features'),(565,10,506,0,49,'Womens Premier Leather Single Layer Narrow Strap - NEW Colors Available - Womens Style - Genuine Top Grain Premier Leather - Rich Color Tones - Straps lined with 2000 lb test nylon - Guaranteed for the Life of the Sole - Non-slip sole - Note: Rainbow is in the process of unveiling a new toe post tag that is much smaller than the original tag.'),(566,10,506,0,51,'With durable solid wood framing, generous padding and plush stain-resistant microfiber upholstery.'),(567,10,506,0,52,'Combining a hint of nostalgia with the up-to-date sensibility and function of modern chairs. It is in soft, velvety microfiber.'),(568,10,506,0,53,'For a sleek, simple and stylish piece, look no further than the Magento sofa - or sofabed!'),(569,10,104,0,75,'womens, sandal, leather, anashria, '),(570,10,506,0,75,'Womens Premier Leather Single Layer Narrow Strap - NEW Colors Available - Womens Style - Genuine Top Grain Premier Leather - Rich Color Tones - Straps lined with 2000 lb test nylon - Guaranteed for the Life of the Sole - Non-slip sole - Note: Rainbow is in the process of unveiling a new toe post tag that is much smaller than the original tag.'),(571,10,495,0,79,'B000KJ43SG'),(572,10,97,0,79,'Womens Premier Leather Single Layer Narrow Strap - NEW Colors Available - Womens Style - Genuine Top Grain Premier Leather - Rich Color Tones - Straps lined with 2000 lb test nylon - Guaranteed for the Life of the Sole - Non-slip sole - Note: Rainbow is in the process of unveiling a new toe post tag that is much smaller than the original tag.'),(573,10,492,0,79,'Womens Premier Leather Single Layer Narrow Strap - '),(574,10,104,0,79,'womens, sandal, leather, anashria, '),(575,10,506,0,79,'Womens Premier Leather Single Layer Narrow Strap - NEW Colors Available - Womens Style - Genuine Top Grain Premier Leather - Rich Color Tones - Straps lined with 2000 lb test nylon - Guaranteed for the Life of the Sole - Non-slip sole - Note: Rainbow is in the process of unveiling a new toe post tag that is much smaller than the original tag.'),(576,10,495,0,80,'B000KJ43SG'),(577,10,97,0,80,'Womens Premier Leather Single Layer Narrow Strap - NEW Colors Available - Womens Style - Genuine Top Grain Premier Leather - Rich Color Tones - Straps lined with 2000 lb test nylon - Guaranteed for the Life of the Sole - Non-slip sole - Note: Rainbow is in the process of unveiling a new toe post tag that is much smaller than the original tag.'),(578,10,97,0,82,'Womens Premier Leather Single Layer Narrow Strap - NEW Colors Available - Womens Style - Genuine Top Grain Premier Leather - Rich Color Tones - Straps lined with 2000 lb test nylon - Guaranteed for the Life of the Sole - Non-slip sole - Note: Rainbow is in the process of unveiling a new toe post tag that is much smaller than the original tag.'),(579,10,492,0,82,'Womens Premier Leather Single Layer Narrow Strap - '),(580,10,104,0,82,'womens, sandal, leather, anashria, '),(581,10,506,0,82,'Womens Premier Leather Single Layer Narrow Strap - NEW Colors Available - Womens Style - Genuine Top Grain Premier Leather - Rich Color Tones - Straps lined with 2000 lb test nylon - Guaranteed for the Life of the Sole - Non-slip sole - Note: Rainbow is in the process of unveiling a new toe post tag that is much smaller than the original tag.'),(582,10,495,0,83,'B000JI2N0I'),(583,10,104,0,83,'cn, clogs, outdoor, shoes, sandals, comfortable'),(584,10,506,0,83,'Comfortable and fun to wear these clogs are the latest trend in fashion footwear'),(585,10,97,0,83,'Comfortable and fun to wear these clogs are the latest trend in fashion footwear. Wear them either at the beach, in your garden, at the mall or just about anywhere you would want to be comfortable.'),(586,10,492,0,83,'<ul>\r\n<ul class=\"disc\">\r\n<li>Made of EVA foam<br></li>\r\n<li>Heel strap keeps shoe on foot<br></li>\r\n<li>Non-marking, slip-resistant outsole<br></li>\r\n<li> Weigh just 6-10 ounces<br></li>\r\n'),(587,10,506,0,84,'Comfortable and fun to wear these clogs are the latest trend in fashion footwear'),(588,10,495,0,85,'B000JI2N0I'),(589,10,97,0,85,'Comfortable and fun to wear these clogs are the latest trend in fashion footwear. Wear them either at the beach, in your garden, at the mall or just about anywhere you would want to be comfortable.'),(590,10,492,0,85,'    * Made of EVA foam\r\n    * Heel strap keeps shoe on foot\r\n    * Non-marking, slip-resistant outsole\r\n    * Weigh just 6-10 ounces\r\n\r\n'),(591,10,492,0,86,'    * Made of EVA foam\r\n    * Heel strap keeps shoe on foot\r\n    * Non-marking, slip-resistant outsole\r\n    * Weigh just 6-10 ounces\r\n\r\n'),(592,10,104,0,86,'CN Clogs Beach/Garden Clog '),(593,10,506,0,86,'Comfortable and fun to wear these clogs are the latest trend in fashion footwear'),(594,10,495,0,87,'B000JI2N0I'),(595,10,495,0,88,'B000JI2N0I'),(596,10,97,0,88,'Comfortable and fun to wear these clogs are the latest trend in fashion footwear. Wear them either at the beach, in your garden, at the mall or just about anywhere you would want to be comfortable.'),(597,10,492,0,88,'    * Made of EVA foam\r\n    * Heel strap keeps shoe on foot\r\n    * Non-marking, slip-resistant outsole\r\n    * Weigh just 6-10 ounces\r\n\r\n'),(598,10,104,0,88,'CN Clogs Beach/Garden Clog '),(599,10,104,0,89,'CN Clogs Beach/Garden Clog '),(600,10,506,0,89,'Comfortable and fun to wear these clogs are the latest trend in fashion footwear'),(601,10,495,0,90,'B000JI2N0I'),(602,10,97,0,90,'Comfortable and fun to wear these clogs are the latest trend in fashion footwear. Wear them either at the beach, in your garden, at the mall or just about anywhere you would want to be comfortable.'),(603,10,97,0,91,'Comfortable and fun to wear these clogs are the latest trend in fashion footwear. Wear them either at the beach, in your garden, at the mall or just about anywhere you would want to be comfortable.'),(604,10,492,0,91,'    * Made of EVA foam\r\n    * Heel strap keeps shoe on foot\r\n    * Non-marking, slip-resistant outsole\r\n    * Weigh just 6-10 ounces\r\n\r\n'),(605,10,104,0,91,'CN Clogs Beach/Garden Clog '),(606,10,506,0,91,'Comfortable and fun to wear these clogs are the latest trend in fashion footwear'),(607,10,506,0,92,'Comfortable and fun to wear these clogs are the latest trend in fashion footwear'),(608,10,495,0,93,'B000CP1M00'),(609,10,104,0,93,'asics, gel, kayano'),(610,10,506,0,93,'The ASICS® GEL-Kayano® XII running shoe delivers the ultimate blend of cushioning and support. '),(611,10,97,0,94,'The ASICS® GEL-Kayano® XII running shoe delivers the ultimate blend of cushioning and support. Biomorphic Fit™ upper offers enhanced upper fit and comfort while decreasing the potential for irritation. Solyte midsole material is lighter than standard EVA and SpEVA® combined with improved cushioning and durability. Impact Guidance System (I.G.S.®) uses linked componentry to encourage optimal gait while allowing for natural foot movement from heel strike to toe off. DuoMax® support system helps ensure that the shoe maintains proper support for the foot during the critical transition from heel strike to toe off. Space Trusstic® System creates a pocket between the Trusstic® System device and the midsole, allowing for greater midsole deformation and more efficient foot function. GEL® Cushioning System provides maximum rearfoot and forefoot shock attenuation. Wt. 12.6 oz.'),(612,10,492,0,94,'# I.G.S.?: Allows for natural foot movement from heel strike to toe-off\r\n# DuoMax? Support System: Maintains proper support for the foot during the critical transition from heel strike to toe-off\r\n# Space Trusstic System?: Allows for greater midsole deformation and more efficient foot function\r\n# GEL? Cushioning System: Provides maximum rearfoot/forefoot shock attenuation\r\n# Biomorphic Fit Upper: Provides enhanced upper fit and comfort while limiting irritation'),(613,10,104,0,94,'ASICS® Men\'s GEL-Kayano® XII '),(614,10,492,0,95,'# I.G.S.?: Allows for natural foot movement from heel strike to toe-off\r\n# DuoMax? Support System: Maintains proper support for the foot during the critical transition from heel strike to toe-off\r\n# Space Trusstic System?: Allows for greater midsole deformation and more efficient foot function\r\n# GEL? Cushioning System: Provides maximum rearfoot/forefoot shock attenuation\r\n# Biomorphic Fit Upper: Provides enhanced upper fit and comfort while limiting irritation'),(615,10,104,0,95,'ASICS® Men\'s GEL-Kayano® XII '),(616,10,506,0,95,'The ASICS® GEL-Kayano® XII running shoe delivers the ultimate blend of cushioning and support. Biomorphic Fit™ upper offers enhanced upper fit and comfort while decreasing the potential for irritation. '),(617,10,104,0,96,'ASICS® Men\'s GEL-Kayano® XII '),(618,10,506,0,96,'The ASICS® GEL-Kayano® XII running shoe delivers the ultimate blend of cushioning and support. Biomorphic Fit™ upper offers enhanced upper fit and comfort while decreasing the potential for irritation. '),(619,10,495,0,97,'B000CP1M00'),(620,10,506,0,97,'The ASICS® GEL-Kayano® XII running shoe delivers the ultimate blend of cushioning and support. Biomorphic Fit™ upper offers enhanced upper fit and comfort while decreasing the potential for irritation. '),(621,10,495,0,98,'B000IKC6AY'),(622,10,104,0,98,'Kenneth Cole, New York, Men\'s, Con-verge, Slip-on'),(623,10,506,0,98,'Smooth leather upper in a dress slip on style, with a stitched and covered seam moc-inspired square toe.'),(624,10,97,0,98,'High fashion and classic good looks converge in this suave slip on from Kenneth Cole. Smooth leather upper in a dress slip on style, with a stitched and covered seam moc-inspired square toe, quarter panel curved overlays and flared tongue with side elastic panels for a comfortable, secure fit. Smooth leather lining, cushioned leather topped insole. Dress midsole with a beveled edge, 1 inch capped dress heel. Flat traction outsole.'),(625,10,492,0,98,'The handsome style of the Con-Verge slip-on from Kenneth Cole New York is larger than life. This sharp shoe has a semi-polished smooth leather upper, a squared off stitched apron toe, and dual-goring for easy on/off accessibility. It also features soft leather linings, a cushioned insole, and a paneled rubber outsole for a sturdy step. The Con-Verge is a perfect companion to your business and special occasion wardrobes.'),(626,10,495,0,99,'B000IKC6AY'),(627,10,97,0,99,'High fashion and classic good looks converge in this suave slip on from Kenneth Cole. Smooth leather upper in a dress slip on style, with a stitched and covered seam moc-inspired square toe, quarter panel curved overlays and flared tongue with side elastic panels for a comfortable, secure fit. Smooth leather lining, cushioned leather topped insole. Dress midsole with a beveled edge, 1 inch capped dress heel. Flat traction outsole.'),(628,10,492,0,99,'The handsome style of the Con-Verge slip-on from Kenneth Cole New York is larger than life. This sharp shoe has a semi-polished smooth leather upper, a squared off stitched apron toe, and dual-goring for easy on/off accessibility. It also features soft leather linings, a cushioned insole, and a paneled rubber outsole for a sturdy step. The Con-Verge is a perfect companion to your business and special occasion wardrobes.'),(629,10,97,0,100,'High fashion and classic good looks converge in this suave slip on from Kenneth Cole. Smooth leather upper in a dress slip on style, with a stitched and covered seam moc-inspired square toe, quarter panel curved overlays and flared tongue with side elastic panels for a comfortable, secure fit. Smooth leather lining, cushioned leather topped insole. Dress midsole with a beveled edge, 1 inch capped dress heel. Flat traction outsole.'),(630,10,492,0,100,'The handsome style of the Con-Verge slip-on from Kenneth Cole New York is larger than life. This sharp shoe has a semi-polished smooth leather upper, a squared off stitched apron toe, and dual-goring for easy on/off accessibility. It also features soft leather linings, a cushioned insole, and a paneled rubber outsole for a sturdy step. The Con-Verge is a perfect companion to your business and special occasion wardrobes.'),(631,10,104,0,100,'Kenneth Cole New York Men\'s Con-verge Slip-on'),(632,10,492,0,110,'The perfect pump will suit any ensemble. Leather upper. 3-3/4 inch stacked heel. Man-made sole. Imported. '),(633,10,104,0,110,'Nine West Women\'s Lucero Pump '),(634,10,506,0,110,'The Lucero pump from Nine West may just leave him at a loss for words. This flirty pump has a leather upper, a pretty almond-shaped toe with a slight V-cut vamp'),(635,10,495,0,111,'B000LJQVF8'),(636,10,492,0,111,'The perfect pump will suit any ensemble. Leather upper. 3-3/4 inch stacked heel. Man-made sole. Imported. '),(637,10,104,0,111,'Nine West Women\'s Lucero Pump '),(638,10,97,0,113,'Featuring a wide toe box and delivering optimum support, the sporty Golf Flexor golf shoe is a stylish cleat that you\'ll love wearing on and off the links. The contrasting embossed snakeskin panels attract interest, while the laid back lace-up style keeps things simple. And thanks to the one-year waterproof guarantee, you can trust these shoes to keep you in the game, even when conditions are less than perfect.'),(639,10,492,0,113,'Featuring a wide toe box and delivering optimum support, the sporty Golf Flexor golf shoe is a stylish cleat that you\'ll love wearing on and off the links. The contrasting embossed snakeskin panels attract interest, while the laid back lace-up style keeps things simple. And thanks to the one-year waterproof guarantee, you can trust these shoes to keep you in the game, even when conditions are less than perfect.'),(640,10,104,0,113,'ECCO Womens Golf Flexor Golf Shoe'),(641,10,506,0,113,'Featuring a wide toe box and delivering optimum support, the sporty Golf Flexor golf shoe is a stylish cleat that you\'ll love wearing on and off the links.'),(642,10,97,0,114,'Featuring a wide toe box and delivering optimum support, the sporty Golf Flexor golf shoe is a stylish cleat that you\'ll love wearing on and off the links. The contrasting embossed snakeskin panels attract interest, while the laid back lace-up style keeps things simple. And thanks to the one-year waterproof guarantee, you can trust these shoes to keep you in the game, even when conditions are less than perfect.'),(643,10,492,0,114,'Featuring a wide toe box and delivering optimum support, the sporty Golf Flexor golf shoe is a stylish cleat that you\'ll love wearing on and off the links. The contrasting embossed snakeskin panels attract interest, while the laid back lace-up style keeps things simple. And thanks to the one-year waterproof guarantee, you can trust these shoes to keep you in the game, even when conditions are less than perfect.'),(644,10,495,0,127,'Zolof The Rock And Roll Destroyer: LOL Cat T-shirt'),(645,10,97,0,127,'# 6.1 oz. 100% preshrunk heavyweight cotton \r\n# Shoulder-to-shoulder taping\r\n# Double-needle sleeves and bottom hem'),(646,10,506,0,127,'Printed on American Apparel Classic style 5495 California t-shirts.  '),(647,10,495,0,128,'Zolof The Rock And Roll Destroyer: LOL Cat T-shirt'),(648,10,97,0,128,'# 6.1 oz. 100% preshrunk heavyweight cotton \r\n# Shoulder-to-shoulder taping\r\n# Double-needle sleeves and bottom hem'),(649,10,104,0,131,'Zolof The Rock And Roll Destroyer: LOL Cat T-shirt'),(650,10,506,0,131,'Printed on American Apparel Classic style 5495 California t-shirts.  '),(651,10,506,0,133,'A stylish digital camera demands stylish protection. This leather carrying case will defend your camera from the dings and scratches of travel and everyday use while looking smart all the time.'),(652,10,97,0,132,'Sturdy, lightweight tripods are designed to meet the needs of amateur and professional photographers and videographers.'),(653,10,506,0,132,'Sturdy, lightweight tripods are designed to meet the needs of amateur and professional photographers and videographers.'),(654,10,494,0,26,''),(655,10,531,0,26,''),(656,10,531,0,134,''),(657,10,531,0,118,''),(658,10,494,0,51,''),(659,10,97,0,138,'This superb, multi-functional Aspire X-Cruiser mid tower case is designed to follow Intel\'s recommendations to achieve the highest level of thermal performance. This gorgeous case outperforms most of the expensive chassis in the market, boasts an abundance of innovative features, yet carries a very affordable price tag. The Aspire X-Cruiser is fully loaded with everything you could possibly imagine that a great gaming case could have. With a built-in air duct on the side panel to funnel cool air towards the CPU, the fan-less X-Cruiser is specially designed to bring out the best performance in systems based on high-end processors.'),(660,10,506,0,138,'This magnificent new case features 2 x 80mm built-in fans with space for 2 optional fans. The Aspire X-Cruiser features front temperature gauge, front fan speed controller and gauge, and front volume controller and gauge. It also features USB2.0, Firewire and audio ports. The superior cooling solution that X-Cruiser delivers can only be found in very few of the expensive chassis in the market.'),(661,10,104,0,139,''),(662,10,97,0,139,'Introducing the next advancement in case design and technology, the Lexa. Designed from ground up to be symmetrical, the Lexa is representative of the modern lifestyle design cues of today. The Lexa\'s minimalist and classy design fits perfectly under the NZXT Classic Series line.'),(663,10,506,0,139,'The Lexa boasts a ridgid, but light weight aluminum chassis. The Lexa\'s high-air-flow design, while quiet, ensures cooling options for the more ambitious computing enthusiasts. Three thermal probes provide temperature readings to the illuminated LCD display for monitoring your systems core components. The Lexa ships with a rugged carrying strap with protective window cover for easy single-handed transportation.'),(664,10,97,0,141,'Crucial 1024MB PC4200 DDR2 533MHz Memory\r\nCrucial Technologies is part of Micron, the largest DRAM manufacturer in the U.S. and one of the largest in the world. Because they actually manufacture memory, they have unparalleled expertise in the upgrade industry. Crucial is the only consumer memory upgrade supplier that is part of a major DRAM manufacturer.\r\n\r\nEvery single Crucial memory module is tested before it goes out their doors. Crucial chips are individually tested under varying temperatures, voltages, and operational conditions for performance and functionality. '),(665,10,506,0,141,'Crucial 1024MB PC4200 DDR2 533MHz Memory\r\nCrucial Technologies is part of Micron, the largest DRAM manufacturer in the U.S. and one of the largest in the world. Because they actually manufacture memory, they have unparalleled expertise in the upgrade industry. Crucial is the only consumer memory upgrade supplier that is part of a major DRAM manufacturer.\r\n\r\nEvery single Crucial memory module is tested before it goes out their doors. Crucial chips are individually tested under varying temperatures, voltages, and operational conditions for performance and functionality. '),(666,10,104,0,142,'1 Year Warranty - Parts and Labor'),(667,10,97,0,142,'1 Year Extended Warranty - Parts and Labor'),(668,10,506,0,142,'1 Year Extended Warranty - Parts and Labor'),(669,10,506,0,145,'Deliver more sophisticated solutions with the leading-edge technology of AMD Phenom™ 9000 Series processor.'),(670,10,104,0,146,'3 Year Warranty - Parts and Labor'),(671,10,97,0,146,'3 Year Extended Warranty - Parts and Labor'),(672,10,506,0,146,'3 Year Extended Warranty - Parts and Labor'),(673,10,104,0,150,''),(674,10,97,0,150,'500GB- 7200RPM, SATA 3.0Gb/s, 32MB Cache'),(675,10,506,0,150,'500GB - 7200RPM, SATA 3.0Gb/s, 32MB Cache'),(676,10,104,0,151,''),(677,10,97,0,151,'Intel® Core™2 Duo processor is the new brand name for our next-generation energy-efficient performance desktop and mobile processors. Formerly known by their codenames Conroe and Merom, the Intel® Core™2 processors for desktop and mobile computers are based on the Intel® Core™ microarchitecture, Intel\'s new industry-leading foundation for all mobile, desktop and server platforms moving forward.'),(678,10,531,0,152,''),(679,10,104,0,153,''),(680,10,97,0,153,'The new Intel® Core™2 Extreme processor QX9775 with hafnium-infused chip design delivers unrivaled gaming performance1 with four independent processing cores, 12 MB of cache, 1600 MHz Front Side Bus, and clock speeds of 3.2 GHz.The Intel® Core™2 Extreme processor is the world’s first quad core desktop processor, delivering the latest in cutting-edge processor technology and unprecedented performance across a wide range of applications and benchmarks. All Intel Core 2 Extreme processor QX9000 series are based on the industry-leading 45nm manufacturing technology, providing another giant leap forward on the road to multi-core and parallel computing.'),(681,10,531,0,153,''),(682,10,499,0,154,'5400 rpm'),(683,10,97,0,155,'1 TB - 7200RPM, SATA 3.0Gb/s, 32MB Cache'),(684,10,506,0,155,'1 TB - 7200RPM, SATA 3.0Gb/s, 32MB Cache'),(685,10,531,0,155,''),(686,10,104,0,156,''),(687,10,97,0,156,'Experience smooth gaming visuals and crystal-clear video with this 19\" flat-panel LCD monitor that features an ultrafast 2 ms response time and sharp 10,000:1 contrast. The DVI-D with HDCP input lets you connect a DVD player or other digital video device.\r\nProduct Features\r\n\r\n    * Ultrafast 2 ms response time\r\n    * Digital Fine 10,000:1 contrast ratio; 300 cd/m² brightness\r\n    * 1440 x 900 maximum resolution; wide 170° horizontal and vertical viewing angles\r\n'),(688,10,531,0,157,''),(689,10,104,0,158,'Sony, VAIO, VGN-TXN27N/B , Notebook, PC, Intel, 2 GB RAM, '),(690,10,506,0,158,'Weighing in at just an amazing 2.84 pounds and offering a sleek, durable carbon-fiber case in charcoal black. And with 4 to 10 hours of standard battery life, it has the stamina to power you through your most demanding applications. With the integrated wireless WAN, you can access the national Sprint Mobile Broadband service to extend your wireless coverage beyond LAN access networks and hotspots, giving you the freedom to go farther, do more, and stay connected.\r\n\r\n'),(691,10,531,0,158,''),(692,10,104,0,159,'');


/*Table structure for table `catalog_product_entity_tier_price` */

