--
-- Host: localhost    Database: rs_vsbrooks
-- ------------------------------------------------------


--
-- Table structure for table `collection`
--

CREATE TABLE `collection` (
  `ref` int(11) NOT NULL AUTO_INCREMENT,
  `name` varchar(100) DEFAULT NULL,
  `user` int(11) DEFAULT NULL,
  `created` datetime DEFAULT NULL,
  `public` int(11) DEFAULT '0',
  `theme` varchar(100) DEFAULT NULL,
  `theme2` varchar(100) DEFAULT NULL,
  `theme3` varchar(100) DEFAULT NULL,
  `allow_changes` int(11) DEFAULT '0',
  `cant_delete` int(11) DEFAULT '0',
  `keywords` text,
  `savedsearch` int(11) DEFAULT NULL,
  `home_page_publish` int(11) DEFAULT NULL,
  `home_page_text` text,
  `home_page_image` int(11) DEFAULT NULL,
  PRIMARY KEY (`ref`),
  KEY `theme` (`theme`),
  KEY `public` (`public`),
  KEY `user` (`user`)
) ENGINE=MyISAM AUTO_INCREMENT=20 DEFAULT CHARSET=latin1;

--
-- Dumping data for table `collection`
--

INSERT INTO `collection` VALUES (1,'My Collection',1,'2008-01-01 10:00:00',0,NULL,'0','1',NULL,1,NULL,NULL,NULL,NULL,NULL),(2,'My Collection',2,'2014-02-13 17:23:59',0,NULL,NULL,NULL,0,1,NULL,NULL,NULL,NULL,NULL),(3,'My Collection',3,'2014-02-13 17:24:47',0,NULL,NULL,NULL,0,1,NULL,NULL,NULL,NULL,NULL),(4,'Upload 20140213224110',1,'2014-02-13 17:41:10',0,NULL,NULL,NULL,0,0,NULL,NULL,NULL,NULL,NULL),(5,'My Collection',4,'2014-05-06 13:32:52',0,NULL,NULL,NULL,0,1,NULL,NULL,NULL,NULL,NULL),(6,'Upload 20140519230614',1,'2014-05-19 19:06:14',0,NULL,NULL,NULL,0,0,NULL,NULL,NULL,NULL,NULL),(7,'Upload 20140520143900',2,'2014-05-20 10:39:00',0,NULL,NULL,NULL,0,0,NULL,NULL,NULL,NULL,NULL),(8,'Upload 20140520145148',2,'2014-05-20 10:51:48',0,NULL,NULL,NULL,0,0,NULL,NULL,NULL,NULL,NULL),(9,'Upload 20140520150436',1,'2014-05-20 11:04:36',0,NULL,NULL,NULL,0,0,NULL,NULL,NULL,NULL,NULL),(10,'Upload 20140520150810',1,'2014-05-20 11:08:10',0,NULL,NULL,NULL,0,0,NULL,NULL,NULL,NULL,NULL),(11,'Upload 20140520151333',1,'2014-05-20 11:13:33',0,NULL,NULL,NULL,0,0,NULL,NULL,NULL,NULL,NULL),(12,'Upload 20140520152459',1,'2014-05-20 11:24:59',0,NULL,NULL,NULL,0,0,NULL,NULL,NULL,NULL,NULL),(13,'Upload 20140520152829',1,'2014-05-20 11:28:29',0,NULL,NULL,NULL,0,0,NULL,NULL,NULL,NULL,NULL),(14,'Upload 20140520152955',2,'2014-05-20 11:29:55',0,NULL,NULL,NULL,0,0,NULL,NULL,NULL,NULL,NULL),(15,'Upload 20140520153258',1,'2014-05-20 11:32:58',0,NULL,NULL,NULL,0,0,NULL,NULL,NULL,NULL,NULL),(16,'Danny\'s test collection',1,'2014-05-27 17:11:02',0,NULL,NULL,NULL,0,0,NULL,NULL,NULL,NULL,NULL),(17,'Upload 20140528125134',1,'2014-05-28 08:51:34',0,NULL,NULL,NULL,0,0,NULL,NULL,NULL,NULL,NULL),(18,'Danny\'s second Test Collection',1,'2014-06-03 15:33:32',0,NULL,NULL,NULL,0,0,NULL,NULL,NULL,NULL,NULL),(19,'My Collection',5,'2014-06-03 15:46:46',0,NULL,NULL,NULL,0,1,NULL,NULL,NULL,NULL,NULL);

--
-- Table structure for table `collection_keyword`
--

CREATE TABLE `collection_keyword` (
  `collection` int(11) DEFAULT NULL,
  `keyword` int(11) DEFAULT NULL,
  KEY `collection` (`collection`),
  KEY `keyword` (`keyword`)
) ENGINE=MyISAM DEFAULT CHARSET=latin1;

--
-- Dumping data for table `collection_keyword`
--

INSERT INTO `collection_keyword` VALUES (2,1),(2,2),(2,3),(3,4),(3,2),(3,3),(4,11),(4,12),(4,13),(4,14),(4,15),(5,39),(5,2),(5,3),(6,44),(6,12),(6,45),(6,14),(6,15),(7,46),(7,12),(7,47),(8,48),(8,12),(8,49),(9,52),(9,12),(9,53),(9,14),(9,15),(10,55),(10,12),(10,56),(10,14),(10,15),(11,58),(11,12),(11,59),(11,14),(11,15),(12,61),(12,12),(12,62),(12,14),(12,15),(13,68),(13,12),(13,70),(13,14),(13,15),(14,71),(14,12),(14,81),(15,72),(15,12),(15,100),(15,14),(15,15),(16,73),(16,127),(16,18),(16,5),(16,3),(16,14),(16,15),(17,74),(17,12),(17,145),(17,14),(17,15),(18,75),(18,127),(18,18),(18,152),(18,5),(18,3),(18,14),(18,15),(19,76),(19,2),(19,3);

--
-- Table structure for table `collection_log`
--

CREATE TABLE `collection_log` (
  `date` datetime DEFAULT NULL,
  `user` int(11) DEFAULT NULL,
  `collection` int(11) DEFAULT NULL,
  `type` char(1) DEFAULT NULL,
  `resource` int(11) DEFAULT NULL,
  `notes` varchar(255) DEFAULT NULL
) ENGINE=MyISAM DEFAULT CHARSET=latin1;

--
-- Dumping data for table `collection_log`
--

INSERT INTO `collection_log` VALUES ('2014-02-13 17:41:56',1,4,'a',1,''),('2014-02-13 17:42:43',1,4,'r',1,''),('2014-02-13 17:43:05',1,4,'a',2,''),('2014-02-13 17:45:04',1,4,'a',3,''),('2014-02-13 17:54:35',1,4,'a',1,''),('2014-05-20 11:26:50',1,12,'a',4,''),('2014-05-20 11:26:52',1,12,'a',5,''),('2014-05-20 11:26:53',1,12,'a',6,''),('2014-05-20 11:26:54',1,12,'a',7,''),('2014-05-20 11:26:55',1,12,'a',8,''),('2014-05-20 11:26:57',1,12,'a',9,''),('2014-05-20 11:26:57',1,12,'a',10,''),('2014-05-20 11:26:58',1,12,'a',11,''),('2014-05-20 11:27:00',1,12,'a',12,''),('2014-05-20 11:27:02',1,12,'a',13,''),('2014-05-20 11:28:39',1,13,'a',14,''),('2014-05-20 11:28:40',1,13,'a',15,''),('2014-05-20 11:28:41',1,13,'a',16,''),('2014-05-20 11:28:42',1,13,'a',17,''),('2014-05-20 11:28:43',1,13,'a',18,''),('2014-05-20 11:28:45',1,13,'a',19,''),('2014-05-20 11:28:46',1,13,'a',20,''),('2014-05-20 11:28:47',1,13,'a',21,''),('2014-05-20 11:28:48',1,13,'a',22,''),('2014-05-20 11:28:50',1,13,'a',23,''),('2014-05-20 11:30:34',2,14,'a',24,''),('2014-05-20 11:30:34',2,14,'a',25,''),('2014-05-20 11:30:35',2,14,'a',26,''),('2014-05-20 11:30:36',2,14,'a',27,''),('2014-05-20 11:30:36',2,14,'a',28,''),('2014-05-20 11:30:37',2,14,'a',29,''),('2014-05-20 11:30:38',2,14,'a',30,''),('2014-05-20 11:30:38',2,14,'a',31,''),('2014-05-20 11:30:39',2,14,'a',32,''),('2014-05-20 11:30:40',2,14,'a',33,''),('2014-05-20 11:30:40',2,14,'a',34,''),('2014-05-20 11:30:41',2,14,'a',35,''),('2014-05-20 11:33:16',1,15,'a',36,''),('2014-05-20 11:33:17',1,15,'a',37,''),('2014-05-20 11:33:18',1,15,'a',38,''),('2014-05-20 11:33:19',1,15,'a',39,''),('2014-05-20 11:33:19',1,15,'a',40,''),('2014-05-20 11:33:20',1,15,'a',41,''),('2014-05-20 11:33:21',1,15,'a',42,''),('2014-05-20 11:33:22',1,15,'a',43,''),('2014-05-20 11:33:23',1,15,'a',44,''),('2014-05-20 11:33:23',1,15,'a',45,''),('2014-05-27 17:17:55',1,16,'a',46,''),('2014-05-27 17:18:47',1,16,'a',47,''),('2014-05-27 17:48:58',1,16,'a',48,''),('2014-05-28 08:52:05',1,17,'a',49,''),('2014-05-28 08:52:17',1,17,'a',50,''),('2014-06-03 15:34:17',1,18,'a',51,'');

--
-- Table structure for table `collection_resource`
--

CREATE TABLE `collection_resource` (
  `collection` int(11) DEFAULT NULL,
  `resource` int(11) DEFAULT NULL,
  `date_added` timestamp NOT NULL DEFAULT CURRENT_TIMESTAMP,
  `comment` text,
  `rating` int(11) DEFAULT NULL,
  `use_as_theme_thumbnail` int(11) DEFAULT NULL,
  `purchase_size` varchar(10) DEFAULT NULL,
  `purchase_complete` int(11) DEFAULT '0',
  `purchase_price` decimal(10,2) DEFAULT '0.00',
  `sortorder` int(11) DEFAULT NULL,
  KEY `collection` (`collection`),
  KEY `resource_collection` (`collection`,`resource`)
) ENGINE=MyISAM DEFAULT CHARSET=latin1;

--
-- Dumping data for table `collection_resource`
--

INSERT INTO `collection_resource` VALUES (4,3,'2014-02-13 22:45:04',NULL,NULL,NULL,'',0,0.00,NULL),(4,1,'2014-02-13 22:54:35',NULL,NULL,NULL,'',0,0.00,NULL),(12,4,'2014-05-20 15:26:50',NULL,NULL,NULL,'',0,0.00,NULL),(12,5,'2014-05-20 15:26:52',NULL,NULL,NULL,'',0,0.00,NULL),(12,6,'2014-05-20 15:26:53',NULL,NULL,NULL,'',0,0.00,NULL),(12,7,'2014-05-20 15:26:54',NULL,NULL,NULL,'',0,0.00,NULL),(12,8,'2014-05-20 15:26:55',NULL,NULL,NULL,'',0,0.00,NULL),(12,9,'2014-05-20 15:26:57',NULL,NULL,NULL,'',0,0.00,NULL),(12,10,'2014-05-20 15:26:57',NULL,NULL,NULL,'',0,0.00,NULL),(12,11,'2014-05-20 15:26:58',NULL,NULL,NULL,'',0,0.00,NULL),(12,12,'2014-05-20 15:27:00',NULL,NULL,NULL,'',0,0.00,NULL),(12,13,'2014-05-20 15:27:02',NULL,NULL,NULL,'',0,0.00,NULL),(13,14,'2014-05-20 15:28:39',NULL,NULL,NULL,'',0,0.00,NULL),(13,15,'2014-05-20 15:28:40',NULL,NULL,NULL,'',0,0.00,NULL),(13,16,'2014-05-20 15:28:41',NULL,NULL,NULL,'',0,0.00,NULL),(13,17,'2014-05-20 15:28:42',NULL,NULL,NULL,'',0,0.00,NULL),(13,18,'2014-05-20 15:28:43',NULL,NULL,NULL,'',0,0.00,NULL),(13,19,'2014-05-20 15:28:45',NULL,NULL,NULL,'',0,0.00,NULL),(13,20,'2014-05-20 15:28:46',NULL,NULL,NULL,'',0,0.00,NULL),(13,21,'2014-05-20 15:28:47',NULL,NULL,NULL,'',0,0.00,NULL),(13,22,'2014-05-20 15:28:48',NULL,NULL,NULL,'',0,0.00,NULL),(13,23,'2014-05-20 15:28:50',NULL,NULL,NULL,'',0,0.00,NULL),(14,24,'2014-05-20 15:30:34',NULL,NULL,NULL,'',0,0.00,NULL),(14,25,'2014-05-20 15:30:34',NULL,NULL,NULL,'',0,0.00,NULL),(14,26,'2014-05-20 15:30:35',NULL,NULL,NULL,'',0,0.00,NULL),(14,27,'2014-05-20 15:30:36',NULL,NULL,NULL,'',0,0.00,NULL),(14,28,'2014-05-20 15:30:36',NULL,NULL,NULL,'',0,0.00,NULL),(14,29,'2014-05-20 15:30:37',NULL,NULL,NULL,'',0,0.00,NULL),(14,30,'2014-05-20 15:30:38',NULL,NULL,NULL,'',0,0.00,NULL),(14,31,'2014-05-20 15:30:38',NULL,NULL,NULL,'',0,0.00,NULL),(14,32,'2014-05-20 15:30:39',NULL,NULL,NULL,'',0,0.00,NULL),(14,33,'2014-05-20 15:30:40',NULL,NULL,NULL,'',0,0.00,NULL),(14,34,'2014-05-20 15:30:40',NULL,NULL,NULL,'',0,0.00,NULL),(14,35,'2014-05-20 15:30:41',NULL,NULL,NULL,'',0,0.00,NULL),(15,36,'2014-05-20 15:33:16',NULL,NULL,NULL,'',0,0.00,NULL),(15,37,'2014-05-20 15:33:17',NULL,NULL,NULL,'',0,0.00,NULL),(15,38,'2014-05-20 15:33:18',NULL,NULL,NULL,'',0,0.00,NULL),(15,39,'2014-05-20 15:33:19',NULL,NULL,NULL,'',0,0.00,NULL),(15,40,'2014-05-20 15:33:19',NULL,NULL,NULL,'',0,0.00,NULL),(15,41,'2014-05-20 15:33:20',NULL,NULL,NULL,'',0,0.00,NULL),(15,42,'2014-05-20 15:33:21',NULL,NULL,NULL,'',0,0.00,NULL),(15,43,'2014-05-20 15:33:22',NULL,NULL,NULL,'',0,0.00,NULL),(15,44,'2014-05-20 15:33:23',NULL,NULL,NULL,'',0,0.00,NULL),(15,45,'2014-05-20 15:33:23',NULL,NULL,NULL,'',0,0.00,NULL),(16,46,'2014-05-27 21:17:55',NULL,NULL,NULL,'',0,0.00,NULL),(16,47,'2014-05-27 21:18:47',NULL,NULL,NULL,'',0,0.00,NULL),(16,48,'2014-05-27 21:48:58',NULL,NULL,NULL,'',0,0.00,NULL),(17,49,'2014-05-28 12:52:05',NULL,NULL,NULL,'',0,0.00,NULL),(17,50,'2014-05-28 12:52:17',NULL,NULL,NULL,'',0,0.00,NULL),(18,51,'2014-06-03 19:34:17',NULL,NULL,NULL,'',0,0.00,NULL);

--
-- Table structure for table `collection_savedsearch`
--

CREATE TABLE `collection_savedsearch` (
  `ref` int(11) NOT NULL AUTO_INCREMENT,
  `collection` int(11) DEFAULT NULL,
  `search` text,
  `restypes` text,
  `starsearch` int(11) DEFAULT NULL,
  `archive` int(11) DEFAULT NULL,
  `created` timestamp NOT NULL DEFAULT CURRENT_TIMESTAMP,
  `result_limit` int(11) DEFAULT NULL,
  PRIMARY KEY (`ref`)
) ENGINE=MyISAM AUTO_INCREMENT=2 DEFAULT CHARSET=latin1;

--
-- Dumping data for table `collection_savedsearch`
--

INSERT INTO `collection_savedsearch` VALUES (1,1,'!collection1','',NULL,0,'2014-05-01 20:31:25',NULL);

--
-- Table structure for table `comment`
--

CREATE TABLE `comment` (
  `ref` int(11) NOT NULL AUTO_INCREMENT,
  `ref_parent` int(11) DEFAULT NULL,
  `created` timestamp NOT NULL DEFAULT CURRENT_TIMESTAMP,
  `hide` int(1) DEFAULT '0',
  `collection_ref` int(11) DEFAULT NULL,
  `resource_ref` int(11) DEFAULT NULL,
  `user_ref` int(11) DEFAULT NULL,
  `fullname` varchar(100) DEFAULT NULL,
  `email` varchar(100) DEFAULT NULL,
  `website_url` text,
  `body` text,
  PRIMARY KEY (`ref`),
  KEY `ref_parent` (`ref_parent`),
  KEY `collection_ref` (`collection_ref`),
  KEY `resource_ref` (`resource_ref`)
) ENGINE=MyISAM DEFAULT CHARSET=latin1;

--
-- Dumping data for table `comment`
--


--
-- Table structure for table `daily_stat`
--

CREATE TABLE `daily_stat` (
  `year` int(11) DEFAULT NULL,
  `month` int(11) DEFAULT NULL,
  `day` int(11) DEFAULT NULL,
  `usergroup` int(11) DEFAULT '0',
  `activity_type` varchar(50) DEFAULT NULL,
  `object_ref` int(11) DEFAULT NULL,
  `count` int(11) DEFAULT '0',
  KEY `stat_day` (`year`,`month`,`day`),
  KEY `stat_month` (`year`,`month`),
  KEY `stat_usergroup` (`usergroup`),
  KEY `stat_day_activity` (`year`,`month`,`day`,`activity_type`),
  KEY `stat_day_activity_ref` (`year`,`month`,`day`,`activity_type`,`object_ref`)
) ENGINE=MyISAM DEFAULT CHARSET=latin1;

--
-- Dumping data for table `daily_stat`
--

INSERT INTO `daily_stat` VALUES (2014,2,13,0,'User session',1,2),(2014,2,13,0,'User session',2,4),(2014,2,13,3,'Keyword added to resource',5,5),(2014,2,13,3,'Keyword added to resource',6,5),(2014,2,13,3,'Keyword added to resource',7,7),(2014,2,13,3,'Keyword added to resource',8,7),(2014,2,13,3,'Keyword added to resource',9,2),(2014,2,13,3,'Keyword added to resource',10,10),(2014,2,13,3,'Keyword added to resource',14,6),(2014,2,13,3,'Keyword added to resource',15,3),(2014,2,13,3,'Create resource',1,1),(2014,2,13,3,'Resource upload',1,1),(2014,2,13,3,'Keyword added to resource',16,2),(2014,2,13,3,'Keyword added to resource',17,2),(2014,2,13,3,'Keyword added to resource',18,2),(2014,2,13,3,'Keyword added to resource',19,2),(2014,2,13,3,'Keyword added to resource',20,2),(2014,2,13,3,'Keyword added to resource',21,4),(2014,2,13,3,'Keyword added to resource',22,2),(2014,2,13,3,'Keyword added to resource',23,3),(2014,2,13,3,'Keyword added to resource',24,2),(2014,2,13,3,'Keyword added to resource',25,2),(2014,2,13,3,'Search',0,13),(2014,2,13,3,'Keyword added to resource',26,2),(2014,2,13,3,'Keyword added to resource',1,1),(2014,2,13,3,'Create resource',2,1),(2014,2,13,3,'Resource upload',2,1),(2014,2,13,3,'Keyword added to resource',27,1),(2014,2,13,3,'Resource view',2,1),(2014,2,13,3,'Resource view',1,5),(2014,2,13,3,'Keyword added to resource',28,1),(2014,2,13,3,'Keyword added to resource',29,1),(2014,2,13,3,'Resource edit',1,2),(2014,2,13,3,'Keyword added to resource',30,2),(2014,2,13,3,'Keyword added to resource',31,3),(2014,2,13,3,'Keyword added to resource',32,2),(2014,2,13,3,'Keyword added to resource',33,2),(2014,2,13,3,'Keyword added to resource',34,2),(2014,2,13,3,'Keyword added to resource',35,2),(2014,2,13,3,'Keyword added to resource',4,1),(2014,2,13,3,'Create resource',3,1),(2014,2,13,3,'Resource upload',3,1),(2014,2,13,3,'Keyword added to resource',36,1),(2014,2,13,3,'Keyword added to resource',37,1),(2014,2,13,3,'Keyword usage',28,3),(2014,2,13,3,'Advanced search',1,1),(2014,2,13,9,'Search',0,1),(2014,2,13,0,'User session',3,2),(2014,2,13,2,'Search',0,1),(2014,2,13,10,'Search',0,2),(2014,2,13,3,'Add resource to collection',1,1),(2014,2,13,3,'User session',1,1),(2014,2,14,3,'User session',1,1),(2014,2,15,3,'User session',1,1),(2014,2,15,3,'Search',0,1),(2014,2,15,3,'Resource view',1,1),(2014,2,17,3,'User session',1,1),(2014,2,17,3,'Resource view',1,1),(2014,2,18,0,'User session',1,1),(2014,2,26,0,'User session',1,1),(2014,4,21,0,'User session',1,1),(2014,4,21,0,'User session',3,1),(2014,4,28,10,'User session',3,1),(2014,5,1,0,'User session',1,1),(2014,5,1,3,'Add saved search to collection',0,1),(2014,5,1,3,'Resource view',3,2),(2014,5,2,0,'User session',1,4),(2014,5,2,3,'Resource view',1,1),(2014,5,5,0,'User session',1,2),(2014,5,5,3,'User session',1,2),(2014,5,5,10,'User session',3,1),(2014,5,6,3,'User session',1,3),(2014,5,6,3,'Search',0,1),(2014,5,6,3,'Resource view',3,1),(2014,5,6,0,'User session',1,5),(2014,5,6,0,'User session',4,3),(2014,5,7,3,'User session',1,7),(2014,5,7,0,'User session',1,4),(2014,5,7,0,'User session',4,1),(2014,5,7,11,'Search',0,2),(2014,5,7,11,'User session',4,2),(2014,5,7,3,'Keyword usage',5,3),(2014,5,8,3,'Keyword usage',5,10),(2014,5,8,3,'Resource view',3,1),(2014,5,8,3,'User session',1,5),(2014,5,8,3,'Resource view',1,1),(2014,5,8,0,'User session',1,2),(2014,5,9,0,'User session',1,2),(2014,5,9,3,'User session',1,4),(2014,5,10,3,'User session',1,1),(2014,5,11,3,'User session',1,1),(2014,5,12,3,'User session',1,7),(2014,5,12,0,'User session',1,8),(2014,5,12,3,'Keyword usage',5,12),(2014,5,12,3,'Resource view',3,1),(2014,5,13,3,'User session',1,6),(2014,5,14,3,'User session',1,4),(2014,5,14,3,'Keyword usage',5,3),(2014,5,14,0,'User session',1,3),(2014,5,15,3,'Keyword usage',5,39),(2014,5,15,0,'User session',1,8),(2014,5,15,3,'User session',1,6),(2014,5,15,3,'Resource view',3,5),(2014,5,15,3,'Keyword added to resource',7,1),(2014,5,15,3,'Keyword added to resource',40,1),(2014,5,15,3,'Keyword added to resource',41,1),(2014,5,15,3,'Keyword added to resource',10,1),(2014,5,16,3,'User session',1,4),(2014,5,16,3,'Keyword usage',5,3),(2014,5,16,3,'Keyword added to resource',7,1),(2014,5,16,3,'Keyword added to resource',40,1),(2014,5,16,3,'Keyword added to resource',42,1),(2014,5,16,3,'Keyword added to resource',10,1),(2014,5,17,3,'User session',1,5),(2014,5,17,0,'User session',1,2),(2014,5,17,3,'Search',0,1),(2014,5,17,3,'Keyword usage',5,1),(2014,5,17,3,'Resource view',3,1),(2014,5,18,3,'User session',1,4),(2014,5,19,0,'User session',1,4),(2014,5,19,3,'User session',1,3),(2014,5,19,3,'Keyword added to resource',7,1),(2014,5,19,3,'Keyword added to resource',40,1),(2014,5,19,3,'Keyword added to resource',43,1),(2014,5,19,3,'Keyword added to resource',10,2),(2014,5,19,3,'Keyword added to resource',28,1),(2014,5,19,3,'Keyword added to resource',23,1),(2014,5,19,3,'Keyword added to resource',29,1),(2014,5,19,3,'Keyword added to resource',5,1),(2014,5,19,3,'Keyword added to resource',34,1),(2014,5,19,0,'User session',4,1),(2014,5,20,3,'User session',1,2),(2014,5,20,0,'User session',2,3),(2014,5,20,9,'Keyword added to resource',28,30),(2014,5,20,9,'Keyword added to resource',23,30),(2014,5,20,9,'Keyword added to resource',29,30),(2014,5,20,9,'Keyword added to resource',10,3),(2014,5,20,0,'User session',1,9),(2014,5,20,3,'Keyword added to resource',7,37),(2014,5,20,3,'Keyword added to resource',40,37),(2014,5,20,3,'Keyword added to resource',50,1),(2014,5,20,3,'Keyword added to resource',10,10),(2014,5,20,3,'Keyword added to resource',51,1),(2014,5,20,3,'Keyword added to resource',5,21),(2014,5,20,3,'Keyword added to resource',54,1),(2014,5,20,3,'Keyword added to resource',57,1),(2014,5,20,3,'Keyword added to resource',60,11),(2014,5,20,3,'Keyword added to resource',14,60),(2014,5,20,3,'Keyword added to resource',15,30),(2014,5,20,3,'Keyword added to resource',28,30),(2014,5,20,3,'Keyword added to resource',23,30),(2014,5,20,3,'Keyword added to resource',29,30),(2014,5,20,3,'Keyword added to resource',11,1),(2014,5,20,3,'Create resource',4,1),(2014,5,20,3,'Resource upload',4,1),(2014,5,20,3,'Keyword added to resource',36,8),(2014,5,20,3,'Keyword added to resource',37,24),(2014,5,20,3,'Keyword added to resource',39,1),(2014,5,20,3,'Create resource',5,1),(2014,5,20,3,'Resource upload',5,1),(2014,5,20,3,'Keyword added to resource',63,8),(2014,5,20,3,'Keyword added to resource',44,1),(2014,5,20,3,'Create resource',6,1),(2014,5,20,3,'Resource upload',6,1),(2014,5,20,3,'Keyword added to resource',64,4),(2014,5,20,3,'Keyword added to resource',46,1),(2014,5,20,3,'Create resource',7,1),(2014,5,20,3,'Resource upload',7,1),(2014,5,20,3,'Keyword added to resource',65,4),(2014,5,20,3,'Keyword added to resource',48,1),(2014,5,20,3,'Create resource',8,1),(2014,5,20,3,'Resource upload',8,1),(2014,5,20,3,'Keyword added to resource',66,8),(2014,5,20,3,'Keyword added to resource',52,1),(2014,5,20,3,'Create resource',9,1),(2014,5,20,3,'Resource upload',9,1),(2014,5,20,3,'Keyword added to resource',55,1),(2014,5,20,3,'Create resource',10,1),(2014,5,20,3,'Resource upload',10,1),(2014,5,20,3,'Keyword added to resource',58,1),(2014,5,20,3,'Create resource',11,1),(2014,5,20,3,'Resource upload',11,1),(2014,5,20,3,'Keyword added to resource',61,1),(2014,5,20,3,'Create resource',12,1),(2014,5,20,3,'Resource upload',12,1),(2014,5,20,3,'Keyword added to resource',67,4),(2014,5,20,3,'Keyword added to resource',68,1),(2014,5,20,3,'Create resource',13,1),(2014,5,20,3,'Resource upload',13,1),(2014,5,20,3,'Resource view',13,1),(2014,5,20,3,'Keyword added to resource',69,11),(2014,5,20,3,'Keyword added to resource',71,1),(2014,5,20,3,'Create resource',14,1),(2014,5,20,3,'Resource upload',14,1),(2014,5,20,3,'Keyword added to resource',72,1),(2014,5,20,3,'Create resource',15,1),(2014,5,20,3,'Resource upload',15,1),(2014,5,20,3,'Keyword added to resource',73,1),(2014,5,20,3,'Create resource',16,1),(2014,5,20,3,'Resource upload',16,1),(2014,5,20,3,'Keyword added to resource',74,1),(2014,5,20,3,'Create resource',17,1),(2014,5,20,3,'Resource upload',17,1),(2014,5,20,3,'Keyword added to resource',75,1),(2014,5,20,3,'Create resource',18,1),(2014,5,20,3,'Resource upload',18,1),(2014,5,20,3,'Keyword added to resource',76,1),(2014,5,20,3,'Create resource',19,1),(2014,5,20,3,'Resource upload',19,1),(2014,5,20,3,'Keyword added to resource',77,1),(2014,5,20,3,'Create resource',20,1),(2014,5,20,3,'Resource upload',20,1),(2014,5,20,3,'Keyword added to resource',78,1),(2014,5,20,3,'Create resource',21,1),(2014,5,20,3,'Resource upload',21,1),(2014,5,20,3,'Keyword added to resource',79,1),(2014,5,20,3,'Create resource',22,1),(2014,5,20,3,'Resource upload',22,1),(2014,5,20,3,'Keyword added to resource',80,1),(2014,5,20,3,'Create resource',23,1),(2014,5,20,3,'Resource upload',23,1),(2014,5,20,9,'User session',2,1),(2014,5,20,9,'Keyword added to resource',1,18),(2014,5,20,9,'Keyword added to resource',5,13),(2014,5,20,9,'Keyword added to resource',82,12),(2014,5,20,9,'Keyword added to resource',83,1),(2014,5,20,9,'Create resource',24,1),(2014,5,20,9,'Resource upload',24,1),(2014,5,20,9,'Keyword added to resource',84,2),(2014,5,20,9,'Keyword added to resource',37,12),(2014,5,20,9,'Keyword added to resource',85,1),(2014,5,20,9,'Create resource',25,1),(2014,5,20,9,'Resource upload',25,1),(2014,5,20,9,'Keyword added to resource',86,1),(2014,5,20,9,'Keyword added to resource',87,1),(2014,5,20,9,'Create resource',26,1),(2014,5,20,9,'Resource upload',26,1),(2014,5,20,9,'Keyword added to resource',88,10),(2014,5,20,9,'Keyword added to resource',4,2),(2014,5,20,9,'Keyword added to resource',89,1),(2014,5,20,9,'Create resource',27,1),(2014,5,20,9,'Resource upload',27,1),(2014,5,20,9,'Keyword added to resource',63,5),(2014,5,20,9,'Keyword added to resource',90,1),(2014,5,20,9,'Create resource',28,1),(2014,5,20,9,'Resource upload',28,1),(2014,5,20,9,'Keyword added to resource',11,2),(2014,5,20,9,'Keyword added to resource',91,1),(2014,5,20,9,'Create resource',29,1),(2014,5,20,9,'Resource upload',29,1),(2014,5,20,9,'Keyword added to resource',92,1),(2014,5,20,9,'Create resource',30,1),(2014,5,20,9,'Resource upload',30,1),(2014,5,20,9,'Keyword added to resource',39,2),(2014,5,20,9,'Keyword added to resource',93,1),(2014,5,20,9,'Create resource',31,1),(2014,5,20,9,'Resource upload',31,1),(2014,5,20,9,'Keyword added to resource',94,1),(2014,5,20,9,'Create resource',32,1),(2014,5,20,9,'Resource upload',32,1),(2014,5,20,9,'Keyword added to resource',44,2),(2014,5,20,9,'Keyword added to resource',95,1),(2014,5,20,9,'Create resource',33,1),(2014,5,20,9,'Resource upload',33,1),(2014,5,20,9,'Keyword added to resource',96,1),(2014,5,20,9,'Create resource',34,1),(2014,5,20,9,'Resource upload',34,1),(2014,5,20,9,'Keyword added to resource',46,2),(2014,5,20,9,'Keyword added to resource',97,1),(2014,5,20,9,'Create resource',35,1),(2014,5,20,9,'Resource upload',35,1),(2014,5,20,9,'Resource view',35,4),(2014,5,20,9,'Resource view',25,1),(2014,5,20,3,'Keyword added to resource',98,11),(2014,5,20,3,'Keyword added to resource',99,11),(2014,5,20,3,'Keyword added to resource',101,1),(2014,5,20,3,'Create resource',36,1),(2014,5,20,3,'Resource upload',36,1),(2014,5,20,3,'Keyword added to resource',102,4),(2014,5,20,3,'Keyword added to resource',103,2),(2014,5,20,3,'Keyword added to resource',104,1),(2014,5,20,3,'Create resource',37,1),(2014,5,20,3,'Resource upload',37,1),(2014,5,20,3,'Keyword added to resource',105,2),(2014,5,20,3,'Keyword added to resource',106,1),(2014,5,20,3,'Create resource',38,1),(2014,5,20,3,'Resource upload',38,1),(2014,5,20,3,'Keyword added to resource',107,1),(2014,5,20,3,'Create resource',39,1),(2014,5,20,3,'Resource upload',39,1),(2014,5,20,3,'Keyword added to resource',108,1),(2014,5,20,3,'Create resource',40,1),(2014,5,20,3,'Resource upload',40,1),(2014,5,20,3,'Keyword added to resource',109,1),(2014,5,20,3,'Keyword added to resource',110,6),(2014,5,20,3,'Keyword added to resource',111,1),(2014,5,20,3,'Create resource',41,1),(2014,5,20,3,'Resource upload',41,1),(2014,5,20,3,'Keyword added to resource',112,2),(2014,5,20,3,'Keyword added to resource',113,1),(2014,5,20,3,'Create resource',42,1),(2014,5,20,3,'Resource upload',42,1),(2014,5,20,3,'Keyword added to resource',114,2),(2014,5,20,3,'Keyword added to resource',115,1),(2014,5,20,3,'Create resource',43,1),(2014,5,20,3,'Resource upload',43,1),(2014,5,20,3,'Keyword added to resource',116,2),(2014,5,20,3,'Keyword added to resource',117,1),(2014,5,20,3,'Create resource',44,1),(2014,5,20,3,'Resource upload',44,1),(2014,5,20,3,'Keyword added to resource',118,1),(2014,5,20,3,'Create resource',45,1),(2014,5,20,3,'Resource upload',45,1),(2014,5,20,3,'Keyword added to resource',119,1),(2014,5,20,3,'Resource view',23,2),(2014,5,20,9,'Resource view',30,2),(2014,5,20,3,'Resource view',44,1),(2014,5,21,3,'User session',1,1),(2014,5,21,0,'User session',1,2),(2014,5,21,3,'Resource view',1,1),(2014,5,21,3,'Resource view',20,1),(2014,5,21,3,'Resource view',41,1),(2014,5,27,0,'User session',1,1),(2014,5,27,3,'Keyword added to resource',120,11),(2014,5,27,3,'Keyword added to resource',5,15),(2014,5,27,3,'Keyword added to resource',121,8),(2014,5,27,3,'Keyword added to resource',122,4),(2014,5,27,3,'Keyword added to resource',123,4),(2014,5,27,3,'Keyword added to resource',124,4),(2014,5,27,3,'Keyword added to resource',7,6),(2014,5,27,3,'Keyword added to resource',40,6),(2014,5,27,3,'Keyword added to resource',125,1),(2014,5,27,3,'Keyword added to resource',10,6),(2014,5,27,3,'Keyword added to resource',126,3),(2014,5,27,3,'Keyword added to resource',14,6),(2014,5,27,3,'Keyword added to resource',15,3),(2014,5,27,3,'Keyword added to resource',28,3),(2014,5,27,3,'Keyword added to resource',23,3),(2014,5,27,3,'Keyword added to resource',29,3),(2014,5,27,3,'Keyword added to resource',128,1),(2014,5,27,3,'Create resource',46,1),(2014,5,27,3,'Resource upload',46,1),(2014,5,27,3,'Keyword added to resource',129,3),(2014,5,27,3,'Keyword added to resource',37,3),(2014,5,27,3,'Keyword added to resource',130,1),(2014,5,27,3,'Create resource',47,1),(2014,5,27,3,'Resource upload',47,1),(2014,5,27,3,'Resource view',42,1),(2014,5,27,3,'Keyword added to resource',131,2),(2014,5,27,3,'Keyword added to resource',132,1),(2014,5,27,3,'Create resource',48,1),(2014,5,27,3,'Resource upload',48,1),(2014,5,27,3,'Keyword added to resource',133,1),(2014,5,27,3,'Keyword added to resource',134,1),(2014,5,27,3,'Keyword added to resource',135,1),(2014,5,27,3,'Keyword added to resource',136,1),(2014,5,27,3,'Keyword added to resource',137,1),(2014,5,27,3,'Keyword added to resource',138,2),(2014,5,27,3,'Keyword added to resource',139,3),(2014,5,27,3,'Keyword added to resource',140,2),(2014,5,27,3,'Keyword added to resource',141,1),(2014,5,27,3,'Keyword added to resource',142,1),(2014,5,27,3,'Keyword added to resource',143,1),(2014,5,27,3,'Resource view',46,1),(2014,5,28,0,'User session',1,1),(2014,5,28,3,'Keyword added to resource',7,5),(2014,5,28,3,'Keyword added to resource',40,5),(2014,5,28,3,'Keyword added to resource',144,3),(2014,5,28,3,'Keyword added to resource',10,6),(2014,5,28,3,'Keyword added to resource',14,4),(2014,5,28,3,'Keyword added to resource',15,2),(2014,5,28,3,'Keyword added to resource',28,2),(2014,5,28,3,'Keyword added to resource',23,2),(2014,5,28,3,'Keyword added to resource',29,2),(2014,5,28,3,'Keyword added to resource',120,4),(2014,5,28,3,'Keyword added to resource',5,6),(2014,5,28,3,'Keyword added to resource',121,4),(2014,5,28,3,'Keyword added to resource',122,2),(2014,5,28,3,'Keyword added to resource',123,2),(2014,5,28,3,'Keyword added to resource',124,2),(2014,5,28,3,'Keyword added to resource',146,1),(2014,5,28,3,'Create resource',49,1),(2014,5,28,3,'Resource upload',49,1),(2014,5,28,3,'Keyword added to resource',147,2),(2014,5,28,3,'Keyword added to resource',148,2),(2014,5,28,3,'Keyword added to resource',21,1),(2014,5,28,3,'Create resource',50,1),(2014,5,28,3,'Resource upload',50,1),(2014,5,28,3,'Keyword added to resource',149,1),(2014,5,28,3,'Keyword added to resource',150,1),(2014,5,28,3,'User session',1,1),(2014,6,3,3,'User session',1,1),(2014,6,3,0,'User session',1,4),(2014,6,3,3,'Resource view',31,1),(2014,6,3,3,'Keyword added to resource',120,3),(2014,6,3,3,'Keyword added to resource',151,2),(2014,6,3,3,'Keyword added to resource',152,2),(2014,6,3,3,'Keyword added to resource',5,3),(2014,6,3,3,'Keyword added to resource',121,3),(2014,6,3,3,'Keyword added to resource',122,2),(2014,6,3,3,'Keyword added to resource',123,2),(2014,6,3,3,'Keyword added to resource',124,2),(2014,6,3,3,'Keyword added to resource',153,2),(2014,6,3,3,'Keyword added to resource',154,2),(2014,6,3,3,'Keyword added to resource',155,2),(2014,6,3,3,'Keyword added to resource',7,5),(2014,6,3,3,'Keyword added to resource',156,5),(2014,6,3,3,'Keyword added to resource',157,2),(2014,6,3,3,'Keyword added to resource',10,5),(2014,6,3,3,'Keyword added to resource',14,2),(2014,6,3,3,'Keyword added to resource',15,1),(2014,6,3,3,'Keyword added to resource',28,1),(2014,6,3,3,'Keyword added to resource',23,1),(2014,6,3,3,'Keyword added to resource',29,1),(2014,6,3,3,'Keyword added to resource',158,3),(2014,6,3,3,'Create resource',51,1),(2014,6,3,3,'Resource upload',51,1),(2014,6,3,3,'Keyword added to resource',159,1),(2014,6,3,3,'Keyword added to resource',160,1),(2014,6,3,3,'Keyword added to resource',161,1),(2014,6,3,3,'Keyword added to resource',162,1),(2014,6,3,3,'Keyword added to resource',163,1),(2014,6,3,3,'Resource view',51,3),(2014,6,3,3,'Resource edit',51,1),(2014,6,3,3,'Resource view',44,1),(2014,6,3,3,'Keyword added to resource',164,1),(2014,6,3,3,'Keyword added to resource',165,1),(2014,6,3,3,'Keyword added to resource',166,1),(2014,6,3,3,'Resource view',43,1),(2014,6,3,0,'User session',2,1),(2014,6,4,0,'User session',1,3),(2014,6,4,3,'Resource view',51,3),(2014,6,6,9,'User session',2,1),(2014,6,8,9,'User session',2,1),(2014,6,10,9,'User session',2,2),(2014,6,12,9,'User session',2,1),(2014,6,12,0,'User session',1,3),(2014,6,12,3,'User session',1,2),(2014,6,12,3,'Resource view',50,1),(2014,6,12,0,'User session',2,2);

--
-- Table structure for table `dynamic_tree_node`
--

CREATE TABLE `dynamic_tree_node` (
  `ref` int(11) NOT NULL AUTO_INCREMENT,
  `resource_type_field` int(11) DEFAULT '0',
  `parent` int(11) DEFAULT '0',
  `name` varchar(100) DEFAULT NULL,
  PRIMARY KEY (`ref`),
  KEY `parent` (`parent`),
  KEY `resource_type_field` (`resource_type_field`)
) ENGINE=MyISAM DEFAULT CHARSET=latin1;

--
-- Dumping data for table `dynamic_tree_node`
--


--
-- Table structure for table `ip_lockout`
--

CREATE TABLE `ip_lockout` (
  `ip` varchar(40) NOT NULL DEFAULT '',
  `tries` int(11) DEFAULT '0',
  `last_try` datetime DEFAULT NULL,
  PRIMARY KEY (`ip`)
) ENGINE=MyISAM DEFAULT CHARSET=latin1;

--
-- Dumping data for table `ip_lockout`
--

INSERT INTO `ip_lockout` VALUES ('66.176.37.98',1,'2014-02-18 13:09:29');

--
-- Table structure for table `keyword`
--

CREATE TABLE `keyword` (
  `ref` int(11) NOT NULL AUTO_INCREMENT,
  `keyword` varchar(100) DEFAULT NULL,
  `soundex` varchar(50) DEFAULT NULL,
  `hit_count` int(11) DEFAULT '0',
  PRIMARY KEY (`ref`),
  KEY `keyword` (`keyword`),
  KEY `keyword_hit_count` (`hit_count`)
) ENGINE=MyISAM AUTO_INCREMENT=167 DEFAULT CHARSET=latin1;

--
-- Dumping data for table `keyword`
--

INSERT INTO `keyword` VALUES (1,'2','',15),(2,'my','M000',0),(3,'collection','C4235',0),(4,'3','',2),(5,'test','T230',57),(6,'pdf','P310',4),(7,'2014','0000',40),(8,'2014-02','0000',3),(9,'2014-02-13 22:40','0000',1),(10,'1','0000',1),(11,'4','',2),(12,'upload','U143',0),(13,'20140213224110','',0),(14,'admin','A350',78),(15,'user','U260',39),(16,'cpp','C100',2),(17,'4809','0000',2),(18,'s','S000',2),(19,'od','O300',2),(20,'pcs','P200',2),(21,'50','0000',4),(22,'clinical','C452',2),(23,'care','C600',53),(24,'benches','B522',2),(25,'final','F540',2),(26,'2014-02-13 22:42','0000',1),(27,'2014-02-13 22:43','0000',0),(35,'2014-02-13 22:44','0000',1),(28,'care plus','C614',51),(29,'plus','P420',51),(30,'mena travel agency','M536',1),(31,'mena','M500',2),(32,'travel','T614',1),(33,'agency','A252',1),(34,'graphic','G612',1),(36,'01','0000',9),(37,'jpg','J120',40),(38,'','',-20),(39,'5','',2),(40,'2014-05','0000',35),(42,'2014-05-16 21:57','0000',0),(41,'2014-05-15 23:46','0000',0),(50,'2014-05-20 15:00','0000',0),(43,'2014-05-19 23:05','0000',0),(54,'2014-05-20 15:07','0000',0),(44,'6','',2),(45,'20140519230614','',0),(46,'7','',2),(47,'20140520143900','',0),(48,'8','',0),(49,'20140520145148','',0),(51,'2014-05-20 15:04','0000',0),(60,'2014-05-20 15:24','0000',10),(52,'9','',0),(53,'20140520150436','',0),(55,'10','',0),(56,'20140520150810','',0),(57,'2014-05-20 15:10','0000',0),(58,'11','',0),(59,'20140520151333','',0),(61,'12','',0),(62,'20140520152459','',0),(63,'150x150','X000',13),(64,'300x150','X000',4),(65,'1024x512','X000',4),(66,'02','0000',8),(67,'03','0000',4),(68,'13','0000',1),(69,'2014-05-20 15:28','0000',10),(70,'20140520152829','',0),(71,'14','0000',1),(72,'15','0000',1),(73,'16','0000',1),(74,'17','0000',1),(75,'18','0000',1),(76,'19','0000',1),(77,'20','0000',1),(78,'21','0000',1),(79,'22','0000',1),(80,'23','0000',1),(81,'20140520152955','',0),(82,'jackie','J200',12),(83,'24','0000',1),(84,'atraction','A362',2),(85,'25','0000',1),(86,'150x135','X000',1),(87,'26','0000',1),(88,'entry','E536',10),(89,'27','0000',1),(90,'28','0000',1),(91,'29','0000',1),(92,'30','0000',1),(93,'31','0000',1),(94,'32','0000',1),(95,'33','0000',1),(96,'34','0000',1),(97,'35','0000',1),(98,'2014-05-20 15:32','0000',10),(99,'test3','T230',10),(100,'20140520153258','',0),(101,'36','0000',1),(102,'andes','A532',4),(103,'circuit','C623',2),(104,'37','0000',1),(105,'circuit1','C623',2),(106,'38','0000',1),(107,'39','0000',1),(108,'40','0000',1),(109,'logo','L200',1),(110,'png','P520',6),(111,'41','0000',1),(112,'logo1','L200',2),(113,'42','0000',1),(114,'150x133','X000',2),(115,'43','0000',1),(116,'logo2','L200',2),(117,'44','0000',1),(118,'45','0000',1),(119,'logo3','L200',1),(120,'dt','D000',17),(121,'file','F400',13),(122,'see','S000',6),(123,'system','S235',6),(124,'works','W620',6),(125,'2014-05-27 21:07','0000',0),(126,'2014-05-27 21:10','0000',2),(127,'danny','D500',0),(128,'46','0000',1),(129,'image','I520',3),(130,'47','0000',1),(131,'2014-05-27 21:47','0000',1),(132,'48','0000',1),(133,'older','O436',1),(134,'woman','W550',1),(135,'hula','H400',1),(136,'hooping','H152',1),(137,'backyard','B263',1),(138,'ojo','O200',0),(143,'bradbury','B631',1),(139,'images','I522',0),(140,'rf','R100',0),(141,'getty','G300',0),(142,'paul','P400',1),(144,'2014-05-28 12:51','0000',2),(145,'20140528125134','',0),(146,'49','0000',1),(147,'bluechip','B421',2),(148,'gif','G100',2),(149,'2014-05-28 12:58','0000',0),(150,'2014-05-28 12:59','0000',0),(151,'test2','T230',2),(152,'second','S253',2),(153,'united states','U533',2),(154,'united','U533',2),(155,'states','S332',2),(156,'2014-06','0000',2),(157,'2014-06-03 19:32','0000',1),(158,'51','0000',1),(159,'socialy','S240',1),(160,'active','A231',1),(161,'seniors','S562',1),(162,'full','F400',1),(163,'jpeg','J120',1),(164,'2014-06-03 19:39','0000',0),(165,'2014-06-03 19:40','0000',0),(166,'2014-06-03 19:41','0000',1);

--
-- Table structure for table `keyword_related`
--

CREATE TABLE `keyword_related` (
  `keyword` int(11) DEFAULT NULL,
  `related` int(11) DEFAULT NULL
) ENGINE=MyISAM DEFAULT CHARSET=latin1;

--
-- Dumping data for table `keyword_related`
--


--
-- Table structure for table `plugins`
--

CREATE TABLE `plugins` (
  `name` varchar(20) NOT NULL DEFAULT '',
  `descrip` text,
  `author` varchar(100) DEFAULT NULL,
  `update_url` varchar(100) DEFAULT NULL,
  `info_url` varchar(100) DEFAULT NULL,
  `inst_version` float DEFAULT NULL,
  `config` longblob,
  `config_json` text,
  `config_url` varchar(100) DEFAULT NULL,
  `enabled_groups` varchar(200) DEFAULT NULL,
  `priority` int(11) DEFAULT '999',
  PRIMARY KEY (`name`)
) ENGINE=MyISAM DEFAULT CHARSET=latin1;

--
-- Dumping data for table `plugins`
--

INSERT INTO `plugins` VALUES ('lightbox_preview','Use lightbox to preview the image in view.php rather than preview.php','Axel Dörfler','','',1,NULL,NULL,'',NULL,999),('slideshow','','','','',0,NULL,NULL,'',NULL,999);

--
-- Table structure for table `preview_size`
--

CREATE TABLE `preview_size` (
  `ref` int(11) NOT NULL AUTO_INCREMENT,
  `id` char(3) DEFAULT NULL,
  `width` int(11) DEFAULT NULL,
  `height` int(11) DEFAULT NULL,
  `padtosize` int(11) DEFAULT '0',
  `name` varchar(50) DEFAULT NULL,
  `internal` int(11) DEFAULT '0',
  `allow_preview` int(11) DEFAULT '0',
  `allow_restricted` int(11) DEFAULT '0',
  PRIMARY KEY (`ref`)
) ENGINE=MyISAM AUTO_INCREMENT=7 DEFAULT CHARSET=latin1;

--
-- Dumping data for table `preview_size`
--

INSERT INTO `preview_size` VALUES (1,'thm',150,150,0,'Thumbnail',1,0,0),(2,'pre',450,450,0,'Preview',1,0,1),(3,'scr',1100,800,0,'Screen',0,1,0),(4,'lpr',2000,2000,0,'Low resolution print',0,0,0),(5,'hpr',999999,999999,0,'High resolution print',0,0,0),(6,'col',75,75,0,'Collection',1,0,0);

--
-- Table structure for table `report`
--

CREATE TABLE `report` (
  `ref` int(11) NOT NULL AUTO_INCREMENT,
  `name` varchar(100) DEFAULT NULL,
  `query` text,
  PRIMARY KEY (`ref`)
) ENGINE=MyISAM AUTO_INCREMENT=15 DEFAULT CHARSET=latin1;

--
-- Dumping data for table `report`
--

INSERT INTO `report` VALUES (1,'Keywords used in resource edits','select k.keyword \'Keyword\',sum(count) \'Entered Count\' from keyword k,daily_stat d where k.ref=d.object_ref and d.activity_type=\'Keyword added to resource\'\n\n# --- date ranges\n# Make sure date is greater than FROM date\nand \n(\nd.year>[from-y]\nor \n(d.year=[from-y] and d.month>[from-m])\nor\n(d.year=[from-y] and d.month=[from-m] and d.day>=[from-d])\n)\n# Make sure date is less than TO date\nand\n(\nd.year<[to-y]\nor \n(d.year=[to-y] and d.month<[to-m])\nor\n(d.year=[to-y] and d.month=[to-m] and d.day<=[to-d])\n)\n\n\ngroup by k.ref order by \'Entered Count\' desc limit 100;\n'),(2,'Keywords used in searches','select k.keyword \'Keyword\',sum(count) Searches from keyword k,daily_stat d where k.ref=d.object_ref and d.activity_type=\'Keyword usage\'\n\n# --- date ranges\n# Make sure date is greater than FROM date\nand \n(\nd.year>[from-y]\nor \n(d.year=[from-y] and d.month>[from-m])\nor\n(d.year=[from-y] and d.month=[from-m] and d.day>=[from-d])\n)\n# Make sure date is less than TO date\nand\n(\nd.year<[to-y]\nor \n(d.year=[to-y] and d.month<[to-m])\nor\n(d.year=[to-y] and d.month=[to-m] and d.day<=[to-d])\n)\n\n\ngroup by k.ref order by Searches desc\n'),(3,'Resource download summary','select r.ref \'Resource ID\',r.view_title_field \'Title\',count(*) Downloads \n\nfrom\n\nresource_log rl\njoin resource r on rl.resource=r.ref\nwhere\nrl.type=\'d\'\nand rl.date>=date(\'[from-y]-[from-m]-[from-d]\') and rl.date<=adddate(date(\'[to-y]-[to-m]-[to-d]\'),1)\ngroup by r.ref order by \'Downloads\' desc'),(4,'Resource views','select r.ref \'Resource ID\',r.view_title_field \'Title\',sum(count) Views from resource r,daily_stat d where r.ref=d.object_ref and d.activity_type=\'Resource view\'\n\n# --- date ranges\n# Make sure date is greater than FROM date\nand \n(\nd.year>[from-y]\nor \n(d.year=[from-y] and d.month>[from-m])\nor\n(d.year=[from-y] and d.month=[from-m] and d.day>=[from-d])\n)\n# Make sure date is less than TO date\nand\n(\nd.year<[to-y]\nor \n(d.year=[to-y] and d.month<[to-m])\nor\n(d.year=[to-y] and d.month=[to-m] and d.day<=[to-d])\n)\n\n\ngroup by r.ref order by Views desc;\n'),(5,'Resources sent via e-mail','select r.ref \'Resource ID\',r.view_title_field \'Title\',sum(count) Sent from resource r,daily_stat d where r.ref=d.object_ref and d.activity_type=\'E-mailed resource\'\n\n# --- date ranges\n# Make sure date is greater than FROM date\nand \n(\nd.year>[from-y]\nor \n(d.year=[from-y] and d.month>[from-m])\nor\n(d.year=[from-y] and d.month=[from-m] and d.day>=[from-d])\n)\n# Make sure date is less than TO date\nand\n(\nd.year<[to-y]\nor \n(d.year=[to-y] and d.month<[to-m])\nor\n(d.year=[to-y] and d.month=[to-m] and d.day<=[to-d])\n)\n\n\ngroup by r.ref order by Sent desc;\n'),(6,'Resources added to collection','select r.ref \'Resource ID\',r.view_title_field \'Title\',sum(count) Added from resource r,daily_stat d where r.ref=d.object_ref and d.activity_type=\'Add resource to collection\'\n\n# --- date ranges\n# Make sure date is greater than FROM date\nand \n(\nd.year>[from-y]\nor \n(d.year=[from-y] and d.month>[from-m])\nor\n(d.year=[from-y] and d.month=[from-m] and d.day>=[from-d])\n)\n# Make sure date is less than TO date\nand\n(\nd.year<[to-y]\nor \n(d.year=[to-y] and d.month<[to-m])\nor\n(d.year=[to-y] and d.month=[to-m] and d.day<=[to-d])\n)\n\n\ngroup by r.ref order by Added desc;\n'),(7,'Resources created','select\nrl.date \'Date / Time\',\nconcat(u.username,\' (\',u.fullname,\' )\') \'Created By User\',\ng.name \'User Group\',\nr.ref \'Resource ID\',\nr.view_title_field \'Resource Title\'\n\nfrom\nresource_log rl\njoin resource r on r.ref=rl.resource\nleft outer join user u on rl.user=u.ref\nleft outer join usergroup g on u.usergroup=g.ref\nwhere\nrl.type=\'c\'\nand\nrl.date>=date(\'[from-y]-[from-m]-[from-d]\') and rl.date<=adddate(date(\'[to-y]-[to-m]-[to-d]\'),1)\norder by rl.date'),(8,'Resources with zero downloads','select ref \'Resource ID\',view_title_field \'Title\' from resource where ref not in \n\n(\n#Previous query to fetch resource downloads\nselect r.ref from resource r,daily_stat d where r.ref=d.object_ref and d.activity_type=\'Resource download\'\n\n# --- date ranges\n# Make sure date is greater than FROM date\nand \n(\nd.year>[from-y]\nor \n(d.year=[from-y] and d.month>[from-m])\nor\n(d.year=[from-y] and d.month=[from-m] and d.day>=[from-d])\n)\n# Make sure date is less than TO date\nand\n(\nd.year<[to-y]\nor \n(d.year=[to-y] and d.month<[to-m])\nor\n(d.year=[to-y] and d.month=[to-m] and d.day<=[to-d])\n)\n\n\ngroup by r.ref\n)'),(9,'Resources with zero views','select ref \'Resource ID\',view_title_field \'Title\' from resource where ref not in \n\n(\n#Previous query to fetch resource views\nselect r.ref from resource r,daily_stat d where r.ref=d.object_ref and d.activity_type=\'Resource view\'\n\n# --- date ranges\n# Make sure date is greater than FROM date\nand \n(\nd.year>[from-y]\nor \n(d.year=[from-y] and d.month>[from-m])\nor\n(d.year=[from-y] and d.month=[from-m] and d.day>=[from-d])\n)\n# Make sure date is less than TO date\nand\n(\nd.year<[to-y]\nor \n(d.year=[to-y] and d.month<[to-m])\nor\n(d.year=[to-y] and d.month=[to-m] and d.day<=[to-d])\n)\n\ngroup by r.ref\n)'),(10,'Resource downloads by group','select\ng.name \'Group Name\',\ncount(rl.resource) \'Resource Downloads\'\n\nfrom\nresource_log rl\nleft outer join user u on rl.user=u.ref\nleft outer join usergroup g on u.usergroup=g.ref\nwhere\nrl.type=\'d\'\nand rl.date>=date(\'[from-y]-[from-m]-[from-d]\') and rl.date<=adddate(date(\'[to-y]-[to-m]-[to-d]\'),1)\ngroup by g.ref order by \'Resource Downloads\' desc'),(11,'Resource download detail','select\nrl.date \'Date / Time\',\nconcat(u.username,\' (\',u.fullname,\' )\') \'Downloaded By User\',\ng.name \'User Group\',\nr.ref \'Resource ID\',\nr.title \'Resource Title\',\nrt.name \'Resource Type\'\n\nfrom\nresource_log rl\njoin resource r on r.ref=rl.resource\nleft outer join user u on rl.user=u.ref\nleft outer join usergroup g on u.usergroup=g.ref\nleft outer join resource_type rt on r.resource_type=rt.ref\nwhere\nrl.type=\'d\'\nand\nrl.date>=date(\'[from-y]-[from-m]-[from-d]\') and rl.date<=adddate(date(\'[to-y]-[to-m]-[to-d]\'),1)\norder by rl.date'),(12,'User details including group allocation','select \nu.username \'Username\',\nu.email \'E-mail address\',\nu.fullname \'Full Name\',\nu.created \'Created\',\nu.last_active \'Last Seen\',\ng.name \'Group name\'\n\nfrom user u join usergroup g on u.usergroup=g.ref\n\norder by username;'),(13,'Expired Resources','select distinct resource.ref \'Resource ID\',resource.field8 \'Resource Title\',resource_data.value \'Expires\' from resource join resource_data on resource.ref=resource_data.resource join resource_type_field on resource_data.resource_type_field=resource_type_field.ref where resource_type_field.type=6 and value>=date(\'[from-y]-[from-m]-[from-d]\') and value<=adddate(date(\'[to-y]-[to-m]-[to-d]\'),1) and length(value)>0 and resource.ref>0 order by resource.ref;'),(14,'Resources created - with thumbnails','select\nr.ref \'thumbnail\',\nrl.date \'Date / Time\',\nconcat(u.username,\' (\',u.fullname,\' )\') \'Created By User\',\ng.name \'User Group\',\nr.ref \'Resource ID\',\nr.view_title_field \'Resource Title\'\n\nfrom\nresource_log rl\njoin resource r on r.ref=rl.resource\nleft outer join user u on rl.user=u.ref\nleft outer join usergroup g on u.usergroup=g.ref\nwhere\nrl.type=\'c\'\nand\nrl.date>=date(\'[from-y]-[from-m]-[from-d]\') and rl.date<=adddate(date(\'[to-y]-[to-m]-[to-d]\'),1)\norder by rl.date;');

--
-- Table structure for table `report_periodic_emails`
--

CREATE TABLE `report_periodic_emails` (
  `ref` int(11) NOT NULL AUTO_INCREMENT,
  `user` int(11) DEFAULT NULL,
  `send_all_users` int(11) DEFAULT NULL,
  `report` int(11) DEFAULT NULL,
  `period` int(11) DEFAULT NULL,
  `email_days` int(11) DEFAULT NULL,
  `last_sent` datetime DEFAULT NULL,
  PRIMARY KEY (`ref`)
) ENGINE=MyISAM DEFAULT CHARSET=latin1;

--
-- Dumping data for table `report_periodic_emails`
--


--
-- Table structure for table `request`
--

CREATE TABLE `request` (
  `ref` int(11) NOT NULL AUTO_INCREMENT,
  `user` int(11) DEFAULT NULL,
  `collection` int(11) DEFAULT NULL,
  `created` datetime DEFAULT NULL,
  `request_mode` int(11) DEFAULT '0',
  `status` int(11) DEFAULT '0',
  `comments` text,
  `expires` date DEFAULT NULL,
  `assigned_to` int(11) DEFAULT NULL,
  `reason` text,
  `reasonapproved` text,
  PRIMARY KEY (`ref`)
) ENGINE=MyISAM DEFAULT CHARSET=latin1;

--
-- Dumping data for table `request`
--


--
-- Table structure for table `research_request`
--

CREATE TABLE `research_request` (
  `ref` int(11) NOT NULL AUTO_INCREMENT,
  `name` text,
  `description` text,
  `deadline` datetime DEFAULT NULL,
  `email` varchar(200) DEFAULT NULL,
  `contact` varchar(100) DEFAULT NULL,
  `finaluse` text,
  `resource_types` varchar(50) DEFAULT NULL,
  `noresources` int(11) DEFAULT NULL,
  `shape` varchar(50) DEFAULT NULL,
  `created` datetime DEFAULT NULL,
  `user` int(11) DEFAULT NULL,
  `assigned_to` int(11) DEFAULT NULL,
  `status` int(11) DEFAULT '0',
  `collection` int(11) DEFAULT NULL,
  PRIMARY KEY (`ref`),
  KEY `research_collections` (`collection`)
) ENGINE=MyISAM DEFAULT CHARSET=latin1;

--
-- Dumping data for table `research_request`
--


--
-- Table structure for table `resource`
--

CREATE TABLE `resource` (
  `ref` int(11) NOT NULL AUTO_INCREMENT,
  `title` varchar(200) DEFAULT NULL,
  `resource_type` int(11) DEFAULT NULL,
  `has_image` int(11) DEFAULT '0',
  `is_transcoding` int(11) DEFAULT '0',
  `hit_count` int(11) DEFAULT '0',
  `new_hit_count` int(11) DEFAULT '0',
  `creation_date` datetime DEFAULT NULL,
  `rating` int(11) DEFAULT NULL,
  `user_rating` int(11) DEFAULT NULL,
  `user_rating_count` int(11) DEFAULT NULL,
  `user_rating_total` int(11) DEFAULT NULL,
  `country` varchar(200) DEFAULT NULL,
  `file_extension` varchar(10) DEFAULT NULL,
  `preview_extension` varchar(10) DEFAULT NULL,
  `image_red` int(11) DEFAULT NULL,
  `image_green` int(11) DEFAULT NULL,
  `image_blue` int(11) DEFAULT NULL,
  `thumb_width` int(11) DEFAULT NULL,
  `thumb_height` int(11) DEFAULT NULL,
  `archive` int(11) DEFAULT '0',
  `access` int(11) DEFAULT '0',
  `colour_key` varchar(5) DEFAULT NULL,
  `created_by` int(11) DEFAULT NULL,
  `file_path` varchar(500) DEFAULT NULL,
  `file_modified` datetime DEFAULT NULL,
  `file_checksum` varchar(32) DEFAULT NULL,
  `request_count` int(11) DEFAULT '0',
  `expiry_notification_sent` int(11) DEFAULT '0',
  `preview_tweaks` varchar(50) DEFAULT NULL,
  `geo_lat` double DEFAULT NULL,
  `geo_long` double DEFAULT NULL,
  `mapzoom` int(11) DEFAULT NULL,
  `disk_usage` int(11) DEFAULT NULL,
  `disk_usage_last_updated` datetime DEFAULT NULL,
  `file_size` int(11) DEFAULT NULL,
  `preview_attempts` int(11) DEFAULT NULL,
  `field12` varchar(200) DEFAULT NULL,
  `field8` varchar(200) DEFAULT NULL,
  `field3` varchar(200) DEFAULT NULL,
  PRIMARY KEY (`ref`),
  KEY `hit_count` (`hit_count`),
  KEY `resource_archive` (`archive`),
  KEY `resource_access` (`access`),
  KEY `resource_type` (`resource_type`),
  KEY `resource_creation_date` (`creation_date`),
  KEY `rating` (`rating`),
  KEY `colour_key` (`colour_key`),
  KEY `has_image` (`has_image`),
  KEY `file_checksum` (`file_checksum`),
  KEY `geo_lat` (`geo_lat`),
  KEY `geo_long` (`geo_long`),
  KEY `disk_usage` (`disk_usage`),
  KEY `created_by` (`created_by`)
) ENGINE=MyISAM AUTO_INCREMENT=52 DEFAULT CHARSET=latin1;

--
-- Dumping data for table `resource`
--

INSERT INTO `resource` VALUES (-1,NULL,10,0,0,0,0,NULL,NULL,NULL,NULL,NULL,NULL,NULL,NULL,NULL,NULL,NULL,NULL,NULL,0,0,NULL,1,NULL,NULL,NULL,0,0,NULL,NULL,NULL,NULL,NULL,NULL,NULL,NULL,'2014-06-03 19:41','DT_test2',',United States'),(1,NULL,2,1,0,0,10,'2014-02-13 17:41:56',NULL,NULL,NULL,NULL,NULL,'pdf','jpg',66,814,934,150,51,0,0,'WCBNE',1,NULL,'2014-02-13 17:42:18','',0,0,'0|1',NULL,NULL,NULL,2084080,'2014-02-13 17:42:19',513583,0,'2014-02-13 22:40','Test PDF',NULL),(2,NULL,2,1,0,0,1,'2014-02-13 17:43:05',NULL,NULL,NULL,NULL,NULL,'pdf','jpg',66,814,934,150,51,3,0,'WCBNE',1,NULL,'2014-02-13 17:43:27','',0,0,'0|1',NULL,NULL,NULL,2083957,'2014-02-13 17:43:27',513583,0,'2014-02-13 22:42','Test PDF',NULL),(4,NULL,1,1,0,0,0,'2014-05-20 11:26:50',NULL,NULL,NULL,NULL,NULL,'jpg','jpg',577,879,320,150,75,0,0,'EBWKG',1,NULL,'2014-05-20 11:26:52','',0,0,'0|1',NULL,NULL,NULL,635460,'2014-05-20 11:26:52',319826,0,'2014-05-20 15:24','Test',NULL),(3,NULL,1,1,0,0,11,'2014-02-13 17:45:04',NULL,NULL,NULL,NULL,NULL,'jpg','jpg',1,543,1000,150,56,0,0,'WBECN',1,NULL,'2014-02-13 17:45:04','',0,0,'0|1',NULL,NULL,NULL,91153,'2014-02-13 17:45:04',51037,0,'2014-02-13 22:44','Test Graphic',NULL),(5,NULL,1,1,0,0,0,'2014-05-20 11:26:52',NULL,NULL,NULL,NULL,NULL,'jpg','jpg',582,879,298,150,150,0,0,'EBWGK',1,NULL,'2014-05-20 11:26:52','',0,0,'0|1',NULL,NULL,NULL,38228,'2014-05-20 11:26:52',11354,0,'2014-05-20 15:24','Test',NULL),(6,NULL,1,1,0,0,0,'2014-05-20 11:26:53',NULL,NULL,NULL,NULL,NULL,'jpg','jpg',591,881,312,150,75,0,0,'EBWKG',1,NULL,'2014-05-20 11:26:53','',0,0,'0|1',NULL,NULL,NULL,54358,'2014-05-20 11:26:53',22595,0,'2014-05-20 15:24','Test',NULL),(7,NULL,1,1,0,0,0,'2014-05-20 11:26:54',NULL,NULL,NULL,NULL,NULL,'jpg','jpg',575,879,319,150,75,0,0,'EBWKG',1,NULL,'2014-05-20 11:26:55','',0,0,'0|1',NULL,NULL,NULL,263905,'2014-05-20 11:26:55',207362,0,'2014-05-20 15:24','Test',NULL),(8,NULL,1,1,0,0,0,'2014-05-20 11:26:55',NULL,NULL,NULL,NULL,NULL,'jpg','jpg',280,662,705,150,75,0,0,'BENCW',1,NULL,'2014-05-20 11:26:56','',0,0,'0|1',NULL,NULL,NULL,379241,'2014-05-20 11:26:56',183240,0,'2014-05-20 15:24','Test',NULL),(9,NULL,1,1,0,0,0,'2014-05-20 11:26:57',NULL,NULL,NULL,NULL,NULL,'jpg','jpg',255,673,722,150,150,0,0,'BENCW',1,NULL,'2014-05-20 11:26:57','',0,0,'0|1',NULL,NULL,NULL,31083,'2014-05-20 11:26:57',9028,0,'2014-05-20 15:24','Test',NULL),(10,NULL,1,1,0,0,0,'2014-05-20 11:26:57',NULL,NULL,NULL,NULL,NULL,'jpg','jpg',282,663,704,150,75,0,0,'BENCW',1,NULL,'2014-05-20 11:26:58','',0,0,'0|1',NULL,NULL,NULL,40723,'2014-05-20 11:26:58',16183,0,'2014-05-20 15:24','Test',NULL),(11,NULL,1,1,0,0,0,'2014-05-20 11:26:58',NULL,NULL,NULL,NULL,NULL,'jpg','jpg',281,662,705,150,75,0,0,'BENCW',1,NULL,'2014-05-20 11:26:59','',0,0,'0|1',NULL,NULL,NULL,166201,'2014-05-20 11:26:59',125268,0,'2014-05-20 15:24','Test',NULL),(12,NULL,1,1,0,0,0,'2014-05-20 11:27:00',NULL,NULL,NULL,NULL,NULL,'jpg','jpg',971,417,28,150,75,0,0,'NEKWP',1,NULL,'2014-05-20 11:27:01','',0,0,'0|1',NULL,NULL,NULL,405685,'2014-05-20 11:27:01',196066,0,'2014-05-20 15:24','Test',NULL),(13,NULL,1,1,0,0,1,'2014-05-20 11:27:02',NULL,NULL,NULL,NULL,NULL,'jpg','jpg',1000,368,0,150,150,0,0,'NEKWP',1,NULL,'2014-05-20 11:27:02','',0,0,'0|1',NULL,NULL,NULL,31460,'2014-05-20 11:27:02',9145,0,'2014-05-20 15:24','Test',NULL),(14,NULL,7,1,0,0,0,'2014-05-20 11:28:39',NULL,NULL,NULL,NULL,NULL,'jpg','jpg',577,879,320,150,75,0,0,'EBWKG',1,NULL,'2014-05-20 11:28:40','',0,0,'0|1',NULL,NULL,NULL,635220,'2014-05-20 11:28:40',319826,0,'2014-05-20 15:28','Test',NULL),(15,NULL,7,1,0,0,0,'2014-05-20 11:28:40',NULL,NULL,NULL,NULL,NULL,'jpg','jpg',582,879,298,150,150,0,0,'EBWGK',1,NULL,'2014-05-20 11:28:41','',0,0,'0|1',NULL,NULL,NULL,37988,'2014-05-20 11:28:41',11354,0,'2014-05-20 15:28','Test',NULL),(16,NULL,7,1,0,0,0,'2014-05-20 11:28:41',NULL,NULL,NULL,NULL,NULL,'jpg','jpg',591,881,312,150,75,0,0,'EBWKG',1,NULL,'2014-05-20 11:28:41','',0,0,'0|1',NULL,NULL,NULL,54118,'2014-05-20 11:28:41',22595,0,'2014-05-20 15:28','Test',NULL),(17,NULL,7,1,0,0,0,'2014-05-20 11:28:42',NULL,NULL,NULL,NULL,NULL,'jpg','jpg',575,879,319,150,75,0,0,'EBWKG',1,NULL,'2014-05-20 11:28:43','',0,0,'0|1',NULL,NULL,NULL,263665,'2014-05-20 11:28:43',207362,0,'2014-05-20 15:28','Test',NULL),(18,NULL,7,1,0,0,0,'2014-05-20 11:28:43',NULL,NULL,NULL,NULL,NULL,'jpg','jpg',280,662,705,150,75,0,0,'BENCW',1,NULL,'2014-05-20 11:28:45','',0,0,'0|1',NULL,NULL,NULL,379001,'2014-05-20 11:28:45',183240,0,'2014-05-20 15:28','Test',NULL),(19,NULL,7,1,0,0,0,'2014-05-20 11:28:45',NULL,NULL,NULL,NULL,NULL,'jpg','jpg',255,673,722,150,150,0,0,'BENCW',1,NULL,'2014-05-20 11:28:45','',0,0,'0|1',NULL,NULL,NULL,30843,'2014-05-20 11:28:46',9028,0,'2014-05-20 15:28','Test',NULL),(20,NULL,7,1,0,0,1,'2014-05-20 11:28:46',NULL,NULL,NULL,NULL,NULL,'jpg','jpg',282,663,704,150,75,0,0,'BENCW',1,NULL,'2014-05-20 11:28:46','',0,0,'0|1',NULL,NULL,NULL,40482,'2014-05-20 11:28:46',16183,0,'2014-05-20 15:28','Test',NULL),(21,NULL,7,1,0,0,0,'2014-05-20 11:28:47',NULL,NULL,NULL,NULL,NULL,'jpg','jpg',281,662,705,150,75,0,0,'BENCW',1,NULL,'2014-05-20 11:28:48','',0,0,'0|1',NULL,NULL,NULL,165960,'2014-05-20 11:28:48',125268,0,'2014-05-20 15:28','Test',NULL),(22,NULL,7,1,0,0,0,'2014-05-20 11:28:48',NULL,NULL,NULL,NULL,NULL,'jpg','jpg',971,417,28,150,75,0,0,'NEKWP',1,NULL,'2014-05-20 11:28:50','',0,0,'0|1',NULL,NULL,NULL,405444,'2014-05-20 11:28:50',196066,0,'2014-05-20 15:28','Test',NULL),(23,NULL,7,1,0,0,2,'2014-05-20 11:28:50',NULL,NULL,NULL,NULL,NULL,'jpg','jpg',1000,368,0,150,150,0,0,'NEKWP',1,NULL,'2014-05-20 11:28:50','',0,0,'0|1',NULL,NULL,NULL,31219,'2014-05-20 11:28:50',9145,0,'2014-05-20 15:28','Test',NULL),(-2,NULL,8,0,0,0,0,NULL,NULL,NULL,NULL,NULL,NULL,NULL,NULL,NULL,NULL,NULL,NULL,NULL,0,0,NULL,2,NULL,NULL,NULL,0,0,NULL,NULL,NULL,NULL,NULL,NULL,NULL,NULL,NULL,'Test 2',NULL),(24,NULL,8,1,0,0,0,'2014-05-20 11:30:34',NULL,NULL,NULL,NULL,NULL,'jpg','jpg',2,638,997,150,95,0,0,'BCEWK',2,NULL,'2014-05-20 11:30:34','',0,0,'0|1',NULL,NULL,NULL,28382,'2014-05-20 11:30:34',9916,0,NULL,'Test 2',NULL),(25,NULL,8,1,0,0,1,'2014-05-20 11:30:34',NULL,NULL,NULL,NULL,NULL,'jpg','jpg',1,634,997,150,135,0,0,'BCEWK',2,NULL,'2014-05-20 11:30:35','',0,0,'0|1',NULL,NULL,NULL,26509,'2014-05-20 11:30:35',7692,0,NULL,'Test 2',NULL),(26,NULL,8,1,0,0,0,'2014-05-20 11:30:35',NULL,NULL,NULL,NULL,NULL,'jpg','jpg',974,555,8,150,107,0,0,'NWKE',2,NULL,'2014-05-20 11:30:35','',0,0,'0|1',NULL,NULL,NULL,42625,'2014-05-20 11:30:35',15078,0,NULL,'Test 2',NULL),(27,NULL,8,1,0,0,0,'2014-05-20 11:30:36',NULL,NULL,NULL,NULL,NULL,'jpg','jpg',977,566,11,150,150,0,0,'NWKEG',2,NULL,'2014-05-20 11:30:36','',0,0,'0|1',NULL,NULL,NULL,33233,'2014-05-20 11:30:36',9757,0,NULL,'Test 2',NULL),(28,NULL,8,1,0,0,0,'2014-05-20 11:30:36',NULL,NULL,NULL,NULL,NULL,'jpg','jpg',882,473,120,150,107,0,0,'ENKWB',2,NULL,'2014-05-20 11:30:37','',0,0,'0|1',NULL,NULL,NULL,39527,'2014-05-20 11:30:37',13951,0,NULL,'Test 2',NULL),(29,NULL,8,1,0,0,0,'2014-05-20 11:30:37',NULL,NULL,NULL,NULL,NULL,'jpg','jpg',873,463,131,150,150,0,0,'ENKWB',2,NULL,'2014-05-20 11:30:37','',0,0,'0|1',NULL,NULL,NULL,30122,'2014-05-20 11:30:37',8808,0,NULL,'Test 2',NULL),(30,NULL,8,1,0,0,2,'2014-05-20 11:30:38',NULL,NULL,NULL,NULL,NULL,'jpg','jpg',790,417,216,150,107,0,0,'EKNWO',2,NULL,'2014-05-20 11:30:38','',0,0,'0|1',NULL,NULL,NULL,42391,'2014-05-20 11:30:38',15119,0,NULL,'Test 2',NULL),(31,NULL,8,1,0,0,1,'2014-05-20 11:30:38',NULL,NULL,NULL,NULL,NULL,'jpg','jpg',793,423,208,150,150,0,0,'EKNWO',2,NULL,'2014-05-20 11:30:39','',0,0,'0|1',NULL,NULL,NULL,31509,'2014-05-20 11:30:39',9205,0,NULL,'Test 2',NULL),(32,NULL,8,1,0,0,0,'2014-05-20 11:30:39',NULL,NULL,NULL,NULL,NULL,'jpg','jpg',897,367,223,150,107,0,0,'EKNWO',2,NULL,'2014-05-20 11:30:39','',0,0,'0|1',NULL,NULL,NULL,41825,'2014-05-20 11:30:39',14975,0,NULL,'Test 2',NULL),(33,NULL,8,1,0,0,0,'2014-05-20 11:30:40',NULL,NULL,NULL,NULL,NULL,'jpg','jpg',790,355,330,150,150,0,0,'EKWNB',2,NULL,'2014-05-20 11:30:40','',0,0,'0|1',NULL,NULL,NULL,32827,'2014-05-20 11:30:40',9663,0,NULL,'Test 2',NULL),(34,NULL,8,1,0,0,0,'2014-05-20 11:30:40',NULL,NULL,NULL,NULL,NULL,'jpg','jpg',10,633,989,150,107,0,0,'WBKEN',2,NULL,'2014-05-20 11:30:41','',0,0,'0|1',NULL,NULL,NULL,24815,'2014-05-20 11:30:41',8392,0,NULL,'Test 2',NULL),(35,NULL,8,1,0,0,4,'2014-05-20 11:30:41',NULL,NULL,NULL,NULL,NULL,'jpg','jpg',14,651,984,150,150,0,0,'WBKEN',2,NULL,'2014-05-20 11:30:41','',0,0,'0|1',NULL,NULL,NULL,20359,'2014-05-20 11:30:41',5792,0,NULL,'Test 2',NULL),(36,NULL,6,1,0,0,0,'2014-05-20 11:33:16',NULL,NULL,NULL,NULL,NULL,'jpg','jpg',961,416,42,150,102,0,0,'EWONK',1,NULL,'2014-05-20 11:33:17','',0,0,'0|1',NULL,NULL,NULL,59200,'2014-05-20 11:33:17',23333,0,'2014-05-20 15:32','Test3',NULL),(37,NULL,6,1,0,0,0,'2014-05-20 11:33:17',NULL,NULL,NULL,NULL,NULL,'jpg','jpg',628,718,237,150,105,0,0,'EKOCB',1,NULL,'2014-05-20 11:33:18','',0,0,'0|1',NULL,NULL,NULL,140202,'2014-05-20 11:33:18',83437,0,'2014-05-20 15:32','Test3',NULL),(38,NULL,6,1,0,0,0,'2014-05-20 11:33:18',NULL,NULL,NULL,NULL,NULL,'jpg','jpg',566,762,305,150,150,0,0,'EKCBO',1,NULL,'2014-05-20 11:33:18','',0,0,'0|1',NULL,NULL,NULL,36743,'2014-05-20 11:33:18',10945,0,'2014-05-20 15:32','Test3',NULL),(39,NULL,6,1,0,0,0,'2014-05-20 11:33:19',NULL,NULL,NULL,NULL,NULL,'jpg','jpg',979,389,23,150,150,0,0,'EWONK',1,NULL,'2014-05-20 11:33:19','',0,0,'0|1',NULL,NULL,NULL,29089,'2014-05-20 11:33:19',8440,0,'2014-05-20 15:32','Test3',NULL),(40,NULL,6,1,0,0,0,'2014-05-20 11:33:19',NULL,NULL,NULL,NULL,NULL,'png','jpg',8,314,992,150,125,0,0,'KEWBN',1,NULL,'2014-05-20 11:33:20','',0,0,'0|1',NULL,NULL,NULL,92110,'2014-05-20 11:33:20',36988,0,'2014-05-20 15:32','Test3',NULL),(41,NULL,6,1,0,0,1,'2014-05-20 11:33:20',NULL,NULL,NULL,NULL,NULL,'png','jpg',8,314,992,150,125,0,0,'KEWBN',1,NULL,'2014-05-20 11:33:21','',0,0,'0|1',NULL,NULL,NULL,92110,'2014-05-20 11:33:21',36988,0,'2014-05-20 15:32','Test3',NULL),(42,NULL,6,1,0,0,1,'2014-05-20 11:33:21',NULL,NULL,NULL,NULL,NULL,'png','jpg',16,325,984,150,133,0,0,'KEWBN',1,NULL,'2014-05-20 11:33:21','',0,0,'0|1',NULL,NULL,NULL,91295,'2014-05-20 11:33:21',36651,0,'2014-05-20 15:32','Test3',NULL),(43,NULL,6,1,0,0,1,'2014-05-20 11:33:22',NULL,NULL,NULL,NULL,NULL,'png','jpg',8,314,992,150,125,0,0,'KEWBN',1,NULL,'2014-05-20 11:33:22','',0,0,'0|1',NULL,NULL,NULL,92110,'2014-05-20 11:33:22',36988,0,'2014-05-20 15:32','Test3',NULL),(44,NULL,6,1,0,0,2,'2014-05-20 11:33:23',NULL,NULL,NULL,NULL,NULL,'png','jpg',16,325,984,150,133,0,0,'KEWBN',1,NULL,'2014-05-20 11:33:23','',0,0,'0|1',NULL,NULL,NULL,91295,'2014-05-20 11:33:23',36651,0,'2014-05-20 15:32','Test3',NULL),(45,NULL,6,1,0,0,0,'2014-05-20 11:33:23',NULL,NULL,NULL,NULL,NULL,'png','jpg',0,307,1000,150,56,0,0,'WBKEN',1,NULL,'2014-05-20 11:33:24','',0,0,'0|1',NULL,NULL,NULL,148899,'2014-05-20 11:33:24',77683,0,'2014-05-20 15:32','Test3',NULL),(46,NULL,1,1,0,0,1,'2014-05-27 17:17:55',NULL,NULL,NULL,NULL,NULL,'jpg','jpg',799,495,255,150,105,0,0,'NEWBK',1,NULL,'2014-05-27 17:17:55','',0,0,'0|1',NULL,NULL,NULL,135334,'2014-05-27 17:17:55',77416,0,'2014-05-27 21:10','DT_test',NULL),(47,NULL,1,1,0,0,0,'2014-05-27 17:18:47',NULL,NULL,NULL,NULL,NULL,'jpg','jpg',799,495,255,150,105,0,0,'NEWBK',1,NULL,'2014-05-27 17:18:47','',0,0,'0|1',NULL,NULL,NULL,135334,'2014-05-27 17:18:47',77416,0,'2014-05-27 21:10','DT_test',NULL),(48,NULL,1,1,0,0,0,'2014-05-27 17:48:58',NULL,NULL,NULL,NULL,NULL,'jpg','jpg',799,495,255,150,105,0,0,'NEWBK',1,NULL,'2014-05-27 17:48:59','',0,0,'0|1',NULL,NULL,NULL,137415,'2014-05-27 17:48:59',77416,0,'2014-05-27 21:47','DT_test',NULL),(49,NULL,1,1,0,0,0,'2014-05-28 08:52:05',NULL,NULL,NULL,NULL,NULL,'gif','jpg',0,458,1000,11,11,0,0,'EBWNK',1,NULL,'2014-05-28 08:52:06','',0,0,'0|1',NULL,NULL,NULL,4698,'2014-05-28 08:52:06',73,0,'2014-05-28 12:51','DT_test',NULL),(50,NULL,1,1,0,0,1,'2014-05-28 08:52:17',NULL,NULL,NULL,NULL,NULL,'gif','jpg',0,458,1000,11,11,0,0,'EBWNK',1,NULL,'2014-05-28 08:52:18','',0,0,'0|1',NULL,NULL,NULL,4698,'2014-05-28 08:52:18',73,0,'2014-05-28 12:51','DT_test',NULL),(51,NULL,8,1,0,0,6,'2014-06-03 15:34:17',NULL,NULL,NULL,NULL,NULL,'jpeg','jpg',904,301,103,150,113,0,0,'WNEKP',1,NULL,'2014-06-03 15:34:18','',0,0,'0|1',NULL,NULL,NULL,97582,'2014-06-03 15:34:18',43283,0,'2014-06-03 19:32','DT_test2',',United States');

--
-- Table structure for table `resource_alt_files`
--

CREATE TABLE `resource_alt_files` (
  `ref` int(11) NOT NULL AUTO_INCREMENT,
  `resource` int(11) DEFAULT NULL,
  `name` varchar(100) DEFAULT NULL,
  `description` varchar(200) DEFAULT NULL,
  `file_name` varchar(200) DEFAULT NULL,
  `file_extension` varchar(10) DEFAULT NULL,
  `file_size` int(11) DEFAULT '0',
  `creation_date` datetime DEFAULT NULL,
  `unoconv` int(11) DEFAULT NULL,
  `alt_type` varchar(100) DEFAULT NULL,
  `page_count` int(11) DEFAULT NULL,
  PRIMARY KEY (`ref`)
) ENGINE=MyISAM DEFAULT CHARSET=latin1;

--
-- Dumping data for table `resource_alt_files`
--


--
-- Table structure for table `resource_custom_access`
--

CREATE TABLE `resource_custom_access` (
  `resource` int(11) DEFAULT NULL,
  `usergroup` int(11) DEFAULT NULL,
  `user` int(11) DEFAULT NULL,
  `access` int(11) DEFAULT NULL,
  `user_expires` date DEFAULT NULL,
  KEY `resource` (`resource`),
  KEY `usergroup` (`usergroup`),
  KEY `user` (`user`)
) ENGINE=MyISAM DEFAULT CHARSET=latin1;

--
-- Dumping data for table `resource_custom_access`
--


--
-- Table structure for table `resource_data`
--

CREATE TABLE `resource_data` (
  `resource` int(11) DEFAULT NULL,
  `resource_type_field` int(11) DEFAULT NULL,
  `value` mediumtext,
  KEY `resource` (`resource`)
) ENGINE=MyISAM DEFAULT CHARSET=latin1;

--
-- Dumping data for table `resource_data`
--

INSERT INTO `resource_data` VALUES (4,8,'Test'),(-1,8,'DT_test2'),(-1,12,'2014-06-03 19:41'),(1,73,',Care Plus'),(1,8,'Test PDF'),(1,12,'2014-02-13 22:40'),(1,51,'CPP-4809 S_OD_PCS_50_50_Clinical Care benches_Final.pdf'),(2,73,','),(2,8,'Test PDF'),(2,12,'2014-02-13 22:42'),(2,51,'CPP-4809 S_OD_PCS_50_50_Clinical Care benches_Final.pdf'),(4,12,'2014-05-20 15:24'),(-1,73,',Care Plus'),(14,8,'Test'),(3,73,',Mena Travel Agency'),(3,8,'Test Graphic'),(3,12,'2014-02-13 22:44'),(3,54,','),(3,51,'mena_01.jpg'),(4,73,',Care Plus'),(4,54,','),(4,51,'01.jpg'),(5,8,'Test'),(5,12,'2014-05-20 15:24'),(5,73,',Care Plus'),(5,54,','),(5,51,'01-150x150.jpg'),(6,8,'Test'),(6,12,'2014-05-20 15:24'),(6,73,',Care Plus'),(6,54,','),(6,51,'01-300x150.jpg'),(7,8,'Test'),(7,12,'2014-05-20 15:24'),(7,73,',Care Plus'),(7,54,','),(7,51,'01-1024x512.jpg'),(8,8,'Test'),(8,12,'2014-05-20 15:24'),(8,73,',Care Plus'),(8,54,','),(8,51,'02.jpg'),(9,8,'Test'),(9,12,'2014-05-20 15:24'),(9,73,',Care Plus'),(9,54,','),(9,51,'02-150x150.jpg'),(10,8,'Test'),(10,12,'2014-05-20 15:24'),(10,73,',Care Plus'),(10,54,','),(10,51,'02-300x150.jpg'),(11,8,'Test'),(11,12,'2014-05-20 15:24'),(11,73,',Care Plus'),(11,54,','),(11,51,'02-1024x512.jpg'),(12,8,'Test'),(12,12,'2014-05-20 15:24'),(12,73,',Care Plus'),(12,54,','),(12,51,'03.jpg'),(13,8,'Test'),(13,12,'2014-05-20 15:24'),(13,73,',Care Plus'),(13,54,','),(13,51,'03-150x150.jpg'),(14,12,'2014-05-20 15:28'),(14,73,',Care Plus'),(14,51,'01.jpg'),(15,8,'Test'),(15,12,'2014-05-20 15:28'),(15,73,',Care Plus'),(15,51,'01-150x150.jpg'),(16,8,'Test'),(16,12,'2014-05-20 15:28'),(16,73,',Care Plus'),(16,51,'01-300x150.jpg'),(17,8,'Test'),(17,12,'2014-05-20 15:28'),(17,73,',Care Plus'),(17,51,'01-1024x512.jpg'),(18,8,'Test'),(18,12,'2014-05-20 15:28'),(18,73,',Care Plus'),(18,51,'02.jpg'),(19,8,'Test'),(19,12,'2014-05-20 15:28'),(19,73,',Care Plus'),(19,51,'02-150x150.jpg'),(20,8,'Test'),(20,12,'2014-05-20 15:28'),(20,73,',Care Plus'),(20,51,'02-300x150.jpg'),(21,8,'Test'),(21,12,'2014-05-20 15:28'),(21,73,',Care Plus'),(21,51,'02-1024x512.jpg'),(22,8,'Test'),(22,12,'2014-05-20 15:28'),(22,73,',Care Plus'),(22,51,'03.jpg'),(23,8,'Test'),(23,12,'2014-05-20 15:28'),(23,73,',Care Plus'),(23,51,'03-150x150.jpg'),(-2,73,',Care Plus'),(-2,8,'Test 2'),(24,73,',Care Plus'),(24,8,'Test 2'),(24,51,'atraction_2.jpg'),(25,73,',Care Plus'),(25,8,'Test 2'),(25,51,'atraction_2-150x135.jpg'),(26,73,',Care Plus'),(26,8,'Test 2'),(26,51,'entry_3.jpg'),(27,73,',Care Plus'),(27,8,'Test 2'),(27,51,'entry_3-150x150.jpg'),(28,73,',Care Plus'),(28,8,'Test 2'),(28,51,'entry_4.jpg'),(29,73,',Care Plus'),(29,8,'Test 2'),(29,51,'entry_4-150x150.jpg'),(30,73,',Care Plus'),(30,8,'Test 2'),(30,51,'entry_5.jpg'),(31,73,',Care Plus'),(31,8,'Test 2'),(31,51,'entry_5-150x150.jpg'),(32,73,',Care Plus'),(32,8,'Test 2'),(32,51,'entry_6.jpg'),(33,73,',Care Plus'),(33,8,'Test 2'),(33,51,'entry_6-150x150.jpg'),(34,73,',Care Plus'),(34,8,'Test 2'),(34,51,'entry_7.jpg'),(35,73,',Care Plus'),(35,8,'Test 2'),(35,51,'entry_7-150x150.jpg'),(36,8,'Test3'),(36,12,'2014-05-20 15:32'),(36,73,',Care Plus'),(36,51,'Andes-Circuit.jpg'),(37,8,'Test3'),(37,12,'2014-05-20 15:32'),(37,73,',Care Plus'),(37,51,'Andes-Circuit1.jpg'),(38,8,'Test3'),(38,12,'2014-05-20 15:32'),(38,73,',Care Plus'),(38,51,'Andes-Circuit1-150x150.jpg'),(39,8,'Test3'),(39,12,'2014-05-20 15:32'),(39,73,',Care Plus'),(39,51,'Andes-Circuit-150x150.jpg'),(40,8,'Test3'),(40,12,'2014-05-20 15:32'),(40,73,',Care Plus'),(40,51,'logo.png'),(41,8,'Test3'),(41,12,'2014-05-20 15:32'),(41,73,',Care Plus'),(41,51,'logo1.png'),(42,8,'Test3'),(42,12,'2014-05-20 15:32'),(42,73,',Care Plus'),(42,51,'logo1-150x133.png'),(43,8,'Test3'),(43,12,'2014-05-20 15:32'),(43,73,',Care Plus'),(43,51,'logo2.png'),(44,8,'Test3'),(44,12,'2014-05-20 15:32'),(44,73,',Care Plus'),(44,51,'logo2-150x133.png'),(45,8,'Test3'),(45,12,'2014-05-20 15:32'),(45,73,',Care Plus'),(45,51,'logo3.png'),(-1,1,'DT, test, file'),(-1,18,'This is a second  test file to see how the system works.'),(-1,25,'This is a note regarding the test file I\'m uploading.'),(-1,3,',United States'),(46,8,'DT_test'),(46,12,'2014-05-27 21:10'),(46,73,',Care Plus'),(46,1,'DT, test, file'),(46,18,'This is a test file to see how the system works.'),(46,25,'This is a note regarding the test file I\'m uploading.'),(46,54,',Digital Camera'),(46,51,'dt_test_image.jpg'),(47,8,'DT_test'),(47,12,'2014-05-27 21:10'),(47,73,',Care Plus'),(47,1,'DT, test, file'),(47,18,'This is a test file to see how the system works.'),(47,25,'This is a note regarding the test file I\'m uploading.'),(47,54,',Digital Camera'),(47,51,'dt_test_image.jpg'),(48,8,'DT_test'),(48,12,'2014-05-27 21:47'),(48,73,',Care Plus'),(48,1,'DT, test, file'),(48,18,'Older woman hula hooping in backyard'),(48,25,'This is a note regarding the test file I\'m uploading.'),(48,54,',Digital Camera'),(48,10,'Paul Bradbury'),(48,51,'dt_test_image.jpg'),(49,8,'DT_test'),(49,12,'2014-05-28 12:51'),(49,73,',Care Plus'),(49,1,'DT, test, file'),(49,18,'This is a test file to see how the system works.'),(49,25,'This is a note regarding the test file I\'m uploading.'),(49,54,',Digital Camera'),(49,51,'BlueChip.gif'),(50,8,'DT_test'),(50,12,'2014-05-28 12:51'),(50,73,',Care Plus'),(50,1,'DT, test, file'),(50,18,'This is a test file to see how the system works.'),(50,25,'This is a note regarding the test file I\'m uploading.'),(50,54,',Digital Camera'),(50,51,'BlueChip.gif'),(51,8,'DT_test2'),(51,12,'2014-06-03 19:32'),(51,73,',Care Plus'),(51,1,'DT, test, file'),(51,18,'This is a second  test file to see how the system works.'),(51,25,'This is a note regarding the test file I\'m uploading.'),(51,3,',United States'),(51,51,'Socialy Active Seniors_full.jpeg');

--
-- Table structure for table `resource_dimensions`
--

CREATE TABLE `resource_dimensions` (
  `resource` int(11) DEFAULT NULL,
  `width` int(11) DEFAULT '0',
  `height` int(11) DEFAULT '0',
  `file_size` int(11) DEFAULT '0',
  `resolution` int(11) DEFAULT '0',
  `unit` varchar(11) DEFAULT '0',
  `page_count` int(11) DEFAULT NULL,
  KEY `resource` (`resource`)
) ENGINE=MyISAM DEFAULT CHARSET=latin1;

--
-- Dumping data for table `resource_dimensions`
--

INSERT INTO `resource_dimensions` VALUES (1,0,0,513583,0,'0',NULL),(2,0,0,513583,0,'0',NULL),(3,800,300,51037,0,'0',NULL),(4,1200,600,319826,0,'0',NULL),(5,150,150,11354,0,'0',NULL),(6,300,150,22595,0,'0',NULL),(7,1024,512,207362,0,'0',NULL),(8,1200,600,183240,0,'0',NULL),(9,150,150,9028,0,'0',NULL),(10,300,150,16183,0,'0',NULL),(11,1024,512,125268,0,'0',NULL),(12,1200,600,196066,0,'0',NULL),(13,150,150,9145,0,'0',NULL),(14,1200,600,319826,0,'0',NULL),(15,150,150,11354,0,'0',NULL),(16,300,150,22595,0,'0',NULL),(17,1024,512,207362,0,'0',NULL),(18,1200,600,183240,0,'0',NULL),(19,150,150,9028,0,'0',NULL),(20,300,150,16183,0,'0',NULL),(21,1024,512,125268,0,'0',NULL),(22,1200,600,196066,0,'0',NULL),(23,150,150,9145,0,'0',NULL),(24,214,135,9916,0,'0',NULL),(25,150,135,7692,0,'0',NULL),(26,219,156,15078,0,'0',NULL),(27,150,150,9757,0,'0',NULL),(28,219,156,13951,0,'0',NULL),(29,150,150,8808,0,'0',NULL),(30,219,156,15119,0,'0',NULL),(31,150,150,9205,0,'0',NULL),(32,219,156,14975,0,'0',NULL),(33,150,150,9663,0,'0',NULL),(34,219,156,8392,0,'0',NULL),(35,150,150,5792,0,'0',NULL),(36,299,203,23333,0,'0',NULL),(37,300,210,83437,0,'0',NULL),(38,150,150,10945,0,'0',NULL),(39,150,150,8440,0,'0',NULL),(40,160,133,36988,0,'0',NULL),(41,160,133,36988,0,'0',NULL),(42,150,133,36651,0,'0',NULL),(43,160,133,36988,0,'0',NULL),(44,150,133,36651,0,'0',NULL),(45,437,164,77683,0,'0',NULL),(46,495,347,77416,0,'0',NULL),(47,495,347,77416,0,'0',NULL),(48,495,347,77416,0,'0',NULL),(49,11,11,73,0,'0',NULL),(50,11,11,73,0,'0',NULL),(51,640,480,43283,0,'0',NULL);

--
-- Table structure for table `resource_keyword`
--

CREATE TABLE `resource_keyword` (
  `resource` int(11) DEFAULT NULL,
  `keyword` int(11) DEFAULT NULL,
  `hit_count` int(11) DEFAULT '0',
  `position` int(11) DEFAULT '0',
  `resource_type_field` int(11) DEFAULT '0',
  `new_hit_count` int(11) DEFAULT '0',
  KEY `resource_keyword` (`resource`,`keyword`),
  KEY `resource` (`resource`),
  KEY `keyword` (`keyword`),
  KEY `resource_type_field` (`resource_type_field`),
  KEY `rk_all` (`resource`,`keyword`,`resource_type_field`)
) ENGINE=MyISAM DEFAULT CHARSET=latin1;

--
-- Dumping data for table `resource_keyword`
--

INSERT INTO `resource_keyword` VALUES (-1,29,0,3,73,0),(-1,23,0,2,73,0),(-1,166,0,2,12,0),(-1,156,0,1,12,0),(-1,7,0,0,12,0),(-1,10,0,0,-1,0),(1,7,0,0,12,0),(1,6,0,1,8,0),(1,5,0,0,8,0),(1,8,0,1,12,0),(1,9,0,2,12,0),(1,10,0,0,-1,0),(1,16,0,0,51,0),(1,17,0,1,51,0),(1,18,0,2,51,0),(1,19,0,3,51,0),(1,20,0,4,51,0),(1,21,0,5,51,0),(1,21,0,6,51,0),(1,22,0,7,51,0),(1,23,0,8,51,0),(1,24,0,9,51,0),(1,25,0,10,51,0),(1,6,0,11,51,0),(2,7,0,0,12,0),(2,6,0,1,8,0),(2,5,0,0,8,0),(2,8,0,1,12,0),(2,26,0,2,12,0),(2,1,0,0,-1,0),(2,16,0,0,51,0),(2,17,0,1,51,0),(2,18,0,2,51,0),(2,19,0,3,51,0),(2,20,0,4,51,0),(2,21,0,5,51,0),(2,21,0,6,51,0),(2,22,0,7,51,0),(2,23,0,8,51,0),(2,24,0,9,51,0),(2,25,0,10,51,0),(2,6,0,11,51,0),(1,28,0,1,73,0),(1,23,0,2,73,0),(1,29,0,3,73,0),(4,29,0,4,73,0),(-1,151,0,1,8,0),(4,23,0,3,73,0),(-1,28,0,1,73,0),(3,32,0,4,73,0),(3,31,0,3,73,0),(3,30,0,2,73,0),(3,33,0,5,73,0),(3,5,0,0,8,2),(3,34,0,1,8,0),(3,7,0,0,12,0),(3,8,0,1,12,0),(3,35,0,2,12,0),(3,4,0,0,-1,0),(3,31,0,0,51,0),(3,36,0,1,51,0),(3,37,0,2,51,0),(4,28,0,2,73,0),(4,5,0,0,8,0),(4,7,0,0,12,0),(4,40,0,1,12,0),(4,60,0,2,12,0),(4,11,0,0,-1,0),(4,36,0,0,51,0),(4,37,0,1,51,0),(5,29,0,4,73,0),(5,23,0,3,73,0),(5,28,0,2,73,0),(5,5,0,0,8,0),(5,7,0,0,12,0),(5,40,0,1,12,0),(5,60,0,2,12,0),(5,39,0,0,-1,0),(5,36,0,0,51,0),(5,63,0,1,51,0),(5,37,0,2,51,0),(6,29,0,4,73,0),(6,23,0,3,73,0),(6,28,0,2,73,0),(6,5,0,0,8,0),(6,7,0,0,12,0),(6,40,0,1,12,0),(6,60,0,2,12,0),(6,44,0,0,-1,0),(6,36,0,0,51,0),(6,64,0,1,51,0),(6,37,0,2,51,0),(7,29,0,4,73,0),(7,23,0,3,73,0),(7,28,0,2,73,0),(7,5,0,0,8,0),(7,7,0,0,12,0),(7,40,0,1,12,0),(7,60,0,2,12,0),(7,46,0,0,-1,0),(7,36,0,0,51,0),(7,65,0,1,51,0),(7,37,0,2,51,0),(8,29,0,4,73,0),(8,23,0,3,73,0),(8,28,0,2,73,0),(8,5,0,0,8,0),(8,7,0,0,12,0),(8,40,0,1,12,0),(8,60,0,2,12,0),(8,48,0,0,-1,0),(8,66,0,0,51,0),(8,37,0,1,51,0),(9,29,0,4,73,0),(9,23,0,3,73,0),(9,28,0,2,73,0),(9,5,0,0,8,0),(9,7,0,0,12,0),(9,40,0,1,12,0),(9,60,0,2,12,0),(9,52,0,0,-1,0),(9,66,0,0,51,0),(9,63,0,1,51,0),(9,37,0,2,51,0),(10,29,0,4,73,0),(10,23,0,3,73,0),(10,28,0,2,73,0),(10,5,0,0,8,0),(10,7,0,0,12,0),(10,40,0,1,12,0),(10,60,0,2,12,0),(10,55,0,0,-1,0),(10,66,0,0,51,0),(10,64,0,1,51,0),(10,37,0,2,51,0),(11,29,0,4,73,0),(11,23,0,3,73,0),(11,28,0,2,73,0),(11,5,0,0,8,0),(11,7,0,0,12,0),(11,40,0,1,12,0),(11,60,0,2,12,0),(11,58,0,0,-1,0),(11,66,0,0,51,0),(11,65,0,1,51,0),(11,37,0,2,51,0),(12,29,0,4,73,0),(12,23,0,3,73,0),(12,28,0,2,73,0),(12,5,0,0,8,0),(12,7,0,0,12,0),(12,40,0,1,12,0),(12,60,0,2,12,0),(12,61,0,0,-1,0),(12,67,0,0,51,0),(12,37,0,1,51,0),(13,29,0,4,73,0),(13,23,0,3,73,0),(13,28,0,2,73,0),(13,5,0,0,8,0),(13,7,0,0,12,0),(13,40,0,1,12,0),(13,60,0,2,12,0),(13,68,0,0,-1,0),(13,67,0,0,51,0),(13,63,0,1,51,0),(13,37,0,2,51,0),(14,29,0,4,73,0),(14,23,0,3,73,0),(14,28,0,2,73,0),(14,5,0,0,8,0),(14,7,0,0,12,0),(14,40,0,1,12,0),(14,69,0,2,12,0),(14,71,0,0,-1,0),(14,36,0,0,51,0),(14,37,0,1,51,0),(15,29,0,4,73,0),(15,23,0,3,73,0),(15,28,0,2,73,0),(15,5,0,0,8,0),(15,7,0,0,12,0),(15,40,0,1,12,0),(15,69,0,2,12,0),(15,72,0,0,-1,0),(15,36,0,0,51,0),(15,63,0,1,51,0),(15,37,0,2,51,0),(16,29,0,4,73,0),(16,23,0,3,73,0),(16,28,0,2,73,0),(16,5,0,0,8,0),(16,7,0,0,12,0),(16,40,0,1,12,0),(16,69,0,2,12,0),(16,73,0,0,-1,0),(16,36,0,0,51,0),(16,64,0,1,51,0),(16,37,0,2,51,0),(17,29,0,4,73,0),(17,23,0,3,73,0),(17,28,0,2,73,0),(17,5,0,0,8,0),(17,7,0,0,12,0),(17,40,0,1,12,0),(17,69,0,2,12,0),(17,74,0,0,-1,0),(17,36,0,0,51,0),(17,65,0,1,51,0),(17,37,0,2,51,0),(18,29,0,4,73,0),(18,23,0,3,73,0),(18,28,0,2,73,0),(18,5,0,0,8,0),(18,7,0,0,12,0),(18,40,0,1,12,0),(18,69,0,2,12,0),(18,75,0,0,-1,0),(18,66,0,0,51,0),(18,37,0,1,51,0),(19,29,0,4,73,0),(19,23,0,3,73,0),(19,28,0,2,73,0),(19,5,0,0,8,0),(19,7,0,0,12,0),(19,40,0,1,12,0),(19,69,0,2,12,0),(19,76,0,0,-1,0),(19,66,0,0,51,0),(19,63,0,1,51,0),(19,37,0,2,51,0),(20,29,0,4,73,0),(20,23,0,3,73,0),(20,28,0,2,73,0),(20,5,0,0,8,0),(20,7,0,0,12,0),(20,40,0,1,12,0),(20,69,0,2,12,0),(20,77,0,0,-1,0),(20,66,0,0,51,0),(20,64,0,1,51,0),(20,37,0,2,51,0),(21,29,0,4,73,0),(21,23,0,3,73,0),(21,28,0,2,73,0),(21,5,0,0,8,0),(21,7,0,0,12,0),(21,40,0,1,12,0),(21,69,0,2,12,0),(21,78,0,0,-1,0),(21,66,0,0,51,0),(21,65,0,1,51,0),(21,37,0,2,51,0),(22,29,0,4,73,0),(22,23,0,3,73,0),(22,28,0,2,73,0),(22,5,0,0,8,0),(22,7,0,0,12,0),(22,40,0,1,12,0),(22,69,0,2,12,0),(22,79,0,0,-1,0),(22,67,0,0,51,0),(22,37,0,1,51,0),(23,29,0,4,73,0),(23,23,0,3,73,0),(23,28,0,2,73,0),(23,5,0,0,8,0),(23,7,0,0,12,0),(23,40,0,1,12,0),(23,69,0,2,12,0),(23,80,0,0,-1,0),(23,67,0,0,51,0),(23,63,0,1,51,0),(23,37,0,2,51,0),(-2,28,0,1,73,0),(-2,23,0,2,73,0),(-2,29,0,3,73,0),(-2,1,0,0,-1,0),(-2,5,0,0,8,0),(-2,1,0,1,8,0),(24,28,0,2,73,0),(24,29,0,4,73,0),(24,5,0,0,8,0),(24,23,0,3,73,0),(24,1,0,1,8,0),(24,83,0,0,-1,0),(24,84,0,0,51,0),(24,1,0,1,51,0),(24,37,0,2,51,0),(25,28,0,2,73,0),(25,29,0,4,73,0),(25,5,0,0,8,0),(25,23,0,3,73,0),(25,1,0,1,8,0),(25,85,0,0,-1,0),(25,84,0,0,51,0),(25,1,0,1,51,0),(25,86,0,2,51,0),(25,37,0,3,51,0),(26,5,0,0,8,0),(26,29,0,4,73,0),(26,23,0,3,73,0),(26,28,0,2,73,0),(26,1,0,1,8,0),(26,87,0,0,-1,0),(26,88,0,0,51,0),(26,4,0,1,51,0),(26,37,0,2,51,0),(27,28,0,2,73,0),(27,29,0,4,73,0),(27,5,0,0,8,0),(27,23,0,3,73,0),(27,1,0,1,8,0),(27,89,0,0,-1,0),(27,88,0,0,51,0),(27,4,0,1,51,0),(27,63,0,2,51,0),(27,37,0,3,51,0),(28,28,0,2,73,0),(28,29,0,4,73,0),(28,5,0,0,8,0),(28,23,0,3,73,0),(28,1,0,1,8,0),(28,90,0,0,-1,0),(28,88,0,0,51,0),(28,11,0,1,51,0),(28,37,0,2,51,0),(29,28,0,2,73,0),(29,29,0,4,73,0),(29,5,0,0,8,0),(29,23,0,3,73,0),(29,1,0,1,8,0),(29,91,0,0,-1,0),(29,88,0,0,51,0),(29,11,0,1,51,0),(29,63,0,2,51,0),(29,37,0,3,51,0),(30,28,0,2,73,0),(30,29,0,4,73,0),(30,5,0,0,8,0),(30,23,0,3,73,0),(30,1,0,1,8,0),(30,92,0,0,-1,0),(30,88,0,0,51,0),(30,39,0,1,51,0),(30,37,0,2,51,0),(31,28,0,2,73,0),(31,29,0,4,73,0),(31,5,0,0,8,0),(31,23,0,3,73,0),(31,1,0,1,8,0),(31,93,0,0,-1,0),(31,88,0,0,51,0),(31,39,0,1,51,0),(31,63,0,2,51,0),(31,37,0,3,51,0),(32,28,0,2,73,0),(32,29,0,4,73,0),(32,5,0,0,8,0),(32,23,0,3,73,0),(32,1,0,1,8,0),(32,94,0,0,-1,0),(32,88,0,0,51,0),(32,44,0,1,51,0),(32,37,0,2,51,0),(33,5,0,0,8,0),(33,29,0,4,73,0),(33,23,0,3,73,0),(33,28,0,2,73,0),(33,1,0,1,8,0),(33,95,0,0,-1,0),(33,88,0,0,51,0),(33,44,0,1,51,0),(33,63,0,2,51,0),(33,37,0,3,51,0),(34,28,0,2,73,0),(34,29,0,4,73,0),(34,5,0,0,8,0),(34,23,0,3,73,0),(34,1,0,1,8,0),(34,96,0,0,-1,0),(34,88,0,0,51,0),(34,46,0,1,51,0),(34,37,0,2,51,0),(35,28,0,2,73,0),(35,29,0,4,73,0),(35,5,0,0,8,0),(35,23,0,3,73,0),(35,1,0,1,8,0),(35,97,0,0,-1,0),(35,88,0,0,51,0),(35,46,0,1,51,0),(35,63,0,2,51,0),(35,37,0,3,51,0),(36,29,0,4,73,0),(36,23,0,3,73,0),(36,28,0,2,73,0),(36,99,0,0,8,0),(36,7,0,0,12,0),(36,40,0,1,12,0),(36,98,0,2,12,0),(36,101,0,0,-1,0),(36,102,0,0,51,0),(36,103,0,1,51,0),(36,37,0,2,51,0),(37,29,0,4,73,0),(37,23,0,3,73,0),(37,28,0,2,73,0),(37,99,0,0,8,0),(37,7,0,0,12,0),(37,40,0,1,12,0),(37,98,0,2,12,0),(37,104,0,0,-1,0),(37,102,0,0,51,0),(37,105,0,1,51,0),(37,37,0,2,51,0),(38,29,0,4,73,0),(38,23,0,3,73,0),(38,28,0,2,73,0),(38,99,0,0,8,0),(38,7,0,0,12,0),(38,40,0,1,12,0),(38,98,0,2,12,0),(38,106,0,0,-1,0),(38,102,0,0,51,0),(38,105,0,1,51,0),(38,63,0,2,51,0),(38,37,0,3,51,0),(39,29,0,4,73,0),(39,23,0,3,73,0),(39,28,0,2,73,0),(39,99,0,0,8,0),(39,7,0,0,12,0),(39,40,0,1,12,0),(39,98,0,2,12,0),(39,107,0,0,-1,0),(39,102,0,0,51,0),(39,103,0,1,51,0),(39,63,0,2,51,0),(39,37,0,3,51,0),(40,29,0,4,73,0),(40,23,0,3,73,0),(40,28,0,2,73,0),(40,99,0,0,8,0),(40,7,0,0,12,0),(40,40,0,1,12,0),(40,98,0,2,12,0),(40,108,0,0,-1,0),(40,109,0,0,51,0),(40,110,0,1,51,0),(41,29,0,4,73,0),(41,23,0,3,73,0),(41,28,0,2,73,0),(41,99,0,0,8,0),(41,7,0,0,12,0),(41,40,0,1,12,0),(41,98,0,2,12,0),(41,111,0,0,-1,0),(41,112,0,0,51,0),(41,110,0,1,51,0),(42,29,0,4,73,0),(42,23,0,3,73,0),(42,28,0,2,73,0),(42,99,0,0,8,0),(42,7,0,0,12,0),(42,40,0,1,12,0),(42,98,0,2,12,0),(42,113,0,0,-1,0),(42,112,0,0,51,0),(42,114,0,1,51,0),(42,110,0,2,51,0),(43,29,0,4,73,0),(43,23,0,3,73,0),(43,28,0,2,73,0),(43,99,0,0,8,0),(43,7,0,0,12,0),(43,40,0,1,12,0),(43,98,0,2,12,0),(43,115,0,0,-1,0),(43,116,0,0,51,0),(43,110,0,1,51,0),(44,29,0,4,73,0),(44,23,0,3,73,0),(44,28,0,2,73,0),(44,99,0,0,8,0),(44,7,0,0,12,0),(44,40,0,1,12,0),(44,98,0,2,12,0),(44,117,0,0,-1,0),(44,116,0,0,51,0),(44,114,0,1,51,0),(44,110,0,2,51,0),(45,29,0,4,73,0),(45,23,0,3,73,0),(45,28,0,2,73,0),(45,99,0,0,8,0),(45,7,0,0,12,0),(45,40,0,1,12,0),(45,98,0,2,12,0),(45,118,0,0,-1,0),(45,119,0,0,51,0),(45,110,0,1,51,0),(-1,120,0,0,8,0),(-1,120,0,0,1,0),(-1,5,0,1,1,0),(-1,121,0,2,1,0),(-1,123,0,10,18,0),(-1,122,0,7,18,0),(-1,121,0,5,18,0),(-1,5,0,4,18,0),(-1,152,0,3,18,0),(46,29,0,4,73,0),(46,23,0,3,73,0),(46,28,0,2,73,0),(46,120,0,0,8,0),(46,5,0,1,8,0),(46,120,0,0,1,0),(46,5,0,1,1,0),(46,121,0,2,1,0),(46,5,0,3,18,0),(46,121,0,4,18,0),(46,122,0,6,18,0),(46,123,0,9,18,0),(46,124,0,10,18,0),(46,7,0,0,12,0),(46,40,0,1,12,0),(46,126,0,2,12,0),(46,128,0,0,-1,0),(46,120,0,0,51,0),(46,5,0,1,51,0),(46,129,0,2,51,0),(46,37,0,3,51,0),(47,29,0,4,73,0),(47,23,0,3,73,0),(47,28,0,2,73,0),(47,120,0,0,8,0),(47,5,0,1,8,0),(47,120,0,0,1,0),(47,5,0,1,1,0),(47,121,0,2,1,0),(47,5,0,3,18,0),(47,121,0,4,18,0),(47,122,0,6,18,0),(47,123,0,9,18,0),(47,124,0,10,18,0),(47,7,0,0,12,0),(47,40,0,1,12,0),(47,126,0,2,12,0),(47,130,0,0,-1,0),(47,120,0,0,51,0),(47,5,0,1,51,0),(47,129,0,2,51,0),(47,37,0,3,51,0),(48,29,0,4,73,0),(48,23,0,3,73,0),(48,28,0,2,73,0),(48,120,0,0,8,0),(48,5,0,1,8,0),(48,120,0,0,1,0),(48,5,0,1,1,0),(48,121,0,2,1,0),(48,137,0,5,18,0),(48,136,0,3,18,0),(48,135,0,2,18,0),(48,134,0,1,18,0),(48,133,0,0,18,0),(48,7,0,0,12,0),(48,40,0,1,12,0),(48,131,0,2,12,0),(48,132,0,0,-1,0),(48,120,0,0,51,0),(48,5,0,1,51,0),(48,129,0,2,51,0),(48,143,0,1,10,0),(48,142,0,0,10,0),(48,37,0,3,51,0),(49,29,0,4,73,0),(49,23,0,3,73,0),(49,28,0,2,73,0),(49,120,0,0,8,0),(49,5,0,1,8,0),(49,120,0,0,1,0),(49,5,0,1,1,0),(49,121,0,2,1,0),(49,5,0,3,18,0),(49,121,0,4,18,0),(49,122,0,6,18,0),(49,123,0,9,18,0),(49,124,0,10,18,0),(49,7,0,0,12,0),(49,40,0,1,12,0),(49,144,0,2,12,0),(49,146,0,0,-1,0),(49,147,0,0,51,0),(49,148,0,1,51,0),(50,29,0,4,73,0),(50,23,0,3,73,0),(50,28,0,2,73,0),(50,120,0,0,8,0),(50,5,0,1,8,0),(50,120,0,0,1,0),(50,5,0,1,1,0),(50,121,0,2,1,0),(50,5,0,3,18,0),(50,121,0,4,18,0),(50,122,0,6,18,0),(50,123,0,9,18,0),(50,124,0,10,18,0),(50,7,0,0,12,0),(50,40,0,1,12,0),(50,144,0,2,12,0),(50,21,0,0,-1,0),(50,147,0,0,51,0),(50,148,0,1,51,0),(-1,124,0,11,18,0),(-1,153,0,1,3,0),(-1,154,0,2,3,0),(-1,155,0,3,3,0),(51,29,0,4,73,0),(51,23,0,3,73,0),(51,28,0,2,73,0),(51,120,0,0,8,0),(51,151,0,1,8,0),(51,120,0,0,1,0),(51,5,0,1,1,0),(51,121,0,2,1,0),(51,152,0,3,18,0),(51,5,0,4,18,0),(51,121,0,5,18,0),(51,122,0,7,18,0),(51,123,0,10,18,0),(51,124,0,11,18,0),(51,153,0,1,3,0),(51,154,0,2,3,0),(51,155,0,3,3,0),(51,7,0,0,12,0),(51,156,0,1,12,0),(51,157,0,2,12,0),(51,158,0,0,-1,0),(51,159,0,0,51,0),(51,160,0,1,51,0),(51,161,0,2,51,0),(51,162,0,3,51,0),(51,163,0,4,51,0);

--
-- Table structure for table `resource_related`
--

CREATE TABLE `resource_related` (
  `resource` int(11) DEFAULT NULL,
  `related` int(11) DEFAULT NULL,
  KEY `resource_related` (`resource`),
  KEY `related` (`related`)
) ENGINE=MyISAM DEFAULT CHARSET=latin1;

--
-- Dumping data for table `resource_related`
--


--
-- Table structure for table `resource_type`
--

CREATE TABLE `resource_type` (
  `ref` int(11) NOT NULL AUTO_INCREMENT,
  `name` varchar(50) DEFAULT NULL,
  `allowed_extensions` text,
  `order_by` int(11) DEFAULT NULL,
  PRIMARY KEY (`ref`)
) ENGINE=MyISAM AUTO_INCREMENT=11 DEFAULT CHARSET=latin1;

--
-- Dumping data for table `resource_type`
--

INSERT INTO `resource_type` VALUES (1,'Photo',NULL,NULL),(2,'Forms',NULL,NULL),(3,'Video',NULL,NULL),(4,'Audio',NULL,NULL),(6,'Logo Resources',NULL,NULL),(7,'Photography 2013',NULL,NULL),(8,'Photography 2014',NULL,NULL),(10,'Vector Files','.eps,.pdf',NULL);

--
-- Table structure for table `resource_type_field`
--

CREATE TABLE `resource_type_field` (
  `ref` int(11) NOT NULL AUTO_INCREMENT,
  `name` varchar(50) DEFAULT NULL,
  `title` varchar(400) DEFAULT NULL,
  `type` int(11) DEFAULT NULL,
  `options` text,
  `order_by` int(11) DEFAULT '0',
  `keywords_index` int(11) DEFAULT '0',
  `partial_index` int(11) DEFAULT '0',
  `resource_type` int(11) DEFAULT '0',
  `resource_column` varchar(50) DEFAULT NULL,
  `display_field` int(11) DEFAULT '1',
  `use_for_similar` int(11) DEFAULT '1',
  `iptc_equiv` varchar(20) DEFAULT NULL,
  `display_template` text,
  `tab_name` varchar(50) DEFAULT NULL,
  `required` int(11) DEFAULT '0',
  `smart_theme_name` varchar(200) DEFAULT NULL,
  `exiftool_field` varchar(200) DEFAULT NULL,
  `advanced_search` int(11) DEFAULT '1',
  `simple_search` int(11) DEFAULT '0',
  `help_text` text,
  `display_as_dropdown` int(11) DEFAULT '0',
  `external_user_access` int(11) DEFAULT '1',
  `autocomplete_macro` text,
  `hide_when_uploading` int(11) DEFAULT '0',
  `hide_when_restricted` int(11) DEFAULT '0',
  `value_filter` text,
  `exiftool_filter` text,
  `omit_when_copying` int(11) DEFAULT '0',
  `tooltip_text` text,
  `regexp_filter` varchar(400) DEFAULT NULL,
  `sync_field` int(11) DEFAULT NULL,
  `display_condition` varchar(400) DEFAULT NULL,
  PRIMARY KEY (`ref`),
  KEY `resource_type` (`resource_type`)
) ENGINE=MyISAM AUTO_INCREMENT=78 DEFAULT CHARSET=latin1;

--
-- Dumping data for table `resource_type_field`
--

INSERT INTO `resource_type_field` VALUES (1,'keywords','Keywords',1,NULL,30,1,0,0,NULL,1,1,'2#025',NULL,'Keywords',0,NULL,'Keywords,Subject',1,0,NULL,0,1,NULL,0,0,NULL,NULL,0,NULL,NULL,NULL,NULL),(3,'country','Country',9,'Afghanistan, Aland Islands, Albania, Algeria, American Samoa, Andorra, Angola, Anguilla, Antarctica, Antigua And Barbuda, Argentina, Armenia, Aruba, Australia, Austria, Azerbaijan, Bahamas, Bahrain, Bangladesh, Barbados, Belarus, Belgium, Belize, Benin, Bermuda, Bhutan, Bolivia, Bosnia And Herzegovina, Botswana, Bouvet Island, Brazil, British Indian Ocean Territory, Brunei Darussalam, Bulgaria, Burkina Faso, Burundi, Cambodia, Cameroon, Canada, Cape Verde, Cayman Islands, Central African Republic, Chad, Chile, China, Christmas Island, Cocos (Keeling) Islands, Colombia, Comoros, Congo, Congo - The Democratic Republic Of The, Cook Islands, Costa Rica, Côte D\'ivoire, Croatia, Cuba, Cyprus, Czech Republic, Denmark, Djibouti, Dominica, Dominican Republic, Ecuador, Egypt, El Salvador, Equatorial Guinea, Eritrea, Estonia, Ethiopia, Falkland Islands (Malvinas), Faroe Islands, Fiji, Finland, France, French Guiana, French Polynesia, French Southern Territories, Gabon, Gambia, Georgia, Germany, Ghana, Gibraltar, Greece, Greenland, Grenada, Guadeloupe, Guam, Guatemala, Guernsey, Guinea, Guinea-Bissau, Guyana, Haiti, Heard Island And Mcdonald Islands, Holy See (Vatican City State), Honduras, Hong Kong, Hungary, Iceland, India, Indonesia, Iran - Islamic Republic Of, Iraq, Ireland, Isle Of Man, Israel, Italy, Jamaica, Japan, Jersey, Jordan, Kazakhstan, Kenya, Kiribati, Korea - Democratic People\'s Republic Of, Korea - Republic Of, Kuwait, Kyrgyzstan, Lao People\'s Democratic Republic, Latvia, Lebanon, Lesotho, Liberia, Libyan Arab Jamahiriya, Liechtenstein, Lithuania, Luxembourg, Macao, Macedonia - The Former Yugoslav Republic Of, Madagascar, Malawi, Malaysia, Maldives, Mali, Malta, Marshall Islands, Martinique, Mauritania, Mauritius, Mayotte, Mexico, Micronesia - Federated States Of, Moldova - Republic Of, Monaco, Mongolia, Montenegro, Montserrat, Morocco, Mozambique, Myanmar, Namibia, Nauru, Nepal, Netherlands, Netherlands Antilles, New Caledonia, New Zealand, Nicaragua, Niger, Nigeria, Niue, Norfolk Island, Northern Mariana Islands, Norway, Oman, Pakistan, Palau, Palestinian Territory - Occupied, Panama, Papua New Guinea, Paraguay, Peru, Philippines, Pitcairn, Poland, Portugal, Puerto Rico, Qatar, Réunion, Romania, Russian Federation, Rwanda, Saint Barthélemy, Saint Helena, Saint Kitts And Nevis, Saint Lucia, Saint Martin, Saint Pierre And Miquelon, Saint Vincent And The Grenadines, Samoa, San Marino, Sao Tome And Principe, Saudi Arabia, Senegal, Serbia, Seychelles, Sierra Leone, Singapore, Slovakia, Slovenia, Solomon Islands, Somalia, South Africa, South Georgia And The South Sandwich Islands, Spain, Sri Lanka, Sudan, Suriname, Svalbard And Jan Mayen, Swaziland, Sweden, Switzerland, Syrian Arab Republic, Taiwan - Province Of China, Tajikistan, Tanzania - United Republic Of, Thailand, Timor-Leste, Togo, Tokelau, Tonga, Trinidad And Tobago, Tunisia, Turkey, Turkmenistan, Turks And Caicos Islands, Tuvalu, Uganda, Ukraine, United Arab Emirates, United Kingdom, United States, United States Minor Outlying Islands, Uruguay, Uzbekistan, Vanuatu, Venezuela - Bolivarian Republic Of, Viet Nam, Virgin Islands - British, Virgin Islands - U.S., Wallis And Futuna, Western Sahara, Yemen, Zambia, Zimbabwe',60,1,0,0,'country',1,1,'2#101',NULL,'Country',0,NULL,'category,country',1,0,NULL,0,1,NULL,0,0,NULL,NULL,0,NULL,NULL,NULL,NULL),(8,'title','Title',0,NULL,10,1,0,0,'title',0,1,'2#005',NULL,'Title',1,NULL,'Title',1,0,NULL,0,1,NULL,0,0,NULL,NULL,0,NULL,NULL,NULL,NULL),(9,'extract','Document extract',1,NULL,7,0,0,2,NULL,1,0,NULL,'<div class=\"RecordStory\">\r\n\r\n  <h1>[title]</h1>\r\n\r\n  <p>[value]</p>\r\n\r\n</div>','Document Extract',0,NULL,NULL,1,0,NULL,0,1,NULL,0,0,NULL,NULL,0,NULL,NULL,NULL,NULL),(10,'credit','Credit',0,NULL,90,1,0,0,NULL,1,1,'2#080',NULL,'Credit',0,NULL,'Source,Creator,Credit,By-line',1,0,NULL,0,1,NULL,0,0,NULL,NULL,0,NULL,NULL,NULL,NULL),(12,'date','Date',4,NULL,80,1,0,0,'creation_date',1,1,'2#055',NULL,'Date',0,NULL,'DateTimeOriginal',0,0,NULL,0,1,NULL,0,0,'if ($value!=\'\'){$value=nicedate($value,false);}',NULL,0,NULL,NULL,NULL,NULL),(18,'caption','Caption',1,NULL,40,1,0,0,NULL,1,0,'2#120','<div class=\"item\"><h3>[title]</h3><p>[value]</p></div>\r\n\r\n<div class=\"clearerleft\"> </div>','Caption',0,NULL,'Caption-Abstract,Description,ImageDescription',1,0,NULL,0,1,NULL,0,0,NULL,NULL,0,NULL,NULL,NULL,NULL),(25,NULL,'Notes',1,NULL,110,0,0,0,NULL,1,0,'2#103','<div class=\"RecordStory\">\r\n\r\n  <h1>[title]</h1>\r\n\r\n  <p>[value]</p>\r\n\r\n</div>','Notes',0,NULL,'JobID',1,0,NULL,0,1,NULL,0,0,NULL,NULL,0,NULL,NULL,NULL,NULL),(29,'person','Named person(s)',0,NULL,70,1,0,0,NULL,1,1,NULL,NULL,'Named Person(s)',0,NULL,'People',1,0,NULL,0,1,NULL,0,0,NULL,NULL,0,NULL,NULL,NULL,NULL),(52,'camera','Camera make / model',0,NULL,1600,0,0,1,NULL,1,0,NULL,NULL,'Camera Make/Model',0,NULL,'Model',1,0,NULL,0,1,NULL,1,0,NULL,NULL,0,NULL,NULL,NULL,NULL),(51,'originalfilename','Original filename',0,NULL,20,1,0,0,'file_path',0,1,NULL,NULL,'Original Filename',0,NULL,NULL,1,0,NULL,0,1,NULL,1,0,NULL,NULL,0,NULL,NULL,NULL,NULL),(54,'source','Source',3,',Digital Camera, Scanned Negative, Scanned Photo',1601,0,0,1,NULL,1,1,NULL,NULL,'Photo Source',0,NULL,NULL,1,0,NULL,0,1,NULL,0,0,NULL,NULL,0,NULL,NULL,NULL,NULL),(72,'text','Extracted text',5,NULL,50,1,0,0,NULL,0,0,NULL,'<div class=\"item\"><h3>[title]</h3><p>[value]</p></div><div class=\"clearerleft\"> </div>','Extracted Text',0,NULL,NULL,1,0,NULL,0,1,NULL,1,0,NULL,NULL,0,NULL,NULL,NULL,NULL),(73,'client','Client',2,'Care Plus, Mena Travel Agency',0,1,0,0,NULL,1,1,NULL,NULL,'Client',0,NULL,NULL,1,0,NULL,0,1,NULL,0,0,NULL,NULL,0,NULL,NULL,NULL,NULL),(76,NULL,'test',NULL,NULL,0,0,0,9,NULL,1,1,NULL,NULL,NULL,0,NULL,NULL,1,0,NULL,0,1,NULL,0,0,NULL,NULL,0,NULL,NULL,NULL,NULL);

--
-- Table structure for table `site_text`
--

CREATE TABLE `site_text` (
  `page` varchar(50) DEFAULT NULL,
  `name` varchar(50) DEFAULT NULL,
  `text` text,
  `ref` int(11) NOT NULL AUTO_INCREMENT,
  `language` varchar(10) DEFAULT NULL,
  `ignore_me` int(11) DEFAULT NULL,
  `specific_to_group` int(11) DEFAULT NULL,
  `custom` int(11) DEFAULT NULL,
  PRIMARY KEY (`ref`)
) ENGINE=MyISAM AUTO_INCREMENT=100132 DEFAULT CHARSET=latin1;

--
-- Dumping data for table `site_text`
--

INSERT INTO `site_text` VALUES ('collection_public','introtext','Public collections are created by other users.',1,'en',NULL,NULL,NULL),('all','searchpanel','Search using descriptions, keywords and resource numbers',2,'en',NULL,NULL,NULL),('home','themes','The very best resources, hand picked and grouped.',3,'en',NULL,NULL,NULL),('home','mycollections','Organise, collaborate & share your resources. Use these tools to help you work more effectively.',4,'en',NULL,NULL,NULL),('home','help','Help and advice to get the most out of ResourceSpace.',5,'en',NULL,NULL,NULL),('home','welcometitle','Welcome to ResourceSpace',6,'en',NULL,NULL,NULL),('home','welcometext','Your introductory text here.',7,'en',NULL,NULL,NULL),('themes','introtext','Themes are groups of resources that have been selected by the administrators to provide an example of the resources available in the system.',8,'en',NULL,NULL,NULL),('edit','multiple','Please select which fields you wish to overwrite. Fields you do not select will be left untouched.',9,'en',NULL,NULL,NULL),('team_archive','introtext','To edit individual archive resources, simply search for the resource, and click edit in the ‘Resource Tool’ panel on the resource screen. All resources that are ready to be archived are listed Resources Pending list. From this list it is possible to add further information and transfer the resource record into the archive. ',10,'en',NULL,NULL,NULL),('research_request','introtext','Our professional researchers are here to assist you in finding the very best resources for your projects. Complete this form as thoroughly as possible so we’re able to meet your criteria accurately. <br><br>A member of the research team will be assigned to your request. We’ll keep in contact via email throughout the process, and once we’ve completed the research you’ll receive an email with a link to all the resources that we recommend.  ',11,'en',NULL,NULL,NULL),('collection_manage','introtext','Organise and manage your work by grouping resources together. Create ‘Collections’ to suit your way of working. You may want to group resources under projects that you are working on independently, share resources amongst a project team or simply keep your favourite resources together in one place. All the collections in your list appear in the ‘My Collections’ panel at the bottom of the screen.',12,'en',NULL,NULL,NULL),('collection_manage','findpublic','Public collections are groups of resources made widely available by users of the system. Enter a collection ID, or all or part of a collection name or username to find public collections. Add them to your list of collections to access the resources.',13,'en',NULL,NULL,NULL),('team_home','introtext','Welcome to the team centre. Use the links below to administer resources, respond to resource requests, manage themes and alter system settings.',14,'en',NULL,NULL,NULL),('help','introtext','Get the most out of ResourceSpace. These guides will help you use the system and the resources more effectively. </p>\n\n\n\n<p>Use \"Themes\" to browse resources by theme or use the simple search box to search for specific resources.</p>\n\n\n<p><a href=\"http://www.montala.net/downloads/resourcespace-GettingStarted.pdf\">Download the user guide (PDF file)</a>\n\n\n<p><a target=\"_blank\" href=\"http://wiki.resourcespace.org/index.php/Main_Page\">Online Documentation (Wiki)</a>',15,'en',NULL,NULL,NULL),('terms and conditions','terms and conditions','Your terms and conditions go here.',16,'en',NULL,NULL,NULL),('contribute','introtext','You can contribute your own resources. When you initially create a resource it is in the \"Pending Submission\" status. When you have uploaded your file and edited the fields, set the status field to \"Pending Review\". It will then be reviewed by the resources team.',17,'en',NULL,NULL,NULL),('done','user_password','An e-mail containing your username and password has been sent.',18,'en',NULL,NULL,NULL),('user_password','introtext','Enter your e-mail address and your username and password will be sent to you.',19,'en',NULL,NULL,NULL),('edit','batch',NULL,20,'en',NULL,NULL,NULL),('team_copy','introtext','Enter the ID of the resource you would like to copy. Only the resource data will be copied - any uploaded file will not be copied.',21,'en',NULL,NULL,NULL),('delete','introtext','Please enter your password to confirm that you would like to delete this resource.',22,'en',NULL,NULL,NULL),('team_report','introtext','Please choose a report and a date range. The report can be opened in Microsoft Excel or similar spreadsheet application.',23,'en',NULL,NULL,NULL),('terms','introtext','Before you proceed you must accept the terms and conditions.\n\n',24,'en',NULL,NULL,NULL),('download_progress','introtext','Your download will start shortly. When your download completes, use the links below to continue.',25,'en',NULL,NULL,NULL),('view','storyextract','Story extract:',26,'en',NULL,NULL,NULL),('contact','contact','Your contact details here.',27,'en',NULL,NULL,NULL),('search_advanced','introtext','<strong>Search Tip</strong><br>Any section that you leave blank, or unticked will include ALL those terms in the search. For example, if you leave all the country boxes empty, the search will return results from all those countries. If you select only ‘Africa’ then the results will ONLY contain resources from ‘Africa’. ',28,'en',NULL,NULL,NULL),('all','researchrequest','Let our resources team find the resources you need.',29,'en',NULL,NULL,NULL),('done','research_request','A member of the research team will be assigned to your request. We’ll keep in contact via email throughout the process, and once we’ve completed the research you’ll receive an email with a link to all the resources that we recommend.',30,'en',NULL,NULL,NULL),('done','collection_email','An email containing a link to the collection has been sent to the users you specified. The collection has been added to their \'Collections\' list.',31,'en',NULL,NULL,NULL),('done','resource_email','An email containing a link to the resource has been sent to the users you specified.',32,'en',NULL,NULL,NULL),('themes','manage','Organise and edit the themes available online. Themes are specially promoted collections. <br><br> <strong>1 To create a new entry under a Theme -  build a collection</strong><br> Choose <strong>My Collections</strong> from the main top menu and set up a brand new <strong>public</strong> collection. Remember to include a theme name during the setup. Use an existing theme name to group the collection under a current theme (make sure you type it exactly the same), or choose a new title to create a brand new theme. Never allow users to add/remove resources from themed collections. <br> <br><strong>2 To edit the content of an existing entry under a theme </strong><br> Choose <strong>edit collection</strong>. The items in that collection will appear in the <strong>My Collections</strong> panel at the bottom of the screen. Use the standard tools to edit, remove or add resources. <br> <br><strong>3 To alter a theme name or move a collection to appear under a different theme</strong><br> Choose <strong>edit properties</strong> and edit theme category or collection name. Use an existing theme name to group the collection under an current theme (make sure you type it exactly the same), or choose a new title to create a brand new theme. <br> <br><strong>4 To remove a collection from a theme </strong><br> Choose <strong>edit properties</strong> and delete the words in the theme category box. ',33,'en',NULL,NULL,NULL),('terms','terms','Your terms and conditions go here.',34,'en',NULL,NULL,NULL),('done','resource_request','Your request has been submitted and we will be in contact shortly.',35,'en',NULL,NULL,NULL),('user_request','introtext','Please complete the form below to request a user account.',36,'en',NULL,NULL,NULL),('themes','findpublic','Public collections are collections of resources that have been shared by other users.',37,'en',NULL,NULL,NULL),('done','user_request','Your request for a user account has been sent. Your login details will be sent to you shortly.',38,'en',NULL,NULL,NULL),('about','about','Your about text goes here.',39,'en',NULL,NULL,NULL),('team_content','introtext',NULL,40,'en',NULL,NULL,NULL),('done','deleted','The resource has been deleted.',41,'en',NULL,NULL,NULL),('upload','introtext',NULL,42,'en',NULL,NULL,NULL),('home','restrictedtitle','<h1>Welcome to ResourceSpace</h1>',43,'en',NULL,NULL,NULL),('home','restrictedtext','Please click on the link that you were e-mailed to access the resources selected for you.',44,'en',NULL,NULL,NULL),('resource_email','introtext','Quickly share this resource with other users by email. A link is automatically sent out. You can also include any message as part of the email.',45,'en',NULL,NULL,NULL),('team_resource','introtext','Add individual resources or batch upload resources. To edit individual resources, simply search for the resource, and click edit in the ‘Resource Tool’ panel on the resource screen.',46,'en',NULL,NULL,NULL),('team_user','introtext','Use this section to add, remove and modify users.',47,'en',NULL,NULL,NULL),('team_research','introtext','Organise and manage ‘Research Requests’. <br><br>Choose ‘edit research’ to review the request details and assign the research to a team member. It is possible to base a research request on a previous collection by entering the collection ID in the ‘edit’ screen. <br><br>Once the research request is assigned, choose ‘edit collection’ to add the research request to ‘My collection’ panel. Using the standard tools, it is then possible to add resources to the research. <br><br>Once the research is complete, choose ‘edit research’,  change the status to complete and an email is automatically  sent to the user who requested the research. The email contains a link to the research and it is also automatically added to their ‘My Collection’ panel.',48,'en',NULL,NULL,NULL),('collection_edit','introtext','Organise and manage your work by grouping resources together. Create ‘Collections’ to suit your way of working.\n\n<br>\n\nAll the collections in your list appear in the ‘My Collections’ panel at the bottom of the screen\n\n<br><br>\n\n<strong>Private Access</strong> allows only you and and selected users to see the collection. Ideal for grouping resources under projects that you are working on independently and share resources amongst a project team.\n\n<br><br>\n\n<strong>Public Access</strong> allows all users of the system to search and see the collection. Useful if you wish to share collections of resources that you think others would benefit from using.\n\n<br><br>\n\nYou can choose whether you allow other users (public or users you have added to your private collection) to add and remove resources or simply view them for reference.',49,'en',NULL,NULL,NULL),('team_stats','introtext','Charts are generated on demand based on live data. Tick the box to print all charts for your selected year.',50,'en',NULL,NULL,NULL),('resource_request','introtext','Your request is almost complete. Please include the reason for your request so we can respond efficiently.',51,'en',NULL,NULL,NULL),('team_batch','introtext',NULL,52,'en',NULL,NULL,NULL),('team_batch_upload','introtext',NULL,53,'en',NULL,NULL,NULL),('team_batch_select','introtext',NULL,54,'en',NULL,NULL,NULL),('download_click','introtext','To download the resource file, right click the link below and choose \"Save As...\". You will then be asked where you would like to save the file. To open the file in your browser simply click the link.',55,'en',NULL,NULL,NULL),('collection_manage','newcollection','To create a new collection, enter a short name.',56,'en',NULL,NULL,NULL),('collection_email','introtext','Please complete the form below. The recipients will receive an email containing links to the collections rather than file attachments so they can choose and download the appropriate resources.',57,'en',NULL,NULL,NULL),('all','footer','Powered by <a target=\"_blank\" href=\"http://www.resourcespace.org/\">ResourceSpace</a>: Open Source Digital Asset Management',58,'en',NULL,NULL,NULL),('change_language','introtext','Please select your language below.',59,'en',NULL,NULL,NULL),('all','searchpanel','Search using descriptions, keywords and resource numbers',60,'es',NULL,NULL,NULL),('all','footer','Accionado por el <a href=\"http://www.resourcespace.org/\">ResourceSpace</a>',61,'es',NULL,NULL,NULL),('all','researchrequest','Let our resources team find the resources you need.',62,'es',NULL,NULL,NULL),('delete','introtext',NULL,68,'es',NULL,NULL,NULL),('contribute','introtext','You can contribute your own resources. When you initially create a resource it is in the \"Pending Submission\" status. When you have uploaded your file and edited the fields, set the status field to \"Pending Review\". It will then be reviewed by the resources team.',69,'es',NULL,NULL,NULL),('done','deleted','The resource has been deleted.',70,'es',NULL,NULL,NULL),('user_preferences','introtext','Enter a new password below to change your password.',71,'en',NULL,NULL,NULL),('collection_manage','findpublic','Public collections are groups of resources made widely available by users of the system. Enter a collection ID, or all or part of a collection name or username to find public collections. Add them to your list of collections to access the resources.',72,'es',NULL,NULL,NULL),('themes','findpublic','Powered by <a href=\"http://www.resourcespace.org/\">ResourceSpace</a>',73,'es',NULL,NULL,NULL),('login','welcomelogin','Welcome to ResourceSpace, please log in...',74,'en',NULL,NULL,NULL),('all','footer','Desarrollado por <a href=\"http://www.resourcespace.org/\">ResourceSpace</a>',75,'es',NULL,NULL,NULL),('all','researchrequest','Pídenos fotografías, vídeos o testimonios.',76,'es',NULL,NULL,NULL),('contact','contact','Introduce aquí tus datos de contacto.',77,'es',NULL,NULL,NULL),('collection_manage','newcollection','Para crear una nueva colección, introduce un nombre.',78,'es',NULL,NULL,NULL),('delete','introtext','Por favor, introduce tu contraseña para confirmar que quieres borrar este contenido.',79,'es',NULL,NULL,NULL),('done','deleted','El contenido ha sido borrado.',80,'es',NULL,NULL,NULL),('done','research_request','Un miembro del equipo del SERGI se asignará a tu petición. Te mantendremos informado durante el proceso. Una vez tengamos los resultados de tu petición te enviaremos un correo electrónico con un enlace a los contenidos seleccionados.',81,'es',NULL,NULL,NULL),('all','searchpanel','Busca por descripciones, palabras clave y códigos de contenido.',82,'es',NULL,NULL,NULL),('about','about','Imágenes y Palabras pretende ser un lugar...',83,'es',NULL,NULL,NULL),('collection_edit','introtext','Organiza tu trabajo agrupando recursos. Crea tantas colecciones como necesites.\n\n<br>\n\nTodas la colecciones aparecerán en tu panel \"Mis colecciones\" en la parte inferior de la pantalla.\n\n<br><br>\n\n<strong>Acceso privado</strong> sólo permite a ti y a los usuarios que selecciones a visualizar la colección. <br><br>\n\n<strong>Accesos público</strong> permite a todos los usuarios de la aplicación a visualizar la colección.\n\n<br><br>\n\nTambién puedes elegir qué usuarios podrán modificar la colección o simplemente podrán visualizarla.',84,'es',NULL,NULL,NULL),('collection_email','introtext','Completa el formulario adjunto para enviar por mail esta colección. Recibirás un link con todo el material y podrás elegir lo que más se adapte a tus necesidades.',85,'es',NULL,NULL,NULL),('collection_manage','findpublic','Las colecciones públicas son grupos de material disponible para los usuarios del sistema. Para encontrarlas debes introducir un identificador. Éste puede ser el nombre completo o parcial de la colección que te interese o bien el ID de usuario de la misma. Añádelo a tu lista de colecciones para acceder al material.\n\n\n\n',86,'es',NULL,NULL,NULL),('home','restrictedtitle','<h1>Bienvenido al Panel de Control</h1>',87,'es',NULL,NULL,NULL),('home','themes','Aquí encontrarás los materiales recogidos recientemente.',88,'es',NULL,NULL,NULL),('home','welcometext',NULL,92,'es',NULL,NULL,NULL),('help','introtext','Obtén el máximo rendimiento del Espacio de Material. Estas guías te ayudarán a usar el sistema con mayor efectividad.',93,'es',NULL,NULL,NULL),('home','welcometitle','Bienvenida/o a Imágenes y Palabras, una herramienta que te permitirá buscar fotografías, vídeos y testimonios entre sus más de xxx materiales.',94,'es',NULL,NULL,NULL),('team_batch','introtext',NULL,95,'es',NULL,NULL,NULL),('team_home','introtext','Bienvenido al Panel de Control. Utiliza los enlaces siguientes para gestionar materiales, responder a peticiones de materiales, gestionar temas o modificar configuraciones del sistema.',96,'es',NULL,NULL,NULL),('user_password','introtext','Introduce tu dirección de e-mail y te enviaremos tu nombre de usuario y contraseña.',97,'es',NULL,NULL,NULL),('team_user','introtext','Utiliza esta sección para añadir, eliminar o modificar usuarios.',98,'es',NULL,NULL,NULL),('collection_public','introtext','Encuentra una colección pública',99,'es',NULL,NULL,NULL),('home','mycollections','Esta herramienta te permite seleccionar, organizar y compartir tu material. ',100,'es',NULL,NULL,NULL),('collection_manage','introtext','Organiza y controla tu trabajo agrupando material. Crea \"Colecciones\" que se ajusten a tus necesidades de trabajo. Podrías querer agrupar colecciones en proyectos con los que trabajas independientemente, compartirlas con un equipo o simplemente guardar tu material favorito en un sitio concreto. Todas estas opciones aparecerán en la pestaña \"Mis colecciones\" en un botón de tu pantalla.',101,'es',NULL,NULL,NULL),('done','collection_email','Los usuarios que quieras pueden recibir un correo con un enlace a la colección que les envíes. Esta recopilación se añade a su \"Lista de Colecciones\"',102,'es',NULL,NULL,NULL),('done','resource_request','Tu petición ha sido enviada y en breve nos pondremos en contacto contigo',103,'es',NULL,NULL,NULL),('done','user_password','Te hemos envíado un correo electrónico con tu ID de usuario y tu contraseña',104,'es',NULL,NULL,NULL),('done','user_request','Tu solicitud para obtener una cuenta de usuario ha sido enviada. Muy pronto te enviaremos los detalles.',105,'es',NULL,NULL,NULL),('download_click','introtext','Para bajar el archivo adjunto pincha en el enlace de abajo y elige \"Guardar como\". Te preguntarán dónde quieres guardar el archivo. Para abrir el archivo en tu navegador sólo tienes que pinchar el enlace.',106,'es',NULL,NULL,NULL),('download_progress','introtext','La descarga comenzará en pocos segundos',107,'es',NULL,NULL,NULL),('edit','batch',NULL,108,'es',NULL,NULL,NULL),('edit','multiple','Selecciona los campos que desees editar de la lista de abajo. Los que selecciones se sobreescribirán sobre el material que estés editando. Cualquier campo no selecciónado será ignorado.',109,'es',NULL,NULL,NULL),('home','help',NULL,110,'es',NULL,NULL,NULL),('home','restrictedtext','Por favor, pincha en el enlace que te envíamos a tu correo para acceder a los materiales seleccionados para ti',111,'es',NULL,NULL,NULL),('login','welcomelogin','Bienvenido a Palabras y Fotografías',112,'es',NULL,NULL,NULL),('research_request','introtext','Podemos ayudarte a encontrar el material que mejor se ajuste a tus necesidades. Completa el cuestionario tan minuciosamente como sea posible para que evaluemos los criterios que más te interesan. Estaremos en contacto por correo electrónico sobre la evolución del proceso y una vez hayamos completado la busqueda recibirás un mail con un enlace al material que te recomendamos',113,'es',NULL,NULL,NULL),('resource_email','introtext','Comparte este material rápidamente vía mail. Se enviará automáticamente un enlace. Además puedes incluir texto informativo como parte del correo electrónico.',114,'es',NULL,NULL,NULL),('resource_request','introtext','El material que has solicitado no esta disponible en Internet. La información que has requerido se incluirá automáticamente en el correo electrónico, si quieres puedes añadir cualquier comentario adicional.',115,'es',NULL,NULL,NULL),('search_advanced','introtext','Búsqueda por Campos. Cualquier sección que dejes en blanco o no selecciones, incluirá todos esos términos en la búsqueda. Por ejemplo, si dejas todas las opciones de un país vacías, la búsqueda te dará resultados de todos esos países. Si seleccionas sólo Ãfrica entonces los resultados sólo contendrán material de Ãfrica.\n\n',116,'es',NULL,NULL,NULL),('team_archive','introtext','Para editar materiales de archivo individualmente, simplemente busca por el material y pincha en \"Herramienta de Material\" en la misma pantalla. Todos los materiales listos para ser archivados serán listados en Material Pendiente de Lista. Desde esta lista es posible añadir información posteriormente y transferir el material grabado al archivo\n\n',117,'es',NULL,NULL,NULL),('view','storyextract','Estracto de historia:',118,'es',NULL,NULL,NULL),('user_request','introtext','Por favor completa el formulario adjunto para solicitar una cuenta de usuario.',119,'es',NULL,NULL,NULL),('team_research','introtext','Organiza y controla “Criterios de Búsquedaâ€. Elige “Editar búsquedaâ€ para examinar los detalles de la búsqueda y asignarle la investigación a un miembro del equipo. Es posible basar una búsqueda en una colección previa introduciendo el nombre de la misma en “Editâ€. Una vez sean asignados los criterios de búsqueda, selecciona “Editar Colecciónâ€ para añadir los criterios al panel “Mi colecciónâ€. Usando las herramientas estándar es posible añadir material a la búsqueda. Una vez se ha completado, selecciona “Editar búsquedaâ€ y cambia el estado para recibir automáticamente un correo electrónico con la información solicitada. El mail contendrá un enlace a la búsqueda y además se añadirá automáticamente al panel “Mi colecciónâ€.',120,'es',NULL,NULL,NULL),('team_batch_select','introtext',NULL,121,'es',NULL,NULL,NULL),('team_batch_upload','introtext',NULL,122,'es',NULL,NULL,NULL),('team_resource','introtext','Añade material individual o sube varios materiales simultáneamente. Para editar materiales individuales sólo tienes que buscar el material, y pinchar en editar en \"Herramienta de Material\" de la pantalla de material.',123,'es',NULL,NULL,NULL),('team_stats','introtext','Los gráficos son generados a bajo demanda. Marca la casilla para imprimir todos los gráficos del años seleccionado.',124,'es',NULL,NULL,NULL),('terms','introtext','Antes de iniciar el proceso de descarga debes aceptar los siguientes términos y condiciones de uso.\n\n',125,'es',NULL,NULL,NULL),('themes','findpublic','Encuentra una colección pública introduciendo un término de búsqueda',126,'es',NULL,NULL,NULL),('upload','introtext',NULL,127,'es',NULL,NULL,NULL),('themes','manage','Organiza y edita los temas disponibles en la red. Los temas aparecen organizados en colecciones. Para crear una nueva entrada e incluirla en un tema, debes pinchar en \"Construye una colección\" y elegir \"Mis Colecciones\" del menú principal. Recuerda incluir el nombre de un tema durante la configuración y crear una nueva colección. Puedes usar un nombre ya existente para agrupar la nueva colección en un apartado ya establecido (es importante asegurarse de que el nombre es exactamente el mismo) o elegir un nuevo título para crear una nueva categoría de temas. Nunca permitas a los usuarios que añadan o cambien materiales de las colecciones ya establecidas. Para editar el contenido de una entrada existente bajo un tema, elige “Editar una Colecciónâ€. Los iconos de esta colección aparecerán en el botón de la pantalla “Mis Coleccionesâ€. Emplea las herramientas estándar para editar, mover o añadir material. Para cambiar el  nombre de un tema o mover una colección y que ésta aparezca ubicada en un tema diferente. Elige: “Editar Propiedadesâ€ y edita la categoría del tema o el nombre de la colección. Selecciona un nombre existente para el tema y así agruparlo en de las categorías existentes (asegúrate de que lo escribes exactamente igual), o elige un nuevo título para crear un nuevo tipo de tema. Para borrar una selección del tema. Elige: “Editar Propiedadesâ€ y borra las palabras de la caja de categorías del tema.',128,'es',NULL,NULL,NULL),('themes','introtext','Los temas están formados por grupos con nuestros mejores materiales',129,'es',NULL,NULL,NULL),('team_copy','introtext','Introduce el identificador del material que te gustaría copiar. Sólo se copiará el material señalado -no se copiará ningún archivo adjunto.',130,'es',NULL,NULL,NULL),('change_language','introtext','Por favor, selecciona el idioma en el que deseas trabajar.',131,'es',NULL,NULL,NULL),('team_content','introtext',NULL,133,'es',NULL,NULL,NULL),('team_report','introtext','Por favor, elige un informe y un rango de fecha. El informe podrá abrirse en un documento de Excel o un documento de características similares.',134,'es',NULL,NULL,NULL),('change_password','introtext','Por favor introduzca una nueva contraseña.',135,'es',NULL,NULL,NULL),('upload_swf','introtext',NULL,136,'en',NULL,NULL,NULL),('tag','introtext','Help to improve search results by tagging resources. Say what you see, separated by spaces or commas... for example: dog, house, ball, birthday cake. Enter the full name of anyone visible in the photo and the location the photo was taken if known.',137,'en',NULL,NULL,NULL),('about','about',NULL,138,'jp',NULL,NULL,NULL),('download_click','introtext','ファイルをダウンロードã™るã«ã¯ã€リンク上ã§å³クリックã—\"åå‰を付ã‘ã¦リンク先をä¿存\"をé¸択ã—ã¾ã™。 ファイルã®ä¿存先をèžã‹れã¾ã™。ファイルを開ãã«ã¯ブラウザã®ファイルを開ãã®リンクをクリックã—ã¾ã™。',139,'jp',NULL,NULL,NULL),('home','restrictedtitle','<h1>★サイトã®å称を記述ã—ã¦ãã ã•ã„★</h1>',140,'jp',NULL,NULL,NULL),('home','welcometitle',NULL,141,'jp',NULL,NULL,NULL),('home','welcometext',NULL,142,'jp',NULL,NULL,NULL),('all','researchrequest',NULL,143,'jp',NULL,NULL,NULL),('all','searchpanel',NULL,144,'jp',NULL,NULL,NULL),('change_language','introtext',NULL,145,'jp',NULL,NULL,NULL),('change_password','introtext',NULL,146,'jp',NULL,NULL,NULL),('collection_edit','introtext','<br>画é¢ã®下部ã®マイコレクション・パãƒルã«一覧ãŒ表示ã•れã¾ã™。<br><br>ã‚ãªãŸã¨é¸ã°れãŸ人ã ã‘ãŒå‚照ã§ãる<strong>プライベート・アクセス</strong>ã®コレクションã§ã™。ã‚ãªãŸãŒå˜独ã‚るã„ã¯プロジェクトãƒーム間ã§リソースを共有ã—ã¦作業ã™る上ã§リソースã®グループ化ã«最é©ã§ã™。<br><br><strong>公開アクセス</strong>ã®コレクションã¯全ユーザãŒ検索ã¨å‚照ãŒã§ãã¾ã™。ã‚ãªãŸãŒリソースã®コレクションを共有ã™るã¨ã€他ã®人ã¯利益を得るã§ã—ょã†。<br><br>ã‚ãªãŸã¯ã€他ã®ユーザ(ã‚ãªãŸã®プライベート・コレクションを公開もã—ãã¯追加ã—ãŸユーザ)ã«リソースを追加ã€削除å¯能ã¨ã™るã‹ã€ã¾ãŸã¯å‚照ã®ã¿ã¨ã™るã‹をé¸択ã§ãã¾ã™。',147,'jp',NULL,NULL,NULL),('contact','contact',NULL,148,'jp',NULL,NULL,NULL),('search_advanced','introtext','<strong>検索ã®技</strong><br>検索ã§空白ã®ã¾ã¾ã«ã™るã‹ã€ã¾ãŸã¯ãƒェックを入れãªã‹ã£ãŸセクションã¯ã™ã¹ã¦ã®用語をå«んã もã®ã¨ã—ã¦検索ã—ã¾ã™。 例ãˆã°ã€国を空白ã«ã™るã¨ã€検索ã¯ã™ã¹ã¦ã®国ã‹らçµ果を返ã™ã§ã—ょã†。 ã‚ãªãŸãŒアフリカã ã‘をé¸択ã™るã¨ã€çµ果ã¯アフリカã‹らã®リソースã ã‘をå«むã§ã—ょã†。',149,'jp',NULL,NULL,NULL),('collection_email','introtext','以下ã®フォームã«記入ã—ã¦ã€ã“ã®コレクションをメールã—ã¦ãã ã•ã„。 ユーザãŒé©切ãªリソースをé¸んã§ã€ダウンロードã§ãるよã†ã«ã€ファイル添付よりむã—ã‚リソースã¸ã®リンクをå—ã‘å–るã§ã—ょã†。',150,'jp',NULL,NULL,NULL),('collection_manage','findpublic','公開ã®コレクションã¯システムã®ユーザã«よã£ã¦広ã利用å¯能ã«ã•れãŸリソースã®グループã§ã™。 コレクションIDã‹コレクションåã¾ãŸã¯ユーザåã®ã™ã¹ã¦ã¾ãŸã¯一部を入力ã—ã¦ã€公開ã®コレクションを見ã¤ã‘ã¦ãã ã•ã„。 ã‚ãªãŸã®コレクションã®リストã«ãれらを追加ã—ã¦ã€リソースã«アクセスã—ã¦ãã ã•ã„。',151,'jp',NULL,NULL,NULL),('collection_manage','introtext','リソースを分類ã™るã“ã¨ã«よã£ã¦ã€作å“を組織化ã—ã¦ã€管ç†ã—ã¦ãã ã•ã„。 ã‚ãªãŸã®やり方ã«åˆã£ãŸコレクションを作æˆã—ã¦ãã ã•ã„。 ã‚ãªãŸã¯ã€ã‚ãªãŸãŒå˜独ã§å–り組んã§ã„るプロジェクトã®下ã§リソースを分類ã—ãŸりã€プロジェクト・ãƒームã§リソースを共有ã—ãŸりã€ã¾ãŸã¯1ã¤ã®場所ã§å˜ã«ãŠ気ã«入りã®リソースをåŽ集ã™るã“ã¨ãŒã§ãã¾ã™。 ã‚ãªãŸã®ã™ã¹ã¦ã®コレクションãŒスクリーン下部ã®マイ・コレクションパãƒルã«表示ã•れã¾ã™。',152,'jp',NULL,NULL,NULL),('home','help',NULL,153,'jp',NULL,NULL,NULL),('home','mycollections','リソースã®組織化ã€共åŒ化ã€共有化ã—ã¦ãã ã•ã„。 より効果的ã«åƒã‘るよã†ã«ã“れらã®ツールを活用ã—ã¦ãã ã•ã„。',154,'jp',NULL,NULL,NULL),('home','restrictedtext',NULL,155,'jp',NULL,NULL,NULL),('login','welcomelogin',NULL,156,'jp',NULL,NULL,NULL),('themes','findpublic',NULL,157,'jp',NULL,NULL,NULL),('user_password','introtext','Eメールアドレスを入力ã—ã¦ãã ã•ã„。ãã†ã™れã°ã€ã‚ãªãŸã®ユーザåã¨パスワードãŒã‚ãªãŸã«é€信ã•れるã§ã—ょã†。',158,'jp',NULL,NULL,NULL),('user_request','introtext',NULL,159,'jp',NULL,NULL,NULL),('view','storyextract',':',160,'jp',NULL,NULL,NULL),('collection_manage','newcollection',NULL,161,'jp',NULL,NULL,NULL),('collection_public','introtext',NULL,162,'jp',NULL,NULL,NULL),('contribute','introtext','ã‚ãªãŸã¯ã‚ãªãŸ自身ã®リソースを投稿ã§ãã¾ã™。 ã‚ãªãŸãŒリソースを作æˆã—ãŸ直後ã¯登録待ã¡状態ã«ã‚りã¾ã™。 ã‚ãªãŸã®ファイルをアップロードã—ã¦ã€フィールドを編集後ã«ã¯レビュー待ã¡状態ã«設定ã•れã¾ã™。 次ã«リソースãƒームã«よã£ã¦レビューã•れるã§ã—ょã†。',163,'jp',NULL,NULL,NULL),('delete','introtext',NULL,164,'jp',NULL,NULL,NULL),('done','collection_email','コレクションã¸ã®リンクをå«むメールをã‚ãªãŸãŒ指定ã—ãŸユーザã«é€りã¾ã—ãŸ。 コレクションã¯\'コレクション\'リストã«加ãˆられã¾ã™。',165,'jp',NULL,NULL,NULL),('done','deleted',NULL,166,'jp',NULL,NULL,NULL),('done','research_request','調査ãƒームã®メンãƒーãŒã‚ãªãŸã®è¦求ã«アサインã•れるã§ã—ょã†。 メールã§ç§ãŸã¡ã¯途中経éŽをãŠ知らã›ã—ã¾ã™。ãã—ã¦ã€ç§ãŸã¡ãŒ調査を終了ã™るã¨ã€ã‚ãªãŸã¯ç§ãŸã¡ãŒ推薦ã™るã™ã¹ã¦ã®リソースã¸ã®リンクをメールã§å—ã‘å–りã¾ã™。',167,'jp',NULL,NULL,NULL),('done','resource_email',NULL,168,'jp',NULL,NULL,NULL),('done','resource_request',NULL,169,'jp',NULL,NULL,NULL),('done','user_password',NULL,170,'jp',NULL,NULL,NULL),('done','user_request','ユーザアカウントを求ã‚るã‚ãªãŸã®è¦求をé€りã¾ã—ãŸ。 ã¾もãªãã€ã‚ãªãŸã®ログイン詳細ãŒé€られるã§ã—ょã†。',171,'jp',NULL,NULL,NULL),('download_progress','introtext','ã‚ãªãŸã®ダウンロードã¯ã¾もãªãã€始ã¾るã§ã—ょã†。 ダウンロード完了後ã€継続ã™るã«ã¯以下ã®リンクを使用ã—ã¦ãã ã•ã„。',172,'jp',NULL,NULL,NULL),('edit','batch',NULL,173,'jp',NULL,NULL,NULL),('edit','multiple','ã©ã®フィールドを上書ãã—ãŸã„ã‹をé¸択ã—ã¦ãã ã•ã„。 ã‚ãªãŸãŒé¸択ã—ãªã„フィールドã¯ãã®ã¾ã¾ã®状態ã§ãŠã‹れるã§ã—ょã†。',174,'jp',NULL,NULL,NULL),('help','introtext','本サイトを最大é™ã«活用ã—ã¦ãã ã•ã„。 ã“れらã®ガイドã¯ã€ã‚ãªãŸãŒã€より効果的ã«システムã¨リソースを使用ã™るã®を助ã‘るã§ã—ょã†。 </p>    <p>テーマを使用ã—ã¦ã€テーマã§リソースをブラウズã™るã‹ã€ã¾ãŸã¯å˜純検索を使用ã—ã¦ã€特定ã®リソースを検索ã—ã¦ãã ã•ã„。</p>   <p><a href=http://www.montala.net/downloads/ResourceSpace-GettingStarted.pdf>Download the user guide (PDF file)</a>   <p><a target=_blank href=http://wiki.resourcespace.org/index.php/Main_Page>Online Documentation (Wiki)</a>',175,'jp',NULL,NULL,NULL),('home','themes',NULL,176,'jp',NULL,NULL,NULL),('research_request','introtext','ã‚ãªãŸã®プロジェクトã«ã€最も良ã„リソースを見ã¤ã‘るã®手助ã‘ã™るãŸã‚ã«ã€ç§ãŸã¡ã®プロã®調査者ãŒã“ã“ã«ã„ã¾ã™。 ç§ãŸã¡ãŒ正確ã«評価基準を満ãŸã™ã“ã¨ãŒã§ãるよã†ã«ã€ã“ã®フォームã«ã§ãるã ã‘全ã¦ã«記入ã—ã¦ãã ã•ã„。 <br><br>調査ãƒームã®メンãƒーãŒã‚ãªãŸã®è¦求ã«アサインã•れるã§ã—ょã†。 途中経éŽをメールã§報告ã—ã¾ã™ã€ãã—ã¦ã€ç§ãŸã¡ãŒ調査を完了ã—ãŸ後ã€ç§ãŸã¡ãŒ推薦ã™るã™ã¹ã¦ã®リソースã¸ã®リンクをメールã§å—ã‘å–ã£ã¦ãã ã•ã„。',177,'jp',NULL,NULL,NULL),('resource_email','introtext','メールã§素早ã他ã®ユーザã¨ã“ã®リソースを共有ã§ãã¾ã™。 自動的ã«リンクをé€信ã—ã¾ã™。 ã¾ãŸã€ã‚ãªãŸã¯メールã®一部ã¨ã—ã¦任æ„ã®メッセージも入れるã“ã¨ãŒã§ãã¾ã™。',178,'jp',NULL,NULL,NULL),('resource_request','introtext','ã”è¦望ã®リソースã¯オンラインã§利用å¯能ã§ã¯ã‚りã¾ã›ん。 リソース情報ã¯メールã«自動的ã«å«ã¾れã¦ã„ã¾ã™ãŒã€望むãªらã€ã‚ãªãŸã¯追加コメントを加ãˆるã“ã¨ãŒã§ãã¾ã™。',179,'jp',NULL,NULL,NULL),('tag','introtext','リソースã«タグ付ã‘をã™るã“ã¨ã«よã£ã¦検索çµ果を改善ã§ãã¾ã™。 例ãˆã°ã€空白ã‹コンマã«よã£ã¦分割ã•れãŸ: 犬,家,ボール,ãƒースデーケーキ。 写真ã«写ã£ã¦ã„る人ã®フルãƒームや分ã‹ã£ã¦ã„る地åを入れã¦ãã ã•ã„。',180,'jp',NULL,NULL,NULL),('team_archive','introtext','個々ã®アーカイブリソースを編集ã™るãŸã‚ã«ã€リソースをå˜純検索ã—ã¦ãã ã•ã„ã€ãã—ã¦ã€リソーススクリーンã®上ã®リソース・ツール パãƒルã®編集をクリックã—ã¦ãã ã•ã„。 アーカイブã•れる準備ãŒã§ãã¦ã„るリソースãŒ記載ã•れãŸリソース・ペンディング リストã§ã™。 ã“ã®リストã‹らã€アーカイブã«詳細情報ã®追加ã¨ã€リソース・レコードを移ã™ã®ã¯å¯能ã§ã™。',181,'jp',NULL,NULL,NULL),('team_batch','introtext',NULL,182,'jp',NULL,NULL,NULL),('team_batch_select','introtext',NULL,183,'jp',NULL,NULL,NULL),('team_batch_upload','introtext',NULL,184,'jp',NULL,NULL,NULL),('team_copy','introtext','ã‚ãªãŸãŒコピーã—ãŸã„リソースã®IDを入力ã—ã¦ãã ã•ã„。 リソースデータã ã‘ãŒコピーã•れるã§ã—ょã†--アップロードã•れãŸファイルã¯コピーã•れãªã„ã§ã—ょã†。',185,'jp',NULL,NULL,NULL),('team_home','introtext','ãƒームセンターã¸よã†ã“ã。 以下ã®リンクを使用ã—ã¦ã€リソースã®管ç†ã€リソースã®è¦求ã¸対応ã€テーマã®管ç†ã€システム設定ã®変更をã—ã¦ãã ã•ã„。',186,'jp',NULL,NULL,NULL),('team_report','introtext','レãƒートã¨日付ã®範囲をé¸んã§ãã ã•ã„。 Microsoft Excelã‹åŒ様ã®スプレッドシートアプリケーションã§レãƒートを開ãã“ã¨ãŒã§ãã¾ã™。',187,'jp',NULL,NULL,NULL),('team_research','introtext','調査è¦求ã®組織化ã¨管ç†。 <Br><Br>調査ã®編集をé¸んã§ã€è¦求ã®詳細をå†検討ã—ã¦ã€調査をãƒームメンãƒーã«割り当ã¦ã¦ãã ã•ã„。 編集画é¢ã«コレクションIDを入力ã™るã“ã¨ã«よã£ã¦調査è¦求を以å‰ã®コレクションã«基礎ã¥ã‘るã®ã¯å¯能ã§ã™。 <Br><Br>調査è¦求ãŒã„ã£ãŸん割り当ã¦られãŸ後ã€コレクション編集をé¸んã§ã€マイコレクションパãƒルã«調査è¦求を加ãˆã¦ãã ã•ã„。 標準ã®ツールを使用ã—ã¦ã€ãã—ã¦ã€リソースを調査ã«追加ã™るã®ã¯å¯能ã§ã™。 <Br><Br>調査ãŒã„ã£ãŸん完了ã™るã¨調査編集をé¸んã§ã€ステータスを完了ã«変ãˆã¦ãã ã•ã„。ãã†ã™れã°ã€自動的ã«調査をè¦求ã—ãŸユーザã«メールをé€りã¾ã™。 メールã¯調査ã¸ã®リンクをå«んã§ã„ã¾ã™ã€ãã—ã¦ã€ã¾ãŸã€ãれã¯自動的ã«彼らã®マイコレクションパãƒルã«加ãˆられã¾ã™。',188,'jp',NULL,NULL,NULL),('team_resource','introtext','個別ã«リソース追加ã‹リソースをãƒッãƒã§アップロードã—ã¦ãã ã•ã„。 個々ã®リソースを編集ã™るã«ã¯ã€å˜純検索ã§リソースを検索ã—ã¦ã€リソーススクリーン上ã®リソースツールパãƒルã®編集をクリックã—ã¾ã™ 。',189,'jp',NULL,NULL,NULL),('team_stats','introtext','ãƒャートã¯ライブデータã‹らè¦求ã«応ã˜ã¦作られã¾ã™。 é¸択ã•れãŸ年ã®ã™ã¹ã¦ã®ãƒャートをå°刷ã™るã«ã¯ãƒェックボックスをオンã«ã—ã¾ã™。',190,'jp',NULL,NULL,NULL),('team_user','introtext',NULL,191,'jp',NULL,NULL,NULL),('terms','introtext',NULL,192,'jp',NULL,NULL,NULL),('terms','terms',NULL,193,'jp',NULL,NULL,NULL),('terms and conditions','terms and conditions',NULL,194,'jp',NULL,NULL,NULL),('themes','introtext',NULL,195,'jp',NULL,NULL,NULL),('themes','manage','オンラインã§利用å¯能ãªテーマを組織化ã—ã€編集ã—ã¦ãã ã•ã„。 テーマã¯特ã«ã€推薦ã•れãŸコレクションã§ã™。 <br><br> <strong>1 テーマã®下ã«新è¦エントリー作æˆ -  コレクション構築</strong><br> メインã®トップメニューã‹ら<strong>マイコレクション</strong>をé¸択ã—ã€ 新è¦ã®<strong>公開</strong> コレクションを設定。 セットアップã®間ã€忘れãšã«テーマåをå«んã§ãã ã•ã„。 ç¾在ã®テーマã®下ã§コレクションを分類ã™るã®ã«既存ã®テーマåを使用ã™るã‹(全ãåŒ一)ã€ã¾ãŸã¯新ã—ã„タイトルをé¸んã§ã€真新ã—ã„テーマを作æˆã—ã¦ãã ã•ã„。 ユーザã«テーマ化ã•れãŸコレクションã‹らリソースを追加/削除ã•ã›ãªã„よã†ã«ã—ã¦ãã ã•ã„。<br> <br><strong>2 テーマã®下ã®既存ã®エントリーã®内容を編集</strong><br><strong>コレクション編集</strong>をé¸択。 コレクションã®アイテムã¯画é¢下部ã®<strong>マイコレクション</strong> パãƒルã«表示ã•れã¾ã™。リソースã®編集ã€削除ã€追加ã®ãŸã‚ã«標準ツールを使用。<br> <br><strong>3 テーマåã®変更や別ã®テーマã®下ã«表示ã•れるよã†コレクションを移動</strong><br><strong>プロパティ編集</strong>をé¸択ã—テーマカテゴリやコレクションåを編集。ç¾在ã®テーマã®下ã§コレクションを分類ã™るã®ã«既存ã®テーマåを使用ã™るã‹(全ãåŒ一)ã€ã¾ãŸã¯新ã—ã„タイトルをé¸んã§ã€真新ã—ã„テーマを作æˆã—ã¦ãã ã•ã„。 <br> <br><strong>4 テーマã‹らコレクション削除</strong><br><strong>プロパティ編集</strong>をé¸択ã—テーマカテゴリ欄ã®文字を削除。',196,'jp',NULL,NULL,NULL),('upload','introtext',NULL,197,'jp',NULL,NULL,NULL),('upload_swf','introtext',NULL,198,'jp',NULL,NULL,NULL),('collection_public','introtext','Les collections publiques sont créées par d\'autres utilisateurs',199,'fr',NULL,NULL,NULL),('all','searchpanel','Recherchez en utilisant les descriptions, mots clés et numéros de documents',200,'fr',NULL,NULL,NULL),('home','themes','Les meilleurs documents, sélectionnés et regroupés',201,'fr',NULL,NULL,NULL),('home','mycollections','Organisez et échangez vos documents. Ces outils vous aident à travailler plus efficacement.',202,'fr',NULL,NULL,NULL),('home','help','Aide et conseils pour obtenir le meilleur de ResourceSpace.',203,'fr',NULL,NULL,NULL),('home','welcometitle','Bienvenue dans ResourceSpace',204,'fr',NULL,NULL,NULL),('home','welcometext','Votre texte d\'introduction ici.',205,'fr',NULL,NULL,NULL),('themes','introtext','Les thèmes sont des groupes de ressources.',206,'fr',NULL,NULL,NULL),('edit','multiple','Veuillez choisir les champs que vous souhaitez écraser. Les champs non sélectionnés resteront inchangés.',207,'fr',NULL,NULL,NULL),('team_archive','introtext','Pour modifier un document archivé, recherchez simplement le document, et cliquez sur Modifier dans le panneau \'Outils de document\' sur l\'écran du document. Tous les documents qui sont prêts à être archivés sont listés dans la liste des documents en attente. Depuis cette liste, il est possible d\'ajouter des informations supplémentaires et d\'archiver le document.',208,'fr',NULL,NULL,NULL),('research_request','introtext','Nos professionnels sont là pour vous assister dans la recherche des meilleurs documents pour vos projets. Remplissez ce formulaire aussi précisément que possible pour que nous soyons capables de répondre précisément à votre requête. <br/><br/> Un membre de notre équipe de recherche sera assigné à votre requête. Nous garderons le contact via e-mail tout au long du processus. Et une fois la recherche terminée, vous recevrez par e-mail un lien vers tous les documents que nous recommandons.  ',209,'fr',NULL,NULL,NULL),('collection_manage','introtext','Organisez et gérez votre travail en groupant les documents. Créez des \'Collections\' selon votre méthode de travail. Vous pouvez grouper les documents par projet, les partager avec l\'équipe du projet, ou simplement conserver vos documents préférés en un seul endroit. Toutes vos collections sont listées dans le panneau \'Mes collections\' en bas de l\'écran.',210,'fr',NULL,NULL,NULL),('collection_manage','findpublic','Les collections publiques sont des groupes de documents rendus disponibles pour tous par d\'autres utilisateurs du système. Saisissez un numéro de collection, ou tout ou partie d\'un nom de collection ou d\'utilisateur pour trouver une collection publique. Ajoutez-les à votre liste de collections pour accéder à leur contenu.',211,'fr',NULL,NULL,NULL),('team_home','introtext','Bienvenue dans l\'espace équipe. Utilisez les liens ci-dessous pour administrer les documents, répondre aux requêtes de documents, gérer les thèmes et modifier les réglages du système.',212,'fr',NULL,NULL,NULL),('help','introtext','Obtenez le meilleur de ResourceSpace. Ces guides vous aideront à utiliser le système et les documents plus efficacement. </p>\n\n\n\n<p>Utilisez le menu \"Thèmes\" pour parcourir les ressources par thème ou utilisez la recherche simple pour trouver des ressources spécifiques.</p>\n\n\n<p><a href=\"http://www.montala.net/downloads/ResourceSpace-GettingStarted.pdf\">Téléchargez le guide utilisateur (fichier PDF) (anglais)</a>\n\n\n<p><a target=\"_blank\" href=\"http://wiki.resourcespace.org/index.php/Main_Page\">Documentation en ligne (Wiki) (anglais)</a>',213,'fr',NULL,NULL,NULL),('terms and conditions','terms and conditions','Placez ici vos termes et conditions.',214,'fr',NULL,NULL,NULL),('contribute','introtext','Vous pouvez proposer vos propres documents. Quand vous créez un nouveau document, son statut est \"En attente de soumission\". Quand vous avez déposé votre fichier et modifié les champs, affectez la valeur \"En attente de validation\" au champ statut. Votre document sera alors vérifié par l\'équipe ressources.',215,'fr',NULL,NULL,NULL),('done','user_password','Un mél contenant vos identifiant et mot de passe a été envoyé.',216,'fr',NULL,NULL,NULL),('user_password','introtext','Saisissez votre adresse électronique pour recevoir vos identifiant et mot de passe.',217,'fr',NULL,NULL,NULL),('edit','batch',NULL,218,'fr',NULL,NULL,NULL),('team_copy','introtext','Spécifiez le numéro du document que vous voulez copier. Seules les données du document seront copiées – aucun fichier ne sera copié.',219,'fr',NULL,NULL,NULL),('delete','introtext','Veuillez saisir votre mot de passe afin de confirmer la suppression de ce document.',220,'fr',NULL,NULL,NULL),('team_report','introtext','Veuillez choisir un type de rapport et une plage de dates. Le rapport peut être ouvert avec Microsoft Excel ou tout tableur similaire.',221,'fr',NULL,NULL,NULL),('terms','introtext','Avant de continuer, vous devez accepter les termes et conditions.',222,'fr',NULL,NULL,NULL),('download_progress','introtext','Votre téléchargement va démarrer rapidement. Quand le téléchargement sera terminé, utilisez les liens ci-dessous pour continuer.',223,'fr',NULL,NULL,NULL),('view','storyextract','Historique d\'extraction:',224,'fr',NULL,NULL,NULL),('contact','contact','Placez les détails pour vous contacter ici.',225,'fr',NULL,NULL,NULL),('search_advanced','introtext','<strong>Astuce de recherche</strong><br>Toute section que vous laissez vide ou décochée inclura TOUS les documents dans la recherche. Par exemple, si vous laissez vide le choix du pays, la recherche renverra des résultats de tous les pays. Si vous choisissez seulement \'Afrique\' alors les résultats contiendront SEULEMENT des documents de l\'\'Afrique\'.',226,'fr',NULL,NULL,NULL),('all','researchrequest','Laissez notre équipe documents trouver les documents dont vous avez besoin.',227,'fr',NULL,NULL,NULL),('done','research_request','Un membre de l\'équipe documents sera assigné à votre demande. Nous resterons en contact par mél au cours du processus, et une fois la recherche terminée, vous recevrez par mél un lien vers tous les documents que nous recommandons.',228,'fr',NULL,NULL,NULL),('done','collection_email','Un mél contenant un lien vers la collection a été envoyé aux utilisateurs spécifiés. La collection a été ajoutée à leur liste de \'Collections\'.',229,'fr',NULL,NULL,NULL),('done','resource_email','Un mél contenant un lien vers le document a été envoyé aux utilisateurs spécifiés.',230,'fr',NULL,NULL,NULL),('themes','manage','Organiser et gérer les thèmes disponibles. Les thèmes sont des collections particulièrement mises en avant.<br/><br/><strong>1. Pour créer une nouvelle entrée dans un thème – constuire une collection</strong><br/> Choisissez <strong>Mes collections</strong> depuis le menu principal et créez une nouvelle collection <strong>publique</strong>. Rapellez-vous d\'inclure un nom de thème durant la création de la collection. Utilisez un nom de thème existant pour grouper la collection dans un thème déjà présent (assurez-vous de le saisir à l\'identique), ou choisissez un nouveau nom pour créer un nouveau thème. N\'autorisez jamais vos utilisateurs à ajouter / retirer des documents de collections thématiques.<br/><br/><strong>2. Pour modifier le contenu d\'une collection thématique</strong><br/> Choisissez <strong>Modifier la collection</strong>. Les éléments dans cette collection apparaîtront dans le panneau <strong>Mes collections</strong> en bas de l\'écran. Utilisez les outils standard pour modifier, retirer ou ajouter des documents.<br/><br/><strong>3. Pour modifier un nom de thème ou déplacer une collection pour qu\'elle apparaisse dans un autre thème</strong><br/> Choisissez <strong>Modifier les propriétés</strong> et modifiez la catégorie du thème ou le nom de la collection. Utilisez un nom de thème existant pour grouper la collection dans un thème déjà présent (assurez-vous de le saisir à l\'identique), ou choisissez un nouveau nom pour créer un nouveau thème.<br/><br/><strong>4. Pour retirer une collection d\'un thème</strong><br/> Choisissez <strong>Modifier les propriétés</strong>et supprimez les mots dans le champ de catégorie du thème.',231,'fr',NULL,NULL,NULL),('terms','terms','Placez ici vos termes et conditions.',232,'fr',NULL,NULL,NULL),('done','resource_request','Votre requête a été soumise et vous serez contacté rapidement.',233,'fr',NULL,NULL,NULL),('user_request','introtext','Veuillez compléter le formulaire ci-dessous pour demander un compte utilisateur.',234,'fr',NULL,NULL,NULL),('themes','findpublic','Les collections publiques sont des collections de documents qui ont été partagées par d\'autres utilisateurs.',235,'fr',NULL,NULL,NULL),('done','user_request','Votre demande de compte utilisateur a été envoyée. Vos identifiant et mot de passe vous seront envoyés prochainement.',236,'fr',NULL,NULL,NULL),('about','about','Placez ici votre texte d\'à propos.',237,'fr',NULL,NULL,NULL),('team_content','introtext',NULL,238,'fr',NULL,NULL,NULL),('done','deleted','Le document a été supprimé.',239,'fr',NULL,NULL,NULL),('upload','introtext',NULL,240,'fr',NULL,NULL,NULL),('home','restrictedtitle','<h1>Bienvenue dans ResourceSpace</h1>',241,'fr',NULL,NULL,NULL),('home','restrictedtext','Veuillez cliquer sur le lien qui vous a été envoyé par mél pour accéder aux documents sélectionnés pour vous.',242,'fr',NULL,NULL,NULL),('resource_email','introtext','Partagez rapidement par mél ce document avec d\'autres utilisateurs. Un lien sera automatiquement envoyé. Vous pouvez aussi inclure un message dans le mél.',243,'fr',NULL,NULL,NULL),('team_resource','introtext','Ajoutez un document individuel ou un ensemble de documents. Pour modifier individuellement les documents, rechercher simplement le document et cliquez sur Modifier dans le panneau \'Outils de document\' sur l\'écran du document..',244,'fr',NULL,NULL,NULL),('team_user','introtext','Utilisez cette section pour ajouter, supprimer et modifier les utilisateurs.',245,'fr',NULL,NULL,NULL),('team_research','introtext','Organisez et gérer les \'requêtes de recherche\'. <br/><br/> Choisir \'Modifier la recherche\' pour vérifier les détails de la requête et assigner la recherche à un membre de l\'équipe. Il est possible de baser une requête de recherche sur une collection existante en saisissant le numéro de cette collection dans l\'écran de modification.<br/><br/> Une fois la requête assignée, choisissez \'Modifier la collection\' pour ajouter la requête de recherche au panneau \'Mes collections\'. En utilisant les outils standard, il est alors possible d\'ajouter des documents à la recherche. <br/><br/> Une fois que la recherche est terminée, choisissez \'Modifier la recherche\', changez le statut pour \'terminée\' ; un mél sera automatiquement envoyé à l\'utilisateur qui a demandé la recherche. Le mél contient un lien vers la recherche et la recherche est automatiquement ajoutée aux collections de l\'utilisateur.',246,'fr',NULL,NULL,NULL),('collection_edit','introtext','Organisez et gérez votre travail en groupant les documents. Créez des \'Collections\' pour correspondre à votre méthode de travail.<br/> Toutes vos collections apparaissent dans le panneau \'Mes Collections\' en bas de l\'écran <br/><br/> L\'<strong>accès privé</strong> vous autorise, vous et les utilisateurs sélectionnés, à voir la collection. Idéal pour grouper les documents par projet sur lesquels vous travaillez et partager les documetns avec les membres de l\'équipe. <br/><br/> L\'<strong>accès public</strong> autorise tous les utilisateurs du système à voir et rechercher dans la collection. C\'est utile si vous souhaitez partager des collections de documents que vous pensez bénéfiques pour d\'autres utilisateurs. <br/><br/> Vous pouvez choisir si vous souhaitez ou non autoriser d\'autres utilisateurs (tous, ou uniquement ceux que vous avez ajoutés à votre collection privée) à ajouter et retirer des documents ou simplement les visualiser pour référence.',247,'fr',NULL,NULL,NULL),('team_stats','introtext','Les graphiques sont créés à la demande en fonction de données temps réel. Cochez la case pour imprimer tous les graphiques de l\'année sélectionnée.',248,'fr',NULL,NULL,NULL),('resource_request','introtext','La ressource que vous avez demandée n\'est pas disponible en ligne. Les informations sur la ressource sont automatiquement insérées dans le mél, mais vous pouvez ajouter des commentaires additionnels si vous le souhaitez.',249,'fr',NULL,NULL,NULL),('team_batch','introtext',NULL,250,'fr',NULL,NULL,NULL),('team_batch_upload','introtext',NULL,251,'fr',NULL,NULL,NULL),('team_batch_select','introtext',NULL,252,'fr',NULL,NULL,NULL),('download_click','introtext','Pour télécharger le fichier ressource, cliquez droit sur le lien ci-dessous et choisissez \"Enregistrer sous...\". Il vous sera alors demandé l\'emplacement où vous souhaitez sauvegarder le fichier. Pour ouvrir le fichier dans votre navigateur, cliquez simplement sur le lien.',253,'fr',NULL,NULL,NULL),('collection_manage','newcollection','Pour créer une nouvelle collection, entrez un nom court.',254,'fr',NULL,NULL,NULL),('collection_email','introtext','Remplissez le formulaire ci-dessous pour envoyer cette collection par mél. Les utilisateurs recevront un lien vers la ressource plutôt que des fichiers attachés pour qu\'ils puissent choisir et télécharger les ressources appropriées.',255,'fr',NULL,NULL,NULL),('all','footer','Ce site utilise le système de gestion des actifs numériques <a href=\"http://www.resourcespace.org/\">ResourceSpace</a>.',256,'fr',NULL,NULL,NULL),('change_language','introtext','Veuillez sélectionner votre langue ci-dessous.',257,'fr',NULL,NULL,NULL),('change_password','introtext','Saisissez un nouveau mot de passe ci-dessous pour changer votre mot de passe.',258,'fr',NULL,NULL,NULL),('login','welcomelogin','Bienvenue dans ResourceSpace, veuillez vous identifier...',259,'fr',NULL,NULL,NULL),('all','emailresource','[img_gfx/whitegry/titles/title.gif]<br>\n[fromusername] [lang_hasemailedyouaresource]<br><br>\n[message]<br><br>\n<a href=\"[url]\">[embed_thumbnail]</a><br><br>\n[lang_clicktoviewresource]<br><a href=\"[url]\">[resourcename] - [url]</a><br><br>\n[text_footer]\n',260,'en',NULL,NULL,1),('all','emailnewresearchrequestwaiting','[img_gfx/whitegry/titles/title.gif]<br>\n[username] ([userfullname] - [useremail])\n[lang_haspostedresearchrequest]<br><br>\n[lang_nameofproject]:[name]<br><br>\n[lang_descriptionofproject]:[description]<br><br>\n[lang_deadline]:[deadline]<br><br>\n[lang_contacttelephone]:[contact]<br><br>\n[lang_finaluse]: [finaluse]<br><br>\n[lang_shaperequired]: [shape]<br><br>\n[lang_noresourcesrequired]: [noresources]<br><br>\n<a href=\"[url]\">[url]</a><br><br>\n<a href=\"[teamresearchurl]\">[teamresearchurl]</a><br><br>\n[text_footer]\n',261,'en',NULL,NULL,1),('all','emailresearchrequestassigned','[img_gfx/whitegry/titles/title.gif]<br>\n[lang_researchrequestassignedmessage]<br><br>\n[text_footer]\n',262,'en',NULL,NULL,1),('all','emailresearchrequestcomplete','[img_gfx/whitegry/titles/title.gif]<br>\n[lang_researchrequestcompletemessage] <br><br> \n[lang_clicklinkviewcollection] <br><br> \n<a href=\"[url]\">[url]</a><br><br>\n[text_footer]\n',263,'en',NULL,NULL,1),('all','emailnotifyresourcessubmitted','[img_gfx/whitegry/titles/title.gif]<br>\n[lang_userresourcessubmitted]\n[list] <br>\n[lang_viewalluserpending] <br><br> \n<a href=\"[url]\">[url]</a><br><br>\n[text_footer]\n',264,'en',NULL,NULL,1),('all','emailnotifyresourcesunsubmitted','[img_gfx/whitegry/titles/title.gif]<br>\n[lang_userresourcesunsubmitted]\n[list] <br>\n[lang_viewalluserpending] <br><br> \n<a href=\"[url]\">[url]</a><br><br>\n[text_footer]\n',265,'en',NULL,NULL,1),('all','emaillogindetails','[img_gfx/whitegry/titles/title.gif]<br>\n[welcome]<br><br> \n[lang_newlogindetails]<br><br> \n[lang_username] : [username] <br><br>\n[lang_password] : [password]<br><br>\n<a href=\"[url]\">[url]</a><br><br>\n[text_footer]\n',266,'en',NULL,NULL,1),('all','emailreminder','[img_gfx/whitegry/titles/title.gif]<br>\n[lang_newlogindetails] <br><br>\n[lang_username] : [username] <br> \n[lang_password]  : [password] <br><br>\n<a href=\"[url]\">[url]</a><br><br>\n[text_footer]\n',267,'en',NULL,NULL,1),('all','emailresourcerequest','[img_gfx/whitegry/titles/title.gif]<br>\n[lang_username] : [username] <br>\n[list] <br>\n[details]<br><br>\n[lang_clicktoviewresource] <br><br>\n<a href=\"[url]\">[url]</a>\n',268,'en',NULL,NULL,1),('all','emailcollection','[img_gfx/whitegry/titles/title.gif]<br>\n[fromusername] [lang_emailcollectionmessage] <br><br> \n[lang_message] : [message]<br><br> \n[lang_clicklinkviewcollection] [list]\n',269,'en',NULL,NULL,1),('all','emailcollectionexternal','[img_gfx/whitegry/titles/title.gif]<br>\n[fromusername] [lang_emailcollectionmessageexternal] <br><br> \n[lang_message] : [message]<br><br> \n[lang_clicklinkviewcollection] [list]\n',100123,'en',NULL,NULL,1),('all','emailbulk','[img_gfx/whitegry/titles/title.gif]<br><br>\n[text]<br><br>\n[text_footer]\n',270,'en',NULL,NULL,1),('change_language','introtext','Bitte wählen Sie Ihre Sprache aus:',271,'de',NULL,NULL,0),('all','researchrequest','Lassen Sie unser Team nach den benötigten Resourcen suchen.',272,'de',NULL,NULL,0),('all','searchpanel','Suche nach Beschreibung, Schlagworten und Ressourcen IDs',273,'de',NULL,NULL,0),('about','about','Ihr Text zu \"Über uns\" hier.',274,'de',NULL,NULL,0),('change_password','introtext','Neues Passwort unten eingeben, um es zu ändern.',275,'de',NULL,NULL,0),('collection_edit','introtext','Organisieren und verwalten Sie Ihre Arbeit, indem Sie Ressourcen in Gruppen zusammenstellen. Erstellen Sie Kollektionen wie Sie sie benötigen.\n\n<br>\n\nAlle Kollektionen in Ihrer Liste erscheinen im \"Meine Kollektionen\" Menü am unteren Ende des Fensters.\n\n<br><br>\n\n<strong>Privater Zugriff</strong> erlaubt nur Ihnen und ausgewählten Benutzern, die Kollektion zu anzusehen. Ideal, um Ressourcen für die eigene Arbeit zusammenzustellen und im Team weiterzugeben.\n\n<br><br>\n\n<strong>Öffentlicher Zugriff</strong> erlaubt allen Benutzern, die Kollektion zu finden und anzusehen.\n\n<br><br>\n\nSie können aussuchen, ob Sie anderen Benutzern (öffentlicher Zugriff oder ausgewählte Benutzer beim privaten Zugriff) erlauben, Ressourcen hinzuzufügen oder zu löschen.',276,'de',NULL,NULL,0),('collection_email','introtext','Bitte füllen Sie das untenstehende Formular aus, um die Kollektion per E-Mail weiterzugeben. Der/die Benutzer werden statt eines Dateianhangs einen Link zu dieser Kollektion erhalten und können dann die passenden Ressourcen auswählen und herunterladen.',277,'de',NULL,NULL,0),('collection_manage','findpublic','Öffentliche Kollektionen sind für alle Benutzer zugängliche Gruppen von Ressourcen. Um öffentliche Kollektionen zu finden, geben Sie die ID, oder einen Teil des Kollektions- bzw. Benutzernamens ein. Fügen Sie dann die Kollektion zu Ihren Kollektionen hinzu, um auf die Ressourcen zuzugreifen.',278,'de',NULL,NULL,0),('collection_manage','introtext','Organisieren und verwalten Sie Ihre Arbeit, indem Sie Ressourcen in Gruppen zusammenstellen. Erstellen Sie Kollektionen wie Sie sie benötigen. Sie können Kollektionen an andere weitergeben oder einfach Gruppen von Ressourcen zusammen halten. Alle Kollektionen in Ihrer Liste finden Sie im \"Meine Kollektionen\" Menü am unteren Ende des Fensters.',279,'de',NULL,NULL,0),('collection_manage','newcollection','Um eine neue Kollektion zu erstellen, geben Sie bitte einen Kurznamen an.',280,'de',NULL,NULL,0),('collection_public','introtext','Öffentliche Kollektionen werden von anderen Benutzern erstellt und freigegeben.',281,'de',NULL,NULL,0),('contact','contact','Ihre Kontaktdaten hier.',282,'de',NULL,NULL,0),('contribute','introtext','Sie können Ihre eigenen Ressourcen hochladen. Wenn Sie eine Ressource erstellen, wird diese zunächst durch uns geprüft. Nachdem Sie die Datei hochgeladen und die Felder ausgefüllt haben, setzen Sie bitte den Status auf \"Benutzer-Beiträge: Überprüfung noch nicht erledigt\".',283,'de',NULL,NULL,0),('delete','introtext','Bitte geben Sie Ihr Passwort ein, um zu bestätigen, dass Sie diese Ressource löschen wollen.',284,'de',NULL,NULL,0),('done','collection_email','Eine E-Mail mit Link zur Kollektion wurde an die angegebenen Benutzer gesendet. Die Kollektion wurde zur Liste Ihrer Kollektionen hinzugefügt.',285,'de',NULL,NULL,0),('done','deleted','Die Ressource wurde gelöscht.',286,'de',NULL,NULL,0),('done','research_request','Ein Mitglied unseres Teams wird sich um Ihre Anfrage kümmern. Wir werden Sie per e-mail über den aktuellen Stand informieren. Wenn Ihre Anfrage bearbeitet ist, erhalten Sie eine e-mail mit einem Link zu den Ressourcen, die wir für Ihre Anfrage empfehlen.',287,'de',NULL,NULL,0),('done','resource_email','Eine E-Mail mit Link zur Ressource wurde an die angegebenen Benutzer gesendet.',288,'de',NULL,NULL,0),('done','resource_request','Ihre Anfrage wurde abgeschickt und wird in Kürze bearbeitet.',289,'de',NULL,NULL,0),('done','user_password','Eine E-Mail mit Ihrem Benutzernamen und Passwort wurde an Sie gesendet.',290,'de',NULL,NULL,0),('done','user_request','Ihre Anfrage nach einem Zugang wurde abgeschickt und wird in Kürze bearbeitet.',291,'de',NULL,NULL,0),('download_click','introtext','Um die Datei herunterzuladen, clicken Sie bitte mit der rechten Maustaste auf den untenstehenden Link und wählen Sie \"Speichern unter...\". Sie können dann auswählen an welchem Ort Sie die Datei abspeichern wollen. Um die Datei im Browser zu öffnen, clicken Sie den Link bitte mit der linken Maustaste.',292,'de',NULL,NULL,0),('download_progress','introtext','Ihr Download wird in Kürze starten. Nachdem der Download abgeschlossen ist, wählen Sie bitte einen der folgenden Links.',293,'de',NULL,NULL,0),('edit','batch',NULL,294,'de',NULL,NULL,0),('edit','multiple','Bitte wählen Sie die Felder aus, die Sie verändern wollen. Felder, die Sie nicht anwählen, werden nicht verändert.',295,'de',NULL,NULL,0),('help','introtext','Diese Anleitungen helfen Ihnen, ResourceSpace und Ihre Medien effektiv zu nutzen.</p>\n<p>Benutzen Sie \"Themen\", um Ressourcen nach Themen zu erkunden oder nutzen Sie die Suche um spezifische Ressourcen zu finden.</p>\n<p><a href=\"http://www.montala.net/downloads/resourcespace-GettingStarted.pdf\">User Guide</a> (PDF, englisch)<br /><a target=\"_blank\" href=\"http://wiki.resourcespace.org/index.php/Main_Page\">Online Dokumentation</a> (Wiki)</p>',296,'de',NULL,NULL,0),('home','help','Hilfe für die Arbeit mit ResourceSpace',297,'de',NULL,NULL,0),('home','mycollections','Hier können Sie Ihre Kollektionen organisieren, verwalten und weitergeben.',298,'de',NULL,NULL,0),('home','restrictedtext','Bitte klicken Sie auf den Link, den Sie per E-Mail erhalten haben, um auf die für Sie ausgesuchten Ressourcen zuzugreifen.',299,'de',NULL,NULL,0),('home','restrictedtitle','<h1>Willkommen bei ResourceSpace</h1>',300,'de',NULL,NULL,0),('home','themes','Von unserem Team vorausgewählte Bilder',301,'de',NULL,NULL,0),('home','welcometext','Ihr Einleitungstext hier',302,'de',NULL,NULL,0),('home','welcometitle','Willkommen bei ResourceSpace',303,'de',NULL,NULL,0),('login','welcomelogin','Willkommen bei ResourceSpace. Bitte loggen Sie sich ein...',304,'de',NULL,NULL,0),('research_request','introtext','Unser Team unterstützt Sie dabei, die optimalen Ressourcen für Ihre Projekte zu finden. Füllen Sie dieses Formular bitte möglichst vollständig aus, damit wir Ihre Anforderungen erfüllen können.\n<br /><br />\nWir werden Sie kontinuierlich informieren. Sobald wir Ihre Anfrage bearbeitet haben, werden Sie eine E-Mail mit einem Link zu den von uns empfohlenen Bildern erhalten.',305,'de',NULL,NULL,0),('resource_email','introtext','Geben Sie dieses Bild per E-Mail weiter. Es wird ein Link versendet. Sie können außerdem eine persönliche Nachricht in die E-Mail einfügen.',306,'de',NULL,NULL,0),('resource_request','introtext','Die Ressource, die Sie herunterladen möchten, ist nicht online verfügbar. Die Informationen zur Ressource werden automatisch per E-Mail versendet. Zusätzlich können Sie weitere Bemerkungen hinzufügen.',307,'de',NULL,NULL,0),('search_advanced','introtext','<strong>Suchtipp</strong><br>\nJeder Bereich, den Sie nicht ausfüllen / anclicken, liefert alle Resultate aus dem Bereich.',308,'de',NULL,NULL,0),('tag','introtext','Verbessern Sie die Suchergebnisse, indem Sie Ressourcen taggen. Sagen Sie, was Sie sehen, getrennt durch Leerzeichen oder Komma... z.B.: Hund, Haus, Ball, Geburtstag, Kuchen. Geben Sie den vollen Namen von Personen in Fotos und die Ort der Aufnahme an, wenn bekannt.',309,'de',NULL,NULL,0),('terms','introtext','Sie müssen zuerst die Nutzungsbedingungen akzeptieren.\n\n',310,'de',NULL,NULL,0),('terms','terms','Ihre Nutzungsbedingungen hier.',311,'de',NULL,NULL,0),('terms and conditions','terms and conditions','Ihre Nutzungsbedingungen hier.',312,'de',NULL,NULL,0),('themes','findpublic','Öffentliche Kollektionen sind Kollektionen, die von anderen Benutzern freigegeben wurden.',313,'de',NULL,NULL,0),('themes','introtext','Themen sind von unserem Team zusammengestellte Gruppen von Ressourcen.',314,'de',NULL,NULL,0),('user_password','introtext','Bitte geben Sie Ihre E-Mail Adresse ein. Ihre Zugangsdaten werden dann an per E-Mail an Sie versendet.',315,'de',NULL,NULL,0),('user_request','introtext','Um einen Zugang anzufordern, füllen Sie bitte das untenstehende Formular aus.',316,'de',NULL,NULL,0),('team_archive','introtext','Um einzelne Ressourcen im Archiv zu bearbeiten, suchen Sie einfach nach den Ressourcen und klicken auf \"bearbeiten\" unter \"Ressourcen-Werkzeuge\". Alle Ressourcen, die archiviert werden sollen, werden in der Liste \"Archivierung noch nicht erledigt\" angezeigt. Von dieser Liste aus können Sie weitere Informationen ergänzen und die Ressource ins Archiv verschieben.',317,'de',NULL,NULL,0),('team_batch','introtext',NULL,318,'de',NULL,NULL,0),('team_batch_select','introtext',NULL,319,'de',NULL,NULL,0),('team_batch_upload','introtext',NULL,320,'de',NULL,NULL,0),('team_copy','introtext','Geben Sie die ID der Ressource ein, die Sie kopieren möchten. Nur die Metadaten der Ressource werden kopiert – hochgeladene Dateien werden nicht kopiert.',321,'de',NULL,NULL,0),('team_home','introtext','Willkommen in der Administration. Bitte benutzen Sie die untenstehenden Links, um die Ressourcen zu verwalten, auf Ressourcenanfragen zu antworten, Themen zu verwalten und die Systemeinstellungen zu bearbeiten.',322,'de',NULL,NULL,0),('team_report','introtext','Bitte wählen Sie einen Bericht und einen Zeitraum. Der Bericht kann in Microsoft Excel oder einer anderen Tabellenkalkulation geöffnet werden.',323,'de',NULL,NULL,0),('team_research','introtext','Organisieren und verwalten Sie Ihre \"Ressourcenanfragen\".<br /><br />Wählen Sie \"Anfrage bearbeiten\", um die Details der Anfrage zu sehen und sie einem Teammitglied zuzuweisen. Es ist möglich, eine Antwort auf einer existierenden Kollektion aufzubauen. Geben Sie dazu die Kollektions-ID in der Ansicht zur Bearbeitung ein.<br /><br />Wenn die Ressourcenanfrage zugewiesen ist, wählen Sie \"Kollektion bearbeiten\", um die Anfrage zu Ihren Kollektionen hinzuzufügen. So können Sie Ressourcen zu dieser Kollektion hinzufügen.<br /><br />Wenn die Kollektion vollständig ist, wählen Sie \"Anfrage bearbeiten\", stellen Sie den Status auf \"abgeschlossen\" und eine E-Mail wird automatisch an den Anfrager geschickt. Diese E-Mail enthält einen Link zur erstellten Kollektion, welche außerdem automatisch zu den Kollektionen des Benutzers hinzugefügt wird.',324,'de',NULL,NULL,0),('view','storyextract','Story:',325,'de',NULL,NULL,0),('team_resource','introtext','Fügen Sie einzelne Ressourcen hinzu oder nutzen Sie den Stapelupload. Um einzelne Ressourcen zu bearbeiten, suchen Sie nach der Ressource und wählen Sie \"bearbeiten\" unter den \"Ressourcen-Werkzeugen\".',326,'de',NULL,NULL,0),('team_stats','introtext','Statistiken werden auf Basis der aktuellsten Daten erstellt. Aktivieren Sie die Checkbox, um alle Statistiken für das gewählte Jahr auszugeben.',327,'de',NULL,NULL,0),('team_user','introtext','In diesem Bereich können Sie Benutzer hinzufügen, löschen und verändern.',328,'de',NULL,NULL,0),('themes','manage','Organisieren und bearbeiten Sie Ihre Themen. Themen sind besonders hervorgehobene Kollektionen. <br /><br /><strong>1 Um einen neuen Eintrag in einem Thema anzulegen, müssen Sie zuerst eine neue Kollektion anlegen</strong><br />Wählen Sie <strong>Meine Kollektionen</strong> aus der oberen Navigation und legen Sie eine neue <strong>öffentliche</strong> Kollektion an. Stellen Sie sicher, dass Sie einen Namen für Ihr Thema eingeben. Um die aktuelle Kollektion einem bestehenden Thema zuzuordnen, nutzen Sie einen bestehenden Themennamen. Wenn Sie einen noch nicht vergebenen Themennamen angeben, erstellen Sie ein neues Thema. <br /><br /><strong>2 Um den Inhalt eines bestehenden Themas zu ändern, </strong><br>wählen Sie <strong>\'Kollektion bearbeiten\'</strong>. Die Ressourcen in dieser Kollektion erscheinen unten im <strong>\'Meine Kollektionen\'</strong> Bereich. Nutzen Sie die Standardwerkzeuge um Resourcen zu bearbeiten, hizuzufügen oder zu löschen.<br /><br /><strong>3 Um eine Kollektion umzubenennen oder unter einem anderen Thema anzuzeigen,</strong><br />wählen Sie <strong>\'bearbeiten\'</strong> und bearbeiten Sie die Themenkategorie oder die Kollektionsnamen. <br /><br /><strong>4 Um eine Kollektion aus einem Thema zu entfernen,</strong><br>wählen Sie<strong> \'bearbeiten\'</strong> und löschen Sie den Eintrag im Feld \"Themen-Kategorie\".',329,'de',NULL,NULL,0),('upload','introtext',NULL,330,'de',NULL,NULL,0),('upload_swf','introtext',NULL,331,'de',NULL,NULL,0),('home','welcometitle','Välkommen till ResourceSpace',332,'sv',NULL,NULL,0),('home','welcometext','Skriv en introduktion här …',333,'sv',NULL,NULL,0),('all','footer','<a target=\"_blank\" href=\"http://www.resourcespace.org/\">ResourceSpace</a>: Digital materialförvaltning (dam) med öppen källkod',334,'sv',NULL,NULL,0),('all','searchpanel','Sök efter material genom att ange beskrivning, nyckelord eller materialnr.',335,'sv',NULL,NULL,0),('resource_email','introtext','Dela snabbt och enkelt material med andra. Ett e-postmeddelande innehållande en webblänk till materialen skapas och skickas automatiskt. Du kan även lägga till ett eget meddelande.',336,'sv',NULL,NULL,0),('home','themes','De bästa materialen, speciellt utvalda och sorterade.',337,'sv',NULL,NULL,0),('home','restrictedtitle','<h1>Välkommen till ResourceSpace</h1>',338,'sv',NULL,NULL,0),('about','about','Din egen text för ’Om oss’ …',339,'sv',NULL,NULL,0),('home','help','Hjälp och tips som ser till att du får ut det mesta möjliga av ResourceSpace.',340,'sv',NULL,NULL,0),('home','mycollections','Organisera dina material och samarbeta med andra. De här verktygen hjälper dig att arbeta mer effektivt.',341,'sv',NULL,NULL,0),('terms','terms','Dina regler …',342,'sv',NULL,NULL,0),('terms and conditions','terms and conditions','Dina regler och villkor …',343,'sv',NULL,NULL,0),('home','restrictedtext','Klicka på webblänken som skickades till dig om du vill komma åt materialen som är utvalda för dig.',344,'sv',NULL,NULL,0),('change_language','introtext','Välj ditt önskade språk nedan.',345,'sv',NULL,NULL,0),('all','researchrequest','Låt vårt team hitta materialen du är ute efter.',346,'sv',NULL,NULL,0),('change_password','introtext','Skriv in ett nytt lösenord nedan om du vill byta lösenord.',347,'sv',NULL,NULL,0),('contact','contact','Dina kontaktuppgifter …',348,'sv',NULL,NULL,0),('view','storyextract','Textutdrag:',349,'sv',NULL,NULL,0),('team_home','introtext','Välkommen till sidan Administration. Använd länkarna nedan om du vill administrera material, svara på förfrågningar, hantera teman och ändra systeminställningar.',350,'sv',NULL,NULL,0),('themes','introtext','Teman är grupper av material som har valts ut av administratörerna som exempel på vilka material som finns i systemet.',351,'sv',NULL,NULL,0),('collection_manage','findpublic','Gemensamma samlingar är grupper av material som har gjorts allmänt tillgängliga av användare i systemet. Skriv in ett samlingsnr, hela eller delar av samlingsnamnet, eller ett användarnamn när du vill söka efter en gemensam samling. Lägg till den hittade samlingen till din lista över samlingar om du vill kunna nå materialen enkelt.',352,'sv',NULL,NULL,0),('collection_public','introtext','Gemensamma samlingar är skapade av andra användare.',353,'sv',NULL,NULL,0),('themes','findpublic','Gemensamma samlingar är samlingar med material som har delats ut av andra användare.',354,'sv',NULL,NULL,0),('help','introtext','Få ut det mesta möjliga av ResourceSpace. Instruktionerna nedan hjälper dig att använda systemet och materialen effektivare.</p>\n\n<p>Använd Teman om du vill bläddra bland material per tema eller använd Enkel sökning om du vill söka efter specifikt material.</p>\n\n<p><a target=\"_blank\" href=\"http://www.montala.net/downloads/resourcespace-GettingStarted.pdf\">Hämta den engelska användarhandboken (pdf-fil)</a>\n\n<p><a target=\"_blank\" href=\"http://wiki.resourcespace.org/index.php/Main_Page\">Dokumentation på webben (engelskspråkig wiki)</a>',355,'sv',NULL,NULL,0),('collection_email','introtext','Dela snabbt och enkelt materialet i denna samling med andra. Ett e-postmeddelande innehållande en webblänk till samlingarna skapas och skickas automatiskt. Du kan även lägga till ett eget meddelande.',356,'sv',NULL,NULL,0),('collection_edit','introtext','Organisera och hantera dina material genom att dela upp dem i samlingar.\n\n<br>\n\nDu når alla dina samlingar från panelen <b>Mina&nbsp;samlingar</b> i nederkant av skärmen.\n\n<br><br>\n\n<strong>Privat åtkomst</strong> tillåter endast dig och dina utvalda användare att se samlingen. Idealiskt om du vill samla material i projekt som du jobbar med enskilt eller i en grupp.\n\n<br><br>\n\n<strong>Gemensam åtkomst</strong> tillåter alla interna användare att söka efter och se samlingen. Användbart om du vill dela materialet med andra som skulle kunna ha nytta av det. \n\n<br><br>\n\nDu kan välja om du vill att de andra användarna ska kunna lägga till och ta bort material eller bara kunna visa materialen.',357,'sv',NULL,NULL,0),('edit','multiple','Markera de fält du vill uppdatera med ny information. Omarkerade fält lämnas oförändrade.',358,'sv',NULL,NULL,0),('collection_manage','introtext','Organisera och hantera ditt material genom att dela upp det i samlingar. Skapa samlingar för ett eget projekt, om du vill underlätta samarbetet i en projektgrupp eller om du vill samla dina favoriter på ett ställe. Du når alla dina samlingar från panelen <b>Mina&nbsp;samlingar</b> i nederkant av skärmen.',359,'sv',NULL,NULL,0),('collection_manage','newcollection','Fyll i ett samlingsnamn om du vill skapa en ny samling.',362,'sv',NULL,NULL,0),('contribute','introtext','Du kan bidra med eget material. När du först skapar materialet får det statusen ’Under registrering’. Överför en eller flera filer och fyll i fälten med relevant metadata. Sätt statusen till ’Väntande på granskning’ när du är klar.',363,'sv',NULL,NULL,0),('delete','introtext','Du måste ange ditt lösenord för att bekräfta att du vill ta bort det här materialet.',360,'sv',NULL,NULL,0),('done','deleted','Materialet har tagits bort.',361,'sv',NULL,NULL,0),('done','collection_email','Ett e-postmeddelande innehållande en webblänk har skickats till användarna du specificerade. Samlingen har lagts till i respektive användares panel <b>Mina&nbsp;samlingar</b>.',364,'sv',NULL,NULL,0),('done','research_request','En medlem av researchteamet kommer att få i uppdrag att besvara din researchförfrågan. Vi kommer att hålla kontakt genom e-post under arbetets gång. När vi har slutfört arbetet kommer du att få ett e-postmeddelande med en webblänk till alla material vi rekommenderar.',365,'sv',NULL,NULL,0),('done','resource_email','Ett e-postmeddelande innehållande en webblänk till materialen har skickats till användarna du specificerade.',366,'sv',NULL,NULL,0),('done','resource_request','Din begäran har mottagits och vi kommer att höra av oss inom kort.',367,'sv',NULL,NULL,0),('done','user_password','Ett e-postmeddelande innehållande ditt användarnamn och lösenord har skickats.',368,'sv',NULL,NULL,0),('done','user_request','Din ansökan om ett användarkonto har skickats. Dina inloggningsuppgifter kommer att skickas till dig inom kort.',369,'sv',NULL,NULL,0),('download_click','introtext','Högerklicka på länken nedan och välj <b>Spara&nbsp;som</b> om du vill hämta materialet. Du kommer att få frågan var du vill spara filen. Öppna filen i din webbläsare genom att klicka på webblänken.',370,'sv',NULL,NULL,0),('download_progress','introtext','Din hämtning startas inom kort. När hämtningen är klar kan du fortsätta genom att klicka på länkarna nedan.',371,'sv',NULL,NULL,0),('edit','batch',NULL,372,'sv',NULL,NULL,0),('team_resource','introtext','Lägg till material ett och ett eller i grupp. Om du vill redigera ett material kan du enklast söka efter det och sedan klicka på <b>Redigera</b> på sidan som visar materialet.',373,'sv',NULL,NULL,0),('login','welcomelogin','Välkommen till ResourceSpace',374,'sv',NULL,NULL,0),('user_request','introtext','Fyll i formuläret nedan om du vill ansöka om ett användarkonto.',375,'sv',NULL,NULL,0),('research_request','introtext','Researchteamet hjälper dig att finna de bästa materialen till dina projekt. Fyll i formuläret nedan så noggrant som möjligt så att vi kan ge dig ett relevant svar. <br><br>En medlem av teamet kommer att få i uppdrag att besvara din researchförfrågan. Vi kommer att hålla kontakt genom e-post under arbetets gång. När vi har slutfört arbetet kommer du att få ett e-postmeddelande med en webblänk till alla material vi rekommenderar.',376,'sv',NULL,NULL,0),('resource_request','introtext','Din begäran är nästan slutförd. Ange anledningen till din begäran så att vi kan besvara den snabbt och effektivt.',377,'sv',NULL,NULL,0),('search_advanced','introtext','<strong>Söktips</strong><br>Ett avsnitt som du lämnar tomt eller omarkerat medför att <i>allt</i> inkluderas i sökningen. Om du till exempel lämnar alla länders kryssrutor omarkerade, begränsas sökningen inte med avseende på land. Om du däremot sedan markerar kryssrutan ’Sverige’ ger sökningen endast material från just Sverige.',378,'sv',NULL,NULL,0),('tag','introtext','Hjälp till att förbättra framtida sökresultat genom att förse materialen med relevant metadata. Ange till exempel nyckelord som beskrivning av vad du ser på en bild: kanin, hus, boll, födelsedagstårta. Separera nyckelorden med kommatecken eller mellanslag. Ange fullständiga namn på alla personer som förekommer på ett fotografi. Ange platsen för ett fotografi om den är känd.',379,'sv',NULL,NULL,0),('user_password','introtext','Fyll i din e-postadress och ditt användarnamn så kommer ett nytt lösenord att skickas till dig.',380,'sv',NULL,NULL,0),('upload_swf','introtext',NULL,381,'sv',NULL,NULL,0),('upload','introtext',NULL,382,'sv',NULL,NULL,0),('themes','manage','Organisera och redigera tillgängliga teman. Teman är grupper av material som har valts ut av administratörerna som exempel på vilka material som finns i systemet.<br><br><strong>Skapa teman</strong><br><Om du vill skapa ett nytt tema måste du först skapa en samling.<br>Gå till <b>Mina&nbsp;samlingar</b> och skapa en ny <strong>gemensam samling</strong>. Välj en temakategori från listan om du vill lägga till samlingen i en existerande temakategori eller ange ett nytt namn om du vill skapa en ny temakategori. Tillåt inte användare att lägga till/ta bort material från teman.<br><br><strong>Redigera teman</strong><br>Om du vill redigera materialen i ett existerande tema väljer du verktyget <strong>Välj samling</strong>. Materialen i samlingen blir då åtkomliga i panelen <b>Mina&nbsp;samlingar</b> i nederkanten av skärmen. Använd de vanliga verktygen om du vill redigera, lägga till eller ta bort material.<br><br><strong>Byta namn på teman och flytta samlingar</strong><br>Välj verktyget <strong>Redigera samling</strong>. Ange ett nytt namn i fältet Namn om du vill byta namn på temat. Välj en temakategori från listan om du vill flytta samlingen till en existerande temakategori eller ange ett nytt namn om du vill skapa en ny temakategori och flytta samlingen dit.<br><br><strong>Ta bort en samling från ett tema</strong><br>Välj verktyget <strong>Redigera samling</strong> och rensa fältet Temakategori och fältet där nya temakategorinamn anges.',383,'sv',NULL,NULL,0),('terms','introtext','Innan du kan fortsätta måste du acceptera reglerna och villkoren.',384,'sv',NULL,NULL,0),('team_user','introtext','Använd den här delen om du vill lägga till, ta bort eller redigera användare.',385,'sv',NULL,NULL,0),('team_stats','introtext','En statistikrapport kan skapas vid behov, baserad på aktuell data. Markera kryssrutan om du vill skriva ut all statistik för det valda året.',386,'sv',NULL,NULL,0),('team_research','introtext','Organisera och hantera researchförfrågningar.<br><br>Välj verktyget <b>Redigera researchförfrågan</b> om du vill granska förfrågan och tilldela en medlem i researchteamet uppdraget att besvara förfrågan. Med samma verktyg kan du lägga till en befintlig samling till researchen genom att ange samlingens nummer.<br><br>När en medlem har tilldelats researchen blir den tillgänglig för medlemmen i panelen <b>Mina&nbsp;samlingar</b>. Använd de vanliga verktygen om du vill lägga till material till researchen.<br><br>När researchen är slutförd väljer du återigen verktyget <b>Redigera researchförfrågan</b> och ändrar status till ’Besvarad’. När du klickar på <b>Spara</b> skickas automatiskt ett e-postmeddelande till användaren som skickade researchförfrågan. Meddelandet innehåller en webblänk som leder till researchen och den läggs också till i användarens panel<b>Mina&nbsp;samlingar</b>.',387,'sv',NULL,NULL,0),('team_report','introtext','Välj en rapport och en period. Rapporten kan öppnas i till exempel MS Excel eller LibreOffice Calc.',388,'sv',NULL,NULL,0),('team_copy','introtext','Ange numret för materialet du vill kopiera. Endast materialets metadata kommer att kopieras – eventuella filer kommer inte att kopieras.',389,'sv',NULL,NULL,0),('team_batch_upload','introtext',NULL,390,'sv',NULL,NULL,0),('team_batch_select','introtext',NULL,391,'sv',NULL,NULL,0),('team_batch','introtext',NULL,392,'sv',NULL,NULL,0),('team_archive','introtext','Om du vill redigera ett arkiverat material gör du det enklast genom att söka efter det här och sedan klicka på <b>Redigera</b> på sidan som visar materialet. Alla material som väntar på arkivering kan enkelt nås från länken nedan. Lägg till eventuell relevant information innan du flyttar materialet till arkivet.',393,'sv',NULL,NULL,0),('collection_email','introtextthemeshare','Complete the form below to e-mail the themes in this theme category. The recipients will receive an email containing links to each of the themes.',100124,'en',NULL,NULL,NULL),('all','comments_policy',NULL,394,'en',NULL,NULL,NULL),('all','comments_removal_message',NULL,395,'en',NULL,NULL,NULL),('all','comments_flag_notification_email_subject',NULL,396,'en',NULL,NULL,NULL),('all','comments_flag_notification_email_body',NULL,397,'en',NULL,NULL,NULL),('team_home','introtext','Welcome to the team center. Use the links below to administer resources, respond to resource requests, manage themes and alter system settings.',398,'en-US',NULL,NULL,NULL),('themes','manage','Organize and edit the themes available online. Themes are specially promoted collections. <br><br> <strong>1 To create a new entry under a Theme -  build a collection</strong><br> Choose <strong>My Collections</strong> from the main top menu and set up a brand new <strong>public</strong> collection. Remember to include a theme name during the setup. Use an existing theme name to group the collection under a current theme (make sure you type it exactly the same), or choose a new title to create a brand new theme. Never allow users to add/remove resources from themed collections. <br> <br><strong>2 To edit the content of an existing entry under a theme </strong><br> Choose <strong>edit collection</strong>. The items in that collection will appear in the <strong>My Collections</strong> panel at the bottom of the screen. Use the standard tools to edit, remove or add resources. <br> <br><strong>3 To alter a theme name or move a collection to appear under a different theme</strong><br> Choose <strong>edit properties</strong> and edit theme category or collection name. Use an existing theme name to group the collection under an current theme (make sure you type it exactly the same), or choose a new title to create a brand new theme. <br> <br><strong>4 To remove a collection from a theme </strong><br> Choose <strong>edit properties</strong> and delete the words in the theme category box. ',399,'en-US',NULL,NULL,NULL),('collection_manage','introtext','Organize and manage your work by grouping resources together. Create ‘Collections’ to suit your way of working. You may want to group resources under projects that you are working on independently, share resources amongst a project team or simply keep your favourite resources together in one place. All the collections in your list appear in the ‘My Collections’ panel at the bottom of the screen.',400,'en-US',NULL,NULL,NULL),('team_research','introtext','Organize and manage ‘Research Requests’. <br><br>Choose ‘edit research’ to review the request details and assign the research to a team member. It is possible to base a research request on a previous collection by entering the collection ID in the ‘edit’ screen. <br><br>Once the research request is assigned, choose ‘edit collection’ to add the research request to ‘My collection’ panel. Using the standard tools, it is then possible to add resources to the research. <br><br>Once the research is complete, choose ‘edit research’,  change the status to complete and an email is automatically  sent to the user who requested the research. The email contains a link to the research and it is also automatically added to their ‘My Collection’ panel.',401,'en-US',NULL,NULL,NULL),('collection_edit','introtext','Organize and manage your work by grouping resources together. Create ‘Collections’ to suit your way of working.\n\n<br>\n\nAll the collections in your list appear in the ‘My Collections’ panel at the bottom of the screen\n\n<br><br>\n\n<strong>Private Access</strong> allows only you and and selected users to see the collection. Ideal for grouping resources under projects that you are working on independently and share resources amongst a project team.\n\n<br><br>\n\n<strong>Public Access</strong> allows all users of the system to search and see the collection. Useful if you wish to share collections of resources that you think others would benefit from using.\n\n<br><br>\n\nYou can choose whether you allow other users (public or users you have added to your private collection) to add and remove resources or simply view them for reference.',402,'en-US',NULL,NULL,NULL),('all','emailnotifyresourcesapproved','[img_gfx/whitegry/titles/title.gif]<br>\n[lang_userresourcesapproved]\n[list] <br>\n[lang_viewcontributedsubittedl] <br><br> \n<a href=\"[url]\">[url]</a><br><br>\n[text_footer]\n',403,'en',NULL,NULL,1),('collection_email','introtextthemeshare','Dela snabbt och enkelt alla teman i denna temakategori med andra. Ett e-postmeddelande innehållande en webblänk till respektive tema skapas och skickas automatiskt. Du kan även lägga till ett eget meddelande.',404,'sv',NULL,NULL,NULL),('all','emailcontactadmin','[img_../gfx/whitegry/titles/title.gif]<br>[fromusername] ([emailfrom])[lang_contactadminemailtext]<br><br>[message]<br><br><a href=\"[url]\">[embed_thumbnail]</a><br><br>[text_footer]',405,'en',NULL,NULL,NULL),('all','footer','Powered by: Javier Figueroa',100125,'en-US',NULL,NULL,0),('about','about','Digital Asset Management for VSBrooks',100126,'en-US',NULL,NULL,0),('home','help','Help and advice to get the most out of Digital Asset Management',100127,'en-US',NULL,NULL,0),('home','restrictedtitle','<h1>Welcome to VSBrooks Digital Asset Management</h1>',100128,'en-US',NULL,NULL,0),('home','welcometext','Welcome to VSBrooks Digital Asset Management',100129,'en-US',NULL,NULL,0),('home','welcometitle','Welcome to VSBrooks Digital Asset Management',100130,'en-US',NULL,NULL,0),('login','welcomelogin','Welcome to VSBrooks Digital Asset Management, please log in...',100131,'en-US',NULL,NULL,0);

--
-- Table structure for table `sysvars`
--

CREATE TABLE `sysvars` (
  `name` varchar(50) DEFAULT NULL,
  `value` text
) ENGINE=MyISAM DEFAULT CHARSET=latin1;

--
-- Dumping data for table `sysvars`
--

INSERT INTO `sysvars` VALUES ('last_sent_stats','2014-06-12 09:14:55');

--
-- Table structure for table `user_collection`
--

CREATE TABLE `user_collection` (
  `user` int(11) DEFAULT NULL,
  `collection` int(11) DEFAULT NULL,
  `request_feedback` int(11) DEFAULT '0',
  KEY `collection` (`collection`),
  KEY `user` (`user`)
) ENGINE=MyISAM DEFAULT CHARSET=latin1;

--
-- Dumping data for table `user_collection`
--

INSERT INTO `user_collection` VALUES (1,1,0);

--
-- Table structure for table `user_rating`
--

CREATE TABLE `user_rating` (
  `user` int(11) DEFAULT '0',
  `rating` int(11) DEFAULT '0',
  `ref` int(11) DEFAULT '0',
  KEY `ref` (`ref`)
) ENGINE=MyISAM DEFAULT CHARSET=latin1;

--
-- Dumping data for table `user_rating`
--


--
-- Table structure for table `user_userlist`
--

CREATE TABLE `user_userlist` (
  `ref` int(11) NOT NULL AUTO_INCREMENT,
  `user` int(11) DEFAULT NULL,
  `userlist_name` varchar(50) DEFAULT NULL,
  `userlist_string` text,
  PRIMARY KEY (`ref`)
) ENGINE=MyISAM DEFAULT CHARSET=latin1;

--
-- Dumping data for table `user_userlist`
--


--
-- Table structure for table `usergroup`
--

CREATE TABLE `usergroup` (
  `ref` int(11) NOT NULL AUTO_INCREMENT,
  `name` varchar(100) DEFAULT NULL,
  `permissions` text,
  `fixed_theme` varchar(50) DEFAULT NULL,
  `parent` varchar(50) DEFAULT NULL,
  `search_filter` text,
  `edit_filter` text,
  `ip_restrict` text,
  `resource_defaults` text,
  `config_options` text,
  `welcome_message` text,
  `request_mode` int(11) DEFAULT '0',
  `allow_registration_selection` int(11) DEFAULT '0',
  PRIMARY KEY (`ref`)
) ENGINE=MyISAM AUTO_INCREMENT=15 DEFAULT CHARSET=latin1;

--
-- Dumping data for table `usergroup`
--

INSERT INTO `usergroup` VALUES (1,'Administrators','s,g,c,e,t,h,r,u,i,e-2,e-1,e0,e1,e3,v,o,m,q,n,f*,j*,k,R,Ra,Rb',NULL,'0',NULL,NULL,NULL,NULL,NULL,NULL,0,0),(2,'General Users','s,e-1,e-2,g,d,q,n,f*,j*',NULL,'0',NULL,NULL,NULL,NULL,NULL,NULL,1,1),(3,'Super Admin','s,g,c,e,a,t,h,u,r,i,e-2,e-1,e0,e1,e2,e3,o,m,g,v,q,n,f*,j*,k,R,Ra',NULL,'0',NULL,NULL,NULL,NULL,NULL,NULL,0,0),(4,'Archivists','s,g,c,e,t,h,r,u,i,e1,e2,e3,v,q,n,f*,j*',NULL,'0',NULL,NULL,NULL,NULL,NULL,NULL,0,0),(5,'Restricted User - Requests Emailed','s,f*,j*,q',NULL,'0',NULL,NULL,NULL,NULL,NULL,NULL,0,0),(6,'Restricted User - Requests Managed','s,f*,j*,q',NULL,'0',NULL,NULL,NULL,NULL,NULL,NULL,1,0),(7,'Restricted User - Payment Immediate','s,f*,j*,q',NULL,'0',NULL,NULL,NULL,NULL,NULL,NULL,2,0),(8,'Restricted User - Payment Invoice','s,f*,j*,q',NULL,'0',NULL,NULL,NULL,NULL,NULL,NULL,3,0),(9,'Client User - Care Plus','s,g,f8,f1,f18,e0,e1,e2,d,U,E','careplus','0','client=Care Plus',NULL,NULL,'client=Care Plus',NULL,NULL,0,0),(10,'Client User - Mena Travel Agency','s,g,f8,f1,f18,T2,T6,T1,T7,T8,T3,e0,e1,e2,d,U,E','mena','0','client=Mena Travel Agency',NULL,NULL,'client=Mena Travel Agency',NULL,NULL,0,0),(11,'test','s',NULL,'0',NULL,NULL,NULL,NULL,NULL,NULL,0,0);


